2026-07-01 08:18:12.349 9 INFO neutron.wsgi [-] 10.0.0.101 "GET / HTTP/1.1" status: 200 len: 246 time: 0.0034325
2026-07-01 08:18:12.350 10 INFO neutron.wsgi [-] 10.0.0.101 "GET / HTTP/1.1" status: 200 len: 246 time: 0.0042725
2026-07-01 08:18:25.152 10 INFO neutron.wsgi [None req-896033a1-0284-438f-baff-6bcf2977c9bd 404ca1fc7dd641a7bde6c254474feaa2 a997a87d207447d890eb75b05220da00 - - default default] 199.19.213.37,10.0.0.101 "GET /v2.0/quotas/aad9c472675a4ec2a430001197ce5dbe HTTP/1.1" status: 200 len: 362 time: 0.0162761
2026-07-01 08:18:25.559 10 INFO neutron.wsgi [None req-7beb87c4-c629-4c07-a6c2-b7f580523bec 404ca1fc7dd641a7bde6c254474feaa2 a997a87d207447d890eb75b05220da00 - - default default] 199.19.213.37,10.0.0.101 "PUT /v2.0/quotas/aad9c472675a4ec2a430001197ce5dbe HTTP/1.1" status: 200 len: 361 time: 0.0359011
2026-07-01 08:18:25.889 10 INFO neutron.wsgi [None req-67604cfa-c290-418c-b9b6-b1feefd9916f 404ca1fc7dd641a7bde6c254474feaa2 a997a87d207447d890eb75b05220da00 - - default default] 199.19.213.37,10.0.0.101 "GET /v2.0/quotas/aad9c472675a4ec2a430001197ce5dbe HTTP/1.1" status: 200 len: 361 time: 0.0104454
2026-07-01 08:18:27.348 10 INFO neutron.wsgi [-] 10.0.0.101 "GET / HTTP/1.1" status: 200 len: 246 time: 0.0024071
2026-07-01 08:18:27.349 9 INFO neutron.wsgi [-] 10.0.0.101 "GET / HTTP/1.1" status: 200 len: 246 time: 0.0028844
2026-07-01 08:18:42.348 10 INFO neutron.wsgi [-] 10.0.0.101 "GET / HTTP/1.1" status: 200 len: 246 time: 0.0026238
2026-07-01 08:18:42.350 9 INFO neutron.wsgi [-] 10.0.0.101 "GET / HTTP/1.1" status: 200 len: 246 time: 0.0043366
2026-07-01 08:18:57.348 9 INFO neutron.wsgi [-] 10.0.0.101 "GET / HTTP/1.1" status: 200 len: 246 time: 0.0025945
2026-07-01 08:18:57.348 10 INFO neutron.wsgi [-] 10.0.0.101 "GET / HTTP/1.1" status: 200 len: 246 time: 0.0026572
2026-07-01 08:19:10.890 10 INFO neutron.wsgi [None req-8f4f080a-f710-48db-bed8-c0df8f05212c 404ca1fc7dd641a7bde6c254474feaa2 a997a87d207447d890eb75b05220da00 - - default default] 10.0.0.246 "GET /v2.0/subnets HTTP/1.1" status: 200 len: 1437 time: 0.1143336
2026-07-01 08:19:10.925 10 INFO neutron.wsgi [None req-8990ba68-376b-481e-88f8-4759378fc1e8 404ca1fc7dd641a7bde6c254474feaa2 a997a87d207447d890eb75b05220da00 - - default default] 10.0.0.246 "GET /v2.0/ports HTTP/1.1" status: 200 len: 5251 time: 0.0335741
2026-07-01 08:19:10.959 10 INFO neutron.wsgi [None req-ac63aa27-7c4e-4eda-8ec7-325542fbce0e 404ca1fc7dd641a7bde6c254474feaa2 a997a87d207447d890eb75b05220da00 - - default default] 10.0.0.246 "GET /v2.0/subnets HTTP/1.1" status: 200 len: 1437 time: 0.0275874
2026-07-01 08:19:10.976 10 INFO neutron.wsgi [None req-165219d9-32e2-4cc2-a620-d11b3f4b49e0 404ca1fc7dd641a7bde6c254474feaa2 a997a87d207447d890eb75b05220da00 - - default default] 10.0.0.246 "GET /v2.0/subnetpools HTTP/1.1" status: 200 len: 193 time: 0.0171437
2026-07-01 08:19:11.027 10 INFO neutron.wsgi [None req-30a7c7d3-9656-4629-887f-6aaca2091013 404ca1fc7dd641a7bde6c254474feaa2 a997a87d207447d890eb75b05220da00 - - default default] 10.0.0.246 "GET /v2.0/floatingips HTTP/1.1" status: 200 len: 193 time: 0.0501752
2026-07-01 08:19:11.102 10 INFO neutron.wsgi [None req-ac694954-fbe5-4343-98a5-5acb36448f7e 404ca1fc7dd641a7bde6c254474feaa2 a997a87d207447d890eb75b05220da00 - - default default] 10.0.0.246 "GET /v2.0/networks HTTP/1.1" status: 200 len: 2349 time: 0.0725992
2026-07-01 08:19:11.149 10 INFO neutron.wsgi [None req-fcb16a72-fae4-4c1a-ade0-661fc0ebe89b 404ca1fc7dd641a7bde6c254474feaa2 a997a87d207447d890eb75b05220da00 - - default default] 10.0.0.246 "GET /v2.0/routers HTTP/1.1" status: 200 len: 189 time: 0.0443549
2026-07-01 08:19:11.204 10 INFO neutron.wsgi [None req-2c13b6c4-637d-4a65-a17f-5f9c5f9dff37 404ca1fc7dd641a7bde6c254474feaa2 a997a87d207447d890eb75b05220da00 - - default default] 10.0.0.246 "GET /v2.0/agents?binary=ovn-controller HTTP/1.1" status: 200 len: 591 time: 0.0541515
2026-07-01 08:19:11.218 10 INFO neutron.wsgi [None req-ae233229-e2ea-40c6-bac2-cdfa10b22fb3 404ca1fc7dd641a7bde6c254474feaa2 a997a87d207447d890eb75b05220da00 - - default default] 10.0.0.246 "GET /v2.0/agents HTTP/1.1" status: 200 len: 997 time: 0.0129566
2026-07-01 08:19:11.236 10 INFO neutron.wsgi [None req-e4a19511-cd37-4a74-8f77-7a8be6cc565f 404ca1fc7dd641a7bde6c254474feaa2 a997a87d207447d890eb75b05220da00 - - default default] 10.0.0.246 "GET /v2.0/network-ip-availabilities HTTP/1.1" status: 200 len: 1280 time: 0.0170305
2026-07-01 08:19:11.313 10 INFO neutron.wsgi [None req-8bf14b28-c449-42a2-a988-4ba66287fe5f 404ca1fc7dd641a7bde6c254474feaa2 a997a87d207447d890eb75b05220da00 - - default default] 10.0.0.246 "GET /v2.0/security-groups HTTP/1.1" status: 200 len: 16799 time: 0.0755596
2026-07-01 08:19:12.347 10 INFO neutron.wsgi [-] 10.0.0.101 "GET / HTTP/1.1" status: 200 len: 246 time: 0.0024347
2026-07-01 08:19:12.349 9 INFO neutron.wsgi [-] 10.0.0.101 "GET / HTTP/1.1" status: 200 len: 246 time: 0.0036049
2026-07-01 08:19:27.348 9 INFO neutron.wsgi [-] 10.0.0.101 "GET / HTTP/1.1" status: 200 len: 246 time: 0.0023353
2026-07-01 08:19:27.351 9 INFO neutron.wsgi [-] 10.0.0.101 "GET / HTTP/1.1" status: 200 len: 246 time: 0.0019200
2026-07-01 08:19:37.459 15 INFO neutron.db.ovn_revision_numbers_db [None req-982b921a-5c56-46f7-b30f-f7393bf1bdab - - - - - -] Successfully bumped revision number for resource 034df86a-6796-4021-a3e8-10d007131889 (type: security_groups) to 5
2026-07-01 08:19:37.459 15 INFO neutron.plugins.ml2.drivers.ovn.mech_driver.ovsdb.maintenance [None req-982b921a-5c56-46f7-b30f-f7393bf1bdab - - - - - -] Maintenance task: Synchronization finished (took 0.03 seconds)
2026-07-01 08:19:42.348 9 INFO neutron.wsgi [-] 10.0.0.101 "GET / HTTP/1.1" status: 200 len: 246 time: 0.0026855
2026-07-01 08:19:42.351 10 INFO neutron.wsgi [-] 10.0.0.101 "GET / HTTP/1.1" status: 200 len: 246 time: 0.0026617
2026-07-01 08:19:57.347 10 INFO neutron.wsgi [-] 10.0.0.101 "GET / HTTP/1.1" status: 200 len: 246 time: 0.0015118
2026-07-01 08:19:57.349 10 INFO neutron.wsgi [-] 10.0.0.101 "GET / HTTP/1.1" status: 200 len: 246 time: 0.0013068
2026-07-01 08:20:10.738 10 INFO neutron.wsgi [None req-dbd8dab0-86ae-443c-adea-07da8bd585f8 404ca1fc7dd641a7bde6c254474feaa2 a997a87d207447d890eb75b05220da00 - - default default] 10.0.0.246 "GET /v2.0/floatingips HTTP/1.1" status: 200 len: 193 time: 0.0999846
2026-07-01 08:20:10.795 10 INFO neutron.wsgi [None req-8fc1df81-bd0a-436b-bb30-1e5f1aefe8b3 404ca1fc7dd641a7bde6c254474feaa2 a997a87d207447d890eb75b05220da00 - - default default] 10.0.0.246 "GET /v2.0/security-groups HTTP/1.1" status: 200 len: 16799 time: 0.0564325
2026-07-01 08:20:10.828 10 INFO neutron.wsgi [None req-5915e720-8138-4533-b05d-cf8415d768e8 404ca1fc7dd641a7bde6c254474feaa2 a997a87d207447d890eb75b05220da00 - - default default] 10.0.0.246 "GET /v2.0/ports HTTP/1.1" status: 200 len: 5251 time: 0.0266857
2026-07-01 08:20:10.864 10 INFO neutron.wsgi [None req-f414f677-5900-4358-8812-8d8493a5a0a9 404ca1fc7dd641a7bde6c254474feaa2 a997a87d207447d890eb75b05220da00 - - default default] 10.0.0.246 "GET /v2.0/routers HTTP/1.1" status: 200 len: 189 time: 0.0326374
2026-07-01 08:20:10.901 10 INFO neutron.wsgi [None req-1ff0c575-5509-4289-b255-48569b2478bc 404ca1fc7dd641a7bde6c254474feaa2 a997a87d207447d890eb75b05220da00 - - default default] 10.0.0.246 "GET /v2.0/agents?binary=ovn-controller HTTP/1.1" status: 200 len: 591 time: 0.0366809
2026-07-01 08:20:10.950 10 INFO neutron.wsgi [None req-2a71cd92-ccd0-4ef5-b516-ca7037c71c88 404ca1fc7dd641a7bde6c254474feaa2 a997a87d207447d890eb75b05220da00 - - default default] 10.0.0.246 "GET /v2.0/networks HTTP/1.1" status: 200 len: 2349 time: 0.0478160
2026-07-01 08:20:10.981 10 INFO neutron.wsgi [None req-07e95454-80ec-495a-b27a-dc18f43819f3 404ca1fc7dd641a7bde6c254474feaa2 a997a87d207447d890eb75b05220da00 - - default default] 10.0.0.246 "GET /v2.0/subnets HTTP/1.1" status: 200 len: 1437 time: 0.0294313
2026-07-01 08:20:10.992 10 INFO neutron.wsgi [None req-776d90cf-79e5-4f06-8dc3-05c8af3f7458 404ca1fc7dd641a7bde6c254474feaa2 a997a87d207447d890eb75b05220da00 - - default default] 10.0.0.246 "GET /v2.0/agents HTTP/1.1" status: 200 len: 997 time: 0.0094690
2026-07-01 08:20:11.002 10 INFO neutron.wsgi [None req-61ef932a-f219-4a9c-8dd2-af41b2e59c24 404ca1fc7dd641a7bde6c254474feaa2 a997a87d207447d890eb75b05220da00 - - default default] 10.0.0.246 "GET /v2.0/network-ip-availabilities HTTP/1.1" status: 200 len: 1280 time: 0.0087676
2026-07-01 08:20:11.029 10 INFO neutron.wsgi [None req-8ab0435e-870c-4ce8-8082-6fb4ffa9efa5 404ca1fc7dd641a7bde6c254474feaa2 a997a87d207447d890eb75b05220da00 - - default default] 10.0.0.246 "GET /v2.0/subnets HTTP/1.1" status: 200 len: 1437 time: 0.0259454
2026-07-01 08:20:11.041 10 INFO neutron.wsgi [None req-887ebed5-6a6a-4f08-81d2-c8fb6cfc6ffe 404ca1fc7dd641a7bde6c254474feaa2 a997a87d207447d890eb75b05220da00 - - default default] 10.0.0.246 "GET /v2.0/subnetpools HTTP/1.1" status: 200 len: 193 time: 0.0111246
2026-07-01 08:20:12.347 10 INFO neutron.wsgi [-] 10.0.0.101 "GET / HTTP/1.1" status: 200 len: 246 time: 0.0022347
2026-07-01 08:20:12.347 9 INFO neutron.wsgi [-] 10.0.0.101 "GET / HTTP/1.1" status: 200 len: 246 time: 0.0023999
2026-07-01 08:20:27.347 10 INFO neutron.wsgi [-] 10.0.0.101 "GET / HTTP/1.1" status: 200 len: 246 time: 0.0016770
2026-07-01 08:20:27.348 9 INFO neutron.wsgi [-] 10.0.0.101 "GET / HTTP/1.1" status: 200 len: 246 time: 0.0024741
2026-07-01 08:20:42.349 9 INFO neutron.wsgi [-] 10.0.0.101 "GET / HTTP/1.1" status: 200 len: 246 time: 0.0033596
2026-07-01 08:20:42.351 9 INFO neutron.wsgi [-] 10.0.0.101 "GET / HTTP/1.1" status: 200 len: 246 time: 0.0012422
2026-07-01 08:20:57.348 10 INFO neutron.wsgi [-] 10.0.0.101 "GET / HTTP/1.1" status: 200 len: 246 time: 0.0027459
2026-07-01 08:20:57.349 9 INFO neutron.wsgi [-] 10.0.0.101 "GET / HTTP/1.1" status: 200 len: 246 time: 0.0031126
2026-07-01 08:21:10.710 10 INFO neutron.wsgi [None req-1d49f0e7-50bd-402c-b2db-0c1a09e365d4 404ca1fc7dd641a7bde6c254474feaa2 a997a87d207447d890eb75b05220da00 - - default default] 10.0.0.246 "GET /v2.0/subnets HTTP/1.1" status: 200 len: 1437 time: 0.0766649
2026-07-01 08:21:10.723 10 INFO neutron.wsgi [None req-e2b3bd84-21d0-46aa-ba07-a696e753f3d7 404ca1fc7dd641a7bde6c254474feaa2 a997a87d207447d890eb75b05220da00 - - default default] 10.0.0.246 "GET /v2.0/subnetpools HTTP/1.1" status: 200 len: 193 time: 0.0120194
2026-07-01 08:21:10.804 10 INFO neutron.wsgi [None req-89f03f38-d452-4047-acc7-a9ae13730ed2 404ca1fc7dd641a7bde6c254474feaa2 a997a87d207447d890eb75b05220da00 - - default default] 10.0.0.246 "GET /v2.0/networks HTTP/1.1" status: 200 len: 2349 time: 0.0798585
2026-07-01 08:21:10.841 10 INFO neutron.wsgi [None req-35dbc928-2e26-45ae-8610-8dae11582f7c 404ca1fc7dd641a7bde6c254474feaa2 a997a87d207447d890eb75b05220da00 - - default default] 10.0.0.246 "GET /v2.0/subnets HTTP/1.1" status: 200 len: 1437 time: 0.0354218
2026-07-01 08:21:10.883 10 INFO neutron.wsgi [None req-9814906d-71d9-4610-a4af-edb7dc7670bb 404ca1fc7dd641a7bde6c254474feaa2 a997a87d207447d890eb75b05220da00 - - default default] 10.0.0.246 "GET /v2.0/ports HTTP/1.1" status: 200 len: 5251 time: 0.0398300
2026-07-01 08:21:10.920 10 INFO neutron.wsgi [None req-d675dafe-6a73-4f50-9cf3-32714a3d3543 404ca1fc7dd641a7bde6c254474feaa2 a997a87d207447d890eb75b05220da00 - - default default] 10.0.0.246 "GET /v2.0/routers HTTP/1.1" status: 200 len: 189 time: 0.0298085
2026-07-01 08:21:10.973 10 INFO neutron.wsgi [None req-b5600c8d-fcc9-467a-8208-f3f00287ffc6 404ca1fc7dd641a7bde6c254474feaa2 a997a87d207447d890eb75b05220da00 - - default default] 10.0.0.246 "GET /v2.0/agents?binary=ovn-controller HTTP/1.1" status: 200 len: 591 time: 0.0481226
2026-07-01 08:21:10.993 10 INFO neutron.wsgi [None req-6eacdbda-088b-4c35-a8bf-cbaaf9f652f5 404ca1fc7dd641a7bde6c254474feaa2 a997a87d207447d890eb75b05220da00 - - default default] 10.0.0.246 "GET /v2.0/floatingips HTTP/1.1" status: 200 len: 193 time: 0.0197837
2026-07-01 08:21:11.045 10 INFO neutron.wsgi [None req-ae025dad-efa3-4c67-a9d2-a30f8391b543 404ca1fc7dd641a7bde6c254474feaa2 a997a87d207447d890eb75b05220da00 - - default default] 10.0.0.246 "GET /v2.0/security-groups HTTP/1.1" status: 200 len: 16799 time: 0.0507572
2026-07-01 08:21:11.062 10 INFO neutron.wsgi [None req-acbbae80-ef51-41f3-9eda-fef208e40e0a 404ca1fc7dd641a7bde6c254474feaa2 a997a87d207447d890eb75b05220da00 - - default default] 10.0.0.246 "GET /v2.0/agents HTTP/1.1" status: 200 len: 997 time: 0.0107524
2026-07-01 08:21:11.073 10 INFO neutron.wsgi [None req-d2a5376e-c380-4f90-a8f9-f035ac01e8bd 404ca1fc7dd641a7bde6c254474feaa2 a997a87d207447d890eb75b05220da00 - - default default] 10.0.0.246 "GET /v2.0/network-ip-availabilities HTTP/1.1" status: 200 len: 1280 time: 0.0097787
2026-07-01 08:21:12.348 10 INFO neutron.wsgi [-] 10.0.0.101 "GET / HTTP/1.1" status: 200 len: 246 time: 0.0024228
2026-07-01 08:21:12.348 9 INFO neutron.wsgi [-] 10.0.0.101 "GET / HTTP/1.1" status: 200 len: 246 time: 0.0024576
2026-07-01 08:21:27.348 9 INFO neutron.wsgi [-] 10.0.0.101 "GET / HTTP/1.1" status: 200 len: 246 time: 0.0023501
2026-07-01 08:21:27.350 9 INFO neutron.wsgi [-] 10.0.0.101 "GET / HTTP/1.1" status: 200 len: 246 time: 0.0018256
2026-07-01 08:21:42.347 10 INFO neutron.wsgi [-] 10.0.0.101 "GET / HTTP/1.1" status: 200 len: 246 time: 0.0023534
2026-07-01 08:21:42.348 9 INFO neutron.wsgi [-] 10.0.0.101 "GET / HTTP/1.1" status: 200 len: 246 time: 0.0029960
2026-07-01 08:21:57.349 10 INFO neutron.wsgi [-] 10.0.0.101 "GET / HTTP/1.1" status: 200 len: 246 time: 0.0033648
2026-07-01 08:21:57.349 9 INFO neutron.wsgi [-] 10.0.0.101 "GET / HTTP/1.1" status: 200 len: 246 time: 0.0033641
2026-07-01 08:22:10.695 10 INFO neutron.wsgi [None req-6279f440-ef8a-4ff8-8ca8-50e678569142 404ca1fc7dd641a7bde6c254474feaa2 a997a87d207447d890eb75b05220da00 - - default default] 10.0.0.246 "GET /v2.0/routers HTTP/1.1" status: 200 len: 189 time: 0.0678215
2026-07-01 08:22:10.726 10 INFO neutron.wsgi [None req-cd8edcee-505d-4b10-aefb-df5ea9d14aa9 404ca1fc7dd641a7bde6c254474feaa2 a997a87d207447d890eb75b05220da00 - - default default] 10.0.0.246 "GET /v2.0/agents?binary=ovn-controller HTTP/1.1" status: 200 len: 591 time: 0.0299101
2026-07-01 08:22:10.739 10 INFO neutron.wsgi [None req-dedb50a1-8ebb-4276-ab75-0b5165a5c9b3 404ca1fc7dd641a7bde6c254474feaa2 a997a87d207447d890eb75b05220da00 - - default default] 10.0.0.246 "GET /v2.0/agents HTTP/1.1" status: 200 len: 997 time: 0.0122957
2026-07-01 08:22:10.763 10 INFO neutron.wsgi [None req-a9b0a35a-69e2-4464-8177-9d11e5a86b7f 404ca1fc7dd641a7bde6c254474feaa2 a997a87d207447d890eb75b05220da00 - - default default] 10.0.0.246 "GET /v2.0/floatingips HTTP/1.1" status: 200 len: 193 time: 0.0232804
2026-07-01 08:22:10.799 10 INFO neutron.wsgi [None req-bc22638e-2eff-430a-991d-701a8ac0a017 404ca1fc7dd641a7bde6c254474feaa2 a997a87d207447d890eb75b05220da00 - - default default] 10.0.0.246 "GET /v2.0/ports HTTP/1.1" status: 200 len: 5251 time: 0.0339212
2026-07-01 08:22:10.819 10 INFO neutron.wsgi [None req-34749afe-104f-425d-8ba5-a3bac648db04 404ca1fc7dd641a7bde6c254474feaa2 a997a87d207447d890eb75b05220da00 - - default default] 10.0.0.246 "GET /v2.0/network-ip-availabilities HTTP/1.1" status: 200 len: 1280 time: 0.0152435
2026-07-01 08:22:10.912 10 INFO neutron.wsgi [None req-360eb108-5532-489e-9948-dca4ee8725ef 404ca1fc7dd641a7bde6c254474feaa2 a997a87d207447d890eb75b05220da00 - - default default] 10.0.0.246 "GET /v2.0/security-groups HTTP/1.1" status: 200 len: 16799 time: 0.0918682
2026-07-01 08:22:10.976 10 INFO neutron.wsgi [None req-1711e8d9-73af-499d-94e8-877899032066 404ca1fc7dd641a7bde6c254474feaa2 a997a87d207447d890eb75b05220da00 - - default default] 10.0.0.246 "GET /v2.0/networks HTTP/1.1" status: 200 len: 2349 time: 0.0604043
2026-07-01 08:22:11.014 10 INFO neutron.wsgi [None req-2f8831fd-66af-4d79-9383-e9075ac8fda9 404ca1fc7dd641a7bde6c254474feaa2 a997a87d207447d890eb75b05220da00 - - default default] 10.0.0.246 "GET /v2.0/subnets HTTP/1.1" status: 200 len: 1437 time: 0.0364959
2026-07-01 08:22:11.044 10 INFO neutron.wsgi [None req-d576d35e-7849-4de5-9ce6-a0e9a8f6027a 404ca1fc7dd641a7bde6c254474feaa2 a997a87d207447d890eb75b05220da00 - - default default] 10.0.0.246 "GET /v2.0/subnets HTTP/1.1" status: 200 len: 1437 time: 0.0282078
2026-07-01 08:22:11.055 10 INFO neutron.wsgi [None req-a7639e8e-0336-46f5-a035-65637a998fe8 404ca1fc7dd641a7bde6c254474feaa2 a997a87d207447d890eb75b05220da00 - - default default] 10.0.0.246 "GET /v2.0/subnetpools HTTP/1.1" status: 200 len: 193 time: 0.0097961
2026-07-01 08:22:12.348 9 INFO neutron.wsgi [-] 10.0.0.101 "GET / HTTP/1.1" status: 200 len: 246 time: 0.0024536
2026-07-01 08:22:12.351 9 INFO neutron.wsgi [-] 10.0.0.101 "GET / HTTP/1.1" status: 200 len: 246 time: 0.0019252
2026-07-01 08:22:27.347 9 INFO neutron.wsgi [-] 10.0.0.101 "GET / HTTP/1.1" status: 200 len: 246 time: 0.0023556
2026-07-01 08:22:27.348 10 INFO neutron.wsgi [-] 10.0.0.101 "GET / HTTP/1.1" status: 200 len: 246 time: 0.0029736
2026-07-01 08:22:42.348 10 INFO neutron.wsgi [-] 10.0.0.101 "GET / HTTP/1.1" status: 200 len: 246 time: 0.0025752
2026-07-01 08:22:42.348 9 INFO neutron.wsgi [-] 10.0.0.101 "GET / HTTP/1.1" status: 200 len: 246 time: 0.0030689
2026-07-01 08:22:57.351 10 INFO neutron.wsgi [-] 10.0.0.101 "GET / HTTP/1.1" status: 200 len: 246 time: 0.0016277
2026-07-01 08:22:57.354 10 INFO neutron.wsgi [-] 10.0.0.101 "GET / HTTP/1.1" status: 200 len: 246 time: 0.0013139
2026-07-01 08:23:10.744 10 INFO neutron.wsgi [None req-f832c56d-5858-4670-8da2-99918ed1e345 404ca1fc7dd641a7bde6c254474feaa2 a997a87d207447d890eb75b05220da00 - - default default] 10.0.0.246 "GET /v2.0/networks HTTP/1.1" status: 200 len: 2349 time: 0.1044374
2026-07-01 08:23:10.767 10 INFO neutron.wsgi [None req-4ed4c510-0086-4cf5-b60f-bcb33b57f5a2 404ca1fc7dd641a7bde6c254474feaa2 a997a87d207447d890eb75b05220da00 - - default default] 10.0.0.246 "GET /v2.0/network-ip-availabilities HTTP/1.1" status: 200 len: 1280 time: 0.0201247
2026-07-01 08:23:10.815 10 INFO neutron.wsgi [None req-df241c1f-50d3-4772-ba05-29e3c029d1eb 404ca1fc7dd641a7bde6c254474feaa2 a997a87d207447d890eb75b05220da00 - - default default] 10.0.0.246 "GET /v2.0/subnets HTTP/1.1" status: 200 len: 1437 time: 0.0467665
2026-07-01 08:23:10.834 10 INFO neutron.wsgi [None req-fb6a00ae-091f-48c3-a3f8-96dd3b31a60a 404ca1fc7dd641a7bde6c254474feaa2 a997a87d207447d890eb75b05220da00 - - default default] 10.0.0.246 "GET /v2.0/subnetpools HTTP/1.1" status: 200 len: 193 time: 0.0186377
2026-07-01 08:23:10.876 10 INFO neutron.wsgi [None req-0d403e49-86e9-4642-bba1-fbe8427d27f8 404ca1fc7dd641a7bde6c254474feaa2 a997a87d207447d890eb75b05220da00 - - default default] 10.0.0.246 "GET /v2.0/floatingips HTTP/1.1" status: 200 len: 193 time: 0.0408351
2026-07-01 08:23:10.942 10 INFO neutron.wsgi [None req-d372dc94-cbf6-41e8-8188-6685e6b1614d 404ca1fc7dd641a7bde6c254474feaa2 a997a87d207447d890eb75b05220da00 - - default default] 10.0.0.246 "GET /v2.0/security-groups HTTP/1.1" status: 200 len: 16799 time: 0.0633659
2026-07-01 08:23:10.972 10 INFO neutron.wsgi [None req-d97a0b83-17a3-4e7a-87d0-64625e623727 404ca1fc7dd641a7bde6c254474feaa2 a997a87d207447d890eb75b05220da00 - - default default] 10.0.0.246 "GET /v2.0/subnets HTTP/1.1" status: 200 len: 1437 time: 0.0254669
2026-07-01 08:23:10.999 10 INFO neutron.wsgi [None req-b60ed60b-08cd-4d5a-a980-1022680a991b 404ca1fc7dd641a7bde6c254474feaa2 a997a87d207447d890eb75b05220da00 - - default default] 10.0.0.246 "GET /v2.0/routers HTTP/1.1" status: 200 len: 189 time: 0.0249605
2026-07-01 08:23:11.062 10 INFO neutron.wsgi [None req-45b196ff-00f5-46d7-a67b-b975e4cde5e3 404ca1fc7dd641a7bde6c254474feaa2 a997a87d207447d890eb75b05220da00 - - default default] 10.0.0.246 "GET /v2.0/agents?binary=ovn-controller HTTP/1.1" status: 200 len: 591 time: 0.0630856
2026-07-01 08:23:11.098 10 INFO neutron.wsgi [None req-f5952488-bb46-44cd-99d1-f71feb98dcc7 404ca1fc7dd641a7bde6c254474feaa2 a997a87d207447d890eb75b05220da00 - - default default] 10.0.0.246 "GET /v2.0/ports HTTP/1.1" status: 200 len: 5251 time: 0.0350199
2026-07-01 08:23:11.112 10 INFO neutron.wsgi [None req-287d583d-4dd6-48c0-8367-a51538fe2ebe 404ca1fc7dd641a7bde6c254474feaa2 a997a87d207447d890eb75b05220da00 - - default default] 10.0.0.246 "GET /v2.0/agents HTTP/1.1" status: 200 len: 997 time: 0.0095880
2026-07-01 08:23:12.347 9 INFO neutron.wsgi [-] 10.0.0.101 "GET / HTTP/1.1" status: 200 len: 246 time: 0.0024431
2026-07-01 08:23:12.348 10 INFO neutron.wsgi [-] 10.0.0.101 "GET / HTTP/1.1" status: 200 len: 246 time: 0.0022705
2026-07-01 08:23:27.348 9 INFO neutron.wsgi [-] 10.0.0.101 "GET / HTTP/1.1" status: 200 len: 246 time: 0.0023704
2026-07-01 08:23:27.351 10 INFO neutron.wsgi [-] 10.0.0.101 "GET / HTTP/1.1" status: 200 len: 246 time: 0.0053198
2026-07-01 08:23:42.347 10 INFO neutron.wsgi [-] 10.0.0.101 "GET / HTTP/1.1" status: 200 len: 246 time: 0.0025198
2026-07-01 08:23:42.348 9 INFO neutron.wsgi [-] 10.0.0.101 "GET / HTTP/1.1" status: 200 len: 246 time: 0.0031147
2026-07-01 08:23:57.348 10 INFO neutron.wsgi [-] 10.0.0.101 "GET / HTTP/1.1" status: 200 len: 246 time: 0.0030971
2026-07-01 08:23:57.349 9 INFO neutron.wsgi [-] 10.0.0.101 "GET / HTTP/1.1" status: 200 len: 246 time: 0.0034645
2026-07-01 08:24:10.677 10 INFO neutron.wsgi [None req-ea7e91f4-73c5-4a80-a989-f8acd051b40a 404ca1fc7dd641a7bde6c254474feaa2 a997a87d207447d890eb75b05220da00 - - default default] 10.0.0.246 "GET /v2.0/network-ip-availabilities HTTP/1.1" status: 200 len: 1280 time: 0.0586171
2026-07-01 08:24:10.784 10 INFO neutron.wsgi [None req-c4494ca8-d8b7-44a7-a339-c4dee29d354c 404ca1fc7dd641a7bde6c254474feaa2 a997a87d207447d890eb75b05220da00 - - default default] 10.0.0.246 "GET /v2.0/routers HTTP/1.1" status: 200 len: 189 time: 0.1057894
2026-07-01 08:24:10.833 10 INFO neutron.wsgi [None req-b89c7fb9-be39-4e6a-bb19-b25c9c098dcf 404ca1fc7dd641a7bde6c254474feaa2 a997a87d207447d890eb75b05220da00 - - default default] 10.0.0.246 "GET /v2.0/agents?binary=ovn-controller HTTP/1.1" status: 200 len: 591 time: 0.0481284
2026-07-01 08:24:10.880 10 INFO neutron.wsgi [None req-2d183080-0e3b-4c87-b1c7-d67e29b5969b 404ca1fc7dd641a7bde6c254474feaa2 a997a87d207447d890eb75b05220da00 - - default default] 10.0.0.246 "GET /v2.0/subnets HTTP/1.1" status: 200 len: 1437 time: 0.0442646
2026-07-01 08:24:10.896 10 INFO neutron.wsgi [None req-46e800bf-e664-4059-8be3-499b6e1f05c0 404ca1fc7dd641a7bde6c254474feaa2 a997a87d207447d890eb75b05220da00 - - default default] 10.0.0.246 "GET /v2.0/subnetpools HTTP/1.1" status: 200 len: 193 time: 0.0147185
2026-07-01 08:24:10.935 10 INFO neutron.wsgi [None req-319b4b3b-840f-4edd-8b8d-0a83b3c851dc 404ca1fc7dd641a7bde6c254474feaa2 a997a87d207447d890eb75b05220da00 - - default default] 10.0.0.246 "GET /v2.0/subnets HTTP/1.1" status: 200 len: 1437 time: 0.0374815
2026-07-01 08:24:10.966 10 INFO neutron.wsgi [None req-fe852fd6-0b92-4bcd-a3a5-937ed9bf6710 404ca1fc7dd641a7bde6c254474feaa2 a997a87d207447d890eb75b05220da00 - - default default] 10.0.0.246 "GET /v2.0/ports HTTP/1.1" status: 200 len: 5251 time: 0.0286412
2026-07-01 08:24:10.980 10 INFO neutron.wsgi [None req-ab668160-0b5b-412e-8d67-bf3cea41e003 404ca1fc7dd641a7bde6c254474feaa2 a997a87d207447d890eb75b05220da00 - - default default] 10.0.0.246 "GET /v2.0/agents HTTP/1.1" status: 200 len: 997 time: 0.0108526
2026-07-01 08:24:10.999 10 INFO neutron.wsgi [None req-09b4f434-5845-488c-aa3b-65fa0f8f69a6 404ca1fc7dd641a7bde6c254474feaa2 a997a87d207447d890eb75b05220da00 - - default default] 10.0.0.246 "GET /v2.0/floatingips HTTP/1.1" status: 200 len: 193 time: 0.0173492
2026-07-01 08:24:11.056 10 INFO neutron.wsgi [None req-3d098b6b-2d3a-41ca-9dbc-e5c670e3cbfb 404ca1fc7dd641a7bde6c254474feaa2 a997a87d207447d890eb75b05220da00 - - default default] 10.0.0.246 "GET /v2.0/networks HTTP/1.1" status: 200 len: 2349 time: 0.0566406
2026-07-01 08:24:11.110 10 INFO neutron.wsgi [None req-b8c7a06c-ba85-41a7-be84-394d3b911cb0 404ca1fc7dd641a7bde6c254474feaa2 a997a87d207447d890eb75b05220da00 - - default default] 10.0.0.246 "GET /v2.0/security-groups HTTP/1.1" status: 200 len: 16799 time: 0.0515985
2026-07-01 08:24:12.348 10 INFO neutron.wsgi [-] 10.0.0.101 "GET / HTTP/1.1" status: 200 len: 246 time: 0.0026438
2026-07-01 08:24:12.349 9 INFO neutron.wsgi [-] 10.0.0.101 "GET / HTTP/1.1" status: 200 len: 246 time: 0.0037687
2026-07-01 08:24:27.348 9 INFO neutron.wsgi [-] 10.0.0.101 "GET / HTTP/1.1" status: 200 len: 246 time: 0.0024648
2026-07-01 08:24:27.349 10 INFO neutron.wsgi [-] 10.0.0.101 "GET / HTTP/1.1" status: 200 len: 246 time: 0.0025220
2026-07-01 08:24:42.348 9 INFO neutron.wsgi [-] 10.0.0.101 "GET / HTTP/1.1" status: 200 len: 246 time: 0.0032954
2026-07-01 08:24:42.351 9 INFO neutron.wsgi [-] 10.0.0.101 "GET / HTTP/1.1" status: 200 len: 246 time: 0.0019767
2026-07-01 08:24:57.346 9 INFO neutron.wsgi [-] 10.0.0.101 "GET / HTTP/1.1" status: 200 len: 246 time: 0.0012860
2026-07-01 08:24:57.348 10 INFO neutron.wsgi [-] 10.0.0.101 "GET / HTTP/1.1" status: 200 len: 246 time: 0.0030766
2026-07-01 08:25:10.740 10 INFO neutron.wsgi [None req-06c772d8-9978-4afd-81f1-7c7746d12b88 404ca1fc7dd641a7bde6c254474feaa2 a997a87d207447d890eb75b05220da00 - - default default] 10.0.0.246 "GET /v2.0/floatingips HTTP/1.1" status: 200 len: 193 time: 0.0666282
2026-07-01 08:25:10.794 10 INFO neutron.wsgi [None req-b5913911-3da1-4908-8c45-ac404168cbf3 404ca1fc7dd641a7bde6c254474feaa2 a997a87d207447d890eb75b05220da00 - - default default] 10.0.0.246 "GET /v2.0/agents HTTP/1.1" status: 200 len: 997 time: 0.0531592
2026-07-01 08:25:10.804 10 INFO neutron.wsgi [None req-4f8815ac-179f-4ee6-9a42-9f415d4dced3 404ca1fc7dd641a7bde6c254474feaa2 a997a87d207447d890eb75b05220da00 - - default default] 10.0.0.246 "GET /v2.0/network-ip-availabilities HTTP/1.1" status: 200 len: 1280 time: 0.0098498
2026-07-01 08:25:10.847 10 INFO neutron.wsgi [None req-89478763-c162-45d4-9508-0b341b2191a9 404ca1fc7dd641a7bde6c254474feaa2 a997a87d207447d890eb75b05220da00 - - default default] 10.0.0.246 "GET /v2.0/subnets HTTP/1.1" status: 200 len: 1437 time: 0.0421882
2026-07-01 08:25:10.888 10 INFO neutron.wsgi [None req-3cc1f3ff-7f87-4c0b-a97c-c6ab5649e314 404ca1fc7dd641a7bde6c254474feaa2 a997a87d207447d890eb75b05220da00 - - default default] 10.0.0.246 "GET /v2.0/ports HTTP/1.1" status: 200 len: 5251 time: 0.0389857
2026-07-01 08:25:10.953 10 INFO neutron.wsgi [None req-c7b47f78-7f42-4ae6-a6cd-110cc077c24d 404ca1fc7dd641a7bde6c254474feaa2 a997a87d207447d890eb75b05220da00 - - default default] 10.0.0.246 "GET /v2.0/networks HTTP/1.1" status: 200 len: 2349 time: 0.0605810
2026-07-01 08:25:11.037 10 INFO neutron.wsgi [None req-e5a36ce6-9ccb-49bd-9bf7-03b4f567d530 404ca1fc7dd641a7bde6c254474feaa2 a997a87d207447d890eb75b05220da00 - - default default] 10.0.0.246 "GET /v2.0/security-groups HTTP/1.1" status: 200 len: 16799 time: 0.0779231
2026-07-01 08:25:11.070 10 INFO neutron.wsgi [None req-61ebe779-e040-42d7-ae85-3a0c1e942521 404ca1fc7dd641a7bde6c254474feaa2 a997a87d207447d890eb75b05220da00 - - default default] 10.0.0.246 "GET /v2.0/routers HTTP/1.1" status: 200 len: 189 time: 0.0262964
2026-07-01 08:25:11.079 10 INFO neutron.wsgi [None req-a77242c8-0dec-4de7-92d2-309577c53061 404ca1fc7dd641a7bde6c254474feaa2 a997a87d207447d890eb75b05220da00 - - default default] 10.0.0.246 "GET /v2.0/agents?binary=ovn-controller HTTP/1.1" status: 200 len: 591 time: 0.0083969
2026-07-01 08:25:11.148 10 INFO neutron.wsgi [None req-4a89836b-fe6a-48ae-89f9-c4996d066e05 404ca1fc7dd641a7bde6c254474feaa2 a997a87d207447d890eb75b05220da00 - - default default] 10.0.0.246 "GET /v2.0/subnets HTTP/1.1" status: 200 len: 1437 time: 0.0671382
2026-07-01 08:25:11.158 10 INFO neutron.wsgi [None req-6a4015b7-9bf9-4bd5-819f-f38e249ed503 404ca1fc7dd641a7bde6c254474feaa2 a997a87d207447d890eb75b05220da00 - - default default] 10.0.0.246 "GET /v2.0/subnetpools HTTP/1.1" status: 200 len: 193 time: 0.0096302
2026-07-01 08:25:12.348 9 INFO neutron.wsgi [-] 10.0.0.101 "GET / HTTP/1.1" status: 200 len: 246 time: 0.0024405
2026-07-01 08:25:12.350 9 INFO neutron.wsgi [-] 10.0.0.101 "GET / HTTP/1.1" status: 200 len: 246 time: 0.0012791
2026-07-01 08:25:27.346 9 INFO neutron.wsgi [-] 10.0.0.101 "GET / HTTP/1.1" status: 200 len: 246 time: 0.0015912
2026-07-01 08:25:27.348 9 INFO neutron.wsgi [-] 10.0.0.101 "GET / HTTP/1.1" status: 200 len: 246 time: 0.0016973
2026-07-01 08:25:42.347 10 INFO neutron.wsgi [-] 10.0.0.101 "GET / HTTP/1.1" status: 200 len: 246 time: 0.0022697
2026-07-01 08:25:42.347 9 INFO neutron.wsgi [-] 10.0.0.101 "GET / HTTP/1.1" status: 200 len: 246 time: 0.0022955
2026-07-01 08:25:57.347 9 INFO neutron.wsgi [-] 10.0.0.101 "GET / HTTP/1.1" status: 200 len: 246 time: 0.0019152
2026-07-01 08:25:57.348 10 INFO neutron.wsgi [-] 10.0.0.101 "GET / HTTP/1.1" status: 200 len: 246 time: 0.0030618
2026-07-01 08:26:10.669 10 INFO neutron.wsgi [None req-8198552c-b42b-4d3e-bef2-262d08494af3 404ca1fc7dd641a7bde6c254474feaa2 a997a87d207447d890eb75b05220da00 - - default default] 10.0.0.246 "GET /v2.0/routers HTTP/1.1" status: 200 len: 189 time: 0.0623832
2026-07-01 08:26:10.725 10 INFO neutron.wsgi [None req-c43d3376-2e1b-4d1a-a581-ab0d3420654d 404ca1fc7dd641a7bde6c254474feaa2 a997a87d207447d890eb75b05220da00 - - default default] 10.0.0.246 "GET /v2.0/agents?binary=ovn-controller HTTP/1.1" status: 200 len: 591 time: 0.0553851
2026-07-01 08:26:10.786 10 INFO neutron.wsgi [None req-ea62ba4f-1f2b-4567-bb36-6dea2b2d975a 404ca1fc7dd641a7bde6c254474feaa2 a997a87d207447d890eb75b05220da00 - - default default] 10.0.0.246 "GET /v2.0/security-groups HTTP/1.1" status: 200 len: 16799 time: 0.0591934
2026-07-01 08:26:10.834 10 INFO neutron.wsgi [None req-fd33c946-dcf0-4e3a-b8e8-000122490b14 404ca1fc7dd641a7bde6c254474feaa2 a997a87d207447d890eb75b05220da00 - - default default] 10.0.0.246 "GET /v2.0/ports HTTP/1.1" status: 200 len: 5251 time: 0.0438538
2026-07-01 08:26:10.872 10 INFO neutron.wsgi [None req-7d65ca19-663b-49b1-9acd-fa5f29e949ce 404ca1fc7dd641a7bde6c254474feaa2 a997a87d207447d890eb75b05220da00 - - default default] 10.0.0.246 "GET /v2.0/network-ip-availabilities HTTP/1.1" status: 200 len: 1280 time: 0.0338402
2026-07-01 08:26:10.947 10 INFO neutron.wsgi [None req-40436cd1-ae19-40cc-86dd-0c6c90c56de1 404ca1fc7dd641a7bde6c254474feaa2 a997a87d207447d890eb75b05220da00 - - default default] 10.0.0.246 "GET /v2.0/networks HTTP/1.1" status: 200 len: 2349 time: 0.0734100
2026-07-01 08:26:11.000 10 INFO neutron.wsgi [None req-12bf7b39-de3a-43ec-9e94-5177dea39a07 404ca1fc7dd641a7bde6c254474feaa2 a997a87d207447d890eb75b05220da00 - - default default] 10.0.0.246 "GET /v2.0/subnets HTTP/1.1" status: 200 len: 1437 time: 0.0511246
2026-07-01 08:26:11.010 10 INFO neutron.wsgi [None req-4f3abe15-8cea-47da-83a0-b9635bb5e042 404ca1fc7dd641a7bde6c254474feaa2 a997a87d207447d890eb75b05220da00 - - default default] 10.0.0.246 "GET /v2.0/subnetpools HTTP/1.1" status: 200 len: 193 time: 0.0094733
2026-07-01 08:26:11.020 10 INFO neutron.wsgi [None req-828a8191-efd5-450a-95ef-e94f87f42680 404ca1fc7dd641a7bde6c254474feaa2 a997a87d207447d890eb75b05220da00 - - default default] 10.0.0.246 "GET /v2.0/agents HTTP/1.1" status: 200 len: 997 time: 0.0092015
2026-07-01 08:26:11.047 10 INFO neutron.wsgi [None req-931614c4-432b-4635-968f-88d151e79ec5 404ca1fc7dd641a7bde6c254474feaa2 a997a87d207447d890eb75b05220da00 - - default default] 10.0.0.246 "GET /v2.0/subnets HTTP/1.1" status: 200 len: 1437 time: 0.0260599
2026-07-01 08:26:11.082 10 INFO neutron.wsgi [None req-aeb6c747-8861-45a6-a7d3-4ef2d834e592 404ca1fc7dd641a7bde6c254474feaa2 a997a87d207447d890eb75b05220da00 - - default default] 10.0.0.246 "GET /v2.0/floatingips HTTP/1.1" status: 200 len: 193 time: 0.0329974
2026-07-01 08:26:12.346 10 INFO neutron.wsgi [-] 10.0.0.101 "GET / HTTP/1.1" status: 200 len: 246 time: 0.0014558
2026-07-01 08:26:12.348 9 INFO neutron.wsgi [-] 10.0.0.101 "GET / HTTP/1.1" status: 200 len: 246 time: 0.0024016
2026-07-01 08:26:27.347 10 INFO neutron.wsgi [-] 10.0.0.101 "GET / HTTP/1.1" status: 200 len: 246 time: 0.0022779
2026-07-01 08:26:27.347 9 INFO neutron.wsgi [-] 10.0.0.101 "GET / HTTP/1.1" status: 200 len: 246 time: 0.0023301
2026-07-01 08:26:42.348 9 INFO neutron.wsgi [-] 10.0.0.101 "GET / HTTP/1.1" status: 200 len: 246 time: 0.0026772
2026-07-01 08:26:42.348 10 INFO neutron.wsgi [-] 10.0.0.101 "GET / HTTP/1.1" status: 200 len: 246 time: 0.0028806
2026-07-01 08:26:57.351 10 INFO neutron.wsgi [-] 10.0.0.101 "GET / HTTP/1.1" status: 200 len: 246 time: 0.0059721
2026-07-01 08:26:57.353 10 INFO neutron.wsgi [-] 10.0.0.101 "GET / HTTP/1.1" status: 200 len: 246 time: 0.0009925
2026-07-01 08:27:10.711 10 INFO neutron.wsgi [None req-c129dd31-713f-42b0-a309-9df1872a0781 404ca1fc7dd641a7bde6c254474feaa2 a997a87d207447d890eb75b05220da00 - - default default] 10.0.0.246 "GET /v2.0/security-groups HTTP/1.1" status: 200 len: 16799 time: 0.1014993
2026-07-01 08:27:10.743 10 INFO neutron.wsgi [None req-e1696227-7993-4f21-a90c-77e9907aa844 404ca1fc7dd641a7bde6c254474feaa2 a997a87d207447d890eb75b05220da00 - - default default] 10.0.0.246 "GET /v2.0/subnets HTTP/1.1" status: 200 len: 1437 time: 0.0269370
2026-07-01 08:27:10.798 10 INFO neutron.wsgi [None req-766920dc-2b45-43c1-9b07-a8b008631fc1 404ca1fc7dd641a7bde6c254474feaa2 a997a87d207447d890eb75b05220da00 - - default default] 10.0.0.246 "GET /v2.0/agents HTTP/1.1" status: 200 len: 997 time: 0.0542316
2026-07-01 08:27:10.815 10 INFO neutron.wsgi [None req-b39cd7b6-8233-4307-86a6-e1d1f8efa6c2 404ca1fc7dd641a7bde6c254474feaa2 a997a87d207447d890eb75b05220da00 - - default default] 10.0.0.246 "GET /v2.0/network-ip-availabilities HTTP/1.1" status: 200 len: 1280 time: 0.0155485
2026-07-01 08:27:10.860 10 INFO neutron.wsgi [None req-c06eb346-baf7-4bf8-b14b-cd8c0518b22f 404ca1fc7dd641a7bde6c254474feaa2 a997a87d207447d890eb75b05220da00 - - default default] 10.0.0.246 "GET /v2.0/ports HTTP/1.1" status: 200 len: 5251 time: 0.0422912
2026-07-01 08:27:10.896 10 INFO neutron.wsgi [None req-2be7ff1b-0f5f-43f8-a54a-17c269b2587a 404ca1fc7dd641a7bde6c254474feaa2 a997a87d207447d890eb75b05220da00 - - default default] 10.0.0.246 "GET /v2.0/routers HTTP/1.1" status: 200 len: 189 time: 0.0325153
2026-07-01 08:27:10.907 10 INFO neutron.wsgi [None req-49bf67f2-ed28-42ed-8d54-5084c4e7e103 404ca1fc7dd641a7bde6c254474feaa2 a997a87d207447d890eb75b05220da00 - - default default] 10.0.0.246 "GET /v2.0/agents?binary=ovn-controller HTTP/1.1" status: 200 len: 591 time: 0.0108268
2026-07-01 08:27:10.929 10 INFO neutron.wsgi [None req-7518971b-617b-4889-8a58-bea4014242c7 404ca1fc7dd641a7bde6c254474feaa2 a997a87d207447d890eb75b05220da00 - - default default] 10.0.0.246 "GET /v2.0/floatingips HTTP/1.1" status: 200 len: 193 time: 0.0211155
2026-07-01 08:27:10.982 10 INFO neutron.wsgi [None req-928e28f3-eaa4-4348-b1b0-2f2e92b04e41 404ca1fc7dd641a7bde6c254474feaa2 a997a87d207447d890eb75b05220da00 - - default default] 10.0.0.246 "GET /v2.0/networks HTTP/1.1" status: 200 len: 2349 time: 0.0513368
2026-07-01 08:27:11.016 10 INFO neutron.wsgi [None req-ceaafce1-2da0-45ed-aa17-2f7d70a4cc99 404ca1fc7dd641a7bde6c254474feaa2 a997a87d207447d890eb75b05220da00 - - default default] 10.0.0.246 "GET /v2.0/subnets HTTP/1.1" status: 200 len: 1437 time: 0.0315752
2026-07-01 08:27:11.027 10 INFO neutron.wsgi [None req-83c7bdec-7b43-4735-b285-aa0fe0f99317 404ca1fc7dd641a7bde6c254474feaa2 a997a87d207447d890eb75b05220da00 - - default default] 10.0.0.246 "GET /v2.0/subnetpools HTTP/1.1" status: 200 len: 193 time: 0.0102034
2026-07-01 08:27:12.348 9 INFO neutron.wsgi [-] 10.0.0.101 "GET / HTTP/1.1" status: 200 len: 246 time: 0.0025225
2026-07-01 08:27:12.352 9 INFO neutron.wsgi [-] 10.0.0.101 "GET / HTTP/1.1" status: 200 len: 246 time: 0.0027022
2026-07-01 08:27:27.346 10 INFO neutron.wsgi [-] 10.0.0.101 "GET / HTTP/1.1" status: 200 len: 246 time: 0.0015435
2026-07-01 08:27:27.348 9 INFO neutron.wsgi [-] 10.0.0.101 "GET / HTTP/1.1" status: 200 len: 246 time: 0.0024381
2026-07-01 08:27:42.347 9 INFO neutron.wsgi [-] 10.0.0.101 "GET / HTTP/1.1" status: 200 len: 246 time: 0.0023077
2026-07-01 08:27:42.347 10 INFO neutron.wsgi [-] 10.0.0.101 "GET / HTTP/1.1" status: 200 len: 246 time: 0.0023022
2026-07-01 08:27:57.349 10 INFO neutron.wsgi [-] 10.0.0.101 "GET / HTTP/1.1" status: 200 len: 246 time: 0.0024617
2026-07-01 08:27:57.353 9 INFO neutron.wsgi [-] 10.0.0.101 "GET / HTTP/1.1" status: 200 len: 246 time: 0.0069680
2026-07-01 08:28:11.016 10 INFO neutron.wsgi [None req-3f28a8c9-edbc-41ff-9ce4-bf069eb65eda 404ca1fc7dd641a7bde6c254474feaa2 a997a87d207447d890eb75b05220da00 - - default default] 10.0.0.246 "GET /v2.0/agents HTTP/1.1" status: 200 len: 997 time: 0.2272756
2026-07-01 08:28:11.027 10 INFO neutron.wsgi [None req-dd0225ec-9110-49fe-9304-1ba1caa6492d 404ca1fc7dd641a7bde6c254474feaa2 a997a87d207447d890eb75b05220da00 - - default default] 10.0.0.246 "GET /v2.0/network-ip-availabilities HTTP/1.1" status: 200 len: 1280 time: 0.0079846
2026-07-01 08:28:11.069 10 INFO neutron.wsgi [None req-88613d81-019d-406a-859f-19f02dae93fa 404ca1fc7dd641a7bde6c254474feaa2 a997a87d207447d890eb75b05220da00 - - default default] 10.0.0.246 "GET /v2.0/subnets HTTP/1.1" status: 200 len: 1437 time: 0.0408206
2026-07-01 08:28:11.100 10 INFO neutron.wsgi [None req-1c2c4fe5-d915-41b5-a2ed-95484db99e48 404ca1fc7dd641a7bde6c254474feaa2 a997a87d207447d890eb75b05220da00 - - default default] 10.0.0.246 "GET /v2.0/ports HTTP/1.1" status: 200 len: 5251 time: 0.0295577
2026-07-01 08:28:11.132 10 INFO neutron.wsgi [None req-e599ebb6-bdfd-4941-8382-24ce618b24b8 404ca1fc7dd641a7bde6c254474feaa2 a997a87d207447d890eb75b05220da00 - - default default] 10.0.0.246 "GET /v2.0/floatingips HTTP/1.1" status: 200 len: 193 time: 0.0258858
2026-07-01 08:28:11.176 10 INFO neutron.wsgi [None req-219e9d1e-93f8-441c-a1fa-ad7b7474cdd4 404ca1fc7dd641a7bde6c254474feaa2 a997a87d207447d890eb75b05220da00 - - default default] 10.0.0.246 "GET /v2.0/subnets HTTP/1.1" status: 200 len: 1437 time: 0.0433419
2026-07-01 08:28:11.187 10 INFO neutron.wsgi [None req-2e3d9405-3268-4d95-ac3e-30ffd56918cf 404ca1fc7dd641a7bde6c254474feaa2 a997a87d207447d890eb75b05220da00 - - default default] 10.0.0.246 "GET /v2.0/subnetpools HTTP/1.1" status: 200 len: 193 time: 0.0100658
2026-07-01 08:28:11.244 10 INFO neutron.wsgi [None req-137ec3f9-91ac-410c-aaa3-2a4922aeada8 404ca1fc7dd641a7bde6c254474feaa2 a997a87d207447d890eb75b05220da00 - - default default] 10.0.0.246 "GET /v2.0/networks HTTP/1.1" status: 200 len: 2349 time: 0.0559554
2026-07-01 08:28:11.317 10 INFO neutron.wsgi [None req-a43cc3cb-8b93-4987-995f-6f4c15df7a76 404ca1fc7dd641a7bde6c254474feaa2 a997a87d207447d890eb75b05220da00 - - default default] 10.0.0.246 "GET /v2.0/security-groups HTTP/1.1" status: 200 len: 16799 time: 0.0712700
2026-07-01 08:28:11.346 10 INFO neutron.wsgi [None req-6af8903f-cc49-41ae-9f1a-8e73c3ce65f7 404ca1fc7dd641a7bde6c254474feaa2 a997a87d207447d890eb75b05220da00 - - default default] 10.0.0.246 "GET /v2.0/routers HTTP/1.1" status: 200 len: 189 time: 0.0228283
2026-07-01 08:28:11.353 10 INFO neutron.wsgi [None req-33867a3b-051d-437e-acdd-903204babbad 404ca1fc7dd641a7bde6c254474feaa2 a997a87d207447d890eb75b05220da00 - - default default] 10.0.0.246 "GET /v2.0/agents?binary=ovn-controller HTTP/1.1" status: 200 len: 591 time: 0.0073001
2026-07-01 08:28:12.347 10 INFO neutron.wsgi [-] 10.0.0.101 "GET / HTTP/1.1" status: 200 len: 246 time: 0.0023382
2026-07-01 08:28:12.347 9 INFO neutron.wsgi [-] 10.0.0.101 "GET / HTTP/1.1" status: 200 len: 246 time: 0.0025551
2026-07-01 08:28:27.347 9 INFO neutron.wsgi [-] 10.0.0.101 "GET / HTTP/1.1" status: 200 len: 246 time: 0.0023541
2026-07-01 08:28:27.347 10 INFO neutron.wsgi [-] 10.0.0.101 "GET / HTTP/1.1" status: 200 len: 246 time: 0.0021937
2026-07-01 08:28:42.348 9 INFO neutron.wsgi [-] 10.0.0.101 "GET / HTTP/1.1" status: 200 len: 246 time: 0.0024786
2026-07-01 08:28:42.349 10 INFO neutron.wsgi [-] 10.0.0.101 "GET / HTTP/1.1" status: 200 len: 246 time: 0.0029585
2026-07-01 08:28:57.347 10 INFO neutron.wsgi [-] 10.0.0.101 "GET / HTTP/1.1" status: 200 len: 246 time: 0.0022550
2026-07-01 08:28:57.349 9 INFO neutron.wsgi [-] 10.0.0.101 "GET / HTTP/1.1" status: 200 len: 246 time: 0.0034251
2026-07-01 08:29:10.854 10 INFO neutron.wsgi [None req-5c0de33b-0b55-46f4-bf0b-7bc287fb1e0e 404ca1fc7dd641a7bde6c254474feaa2 a997a87d207447d890eb75b05220da00 - - default default] 10.0.0.246 "GET /v2.0/networks HTTP/1.1" status: 200 len: 2349 time: 0.1106834
2026-07-01 08:29:10.900 10 INFO neutron.wsgi [None req-b4b918ff-c906-4867-b8b0-c348febf4e24 404ca1fc7dd641a7bde6c254474feaa2 a997a87d207447d890eb75b05220da00 - - default default] 10.0.0.246 "GET /v2.0/agents HTTP/1.1" status: 200 len: 997 time: 0.0441580
2026-07-01 08:29:10.911 10 INFO neutron.wsgi [None req-d18b2b3f-2cf0-4e87-88cd-27dcede0a59f 404ca1fc7dd641a7bde6c254474feaa2 a997a87d207447d890eb75b05220da00 - - default default] 10.0.0.246 "GET /v2.0/network-ip-availabilities HTTP/1.1" status: 200 len: 1280 time: 0.0097392
2026-07-01 08:29:10.931 10 INFO neutron.wsgi [None req-b6645175-8793-45fa-b4f4-76064c24eeab 404ca1fc7dd641a7bde6c254474feaa2 a997a87d207447d890eb75b05220da00 - - default default] 10.0.0.246 "GET /v2.0/floatingips HTTP/1.1" status: 200 len: 193 time: 0.0188518
2026-07-01 08:29:10.981 10 INFO neutron.wsgi [None req-d1c30a5e-7cfc-4327-80c5-88e877ed71a4 404ca1fc7dd641a7bde6c254474feaa2 a997a87d207447d890eb75b05220da00 - - default default] 10.0.0.246 "GET /v2.0/security-groups HTTP/1.1" status: 200 len: 16799 time: 0.0501721
2026-07-01 08:29:11.013 10 INFO neutron.wsgi [None req-d2e70f80-5b92-4619-b351-c75a9e12a2cc 404ca1fc7dd641a7bde6c254474feaa2 a997a87d207447d890eb75b05220da00 - - default default] 10.0.0.246 "GET /v2.0/subnets HTTP/1.1" status: 200 len: 1437 time: 0.0278478
2026-07-01 08:29:11.044 10 INFO neutron.wsgi [None req-c3a0b554-4fe7-4a0f-8b46-0b8b2c9fdd3b 404ca1fc7dd641a7bde6c254474feaa2 a997a87d207447d890eb75b05220da00 - - default default] 10.0.0.246 "GET /v2.0/ports HTTP/1.1" status: 200 len: 5251 time: 0.0292487
2026-07-01 08:29:11.069 10 INFO neutron.wsgi [None req-12dde66e-6b23-4158-9a14-0077eb74d3ba 404ca1fc7dd641a7bde6c254474feaa2 a997a87d207447d890eb75b05220da00 - - default default] 10.0.0.246 "GET /v2.0/routers HTTP/1.1" status: 200 len: 189 time: 0.0217810
2026-07-01 08:29:11.079 10 INFO neutron.wsgi [None req-861a7b88-b7fa-4448-865b-394edf26d615 404ca1fc7dd641a7bde6c254474feaa2 a997a87d207447d890eb75b05220da00 - - default default] 10.0.0.246 "GET /v2.0/agents?binary=ovn-controller HTTP/1.1" status: 200 len: 591 time: 0.0098968
2026-07-01 08:29:11.118 10 INFO neutron.wsgi [None req-cc2b0ba8-1210-481b-94a4-72eb57de8799 404ca1fc7dd641a7bde6c254474feaa2 a997a87d207447d890eb75b05220da00 - - default default] 10.0.0.246 "GET /v2.0/subnets HTTP/1.1" status: 200 len: 1437 time: 0.0381184
2026-07-01 08:29:11.130 10 INFO neutron.wsgi [None req-12451d94-1513-4830-9ad0-99a2d5b091e8 404ca1fc7dd641a7bde6c254474feaa2 a997a87d207447d890eb75b05220da00 - - default default] 10.0.0.246 "GET /v2.0/subnetpools HTTP/1.1" status: 200 len: 193 time: 0.0109613
2026-07-01 08:29:12.346 10 INFO neutron.wsgi [-] 10.0.0.101 "GET / HTTP/1.1" status: 200 len: 246 time: 0.0015719
2026-07-01 08:29:12.348 9 INFO neutron.wsgi [-] 10.0.0.101 "GET / HTTP/1.1" status: 200 len: 246 time: 0.0027237
2026-07-01 08:29:27.348 9 INFO neutron.wsgi [-] 10.0.0.101 "GET / HTTP/1.1" status: 200 len: 246 time: 0.0025382
2026-07-01 08:29:27.353 9 INFO neutron.wsgi [-] 10.0.0.101 "GET / HTTP/1.1" status: 200 len: 246 time: 0.0031915
2026-07-01 08:29:42.347 9 INFO neutron.wsgi [-] 10.0.0.101 "GET / HTTP/1.1" status: 200 len: 246 time: 0.0023389
2026-07-01 08:29:42.348 10 INFO neutron.wsgi [-] 10.0.0.101 "GET / HTTP/1.1" status: 200 len: 246 time: 0.0024207
2026-07-01 08:29:42.827 9 INFO neutron.wsgi [None req-53e36cd7-a574-4859-a24b-04178196072d 404ca1fc7dd641a7bde6c254474feaa2 a997a87d207447d890eb75b05220da00 - - default default] 199.19.213.37,10.0.0.101 "GET /v2.0/networks HTTP/1.1" status: 200 len: 2349 time: 0.1362321
2026-07-01 08:29:43.935 9 INFO neutron.wsgi [None req-cc896405-2061-40ef-a6dd-7946a02df050 404ca1fc7dd641a7bde6c254474feaa2 a997a87d207447d890eb75b05220da00 - - default default] 199.19.213.37,10.0.0.101 "GET /v2.0/subnets HTTP/1.1" status: 200 len: 1437 time: 0.1007814
2026-07-01 08:29:44.001 9 INFO neutron.wsgi [None req-1b9523ec-d4ca-4195-b490-08bdb1525576 404ca1fc7dd641a7bde6c254474feaa2 a997a87d207447d890eb75b05220da00 - - default default] 199.19.213.37,10.0.0.101 "GET /v2.0/networks HTTP/1.1" status: 200 len: 2349 time: 0.0584586
2026-07-01 08:29:57.347 10 INFO neutron.wsgi [-] 10.0.0.101 "GET / HTTP/1.1" status: 200 len: 246 time: 0.0011947
2026-07-01 08:29:57.348 9 INFO neutron.wsgi [-] 10.0.0.101 "GET / HTTP/1.1" status: 200 len: 246 time: 0.0025098
2026-07-01 08:30:10.727 10 INFO neutron.wsgi [None req-c2736afd-e76f-4e1b-b638-63ecfac3f466 404ca1fc7dd641a7bde6c254474feaa2 a997a87d207447d890eb75b05220da00 - - default default] 10.0.0.246 "GET /v2.0/network-ip-availabilities HTTP/1.1" status: 200 len: 1280 time: 0.0765338
2026-07-01 08:30:10.805 10 INFO neutron.wsgi [None req-f9fafca8-8a6f-444e-bda3-8844e93a5c48 404ca1fc7dd641a7bde6c254474feaa2 a997a87d207447d890eb75b05220da00 - - default default] 10.0.0.246 "GET /v2.0/routers HTTP/1.1" status: 200 len: 189 time: 0.0704887
2026-07-01 08:30:10.855 10 INFO neutron.wsgi [None req-ef5ecaba-addf-481f-b79b-7d95c07088dd 404ca1fc7dd641a7bde6c254474feaa2 a997a87d207447d890eb75b05220da00 - - default default] 10.0.0.246 "GET /v2.0/agents?binary=ovn-controller HTTP/1.1" status: 200 len: 591 time: 0.0461884
2026-07-01 08:30:10.927 10 INFO neutron.wsgi [None req-5c0112f3-3151-479d-8385-fc3fbcbb047e 404ca1fc7dd641a7bde6c254474feaa2 a997a87d207447d890eb75b05220da00 - - default default] 10.0.0.246 "GET /v2.0/networks HTTP/1.1" status: 200 len: 2349 time: 0.0706868
2026-07-01 08:30:11.035 10 INFO neutron.wsgi [None req-cc8a4beb-2933-428e-b5ab-c373bf8539b2 404ca1fc7dd641a7bde6c254474feaa2 a997a87d207447d890eb75b05220da00 - - default default] 10.0.0.246 "GET /v2.0/subnets HTTP/1.1" status: 200 len: 1437 time: 0.0990183
2026-07-01 08:30:11.057 10 INFO neutron.wsgi [None req-0e61ad77-c51e-4ab5-83f3-f209f28a8f5d 404ca1fc7dd641a7bde6c254474feaa2 a997a87d207447d890eb75b05220da00 - - default default] 10.0.0.246 "GET /v2.0/floatingips HTTP/1.1" status: 200 len: 193 time: 0.0217731
2026-07-01 08:30:11.094 10 INFO neutron.wsgi [None req-e5196a82-48ee-4153-bc62-274e84e8d23a 404ca1fc7dd641a7bde6c254474feaa2 a997a87d207447d890eb75b05220da00 - - default default] 10.0.0.246 "GET /v2.0/ports HTTP/1.1" status: 200 len: 5251 time: 0.0361466
2026-07-01 08:30:11.105 10 INFO neutron.wsgi [None req-316f086a-a998-40f9-b12a-94497ba2ad74 404ca1fc7dd641a7bde6c254474feaa2 a997a87d207447d890eb75b05220da00 - - default default] 10.0.0.246 "GET /v2.0/agents HTTP/1.1" status: 200 len: 997 time: 0.0083332
2026-07-01 08:30:11.168 10 INFO neutron.wsgi [None req-65995fb4-ba54-48fa-9d62-eac77956dcfb 404ca1fc7dd641a7bde6c254474feaa2 a997a87d207447d890eb75b05220da00 - - default default] 10.0.0.246 "GET /v2.0/security-groups HTTP/1.1" status: 200 len: 16799 time: 0.0618007
2026-07-01 08:30:11.202 10 INFO neutron.wsgi [None req-9bfaf730-1d96-4d0d-b76c-8256f90693de 404ca1fc7dd641a7bde6c254474feaa2 a997a87d207447d890eb75b05220da00 - - default default] 10.0.0.246 "GET /v2.0/subnets HTTP/1.1" status: 200 len: 1437 time: 0.0285902
2026-07-01 08:30:11.213 10 INFO neutron.wsgi [None req-5754e049-0e8f-429e-9352-c77e83042f21 404ca1fc7dd641a7bde6c254474feaa2 a997a87d207447d890eb75b05220da00 - - default default] 10.0.0.246 "GET /v2.0/subnetpools HTTP/1.1" status: 200 len: 193 time: 0.0095489
2026-07-01 08:30:12.347 9 INFO neutron.wsgi [-] 10.0.0.101 "GET / HTTP/1.1" status: 200 len: 246 time: 0.0023670
2026-07-01 08:30:12.348 10 INFO neutron.wsgi [-] 10.0.0.101 "GET / HTTP/1.1" status: 200 len: 246 time: 0.0033090
2026-07-01 08:30:23.636 9 INFO neutron.wsgi [None req-8221a4c0-0bf6-4b3f-abdb-44196728ce1c 404ca1fc7dd641a7bde6c254474feaa2 a997a87d207447d890eb75b05220da00 - - default default] 199.19.213.37,10.0.0.101 "GET /v2.0/networks HTTP/1.1" status: 200 len: 2349 time: 0.0963247
2026-07-01 08:30:24.506 9 INFO neutron.wsgi [None req-56545e1f-e9ca-4ee6-be3c-988f302abc1b 404ca1fc7dd641a7bde6c254474feaa2 a997a87d207447d890eb75b05220da00 - - default default] 199.19.213.37,10.0.0.101 "GET /v2.0/subnets HTTP/1.1" status: 200 len: 1437 time: 0.0739474
2026-07-01 08:30:24.567 9 INFO neutron.wsgi [None req-867d50c0-d92a-4924-a5b8-45b11e59633d 404ca1fc7dd641a7bde6c254474feaa2 a997a87d207447d890eb75b05220da00 - - default default] 199.19.213.37,10.0.0.101 "GET /v2.0/networks HTTP/1.1" status: 200 len: 2349 time: 0.0542407
2026-07-01 08:30:25.710 9 INFO neutron.wsgi [None req-31637959-a998-4f06-944b-cadcf9b5ce10 404ca1fc7dd641a7bde6c254474feaa2 a997a87d207447d890eb75b05220da00 - - default default] 199.19.213.37,10.0.0.101 "GET /v2.0/security-groups?tenant_id=a997a87d207447d890eb75b05220da00 HTTP/1.1" status: 200 len: 10157 time: 0.1391950
2026-07-01 08:30:26.844 9 INFO neutron.wsgi [None req-e3bb86ad-9c71-4b9e-802d-1778ae2a86de 404ca1fc7dd641a7bde6c254474feaa2 a997a87d207447d890eb75b05220da00 - - default default] 199.19.213.37,10.0.0.101 "GET /v2.0/security-groups?tenant_id=a997a87d207447d890eb75b05220da00 HTTP/1.1" status: 200 len: 10157 time: 0.0994322
2026-07-01 08:30:27.348 10 INFO neutron.wsgi [-] 10.0.0.101 "GET / HTTP/1.1" status: 200 len: 246 time: 0.0024066
2026-07-01 08:30:27.350 9 INFO neutron.wsgi [-] 10.0.0.101 "GET / HTTP/1.1" status: 200 len: 246 time: 0.0028851
2026-07-01 08:30:27.673 9 INFO neutron.wsgi [None req-814f7e90-fa95-44c4-af79-911cd0f95d6e 404ca1fc7dd641a7bde6c254474feaa2 a997a87d207447d890eb75b05220da00 - - default default] 199.19.213.37,10.0.0.101 "GET /v2.0/security-groups?tenant_id=a997a87d207447d890eb75b05220da00 HTTP/1.1" status: 200 len: 10157 time: 0.0741940
