2026-07-01 08:34:04.012 10 INFO neutron.wsgi [req-7ae6eb3d-e4fb-4242-82ce-c90b4380ec66 req-84861373-6672-48ee-9ec3-02c0ea0b67d4 2450d12b528d4a09a205edd6aaa5f914 aad9c472675a4ec2a430001197ce5dbe - - 44bc701823e44ee885a6e2c147189a78 44bc701823e44ee885a6e2c147189a78] 199.19.213.37 "GET /v2.0/networks/07ec660c-711c-43e3-bf71-2e79dd604497?fields=segments HTTP/1.1" status: 200 len: 212 time: 0.0659375
2026-07-01 08:34:04.012 10 WARNING neutron.api.rpc.agentnotifiers.dhcp_rpc_agent_api [None req-3a9cfac3-0ab6-45b5-9562-7aa665493f07 74c740369e204640862c24e0a5d2e70f 3c36c8b27f9e4f738f1e7c98a743d4e6 - - - -] Unable to schedule network 56a3308c-4699-4522-b8d3-258890a36353: no agents available; will retry on subsequent port and subnet creation events.
2026-07-01 08:34:04.028 10 INFO neutron.db.ovn_revision_numbers_db [None req-3a9cfac3-0ab6-45b5-9562-7aa665493f07 74c740369e204640862c24e0a5d2e70f 3c36c8b27f9e4f738f1e7c98a743d4e6 - - - -] Successfully bumped revision number for resource 8d3a6221-f455-4159-b79b-f800c1043f15 (type: subnets) to 0
2026-07-01 08:34:04.054 10 INFO neutron.wsgi [None req-3a9cfac3-0ab6-45b5-9562-7aa665493f07 74c740369e204640862c24e0a5d2e70f 3c36c8b27f9e4f738f1e7c98a743d4e6 - - - -] 10.0.0.67 "POST /v2.0/subnets HTTP/1.1" status: 201 len: 802 time: 0.4360154
2026-07-01 08:34:04.074 10 INFO neutron.wsgi [req-7ae6eb3d-e4fb-4242-82ce-c90b4380ec66 req-908931d3-89f0-451f-bfe2-c6c6f019153f 2450d12b528d4a09a205edd6aaa5f914 aad9c472675a4ec2a430001197ce5dbe - - 44bc701823e44ee885a6e2c147189a78 44bc701823e44ee885a6e2c147189a78] 199.19.213.37 "GET /v2.0/networks/07ec660c-711c-43e3-bf71-2e79dd604497?fields=provider%3Aphysical_network&fields=provider%3Anetwork_type HTTP/1.1" status: 200 len: 277 time: 0.0541329
2026-07-01 08:34:04.158 10 INFO neutron.wsgi [req-ac95a6c2-2ed2-454a-861f-172eec7e9cec req-5e48e386-f224-4175-b7ac-968b7958ee41 2450d12b528d4a09a205edd6aaa5f914 aad9c472675a4ec2a430001197ce5dbe - - 44bc701823e44ee885a6e2c147189a78 44bc701823e44ee885a6e2c147189a78] 199.19.213.37 "GET /v2.0/ports?tenant_id=54283084950345c496970ffec07dc57b&device_id=41e6b10c-e072-498f-aa1f-44461e8f3130 HTTP/1.1" status: 200 len: 1359 time: 0.0403221
2026-07-01 08:34:04.224 10 INFO neutron.wsgi [req-ac95a6c2-2ed2-454a-861f-172eec7e9cec req-d328048d-440b-4c4d-a943-85a7e561339e 2450d12b528d4a09a205edd6aaa5f914 aad9c472675a4ec2a430001197ce5dbe - - 44bc701823e44ee885a6e2c147189a78 44bc701823e44ee885a6e2c147189a78] 199.19.213.37 "GET /v2.0/networks?id=07ec660c-711c-43e3-bf71-2e79dd604497 HTTP/1.1" status: 200 len: 981 time: 0.0589228
2026-07-01 08:34:04.277 10 INFO neutron.plugins.ml2.drivers.ovn.mech_driver.mech_driver [None req-c396930f-1898-4943-8561-c90a7c2471ce - - - - - -] OVN reports status up for port: db206d63-0bdb-4953-89d9-8b307cb9b8e5
2026-07-01 08:34:04.280 10 INFO neutron.wsgi [req-ac95a6c2-2ed2-454a-861f-172eec7e9cec req-d3624667-f352-4656-a815-63937c5b4ed1 2450d12b528d4a09a205edd6aaa5f914 aad9c472675a4ec2a430001197ce5dbe - - 44bc701823e44ee885a6e2c147189a78 44bc701823e44ee885a6e2c147189a78] 199.19.213.37 "GET /v2.0/floatingips?fixed_ip_address=10.100.0.4&port_id=db206d63-0bdb-4953-89d9-8b307cb9b8e5 HTTP/1.1" status: 200 len: 217 time: 0.0449560
2026-07-01 08:34:04.292 10 INFO neutron.plugins.ml2.plugin [None req-c396930f-1898-4943-8561-c90a7c2471ce - - - - - -] Attempt 1 to provision port db206d63-0bdb-4953-89d9-8b307cb9b8e5
2026-07-01 08:34:04.321 10 INFO neutron.wsgi [req-ac95a6c2-2ed2-454a-861f-172eec7e9cec req-99877a71-4fe9-42d6-a572-ef8c220a095a 2450d12b528d4a09a205edd6aaa5f914 aad9c472675a4ec2a430001197ce5dbe - - 44bc701823e44ee885a6e2c147189a78 44bc701823e44ee885a6e2c147189a78] 199.19.213.37 "GET /v2.0/subnets?id=361bf832-b46f-41cc-8b6b-2dd031362274 HTTP/1.1" status: 200 len: 876 time: 0.0344191
2026-07-01 08:34:04.354 10 INFO neutron.wsgi [req-ac95a6c2-2ed2-454a-861f-172eec7e9cec req-b7ba5b8c-b630-48c3-a8ce-c6eeae5af646 2450d12b528d4a09a205edd6aaa5f914 aad9c472675a4ec2a430001197ce5dbe - - 44bc701823e44ee885a6e2c147189a78 44bc701823e44ee885a6e2c147189a78] 199.19.213.37 "GET /v2.0/ports?network_id=07ec660c-711c-43e3-bf71-2e79dd604497&device_owner=network%3Adhcp HTTP/1.1" status: 200 len: 210 time: 0.0273726
2026-07-01 08:34:04.422 10 INFO neutron.wsgi [req-ac95a6c2-2ed2-454a-861f-172eec7e9cec req-77c491a1-fc54-4946-a641-a8b69a559a50 2450d12b528d4a09a205edd6aaa5f914 aad9c472675a4ec2a430001197ce5dbe - - 44bc701823e44ee885a6e2c147189a78 44bc701823e44ee885a6e2c147189a78] 199.19.213.37 "GET /v2.0/networks/07ec660c-711c-43e3-bf71-2e79dd604497?fields=segments HTTP/1.1" status: 200 len: 212 time: 0.0608442
2026-07-01 08:34:04.493 10 INFO neutron.wsgi [req-ac95a6c2-2ed2-454a-861f-172eec7e9cec req-7f7fb3e4-1269-44ff-8ef5-20364de52d11 2450d12b528d4a09a205edd6aaa5f914 aad9c472675a4ec2a430001197ce5dbe - - 44bc701823e44ee885a6e2c147189a78 44bc701823e44ee885a6e2c147189a78] 199.19.213.37 "GET /v2.0/networks/07ec660c-711c-43e3-bf71-2e79dd604497?fields=provider%3Aphysical_network&fields=provider%3Anetwork_type HTTP/1.1" status: 200 len: 277 time: 0.0662766
2026-07-01 08:34:04.572 10 INFO neutron.db.ovn_revision_numbers_db [None req-c396930f-1898-4943-8561-c90a7c2471ce - - - - - -] Successfully bumped revision number for resource db206d63-0bdb-4953-89d9-8b307cb9b8e5 (type: ports) to 4
2026-07-01 08:34:04.731 9 INFO neutron.wsgi [None req-30545c94-110d-4ea7-8b59-55f45d5eec1f 404ca1fc7dd641a7bde6c254474feaa2 a997a87d207447d890eb75b05220da00 - - - -] 10.0.0.67 "DELETE /v2.0/routers/0660992d-598b-4e2a-802d-de44b783d7ef HTTP/1.1" status: 204 len: 168 time: 1.0462739
2026-07-01 08:34:04.950 9 INFO neutron.wsgi [req-39d65492-ecf6-4017-978a-d0462a4bf3a3 req-3d72ff28-935b-4d5b-98f2-9df7bd912a31 9be925bb773f4ac8bed3b073a4518f81 54283084950345c496970ffec07dc57b - - default default] 10.0.0.106 "GET /v2.0/ports?device_id=41e6b10c-e072-498f-aa1f-44461e8f3130 HTTP/1.1" status: 200 len: 1170 time: 0.0618312
2026-07-01 08:34:04.952 9 WARNING neutron.scheduler.dhcp_agent_scheduler [None req-f0c63d02-aacc-41cf-9dc2-0df8bd31621b 74c740369e204640862c24e0a5d2e70f 3c36c8b27f9e4f738f1e7c98a743d4e6 - - - -] No more DHCP agents
2026-07-01 08:34:04.963 9 WARNING neutron.api.rpc.agentnotifiers.dhcp_rpc_agent_api [None req-f0c63d02-aacc-41cf-9dc2-0df8bd31621b 74c740369e204640862c24e0a5d2e70f 3c36c8b27f9e4f738f1e7c98a743d4e6 - - - -] Unable to schedule network 54f6dfd2-fd4a-4213-928d-0aa98afe02c7: no agents available; will retry on subsequent port and subnet creation events.
2026-07-01 08:34:05.017 9 INFO neutron.wsgi [req-39d65492-ecf6-4017-978a-d0462a4bf3a3 req-96e78f6b-5974-424a-8e4b-91a7b9483f97 9be925bb773f4ac8bed3b073a4518f81 54283084950345c496970ffec07dc57b - - default default] 10.0.0.106 "GET /v2.0/security-groups?id=13e26945-e2dd-49e3-94d5-f791af2f48fc&fields=id&fields=name HTTP/1.1" status: 200 len: 313 time: 0.0565298
2026-07-01 08:34:05.030 9 INFO neutron.wsgi [None req-12b82027-9b29-4caa-9af7-b656604fbf1e 404ca1fc7dd641a7bde6c254474feaa2 a997a87d207447d890eb75b05220da00 - - - -] 10.0.0.67 "DELETE /v2.0/subnets/f4f56166-dc03-4c80-9758-4808a16ad33c HTTP/1.1" status: 204 len: 168 time: 0.2945156 /var/lib/openstack/lib/python3.10/site-packages/pycadf/identifier.py:71: UserWarning: Invalid uuid: neutron. To ensure interoperability, identifiers should be a valid uuid. warnings.warn(('Invalid uuid: %s. To ensure interoperability, '
2026-07-01 08:34:05.132 9 INFO neutron.db.ovn_revision_numbers_db [None req-f0c63d02-aacc-41cf-9dc2-0df8bd31621b 74c740369e204640862c24e0a5d2e70f 3c36c8b27f9e4f738f1e7c98a743d4e6 - - - -] Successfully bumped revision number for resource 0ceb083c-3a6e-4e63-bcca-8b347d315950 (type: ports) to 1
2026-07-01 08:34:05.215 9 INFO neutron.wsgi [req-935fc559-3013-4d9d-9a38-b0e30bf2e3bf req-8b10379f-f6df-4c6c-9215-bcf18fa096ca 2e98464fc8074891b0e57005dfcab85a 28c9818954854cf48e2144eb37ffc75d - - default default] 10.0.0.106 "GET /v2.0/security-groups?name=tempest-securitygroup--1773034605&fields=id&tenant_id=28c9818954854cf48e2144eb37ffc75d HTTP/1.1" status: 200 len: 267 time: 0.0369227
2026-07-01 08:34:05.345 9 INFO neutron.wsgi [req-935fc559-3013-4d9d-9a38-b0e30bf2e3bf req-c5b6c66e-879e-45de-b707-3cfccff5633b 2e98464fc8074891b0e57005dfcab85a 28c9818954854cf48e2144eb37ffc75d - - default default] 10.0.0.106 "GET /v2.0/networks?id=18a42ed5-c6b1-41ba-85ab-2b944276d31f HTTP/1.1" status: 200 len: 879 time: 0.1087174
2026-07-01 08:34:05.372 9 INFO neutron.wsgi [req-935fc559-3013-4d9d-9a38-b0e30bf2e3bf req-c48f78cc-b2bf-47e8-bb16-fcd4dfafd106 2e98464fc8074891b0e57005dfcab85a 28c9818954854cf48e2144eb37ffc75d - - default default] 10.0.0.106 "GET /v2.0/quotas/28c9818954854cf48e2144eb37ffc75d HTTP/1.1" status: 200 len: 386 time: 0.0128536
2026-07-01 08:34:05.374 10 INFO neutron.services.segments.plugin [-] Segment 8ef67471-8770-4d3a-8765-4cbf4f096df5 resource provider aggregate not found
2026-07-01 08:34:05.388 10 INFO neutron.services.segments.plugin [-] Segment 8ef67471-8770-4d3a-8765-4cbf4f096df5 resource provider aggregate not found
2026-07-01 08:34:05.402 10 INFO neutron.services.segments.plugin [-] Segment 8ef67471-8770-4d3a-8765-4cbf4f096df5 resource provider not found; error: Placement Client Error (4xx): {"errors": [{"status": 404, "title": "Not Found", "detail": "The resource could not be found.\n\n No resource provider with uuid 8ef67471-8770-4d3a-8765-4cbf4f096df5 found for delete ", "request_id": "req-41627b91-211d-4a34-8d2c-cefbb43ed1d4"}]}
2026-07-01 08:34:05.408 10 INFO neutron.services.segments.plugin [-] Segment 8ef67471-8770-4d3a-8765-4cbf4f096df5 resource provider not found; error: Placement Client Error (4xx): {"errors": [{"status": 404, "title": "Not Found", "detail": "The resource could not be found.\n\n No resource provider with uuid 8ef67471-8770-4d3a-8765-4cbf4f096df5 found for delete ", "request_id": "req-03e78ded-434e-4b57-ab46-80a1d257c7e9"}]}
2026-07-01 08:34:05.420 10 INFO neutron.wsgi [None req-3243ea86-a9b2-43b6-a831-b5ec267c1ba8 404ca1fc7dd641a7bde6c254474feaa2 a997a87d207447d890eb75b05220da00 - - - -] 10.0.0.67 "DELETE /v2.0/networks/2c4e04dd-77dc-4272-ae73-ac612a3158aa HTTP/1.1" status: 204 len: 168 time: 0.3841257
2026-07-01 08:34:05.619 10 INFO neutron.wsgi [None req-ff30d5ab-0ae0-4f7f-938b-697a1a7475dd 404ca1fc7dd641a7bde6c254474feaa2 a997a87d207447d890eb75b05220da00 - - default default] 10.0.0.67 "GET /v2.0/security-groups?tenant_id=ebc70f7ab66849a39e0b371248a72e47&name=default HTTP/1.1" status: 200 len: 2992 time: 0.0376048
2026-07-01 08:34:05.684 9 INFO neutron.wsgi [req-935fc559-3013-4d9d-9a38-b0e30bf2e3bf req-feaf5696-704d-40b4-9cf6-19028681796f 2e98464fc8074891b0e57005dfcab85a 28c9818954854cf48e2144eb37ffc75d - - default default] 10.0.0.106 "GET /v2.0/ports?tenant_id=28c9818954854cf48e2144eb37ffc75d&fields=id HTTP/1.1" status: 200 len: 302 time: 0.2987084
2026-07-01 08:34:05.797 10 INFO neutron.notifiers.nova [-] Nova event matching ['req-43df2957-754a-44ad-9417-f2cbb353ad95'] response: {'server_uuid': '41e6b10c-e072-498f-aa1f-44461e8f3130', 'name': 'network-vif-plugged', 'status': 'completed', 'tag': 'db206d63-0bdb-4953-89d9-8b307cb9b8e5', 'code': 200}
2026-07-01 08:34:05.798 10 INFO neutron.notifiers.nova [-] Nova event matching ['req-43df2957-754a-44ad-9417-f2cbb353ad95'] response: {'server_uuid': '41e6b10c-e072-498f-aa1f-44461e8f3130', 'name': 'network-vif-plugged', 'status': 'completed', 'tag': 'db206d63-0bdb-4953-89d9-8b307cb9b8e5', 'code': 200}
2026-07-01 08:34:05.840 10 INFO neutron.wsgi [None req-6b3f8cde-95bc-4a9c-98cc-6b51b7bddc75 404ca1fc7dd641a7bde6c254474feaa2 a997a87d207447d890eb75b05220da00 - - - -] 10.0.0.67 "DELETE /v2.0/security-groups/b76720cd-ee64-4b78-b45a-401da8939d9f HTTP/1.1" status: 204 len: 168 time: 0.2156479
2026-07-01 08:34:06.055 9 INFO neutron.db.ovn_revision_numbers_db [None req-f0c63d02-aacc-41cf-9dc2-0df8bd31621b 74c740369e204640862c24e0a5d2e70f 3c36c8b27f9e4f738f1e7c98a743d4e6 - - - -] Successfully bumped revision number for resource 0ceb083c-3a6e-4e63-bcca-8b347d315950 (type: router_ports) to 1
2026-07-01 08:34:06.124 9 INFO neutron.db.ovn_revision_numbers_db [None req-f0c63d02-aacc-41cf-9dc2-0df8bd31621b 74c740369e204640862c24e0a5d2e70f 3c36c8b27f9e4f738f1e7c98a743d4e6 - - - -] Successfully bumped revision number for resource 658b4a82-145a-42c4-8ae9-b20c8b1d69d2 (type: routers) to 3
2026-07-01 08:34:06.144 9 INFO neutron.wsgi [None req-f0c63d02-aacc-41cf-9dc2-0df8bd31621b 74c740369e204640862c24e0a5d2e70f 3c36c8b27f9e4f738f1e7c98a743d4e6 - - - -] 10.0.0.67 "POST /v2.0/routers HTTP/1.1" status: 201 len: 875 time: 2.0832360
2026-07-01 08:34:06.153 9 INFO neutron.wsgi [req-fde90ff8-ffdb-45f4-9971-f646d6c4b306 req-83c7a75a-58b0-44e0-b30e-58c4453df733 9be925bb773f4ac8bed3b073a4518f81 54283084950345c496970ffec07dc57b - - default default] 10.0.0.106 "GET /v2.0/ports?device_id=41e6b10c-e072-498f-aa1f-44461e8f3130 HTTP/1.1" status: 200 len: 1170 time: 0.0376680
2026-07-01 08:34:06.205 9 INFO neutron.wsgi [req-935fc559-3013-4d9d-9a38-b0e30bf2e3bf req-de67ace0-2d34-4e71-aff3-0d6d98e1fd94 2450d12b528d4a09a205edd6aaa5f914 aad9c472675a4ec2a430001197ce5dbe - - 44bc701823e44ee885a6e2c147189a78 44bc701823e44ee885a6e2c147189a78] 10.0.0.106 "GET /v2.0/extensions HTTP/1.1" status: 200 len: 16525 time: 0.1105833
2026-07-01 08:34:06.225 9 INFO neutron.wsgi [req-fde90ff8-ffdb-45f4-9971-f646d6c4b306 req-2da3e261-a884-4e0c-9219-c391c176c609 9be925bb773f4ac8bed3b073a4518f81 54283084950345c496970ffec07dc57b - - default default] 10.0.0.106 "GET /v2.0/security-groups?id=13e26945-e2dd-49e3-94d5-f791af2f48fc&fields=id&fields=name HTTP/1.1" status: 200 len: 313 time: 0.0653727
2026-07-01 08:34:06.282 9 INFO neutron.wsgi [req-935fc559-3013-4d9d-9a38-b0e30bf2e3bf req-f9f9e205-f399-4065-8742-9043bc8f5510 2450d12b528d4a09a205edd6aaa5f914 aad9c472675a4ec2a430001197ce5dbe - - 44bc701823e44ee885a6e2c147189a78 44bc701823e44ee885a6e2c147189a78] 10.0.0.106 "GET /v2.0/networks/18a42ed5-c6b1-41ba-85ab-2b944276d31f?fields=segments HTTP/1.1" status: 200 len: 212 time: 0.0662861
2026-07-01 08:34:06.386 9 INFO neutron.wsgi [req-935fc559-3013-4d9d-9a38-b0e30bf2e3bf req-b5636a7d-8724-43d9-8a4f-10ca73588dbb 2450d12b528d4a09a205edd6aaa5f914 aad9c472675a4ec2a430001197ce5dbe - - 44bc701823e44ee885a6e2c147189a78 44bc701823e44ee885a6e2c147189a78] 10.0.0.106 "GET /v2.0/networks/18a42ed5-c6b1-41ba-85ab-2b944276d31f?fields=provider%3Aphysical_network&fields=provider%3Anetwork_type HTTP/1.1" status: 200 len: 277 time: 0.0902987
2026-07-01 08:34:06.453 9 INFO neutron.wsgi [req-7b7c139f-faef-4b70-8110-118721037f1f req-a270963d-1f76-404a-bd46-4c5b8c31b4ab 9be925bb773f4ac8bed3b073a4518f81 54283084950345c496970ffec07dc57b - - default default] 10.0.0.106 "GET /v2.0/ports?device_id=41e6b10c-e072-498f-aa1f-44461e8f3130 HTTP/1.1" status: 200 len: 1170 time: 0.1298149
2026-07-01 08:34:06.684 9 INFO neutron.wsgi [req-d5bddb73-7fad-4c33-93b3-f1062250f352 req-c69b9769-8472-4581-b451-4dbb934fa0a6 2e98464fc8074891b0e57005dfcab85a 28c9818954854cf48e2144eb37ffc75d - - default default] 10.0.0.106 "GET /v2.0/ports?device_id=28eb6b76-8540-4fea-83dd-6bca182440c1 HTTP/1.1" status: 200 len: 210 time: 0.0254669
2026-07-01 08:34:06.840 9 WARNING neutron.scheduler.dhcp_agent_scheduler [None req-f30eb728-1760-4155-8d98-d60fd2c33f56 74c740369e204640862c24e0a5d2e70f 3c36c8b27f9e4f738f1e7c98a743d4e6 - - default default] No more DHCP agents
2026-07-01 08:34:06.843 9 WARNING neutron.api.rpc.agentnotifiers.dhcp_rpc_agent_api [None req-f30eb728-1760-4155-8d98-d60fd2c33f56 74c740369e204640862c24e0a5d2e70f 3c36c8b27f9e4f738f1e7c98a743d4e6 - - default default] Unable to schedule network 56a3308c-4699-4522-b8d3-258890a36353: no agents available; will retry on subsequent port and subnet creation events.
2026-07-01 08:34:06.912 10 INFO neutron.db.l3_db [None req-830d270f-b1be-4ec5-87c5-f5dc74ac5b2d 9be925bb773f4ac8bed3b073a4518f81 54283084950345c496970ffec07dc57b - - - -] Floating IP 57483f54-b9b9-499d-9fa8-d17075398b9c associated. External IP: 10.96.250.220, port: db206d63-0bdb-4953-89d9-8b307cb9b8e5.
2026-07-01 08:34:07.016 9 INFO neutron.db.ovn_revision_numbers_db [None req-f30eb728-1760-4155-8d98-d60fd2c33f56 74c740369e204640862c24e0a5d2e70f 3c36c8b27f9e4f738f1e7c98a743d4e6 - - default default] Successfully bumped revision number for resource 58e5f8d5-fd63-45d1-8bfd-aee5b8d3b744 (type: ports) to 1
2026-07-01 08:34:07.096 10 INFO neutron.db.ovn_revision_numbers_db [None req-830d270f-b1be-4ec5-87c5-f5dc74ac5b2d 9be925bb773f4ac8bed3b073a4518f81 54283084950345c496970ffec07dc57b - - - -] Successfully bumped revision number for resource 57483f54-b9b9-499d-9fa8-d17075398b9c (type: floatingips) to 1
2026-07-01 08:34:07.192 10 INFO neutron.db.ovn_revision_numbers_db [None req-830d270f-b1be-4ec5-87c5-f5dc74ac5b2d 9be925bb773f4ac8bed3b073a4518f81 54283084950345c496970ffec07dc57b - - - -] Successfully bumped revision number for resource 57483f54-b9b9-499d-9fa8-d17075398b9c (type: floatingips) to 2
2026-07-01 08:34:07.224 10 INFO neutron.wsgi [None req-830d270f-b1be-4ec5-87c5-f5dc74ac5b2d 9be925bb773f4ac8bed3b073a4518f81 54283084950345c496970ffec07dc57b - - - -] 10.0.0.67 "PUT /v2.0/floatingips/57483f54-b9b9-499d-9fa8-d17075398b9c HTTP/1.1" status: 200 len: 1049 time: 0.7577808 /var/lib/openstack/lib/python3.10/site-packages/pycadf/identifier.py:71: UserWarning: Invalid uuid: neutron. To ensure interoperability, identifiers should be a valid uuid. warnings.warn(('Invalid uuid: %s. To ensure interoperability, '
2026-07-01 08:34:07.429 10 INFO neutron.wsgi [req-935fc559-3013-4d9d-9a38-b0e30bf2e3bf req-ee7cdfd4-9f0b-4684-8e4e-79147819dc9a 2e98464fc8074891b0e57005dfcab85a 28c9818954854cf48e2144eb37ffc75d - - default default] 199.19.213.37 "GET /v2.0/networks?id=18a42ed5-c6b1-41ba-85ab-2b944276d31f HTTP/1.1" status: 200 len: 879 time: 0.0658610
2026-07-01 08:34:07.466 10 INFO neutron.wsgi [req-935fc559-3013-4d9d-9a38-b0e30bf2e3bf req-352dfa62-360b-47a0-bd32-cc8cd034193a 2e98464fc8074891b0e57005dfcab85a 28c9818954854cf48e2144eb37ffc75d - - default default] 199.19.213.37 "GET /v2.0/security-groups?fields=id&fields=name&tenant_id=28c9818954854cf48e2144eb37ffc75d HTTP/1.1" status: 200 len: 380 time: 0.0328085
2026-07-01 08:34:07.521 9 INFO neutron.wsgi [req-025e37df-988f-41e0-bbd6-734e22364636 req-5e742939-0319-42ac-acc7-afe78f07c48f 9be925bb773f4ac8bed3b073a4518f81 54283084950345c496970ffec07dc57b - - default default] 10.0.0.106 "GET /v2.0/ports?device_id=41e6b10c-e072-498f-aa1f-44461e8f3130 HTTP/1.1" status: 200 len: 1170 time: 0.2477915
2026-07-01 08:34:07.589 9 INFO neutron.wsgi [req-025e37df-988f-41e0-bbd6-734e22364636 req-0d502c27-8ae1-4b35-bd42-3a15e783378d 9be925bb773f4ac8bed3b073a4518f81 54283084950345c496970ffec07dc57b - - default default] 10.0.0.106 "GET /v2.0/security-groups?id=13e26945-e2dd-49e3-94d5-f791af2f48fc&fields=id&fields=name HTTP/1.1" status: 200 len: 313 time: 0.0519571
2026-07-01 08:34:07.742 9 WARNING neutron.plugins.ml2.drivers.ovn.mech_driver.ovsdb.ovn_client [None req-90b0be18-ef05-41b8-ac24-6ad0f59b6587 - - - - - -] No hosting information found for port a38595b3-87c6-423e-b20e-4ac38be70729: RuntimeError: No hosting information found for port a38595b3-87c6-423e-b20e-4ac38be70729
2026-07-01 08:34:07.765 9 INFO neutron.plugins.ml2.drivers.ovn.mech_driver.mech_driver [None req-90b0be18-ef05-41b8-ac24-6ad0f59b6587 - - - - - -] OVN reports status down for port: 07a3a711-1b41-431c-88d2-d5ac9a784679 /var/lib/openstack/lib/python3.10/site-packages/pycadf/identifier.py:71: UserWarning: Invalid uuid: neutron. To ensure interoperability, identifiers should be a valid uuid. warnings.warn(('Invalid uuid: %s. To ensure interoperability, '
2026-07-01 08:34:07.790 10 WARNING neutron.scheduler.dhcp_agent_scheduler [None req-0b3ac9c8-e0b5-4f33-aea7-35c1c49d9c9d 2e98464fc8074891b0e57005dfcab85a 28c9818954854cf48e2144eb37ffc75d - - - -] No more DHCP agents
2026-07-01 08:34:07.795 10 WARNING neutron.api.rpc.agentnotifiers.dhcp_rpc_agent_api [None req-0b3ac9c8-e0b5-4f33-aea7-35c1c49d9c9d 2e98464fc8074891b0e57005dfcab85a 28c9818954854cf48e2144eb37ffc75d - - - -] Unable to schedule network 18a42ed5-c6b1-41ba-85ab-2b944276d31f: no agents available; will retry on subsequent port and subnet creation events. /var/lib/openstack/lib/python3.10/site-packages/pycadf/identifier.py:71: UserWarning: Invalid uuid: neutron. To ensure interoperability, identifiers should be a valid uuid. warnings.warn(('Invalid uuid: %s. To ensure interoperability, '
2026-07-01 08:34:07.828 9 INFO neutron.plugins.ml2.drivers.ovn.mech_driver.mech_driver [None req-90b0be18-ef05-41b8-ac24-6ad0f59b6587 - - - - - -] OVN reports status up for port: 0ceb083c-3a6e-4e63-bcca-8b347d315950
2026-07-01 08:34:07.843 9 INFO neutron.plugins.ml2.plugin [None req-90b0be18-ef05-41b8-ac24-6ad0f59b6587 - - - - - -] Attempt 1 to provision port 0ceb083c-3a6e-4e63-bcca-8b347d315950
2026-07-01 08:34:07.850 10 INFO neutron.notifiers.nova [-] Nova event matching ['req-ef0a88fd-7aca-4e23-bee9-3575acf07832'] response: {'name': 'network-changed', 'server_uuid': '41e6b10c-e072-498f-aa1f-44461e8f3130', 'tag': 'db206d63-0bdb-4953-89d9-8b307cb9b8e5', 'status': 'completed', 'code': 200}
2026-07-01 08:34:07.858 9 INFO neutron.wsgi [req-9f640677-dd71-4f5c-bf64-28b7905956b5 req-80f2166f-580d-471a-ac00-a97ba3448422 2e98464fc8074891b0e57005dfcab85a 28c9818954854cf48e2144eb37ffc75d - - default default] 10.0.0.106 "GET /v2.0/ports?device_id=28eb6b76-8540-4fea-83dd-6bca182440c1 HTTP/1.1" status: 200 len: 1160 time: 0.0893221
2026-07-01 08:34:07.862 9 INFO neutron.db.ovn_revision_numbers_db [None req-f30eb728-1760-4155-8d98-d60fd2c33f56 74c740369e204640862c24e0a5d2e70f 3c36c8b27f9e4f738f1e7c98a743d4e6 - - default default] Successfully bumped revision number for resource 58e5f8d5-fd63-45d1-8bfd-aee5b8d3b744 (type: router_ports) to 2 /var/lib/openstack/lib/python3.10/site-packages/pycadf/identifier.py:71: UserWarning: Invalid uuid: neutron. To ensure interoperability, identifiers should be a valid uuid. warnings.warn(('Invalid uuid: %s. To ensure interoperability, '
2026-07-01 08:34:07.935 9 INFO neutron.wsgi [req-71871770-1497-49a1-8951-044f30a19f62 req-2a4cf883-9555-419f-9efb-c1fb809236fb 2450d12b528d4a09a205edd6aaa5f914 aad9c472675a4ec2a430001197ce5dbe - - 44bc701823e44ee885a6e2c147189a78 44bc701823e44ee885a6e2c147189a78] 199.19.213.37 "GET /v2.0/ports?tenant_id=54283084950345c496970ffec07dc57b&device_id=41e6b10c-e072-498f-aa1f-44461e8f3130 HTTP/1.1" status: 200 len: 1361 time: 0.0563669
2026-07-01 08:34:07.942 9 INFO neutron.wsgi [req-9f640677-dd71-4f5c-bf64-28b7905956b5 req-f771eb9f-1e41-41c8-859f-21cfc6115f65 2e98464fc8074891b0e57005dfcab85a 28c9818954854cf48e2144eb37ffc75d - - default default] 10.0.0.106 "GET /v2.0/security-groups?id=43eafda9-85f7-4418-97d9-5118a7e17a82&fields=id&fields=name HTTP/1.1" status: 200 len: 313 time: 0.0775859
2026-07-01 08:34:07.988 10 INFO neutron.db.ovn_revision_numbers_db [None req-0b3ac9c8-e0b5-4f33-aea7-35c1c49d9c9d 2e98464fc8074891b0e57005dfcab85a 28c9818954854cf48e2144eb37ffc75d - - - -] Successfully bumped revision number for resource 98d64502-a0ed-4284-ac1e-0a53d07fba28 (type: ports) to 1
2026-07-01 08:34:08.003 10 INFO neutron.db.ovn_revision_numbers_db [None req-8114dcb4-5844-4365-82fd-aac64bc701b4 404ca1fc7dd641a7bde6c254474feaa2 a997a87d207447d890eb75b05220da00 - - - -] Successfully bumped revision number for resource 4264faa3-dd69-4c75-8e10-c6ade479009e (type: security_groups) to 1
2026-07-01 08:34:08.019 10 INFO neutron.wsgi [None req-0b3ac9c8-e0b5-4f33-aea7-35c1c49d9c9d 2e98464fc8074891b0e57005dfcab85a 28c9818954854cf48e2144eb37ffc75d - - - -] 199.19.213.37 "POST /v2.0/ports HTTP/1.1" status: 201 len: 1162 time: 0.5374925
2026-07-01 08:34:08.050 9 INFO neutron.wsgi [req-71871770-1497-49a1-8951-044f30a19f62 req-3ae6ed0d-70a7-4cf1-b9fc-d1a66ddcc3fb 2450d12b528d4a09a205edd6aaa5f914 aad9c472675a4ec2a430001197ce5dbe - - 44bc701823e44ee885a6e2c147189a78 44bc701823e44ee885a6e2c147189a78] 199.19.213.37 "GET /v2.0/networks?id=07ec660c-711c-43e3-bf71-2e79dd604497 HTTP/1.1" status: 200 len: 981 time: 0.1071458
2026-07-01 08:34:08.054 10 INFO neutron.db.segments_db [None req-8114dcb4-5844-4365-82fd-aac64bc701b4 404ca1fc7dd641a7bde6c254474feaa2 a997a87d207447d890eb75b05220da00 - - - -] Added segment 474c1559-c0b4-4f4f-8c6a-a53fd2b7c0a4 of type geneve for network 103a5ad2-d338-4aa4-b581-9b911999ecb3
2026-07-01 08:34:08.081 9 INFO neutron.db.ovn_revision_numbers_db [None req-f30eb728-1760-4155-8d98-d60fd2c33f56 74c740369e204640862c24e0a5d2e70f 3c36c8b27f9e4f738f1e7c98a743d4e6 - - default default] Successfully bumped revision number for resource 58e5f8d5-fd63-45d1-8bfd-aee5b8d3b744 (type: ports) to 2
2026-07-01 08:34:08.095 9 INFO neutron.wsgi [req-71871770-1497-49a1-8951-044f30a19f62 req-c7c43920-19c1-45ed-a838-9b938d74234f 2450d12b528d4a09a205edd6aaa5f914 aad9c472675a4ec2a430001197ce5dbe - - 44bc701823e44ee885a6e2c147189a78 44bc701823e44ee885a6e2c147189a78] 199.19.213.37 "GET /v2.0/floatingips?fixed_ip_address=10.100.0.4&port_id=db206d63-0bdb-4953-89d9-8b307cb9b8e5 HTTP/1.1" status: 200 len: 1059 time: 0.0395811
2026-07-01 08:34:08.145 9 INFO neutron.wsgi [req-71871770-1497-49a1-8951-044f30a19f62 req-e88564d8-f5f5-4701-a8c6-131b91175dab 2450d12b528d4a09a205edd6aaa5f914 aad9c472675a4ec2a430001197ce5dbe - - 44bc701823e44ee885a6e2c147189a78 44bc701823e44ee885a6e2c147189a78] 199.19.213.37 "GET /v2.0/subnets?id=361bf832-b46f-41cc-8b6b-2dd031362274 HTTP/1.1" status: 200 len: 876 time: 0.0417244
2026-07-01 08:34:08.173 9 INFO neutron.wsgi [req-71871770-1497-49a1-8951-044f30a19f62 req-cd3e0e14-7436-4966-af7a-4ef049f54f01 2450d12b528d4a09a205edd6aaa5f914 aad9c472675a4ec2a430001197ce5dbe - - 44bc701823e44ee885a6e2c147189a78 44bc701823e44ee885a6e2c147189a78] 199.19.213.37 "GET /v2.0/ports?network_id=07ec660c-711c-43e3-bf71-2e79dd604497&device_owner=network%3Adhcp HTTP/1.1" status: 200 len: 210 time: 0.0230482
2026-07-01 08:34:08.175 9 WARNING neutron.scheduler.dhcp_agent_scheduler [None req-f30eb728-1760-4155-8d98-d60fd2c33f56 74c740369e204640862c24e0a5d2e70f 3c36c8b27f9e4f738f1e7c98a743d4e6 - - default default] No more DHCP agents
2026-07-01 08:34:08.176 9 WARNING neutron.api.rpc.agentnotifiers.dhcp_rpc_agent_api [None req-f30eb728-1760-4155-8d98-d60fd2c33f56 74c740369e204640862c24e0a5d2e70f 3c36c8b27f9e4f738f1e7c98a743d4e6 - - default default] Unable to schedule network 56a3308c-4699-4522-b8d3-258890a36353: no agents available; will retry on subsequent port and subnet creation events.
2026-07-01 08:34:08.214 10 INFO neutron.db.ovn_revision_numbers_db [None req-8114dcb4-5844-4365-82fd-aac64bc701b4 404ca1fc7dd641a7bde6c254474feaa2 a997a87d207447d890eb75b05220da00 - - - -] Successfully bumped revision number for resource 103a5ad2-d338-4aa4-b581-9b911999ecb3 (type: networks) to 1
2026-07-01 08:34:08.265 9 INFO neutron.wsgi [req-71871770-1497-49a1-8951-044f30a19f62 req-475efc34-e059-4d8c-8321-f730d39c0556 2450d12b528d4a09a205edd6aaa5f914 aad9c472675a4ec2a430001197ce5dbe - - 44bc701823e44ee885a6e2c147189a78 44bc701823e44ee885a6e2c147189a78] 199.19.213.37 "GET /v2.0/networks/07ec660c-711c-43e3-bf71-2e79dd604497?fields=segments HTTP/1.1" status: 200 len: 212 time: 0.0832160
2026-07-01 08:34:08.340 9 INFO neutron.wsgi [req-71871770-1497-49a1-8951-044f30a19f62 req-1d5849a2-8152-46dd-959f-63316b8b6e94 2450d12b528d4a09a205edd6aaa5f914 aad9c472675a4ec2a430001197ce5dbe - - 44bc701823e44ee885a6e2c147189a78 44bc701823e44ee885a6e2c147189a78] 199.19.213.37 "GET /v2.0/networks/07ec660c-711c-43e3-bf71-2e79dd604497?fields=provider%3Aphysical_network&fields=provider%3Anetwork_type HTTP/1.1" status: 200 len: 277 time: 0.0671492
2026-07-01 08:34:08.411 10 WARNING neutron.scheduler.dhcp_agent_scheduler [None req-8114dcb4-5844-4365-82fd-aac64bc701b4 404ca1fc7dd641a7bde6c254474feaa2 a997a87d207447d890eb75b05220da00 - - - -] No more DHCP agents
2026-07-01 08:34:08.415 10 WARNING neutron.api.rpc.agentnotifiers.dhcp_rpc_agent_api [None req-8114dcb4-5844-4365-82fd-aac64bc701b4 404ca1fc7dd641a7bde6c254474feaa2 a997a87d207447d890eb75b05220da00 - - - -] Unable to schedule network 103a5ad2-d338-4aa4-b581-9b911999ecb3: no agents available; will retry on subsequent port and subnet creation events.
2026-07-01 08:34:08.489 9 INFO neutron.db.ovn_revision_numbers_db [None req-f30eb728-1760-4155-8d98-d60fd2c33f56 74c740369e204640862c24e0a5d2e70f 3c36c8b27f9e4f738f1e7c98a743d4e6 - - - -] Successfully bumped revision number for resource 58e5f8d5-fd63-45d1-8bfd-aee5b8d3b744 (type: router_ports) to 2
2026-07-01 08:34:08.491 9 INFO neutron.wsgi [None req-f30eb728-1760-4155-8d98-d60fd2c33f56 74c740369e204640862c24e0a5d2e70f 3c36c8b27f9e4f738f1e7c98a743d4e6 - - - -] 10.0.0.67 "PUT /v2.0/routers/658b4a82-145a-42c4-8ae9-b20c8b1d69d2/add_router_interface HTTP/1.1" status: 200 len: 503 time: 2.3372476
2026-07-01 08:34:08.500 10 INFO neutron.db.ovn_revision_numbers_db [None req-8114dcb4-5844-4365-82fd-aac64bc701b4 404ca1fc7dd641a7bde6c254474feaa2 a997a87d207447d890eb75b05220da00 - - - -] Successfully bumped revision number for resource dfb06828-74ae-4bce-a2df-402a96e0f888 (type: ports) to 1
2026-07-01 08:34:08.510 10 INFO neutron.db.ovn_revision_numbers_db [None req-a213962c-2dcd-4bd5-9c1a-1edeeec55986 2450d12b528d4a09a205edd6aaa5f914 aad9c472675a4ec2a430001197ce5dbe - - - -] Successfully bumped revision number for resource 98d64502-a0ed-4284-ac1e-0a53d07fba28 (type: ports) to 2
2026-07-01 08:34:08.519 10 INFO neutron.wsgi [None req-8114dcb4-5844-4365-82fd-aac64bc701b4 404ca1fc7dd641a7bde6c254474feaa2 a997a87d207447d890eb75b05220da00 - - - -] 10.0.0.67 "POST /v2.0/networks HTTP/1.1" status: 201 len: 945 time: 0.9231699 /var/lib/openstack/lib/python3.10/site-packages/pycadf/identifier.py:71: UserWarning: Invalid uuid: neutron. To ensure interoperability, identifiers should be a valid uuid. warnings.warn(('Invalid uuid: %s. To ensure interoperability, '
2026-07-01 08:34:08.725 10 WARNING neutron.scheduler.dhcp_agent_scheduler [None req-185f5f19-764e-4177-9918-ba5cb61802b2 404ca1fc7dd641a7bde6c254474feaa2 a997a87d207447d890eb75b05220da00 - - - -] No more DHCP agents
2026-07-01 08:34:08.728 10 WARNING neutron.api.rpc.agentnotifiers.dhcp_rpc_agent_api [None req-185f5f19-764e-4177-9918-ba5cb61802b2 404ca1fc7dd641a7bde6c254474feaa2 a997a87d207447d890eb75b05220da00 - - - -] Unable to schedule network 103a5ad2-d338-4aa4-b581-9b911999ecb3: no agents available; will retry on subsequent port and subnet creation events.
2026-07-01 08:34:08.751 10 INFO neutron.db.ovn_revision_numbers_db [None req-a213962c-2dcd-4bd5-9c1a-1edeeec55986 2450d12b528d4a09a205edd6aaa5f914 aad9c472675a4ec2a430001197ce5dbe - - - -] Successfully bumped revision number for resource 98d64502-a0ed-4284-ac1e-0a53d07fba28 (type: ports) to 2
2026-07-01 08:34:08.789 10 INFO neutron.wsgi [None req-a213962c-2dcd-4bd5-9c1a-1edeeec55986 2450d12b528d4a09a205edd6aaa5f914 aad9c472675a4ec2a430001197ce5dbe - - - -] 199.19.213.37 "PUT /v2.0/ports/98d64502-a0ed-4284-ac1e-0a53d07fba28 HTTP/1.1" status: 200 len: 1332 time: 0.7632606
2026-07-01 08:34:08.819 9 WARNING neutron.scheduler.dhcp_agent_scheduler [None req-10acaae2-9927-4cf9-a30d-6d0038ccc51e 74c740369e204640862c24e0a5d2e70f 3c36c8b27f9e4f738f1e7c98a743d4e6 - - - -] No more DHCP agents
2026-07-01 08:34:08.822 9 WARNING neutron.api.rpc.agentnotifiers.dhcp_rpc_agent_api [None req-10acaae2-9927-4cf9-a30d-6d0038ccc51e 74c740369e204640862c24e0a5d2e70f 3c36c8b27f9e4f738f1e7c98a743d4e6 - - - -] Unable to schedule network 56a3308c-4699-4522-b8d3-258890a36353: no agents available; will retry on subsequent port and subnet creation events. /var/lib/openstack/lib/python3.10/site-packages/pycadf/identifier.py:71: UserWarning: Invalid uuid: neutron. To ensure interoperability, identifiers should be a valid uuid. warnings.warn(('Invalid uuid: %s. To ensure interoperability, '
2026-07-01 08:34:08.895 10 INFO neutron.wsgi [req-935fc559-3013-4d9d-9a38-b0e30bf2e3bf req-a247e18b-24b2-4a6f-832e-5b937245af63 2450d12b528d4a09a205edd6aaa5f914 aad9c472675a4ec2a430001197ce5dbe - - 44bc701823e44ee885a6e2c147189a78 44bc701823e44ee885a6e2c147189a78] 199.19.213.37 "GET /v2.0/ports?tenant_id=28c9818954854cf48e2144eb37ffc75d&device_id=28eb6b76-8540-4fea-83dd-6bca182440c1 HTTP/1.1" status: 200 len: 1363 time: 0.0504379
2026-07-01 08:34:08.935 10 INFO neutron.wsgi [req-935fc559-3013-4d9d-9a38-b0e30bf2e3bf req-c9ff447a-ef0c-4f8b-96b4-eedaae1a07a1 2450d12b528d4a09a205edd6aaa5f914 aad9c472675a4ec2a430001197ce5dbe - - 44bc701823e44ee885a6e2c147189a78 44bc701823e44ee885a6e2c147189a78] 199.19.213.37 "GET /v2.0/floatingips?fixed_ip_address=10.100.0.12&port_id=98d64502-a0ed-4284-ac1e-0a53d07fba28 HTTP/1.1" status: 200 len: 217 time: 0.0272224
2026-07-01 08:34:08.988 9 INFO neutron.db.ovn_revision_numbers_db [None req-10acaae2-9927-4cf9-a30d-6d0038ccc51e 74c740369e204640862c24e0a5d2e70f 3c36c8b27f9e4f738f1e7c98a743d4e6 - - - -] Successfully bumped revision number for resource 55fb8f2d-67cf-4506-92bf-5bd2cb22f3ac (type: ports) to 1
2026-07-01 08:34:08.993 10 INFO neutron.wsgi [req-935fc559-3013-4d9d-9a38-b0e30bf2e3bf req-c71daf37-2460-4441-bdd3-c3bf9c87bcc2 2450d12b528d4a09a205edd6aaa5f914 aad9c472675a4ec2a430001197ce5dbe - - 44bc701823e44ee885a6e2c147189a78 44bc701823e44ee885a6e2c147189a78] 199.19.213.37 "GET /v2.0/subnets?id=c4a5f516-0e9a-4580-b66c-fab1ec432f80 HTTP/1.1" status: 200 len: 873 time: 0.0499873 /var/lib/openstack/lib/python3.10/site-packages/pycadf/identifier.py:71: UserWarning: Invalid uuid: neutron. To ensure interoperability, identifiers should be a valid uuid. warnings.warn(('Invalid uuid: %s. To ensure interoperability, '
2026-07-01 08:34:09.021 9 INFO neutron.wsgi [None req-10acaae2-9927-4cf9-a30d-6d0038ccc51e 74c740369e204640862c24e0a5d2e70f 3c36c8b27f9e4f738f1e7c98a743d4e6 - - - -] 10.0.0.67 "POST /v2.0/ports HTTP/1.1" status: 201 len: 1154 time: 0.5251648
2026-07-01 08:34:09.039 10 INFO neutron.wsgi [req-935fc559-3013-4d9d-9a38-b0e30bf2e3bf req-eb4f4213-8437-4022-81bb-87800a3ba531 2450d12b528d4a09a205edd6aaa5f914 aad9c472675a4ec2a430001197ce5dbe - - 44bc701823e44ee885a6e2c147189a78 44bc701823e44ee885a6e2c147189a78] 199.19.213.37 "GET /v2.0/ports?network_id=18a42ed5-c6b1-41ba-85ab-2b944276d31f&device_owner=network%3Adhcp HTTP/1.1" status: 200 len: 210 time: 0.0305033
2026-07-01 08:34:09.057 9 INFO neutron.wsgi [req-f5acab74-c141-4dfd-a144-c45b3cc347e7 req-ac453d35-680e-476f-9a7c-10bd08c5947e 2e98464fc8074891b0e57005dfcab85a 28c9818954854cf48e2144eb37ffc75d - - default default] 10.0.0.106 "GET /v2.0/ports?device_id=28eb6b76-8540-4fea-83dd-6bca182440c1 HTTP/1.1" status: 200 len: 1172 time: 0.0497329
2026-07-01 08:34:09.101 9 INFO neutron.wsgi [req-f5acab74-c141-4dfd-a144-c45b3cc347e7 req-cee64536-ee15-4f3c-86ab-166a69538f04 2e98464fc8074891b0e57005dfcab85a 28c9818954854cf48e2144eb37ffc75d - - default default] 10.0.0.106 "GET /v2.0/security-groups?id=43eafda9-85f7-4418-97d9-5118a7e17a82&fields=id&fields=name HTTP/1.1" status: 200 len: 313 time: 0.0349293
2026-07-01 08:34:09.345 10 INFO neutron.wsgi [req-935fc559-3013-4d9d-9a38-b0e30bf2e3bf req-3eb71b43-d1ff-474f-b3f6-143c6fd50eb7 2450d12b528d4a09a205edd6aaa5f914 aad9c472675a4ec2a430001197ce5dbe - - 44bc701823e44ee885a6e2c147189a78 44bc701823e44ee885a6e2c147189a78] 199.19.213.37 "GET /v2.0/networks/18a42ed5-c6b1-41ba-85ab-2b944276d31f?fields=segments HTTP/1.1" status: 200 len: 212 time: 0.2983525
2026-07-01 08:34:09.464 10 INFO neutron.wsgi [req-935fc559-3013-4d9d-9a38-b0e30bf2e3bf req-97a5f550-f94f-46ce-b704-3086ba281904 2450d12b528d4a09a205edd6aaa5f914 aad9c472675a4ec2a430001197ce5dbe - - 44bc701823e44ee885a6e2c147189a78 44bc701823e44ee885a6e2c147189a78] 199.19.213.37 "GET /v2.0/networks/18a42ed5-c6b1-41ba-85ab-2b944276d31f?fields=provider%3Aphysical_network&fields=provider%3Anetwork_type HTTP/1.1" status: 200 len: 277 time: 0.1064446
2026-07-01 08:34:09.565 10 INFO neutron.wsgi [req-2d1b58d7-7941-4eec-b7e9-55ad35a0c232 req-d2fa25fa-b68b-4f0d-991d-cdf3725153f2 2450d12b528d4a09a205edd6aaa5f914 aad9c472675a4ec2a430001197ce5dbe - - 44bc701823e44ee885a6e2c147189a78 44bc701823e44ee885a6e2c147189a78] 199.19.213.37 "GET /v2.0/ports?device_id=41e6b10c-e072-498f-aa1f-44461e8f3130&fields=binding%3Ahost_id&fields=binding%3Avif_type HTTP/1.1" status: 200 len: 265 time: 0.0715928
2026-07-01 08:34:09.671 10 INFO neutron.wsgi [req-2d1b58d7-7941-4eec-b7e9-55ad35a0c232 req-fabe6d9a-cc8d-4cac-85e8-74099966ea35 2450d12b528d4a09a205edd6aaa5f914 aad9c472675a4ec2a430001197ce5dbe - - 44bc701823e44ee885a6e2c147189a78 44bc701823e44ee885a6e2c147189a78] 199.19.213.37 "GET /v2.0/ports?tenant_id=54283084950345c496970ffec07dc57b&device_id=41e6b10c-e072-498f-aa1f-44461e8f3130 HTTP/1.1" status: 200 len: 1361 time: 0.0592043
2026-07-01 08:34:09.686 10 INFO neutron.db.ovn_revision_numbers_db [None req-185f5f19-764e-4177-9918-ba5cb61802b2 404ca1fc7dd641a7bde6c254474feaa2 a997a87d207447d890eb75b05220da00 - - - -] Successfully bumped revision number for resource dfb06828-74ae-4bce-a2df-402a96e0f888 (type: ports) to 2
2026-07-01 08:34:09.718 10 INFO neutron.db.ovn_revision_numbers_db [None req-185f5f19-764e-4177-9918-ba5cb61802b2 404ca1fc7dd641a7bde6c254474feaa2 a997a87d207447d890eb75b05220da00 - - - -] Successfully bumped revision number for resource ac10f38d-5625-459a-96a5-9c0a8d4fab6e (type: subnets) to 0
2026-07-01 08:34:09.755 10 INFO neutron.wsgi [None req-185f5f19-764e-4177-9918-ba5cb61802b2 404ca1fc7dd641a7bde6c254474feaa2 a997a87d207447d890eb75b05220da00 - - - -] 10.0.0.67 "POST /v2.0/subnets HTTP/1.1" status: 201 len: 865 time: 1.2304842
2026-07-01 08:34:09.789 10 INFO neutron.wsgi [req-2d1b58d7-7941-4eec-b7e9-55ad35a0c232 req-0bdcb4d3-0091-45a3-b128-f359214160f1 2450d12b528d4a09a205edd6aaa5f914 aad9c472675a4ec2a430001197ce5dbe - - 44bc701823e44ee885a6e2c147189a78 44bc701823e44ee885a6e2c147189a78] 199.19.213.37 "GET /v2.0/networks?id=07ec660c-711c-43e3-bf71-2e79dd604497 HTTP/1.1" status: 200 len: 981 time: 0.0846295
2026-07-01 08:34:09.795 10 WARNING neutron.scheduler.dhcp_agent_scheduler [None req-e6c8fb90-6bd3-45b7-a969-c906048ade13 74c740369e204640862c24e0a5d2e70f 3c36c8b27f9e4f738f1e7c98a743d4e6 - - - -] No more DHCP agents
2026-07-01 08:34:09.797 10 WARNING neutron.api.rpc.agentnotifiers.dhcp_rpc_agent_api [None req-e6c8fb90-6bd3-45b7-a969-c906048ade13 74c740369e204640862c24e0a5d2e70f 3c36c8b27f9e4f738f1e7c98a743d4e6 - - - -] Unable to schedule network 56a3308c-4699-4522-b8d3-258890a36353: no agents available; will retry on subsequent port and subnet creation events. /var/lib/openstack/lib/python3.10/site-packages/pycadf/identifier.py:71: UserWarning: Invalid uuid: neutron. To ensure interoperability, identifiers should be a valid uuid. warnings.warn(('Invalid uuid: %s. To ensure interoperability, '
2026-07-01 08:34:09.880 10 INFO neutron.wsgi [req-2d1b58d7-7941-4eec-b7e9-55ad35a0c232 req-eb64c4ef-c8e8-421b-99bc-a8628d1c1273 2450d12b528d4a09a205edd6aaa5f914 aad9c472675a4ec2a430001197ce5dbe - - 44bc701823e44ee885a6e2c147189a78 44bc701823e44ee885a6e2c147189a78] 199.19.213.37 "GET /v2.0/floatingips?fixed_ip_address=10.100.0.4&port_id=db206d63-0bdb-4953-89d9-8b307cb9b8e5 HTTP/1.1" status: 200 len: 1059 time: 0.0805478
2026-07-01 08:34:09.898 10 INFO neutron.notifiers.nova [-] Nova event matching ['req-8c24e9a7-152a-4e39-9649-5b7a8b24e411'] response: {'name': 'network-changed', 'server_uuid': '28eb6b76-8540-4fea-83dd-6bca182440c1', 'tag': '98d64502-a0ed-4284-ac1e-0a53d07fba28', 'status': 'completed', 'code': 200}
2026-07-01 08:34:09.956 10 INFO neutron.wsgi [req-2d1b58d7-7941-4eec-b7e9-55ad35a0c232 req-20fd1a57-5678-4a29-9d26-6e102bc7bb34 2450d12b528d4a09a205edd6aaa5f914 aad9c472675a4ec2a430001197ce5dbe - - 44bc701823e44ee885a6e2c147189a78 44bc701823e44ee885a6e2c147189a78] 199.19.213.37 "GET /v2.0/subnets?id=361bf832-b46f-41cc-8b6b-2dd031362274 HTTP/1.1" status: 200 len: 876 time: 0.0703301
2026-07-01 08:34:09.971 9 INFO neutron.wsgi [req-715111f1-4829-4eed-8752-89883713baa1 req-2a8eb957-6d7c-4e3d-a627-bf366ffbe257 2450d12b528d4a09a205edd6aaa5f914 aad9c472675a4ec2a430001197ce5dbe - - 44bc701823e44ee885a6e2c147189a78 44bc701823e44ee885a6e2c147189a78] 199.19.213.37 "GET /v2.0/ports?tenant_id=28c9818954854cf48e2144eb37ffc75d&device_id=28eb6b76-8540-4fea-83dd-6bca182440c1 HTTP/1.1" status: 200 len: 1363 time: 0.0454502
2026-07-01 08:34:10.011 10 INFO neutron.wsgi [req-2d1b58d7-7941-4eec-b7e9-55ad35a0c232 req-35415209-ce0f-4a91-addb-e6218a92b430 2450d12b528d4a09a205edd6aaa5f914 aad9c472675a4ec2a430001197ce5dbe - - 44bc701823e44ee885a6e2c147189a78 44bc701823e44ee885a6e2c147189a78] 199.19.213.37 "GET /v2.0/ports?network_id=07ec660c-711c-43e3-bf71-2e79dd604497&device_owner=network%3Adhcp HTTP/1.1" status: 200 len: 210 time: 0.0478044
2026-07-01 08:34:10.072 9 INFO neutron.wsgi [req-715111f1-4829-4eed-8752-89883713baa1 req-6e49fd1c-b8e7-423f-8d6d-0741a79c4d05 2450d12b528d4a09a205edd6aaa5f914 aad9c472675a4ec2a430001197ce5dbe - - 44bc701823e44ee885a6e2c147189a78 44bc701823e44ee885a6e2c147189a78] 199.19.213.37 "GET /v2.0/networks?id=18a42ed5-c6b1-41ba-85ab-2b944276d31f HTTP/1.1" status: 200 len: 978 time: 0.0956025
2026-07-01 08:34:10.101 10 INFO neutron.wsgi [req-2d1b58d7-7941-4eec-b7e9-55ad35a0c232 req-6f3c46c0-db71-4dd0-929d-3151a56310e6 2450d12b528d4a09a205edd6aaa5f914 aad9c472675a4ec2a430001197ce5dbe - - 44bc701823e44ee885a6e2c147189a78 44bc701823e44ee885a6e2c147189a78] 199.19.213.37 "GET /v2.0/networks/07ec660c-711c-43e3-bf71-2e79dd604497?fields=segments HTTP/1.1" status: 200 len: 212 time: 0.0851865
2026-07-01 08:34:10.121 10 INFO neutron.db.ovn_revision_numbers_db [None req-e6c8fb90-6bd3-45b7-a969-c906048ade13 74c740369e204640862c24e0a5d2e70f 3c36c8b27f9e4f738f1e7c98a743d4e6 - - - -] Successfully bumped revision number for resource 5152d71f-dcb5-4475-b5fc-8086fc83e210 (type: ports) to 1
2026-07-01 08:34:10.170 10 INFO neutron.wsgi [None req-e6c8fb90-6bd3-45b7-a969-c906048ade13 74c740369e204640862c24e0a5d2e70f 3c36c8b27f9e4f738f1e7c98a743d4e6 - - - -] 10.0.0.67 "POST /v2.0/ports HTTP/1.1" status: 201 len: 1158 time: 1.1389327
2026-07-01 08:34:10.207 10 INFO neutron.wsgi [req-2d1b58d7-7941-4eec-b7e9-55ad35a0c232 req-ee19814a-c62f-4c39-9dc5-31ab11098252 2450d12b528d4a09a205edd6aaa5f914 aad9c472675a4ec2a430001197ce5dbe - - 44bc701823e44ee885a6e2c147189a78 44bc701823e44ee885a6e2c147189a78] 199.19.213.37 "GET /v2.0/networks/07ec660c-711c-43e3-bf71-2e79dd604497?fields=provider%3Aphysical_network&fields=provider%3Anetwork_type HTTP/1.1" status: 200 len: 277 time: 0.1002991
2026-07-01 08:34:10.339 9 INFO neutron.wsgi [req-715111f1-4829-4eed-8752-89883713baa1 req-f55cb31e-3d36-4c88-a915-d99c580b2a72 2450d12b528d4a09a205edd6aaa5f914 aad9c472675a4ec2a430001197ce5dbe - - 44bc701823e44ee885a6e2c147189a78 44bc701823e44ee885a6e2c147189a78] 199.19.213.37 "GET /v2.0/floatingips?fixed_ip_address=10.100.0.12&port_id=98d64502-a0ed-4284-ac1e-0a53d07fba28 HTTP/1.1" status: 200 len: 217 time: 0.2416580
2026-07-01 08:34:10.402 9 INFO neutron.wsgi [req-794f4de8-6a0b-4626-b8d4-eca851d2f83d req-5f61b7ed-76a7-4675-8096-f665d661d202 2e98464fc8074891b0e57005dfcab85a 28c9818954854cf48e2144eb37ffc75d - - default default] 10.0.0.106 "GET /v2.0/ports?device_id=28eb6b76-8540-4fea-83dd-6bca182440c1 HTTP/1.1" status: 200 len: 1172 time: 0.0724306
2026-07-01 08:34:10.437 9 INFO neutron.wsgi [req-715111f1-4829-4eed-8752-89883713baa1 req-ee80caf1-b804-476a-ba18-d29fd507640c 2450d12b528d4a09a205edd6aaa5f914 aad9c472675a4ec2a430001197ce5dbe - - 44bc701823e44ee885a6e2c147189a78 44bc701823e44ee885a6e2c147189a78] 199.19.213.37 "GET /v2.0/subnets?id=c4a5f516-0e9a-4580-b66c-fab1ec432f80 HTTP/1.1" status: 200 len: 873 time: 0.0741026
2026-07-01 08:34:10.479 9 INFO neutron.wsgi [req-794f4de8-6a0b-4626-b8d4-eca851d2f83d req-135a7a2f-63a3-49f5-8996-7b9dfeca84a4 2e98464fc8074891b0e57005dfcab85a 28c9818954854cf48e2144eb37ffc75d - - default default] 10.0.0.106 "GET /v2.0/security-groups?id=43eafda9-85f7-4418-97d9-5118a7e17a82&fields=id&fields=name HTTP/1.1" status: 200 len: 313 time: 0.0681820
2026-07-01 08:34:10.495 9 INFO neutron.wsgi [req-715111f1-4829-4eed-8752-89883713baa1 req-4afd7ffb-672d-405d-96e8-b97a8b3c0fa4 2450d12b528d4a09a205edd6aaa5f914 aad9c472675a4ec2a430001197ce5dbe - - 44bc701823e44ee885a6e2c147189a78 44bc701823e44ee885a6e2c147189a78] 199.19.213.37 "GET /v2.0/ports?network_id=18a42ed5-c6b1-41ba-85ab-2b944276d31f&device_owner=network%3Adhcp HTTP/1.1" status: 200 len: 210 time: 0.0458732
2026-07-01 08:34:10.516 10 WARNING neutron.scheduler.dhcp_agent_scheduler [None req-95682572-86ee-4f20-84ba-70effea99cd5 74c740369e204640862c24e0a5d2e70f 3c36c8b27f9e4f738f1e7c98a743d4e6 - - - -] No more DHCP agents
2026-07-01 08:34:10.521 10 WARNING neutron.api.rpc.agentnotifiers.dhcp_rpc_agent_api [None req-95682572-86ee-4f20-84ba-70effea99cd5 74c740369e204640862c24e0a5d2e70f 3c36c8b27f9e4f738f1e7c98a743d4e6 - - - -] Unable to schedule network 54f6dfd2-fd4a-4213-928d-0aa98afe02c7: no agents available; will retry on subsequent port and subnet creation events.
2026-07-01 08:34:10.593 9 INFO neutron.wsgi [req-715111f1-4829-4eed-8752-89883713baa1 req-e88a3cd7-3dc5-4698-aa8d-71153ea57803 2450d12b528d4a09a205edd6aaa5f914 aad9c472675a4ec2a430001197ce5dbe - - 44bc701823e44ee885a6e2c147189a78 44bc701823e44ee885a6e2c147189a78] 199.19.213.37 "GET /v2.0/networks/18a42ed5-c6b1-41ba-85ab-2b944276d31f?fields=segments HTTP/1.1" status: 200 len: 212 time: 0.0739801
2026-07-01 08:34:10.673 9 INFO neutron.wsgi [req-715111f1-4829-4eed-8752-89883713baa1 req-21e9db2f-a1c1-4add-9970-00bbcd06a13f 2450d12b528d4a09a205edd6aaa5f914 aad9c472675a4ec2a430001197ce5dbe - - 44bc701823e44ee885a6e2c147189a78 44bc701823e44ee885a6e2c147189a78] 199.19.213.37 "GET /v2.0/networks/18a42ed5-c6b1-41ba-85ab-2b944276d31f?fields=provider%3Aphysical_network&fields=provider%3Anetwork_type HTTP/1.1" status: 200 len: 277 time: 0.0614617
2026-07-01 08:34:10.730 9 WARNING neutron.scheduler.dhcp_agent_scheduler [None req-45707d40-41cf-4da7-9ac3-60919cd86245 404ca1fc7dd641a7bde6c254474feaa2 a997a87d207447d890eb75b05220da00 - - - -] No more DHCP agents
2026-07-01 08:34:10.733 9 WARNING neutron.api.rpc.agentnotifiers.dhcp_rpc_agent_api [None req-45707d40-41cf-4da7-9ac3-60919cd86245 404ca1fc7dd641a7bde6c254474feaa2 a997a87d207447d890eb75b05220da00 - - - -] Unable to schedule network 54f6dfd2-fd4a-4213-928d-0aa98afe02c7: no agents available; will retry on subsequent port and subnet creation events.
2026-07-01 08:34:10.938 10 INFO neutron.wsgi [None req-e530dff2-51c5-4a90-938a-56caf6620480 404ca1fc7dd641a7bde6c254474feaa2 a997a87d207447d890eb75b05220da00 - - default default] 10.0.0.246 "GET /v2.0/security-groups HTTP/1.1" status: 200 len: 33402 time: 0.2464368
2026-07-01 08:34:10.940 9 INFO neutron.db.ovn_revision_numbers_db [None req-45707d40-41cf-4da7-9ac3-60919cd86245 404ca1fc7dd641a7bde6c254474feaa2 a997a87d207447d890eb75b05220da00 - - - -] Successfully bumped revision number for resource 3775847e-9b60-4151-a7e9-f9fcb527e7e3 (type: ports) to 1
2026-07-01 08:34:11.023 10 INFO neutron.wsgi [None req-6cdece64-8ee2-47df-b068-37147be5b311 404ca1fc7dd641a7bde6c254474feaa2 a997a87d207447d890eb75b05220da00 - - default default] 10.0.0.246 "GET /v2.0/agents HTTP/1.1" status: 200 len: 997 time: 0.0585017
2026-07-01 08:34:11.132 10 INFO neutron.wsgi [None req-7edb8a29-0c45-4382-8961-2712424d5df5 404ca1fc7dd641a7bde6c254474feaa2 a997a87d207447d890eb75b05220da00 - - default default] 10.0.0.246 "GET /v2.0/networks HTTP/1.1" status: 200 len: 5404 time: 0.1050725
2026-07-01 08:34:11.192 10 INFO neutron.wsgi [None req-93f2f306-94f3-4429-9e8d-7c1e16c1714f 404ca1fc7dd641a7bde6c254474feaa2 a997a87d207447d890eb75b05220da00 - - default default] 10.0.0.246 "GET /v2.0/subnets HTTP/1.1" status: 200 len: 4029 time: 0.0564079
2026-07-01 08:34:11.227 10 INFO neutron.db.l3_db [None req-95682572-86ee-4f20-84ba-70effea99cd5 74c740369e204640862c24e0a5d2e70f 3c36c8b27f9e4f738f1e7c98a743d4e6 - - - -] Floating IP 3c6ab299-f27d-4daa-b91a-4e2a0a313670 associated. External IP: 10.96.250.216, port: 5152d71f-dcb5-4475-b5fc-8086fc83e210.
2026-07-01 08:34:11.254 10 INFO neutron.wsgi [None req-febbd4d5-cfa5-41da-bdeb-d55f5b2ef367 404ca1fc7dd641a7bde6c254474feaa2 a997a87d207447d890eb75b05220da00 - - default default] 10.0.0.246 "GET /v2.0/ports HTTP/1.1" status: 200 len: 24006 time: 0.0605457
2026-07-01 08:34:11.534 9 INFO neutron.db.ovn_revision_numbers_db [None req-45707d40-41cf-4da7-9ac3-60919cd86245 404ca1fc7dd641a7bde6c254474feaa2 a997a87d207447d890eb75b05220da00 - - - -] Successfully bumped revision number for resource 3775847e-9b60-4151-a7e9-f9fcb527e7e3 (type: router_ports) to 1
2026-07-01 08:34:11.561 10 INFO neutron.plugins.ml2.drivers.ovn.mech_driver.mech_driver [None req-c396930f-1898-4943-8561-c90a7c2471ce - - - - - -] OVN reports status up for port: 3775847e-9b60-4151-a7e9-f9fcb527e7e3
2026-07-01 08:34:11.573 10 INFO neutron.plugins.ml2.drivers.ovn.mech_driver.ovsdb.ovsdb_monitor [None req-0a64b312-cb71-451b-ad91-7d4112d01f5a - - - - - -] Router af445f28-04b8-4959-9749-adb7296e5999 is bound to host instance
2026-07-01 08:34:11.600 10 INFO neutron.wsgi [None req-7933492e-c1d5-4c38-a069-17474d50e3d3 404ca1fc7dd641a7bde6c254474feaa2 a997a87d207447d890eb75b05220da00 - - default default] 10.0.0.246 "GET /v2.0/routers HTTP/1.1" status: 200 len: 2893 time: 0.3382447
2026-07-01 08:34:11.607 10 INFO neutron.plugins.ml2.plugin [None req-c396930f-1898-4943-8561-c90a7c2471ce - - - - - -] Attempt 1 to provision port 3775847e-9b60-4151-a7e9-f9fcb527e7e3
2026-07-01 08:34:11.622 10 INFO neutron.wsgi [None req-70aaabd6-cc32-4363-a7d4-2b9e22860749 404ca1fc7dd641a7bde6c254474feaa2 a997a87d207447d890eb75b05220da00 - - default default] 10.0.0.246 "GET /v2.0/agents?binary=ovn-controller HTTP/1.1" status: 200 len: 591 time: 0.0199244
2026-07-01 08:34:11.650 10 INFO neutron.wsgi [None req-3952051d-8b4c-42f0-9b44-abeba89d8cdd 404ca1fc7dd641a7bde6c254474feaa2 a997a87d207447d890eb75b05220da00 - - default default] 10.0.0.246 "GET /v2.0/network-ip-availabilities HTTP/1.1" status: 200 len: 3167 time: 0.0226617
