2026-07-01 08:38:37.744 10 INFO neutron.wsgi [req-99f01e89-36bc-4010-a59b-bc4d6b641cd2 req-202b6d37-f8bb-46e1-8650-d421a25e4bbf 2450d12b528d4a09a205edd6aaa5f914 aad9c472675a4ec2a430001197ce5dbe - - 44bc701823e44ee885a6e2c147189a78 44bc701823e44ee885a6e2c147189a78] 199.19.213.37 "GET /v2.0/networks/03a807a9-d297-4983-8f2d-85106683e048?fields=provider%3Aphysical_network&fields=provider%3Anetwork_type HTTP/1.1" status: 200 len: 277 time: 0.0587313
2026-07-01 08:38:37.780 10 INFO neutron.wsgi [req-99f01e89-36bc-4010-a59b-bc4d6b641cd2 req-5e513c65-9efe-49db-90de-09e4a0fb5d52 2450d12b528d4a09a205edd6aaa5f914 aad9c472675a4ec2a430001197ce5dbe - - 44bc701823e44ee885a6e2c147189a78 44bc701823e44ee885a6e2c147189a78] 199.19.213.37 "GET /v2.0/floatingips?fixed_ip_address=10.2.1.166&port_id=1ea97496-bcba-40c2-810f-f3f128917adc HTTP/1.1" status: 200 len: 217 time: 0.0293601
2026-07-01 08:38:37.831 10 INFO neutron.wsgi [req-99f01e89-36bc-4010-a59b-bc4d6b641cd2 req-964c2056-2838-49cb-b82e-62c700c58cfd 2450d12b528d4a09a205edd6aaa5f914 aad9c472675a4ec2a430001197ce5dbe - - 44bc701823e44ee885a6e2c147189a78 44bc701823e44ee885a6e2c147189a78] 199.19.213.37 "GET /v2.0/subnets?id=1ec47348-11ac-4b6c-b3c7-abaed074e5b2 HTTP/1.1" status: 200 len: 852 time: 0.0459335
2026-07-01 08:38:37.871 10 INFO neutron.wsgi [req-99f01e89-36bc-4010-a59b-bc4d6b641cd2 req-e21ea989-9e2e-4a31-95b0-4c526e60fe9a 2450d12b528d4a09a205edd6aaa5f914 aad9c472675a4ec2a430001197ce5dbe - - 44bc701823e44ee885a6e2c147189a78 44bc701823e44ee885a6e2c147189a78] 199.19.213.37 "GET /v2.0/ports?network_id=628fa998-e4c1-4a51-8566-5c7dd73b49d4&device_owner=network%3Adhcp HTTP/1.1" status: 200 len: 210 time: 0.0325515
2026-07-01 08:38:37.938 10 INFO neutron.wsgi [req-99f01e89-36bc-4010-a59b-bc4d6b641cd2 req-b09b7bc2-9cba-4853-ad9f-b226b5ceb29b 2450d12b528d4a09a205edd6aaa5f914 aad9c472675a4ec2a430001197ce5dbe - - 44bc701823e44ee885a6e2c147189a78 44bc701823e44ee885a6e2c147189a78] 199.19.213.37 "GET /v2.0/networks/628fa998-e4c1-4a51-8566-5c7dd73b49d4?fields=segments HTTP/1.1" status: 200 len: 212 time: 0.0586874
2026-07-01 08:38:38.015 10 INFO neutron.wsgi [req-99f01e89-36bc-4010-a59b-bc4d6b641cd2 req-d05ac200-5565-454f-8f7a-0659cccd518e 2450d12b528d4a09a205edd6aaa5f914 aad9c472675a4ec2a430001197ce5dbe - - 44bc701823e44ee885a6e2c147189a78 44bc701823e44ee885a6e2c147189a78] 199.19.213.37 "GET /v2.0/networks/628fa998-e4c1-4a51-8566-5c7dd73b49d4?fields=provider%3Aphysical_network&fields=provider%3Anetwork_type HTTP/1.1" status: 200 len: 277 time: 0.0695364
2026-07-01 08:38:38.045 10 INFO neutron.wsgi [req-99f01e89-36bc-4010-a59b-bc4d6b641cd2 req-0513beae-febb-4bce-b203-fe785522b226 2450d12b528d4a09a205edd6aaa5f914 aad9c472675a4ec2a430001197ce5dbe - - 44bc701823e44ee885a6e2c147189a78 44bc701823e44ee885a6e2c147189a78] 199.19.213.37 "GET /v2.0/floatingips?fixed_ip_address=10.2.2.164&port_id=9b6cd379-c686-4481-b295-b575298c7bbd HTTP/1.1" status: 200 len: 217 time: 0.0242081
2026-07-01 08:38:38.084 10 INFO neutron.wsgi [req-99f01e89-36bc-4010-a59b-bc4d6b641cd2 req-fe61f80a-9d8e-44a4-aac0-6582f0f8f952 2450d12b528d4a09a205edd6aaa5f914 aad9c472675a4ec2a430001197ce5dbe - - 44bc701823e44ee885a6e2c147189a78 44bc701823e44ee885a6e2c147189a78] 199.19.213.37 "GET /v2.0/floatingips?fixed_ip_address=fd77%3A1457%3A4cf0%3A26a8%3A%3A1c2&port_id=9b6cd379-c686-4481-b295-b575298c7bbd HTTP/1.1" status: 200 len: 217 time: 0.0323136
2026-07-01 08:38:38.128 10 INFO neutron.wsgi [req-99f01e89-36bc-4010-a59b-bc4d6b641cd2 req-ef019a2a-fdbb-4a38-a746-986ced4ae28f 2450d12b528d4a09a205edd6aaa5f914 aad9c472675a4ec2a430001197ce5dbe - - 44bc701823e44ee885a6e2c147189a78 44bc701823e44ee885a6e2c147189a78] 199.19.213.37 "GET /v2.0/subnets?id=14abdb06-d016-479a-8ea0-58f16dbc6fc7&id=dbb5b8f6-b790-4f48-98ce-06af6458c9a9 HTTP/1.1" status: 200 len: 1566 time: 0.0375028
2026-07-01 08:38:38.156 10 INFO neutron.wsgi [req-99f01e89-36bc-4010-a59b-bc4d6b641cd2 req-af7c4306-317f-4df5-b072-5553a7c5773c 2450d12b528d4a09a205edd6aaa5f914 aad9c472675a4ec2a430001197ce5dbe - - 44bc701823e44ee885a6e2c147189a78 44bc701823e44ee885a6e2c147189a78] 199.19.213.37 "GET /v2.0/ports?network_id=cda3e163-400e-4b3b-b498-2b7b55080db8&device_owner=network%3Adhcp HTTP/1.1" status: 200 len: 210 time: 0.0223980
2026-07-01 08:38:38.183 10 INFO neutron.wsgi [req-99f01e89-36bc-4010-a59b-bc4d6b641cd2 req-4362edc5-6be4-4719-b75d-9f95f6c3ef01 2450d12b528d4a09a205edd6aaa5f914 aad9c472675a4ec2a430001197ce5dbe - - 44bc701823e44ee885a6e2c147189a78 44bc701823e44ee885a6e2c147189a78] 199.19.213.37 "GET /v2.0/ports?network_id=cda3e163-400e-4b3b-b498-2b7b55080db8&device_owner=network%3Adhcp HTTP/1.1" status: 200 len: 210 time: 0.0194161
2026-07-01 08:38:38.237 10 INFO neutron.wsgi [req-99f01e89-36bc-4010-a59b-bc4d6b641cd2 req-65e52687-e6c1-410a-970c-840f45bf0691 2450d12b528d4a09a205edd6aaa5f914 aad9c472675a4ec2a430001197ce5dbe - - 44bc701823e44ee885a6e2c147189a78 44bc701823e44ee885a6e2c147189a78] 199.19.213.37 "GET /v2.0/networks/cda3e163-400e-4b3b-b498-2b7b55080db8?fields=segments HTTP/1.1" status: 200 len: 212 time: 0.0474963
2026-07-01 08:38:38.313 10 INFO neutron.wsgi [req-99f01e89-36bc-4010-a59b-bc4d6b641cd2 req-a439044c-7c6b-4df8-93d9-e69b00b31655 2450d12b528d4a09a205edd6aaa5f914 aad9c472675a4ec2a430001197ce5dbe - - 44bc701823e44ee885a6e2c147189a78 44bc701823e44ee885a6e2c147189a78] 199.19.213.37 "GET /v2.0/networks/cda3e163-400e-4b3b-b498-2b7b55080db8?fields=provider%3Aphysical_network&fields=provider%3Anetwork_type HTTP/1.1" status: 200 len: 277 time: 0.0699606
2026-07-01 08:38:38.394 10 INFO neutron.wsgi [req-21e81f93-bdde-46c3-8ac1-922bc4702655 req-c86a23ff-f8db-4f51-aaa1-8dd2b0fc27a5 2450d12b528d4a09a205edd6aaa5f914 aad9c472675a4ec2a430001197ce5dbe - - 44bc701823e44ee885a6e2c147189a78 44bc701823e44ee885a6e2c147189a78] 199.19.213.37 "GET /v2.0/ports?tenant_id=a997a87d207447d890eb75b05220da00&device_id=8720084f-357d-4b61-853e-dff3038d1fe8 HTTP/1.1" status: 200 len: 5155 time: 0.0387704
2026-07-01 08:38:38.402 9 INFO neutron.plugins.ml2.drivers.ovn.mech_driver.mech_driver [None req-90b0be18-ef05-41b8-ac24-6ad0f59b6587 - - - - - -] OVN reports status up for port: 9b6cd379-c686-4481-b295-b575298c7bbd
2026-07-01 08:38:38.414 9 INFO neutron.plugins.ml2.plugin [None req-90b0be18-ef05-41b8-ac24-6ad0f59b6587 - - - - - -] Attempt 1 to provision port 9b6cd379-c686-4481-b295-b575298c7bbd
2026-07-01 08:38:38.461 10 INFO neutron.wsgi [req-21e81f93-bdde-46c3-8ac1-922bc4702655 req-0e8cac7c-1ac8-481d-bdf0-4fdefebfd6e8 2450d12b528d4a09a205edd6aaa5f914 aad9c472675a4ec2a430001197ce5dbe - - 44bc701823e44ee885a6e2c147189a78 44bc701823e44ee885a6e2c147189a78] 199.19.213.37 "GET /v2.0/networks?id=cda3e163-400e-4b3b-b498-2b7b55080db8 HTTP/1.1" status: 200 len: 1003 time: 0.0574291
2026-07-01 08:38:38.502 10 INFO neutron.wsgi [req-21e81f93-bdde-46c3-8ac1-922bc4702655 req-755e7508-45ad-40eb-97af-db27f3dd52b2 2450d12b528d4a09a205edd6aaa5f914 aad9c472675a4ec2a430001197ce5dbe - - 44bc701823e44ee885a6e2c147189a78 44bc701823e44ee885a6e2c147189a78] 199.19.213.37 "GET /v2.0/floatingips?fixed_ip_address=10.2.2.164&port_id=9b6cd379-c686-4481-b295-b575298c7bbd HTTP/1.1" status: 200 len: 217 time: 0.0351033
2026-07-01 08:38:38.531 10 INFO neutron.wsgi [req-21e81f93-bdde-46c3-8ac1-922bc4702655 req-fc13d456-a837-4e1a-a428-cb6e6bd3dda5 2450d12b528d4a09a205edd6aaa5f914 aad9c472675a4ec2a430001197ce5dbe - - 44bc701823e44ee885a6e2c147189a78 44bc701823e44ee885a6e2c147189a78] 199.19.213.37 "GET /v2.0/floatingips?fixed_ip_address=fd77%3A1457%3A4cf0%3A26a8%3A%3A1c2&port_id=9b6cd379-c686-4481-b295-b575298c7bbd HTTP/1.1" status: 200 len: 217 time: 0.0237169
2026-07-01 08:38:38.569 10 INFO neutron.wsgi [req-21e81f93-bdde-46c3-8ac1-922bc4702655 req-aa7f100e-fd4c-4d46-a891-1c03dc6af3fc 2450d12b528d4a09a205edd6aaa5f914 aad9c472675a4ec2a430001197ce5dbe - - 44bc701823e44ee885a6e2c147189a78 44bc701823e44ee885a6e2c147189a78] 199.19.213.37 "GET /v2.0/subnets?id=14abdb06-d016-479a-8ea0-58f16dbc6fc7&id=dbb5b8f6-b790-4f48-98ce-06af6458c9a9 HTTP/1.1" status: 200 len: 1566 time: 0.0312953
2026-07-01 08:38:38.606 10 INFO neutron.wsgi [req-21e81f93-bdde-46c3-8ac1-922bc4702655 req-e407af54-a61d-45b4-8ce9-5784a84e4734 2450d12b528d4a09a205edd6aaa5f914 aad9c472675a4ec2a430001197ce5dbe - - 44bc701823e44ee885a6e2c147189a78 44bc701823e44ee885a6e2c147189a78] 199.19.213.37 "GET /v2.0/ports?network_id=cda3e163-400e-4b3b-b498-2b7b55080db8&device_owner=network%3Adhcp HTTP/1.1" status: 200 len: 210 time: 0.0285590
2026-07-01 08:38:38.632 10 INFO neutron.wsgi [req-21e81f93-bdde-46c3-8ac1-922bc4702655 req-a0f5118e-15bf-4830-89d8-154793433408 2450d12b528d4a09a205edd6aaa5f914 aad9c472675a4ec2a430001197ce5dbe - - 44bc701823e44ee885a6e2c147189a78 44bc701823e44ee885a6e2c147189a78] 199.19.213.37 "GET /v2.0/ports?network_id=cda3e163-400e-4b3b-b498-2b7b55080db8&device_owner=network%3Adhcp HTTP/1.1" status: 200 len: 210 time: 0.0212822
2026-07-01 08:38:38.693 9 INFO neutron.wsgi [req-99f01e89-36bc-4010-a59b-bc4d6b641cd2 req-5722470b-f478-49d7-9383-a66bbd43baa2 404ca1fc7dd641a7bde6c254474feaa2 a997a87d207447d890eb75b05220da00 - - default default] 10.0.0.106 "GET /v2.0/ports/9b6cd379-c686-4481-b295-b575298c7bbd HTTP/1.1" status: 200 len: 1589 time: 0.0350952
2026-07-01 08:38:38.702 10 INFO neutron.wsgi [req-21e81f93-bdde-46c3-8ac1-922bc4702655 req-83f932ae-40b0-44ed-8142-bb7eac617efe 2450d12b528d4a09a205edd6aaa5f914 aad9c472675a4ec2a430001197ce5dbe - - 44bc701823e44ee885a6e2c147189a78 44bc701823e44ee885a6e2c147189a78] 199.19.213.37 "GET /v2.0/networks/cda3e163-400e-4b3b-b498-2b7b55080db8?fields=segments HTTP/1.1" status: 200 len: 212 time: 0.0629668
2026-07-01 08:38:38.762 10 INFO neutron.wsgi [None req-163837ae-3f00-456b-a98d-c959994a059b 404ca1fc7dd641a7bde6c254474feaa2 a997a87d207447d890eb75b05220da00 - - default default] 199.19.213.37 "GET /v2.0/ports/9b6cd379-c686-4481-b295-b575298c7bbd HTTP/1.1" status: 200 len: 1589 time: 0.0467002
2026-07-01 08:38:38.765 9 INFO neutron.notifiers.nova [-] Nova event matching ['req-4516f276-a1d8-4637-ae36-cd9f3e0f5a22'] response: {'server_uuid': '8720084f-357d-4b61-853e-dff3038d1fe8', 'name': 'network-vif-plugged', 'status': 'completed', 'tag': '9b6cd379-c686-4481-b295-b575298c7bbd', 'code': 200}
2026-07-01 08:38:38.814 10 INFO neutron.wsgi [None req-9ecd482f-1ea4-47eb-aec7-12e543c098f5 404ca1fc7dd641a7bde6c254474feaa2 a997a87d207447d890eb75b05220da00 - - default default] 199.19.213.37 "GET /v2.0/ports/9b6cd379-c686-4481-b295-b575298c7bbd HTTP/1.1" status: 200 len: 1591 time: 0.0353737
2026-07-01 08:38:38.815 10 INFO neutron.wsgi [req-21e81f93-bdde-46c3-8ac1-922bc4702655 req-87fdf39e-f349-49b1-a280-b46fad043a01 2450d12b528d4a09a205edd6aaa5f914 aad9c472675a4ec2a430001197ce5dbe - - 44bc701823e44ee885a6e2c147189a78 44bc701823e44ee885a6e2c147189a78] 199.19.213.37 "GET /v2.0/networks/cda3e163-400e-4b3b-b498-2b7b55080db8?fields=provider%3Aphysical_network&fields=provider%3Anetwork_type HTTP/1.1" status: 200 len: 277 time: 0.0946462
2026-07-01 08:38:38.899 9 INFO neutron.db.ovn_revision_numbers_db [None req-90b0be18-ef05-41b8-ac24-6ad0f59b6587 - - - - - -] Successfully bumped revision number for resource 9b6cd379-c686-4481-b295-b575298c7bbd (type: ports) to 4
2026-07-01 08:38:39.199 10 INFO neutron.db.ovn_revision_numbers_db [None req-c5488b09-78d0-45e7-8228-0937fcfd5b29 404ca1fc7dd641a7bde6c254474feaa2 a997a87d207447d890eb75b05220da00 - - - -] Successfully bumped revision number for resource 9b6cd379-c686-4481-b295-b575298c7bbd (type: ports) to 5
2026-07-01 08:38:39.207 10 INFO neutron.wsgi [None req-c5488b09-78d0-45e7-8228-0937fcfd5b29 404ca1fc7dd641a7bde6c254474feaa2 a997a87d207447d890eb75b05220da00 - - - -] 199.19.213.37 "PUT /v2.0/ports/9b6cd379-c686-4481-b295-b575298c7bbd HTTP/1.1" status: 200 len: 1330 time: 0.3856637 /var/lib/openstack/lib/python3.10/site-packages/pycadf/identifier.py:71: UserWarning: Invalid uuid: neutron. To ensure interoperability, identifiers should be a valid uuid. warnings.warn(('Invalid uuid: %s. To ensure interoperability, '
2026-07-01 08:38:39.245 10 INFO neutron.notifiers.nova [-] Nova event matching ['req-a772d85a-b105-4c63-858f-b31a040b5c6b'] response: {'name': 'network-changed', 'server_uuid': '8720084f-357d-4b61-853e-dff3038d1fe8', 'tag': '9b6cd379-c686-4481-b295-b575298c7bbd', 'status': 'completed', 'code': 200}
2026-07-01 08:38:39.283 10 INFO neutron.wsgi [None req-c43966e3-b88d-4a1f-9525-7a17d7af3908 404ca1fc7dd641a7bde6c254474feaa2 a997a87d207447d890eb75b05220da00 - - default default] 199.19.213.37 "GET /v2.0/networks/cda3e163-400e-4b3b-b498-2b7b55080db8 HTTP/1.1" status: 200 len: 1000 time: 0.0689387
2026-07-01 08:38:39.328 10 INFO neutron.wsgi [req-4e86d7df-2fb1-43ba-8b31-32aa39cefb50 req-60bdb1f6-64bb-4e29-b51b-1a47bb3b0974 2450d12b528d4a09a205edd6aaa5f914 aad9c472675a4ec2a430001197ce5dbe - - 44bc701823e44ee885a6e2c147189a78 44bc701823e44ee885a6e2c147189a78] 199.19.213.37 "GET /v2.0/ports?tenant_id=a997a87d207447d890eb75b05220da00&device_id=8720084f-357d-4b61-853e-dff3038d1fe8 HTTP/1.1" status: 200 len: 4924 time: 0.0559423
2026-07-01 08:38:39.340 10 INFO neutron.wsgi [None req-d4dac0ab-067a-4716-9a1c-9787964ce82e 404ca1fc7dd641a7bde6c254474feaa2 a997a87d207447d890eb75b05220da00 - - default default] 199.19.213.37 "GET /v2.0/subnets/dbb5b8f6-b790-4f48-98ce-06af6458c9a9 HTTP/1.1" status: 200 len: 848 time: 0.0363989
2026-07-01 08:38:39.396 10 INFO neutron.wsgi [req-4e86d7df-2fb1-43ba-8b31-32aa39cefb50 req-fe1547ef-5b9b-4686-af60-0002f485696a 2450d12b528d4a09a205edd6aaa5f914 aad9c472675a4ec2a430001197ce5dbe - - 44bc701823e44ee885a6e2c147189a78 44bc701823e44ee885a6e2c147189a78] 199.19.213.37 "GET /v2.0/networks?id=cda3e163-400e-4b3b-b498-2b7b55080db8 HTTP/1.1" status: 200 len: 1003 time: 0.0642612
2026-07-01 08:38:39.430 10 INFO neutron.wsgi [None req-06f8e46d-1d33-4866-80a2-6f9378e8c4af 404ca1fc7dd641a7bde6c254474feaa2 a997a87d207447d890eb75b05220da00 - - default default] 199.19.213.37 "GET /v2.0/extensions/security-group HTTP/1.1" status: 200 len: 369 time: 0.0042102
2026-07-01 08:38:39.431 10 INFO neutron.wsgi [req-4e86d7df-2fb1-43ba-8b31-32aa39cefb50 req-e8c2ce9c-80e3-404b-a524-c310994de83d 2450d12b528d4a09a205edd6aaa5f914 aad9c472675a4ec2a430001197ce5dbe - - 44bc701823e44ee885a6e2c147189a78 44bc701823e44ee885a6e2c147189a78] 199.19.213.37 "GET /v2.0/floatingips?fixed_ip_address=10.2.2.164&port_id=9b6cd379-c686-4481-b295-b575298c7bbd HTTP/1.1" status: 200 len: 217 time: 0.0282288
2026-07-01 08:38:39.453 10 INFO neutron.wsgi [None req-abb90dad-7410-4a73-a623-38f27e33c55d 404ca1fc7dd641a7bde6c254474feaa2 a997a87d207447d890eb75b05220da00 - - default default] 199.19.213.37 "GET /v2.0/extensions/dns-integration HTTP/1.1" status: 200 len: 371 time: 0.0162032
2026-07-01 08:38:39.465 10 INFO neutron.wsgi [None req-3d339224-1cf4-407a-889b-3a9af0ae87e2 404ca1fc7dd641a7bde6c254474feaa2 a997a87d207447d890eb75b05220da00 - - default default] 199.19.213.37 "GET /v2.0/extensions/qos HTTP/1.1" status: 200 len: 365 time: 0.0035028
2026-07-01 08:38:39.473 10 INFO neutron.wsgi [None req-beaa9db4-ffd4-435d-bd9d-5bfc7c59d049 404ca1fc7dd641a7bde6c254474feaa2 a997a87d207447d890eb75b05220da00 - - default default] 199.19.213.37 "GET /v2.0/extensions/allowed-address-pairs HTTP/1.1" status: 200 len: 383 time: 0.0034134
2026-07-01 08:38:39.477 10 INFO neutron.wsgi [req-4e86d7df-2fb1-43ba-8b31-32aa39cefb50 req-1ee4a2d5-35e9-4e1c-9f0a-63cdf5557885 2450d12b528d4a09a205edd6aaa5f914 aad9c472675a4ec2a430001197ce5dbe - - 44bc701823e44ee885a6e2c147189a78 44bc701823e44ee885a6e2c147189a78] 199.19.213.37 "GET /v2.0/subnets?id=dbb5b8f6-b790-4f48-98ce-06af6458c9a9 HTTP/1.1" status: 200 len: 851 time: 0.0411503
2026-07-01 08:38:39.512 10 INFO neutron.wsgi [req-4e86d7df-2fb1-43ba-8b31-32aa39cefb50 req-e9713e05-84d2-45ce-a0b0-a59a9a33d869 2450d12b528d4a09a205edd6aaa5f914 aad9c472675a4ec2a430001197ce5dbe - - 44bc701823e44ee885a6e2c147189a78 44bc701823e44ee885a6e2c147189a78] 199.19.213.37 "GET /v2.0/ports?network_id=cda3e163-400e-4b3b-b498-2b7b55080db8&device_owner=network%3Adhcp HTTP/1.1" status: 200 len: 210 time: 0.0277455
2026-07-01 08:38:39.516 10 INFO neutron.wsgi [None req-8eb043f5-18d5-40b5-b86a-7a1e6bf48a0a 404ca1fc7dd641a7bde6c254474feaa2 a997a87d207447d890eb75b05220da00 - - default default] 199.19.213.37 "GET /v2.0/subnets/e56783a6-2a0e-4b32-ac23-dc4ef83969d3 HTTP/1.1" status: 200 len: 851 time: 0.0382071
2026-07-01 08:38:39.563 10 INFO neutron.wsgi [None req-5fc8d8eb-2183-4876-92e5-8e78d6eaf94d 404ca1fc7dd641a7bde6c254474feaa2 a997a87d207447d890eb75b05220da00 - - default default] 199.19.213.37 "GET /v2.0/ports/5877d252-f146-4236-9195-664516fe2e16 HTTP/1.1" status: 200 len: 1340 time: 0.0423758
2026-07-01 08:38:39.592 10 INFO neutron.wsgi [req-4e86d7df-2fb1-43ba-8b31-32aa39cefb50 req-b8f51066-07ec-4b1c-957b-46610826aedb 2450d12b528d4a09a205edd6aaa5f914 aad9c472675a4ec2a430001197ce5dbe - - 44bc701823e44ee885a6e2c147189a78 44bc701823e44ee885a6e2c147189a78] 199.19.213.37 "GET /v2.0/networks/cda3e163-400e-4b3b-b498-2b7b55080db8?fields=segments HTTP/1.1" status: 200 len: 212 time: 0.0712426
2026-07-01 08:38:39.608 10 INFO neutron.wsgi [None req-3e5fd498-1a41-4473-a887-4d84051fb9fe 404ca1fc7dd641a7bde6c254474feaa2 a997a87d207447d890eb75b05220da00 - - default default] 199.19.213.37 "GET /v2.0/ports/8a132700-f741-4e50-8dbc-667e09933831 HTTP/1.1" status: 200 len: 1471 time: 0.0387514
2026-07-01 08:38:39.659 10 INFO neutron.wsgi [None req-7db05d5d-34d1-4c66-915a-c35ecca472bc 404ca1fc7dd641a7bde6c254474feaa2 a997a87d207447d890eb75b05220da00 - - default default] 199.19.213.37 "GET /v2.0/subnets/e56783a6-2a0e-4b32-ac23-dc4ef83969d3 HTTP/1.1" status: 200 len: 851 time: 0.0452092
2026-07-01 08:38:39.675 10 INFO neutron.wsgi [req-4e86d7df-2fb1-43ba-8b31-32aa39cefb50 req-cfc2ef7f-0c12-480e-a9a2-b8c2f3d66e14 2450d12b528d4a09a205edd6aaa5f914 aad9c472675a4ec2a430001197ce5dbe - - 44bc701823e44ee885a6e2c147189a78 44bc701823e44ee885a6e2c147189a78] 199.19.213.37 "GET /v2.0/networks/cda3e163-400e-4b3b-b498-2b7b55080db8?fields=provider%3Aphysical_network&fields=provider%3Anetwork_type HTTP/1.1" status: 200 len: 277 time: 0.0750110
2026-07-01 08:38:39.733 10 INFO neutron.wsgi [None req-8d41be4f-7b7d-4cef-97ac-65cb051ae458 404ca1fc7dd641a7bde6c254474feaa2 a997a87d207447d890eb75b05220da00 - - default default] 199.19.213.37 "GET /v2.0/networks/03a807a9-d297-4983-8f2d-85106683e048 HTTP/1.1" status: 200 len: 1001 time: 0.0660689
2026-07-01 08:38:39.783 10 INFO neutron.wsgi [None req-fe324859-1fc9-4dc8-9a7b-edf561cdcf66 404ca1fc7dd641a7bde6c254474feaa2 a997a87d207447d890eb75b05220da00 - - default default] 199.19.213.37 "GET /v2.0/ports/5877d252-f146-4236-9195-664516fe2e16 HTTP/1.1" status: 200 len: 1340 time: 0.0432487
2026-07-01 08:38:39.843 10 INFO neutron.wsgi [None req-e95d51b5-2915-4450-b098-f8a7cb37f03a 404ca1fc7dd641a7bde6c254474feaa2 a997a87d207447d890eb75b05220da00 - - default default] 199.19.213.37 "GET /v2.0/subnets/e56783a6-2a0e-4b32-ac23-dc4ef83969d3 HTTP/1.1" status: 200 len: 851 time: 0.0548234
2026-07-01 08:38:40.811 9 INFO neutron.notifiers.nova [-] Nova event matching ['req-0118c8b7-a618-4984-972c-80b6d5afc20c'] response: {'server_uuid': '8720084f-357d-4b61-853e-dff3038d1fe8', 'name': 'network-vif-plugged', 'status': 'completed', 'tag': '9b6cd379-c686-4481-b295-b575298c7bbd', 'code': 200}
2026-07-01 08:38:42.347 10 INFO neutron.wsgi [-] 10.0.0.101 "GET / HTTP/1.1" status: 200 len: 246 time: 0.0023603
2026-07-01 08:38:42.347 9 INFO neutron.wsgi [-] 10.0.0.101 "GET / HTTP/1.1" status: 200 len: 246 time: 0.0025413 /var/lib/openstack/lib/python3.10/site-packages/pycadf/identifier.py:71: UserWarning: Invalid uuid: neutron. To ensure interoperability, identifiers should be a valid uuid. warnings.warn(('Invalid uuid: %s. To ensure interoperability, '
2026-07-01 08:38:48.988 9 INFO neutron.wsgi [None req-af87c2d0-abbc-4af9-aa14-1418764d53f2 404ca1fc7dd641a7bde6c254474feaa2 a997a87d207447d890eb75b05220da00 - - default default] 199.19.213.37 "GET /v2.0/extensions/security-group HTTP/1.1" status: 200 len: 369 time: 0.0076847
2026-07-01 08:38:48.995 9 INFO neutron.wsgi [None req-31ae8461-e9c6-44b2-ab32-c3726194f05f 404ca1fc7dd641a7bde6c254474feaa2 a997a87d207447d890eb75b05220da00 - - default default] 199.19.213.37 "GET /v2.0/extensions/dns-integration HTTP/1.1" status: 200 len: 371 time: 0.0037951
2026-07-01 08:38:49.004 9 INFO neutron.wsgi [None req-70a229bb-18aa-46c7-867f-7d838131efcb 404ca1fc7dd641a7bde6c254474feaa2 a997a87d207447d890eb75b05220da00 - - default default] 199.19.213.37 "GET /v2.0/extensions/qos HTTP/1.1" status: 200 len: 365 time: 0.0048430
2026-07-01 08:38:49.015 9 INFO neutron.wsgi [None req-79eb79fb-a12e-4ec9-9dba-42248a3e6d14 404ca1fc7dd641a7bde6c254474feaa2 a997a87d207447d890eb75b05220da00 - - default default] 199.19.213.37 "GET /v2.0/extensions/allowed-address-pairs HTTP/1.1" status: 200 len: 383 time: 0.0065618
2026-07-01 08:38:49.050 9 INFO neutron.wsgi [None req-daa689b0-fbbf-4cc0-a340-82a0c4a77090 404ca1fc7dd641a7bde6c254474feaa2 a997a87d207447d890eb75b05220da00 - - default default] 199.19.213.37 "GET /v2.0/subnets/1ec47348-11ac-4b6c-b3c7-abaed074e5b2 HTTP/1.1" status: 200 len: 849 time: 0.0292649
2026-07-01 08:38:49.094 9 INFO neutron.wsgi [None req-87345817-d72f-4a6a-95bc-f6556ef68311 404ca1fc7dd641a7bde6c254474feaa2 a997a87d207447d890eb75b05220da00 - - default default] 199.19.213.37 "GET /v2.0/ports?device_id=8720084f-357d-4b61-853e-dff3038d1fe8 HTTP/1.1" status: 200 len: 4924 time: 0.0398326
2026-07-01 08:38:49.234 9 INFO neutron.wsgi [None req-ad2d2e24-dfdc-4f0d-98c5-442f9c9ee172 404ca1fc7dd641a7bde6c254474feaa2 a997a87d207447d890eb75b05220da00 - - default default] 199.19.213.37 "GET /v2.0/extensions/security-group HTTP/1.1" status: 200 len: 369 time: 0.0071702
2026-07-01 08:38:49.242 9 INFO neutron.wsgi [None req-fba88f99-e2ce-46eb-9d30-c62faf4edb90 404ca1fc7dd641a7bde6c254474feaa2 a997a87d207447d890eb75b05220da00 - - default default] 199.19.213.37 "GET /v2.0/extensions/dns-integration HTTP/1.1" status: 200 len: 371 time: 0.0044873
2026-07-01 08:38:49.250 9 INFO neutron.wsgi [None req-553bc649-880e-4793-9f88-58465e4c5b4a 404ca1fc7dd641a7bde6c254474feaa2 a997a87d207447d890eb75b05220da00 - - default default] 199.19.213.37 "GET /v2.0/extensions/qos HTTP/1.1" status: 200 len: 365 time: 0.0044773
2026-07-01 08:38:49.259 9 INFO neutron.wsgi [None req-3e21fc90-b4c5-489a-956c-1865ff529ae2 404ca1fc7dd641a7bde6c254474feaa2 a997a87d207447d890eb75b05220da00 - - default default] 199.19.213.37 "GET /v2.0/extensions/allowed-address-pairs HTTP/1.1" status: 200 len: 383 time: 0.0050766
2026-07-01 08:38:49.294 9 INFO neutron.wsgi [None req-3977e8f5-08ba-4024-907f-ecf129ec3e1c 404ca1fc7dd641a7bde6c254474feaa2 a997a87d207447d890eb75b05220da00 - - default default] 199.19.213.37 "GET /v2.0/ports/9b6cd379-c686-4481-b295-b575298c7bbd HTTP/1.1" status: 200 len: 1358 time: 0.0274355
2026-07-01 08:38:49.703 9 INFO neutron.db.ovn_revision_numbers_db [None req-4d773aa8-effd-4815-a01a-85d356d29cbb 404ca1fc7dd641a7bde6c254474feaa2 a997a87d207447d890eb75b05220da00 - - - -] Successfully bumped revision number for resource 9b6cd379-c686-4481-b295-b575298c7bbd (type: ports) to 6
2026-07-01 08:38:49.714 9 INFO neutron.wsgi [None req-4d773aa8-effd-4815-a01a-85d356d29cbb 404ca1fc7dd641a7bde6c254474feaa2 a997a87d207447d890eb75b05220da00 - - - -] 199.19.213.37 "PUT /v2.0/ports/9b6cd379-c686-4481-b295-b575298c7bbd HTTP/1.1" status: 200 len: 1154 time: 0.4125924 /var/lib/openstack/lib/python3.10/site-packages/pycadf/identifier.py:71: UserWarning: Invalid uuid: neutron. To ensure interoperability, identifiers should be a valid uuid. warnings.warn(('Invalid uuid: %s. To ensure interoperability, '
2026-07-01 08:38:49.755 9 INFO neutron.notifiers.nova [-] Nova event matching ['req-f355d1b3-574e-4749-9edb-bc1502dd2fd6'] response: {'name': 'network-changed', 'server_uuid': '8720084f-357d-4b61-853e-dff3038d1fe8', 'tag': '9b6cd379-c686-4481-b295-b575298c7bbd', 'status': 'completed', 'code': 200}
2026-07-01 08:38:49.773 9 INFO neutron.wsgi [None req-7b9145bd-27e5-4748-b0ae-6255c784f193 404ca1fc7dd641a7bde6c254474feaa2 a997a87d207447d890eb75b05220da00 - - default default] 199.19.213.37 "GET /v2.0/networks/cda3e163-400e-4b3b-b498-2b7b55080db8 HTTP/1.1" status: 200 len: 1000 time: 0.0531807
2026-07-01 08:38:49.816 9 INFO neutron.wsgi [None req-67014f57-b97d-451a-8c6b-96412b04c761 404ca1fc7dd641a7bde6c254474feaa2 a997a87d207447d890eb75b05220da00 - - default default] 199.19.213.37 "GET /v2.0/ports?device_id=8720084f-357d-4b61-853e-dff3038d1fe8 HTTP/1.1" status: 200 len: 4749 time: 0.0367460
2026-07-01 08:38:49.929 9 INFO neutron.wsgi [None req-a96658ed-8408-412c-93e8-39895208ccdf 404ca1fc7dd641a7bde6c254474feaa2 a997a87d207447d890eb75b05220da00 - - default default] 199.19.213.37 "GET /v2.0/ports?device_id=8720084f-357d-4b61-853e-dff3038d1fe8 HTTP/1.1" status: 200 len: 4749 time: 0.0327983
2026-07-01 08:38:49.949 10 INFO neutron.wsgi [req-e5b24840-7051-4f81-9a0a-237d1a850207 req-4c696650-6b5b-42a6-81d8-58e56a93a5ce 2450d12b528d4a09a205edd6aaa5f914 aad9c472675a4ec2a430001197ce5dbe - - 44bc701823e44ee885a6e2c147189a78 44bc701823e44ee885a6e2c147189a78] 199.19.213.37 "GET /v2.0/ports?tenant_id=a997a87d207447d890eb75b05220da00&device_id=8720084f-357d-4b61-853e-dff3038d1fe8 HTTP/1.1" status: 200 len: 4749 time: 0.1694343
2026-07-01 08:38:50.010 10 INFO neutron.wsgi [req-e5b24840-7051-4f81-9a0a-237d1a850207 req-d5982918-5adc-43e0-b221-7e45f0833077 2450d12b528d4a09a205edd6aaa5f914 aad9c472675a4ec2a430001197ce5dbe - - 44bc701823e44ee885a6e2c147189a78 44bc701823e44ee885a6e2c147189a78] 199.19.213.37 "GET /v2.0/networks?id=cda3e163-400e-4b3b-b498-2b7b55080db8 HTTP/1.1" status: 200 len: 1003 time: 0.0544307
2026-07-01 08:38:50.076 10 INFO neutron.wsgi [req-e5b24840-7051-4f81-9a0a-237d1a850207 req-009211cc-6456-4ad7-9ce1-c31a5345abbc 2450d12b528d4a09a205edd6aaa5f914 aad9c472675a4ec2a430001197ce5dbe - - 44bc701823e44ee885a6e2c147189a78 44bc701823e44ee885a6e2c147189a78] 199.19.213.37 "GET /v2.0/networks/cda3e163-400e-4b3b-b498-2b7b55080db8?fields=segments HTTP/1.1" status: 200 len: 212 time: 0.0594876
2026-07-01 08:38:50.193 10 INFO neutron.wsgi [req-e5b24840-7051-4f81-9a0a-237d1a850207 req-dbfdbaaf-bd56-4dac-ada0-0c3a97ef7eca 2450d12b528d4a09a205edd6aaa5f914 aad9c472675a4ec2a430001197ce5dbe - - 44bc701823e44ee885a6e2c147189a78 44bc701823e44ee885a6e2c147189a78] 199.19.213.37 "GET /v2.0/networks/cda3e163-400e-4b3b-b498-2b7b55080db8?fields=provider%3Aphysical_network&fields=provider%3Anetwork_type HTTP/1.1" status: 200 len: 277 time: 0.1089296
2026-07-01 08:38:50.205 9 INFO neutron.plugins.ml2.drivers.ovn.mech_driver.mech_driver [None req-90b0be18-ef05-41b8-ac24-6ad0f59b6587 - - - - - -] OVN reports status down for port: 9b6cd379-c686-4481-b295-b575298c7bbd
2026-07-01 08:38:50.273 10 INFO neutron.wsgi [req-cea369db-96d1-453c-b19d-2dc139fbc580 req-65ba5b58-f73d-42ef-8051-f606a1e087c5 2450d12b528d4a09a205edd6aaa5f914 aad9c472675a4ec2a430001197ce5dbe - - 44bc701823e44ee885a6e2c147189a78 44bc701823e44ee885a6e2c147189a78] 199.19.213.37 "GET /v2.0/ports/9b6cd379-c686-4481-b295-b575298c7bbd HTTP/1.1" status: 200 len: 1182 time: 0.0336032
2026-07-01 08:38:50.450 9 INFO neutron.db.ovn_revision_numbers_db [None req-90b0be18-ef05-41b8-ac24-6ad0f59b6587 - - - - - -] Successfully bumped revision number for resource 9b6cd379-c686-4481-b295-b575298c7bbd (type: ports) to 7
2026-07-01 08:38:50.519 10 INFO neutron.wsgi [None req-d4d5bd34-0c67-4923-893c-f6dad33bdd73 404ca1fc7dd641a7bde6c254474feaa2 a997a87d207447d890eb75b05220da00 - - - -] 199.19.213.37 "DELETE /v2.0/ports/9b6cd379-c686-4481-b295-b575298c7bbd HTTP/1.1" status: 204 len: 173 time: 0.2402077
2026-07-01 08:38:50.562 10 INFO neutron.notifiers.nova [-] Nova event matching ['req-1208769e-c317-42a9-b8e0-25e4ef3a89c8'] response: {'server_uuid': '8720084f-357d-4b61-853e-dff3038d1fe8', 'name': 'network-vif-deleted', 'tag': '9b6cd379-c686-4481-b295-b575298c7bbd', 'status': 'completed', 'code': 200}
2026-07-01 08:38:50.614 10 INFO neutron.wsgi [req-cea369db-96d1-453c-b19d-2dc139fbc580 req-c17ee813-d7e5-4825-b9a7-db85195eda51 2450d12b528d4a09a205edd6aaa5f914 aad9c472675a4ec2a430001197ce5dbe - - 44bc701823e44ee885a6e2c147189a78 44bc701823e44ee885a6e2c147189a78] 199.19.213.37 "GET /v2.0/ports?tenant_id=a997a87d207447d890eb75b05220da00&device_id=8720084f-357d-4b61-853e-dff3038d1fe8 HTTP/1.1" status: 200 len: 3774 time: 0.0419354
2026-07-01 08:38:50.690 10 INFO neutron.wsgi [req-cea369db-96d1-453c-b19d-2dc139fbc580 req-19d56dc5-b05a-4150-82a5-780f2c0faf62 2450d12b528d4a09a205edd6aaa5f914 aad9c472675a4ec2a430001197ce5dbe - - 44bc701823e44ee885a6e2c147189a78 44bc701823e44ee885a6e2c147189a78] 199.19.213.37 "GET /v2.0/networks?id=c54943c1-50b6-4547-b3f9-34a6a6fd7980&id=03a807a9-d297-4983-8f2d-85106683e048&id=628fa998-e4c1-4a51-8566-5c7dd73b49d4&id=cda3e163-400e-4b3b-b498-2b7b55080db8 HTTP/1.1" status: 200 len: 3307 time: 0.0690215
2026-07-01 08:38:50.734 10 INFO neutron.wsgi [req-cea369db-96d1-453c-b19d-2dc139fbc580 req-23570279-12d3-4b73-90c7-95494b5b7bf5 2450d12b528d4a09a205edd6aaa5f914 aad9c472675a4ec2a430001197ce5dbe - - 44bc701823e44ee885a6e2c147189a78 44bc701823e44ee885a6e2c147189a78] 199.19.213.37 "GET /v2.0/floatingips?fixed_ip_address=172.24.1.8&port_id=dc9d4c63-0d5d-462e-b272-5d581d774dd0 HTTP/1.1" status: 200 len: 217 time: 0.0383346
2026-07-01 08:38:50.786 10 INFO neutron.wsgi [req-cea369db-96d1-453c-b19d-2dc139fbc580 req-6dab136b-8c48-4d7d-a095-fa3ca1f85c6f 2450d12b528d4a09a205edd6aaa5f914 aad9c472675a4ec2a430001197ce5dbe - - 44bc701823e44ee885a6e2c147189a78 44bc701823e44ee885a6e2c147189a78] 199.19.213.37 "GET /v2.0/subnets?id=4862c5c0-6f0d-40c0-b8b7-fcd574b8b820 HTTP/1.1" status: 200 len: 829 time: 0.0458953
2026-07-01 08:38:50.817 10 INFO neutron.wsgi [req-cea369db-96d1-453c-b19d-2dc139fbc580 req-2402b324-4b47-452f-943e-e860639cc6d1 2450d12b528d4a09a205edd6aaa5f914 aad9c472675a4ec2a430001197ce5dbe - - 44bc701823e44ee885a6e2c147189a78 44bc701823e44ee885a6e2c147189a78] 199.19.213.37 "GET /v2.0/ports?network_id=c54943c1-50b6-4547-b3f9-34a6a6fd7980&device_owner=network%3Adhcp HTTP/1.1" status: 200 len: 210 time: 0.0273306
2026-07-01 08:38:50.891 10 INFO neutron.wsgi [req-cea369db-96d1-453c-b19d-2dc139fbc580 req-eea245a8-6280-410a-9532-a83145a6cbdd 2450d12b528d4a09a205edd6aaa5f914 aad9c472675a4ec2a430001197ce5dbe - - 44bc701823e44ee885a6e2c147189a78 44bc701823e44ee885a6e2c147189a78] 199.19.213.37 "GET /v2.0/networks/c54943c1-50b6-4547-b3f9-34a6a6fd7980?fields=segments HTTP/1.1" status: 200 len: 212 time: 0.0689566
2026-07-01 08:38:50.958 10 INFO neutron.wsgi [req-cea369db-96d1-453c-b19d-2dc139fbc580 req-22437cd6-970d-4a2a-bc1e-d5d72ce5cbdb 2450d12b528d4a09a205edd6aaa5f914 aad9c472675a4ec2a430001197ce5dbe - - 44bc701823e44ee885a6e2c147189a78 44bc701823e44ee885a6e2c147189a78] 199.19.213.37 "GET /v2.0/networks/c54943c1-50b6-4547-b3f9-34a6a6fd7980?fields=provider%3Aphysical_network&fields=provider%3Anetwork_type HTTP/1.1" status: 200 len: 277 time: 0.0589824
2026-07-01 08:38:50.984 9 INFO neutron.wsgi [None req-34e27858-7518-4343-b2fd-89d06216fd57 404ca1fc7dd641a7bde6c254474feaa2 a997a87d207447d890eb75b05220da00 - - default default] 199.19.213.37 "GET /v2.0/ports?device_id=8720084f-357d-4b61-853e-dff3038d1fe8 HTTP/1.1" status: 200 len: 3774 time: 0.0468755
2026-07-01 08:38:50.990 10 INFO neutron.wsgi [req-cea369db-96d1-453c-b19d-2dc139fbc580 req-a61331ae-2cc8-4ddb-8b73-6ac08dc62c51 2450d12b528d4a09a205edd6aaa5f914 aad9c472675a4ec2a430001197ce5dbe - - 44bc701823e44ee885a6e2c147189a78 44bc701823e44ee885a6e2c147189a78] 199.19.213.37 "GET /v2.0/floatingips?fixed_ip_address=10.1.1.149&port_id=8a132700-f741-4e50-8dbc-667e09933831 HTTP/1.1" status: 200 len: 217 time: 0.0241406
2026-07-01 08:38:51.012 9 INFO neutron.pecan_wsgi.hooks.translation [None req-9683246c-a712-466a-9fc9-1329aac15a9d 404ca1fc7dd641a7bde6c254474feaa2 a997a87d207447d890eb75b05220da00 - - - -] DELETE failed (client error): The resource could not be found.
2026-07-01 08:38:51.014 9 INFO neutron.wsgi [None req-9683246c-a712-466a-9fc9-1329aac15a9d 404ca1fc7dd641a7bde6c254474feaa2 a997a87d207447d890eb75b05220da00 - - - -] 199.19.213.37 "DELETE /v2.0/ports/9b6cd379-c686-4481-b295-b575298c7bbd HTTP/1.1" status: 404 len: 338 time: 0.0224884
2026-07-01 08:38:51.024 10 INFO neutron.wsgi [req-cea369db-96d1-453c-b19d-2dc139fbc580 req-3e6fe3be-005d-4221-94df-b14b8871a22a 2450d12b528d4a09a205edd6aaa5f914 aad9c472675a4ec2a430001197ce5dbe - - 44bc701823e44ee885a6e2c147189a78 44bc701823e44ee885a6e2c147189a78] 199.19.213.37 "GET /v2.0/subnets?id=e56783a6-2a0e-4b32-ac23-dc4ef83969d3 HTTP/1.1" status: 200 len: 854 time: 0.0283725
2026-07-01 08:38:51.061 10 INFO neutron.wsgi [req-cea369db-96d1-453c-b19d-2dc139fbc580 req-31ce984b-2a32-46bc-9b08-801fe4583226 2450d12b528d4a09a205edd6aaa5f914 aad9c472675a4ec2a430001197ce5dbe - - 44bc701823e44ee885a6e2c147189a78 44bc701823e44ee885a6e2c147189a78] 199.19.213.37 "GET /v2.0/ports?network_id=03a807a9-d297-4983-8f2d-85106683e048&device_owner=network%3Adhcp HTTP/1.1" status: 200 len: 210 time: 0.0308838
2026-07-01 08:38:51.094 9 INFO neutron.wsgi [None req-de504b27-e415-4357-8d7e-321bc1132b6c 404ca1fc7dd641a7bde6c254474feaa2 a997a87d207447d890eb75b05220da00 - - default default] 199.19.213.37 "GET /v2.0/extensions/security-group HTTP/1.1" status: 200 len: 369 time: 0.0080001
2026-07-01 08:38:51.102 9 INFO neutron.wsgi [None req-ae497368-b6a8-47dd-8e57-ec06b043afc6 404ca1fc7dd641a7bde6c254474feaa2 a997a87d207447d890eb75b05220da00 - - default default] 199.19.213.37 "GET /v2.0/extensions/dns-integration HTTP/1.1" status: 200 len: 371 time: 0.0031202
2026-07-01 08:38:51.109 9 INFO neutron.wsgi [None req-5e2c706b-c16a-44a6-b1fd-9e839dddd4eb 404ca1fc7dd641a7bde6c254474feaa2 a997a87d207447d890eb75b05220da00 - - default default] 199.19.213.37 "GET /v2.0/extensions/qos HTTP/1.1" status: 200 len: 365 time: 0.0042470
2026-07-01 08:38:51.122 9 INFO neutron.wsgi [None req-3579490c-85d9-4ad3-9cbc-dbf0db2e4843 404ca1fc7dd641a7bde6c254474feaa2 a997a87d207447d890eb75b05220da00 - - default default] 199.19.213.37 "GET /v2.0/extensions/allowed-address-pairs HTTP/1.1" status: 200 len: 383 time: 0.0085745
2026-07-01 08:38:51.130 10 INFO neutron.wsgi [req-cea369db-96d1-453c-b19d-2dc139fbc580 req-5c56fb2b-2dd9-49c8-9ccb-517c1d6a3f19 2450d12b528d4a09a205edd6aaa5f914 aad9c472675a4ec2a430001197ce5dbe - - 44bc701823e44ee885a6e2c147189a78 44bc701823e44ee885a6e2c147189a78] 199.19.213.37 "GET /v2.0/networks/03a807a9-d297-4983-8f2d-85106683e048?fields=segments HTTP/1.1" status: 200 len: 212 time: 0.0629466
2026-07-01 08:38:51.163 9 INFO neutron.wsgi [None req-34fe7a69-7d27-421b-aef1-88fdafafb213 404ca1fc7dd641a7bde6c254474feaa2 a997a87d207447d890eb75b05220da00 - - default default] 199.19.213.37 "GET /v2.0/subnets/e56783a6-2a0e-4b32-ac23-dc4ef83969d3 HTTP/1.1" status: 200 len: 851 time: 0.0345871
2026-07-01 08:38:51.194 9 INFO neutron.wsgi [None req-1ad5de56-f87c-40ec-9d03-dc675a400ba5 404ca1fc7dd641a7bde6c254474feaa2 a997a87d207447d890eb75b05220da00 - - default default] 199.19.213.37 "GET /v2.0/ports/5877d252-f146-4236-9195-664516fe2e16 HTTP/1.1" status: 200 len: 1340 time: 0.0269902
2026-07-01 08:38:51.207 10 INFO neutron.wsgi [req-cea369db-96d1-453c-b19d-2dc139fbc580 req-a4a90e4c-852e-46bb-a6a3-5f2b45b119ce 2450d12b528d4a09a205edd6aaa5f914 aad9c472675a4ec2a430001197ce5dbe - - 44bc701823e44ee885a6e2c147189a78 44bc701823e44ee885a6e2c147189a78] 199.19.213.37 "GET /v2.0/networks/03a807a9-d297-4983-8f2d-85106683e048?fields=provider%3Aphysical_network&fields=provider%3Anetwork_type HTTP/1.1" status: 200 len: 277 time: 0.0717332
2026-07-01 08:38:51.223 9 INFO neutron.wsgi [None req-0d349bdb-9173-453a-936a-d6c0d1eda302 404ca1fc7dd641a7bde6c254474feaa2 a997a87d207447d890eb75b05220da00 - - default default] 199.19.213.37 "GET /v2.0/ports/8a132700-f741-4e50-8dbc-667e09933831 HTTP/1.1" status: 200 len: 1471 time: 0.0261889
2026-07-01 08:38:51.244 10 INFO neutron.wsgi [req-cea369db-96d1-453c-b19d-2dc139fbc580 req-25b22484-cdfd-410c-91bf-a3d4f56257cf 2450d12b528d4a09a205edd6aaa5f914 aad9c472675a4ec2a430001197ce5dbe - - 44bc701823e44ee885a6e2c147189a78 44bc701823e44ee885a6e2c147189a78] 199.19.213.37 "GET /v2.0/floatingips?fixed_ip_address=10.2.1.166&port_id=1ea97496-bcba-40c2-810f-f3f128917adc HTTP/1.1" status: 200 len: 217 time: 0.0317392
2026-07-01 08:38:51.256 9 INFO neutron.wsgi [None req-37ab6a54-0fb1-4291-8448-1bfee763dca2 404ca1fc7dd641a7bde6c254474feaa2 a997a87d207447d890eb75b05220da00 - - default default] 199.19.213.37 "GET /v2.0/subnets/e56783a6-2a0e-4b32-ac23-dc4ef83969d3 HTTP/1.1" status: 200 len: 851 time: 0.0294559
2026-07-01 08:38:51.283 10 INFO neutron.wsgi [req-cea369db-96d1-453c-b19d-2dc139fbc580 req-90680de1-bcf0-4269-82f1-3c0a58403b45 2450d12b528d4a09a205edd6aaa5f914 aad9c472675a4ec2a430001197ce5dbe - - 44bc701823e44ee885a6e2c147189a78 44bc701823e44ee885a6e2c147189a78] 199.19.213.37 "GET /v2.0/subnets?id=1ec47348-11ac-4b6c-b3c7-abaed074e5b2 HTTP/1.1" status: 200 len: 852 time: 0.0317612
2026-07-01 08:38:51.308 10 INFO neutron.wsgi [req-cea369db-96d1-453c-b19d-2dc139fbc580 req-397fd7bb-fa66-423d-b3f1-6c4836bf6350 2450d12b528d4a09a205edd6aaa5f914 aad9c472675a4ec2a430001197ce5dbe - - 44bc701823e44ee885a6e2c147189a78 44bc701823e44ee885a6e2c147189a78] 199.19.213.37 "GET /v2.0/ports?network_id=628fa998-e4c1-4a51-8566-5c7dd73b49d4&device_owner=network%3Adhcp HTTP/1.1" status: 200 len: 210 time: 0.0190918
2026-07-01 08:38:51.327 9 INFO neutron.wsgi [None req-b5fdd2a0-8c9b-4318-964d-3881b1aff077 404ca1fc7dd641a7bde6c254474feaa2 a997a87d207447d890eb75b05220da00 - - default default] 199.19.213.37 "GET /v2.0/networks/03a807a9-d297-4983-8f2d-85106683e048 HTTP/1.1" status: 200 len: 1001 time: 0.0629270
2026-07-01 08:38:51.360 9 INFO neutron.wsgi [None req-898c2279-0ce1-48ec-9405-2532e05fadd5 404ca1fc7dd641a7bde6c254474feaa2 a997a87d207447d890eb75b05220da00 - - default default] 199.19.213.37 "GET /v2.0/ports/5877d252-f146-4236-9195-664516fe2e16 HTTP/1.1" status: 200 len: 1340 time: 0.0259686
2026-07-01 08:38:51.388 10 INFO neutron.wsgi [req-cea369db-96d1-453c-b19d-2dc139fbc580 req-97b0657f-a296-439e-923a-e4fdf1372a9d 2450d12b528d4a09a205edd6aaa5f914 aad9c472675a4ec2a430001197ce5dbe - - 44bc701823e44ee885a6e2c147189a78 44bc701823e44ee885a6e2c147189a78] 199.19.213.37 "GET /v2.0/networks/628fa998-e4c1-4a51-8566-5c7dd73b49d4?fields=segments HTTP/1.1" status: 200 len: 212 time: 0.0728171
2026-07-01 08:38:51.402 9 INFO neutron.wsgi [None req-7497c8e0-812c-48f1-b352-76920cac690d 404ca1fc7dd641a7bde6c254474feaa2 a997a87d207447d890eb75b05220da00 - - default default] 199.19.213.37 "GET /v2.0/subnets/e56783a6-2a0e-4b32-ac23-dc4ef83969d3 HTTP/1.1" status: 200 len: 851 time: 0.0321000
2026-07-01 08:38:51.456 10 INFO neutron.wsgi [req-cea369db-96d1-453c-b19d-2dc139fbc580 req-058220db-bb9f-4b50-ba6b-883cb2fd11a3 2450d12b528d4a09a205edd6aaa5f914 aad9c472675a4ec2a430001197ce5dbe - - 44bc701823e44ee885a6e2c147189a78 44bc701823e44ee885a6e2c147189a78] 199.19.213.37 "GET /v2.0/networks/628fa998-e4c1-4a51-8566-5c7dd73b49d4?fields=provider%3Aphysical_network&fields=provider%3Anetwork_type HTTP/1.1" status: 200 len: 277 time: 0.0605071
2026-07-01 08:38:51.796 9 INFO neutron.notifiers.nova [-] Nova event matching ['req-690681a4-cba6-44a9-8acb-01e03e5845db'] response: {'server_uuid': '8720084f-357d-4b61-853e-dff3038d1fe8', 'name': 'network-vif-unplugged', 'status': 'completed', 'tag': '9b6cd379-c686-4481-b295-b575298c7bbd', 'code': 200}
2026-07-01 08:38:51.797 9 INFO neutron.notifiers.nova [-] Nova event matching ['req-690681a4-cba6-44a9-8acb-01e03e5845db'] response: {'server_uuid': '8720084f-357d-4b61-853e-dff3038d1fe8', 'name': 'network-vif-plugged', 'status': 'completed', 'tag': '9b6cd379-c686-4481-b295-b575298c7bbd', 'code': 200}
2026-07-01 08:38:54.438 10 INFO neutron.wsgi [None req-0ef00241-1685-459a-b218-eeb3e13839d7 404ca1fc7dd641a7bde6c254474feaa2 a997a87d207447d890eb75b05220da00 - - default default] 199.19.213.37 "GET /v2.0/extensions/security-group HTTP/1.1" status: 200 len: 369 time: 0.0063887
2026-07-01 08:38:54.447 10 INFO neutron.wsgi [None req-6ba35759-10ad-4d4d-a60b-96f0ab85ff3d 404ca1fc7dd641a7bde6c254474feaa2 a997a87d207447d890eb75b05220da00 - - default default] 199.19.213.37 "GET /v2.0/extensions/dns-integration HTTP/1.1" status: 200 len: 371 time: 0.0039985
2026-07-01 08:38:54.461 10 INFO neutron.wsgi [None req-21696cc0-7ecb-4749-ae4e-22f4688b65f3 404ca1fc7dd641a7bde6c254474feaa2 a997a87d207447d890eb75b05220da00 - - default default] 199.19.213.37 "GET /v2.0/extensions/qos HTTP/1.1" status: 200 len: 365 time: 0.0090556
2026-07-01 08:38:54.477 10 INFO neutron.wsgi [None req-34f99df7-270e-43ea-8cfb-270125b07619 404ca1fc7dd641a7bde6c254474feaa2 a997a87d207447d890eb75b05220da00 - - default default] 199.19.213.37 "GET /v2.0/extensions/allowed-address-pairs HTTP/1.1" status: 200 len: 383 time: 0.0094337
2026-07-01 08:38:54.527 10 INFO neutron.wsgi [None req-8bfdc23f-5db1-4807-90da-f3080fee2f21 404ca1fc7dd641a7bde6c254474feaa2 a997a87d207447d890eb75b05220da00 - - default default] 199.19.213.37 "GET /v2.0/ports?device_id=8720084f-357d-4b61-853e-dff3038d1fe8 HTTP/1.1" status: 200 len: 3774 time: 0.0412164
2026-07-01 08:38:54.651 10 INFO neutron.wsgi [None req-463ba7d6-b648-4967-a226-1c5ca5b508f0 404ca1fc7dd641a7bde6c254474feaa2 a997a87d207447d890eb75b05220da00 - - default default] 199.19.213.37 "GET /v2.0/extensions/security-group HTTP/1.1" status: 200 len: 369 time: 0.0081460
2026-07-01 08:38:54.659 10 INFO neutron.wsgi [None req-e40a546e-0941-4126-a2f5-c69353aeb247 404ca1fc7dd641a7bde6c254474feaa2 a997a87d207447d890eb75b05220da00 - - default default] 199.19.213.37 "GET /v2.0/extensions/dns-integration HTTP/1.1" status: 200 len: 371 time: 0.0028625
2026-07-01 08:38:54.670 10 INFO neutron.wsgi [None req-d400ed88-4064-45b2-a1f2-3bfb922a632f 404ca1fc7dd641a7bde6c254474feaa2 a997a87d207447d890eb75b05220da00 - - default default] 199.19.213.37 "GET /v2.0/extensions/qos HTTP/1.1" status: 200 len: 365 time: 0.0067253
2026-07-01 08:38:54.678 10 INFO neutron.wsgi [None req-9f43ecfe-43eb-4622-aa57-284e68273284 404ca1fc7dd641a7bde6c254474feaa2 a997a87d207447d890eb75b05220da00 - - default default] 199.19.213.37 "GET /v2.0/extensions/allowed-address-pairs HTTP/1.1" status: 200 len: 383 time: 0.0036964
2026-07-01 08:38:54.711 10 INFO neutron.wsgi [None req-cb2d8cf2-e141-4e1d-a23f-5dce785c0039 404ca1fc7dd641a7bde6c254474feaa2 a997a87d207447d890eb75b05220da00 - - default default] 199.19.213.37 "GET /v2.0/ports/1ea97496-bcba-40c2-810f-f3f128917adc HTTP/1.1" status: 200 len: 1358 time: 0.0285819
2026-07-01 08:38:55.153 10 INFO neutron.db.ovn_revision_numbers_db [None req-089ce76d-e951-40e4-9eb9-bf6e0873aed9 404ca1fc7dd641a7bde6c254474feaa2 a997a87d207447d890eb75b05220da00 - - - -] Successfully bumped revision number for resource 1ea97496-bcba-40c2-810f-f3f128917adc (type: ports) to 6
2026-07-01 08:38:55.162 10 INFO neutron.wsgi [None req-089ce76d-e951-40e4-9eb9-bf6e0873aed9 404ca1fc7dd641a7bde6c254474feaa2 a997a87d207447d890eb75b05220da00 - - - -] 199.19.213.37 "PUT /v2.0/ports/1ea97496-bcba-40c2-810f-f3f128917adc HTTP/1.1" status: 200 len: 1154 time: 0.4449663 /var/lib/openstack/lib/python3.10/site-packages/pycadf/identifier.py:71: UserWarning: Invalid uuid: neutron. To ensure interoperability, identifiers should be a valid uuid. warnings.warn(('Invalid uuid: %s. To ensure interoperability, '
2026-07-01 08:38:55.199 10 INFO neutron.notifiers.nova [-] Nova event matching ['req-1283cfa4-5125-40a5-a2df-061d345b84f7'] response: {'name': 'network-changed', 'server_uuid': '8720084f-357d-4b61-853e-dff3038d1fe8', 'tag': '1ea97496-bcba-40c2-810f-f3f128917adc', 'status': 'completed', 'code': 200}
2026-07-01 08:38:55.221 10 INFO neutron.wsgi [None req-f588d3f5-a97f-4d39-842c-b22e0bef6a05 404ca1fc7dd641a7bde6c254474feaa2 a997a87d207447d890eb75b05220da00 - - default default] 199.19.213.37 "GET /v2.0/networks/628fa998-e4c1-4a51-8566-5c7dd73b49d4 HTTP/1.1" status: 200 len: 999 time: 0.0527375
2026-07-01 08:38:55.557 10 INFO neutron.wsgi [req-5a3eb494-ca37-4ab4-a9c2-f6a3e2f7ba1a req-4d5e5a1f-502c-40e1-b397-470eb8e297b1 2450d12b528d4a09a205edd6aaa5f914 aad9c472675a4ec2a430001197ce5dbe - - 44bc701823e44ee885a6e2c147189a78 44bc701823e44ee885a6e2c147189a78] 199.19.213.37 "GET /v2.0/ports?tenant_id=a997a87d207447d890eb75b05220da00&device_id=8720084f-357d-4b61-853e-dff3038d1fe8 HTTP/1.1" status: 200 len: 3599 time: 0.3387942
2026-07-01 08:38:55.566 10 INFO neutron.wsgi [None req-e178a825-67e9-4b06-946b-d3129e098006 404ca1fc7dd641a7bde6c254474feaa2 a997a87d207447d890eb75b05220da00 - - default default] 199.19.213.37 "GET /v2.0/ports?device_id=8720084f-357d-4b61-853e-dff3038d1fe8 HTTP/1.1" status: 200 len: 3599 time: 0.0435131
2026-07-01 08:38:55.639 10 INFO neutron.wsgi [req-5a3eb494-ca37-4ab4-a9c2-f6a3e2f7ba1a req-47e39cd3-1af9-4bca-bf04-34cdbea6a10c 2450d12b528d4a09a205edd6aaa5f914 aad9c472675a4ec2a430001197ce5dbe - - 44bc701823e44ee885a6e2c147189a78 44bc701823e44ee885a6e2c147189a78] 199.19.213.37 "GET /v2.0/networks?id=628fa998-e4c1-4a51-8566-5c7dd73b49d4 HTTP/1.1" status: 200 len: 1002 time: 0.0757945
2026-07-01 08:38:55.703 10 INFO neutron.wsgi [None req-69dde66e-4601-4ac0-b548-bd2058c10f65 404ca1fc7dd641a7bde6c254474feaa2 a997a87d207447d890eb75b05220da00 - - default default] 199.19.213.37 "GET /v2.0/ports?device_id=8720084f-357d-4b61-853e-dff3038d1fe8 HTTP/1.1" status: 200 len: 3599 time: 0.0407727
2026-07-01 08:38:55.727 10 INFO neutron.wsgi [req-5a3eb494-ca37-4ab4-a9c2-f6a3e2f7ba1a req-c61d31a3-e59f-46c8-a07e-70f51eeae1d8 2450d12b528d4a09a205edd6aaa5f914 aad9c472675a4ec2a430001197ce5dbe - - 44bc701823e44ee885a6e2c147189a78 44bc701823e44ee885a6e2c147189a78] 199.19.213.37 "GET /v2.0/networks/628fa998-e4c1-4a51-8566-5c7dd73b49d4?fields=segments HTTP/1.1" status: 200 len: 212 time: 0.0825799
2026-07-01 08:38:55.796 10 INFO neutron.wsgi [req-5a3eb494-ca37-4ab4-a9c2-f6a3e2f7ba1a req-f1bb938b-379f-418b-9f57-ba17559da80e 2450d12b528d4a09a205edd6aaa5f914 aad9c472675a4ec2a430001197ce5dbe - - 44bc701823e44ee885a6e2c147189a78 44bc701823e44ee885a6e2c147189a78] 199.19.213.37 "GET /v2.0/networks/628fa998-e4c1-4a51-8566-5c7dd73b49d4?fields=provider%3Aphysical_network&fields=provider%3Anetwork_type HTTP/1.1" status: 200 len: 277 time: 0.0582244
2026-07-01 08:38:55.955 9 INFO neutron.plugins.ml2.drivers.ovn.mech_driver.mech_driver [None req-90b0be18-ef05-41b8-ac24-6ad0f59b6587 - - - - - -] OVN reports status down for port: 1ea97496-bcba-40c2-810f-f3f128917adc
2026-07-01 08:38:56.023 10 INFO neutron.wsgi [req-d1e008a3-cd98-490b-a922-31af53d588b7 req-7e5cd381-22ad-4cef-9b0e-fc45e9a73248 2450d12b528d4a09a205edd6aaa5f914 aad9c472675a4ec2a430001197ce5dbe - - 44bc701823e44ee885a6e2c147189a78 44bc701823e44ee885a6e2c147189a78] 199.19.213.37 "GET /v2.0/ports/1ea97496-bcba-40c2-810f-f3f128917adc HTTP/1.1" status: 200 len: 1182 time: 0.0334828
2026-07-01 08:38:56.129 9 INFO neutron.notifiers.nova [-] Nova event matching ['req-1867fe95-4991-4a65-86cf-2a7021c2bf7d'] response: {'server_uuid': '8720084f-357d-4b61-853e-dff3038d1fe8', 'name': 'network-vif-unplugged', 'status': 'completed', 'tag': '1ea97496-bcba-40c2-810f-f3f128917adc', 'code': 200}
2026-07-01 08:38:56.193 9 INFO neutron.db.ovn_revision_numbers_db [None req-90b0be18-ef05-41b8-ac24-6ad0f59b6587 - - - - - -] Successfully bumped revision number for resource 1ea97496-bcba-40c2-810f-f3f128917adc (type: ports) to 7
2026-07-01 08:38:56.253 10 INFO neutron.wsgi [None req-ffccd3c7-5618-473a-a485-5385ed4adc9d 404ca1fc7dd641a7bde6c254474feaa2 a997a87d207447d890eb75b05220da00 - - - -] 199.19.213.37 "DELETE /v2.0/ports/1ea97496-bcba-40c2-810f-f3f128917adc HTTP/1.1" status: 204 len: 173 time: 0.2253354
2026-07-01 08:38:56.333 10 INFO neutron.wsgi [req-d1e008a3-cd98-490b-a922-31af53d588b7 req-6265ea91-612b-4894-bc4e-6a1f69e16c75 2450d12b528d4a09a205edd6aaa5f914 aad9c472675a4ec2a430001197ce5dbe - - 44bc701823e44ee885a6e2c147189a78 44bc701823e44ee885a6e2c147189a78] 199.19.213.37 "GET /v2.0/ports?tenant_id=a997a87d207447d890eb75b05220da00&device_id=8720084f-357d-4b61-853e-dff3038d1fe8 HTTP/1.1" status: 200 len: 2624 time: 0.0332851
2026-07-01 08:38:56.388 10 INFO neutron.wsgi [req-d1e008a3-cd98-490b-a922-31af53d588b7 req-d72a3c5b-c4b6-471f-9acd-f961e60b7ba6 2450d12b528d4a09a205edd6aaa5f914 aad9c472675a4ec2a430001197ce5dbe - - 44bc701823e44ee885a6e2c147189a78 44bc701823e44ee885a6e2c147189a78] 199.19.213.37 "GET /v2.0/networks?id=c54943c1-50b6-4547-b3f9-34a6a6fd7980&id=03a807a9-d297-4983-8f2d-85106683e048&id=628fa998-e4c1-4a51-8566-5c7dd73b49d4 HTTP/1.1" status: 200 len: 2517 time: 0.0467215
2026-07-01 08:38:56.424 10 INFO neutron.wsgi [req-d1e008a3-cd98-490b-a922-31af53d588b7 req-06ab7e2c-a84b-4196-a0e1-155160163202 2450d12b528d4a09a205edd6aaa5f914 aad9c472675a4ec2a430001197ce5dbe - - 44bc701823e44ee885a6e2c147189a78 44bc701823e44ee885a6e2c147189a78] 199.19.213.37 "GET /v2.0/floatingips?fixed_ip_address=172.24.1.8&port_id=dc9d4c63-0d5d-462e-b272-5d581d774dd0 HTTP/1.1" status: 200 len: 217 time: 0.0297806
2026-07-01 08:38:56.461 10 INFO neutron.wsgi [req-d1e008a3-cd98-490b-a922-31af53d588b7 req-49cbb017-bc0a-4efd-a5c4-7d70c5970694 2450d12b528d4a09a205edd6aaa5f914 aad9c472675a4ec2a430001197ce5dbe - - 44bc701823e44ee885a6e2c147189a78 44bc701823e44ee885a6e2c147189a78] 199.19.213.37 "GET /v2.0/subnets?id=4862c5c0-6f0d-40c0-b8b7-fcd574b8b820 HTTP/1.1" status: 200 len: 829 time: 0.0311117
2026-07-01 08:38:56.489 10 INFO neutron.wsgi [req-d1e008a3-cd98-490b-a922-31af53d588b7 req-396c170d-3aa5-4e7a-8e89-441084256a0f 2450d12b528d4a09a205edd6aaa5f914 aad9c472675a4ec2a430001197ce5dbe - - 44bc701823e44ee885a6e2c147189a78 44bc701823e44ee885a6e2c147189a78] 199.19.213.37 "GET /v2.0/ports?network_id=c54943c1-50b6-4547-b3f9-34a6a6fd7980&device_owner=network%3Adhcp HTTP/1.1" status: 200 len: 210 time: 0.0203090
