2026-07-01 08:38:23.515 9 INFO neutron.wsgi [None req-363195ea-0443-4879-9266-4d46ed60cecd 404ca1fc7dd641a7bde6c254474feaa2 a997a87d207447d890eb75b05220da00 - - default default] 199.19.213.37 "GET /v2.0/extensions/allowed-address-pairs HTTP/1.1" status: 200 len: 383 time: 0.0038900
2026-07-01 08:38:23.536 9 WARNING neutron.scheduler.dhcp_agent_scheduler [None req-644d8624-0c34-40b8-b751-cbcc61b73180 07cc27a536384875b43d7617c7f8be9c bf3848c40b1343649debbc29f99e314b - - - -] No more DHCP agents
2026-07-01 08:38:23.537 9 WARNING neutron.api.rpc.agentnotifiers.dhcp_rpc_agent_api [None req-644d8624-0c34-40b8-b751-cbcc61b73180 07cc27a536384875b43d7617c7f8be9c bf3848c40b1343649debbc29f99e314b - - - -] Unable to schedule network 114aac87-1510-43f8-ba3e-16d004bc6345: no agents available; will retry on subsequent port and subnet creation events.
2026-07-01 08:38:23.599 9 INFO neutron.db.ovn_revision_numbers_db [None req-644d8624-0c34-40b8-b751-cbcc61b73180 07cc27a536384875b43d7617c7f8be9c bf3848c40b1343649debbc29f99e314b - - - -] Successfully bumped revision number for resource 436f9d35-b451-4d4f-8161-0f1cf1fff0ea (type: ports) to 1
2026-07-01 08:38:23.623 9 INFO neutron.wsgi [None req-644d8624-0c34-40b8-b751-cbcc61b73180 07cc27a536384875b43d7617c7f8be9c bf3848c40b1343649debbc29f99e314b - - - -] 10.0.0.67 "POST /v2.0/ports HTTP/1.1" status: 201 len: 942 time: 0.3249164 /var/lib/openstack/lib/python3.10/site-packages/pycadf/identifier.py:71: UserWarning: Invalid uuid: neutron. To ensure interoperability, identifiers should be a valid uuid. warnings.warn(('Invalid uuid: %s. To ensure interoperability, '
2026-07-01 08:38:23.890 9 INFO neutron.wsgi [None req-ea9a0b49-615e-4fa2-b349-d72e1117ed7e 07cc27a536384875b43d7617c7f8be9c bf3848c40b1343649debbc29f99e314b - - - -] 10.0.0.67 "POST /v2.0/trunks HTTP/1.1" status: 201 len: 608 time: 0.2613218
2026-07-01 08:38:23.925 9 INFO neutron.wsgi [None req-0006b59b-ca5f-46e5-8822-3b28bbcd9389 07cc27a536384875b43d7617c7f8be9c bf3848c40b1343649debbc29f99e314b - - - -] 10.0.0.67 "PUT /v2.0/trunks/518dbef8-77b6-4598-b68a-896d41468f5a/tags HTTP/1.1" status: 200 len: 218 time: 0.0289154
2026-07-01 08:38:23.949 9 INFO neutron.wsgi [None req-e5e7009f-28c2-4dfb-8cab-ca26b50a5a7d 07cc27a536384875b43d7617c7f8be9c bf3848c40b1343649debbc29f99e314b - - default default] 10.0.0.67 "GET /v2.0/trunks/518dbef8-77b6-4598-b68a-896d41468f5a/tags HTTP/1.1" status: 200 len: 218 time: 0.0176208
2026-07-01 08:38:23.983 9 INFO neutron.wsgi [None req-00a7fb3d-6f42-4f2a-9efb-5a5154d56125 07cc27a536384875b43d7617c7f8be9c bf3848c40b1343649debbc29f99e314b - - - -] 10.0.0.67 "PUT /v2.0/trunks/518dbef8-77b6-4598-b68a-896d41468f5a/tags/green HTTP/1.1" status: 201 len: 201 time: 0.0287325
2026-07-01 08:38:24.002 9 INFO neutron.wsgi [None req-17dc3d91-401b-4708-af01-31b921364d88 07cc27a536384875b43d7617c7f8be9c bf3848c40b1343649debbc29f99e314b - - default default] 10.0.0.67 "GET /v2.0/trunks/518dbef8-77b6-4598-b68a-896d41468f5a/tags HTTP/1.1" status: 200 len: 227 time: 0.0135970
2026-07-01 08:38:24.026 10 INFO neutron.wsgi [None req-c2fc7ce8-380b-4025-87f1-0d846be120f9 07cc27a536384875b43d7617c7f8be9c bf3848c40b1343649debbc29f99e314b - - - -] 10.0.0.67 "PUT /v2.0/trunks/518dbef8-77b6-4598-b68a-896d41468f5a/tags/red HTTP/1.1" status: 201 len: 201 time: 0.0196338
2026-07-01 08:38:24.048 10 INFO neutron.wsgi [None req-a2754c42-d930-416a-9091-15e70a4a20e2 07cc27a536384875b43d7617c7f8be9c bf3848c40b1343649debbc29f99e314b - - default default] 10.0.0.67 "GET /v2.0/trunks/518dbef8-77b6-4598-b68a-896d41468f5a/tags HTTP/1.1" status: 200 len: 227 time: 0.0178084
2026-07-01 08:38:24.076 10 INFO neutron.wsgi [None req-2f6ea1e0-99d8-4d58-a728-d0f101b50d15 07cc27a536384875b43d7617c7f8be9c bf3848c40b1343649debbc29f99e314b - - - -] 10.0.0.67 "PUT /v2.0/trunks/518dbef8-77b6-4598-b68a-896d41468f5a/tags/black.or.white HTTP/1.1" status: 201 len: 201 time: 0.0237422
2026-07-01 08:38:24.096 10 INFO neutron.wsgi [None req-b84bfb5b-bdee-4a74-89b9-a716d4727ff3 07cc27a536384875b43d7617c7f8be9c bf3848c40b1343649debbc29f99e314b - - default default] 10.0.0.67 "GET /v2.0/trunks/518dbef8-77b6-4598-b68a-896d41468f5a/tags HTTP/1.1" status: 200 len: 245 time: 0.0142405
2026-07-01 08:38:24.150 10 INFO neutron.wsgi [None req-20fe5aa1-9bf2-443f-ad98-644466fdaf86 07cc27a536384875b43d7617c7f8be9c bf3848c40b1343649debbc29f99e314b - - - -] 10.0.0.67 "PUT /v2.0/trunks/518dbef8-77b6-4598-b68a-896d41468f5a/tags HTTP/1.1" status: 200 len: 230 time: 0.0499487
2026-07-01 08:38:24.177 10 INFO neutron.wsgi [req-64a92bab-fc04-4a92-8aeb-21307abd98f5 req-7ef35dbb-4084-437f-b8d8-daaf3242f8a0 2450d12b528d4a09a205edd6aaa5f914 aad9c472675a4ec2a430001197ce5dbe - - 44bc701823e44ee885a6e2c147189a78 44bc701823e44ee885a6e2c147189a78] 199.19.213.37 "GET /v2.0/networks/628fa998-e4c1-4a51-8566-5c7dd73b49d4?fields=segments HTTP/1.1" status: 200 len: 212 time: 0.0690937
2026-07-01 08:38:24.179 10 INFO neutron.wsgi [None req-1fc6bada-052e-42bf-94f5-ab293ca43a9c 07cc27a536384875b43d7617c7f8be9c bf3848c40b1343649debbc29f99e314b - - default default] 10.0.0.67 "GET /v2.0/trunks/518dbef8-77b6-4598-b68a-896d41468f5a/tags HTTP/1.1" status: 200 len: 230 time: 0.0244739
2026-07-01 08:38:24.210 10 INFO neutron.wsgi [None req-6369f4bf-a649-4206-8ecc-c35e0a938c4b 07cc27a536384875b43d7617c7f8be9c bf3848c40b1343649debbc29f99e314b - - default default] 10.0.0.67 "GET /v2.0/trunks/518dbef8-77b6-4598-b68a-896d41468f5a/tags/red HTTP/1.1" status: 204 len: 168 time: 0.0272100
2026-07-01 08:38:24.229 9 INFO neutron.api.v2.resource [None req-bccb9991-b8da-40a9-9c8d-ef458610ff36 07cc27a536384875b43d7617c7f8be9c bf3848c40b1343649debbc29f99e314b - - default default] show failed (client error): The resource could not be found.
2026-07-01 08:38:24.230 9 INFO neutron.wsgi [None req-bccb9991-b8da-40a9-9c8d-ef458610ff36 07cc27a536384875b43d7617c7f8be9c bf3848c40b1343649debbc29f99e314b - - default default] 10.0.0.67 "GET /v2.0/trunks/518dbef8-77b6-4598-b68a-896d41468f5a/tags/green HTTP/1.1" status: 404 len: 299 time: 0.0145805
2026-07-01 08:38:24.249 10 INFO neutron.wsgi [req-64a92bab-fc04-4a92-8aeb-21307abd98f5 req-908a7eb0-b0f8-4007-b052-58828a09edbf 2450d12b528d4a09a205edd6aaa5f914 aad9c472675a4ec2a430001197ce5dbe - - 44bc701823e44ee885a6e2c147189a78 44bc701823e44ee885a6e2c147189a78] 199.19.213.37 "GET /v2.0/networks/628fa998-e4c1-4a51-8566-5c7dd73b49d4?fields=provider%3Aphysical_network&fields=provider%3Anetwork_type HTTP/1.1" status: 200 len: 277 time: 0.0623186
2026-07-01 08:38:24.260 9 INFO neutron.wsgi [None req-1aa2b69e-b5b8-4191-86e1-64ecea85200f 07cc27a536384875b43d7617c7f8be9c bf3848c40b1343649debbc29f99e314b - - - -] 10.0.0.67 "DELETE /v2.0/trunks/518dbef8-77b6-4598-b68a-896d41468f5a/tags/red HTTP/1.1" status: 204 len: 168 time: 0.0269909
2026-07-01 08:38:24.279 9 INFO neutron.wsgi [None req-c054e342-febb-4290-80d4-1d5903d44482 07cc27a536384875b43d7617c7f8be9c bf3848c40b1343649debbc29f99e314b - - default default] 10.0.0.67 "GET /v2.0/trunks/518dbef8-77b6-4598-b68a-896d41468f5a/tags HTTP/1.1" status: 200 len: 223 time: 0.0141134
2026-07-01 08:38:24.318 10 INFO neutron.api.v2.resource [None req-33b4fcec-a2bb-461a-a8b4-e395eaf1ff00 07cc27a536384875b43d7617c7f8be9c bf3848c40b1343649debbc29f99e314b - - - -] delete failed (client error): The resource could not be found.
2026-07-01 08:38:24.319 10 INFO neutron.wsgi [None req-33b4fcec-a2bb-461a-a8b4-e395eaf1ff00 07cc27a536384875b43d7617c7f8be9c bf3848c40b1343649debbc29f99e314b - - - -] 10.0.0.67 "DELETE /v2.0/trunks/518dbef8-77b6-4598-b68a-896d41468f5a/tags/green HTTP/1.1" status: 404 len: 299 time: 0.0344436
2026-07-01 08:38:24.342 10 INFO neutron.wsgi [req-64a92bab-fc04-4a92-8aeb-21307abd98f5 req-58d262bd-f025-4050-ae3f-7b4dcf49b265 404ca1fc7dd641a7bde6c254474feaa2 a997a87d207447d890eb75b05220da00 - - default default] 199.19.213.37 "GET /v2.0/networks?id=628fa998-e4c1-4a51-8566-5c7dd73b49d4 HTTP/1.1" status: 200 len: 1002 time: 0.0762565
2026-07-01 08:38:24.363 10 INFO neutron.wsgi [None req-d22beada-092c-438a-8a89-fa9c401dbce0 07cc27a536384875b43d7617c7f8be9c bf3848c40b1343649debbc29f99e314b - - - -] 10.0.0.67 "DELETE /v2.0/trunks/518dbef8-77b6-4598-b68a-896d41468f5a/tags HTTP/1.1" status: 204 len: 168 time: 0.0393457
2026-07-01 08:38:24.387 10 INFO neutron.wsgi [None req-36801ec4-e0c7-4072-8e60-7a3b56b520dc 07cc27a536384875b43d7617c7f8be9c bf3848c40b1343649debbc29f99e314b - - default default] 10.0.0.67 "GET /v2.0/trunks/518dbef8-77b6-4598-b68a-896d41468f5a/tags HTTP/1.1" status: 200 len: 205 time: 0.0171914
2026-07-01 08:38:24.417 9 INFO neutron.wsgi [None req-4519382f-deca-4ece-bcc0-1929434982e6 07cc27a536384875b43d7617c7f8be9c bf3848c40b1343649debbc29f99e314b - - default default] 10.0.0.67 "GET /v2.0/trunks/518dbef8-77b6-4598-b68a-896d41468f5a HTTP/1.1" status: 200 len: 603 time: 0.0172515
2026-07-01 08:38:24.540 9 INFO neutron.wsgi [None req-214f9b5a-d40d-4105-9b30-3f2fb8505031 07cc27a536384875b43d7617c7f8be9c bf3848c40b1343649debbc29f99e314b - - default default] 10.0.0.67 "GET /v2.0/ports/436f9d35-b451-4d4f-8161-0f1cf1fff0ea HTTP/1.1" status: 200 len: 1020 time: 0.1182461
2026-07-01 08:38:24.907 10 WARNING neutron.scheduler.dhcp_agent_scheduler [None req-df709704-6a97-4b32-9994-a3e6b969c57f 404ca1fc7dd641a7bde6c254474feaa2 a997a87d207447d890eb75b05220da00 - - - -] No more DHCP agents
2026-07-01 08:38:24.909 10 WARNING neutron.api.rpc.agentnotifiers.dhcp_rpc_agent_api [None req-df709704-6a97-4b32-9994-a3e6b969c57f 404ca1fc7dd641a7bde6c254474feaa2 a997a87d207447d890eb75b05220da00 - - - -] Unable to schedule network 628fa998-e4c1-4a51-8566-5c7dd73b49d4: no agents available; will retry on subsequent port and subnet creation events.
2026-07-01 08:38:24.971 9 INFO neutron.wsgi [None req-81d551f3-43f9-48bf-b64a-eb5ff6a3cd58 07cc27a536384875b43d7617c7f8be9c bf3848c40b1343649debbc29f99e314b - - - -] 10.0.0.67 "DELETE /v2.0/trunks/518dbef8-77b6-4598-b68a-896d41468f5a HTTP/1.1" status: 204 len: 168 time: 0.4238157
2026-07-01 08:38:25.054 10 INFO neutron.db.ovn_revision_numbers_db [None req-df709704-6a97-4b32-9994-a3e6b969c57f 404ca1fc7dd641a7bde6c254474feaa2 a997a87d207447d890eb75b05220da00 - - - -] Successfully bumped revision number for resource 1ea97496-bcba-40c2-810f-f3f128917adc (type: ports) to 1
2026-07-01 08:38:25.075 10 INFO neutron.wsgi [None req-df709704-6a97-4b32-9994-a3e6b969c57f 404ca1fc7dd641a7bde6c254474feaa2 a997a87d207447d890eb75b05220da00 - - - -] 199.19.213.37 "POST /v2.0/ports HTTP/1.1" status: 201 len: 1504 time: 0.7270968 /var/lib/openstack/lib/python3.10/site-packages/pycadf/identifier.py:71: UserWarning: Invalid uuid: neutron. To ensure interoperability, identifiers should be a valid uuid. warnings.warn(('Invalid uuid: %s. To ensure interoperability, '
2026-07-01 08:38:25.218 9 INFO neutron.wsgi [None req-5daab592-2acc-4293-9a86-79c39f22e9b1 07cc27a536384875b43d7617c7f8be9c bf3848c40b1343649debbc29f99e314b - - - -] 10.0.0.67 "DELETE /v2.0/ports/436f9d35-b451-4d4f-8161-0f1cf1fff0ea HTTP/1.1" status: 204 len: 168 time: 0.2418008
2026-07-01 08:38:25.451 10 INFO neutron.db.ovn_revision_numbers_db [None req-d9a0f429-69ed-41bf-be2e-b6c19fbab731 2450d12b528d4a09a205edd6aaa5f914 aad9c472675a4ec2a430001197ce5dbe - - - -] Successfully bumped revision number for resource 1ea97496-bcba-40c2-810f-f3f128917adc (type: ports) to 2
2026-07-01 08:38:25.562 9 INFO neutron.services.segments.plugin [-] Segment 0bbbd53f-778f-480b-8b5b-2497dc3d98a9 resource provider aggregate not found
2026-07-01 08:38:25.587 9 INFO neutron.services.segments.plugin [-] Segment 0bbbd53f-778f-480b-8b5b-2497dc3d98a9 resource provider aggregate not found
2026-07-01 08:38:25.603 9 INFO neutron.services.segments.plugin [-] Segment 0bbbd53f-778f-480b-8b5b-2497dc3d98a9 resource provider not found; error: Placement Client Error (4xx): {"errors": [{"status": 404, "title": "Not Found", "detail": "The resource could not be found.\n\n No resource provider with uuid 0bbbd53f-778f-480b-8b5b-2497dc3d98a9 found for delete ", "request_id": "req-0e68324b-3bbd-46c6-9c9d-f119f2e0df4b"}]}
2026-07-01 08:38:25.608 9 INFO neutron.services.segments.plugin [-] Segment 0bbbd53f-778f-480b-8b5b-2497dc3d98a9 resource provider not found; error: Placement Client Error (4xx): {"errors": [{"status": 404, "title": "Not Found", "detail": "The resource could not be found.\n\n No resource provider with uuid 0bbbd53f-778f-480b-8b5b-2497dc3d98a9 found for delete ", "request_id": "req-66cd8513-3b95-4c6d-965b-6e85c8316ed8"}]}
2026-07-01 08:38:25.631 9 INFO neutron.wsgi [None req-347bacc7-de26-4b27-a02e-7daaf0e1424e 07cc27a536384875b43d7617c7f8be9c bf3848c40b1343649debbc29f99e314b - - - -] 10.0.0.67 "DELETE /v2.0/networks/114aac87-1510-43f8-ba3e-16d004bc6345 HTTP/1.1" status: 204 len: 168 time: 0.4081638
2026-07-01 08:38:25.678 10 INFO neutron.db.ovn_revision_numbers_db [None req-d9a0f429-69ed-41bf-be2e-b6c19fbab731 2450d12b528d4a09a205edd6aaa5f914 aad9c472675a4ec2a430001197ce5dbe - - - -] Successfully bumped revision number for resource 1ea97496-bcba-40c2-810f-f3f128917adc (type: ports) to 2
2026-07-01 08:38:25.695 10 INFO neutron.wsgi [None req-d9a0f429-69ed-41bf-be2e-b6c19fbab731 2450d12b528d4a09a205edd6aaa5f914 aad9c472675a4ec2a430001197ce5dbe - - - -] 199.19.213.37 "PUT /v2.0/ports/1ea97496-bcba-40c2-810f-f3f128917adc HTTP/1.1" status: 200 len: 1553 time: 0.6102245 /var/lib/openstack/lib/python3.10/site-packages/pycadf/identifier.py:71: UserWarning: Invalid uuid: neutron. To ensure interoperability, identifiers should be a valid uuid. warnings.warn(('Invalid uuid: %s. To ensure interoperability, '
2026-07-01 08:38:25.748 10 INFO neutron.notifiers.nova [-] Nova event matching ['req-3c40c353-453e-4060-a1dc-c2495e029b7a'] response: {'name': 'network-changed', 'server_uuid': '8720084f-357d-4b61-853e-dff3038d1fe8', 'tag': '1ea97496-bcba-40c2-810f-f3f128917adc', 'status': 'completed', 'code': 200}
2026-07-01 08:38:25.771 10 INFO neutron.wsgi [req-64a92bab-fc04-4a92-8aeb-21307abd98f5 req-5f58aab5-994f-425f-902b-ac8bf04e82db 2450d12b528d4a09a205edd6aaa5f914 aad9c472675a4ec2a430001197ce5dbe - - 44bc701823e44ee885a6e2c147189a78 44bc701823e44ee885a6e2c147189a78] 199.19.213.37 "GET /v2.0/ports?tenant_id=a997a87d207447d890eb75b05220da00&device_id=8720084f-357d-4b61-853e-dff3038d1fe8 HTTP/1.1" status: 200 len: 3997 time: 0.0329163
2026-07-01 08:38:25.808 10 INFO neutron.wsgi [req-64a92bab-fc04-4a92-8aeb-21307abd98f5 req-96f82bad-17c6-440c-98c6-249f2bd4d551 2450d12b528d4a09a205edd6aaa5f914 aad9c472675a4ec2a430001197ce5dbe - - 44bc701823e44ee885a6e2c147189a78 44bc701823e44ee885a6e2c147189a78] 199.19.213.37 "GET /v2.0/floatingips?fixed_ip_address=172.24.1.8&port_id=dc9d4c63-0d5d-462e-b272-5d581d774dd0 HTTP/1.1" status: 200 len: 217 time: 0.0304613
2026-07-01 08:38:25.858 10 INFO neutron.wsgi [req-64a92bab-fc04-4a92-8aeb-21307abd98f5 req-f4ccae68-c8d2-4019-899c-036314ee69a6 2450d12b528d4a09a205edd6aaa5f914 aad9c472675a4ec2a430001197ce5dbe - - 44bc701823e44ee885a6e2c147189a78 44bc701823e44ee885a6e2c147189a78] 199.19.213.37 "GET /v2.0/subnets?id=4862c5c0-6f0d-40c0-b8b7-fcd574b8b820 HTTP/1.1" status: 200 len: 829 time: 0.0419915
2026-07-01 08:38:25.889 10 INFO neutron.wsgi [req-64a92bab-fc04-4a92-8aeb-21307abd98f5 req-edddbb93-1c90-4965-8662-513c00ba2082 2450d12b528d4a09a205edd6aaa5f914 aad9c472675a4ec2a430001197ce5dbe - - 44bc701823e44ee885a6e2c147189a78 44bc701823e44ee885a6e2c147189a78] 199.19.213.37 "GET /v2.0/ports?network_id=c54943c1-50b6-4547-b3f9-34a6a6fd7980&device_owner=network%3Adhcp HTTP/1.1" status: 200 len: 210 time: 0.0251772
2026-07-01 08:38:25.957 10 INFO neutron.wsgi [req-64a92bab-fc04-4a92-8aeb-21307abd98f5 req-ffff1438-1bd4-4d5b-a2de-b4e7ff492800 2450d12b528d4a09a205edd6aaa5f914 aad9c472675a4ec2a430001197ce5dbe - - 44bc701823e44ee885a6e2c147189a78 44bc701823e44ee885a6e2c147189a78] 199.19.213.37 "GET /v2.0/networks/c54943c1-50b6-4547-b3f9-34a6a6fd7980?fields=segments HTTP/1.1" status: 200 len: 212 time: 0.0591574
2026-07-01 08:38:26.020 10 INFO neutron.wsgi [req-64a92bab-fc04-4a92-8aeb-21307abd98f5 req-2f317e41-371f-4051-9687-bf0c13a187be 2450d12b528d4a09a205edd6aaa5f914 aad9c472675a4ec2a430001197ce5dbe - - 44bc701823e44ee885a6e2c147189a78 44bc701823e44ee885a6e2c147189a78] 199.19.213.37 "GET /v2.0/networks/c54943c1-50b6-4547-b3f9-34a6a6fd7980?fields=provider%3Aphysical_network&fields=provider%3Anetwork_type HTTP/1.1" status: 200 len: 277 time: 0.0568237
2026-07-01 08:38:26.053 10 INFO neutron.wsgi [req-64a92bab-fc04-4a92-8aeb-21307abd98f5 req-2a5b2925-2c61-4247-bd64-442486b4ba92 2450d12b528d4a09a205edd6aaa5f914 aad9c472675a4ec2a430001197ce5dbe - - 44bc701823e44ee885a6e2c147189a78 44bc701823e44ee885a6e2c147189a78] 199.19.213.37 "GET /v2.0/floatingips?fixed_ip_address=10.1.1.149&port_id=8a132700-f741-4e50-8dbc-667e09933831 HTTP/1.1" status: 200 len: 217 time: 0.0259891
2026-07-01 08:38:26.092 10 INFO neutron.wsgi [req-64a92bab-fc04-4a92-8aeb-21307abd98f5 req-e94f57f9-e652-4d0b-91ea-38ebb046dc9d 2450d12b528d4a09a205edd6aaa5f914 aad9c472675a4ec2a430001197ce5dbe - - 44bc701823e44ee885a6e2c147189a78 44bc701823e44ee885a6e2c147189a78] 199.19.213.37 "GET /v2.0/subnets?id=e56783a6-2a0e-4b32-ac23-dc4ef83969d3 HTTP/1.1" status: 200 len: 854 time: 0.0340097
2026-07-01 08:38:26.126 10 INFO neutron.wsgi [req-64a92bab-fc04-4a92-8aeb-21307abd98f5 req-8f751ada-347c-47fe-bad6-8a8c599ef8be 2450d12b528d4a09a205edd6aaa5f914 aad9c472675a4ec2a430001197ce5dbe - - 44bc701823e44ee885a6e2c147189a78 44bc701823e44ee885a6e2c147189a78] 199.19.213.37 "GET /v2.0/ports?network_id=03a807a9-d297-4983-8f2d-85106683e048&device_owner=network%3Adhcp HTTP/1.1" status: 200 len: 210 time: 0.0237155
2026-07-01 08:38:26.195 10 INFO neutron.wsgi [req-64a92bab-fc04-4a92-8aeb-21307abd98f5 req-2d2fef75-e832-4873-8a04-99e3e4bae63e 2450d12b528d4a09a205edd6aaa5f914 aad9c472675a4ec2a430001197ce5dbe - - 44bc701823e44ee885a6e2c147189a78 44bc701823e44ee885a6e2c147189a78] 199.19.213.37 "GET /v2.0/networks/03a807a9-d297-4983-8f2d-85106683e048?fields=segments HTTP/1.1" status: 200 len: 212 time: 0.0612338
2026-07-01 08:38:26.264 10 INFO neutron.wsgi [req-64a92bab-fc04-4a92-8aeb-21307abd98f5 req-6c931bfe-fa5e-4e97-bc3f-4fe1a2282606 2450d12b528d4a09a205edd6aaa5f914 aad9c472675a4ec2a430001197ce5dbe - - 44bc701823e44ee885a6e2c147189a78 44bc701823e44ee885a6e2c147189a78] 199.19.213.37 "GET /v2.0/networks/03a807a9-d297-4983-8f2d-85106683e048?fields=provider%3Aphysical_network&fields=provider%3Anetwork_type HTTP/1.1" status: 200 len: 277 time: 0.0625689
2026-07-01 08:38:26.296 10 INFO neutron.wsgi [req-64a92bab-fc04-4a92-8aeb-21307abd98f5 req-9dd2686f-054b-4f2b-bd14-91663dfb932a 2450d12b528d4a09a205edd6aaa5f914 aad9c472675a4ec2a430001197ce5dbe - - 44bc701823e44ee885a6e2c147189a78 44bc701823e44ee885a6e2c147189a78] 199.19.213.37 "GET /v2.0/floatingips?fixed_ip_address=10.2.1.166&port_id=1ea97496-bcba-40c2-810f-f3f128917adc HTTP/1.1" status: 200 len: 217 time: 0.0263817
2026-07-01 08:38:26.336 10 INFO neutron.wsgi [req-64a92bab-fc04-4a92-8aeb-21307abd98f5 req-475587d4-5c7d-44d7-ae5d-bc8f7ed2d0d1 2450d12b528d4a09a205edd6aaa5f914 aad9c472675a4ec2a430001197ce5dbe - - 44bc701823e44ee885a6e2c147189a78 44bc701823e44ee885a6e2c147189a78] 199.19.213.37 "GET /v2.0/floatingips?fixed_ip_address=fd7b%3Af9f7%3Afff%3A4eca%3A%3Ad7&port_id=1ea97496-bcba-40c2-810f-f3f128917adc HTTP/1.1" status: 200 len: 217 time: 0.0272431
2026-07-01 08:38:26.375 10 INFO neutron.wsgi [req-64a92bab-fc04-4a92-8aeb-21307abd98f5 req-1e67a7a6-a157-47dd-9897-1dd5e98c4254 2450d12b528d4a09a205edd6aaa5f914 aad9c472675a4ec2a430001197ce5dbe - - 44bc701823e44ee885a6e2c147189a78 44bc701823e44ee885a6e2c147189a78] 199.19.213.37 "GET /v2.0/subnets?id=5d5f2052-2f61-45a9-ad3c-8ac962f090f6&id=1ec47348-11ac-4b6c-b3c7-abaed074e5b2 HTTP/1.1" status: 200 len: 1562 time: 0.0314682
2026-07-01 08:38:26.401 10 INFO neutron.wsgi [req-64a92bab-fc04-4a92-8aeb-21307abd98f5 req-1f38fc1c-cee4-482a-9430-699451da418c 2450d12b528d4a09a205edd6aaa5f914 aad9c472675a4ec2a430001197ce5dbe - - 44bc701823e44ee885a6e2c147189a78 44bc701823e44ee885a6e2c147189a78] 199.19.213.37 "GET /v2.0/ports?network_id=628fa998-e4c1-4a51-8566-5c7dd73b49d4&device_owner=network%3Adhcp HTTP/1.1" status: 200 len: 210 time: 0.0189204
2026-07-01 08:38:26.428 10 INFO neutron.wsgi [req-64a92bab-fc04-4a92-8aeb-21307abd98f5 req-73d78c05-3549-4174-a5da-6d59a2f0c9e0 2450d12b528d4a09a205edd6aaa5f914 aad9c472675a4ec2a430001197ce5dbe - - 44bc701823e44ee885a6e2c147189a78 44bc701823e44ee885a6e2c147189a78] 199.19.213.37 "GET /v2.0/ports?network_id=628fa998-e4c1-4a51-8566-5c7dd73b49d4&device_owner=network%3Adhcp HTTP/1.1" status: 200 len: 210 time: 0.0206676
2026-07-01 08:38:26.443 9 INFO neutron.db.ovn_revision_numbers_db [None req-bf1ece28-12b2-4991-bcfc-15c2a1786919 404ca1fc7dd641a7bde6c254474feaa2 a997a87d207447d890eb75b05220da00 - - default default] Successfully bumped revision number for resource 0d7fa72f-2501-41ae-ad9b-20d346856441 (type: security_groups) to 1
2026-07-01 08:38:26.464 9 INFO neutron.wsgi [None req-bf1ece28-12b2-4991-bcfc-15c2a1786919 404ca1fc7dd641a7bde6c254474feaa2 a997a87d207447d890eb75b05220da00 - - default default] 10.0.0.67 "GET /v2.0/security-groups?tenant_id=763d2b3bb35c4e7f852eab8f03ce3f6d&name=default HTTP/1.1" status: 200 len: 3000 time: 0.1812370
2026-07-01 08:38:26.487 10 INFO neutron.wsgi [req-64a92bab-fc04-4a92-8aeb-21307abd98f5 req-3b75bbd0-3410-4029-b162-cb4549ffdeea 2450d12b528d4a09a205edd6aaa5f914 aad9c472675a4ec2a430001197ce5dbe - - 44bc701823e44ee885a6e2c147189a78 44bc701823e44ee885a6e2c147189a78] 199.19.213.37 "GET /v2.0/networks/628fa998-e4c1-4a51-8566-5c7dd73b49d4?fields=segments HTTP/1.1" status: 200 len: 212 time: 0.0525684
2026-07-01 08:38:26.558 10 INFO neutron.wsgi [req-64a92bab-fc04-4a92-8aeb-21307abd98f5 req-36fbbd3a-289c-4fc8-bb32-e2e13cf656c9 2450d12b528d4a09a205edd6aaa5f914 aad9c472675a4ec2a430001197ce5dbe - - 44bc701823e44ee885a6e2c147189a78 44bc701823e44ee885a6e2c147189a78] 199.19.213.37 "GET /v2.0/networks/628fa998-e4c1-4a51-8566-5c7dd73b49d4?fields=provider%3Aphysical_network&fields=provider%3Anetwork_type HTTP/1.1" status: 200 len: 277 time: 0.0647676
2026-07-01 08:38:26.654 9 INFO neutron.plugins.ml2.drivers.ovn.mech_driver.mech_driver [None req-90b0be18-ef05-41b8-ac24-6ad0f59b6587 - - - - - -] OVN reports status up for port: 1ea97496-bcba-40c2-810f-f3f128917adc
2026-07-01 08:38:26.659 10 INFO neutron.wsgi [req-2c06e9bc-170b-421c-930e-4fde7c80d08e req-d80e46ac-c0ab-4d42-99a0-a2cadfd6fe6c 2450d12b528d4a09a205edd6aaa5f914 aad9c472675a4ec2a430001197ce5dbe - - 44bc701823e44ee885a6e2c147189a78 44bc701823e44ee885a6e2c147189a78] 199.19.213.37 "GET /v2.0/ports?tenant_id=a997a87d207447d890eb75b05220da00&device_id=8720084f-357d-4b61-853e-dff3038d1fe8 HTTP/1.1" status: 200 len: 3997 time: 0.0535219
2026-07-01 08:38:26.671 9 INFO neutron.wsgi [None req-3717bbbd-e728-4b81-8e8a-ee4902819f19 404ca1fc7dd641a7bde6c254474feaa2 a997a87d207447d890eb75b05220da00 - - - -] 10.0.0.67 "DELETE /v2.0/security-groups/0d7fa72f-2501-41ae-ad9b-20d346856441 HTTP/1.1" status: 204 len: 168 time: 0.2019544
2026-07-01 08:38:26.679 9 INFO neutron.plugins.ml2.plugin [None req-90b0be18-ef05-41b8-ac24-6ad0f59b6587 - - - - - -] Attempt 1 to provision port 1ea97496-bcba-40c2-810f-f3f128917adc
2026-07-01 08:38:26.748 10 INFO neutron.wsgi [req-2c06e9bc-170b-421c-930e-4fde7c80d08e req-746df4f3-2282-4837-80e2-47b46231076f 2450d12b528d4a09a205edd6aaa5f914 aad9c472675a4ec2a430001197ce5dbe - - 44bc701823e44ee885a6e2c147189a78 44bc701823e44ee885a6e2c147189a78] 199.19.213.37 "GET /v2.0/networks?id=628fa998-e4c1-4a51-8566-5c7dd73b49d4 HTTP/1.1" status: 200 len: 1002 time: 0.0835457
2026-07-01 08:38:26.791 10 INFO neutron.wsgi [req-2c06e9bc-170b-421c-930e-4fde7c80d08e req-d4e800aa-65f8-444e-9377-50340b661790 2450d12b528d4a09a205edd6aaa5f914 aad9c472675a4ec2a430001197ce5dbe - - 44bc701823e44ee885a6e2c147189a78 44bc701823e44ee885a6e2c147189a78] 199.19.213.37 "GET /v2.0/floatingips?fixed_ip_address=10.2.1.166&port_id=1ea97496-bcba-40c2-810f-f3f128917adc HTTP/1.1" status: 200 len: 217 time: 0.0355344
2026-07-01 08:38:26.843 10 INFO neutron.wsgi [req-2c06e9bc-170b-421c-930e-4fde7c80d08e req-670b2f81-c036-43d9-ab00-9feb28131610 2450d12b528d4a09a205edd6aaa5f914 aad9c472675a4ec2a430001197ce5dbe - - 44bc701823e44ee885a6e2c147189a78 44bc701823e44ee885a6e2c147189a78] 199.19.213.37 "GET /v2.0/floatingips?fixed_ip_address=fd7b%3Af9f7%3Afff%3A4eca%3A%3Ad7&port_id=1ea97496-bcba-40c2-810f-f3f128917adc HTTP/1.1" status: 200 len: 217 time: 0.0426905
2026-07-01 08:38:26.846 9 INFO neutron.notifiers.nova [-] Nova event matching ['req-e9bb6d29-6a4b-48bf-8c65-2d78a2f03088'] response: {'server_uuid': '8720084f-357d-4b61-853e-dff3038d1fe8', 'name': 'network-vif-plugged', 'status': 'completed', 'tag': '1ea97496-bcba-40c2-810f-f3f128917adc', 'code': 200}
2026-07-01 08:38:26.849 9 INFO neutron.wsgi [req-64a92bab-fc04-4a92-8aeb-21307abd98f5 req-5d17062e-5784-4662-b81d-9e1ac7e294f9 404ca1fc7dd641a7bde6c254474feaa2 a997a87d207447d890eb75b05220da00 - - default default] 10.0.0.106 "GET /v2.0/ports/1ea97496-bcba-40c2-810f-f3f128917adc HTTP/1.1" status: 200 len: 1581 time: 0.0473373
2026-07-01 08:38:26.867 10 INFO neutron.wsgi [None req-5c783708-fdae-4310-b289-909d64b399e1 404ca1fc7dd641a7bde6c254474feaa2 a997a87d207447d890eb75b05220da00 - - default default] 10.0.0.67 "GET /v2.0/security-groups?tenant_id=bf3848c40b1343649debbc29f99e314b&name=default HTTP/1.1" status: 200 len: 3000 time: 0.0741510
2026-07-01 08:38:26.899 10 INFO neutron.wsgi [req-2c06e9bc-170b-421c-930e-4fde7c80d08e req-81abae7e-28da-4791-9488-097c2d05ac1e 2450d12b528d4a09a205edd6aaa5f914 aad9c472675a4ec2a430001197ce5dbe - - 44bc701823e44ee885a6e2c147189a78 44bc701823e44ee885a6e2c147189a78] 199.19.213.37 "GET /v2.0/subnets?id=5d5f2052-2f61-45a9-ad3c-8ac962f090f6&id=1ec47348-11ac-4b6c-b3c7-abaed074e5b2 HTTP/1.1" status: 200 len: 1562 time: 0.0466073
2026-07-01 08:38:26.908 9 INFO neutron.wsgi [None req-24fad024-c63b-4073-8dcf-d0f45f909c7f 404ca1fc7dd641a7bde6c254474feaa2 a997a87d207447d890eb75b05220da00 - - default default] 199.19.213.37 "GET /v2.0/ports/1ea97496-bcba-40c2-810f-f3f128917adc HTTP/1.1" status: 200 len: 1583 time: 0.0434422
2026-07-01 08:38:26.937 10 INFO neutron.wsgi [req-2c06e9bc-170b-421c-930e-4fde7c80d08e req-faa1ebf4-e80d-4d9f-831c-f15778514209 2450d12b528d4a09a205edd6aaa5f914 aad9c472675a4ec2a430001197ce5dbe - - 44bc701823e44ee885a6e2c147189a78 44bc701823e44ee885a6e2c147189a78] 199.19.213.37 "GET /v2.0/ports?network_id=628fa998-e4c1-4a51-8566-5c7dd73b49d4&device_owner=network%3Adhcp HTTP/1.1" status: 200 len: 210 time: 0.0243375
2026-07-01 08:38:26.954 9 INFO neutron.wsgi [None req-06f6d557-f5d9-4f89-999f-34dcbc4819c7 404ca1fc7dd641a7bde6c254474feaa2 a997a87d207447d890eb75b05220da00 - - default default] 199.19.213.37 "GET /v2.0/ports/1ea97496-bcba-40c2-810f-f3f128917adc HTTP/1.1" status: 200 len: 1583 time: 0.0343814
2026-07-01 08:38:26.964 10 INFO neutron.wsgi [req-2c06e9bc-170b-421c-930e-4fde7c80d08e req-e266b029-359c-47b9-91e1-054273657a08 2450d12b528d4a09a205edd6aaa5f914 aad9c472675a4ec2a430001197ce5dbe - - 44bc701823e44ee885a6e2c147189a78 44bc701823e44ee885a6e2c147189a78] 199.19.213.37 "GET /v2.0/ports?network_id=628fa998-e4c1-4a51-8566-5c7dd73b49d4&device_owner=network%3Adhcp HTTP/1.1" status: 200 len: 210 time: 0.0211022
2026-07-01 08:38:27.040 10 INFO neutron.wsgi [req-2c06e9bc-170b-421c-930e-4fde7c80d08e req-4d7abfb8-c604-484c-ad50-3728d2c7a433 2450d12b528d4a09a205edd6aaa5f914 aad9c472675a4ec2a430001197ce5dbe - - 44bc701823e44ee885a6e2c147189a78 44bc701823e44ee885a6e2c147189a78] 199.19.213.37 "GET /v2.0/networks/628fa998-e4c1-4a51-8566-5c7dd73b49d4?fields=segments HTTP/1.1" status: 200 len: 212 time: 0.0681474
2026-07-01 08:38:27.081 9 INFO neutron.db.ovn_revision_numbers_db [None req-90b0be18-ef05-41b8-ac24-6ad0f59b6587 - - - - - -] Successfully bumped revision number for resource 1ea97496-bcba-40c2-810f-f3f128917adc (type: ports) to 4
2026-07-01 08:38:27.093 10 INFO neutron.wsgi [req-2c06e9bc-170b-421c-930e-4fde7c80d08e req-8c8f89de-c229-4441-8df0-e158d8bdbc6d 2450d12b528d4a09a205edd6aaa5f914 aad9c472675a4ec2a430001197ce5dbe - - 44bc701823e44ee885a6e2c147189a78 44bc701823e44ee885a6e2c147189a78] 199.19.213.37 "GET /v2.0/networks/628fa998-e4c1-4a51-8566-5c7dd73b49d4?fields=provider%3Aphysical_network&fields=provider%3Anetwork_type HTTP/1.1" status: 200 len: 277 time: 0.0463762
2026-07-01 08:38:27.246 9 INFO neutron.wsgi [None req-99d3bd5e-2446-48e8-a552-499e6e430f2b 404ca1fc7dd641a7bde6c254474feaa2 a997a87d207447d890eb75b05220da00 - - - -] 10.0.0.67 "DELETE /v2.0/security-groups/90952aeb-2234-4f95-9eeb-409865d05f44 HTTP/1.1" status: 204 len: 168 time: 0.3721275
2026-07-01 08:38:27.347 10 INFO neutron.wsgi [-] 10.0.0.101 "GET / HTTP/1.1" status: 200 len: 246 time: 0.0023537
2026-07-01 08:38:27.351 10 INFO neutron.wsgi [-] 10.0.0.101 "GET / HTTP/1.1" status: 200 len: 246 time: 0.0021827
2026-07-01 08:38:27.416 9 INFO neutron.db.ovn_revision_numbers_db [None req-17a424af-0a01-4f6a-bacf-258a7f360a55 404ca1fc7dd641a7bde6c254474feaa2 a997a87d207447d890eb75b05220da00 - - - -] Successfully bumped revision number for resource 1ea97496-bcba-40c2-810f-f3f128917adc (type: ports) to 5
2026-07-01 08:38:27.425 9 INFO neutron.wsgi [None req-17a424af-0a01-4f6a-bacf-258a7f360a55 404ca1fc7dd641a7bde6c254474feaa2 a997a87d207447d890eb75b05220da00 - - - -] 199.19.213.37 "PUT /v2.0/ports/1ea97496-bcba-40c2-810f-f3f128917adc HTTP/1.1" status: 200 len: 1330 time: 0.4633741 /var/lib/openstack/lib/python3.10/site-packages/pycadf/identifier.py:71: UserWarning: Invalid uuid: neutron. To ensure interoperability, identifiers should be a valid uuid. warnings.warn(('Invalid uuid: %s. To ensure interoperability, '
2026-07-01 08:38:27.499 9 INFO neutron.wsgi [None req-25114826-962a-422d-8eb7-caf6514097d6 404ca1fc7dd641a7bde6c254474feaa2 a997a87d207447d890eb75b05220da00 - - default default] 199.19.213.37 "GET /v2.0/networks/628fa998-e4c1-4a51-8566-5c7dd73b49d4 HTTP/1.1" status: 200 len: 999 time: 0.0664845
2026-07-01 08:38:27.535 9 INFO neutron.wsgi [None req-cb14a9b7-c119-4202-8b18-1a89debac6a1 404ca1fc7dd641a7bde6c254474feaa2 a997a87d207447d890eb75b05220da00 - - default default] 199.19.213.37 "GET /v2.0/subnets/1ec47348-11ac-4b6c-b3c7-abaed074e5b2 HTTP/1.1" status: 200 len: 849 time: 0.0302613
2026-07-01 08:38:27.622 9 INFO neutron.wsgi [None req-62bfd2ac-fe4a-4768-8a9c-5d8edb335110 404ca1fc7dd641a7bde6c254474feaa2 a997a87d207447d890eb75b05220da00 - - default default] 199.19.213.37 "GET /v2.0/extensions/security-group HTTP/1.1" status: 200 len: 369 time: 0.0126047
2026-07-01 08:38:27.635 9 INFO neutron.wsgi [None req-14b0799d-af1a-428f-b340-f938c67f22ef 404ca1fc7dd641a7bde6c254474feaa2 a997a87d207447d890eb75b05220da00 - - default default] 199.19.213.37 "GET /v2.0/extensions/dns-integration HTTP/1.1" status: 200 len: 371 time: 0.0067878
2026-07-01 08:38:27.643 9 INFO neutron.wsgi [None req-1aa78ad9-8b2c-47bf-a80c-bafe3ee99537 404ca1fc7dd641a7bde6c254474feaa2 a997a87d207447d890eb75b05220da00 - - default default] 199.19.213.37 "GET /v2.0/extensions/qos HTTP/1.1" status: 200 len: 365 time: 0.0039580
2026-07-01 08:38:27.653 9 INFO neutron.wsgi [None req-321ee922-fa66-4db4-984e-31866df1d94c 404ca1fc7dd641a7bde6c254474feaa2 a997a87d207447d890eb75b05220da00 - - default default] 199.19.213.37 "GET /v2.0/extensions/allowed-address-pairs HTTP/1.1" status: 200 len: 383 time: 0.0047932
2026-07-01 08:38:27.696 9 INFO neutron.wsgi [None req-405ecab5-b86c-4b75-8a1b-532c04af67e7 404ca1fc7dd641a7bde6c254474feaa2 a997a87d207447d890eb75b05220da00 - - default default] 199.19.213.37 "GET /v2.0/subnets/e56783a6-2a0e-4b32-ac23-dc4ef83969d3 HTTP/1.1" status: 200 len: 851 time: 0.0347614
2026-07-01 08:38:27.739 9 INFO neutron.wsgi [None req-1fa6c063-97df-4b87-b4fc-2ba0c1bbae96 404ca1fc7dd641a7bde6c254474feaa2 a997a87d207447d890eb75b05220da00 - - default default] 199.19.213.37 "GET /v2.0/ports/5877d252-f146-4236-9195-664516fe2e16 HTTP/1.1" status: 200 len: 1340 time: 0.0358732
2026-07-01 08:38:27.768 9 INFO neutron.wsgi [None req-c18e7963-d336-47f1-9367-bee73f05866b 404ca1fc7dd641a7bde6c254474feaa2 a997a87d207447d890eb75b05220da00 - - default default] 199.19.213.37 "GET /v2.0/ports/8a132700-f741-4e50-8dbc-667e09933831 HTTP/1.1" status: 200 len: 1471 time: 0.0225902
2026-07-01 08:38:27.804 9 INFO neutron.wsgi [None req-06e27d55-24c3-4fd1-bf5c-a1d80a67b59c 404ca1fc7dd641a7bde6c254474feaa2 a997a87d207447d890eb75b05220da00 - - default default] 199.19.213.37 "GET /v2.0/subnets/e56783a6-2a0e-4b32-ac23-dc4ef83969d3 HTTP/1.1" status: 200 len: 851 time: 0.0271244
2026-07-01 08:38:27.874 9 INFO neutron.wsgi [None req-20290491-baae-4d9c-83b7-99cb8a32b013 404ca1fc7dd641a7bde6c254474feaa2 a997a87d207447d890eb75b05220da00 - - default default] 199.19.213.37 "GET /v2.0/networks/03a807a9-d297-4983-8f2d-85106683e048 HTTP/1.1" status: 200 len: 1001 time: 0.0627468
2026-07-01 08:38:27.911 9 INFO neutron.wsgi [None req-46814203-0c30-48a5-a837-d7a10c72b9ad 404ca1fc7dd641a7bde6c254474feaa2 a997a87d207447d890eb75b05220da00 - - default default] 199.19.213.37 "GET /v2.0/ports/5877d252-f146-4236-9195-664516fe2e16 HTTP/1.1" status: 200 len: 1340 time: 0.0279827
2026-07-01 08:38:27.954 9 INFO neutron.wsgi [None req-fa433c0a-d062-49e2-b746-3efc0b119448 404ca1fc7dd641a7bde6c254474feaa2 a997a87d207447d890eb75b05220da00 - - default default] 199.19.213.37 "GET /v2.0/subnets/e56783a6-2a0e-4b32-ac23-dc4ef83969d3 HTTP/1.1" status: 200 len: 851 time: 0.0359511
2026-07-01 08:38:28.900 9 INFO neutron.notifiers.nova [-] Nova event matching ['req-e4aea2a1-9e47-4e66-beae-8b167afc4027'] response: {'server_uuid': '8720084f-357d-4b61-853e-dff3038d1fe8', 'name': 'network-vif-plugged', 'status': 'completed', 'tag': '1ea97496-bcba-40c2-810f-f3f128917adc', 'code': 200}
2026-07-01 08:38:28.900 9 INFO neutron.notifiers.nova [-] Nova event matching ['req-e4aea2a1-9e47-4e66-beae-8b167afc4027'] response: {'name': 'network-changed', 'server_uuid': '8720084f-357d-4b61-853e-dff3038d1fe8', 'tag': '1ea97496-bcba-40c2-810f-f3f128917adc', 'status': 'completed', 'code': 200}
2026-07-01 08:38:28.951 10 INFO neutron.wsgi [req-282c6575-8aa1-4c64-b497-2be0f6404794 req-dad2bdef-14db-461c-bbc1-e1ab7da9878d 2450d12b528d4a09a205edd6aaa5f914 aad9c472675a4ec2a430001197ce5dbe - - 44bc701823e44ee885a6e2c147189a78 44bc701823e44ee885a6e2c147189a78] 199.19.213.37 "GET /v2.0/ports?tenant_id=a997a87d207447d890eb75b05220da00&device_id=8720084f-357d-4b61-853e-dff3038d1fe8 HTTP/1.1" status: 200 len: 3774 time: 0.0340331
2026-07-01 08:38:29.007 10 INFO neutron.wsgi [req-282c6575-8aa1-4c64-b497-2be0f6404794 req-14ecb656-70b8-4c13-96c0-3fb9ad604543 2450d12b528d4a09a205edd6aaa5f914 aad9c472675a4ec2a430001197ce5dbe - - 44bc701823e44ee885a6e2c147189a78 44bc701823e44ee885a6e2c147189a78] 199.19.213.37 "GET /v2.0/networks?id=628fa998-e4c1-4a51-8566-5c7dd73b49d4 HTTP/1.1" status: 200 len: 1002 time: 0.0520673
2026-07-01 08:38:29.045 10 INFO neutron.wsgi [req-282c6575-8aa1-4c64-b497-2be0f6404794 req-9c16adce-8bf2-4972-bf3f-ef217c9fda58 2450d12b528d4a09a205edd6aaa5f914 aad9c472675a4ec2a430001197ce5dbe - - 44bc701823e44ee885a6e2c147189a78 44bc701823e44ee885a6e2c147189a78] 199.19.213.37 "GET /v2.0/floatingips?fixed_ip_address=10.2.1.166&port_id=1ea97496-bcba-40c2-810f-f3f128917adc HTTP/1.1" status: 200 len: 217 time: 0.0302920
2026-07-01 08:38:29.085 10 INFO neutron.wsgi [req-282c6575-8aa1-4c64-b497-2be0f6404794 req-a92279f0-5e5a-4fe8-8fd2-86e2611a5de3 2450d12b528d4a09a205edd6aaa5f914 aad9c472675a4ec2a430001197ce5dbe - - 44bc701823e44ee885a6e2c147189a78 44bc701823e44ee885a6e2c147189a78] 199.19.213.37 "GET /v2.0/subnets?id=1ec47348-11ac-4b6c-b3c7-abaed074e5b2 HTTP/1.1" status: 200 len: 852 time: 0.0316055
2026-07-01 08:38:29.124 10 INFO neutron.wsgi [req-282c6575-8aa1-4c64-b497-2be0f6404794 req-23ca57a5-bc42-40e6-a244-3491e2abf609 2450d12b528d4a09a205edd6aaa5f914 aad9c472675a4ec2a430001197ce5dbe - - 44bc701823e44ee885a6e2c147189a78 44bc701823e44ee885a6e2c147189a78] 199.19.213.37 "GET /v2.0/ports?network_id=628fa998-e4c1-4a51-8566-5c7dd73b49d4&device_owner=network%3Adhcp HTTP/1.1" status: 200 len: 210 time: 0.0329010
2026-07-01 08:38:29.196 10 INFO neutron.wsgi [req-282c6575-8aa1-4c64-b497-2be0f6404794 req-88b46aef-7745-4a9b-88df-995b78f8a02a 2450d12b528d4a09a205edd6aaa5f914 aad9c472675a4ec2a430001197ce5dbe - - 44bc701823e44ee885a6e2c147189a78 44bc701823e44ee885a6e2c147189a78] 199.19.213.37 "GET /v2.0/networks/628fa998-e4c1-4a51-8566-5c7dd73b49d4?fields=segments HTTP/1.1" status: 200 len: 212 time: 0.0643902
2026-07-01 08:38:29.282 10 INFO neutron.wsgi [req-282c6575-8aa1-4c64-b497-2be0f6404794 req-da58fb70-e5bd-4c32-a16c-da944d45585c 2450d12b528d4a09a205edd6aaa5f914 aad9c472675a4ec2a430001197ce5dbe - - 44bc701823e44ee885a6e2c147189a78 44bc701823e44ee885a6e2c147189a78] 199.19.213.37 "GET /v2.0/networks/628fa998-e4c1-4a51-8566-5c7dd73b49d4?fields=provider%3Aphysical_network&fields=provider%3Anetwork_type HTTP/1.1" status: 200 len: 277 time: 0.0793693
2026-07-01 08:38:34.170 10 INFO neutron.wsgi [None req-09ffd505-f04b-4fcc-9899-0f67d6074c27 404ca1fc7dd641a7bde6c254474feaa2 a997a87d207447d890eb75b05220da00 - - default default] 10.0.0.78 "GET /v2.0/extensions/security-group HTTP/1.1" status: 200 len: 369 time: 0.1580839
2026-07-01 08:38:34.181 10 INFO neutron.wsgi [None req-91559742-43fc-48be-a20a-c2a3f799689e 404ca1fc7dd641a7bde6c254474feaa2 a997a87d207447d890eb75b05220da00 - - default default] 10.0.0.78 "GET /v2.0/extensions/dns-integration HTTP/1.1" status: 200 len: 371 time: 0.0046086
2026-07-01 08:38:34.189 10 INFO neutron.wsgi [None req-eec54edc-7b99-404b-ae2a-e05b9a815955 404ca1fc7dd641a7bde6c254474feaa2 a997a87d207447d890eb75b05220da00 - - default default] 10.0.0.78 "GET /v2.0/extensions/qos HTTP/1.1" status: 200 len: 365 time: 0.0039034
2026-07-01 08:38:34.201 10 INFO neutron.wsgi [None req-e993760a-656b-42fc-ad68-12e4333ec172 404ca1fc7dd641a7bde6c254474feaa2 a997a87d207447d890eb75b05220da00 - - default default] 10.0.0.78 "GET /v2.0/extensions/allowed-address-pairs HTTP/1.1" status: 200 len: 383 time: 0.0050211
2026-07-01 08:38:34.652 10 INFO neutron.wsgi [-] 10.0.0.78 "GET / HTTP/1.1" status: 200 len: 284 time: 0.0026069
2026-07-01 08:38:34.694 10 INFO neutron.wsgi [None req-20e52ee5-afed-4e88-b0d0-734f256487be c5bdaea49753400484a765734554b500 2255d888d25a45dda775f45c9aacc7bf - - default default] 10.0.0.78 "GET /v2.0/subnets/dbb5b8f6-b790-4f48-98ce-06af6458c9a9 HTTP/1.1" status: 200 len: 830 time: 0.0367587
2026-07-01 08:38:35.104 10 INFO neutron.wsgi [None req-dccc0c69-b2e4-4cbb-bd8c-ccd0fbc2ba4a 404ca1fc7dd641a7bde6c254474feaa2 a997a87d207447d890eb75b05220da00 - - default default] 199.19.213.37 "GET /v2.0/extensions/security-group HTTP/1.1" status: 200 len: 369 time: 0.0060956
2026-07-01 08:38:35.112 10 INFO neutron.wsgi [None req-4f037515-3f05-4a54-b5ec-f069a7e32143 404ca1fc7dd641a7bde6c254474feaa2 a997a87d207447d890eb75b05220da00 - - default default] 199.19.213.37 "GET /v2.0/extensions/dns-integration HTTP/1.1" status: 200 len: 371 time: 0.0039189
2026-07-01 08:38:35.119 10 INFO neutron.wsgi [None req-aa85de81-dad1-4deb-b43c-c1dbd87946be 404ca1fc7dd641a7bde6c254474feaa2 a997a87d207447d890eb75b05220da00 - - default default] 199.19.213.37 "GET /v2.0/extensions/qos HTTP/1.1" status: 200 len: 365 time: 0.0038209
2026-07-01 08:38:35.128 10 INFO neutron.wsgi [None req-cf87e2a2-86ba-4547-a20b-b09b9678bd1b 404ca1fc7dd641a7bde6c254474feaa2 a997a87d207447d890eb75b05220da00 - - default default] 199.19.213.37 "GET /v2.0/extensions/allowed-address-pairs HTTP/1.1" status: 200 len: 383 time: 0.0045416
2026-07-01 08:38:35.160 10 INFO neutron.wsgi [None req-e5bc6ccc-f730-4416-b99d-dcfcd2f5b23c 404ca1fc7dd641a7bde6c254474feaa2 a997a87d207447d890eb75b05220da00 - - default default] 199.19.213.37 "GET /v2.0/subnets/1ec47348-11ac-4b6c-b3c7-abaed074e5b2 HTTP/1.1" status: 200 len: 849 time: 0.0253463
2026-07-01 08:38:35.198 10 INFO neutron.wsgi [None req-c9a60e60-20ac-4c55-a4b4-a4c84768ae77 404ca1fc7dd641a7bde6c254474feaa2 a997a87d207447d890eb75b05220da00 - - default default] 199.19.213.37 "GET /v2.0/subnets/dbb5b8f6-b790-4f48-98ce-06af6458c9a9 HTTP/1.1" status: 200 len: 848 time: 0.0334532
2026-07-01 08:38:35.235 10 INFO neutron.wsgi [None req-db31c1de-e140-43bc-ad06-ad0e39b2e786 404ca1fc7dd641a7bde6c254474feaa2 a997a87d207447d890eb75b05220da00 - - default default] 199.19.213.37 "GET /v2.0/ports?device_id=8720084f-357d-4b61-853e-dff3038d1fe8 HTTP/1.1" status: 200 len: 3774 time: 0.0312624
2026-07-01 08:38:35.379 10 INFO neutron.wsgi [None req-830e2106-e73c-4866-b895-f2c0a1e569f6 404ca1fc7dd641a7bde6c254474feaa2 a997a87d207447d890eb75b05220da00 - - default default] 199.19.213.37 "GET /v2.0/extensions/security-group HTTP/1.1" status: 200 len: 369 time: 0.0076690
2026-07-01 08:38:35.385 10 INFO neutron.wsgi [None req-43d824fd-4316-4f9a-be8b-edc3475cfbc3 404ca1fc7dd641a7bde6c254474feaa2 a997a87d207447d890eb75b05220da00 - - default default] 199.19.213.37 "GET /v2.0/extensions/dns-integration HTTP/1.1" status: 200 len: 371 time: 0.0029695
2026-07-01 08:38:35.394 10 INFO neutron.wsgi [None req-5b4df030-faf3-4bf2-a63f-e136e921ad82 404ca1fc7dd641a7bde6c254474feaa2 a997a87d207447d890eb75b05220da00 - - default default] 199.19.213.37 "GET /v2.0/extensions/qos HTTP/1.1" status: 200 len: 365 time: 0.0038085
2026-07-01 08:38:35.403 10 INFO neutron.wsgi [None req-af3aaa6f-fb3c-49fe-a062-64a8d9f6f0be 404ca1fc7dd641a7bde6c254474feaa2 a997a87d207447d890eb75b05220da00 - - default default] 199.19.213.37 "GET /v2.0/extensions/allowed-address-pairs HTTP/1.1" status: 200 len: 383 time: 0.0042121
2026-07-01 08:38:35.566 10 INFO neutron.wsgi [req-99f01e89-36bc-4010-a59b-bc4d6b641cd2 req-bbc65a3b-05db-42a5-86a5-c9a7c978ba38 2450d12b528d4a09a205edd6aaa5f914 aad9c472675a4ec2a430001197ce5dbe - - 44bc701823e44ee885a6e2c147189a78 44bc701823e44ee885a6e2c147189a78] 199.19.213.37 "GET /v2.0/networks/cda3e163-400e-4b3b-b498-2b7b55080db8?fields=segments HTTP/1.1" status: 200 len: 212 time: 0.0613687
2026-07-01 08:38:35.644 10 INFO neutron.wsgi [req-99f01e89-36bc-4010-a59b-bc4d6b641cd2 req-ffdc6654-b1e5-4cfb-b694-77e5e7634fd0 2450d12b528d4a09a205edd6aaa5f914 aad9c472675a4ec2a430001197ce5dbe - - 44bc701823e44ee885a6e2c147189a78 44bc701823e44ee885a6e2c147189a78] 199.19.213.37 "GET /v2.0/networks/cda3e163-400e-4b3b-b498-2b7b55080db8?fields=provider%3Aphysical_network&fields=provider%3Anetwork_type HTTP/1.1" status: 200 len: 277 time: 0.0704613
2026-07-01 08:38:35.737 10 INFO neutron.wsgi [req-99f01e89-36bc-4010-a59b-bc4d6b641cd2 req-4bf7ee91-4cc8-4bf7-8bd7-cfb953aed2c7 404ca1fc7dd641a7bde6c254474feaa2 a997a87d207447d890eb75b05220da00 - - default default] 199.19.213.37 "GET /v2.0/networks?id=cda3e163-400e-4b3b-b498-2b7b55080db8 HTTP/1.1" status: 200 len: 1003 time: 0.0717585
2026-07-01 08:38:36.046 10 WARNING neutron.scheduler.dhcp_agent_scheduler [None req-35908aa8-e128-49e1-a2de-4b3b673da124 404ca1fc7dd641a7bde6c254474feaa2 a997a87d207447d890eb75b05220da00 - - - -] No more DHCP agents
2026-07-01 08:38:36.049 10 WARNING neutron.api.rpc.agentnotifiers.dhcp_rpc_agent_api [None req-35908aa8-e128-49e1-a2de-4b3b673da124 404ca1fc7dd641a7bde6c254474feaa2 a997a87d207447d890eb75b05220da00 - - - -] Unable to schedule network cda3e163-400e-4b3b-b498-2b7b55080db8: no agents available; will retry on subsequent port and subnet creation events.
2026-07-01 08:38:36.210 10 INFO neutron.db.ovn_revision_numbers_db [None req-35908aa8-e128-49e1-a2de-4b3b673da124 404ca1fc7dd641a7bde6c254474feaa2 a997a87d207447d890eb75b05220da00 - - - -] Successfully bumped revision number for resource 9b6cd379-c686-4481-b295-b575298c7bbd (type: ports) to 1
2026-07-01 08:38:36.238 10 INFO neutron.wsgi [None req-35908aa8-e128-49e1-a2de-4b3b673da124 404ca1fc7dd641a7bde6c254474feaa2 a997a87d207447d890eb75b05220da00 - - - -] 199.19.213.37 "POST /v2.0/ports HTTP/1.1" status: 201 len: 1512 time: 0.4927711 /var/lib/openstack/lib/python3.10/site-packages/pycadf/identifier.py:71: UserWarning: Invalid uuid: neutron. To ensure interoperability, identifiers should be a valid uuid. warnings.warn(('Invalid uuid: %s. To ensure interoperability, '
2026-07-01 08:38:36.630 10 INFO neutron.db.ovn_revision_numbers_db [None req-31b3a72b-e921-4a3f-a22d-2c09490ae9d8 2450d12b528d4a09a205edd6aaa5f914 aad9c472675a4ec2a430001197ce5dbe - - - -] Successfully bumped revision number for resource 9b6cd379-c686-4481-b295-b575298c7bbd (type: ports) to 2
2026-07-01 08:38:36.818 10 INFO neutron.db.ovn_revision_numbers_db [None req-31b3a72b-e921-4a3f-a22d-2c09490ae9d8 2450d12b528d4a09a205edd6aaa5f914 aad9c472675a4ec2a430001197ce5dbe - - - -] Successfully bumped revision number for resource 9b6cd379-c686-4481-b295-b575298c7bbd (type: ports) to 2
2026-07-01 08:38:36.837 10 INFO neutron.wsgi [None req-31b3a72b-e921-4a3f-a22d-2c09490ae9d8 2450d12b528d4a09a205edd6aaa5f914 aad9c472675a4ec2a430001197ce5dbe - - - -] 199.19.213.37 "PUT /v2.0/ports/9b6cd379-c686-4481-b295-b575298c7bbd HTTP/1.1" status: 200 len: 1561 time: 0.5723488
2026-07-01 08:38:36.880 10 INFO neutron.notifiers.nova [-] Nova event matching ['req-9532a363-54d9-4944-a6d1-2c42dbf0ec79'] response: {'name': 'network-changed', 'server_uuid': '8720084f-357d-4b61-853e-dff3038d1fe8', 'tag': '9b6cd379-c686-4481-b295-b575298c7bbd', 'status': 'completed', 'code': 200} /var/lib/openstack/lib/python3.10/site-packages/pycadf/identifier.py:71: UserWarning: Invalid uuid: neutron. To ensure interoperability, identifiers should be a valid uuid. warnings.warn(('Invalid uuid: %s. To ensure interoperability, '
2026-07-01 08:38:36.917 10 INFO neutron.wsgi [req-99f01e89-36bc-4010-a59b-bc4d6b641cd2 req-107fff54-d972-49c5-aebf-a424e555596f 2450d12b528d4a09a205edd6aaa5f914 aad9c472675a4ec2a430001197ce5dbe - - 44bc701823e44ee885a6e2c147189a78 44bc701823e44ee885a6e2c147189a78] 199.19.213.37 "GET /v2.0/ports?tenant_id=a997a87d207447d890eb75b05220da00&device_id=8720084f-357d-4b61-853e-dff3038d1fe8 HTTP/1.1" status: 200 len: 5155 time: 0.0343015
2026-07-01 08:38:36.967 10 INFO neutron.wsgi [req-99f01e89-36bc-4010-a59b-bc4d6b641cd2 req-86f335a6-efee-4118-a066-2be5baf68acd 2450d12b528d4a09a205edd6aaa5f914 aad9c472675a4ec2a430001197ce5dbe - - 44bc701823e44ee885a6e2c147189a78 44bc701823e44ee885a6e2c147189a78] 199.19.213.37 "GET /v2.0/floatingips?fixed_ip_address=172.24.1.8&port_id=dc9d4c63-0d5d-462e-b272-5d581d774dd0 HTTP/1.1" status: 200 len: 217 time: 0.0402193
2026-07-01 08:38:37.004 10 INFO neutron.wsgi [req-99f01e89-36bc-4010-a59b-bc4d6b641cd2 req-3aa02406-a4ec-40e1-9425-2e2bc6a43bed 2450d12b528d4a09a205edd6aaa5f914 aad9c472675a4ec2a430001197ce5dbe - - 44bc701823e44ee885a6e2c147189a78 44bc701823e44ee885a6e2c147189a78] 199.19.213.37 "GET /v2.0/subnets?id=4862c5c0-6f0d-40c0-b8b7-fcd574b8b820 HTTP/1.1" status: 200 len: 829 time: 0.0327227
2026-07-01 08:38:37.035 10 INFO neutron.wsgi [req-99f01e89-36bc-4010-a59b-bc4d6b641cd2 req-15de349c-cbd9-4694-b317-654f9b807227 2450d12b528d4a09a205edd6aaa5f914 aad9c472675a4ec2a430001197ce5dbe - - 44bc701823e44ee885a6e2c147189a78 44bc701823e44ee885a6e2c147189a78] 199.19.213.37 "GET /v2.0/ports?network_id=c54943c1-50b6-4547-b3f9-34a6a6fd7980&device_owner=network%3Adhcp HTTP/1.1" status: 200 len: 210 time: 0.0224559
2026-07-01 08:38:37.095 10 INFO neutron.wsgi [req-99f01e89-36bc-4010-a59b-bc4d6b641cd2 req-5e76ff4d-1fbe-4db7-b09a-a42a17c2f87f 2450d12b528d4a09a205edd6aaa5f914 aad9c472675a4ec2a430001197ce5dbe - - 44bc701823e44ee885a6e2c147189a78 44bc701823e44ee885a6e2c147189a78] 199.19.213.37 "GET /v2.0/networks/c54943c1-50b6-4547-b3f9-34a6a6fd7980?fields=segments HTTP/1.1" status: 200 len: 212 time: 0.0536954
2026-07-01 08:38:37.164 10 INFO neutron.wsgi [req-99f01e89-36bc-4010-a59b-bc4d6b641cd2 req-ab3260af-7611-4905-9201-556dfa28046a 2450d12b528d4a09a205edd6aaa5f914 aad9c472675a4ec2a430001197ce5dbe - - 44bc701823e44ee885a6e2c147189a78 44bc701823e44ee885a6e2c147189a78] 199.19.213.37 "GET /v2.0/networks/c54943c1-50b6-4547-b3f9-34a6a6fd7980?fields=provider%3Aphysical_network&fields=provider%3Anetwork_type HTTP/1.1" status: 200 len: 277 time: 0.0625632
2026-07-01 08:38:37.530 10 INFO neutron.wsgi [req-99f01e89-36bc-4010-a59b-bc4d6b641cd2 req-9b98fc20-88b5-4d2c-b384-3e636eb09cee 2450d12b528d4a09a205edd6aaa5f914 aad9c472675a4ec2a430001197ce5dbe - - 44bc701823e44ee885a6e2c147189a78 44bc701823e44ee885a6e2c147189a78] 199.19.213.37 "GET /v2.0/floatingips?fixed_ip_address=10.1.1.149&port_id=8a132700-f741-4e50-8dbc-667e09933831 HTTP/1.1" status: 200 len: 217 time: 0.3564737
2026-07-01 08:38:37.572 10 INFO neutron.wsgi [req-99f01e89-36bc-4010-a59b-bc4d6b641cd2 req-8ca0dbf5-4983-4c2d-bbb5-95e9dfea74c9 2450d12b528d4a09a205edd6aaa5f914 aad9c472675a4ec2a430001197ce5dbe - - 44bc701823e44ee885a6e2c147189a78 44bc701823e44ee885a6e2c147189a78] 199.19.213.37 "GET /v2.0/subnets?id=e56783a6-2a0e-4b32-ac23-dc4ef83969d3 HTTP/1.1" status: 200 len: 854 time: 0.0349314
2026-07-01 08:38:37.612 10 INFO neutron.wsgi [req-99f01e89-36bc-4010-a59b-bc4d6b641cd2 req-817fdeb0-3e5f-4dc4-997f-b731dd8bee6d 2450d12b528d4a09a205edd6aaa5f914 aad9c472675a4ec2a430001197ce5dbe - - 44bc701823e44ee885a6e2c147189a78 44bc701823e44ee885a6e2c147189a78] 199.19.213.37 "GET /v2.0/ports?network_id=03a807a9-d297-4983-8f2d-85106683e048&device_owner=network%3Adhcp HTTP/1.1" status: 200 len: 210 time: 0.0301788
2026-07-01 08:38:37.678 10 INFO neutron.wsgi [req-99f01e89-36bc-4010-a59b-bc4d6b641cd2 req-cd597270-b0fb-460b-b50b-50a6c29f432e 2450d12b528d4a09a205edd6aaa5f914 aad9c472675a4ec2a430001197ce5dbe - - 44bc701823e44ee885a6e2c147189a78 44bc701823e44ee885a6e2c147189a78] 199.19.213.37 "GET /v2.0/networks/03a807a9-d297-4983-8f2d-85106683e048?fields=segments HTTP/1.1" status: 200 len: 212 time: 0.0587246
