2026-07-01 08:35:12.138 10 INFO neutron.db.ovn_revision_numbers_db [None req-822b1ec2-c457-4bed-94fb-552c15d624a3 0e70853d0eef43679b101a2c8020a195 518ddbef5d8e45458ee05866e6215b61 - - - -] Successfully bumped revision number for resource 69c8dc66-61e6-4816-87de-9f76581040d5 (type: ports) to 1
2026-07-01 08:35:12.159 10 INFO neutron.wsgi [None req-822b1ec2-c457-4bed-94fb-552c15d624a3 0e70853d0eef43679b101a2c8020a195 518ddbef5d8e45458ee05866e6215b61 - - - -] 10.0.0.67 "POST /v2.0/ports HTTP/1.1" status: 201 len: 1151 time: 0.6528051 /var/lib/openstack/lib/python3.10/site-packages/pycadf/identifier.py:71: UserWarning: Invalid uuid: neutron. To ensure interoperability, identifiers should be a valid uuid. warnings.warn(('Invalid uuid: %s. To ensure interoperability, '
2026-07-01 08:35:12.279 9 INFO neutron.services.segments.plugin [-] Segment c9805e8f-92d0-4364-9faf-9635c6a9b7a0 resource provider aggregate not found
2026-07-01 08:35:12.287 9 INFO neutron.services.segments.plugin [-] Segment c9805e8f-92d0-4364-9faf-9635c6a9b7a0 resource provider aggregate not found
2026-07-01 08:35:12.299 9 INFO neutron.services.segments.plugin [-] Segment c9805e8f-92d0-4364-9faf-9635c6a9b7a0 resource provider not found; error: Placement Client Error (4xx): {"errors": [{"status": 404, "title": "Not Found", "detail": "The resource could not be found.\n\n No resource provider with uuid c9805e8f-92d0-4364-9faf-9635c6a9b7a0 found for delete ", "request_id": "req-7ac7d0dc-ae5d-43ba-b6be-8aa553a79226"}]}
2026-07-01 08:35:12.302 9 INFO neutron.services.segments.plugin [-] Segment c9805e8f-92d0-4364-9faf-9635c6a9b7a0 resource provider not found; error: Placement Client Error (4xx): {"errors": [{"status": 404, "title": "Not Found", "detail": "The resource could not be found.\n\n No resource provider with uuid c9805e8f-92d0-4364-9faf-9635c6a9b7a0 found for delete ", "request_id": "req-d69e577d-5346-4c50-857b-bf0afdc0782e"}]}
2026-07-01 08:35:12.352 9 INFO neutron.wsgi [-] 10.0.0.101 "GET / HTTP/1.1" status: 200 len: 246 time: 0.0014005
2026-07-01 08:35:12.353 9 INFO neutron.wsgi [-] 10.0.0.101 "GET / HTTP/1.1" status: 200 len: 246 time: 0.0009644
2026-07-01 08:35:12.538 10 INFO neutron.plugins.ml2.drivers.ovn.mech_driver.mech_driver [None req-c396930f-1898-4943-8561-c90a7c2471ce - - - - - -] OVN reports status up for port: 69c8dc66-61e6-4816-87de-9f76581040d5
2026-07-01 08:35:12.547 10 INFO neutron.plugins.ml2.plugin [None req-c396930f-1898-4943-8561-c90a7c2471ce - - - - - -] Attempt 1 to provision port 69c8dc66-61e6-4816-87de-9f76581040d5
2026-07-01 08:35:12.561 10 INFO neutron.db.ovn_revision_numbers_db [None req-8adf6366-e24e-4a57-943a-07d976d0be26 0e70853d0eef43679b101a2c8020a195 518ddbef5d8e45458ee05866e6215b61 - - default default] Successfully bumped revision number for resource 69c8dc66-61e6-4816-87de-9f76581040d5 (type: router_ports) to 2
2026-07-01 08:35:12.745 9 WARNING neutron.scheduler.dhcp_agent_scheduler [None req-078bcdf0-5ffd-4cdb-912f-6846955c1bd7 67054e79a20a42ec8fa165e5507eae65 6be606d0a45e49f5a2f62f0990e8f29c - - default default] No more DHCP agents
2026-07-01 08:35:12.746 9 WARNING neutron.api.rpc.agentnotifiers.dhcp_rpc_agent_api [None req-078bcdf0-5ffd-4cdb-912f-6846955c1bd7 67054e79a20a42ec8fa165e5507eae65 6be606d0a45e49f5a2f62f0990e8f29c - - default default] Unable to schedule network d634d145-da3f-4c7b-9b15-434d7259c2c8: no agents available; will retry on subsequent port and subnet creation events.
2026-07-01 08:35:12.785 10 INFO neutron.db.ovn_revision_numbers_db [None req-8adf6366-e24e-4a57-943a-07d976d0be26 0e70853d0eef43679b101a2c8020a195 518ddbef5d8e45458ee05866e6215b61 - - default default] Successfully bumped revision number for resource 69c8dc66-61e6-4816-87de-9f76581040d5 (type: ports) to 2
2026-07-01 08:35:12.908 9 INFO neutron.db.ovn_revision_numbers_db [None req-078bcdf0-5ffd-4cdb-912f-6846955c1bd7 67054e79a20a42ec8fa165e5507eae65 6be606d0a45e49f5a2f62f0990e8f29c - - default default] Successfully bumped revision number for resource d354bc16-0891-4543-91ac-8d6c4e9bd5c6 (type: ports) to 1
2026-07-01 08:35:13.225 10 INFO neutron.db.ovn_revision_numbers_db [None req-c396930f-1898-4943-8561-c90a7c2471ce - - - - - -] Successfully bumped revision number for resource 69c8dc66-61e6-4816-87de-9f76581040d5 (type: ports) to 3
2026-07-01 08:35:13.395 10 INFO neutron.db.ovn_revision_numbers_db [None req-c396930f-1898-4943-8561-c90a7c2471ce - - - - - -] Successfully bumped revision number for resource 69c8dc66-61e6-4816-87de-9f76581040d5 (type: router_ports) to 3
2026-07-01 08:35:13.400 9 INFO neutron.plugins.ml2.drivers.ovn.mech_driver.mech_driver [None req-90b0be18-ef05-41b8-ac24-6ad0f59b6587 - - - - - -] OVN reports status up for port: d354bc16-0891-4543-91ac-8d6c4e9bd5c6
2026-07-01 08:35:13.413 9 INFO neutron.db.ovn_revision_numbers_db [None req-078bcdf0-5ffd-4cdb-912f-6846955c1bd7 67054e79a20a42ec8fa165e5507eae65 6be606d0a45e49f5a2f62f0990e8f29c - - default default] Successfully bumped revision number for resource d354bc16-0891-4543-91ac-8d6c4e9bd5c6 (type: router_ports) to 2
2026-07-01 08:35:13.416 9 INFO neutron.plugins.ml2.plugin [None req-90b0be18-ef05-41b8-ac24-6ad0f59b6587 - - - - - -] Attempt 1 to provision port d354bc16-0891-4543-91ac-8d6c4e9bd5c6
2026-07-01 08:35:13.555 9 INFO neutron.db.ovn_revision_numbers_db [None req-ec20e2ac-096b-4826-9c6a-e5e231079f7c 404ca1fc7dd641a7bde6c254474feaa2 a997a87d207447d890eb75b05220da00 - - default default] Successfully bumped revision number for resource ad379883-6bf1-4ecd-9529-41949724885b (type: security_groups) to 1
2026-07-01 08:35:13.615 9 INFO neutron.wsgi [None req-ec20e2ac-096b-4826-9c6a-e5e231079f7c 404ca1fc7dd641a7bde6c254474feaa2 a997a87d207447d890eb75b05220da00 - - default default] 10.0.0.67 "GET /v2.0/security-groups?tenant_id=0cf3650e194345f2bb2e5acb25795b87&name=default HTTP/1.1" status: 200 len: 2996 time: 0.4404743 /var/lib/openstack/lib/python3.10/site-packages/pycadf/identifier.py:71: UserWarning: Invalid uuid: neutron. To ensure interoperability, identifiers should be a valid uuid. warnings.warn(('Invalid uuid: %s. To ensure interoperability, '
2026-07-01 08:35:13.665 9 INFO neutron.db.ovn_revision_numbers_db [None req-078bcdf0-5ffd-4cdb-912f-6846955c1bd7 67054e79a20a42ec8fa165e5507eae65 6be606d0a45e49f5a2f62f0990e8f29c - - default default] Successfully bumped revision number for resource d354bc16-0891-4543-91ac-8d6c4e9bd5c6 (type: ports) to 2
2026-07-01 08:35:13.748 9 WARNING neutron.scheduler.dhcp_agent_scheduler [None req-078bcdf0-5ffd-4cdb-912f-6846955c1bd7 67054e79a20a42ec8fa165e5507eae65 6be606d0a45e49f5a2f62f0990e8f29c - - default default] No more DHCP agents
2026-07-01 08:35:13.751 9 WARNING neutron.api.rpc.agentnotifiers.dhcp_rpc_agent_api [None req-078bcdf0-5ffd-4cdb-912f-6846955c1bd7 67054e79a20a42ec8fa165e5507eae65 6be606d0a45e49f5a2f62f0990e8f29c - - default default] Unable to schedule network d634d145-da3f-4c7b-9b15-434d7259c2c8: no agents available; will retry on subsequent port and subnet creation events.
2026-07-01 08:35:13.774 10 INFO neutron.db.ovn_revision_numbers_db [None req-8adf6366-e24e-4a57-943a-07d976d0be26 0e70853d0eef43679b101a2c8020a195 518ddbef5d8e45458ee05866e6215b61 - - default default] Successfully bumped revision number for resource 69c8dc66-61e6-4816-87de-9f76581040d5 (type: ports) to 4
2026-07-01 08:35:13.777 9 INFO neutron.db.ovn_revision_numbers_db [None req-90b0be18-ef05-41b8-ac24-6ad0f59b6587 - - - - - -] Successfully bumped revision number for resource d354bc16-0891-4543-91ac-8d6c4e9bd5c6 (type: ports) to 3
2026-07-01 08:35:13.862 10 WARNING neutron.scheduler.dhcp_agent_scheduler [None req-8adf6366-e24e-4a57-943a-07d976d0be26 0e70853d0eef43679b101a2c8020a195 518ddbef5d8e45458ee05866e6215b61 - - default default] No more DHCP agents
2026-07-01 08:35:13.866 10 WARNING neutron.api.rpc.agentnotifiers.dhcp_rpc_agent_api [None req-8adf6366-e24e-4a57-943a-07d976d0be26 0e70853d0eef43679b101a2c8020a195 518ddbef5d8e45458ee05866e6215b61 - - default default] Unable to schedule network 5c489eb5-f1d8-4f89-9be6-27e316fe37a0: no agents available; will retry on subsequent port and subnet creation events.
2026-07-01 08:35:13.893 10 INFO neutron.wsgi [None req-7e4cb80b-8abb-4d2b-b147-65d8bdfa416d 404ca1fc7dd641a7bde6c254474feaa2 a997a87d207447d890eb75b05220da00 - - - -] 10.0.0.67 "DELETE /v2.0/security-groups/ad379883-6bf1-4ecd-9529-41949724885b HTTP/1.1" status: 204 len: 168 time: 0.2729304
2026-07-01 08:35:13.951 9 INFO neutron.db.ovn_revision_numbers_db [None req-90b0be18-ef05-41b8-ac24-6ad0f59b6587 - - - - - -] Successfully bumped revision number for resource d354bc16-0891-4543-91ac-8d6c4e9bd5c6 (type: router_ports) to 3
2026-07-01 08:35:14.055 10 INFO neutron.db.ovn_revision_numbers_db [None req-8adf6366-e24e-4a57-943a-07d976d0be26 0e70853d0eef43679b101a2c8020a195 518ddbef5d8e45458ee05866e6215b61 - - - -] Successfully bumped revision number for resource 69c8dc66-61e6-4816-87de-9f76581040d5 (type: router_ports) to 4
2026-07-01 08:35:14.057 10 INFO neutron.wsgi [None req-8adf6366-e24e-4a57-943a-07d976d0be26 0e70853d0eef43679b101a2c8020a195 518ddbef5d8e45458ee05866e6215b61 - - - -] 10.0.0.67 "PUT /v2.0/routers/32f428be-edbf-42f9-94e5-8d9a170d5a02/add_router_interface HTTP/1.1" status: 200 len: 503 time: 1.8922608
2026-07-01 08:35:14.096 10 INFO neutron.wsgi [None req-54e07c69-ca08-4def-924a-d7cadc84f519 0e70853d0eef43679b101a2c8020a195 518ddbef5d8e45458ee05866e6215b61 - - default default] 10.0.0.67 "GET /v2.0/ports/69c8dc66-61e6-4816-87de-9f76581040d5 HTTP/1.1" status: 200 len: 1209 time: 0.0337963
2026-07-01 08:35:14.110 9 INFO neutron.db.ovn_revision_numbers_db [None req-078bcdf0-5ffd-4cdb-912f-6846955c1bd7 67054e79a20a42ec8fa165e5507eae65 6be606d0a45e49f5a2f62f0990e8f29c - - - -] Successfully bumped revision number for resource d354bc16-0891-4543-91ac-8d6c4e9bd5c6 (type: router_ports) to 3
2026-07-01 08:35:14.113 9 INFO neutron.wsgi [None req-078bcdf0-5ffd-4cdb-912f-6846955c1bd7 67054e79a20a42ec8fa165e5507eae65 6be606d0a45e49f5a2f62f0990e8f29c - - - -] 10.0.0.67 "PUT /v2.0/routers/635c5e0b-6bf4-4832-bbcc-588079318709/add_router_interface HTTP/1.1" status: 200 len: 503 time: 2.1331446
2026-07-01 08:35:14.182 9 INFO neutron.wsgi [None req-4adf29d2-d60a-44f2-9608-8fd9b62adbf2 8ecab3b50df54ae099329958bac25d9a 51ef1f7d075c4796b73f2b86c73a9888 - - default default] 10.0.0.67 "GET /v2.0/networks HTTP/1.1" status: 200 len: 3854 time: 0.0590813
2026-07-01 08:35:14.218 9 INFO neutron.wsgi [None req-fdcad8ba-0909-450c-b044-adf89d090ad9 8ecab3b50df54ae099329958bac25d9a 51ef1f7d075c4796b73f2b86c73a9888 - - default default] 10.0.0.67 "GET /v2.0/subnets HTTP/1.1" status: 200 len: 2706 time: 0.0323544
2026-07-01 08:35:14.220 10 INFO neutron.db.ovn_revision_numbers_db [None req-f21ed1fa-08d6-429d-8700-1711a5ccaba5 404ca1fc7dd641a7bde6c254474feaa2 a997a87d207447d890eb75b05220da00 - - default default] Successfully bumped revision number for resource f3fa6413-d0c6-48fe-92c9-49efab5d47a5 (type: security_groups) to 1
2026-07-01 08:35:14.264 10 INFO neutron.wsgi [None req-f21ed1fa-08d6-429d-8700-1711a5ccaba5 404ca1fc7dd641a7bde6c254474feaa2 a997a87d207447d890eb75b05220da00 - - default default] 10.0.0.67 "GET /v2.0/security-groups?tenant_id=427e1f12f64a44b0a31c2011216bb5a4&name=default HTTP/1.1" status: 200 len: 2996 time: 0.2171910
2026-07-01 08:35:14.337 9 INFO neutron.wsgi [None req-b08b5489-bf2b-4538-bd5c-e062c5e2fda5 8ecab3b50df54ae099329958bac25d9a 51ef1f7d075c4796b73f2b86c73a9888 - - default default] 10.0.0.67 "GET /v2.0/routers HTTP/1.1" status: 200 len: 1363 time: 0.1135204 /var/lib/openstack/lib/python3.10/site-packages/pycadf/identifier.py:71: UserWarning: Invalid uuid: neutron. To ensure interoperability, identifiers should be a valid uuid. warnings.warn(('Invalid uuid: %s. To ensure interoperability, '
2026-07-01 08:35:14.479 9 INFO neutron.wsgi [None req-b9684696-13b1-4861-b822-14eebf14af0a 404ca1fc7dd641a7bde6c254474feaa2 a997a87d207447d890eb75b05220da00 - - - -] 10.0.0.67 "DELETE /v2.0/security-groups/f3fa6413-d0c6-48fe-92c9-49efab5d47a5 HTTP/1.1" status: 204 len: 168 time: 0.2051339
2026-07-01 08:35:14.555 10 INFO neutron.db.ovn_revision_numbers_db [None req-9e8c3e1c-013c-4e25-a5e7-731310ae17f1 67054e79a20a42ec8fa165e5507eae65 6be606d0a45e49f5a2f62f0990e8f29c - - - -] Successfully bumped revision number for resource a5c7ee1b-173e-4468-a694-0abe58febda2 (type: security_groups) to 1
2026-07-01 08:35:14.576 10 INFO neutron.wsgi [None req-9e8c3e1c-013c-4e25-a5e7-731310ae17f1 67054e79a20a42ec8fa165e5507eae65 6be606d0a45e49f5a2f62f0990e8f29c - - - -] 10.0.0.67 "POST /v2.0/security-groups HTTP/1.1" status: 201 len: 1811 time: 0.1911221
2026-07-01 08:35:14.689 9 INFO neutron.db.ovn_revision_numbers_db [None req-8337fd21-467e-4bac-ab5d-0097b5e94562 67054e79a20a42ec8fa165e5507eae65 6be606d0a45e49f5a2f62f0990e8f29c - - - -] Successfully bumped revision number for resource 8025f06b-cb66-4128-88a0-bb1ad1dda285 (type: security_group_rules) to 0
2026-07-01 08:35:14.708 9 INFO neutron.wsgi [None req-8337fd21-467e-4bac-ab5d-0097b5e94562 67054e79a20a42ec8fa165e5507eae65 6be606d0a45e49f5a2f62f0990e8f29c - - - -] 10.0.0.67 "POST /v2.0/security-group-rules HTTP/1.1" status: 201 len: 764 time: 0.1273029
2026-07-01 08:35:14.810 10 INFO neutron.wsgi [None req-69aea429-dc0e-4430-8172-530a3f89c18b 0e70853d0eef43679b101a2c8020a195 518ddbef5d8e45458ee05866e6215b61 - - - -] 10.0.0.67 "PUT /v2.0/routers/32f428be-edbf-42f9-94e5-8d9a170d5a02/remove_router_interface HTTP/1.1" status: 200 len: 503 time: 0.7059286 /var/lib/openstack/lib/python3.10/site-packages/pycadf/identifier.py:71: UserWarning: Invalid uuid: neutron. To ensure interoperability, identifiers should be a valid uuid. warnings.warn(('Invalid uuid: %s. To ensure interoperability, '
2026-07-01 08:35:14.827 9 INFO neutron.db.ovn_revision_numbers_db [None req-361b2be1-bf44-4bc3-97b3-9c6df2aa04c0 67054e79a20a42ec8fa165e5507eae65 6be606d0a45e49f5a2f62f0990e8f29c - - - -] Successfully bumped revision number for resource 1432a436-e403-4b06-be9c-cc7990779dd9 (type: security_group_rules) to 0
2026-07-01 08:35:14.859 9 INFO neutron.wsgi [None req-361b2be1-bf44-4bc3-97b3-9c6df2aa04c0 67054e79a20a42ec8fa165e5507eae65 6be606d0a45e49f5a2f62f0990e8f29c - - - -] 10.0.0.67 "POST /v2.0/security-group-rules HTTP/1.1" status: 201 len: 763 time: 0.1466558
2026-07-01 08:35:14.897 10 INFO neutron.api.v2.resource [None req-8e176c6a-c68a-4c46-97ae-6b3d2c77526d 0e70853d0eef43679b101a2c8020a195 518ddbef5d8e45458ee05866e6215b61 - - default default] remove_router_interface failed (client error): The resource could not be found.
2026-07-01 08:35:14.898 10 INFO neutron.wsgi [None req-8e176c6a-c68a-4c46-97ae-6b3d2c77526d 0e70853d0eef43679b101a2c8020a195 518ddbef5d8e45458ee05866e6215b61 - - default default] 10.0.0.67 "PUT /v2.0/routers/32f428be-edbf-42f9-94e5-8d9a170d5a02/remove_router_interface HTTP/1.1" status: 404 len: 398 time: 0.0809362
2026-07-01 08:35:14.925 10 INFO neutron.wsgi [None req-587dab17-a591-4f52-97d5-b011ac6e9ac3 0e70853d0eef43679b101a2c8020a195 518ddbef5d8e45458ee05866e6215b61 - - default default] 10.0.0.67 "GET /v2.0/ports?device_id=32f428be-edbf-42f9-94e5-8d9a170d5a02 HTTP/1.1" status: 200 len: 205 time: 0.0227559
2026-07-01 08:35:14.979 9 INFO neutron.db.ovn_revision_numbers_db [None req-413ba398-7e60-4ce1-83dd-3c77a4ba877f 67054e79a20a42ec8fa165e5507eae65 6be606d0a45e49f5a2f62f0990e8f29c - - - -] Successfully bumped revision number for resource ddc768d5-8b49-4fe1-92a3-467d67e46d66 (type: security_group_rules) to 0
2026-07-01 08:35:15.008 9 INFO neutron.wsgi [None req-413ba398-7e60-4ce1-83dd-3c77a4ba877f 67054e79a20a42ec8fa165e5507eae65 6be606d0a45e49f5a2f62f0990e8f29c - - - -] 10.0.0.67 "POST /v2.0/security-group-rules HTTP/1.1" status: 201 len: 769 time: 0.1425843
2026-07-01 08:35:15.116 9 INFO neutron.db.ovn_revision_numbers_db [None req-d4fa218c-ca4b-4f06-8fe3-3a6f3763bb53 67054e79a20a42ec8fa165e5507eae65 6be606d0a45e49f5a2f62f0990e8f29c - - - -] Successfully bumped revision number for resource b8000463-eb09-4b82-9143-3d45b428735d (type: security_group_rules) to 0
2026-07-01 08:35:15.139 9 INFO neutron.wsgi [None req-d4fa218c-ca4b-4f06-8fe3-3a6f3763bb53 67054e79a20a42ec8fa165e5507eae65 6be606d0a45e49f5a2f62f0990e8f29c - - - -] 10.0.0.67 "POST /v2.0/security-group-rules HTTP/1.1" status: 201 len: 768 time: 0.1258118
2026-07-01 08:35:15.156 10 INFO neutron.wsgi [None req-f5bc0ff7-5d29-4f4d-a111-28f7884498dc 0e70853d0eef43679b101a2c8020a195 518ddbef5d8e45458ee05866e6215b61 - - - -] 10.0.0.67 "DELETE /v2.0/routers/32f428be-edbf-42f9-94e5-8d9a170d5a02 HTTP/1.1" status: 204 len: 168 time: 0.2261879
2026-07-01 08:35:15.167 10 INFO neutron.db.securitygroups_db [None req-a8c9e195-051f-4e87-8677-e10ab0130d89 67054e79a20a42ec8fa165e5507eae65 6be606d0a45e49f5a2f62f0990e8f29c - - - -] Project 6be606d0a45e49f5a2f62f0990e8f29c added a security group rule with legacy IPv6 ICMP protocol name icmp, ipv6-icmp should be used instead. It was automatically converted.
2026-07-01 08:35:15.294 10 INFO neutron.db.ovn_revision_numbers_db [None req-a8c9e195-051f-4e87-8677-e10ab0130d89 67054e79a20a42ec8fa165e5507eae65 6be606d0a45e49f5a2f62f0990e8f29c - - - -] Successfully bumped revision number for resource b4fc5b23-7b9a-44d2-90df-2c8ad85ba9d2 (type: security_group_rules) to 0
2026-07-01 08:35:15.322 10 INFO neutron.wsgi [None req-a8c9e195-051f-4e87-8677-e10ab0130d89 67054e79a20a42ec8fa165e5507eae65 6be606d0a45e49f5a2f62f0990e8f29c - - - -] 10.0.0.67 "POST /v2.0/security-group-rules HTTP/1.1" status: 201 len: 774 time: 0.1781974
2026-07-01 08:35:15.349 10 INFO neutron.db.securitygroups_db [None req-ca490519-6222-4b44-9477-d98d6129da80 67054e79a20a42ec8fa165e5507eae65 6be606d0a45e49f5a2f62f0990e8f29c - - - -] Project 6be606d0a45e49f5a2f62f0990e8f29c added a security group rule with legacy IPv6 ICMP protocol name icmp, ipv6-icmp should be used instead. It was automatically converted.
2026-07-01 08:35:15.381 9 INFO neutron.wsgi [None req-96356ae3-1942-42d1-9d77-f19c751529e9 0e70853d0eef43679b101a2c8020a195 518ddbef5d8e45458ee05866e6215b61 - - - -] 10.0.0.67 "DELETE /v2.0/subnets/0f1c0c3c-f1d2-4401-a3ff-7e1e247c0c74 HTTP/1.1" status: 204 len: 168 time: 0.2204044
2026-07-01 08:35:15.435 10 INFO neutron.db.ovn_revision_numbers_db [None req-ca490519-6222-4b44-9477-d98d6129da80 67054e79a20a42ec8fa165e5507eae65 6be606d0a45e49f5a2f62f0990e8f29c - - - -] Successfully bumped revision number for resource 508f28a1-f66d-495a-8ce7-c3b9b158608d (type: security_group_rules) to 0
2026-07-01 08:35:15.460 10 INFO neutron.wsgi [None req-ca490519-6222-4b44-9477-d98d6129da80 67054e79a20a42ec8fa165e5507eae65 6be606d0a45e49f5a2f62f0990e8f29c - - - -] 10.0.0.67 "POST /v2.0/security-group-rules HTTP/1.1" status: 201 len: 773 time: 0.1323848
2026-07-01 08:35:15.682 9 INFO neutron.services.segments.plugin [-] Segment 1dda76a6-1ec4-40a1-843c-1f4800c8b461 resource provider aggregate not found
2026-07-01 08:35:15.701 9 INFO neutron.services.segments.plugin [-] Segment 1dda76a6-1ec4-40a1-843c-1f4800c8b461 resource provider aggregate not found
2026-07-01 08:35:15.712 9 INFO neutron.services.segments.plugin [-] Segment 1dda76a6-1ec4-40a1-843c-1f4800c8b461 resource provider not found; error: Placement Client Error (4xx): {"errors": [{"status": 404, "title": "Not Found", "detail": "The resource could not be found.\n\n No resource provider with uuid 1dda76a6-1ec4-40a1-843c-1f4800c8b461 found for delete ", "request_id": "req-5728c0d4-fd79-44b8-9ecd-51986e3a58b1"}]}
2026-07-01 08:35:15.719 9 INFO neutron.services.segments.plugin [-] Segment 1dda76a6-1ec4-40a1-843c-1f4800c8b461 resource provider not found; error: Placement Client Error (4xx): {"errors": [{"status": 404, "title": "Not Found", "detail": "The resource could not be found.\n\n No resource provider with uuid 1dda76a6-1ec4-40a1-843c-1f4800c8b461 found for delete ", "request_id": "req-38d55009-538a-4750-a896-1b1c149ae209"}]}
2026-07-01 08:35:15.732 9 INFO neutron.wsgi [None req-b35b0f8a-9b5d-4091-b85d-38740297e84d 0e70853d0eef43679b101a2c8020a195 518ddbef5d8e45458ee05866e6215b61 - - - -] 10.0.0.67 "DELETE /v2.0/networks/5c489eb5-f1d8-4f89-9be6-27e316fe37a0 HTTP/1.1" status: 204 len: 168 time: 0.3457451
2026-07-01 08:35:15.812 9 INFO neutron.db.segments_db [None req-e10596fb-22b8-47ef-b533-65bcac8f265e 0e70853d0eef43679b101a2c8020a195 518ddbef5d8e45458ee05866e6215b61 - - - -] Added segment 7f696874-f0a6-46b6-b7a0-740ebac80243 of type geneve for network 2ba63787-495a-41a8-b68d-61ae05a96f07
2026-07-01 08:35:15.957 9 INFO neutron.db.ovn_revision_numbers_db [None req-e10596fb-22b8-47ef-b533-65bcac8f265e 0e70853d0eef43679b101a2c8020a195 518ddbef5d8e45458ee05866e6215b61 - - - -] Successfully bumped revision number for resource 2ba63787-495a-41a8-b68d-61ae05a96f07 (type: networks) to 1
2026-07-01 08:35:16.306 9 INFO neutron.wsgi [None req-4656f4aa-713f-40f0-848b-5127285e7c73 67054e79a20a42ec8fa165e5507eae65 6be606d0a45e49f5a2f62f0990e8f29c - - default default] 10.0.0.67 "GET /v2.0/networks HTTP/1.1" status: 200 len: 1493 time: 0.4827363
2026-07-01 08:35:16.422 9 INFO neutron.wsgi [req-bd831fe2-bd33-4ee7-9427-a81bbac19179 req-7c21da66-5861-4aa7-a951-b037f698fffd 67054e79a20a42ec8fa165e5507eae65 6be606d0a45e49f5a2f62f0990e8f29c - - default default] 10.0.0.106 "GET /v2.0/security-groups?name=tempest-secgroup-smoke-1478728751&fields=id&tenant_id=6be606d0a45e49f5a2f62f0990e8f29c HTTP/1.1" status: 200 len: 267 time: 0.0364583
2026-07-01 08:35:16.459 9 WARNING neutron.scheduler.dhcp_agent_scheduler [None req-e10596fb-22b8-47ef-b533-65bcac8f265e 0e70853d0eef43679b101a2c8020a195 518ddbef5d8e45458ee05866e6215b61 - - - -] No more DHCP agents
2026-07-01 08:35:16.463 9 WARNING neutron.api.rpc.agentnotifiers.dhcp_rpc_agent_api [None req-e10596fb-22b8-47ef-b533-65bcac8f265e 0e70853d0eef43679b101a2c8020a195 518ddbef5d8e45458ee05866e6215b61 - - - -] Unable to schedule network 2ba63787-495a-41a8-b68d-61ae05a96f07: no agents available; will retry on subsequent port and subnet creation events.
2026-07-01 08:35:16.534 9 INFO neutron.wsgi [req-bd831fe2-bd33-4ee7-9427-a81bbac19179 req-cae56ef8-0c1b-40fc-86e2-64a540caae10 67054e79a20a42ec8fa165e5507eae65 6be606d0a45e49f5a2f62f0990e8f29c - - default default] 10.0.0.106 "GET /v2.0/networks?id=d634d145-da3f-4c7b-9b15-434d7259c2c8 HTTP/1.1" status: 200 len: 860 time: 0.1024027
2026-07-01 08:35:16.558 9 INFO neutron.wsgi [req-bd831fe2-bd33-4ee7-9427-a81bbac19179 req-c5e830f2-bc8c-4873-bd84-16a1f088f24b 67054e79a20a42ec8fa165e5507eae65 6be606d0a45e49f5a2f62f0990e8f29c - - default default] 10.0.0.106 "GET /v2.0/quotas/6be606d0a45e49f5a2f62f0990e8f29c HTTP/1.1" status: 200 len: 386 time: 0.0163887
2026-07-01 08:35:16.565 9 INFO neutron.db.ovn_revision_numbers_db [None req-e10596fb-22b8-47ef-b533-65bcac8f265e 0e70853d0eef43679b101a2c8020a195 518ddbef5d8e45458ee05866e6215b61 - - - -] Successfully bumped revision number for resource dae21e6c-5409-48d3-b81c-12b831995ae2 (type: ports) to 1
2026-07-01 08:35:16.601 9 INFO neutron.wsgi [None req-e10596fb-22b8-47ef-b533-65bcac8f265e 0e70853d0eef43679b101a2c8020a195 518ddbef5d8e45458ee05866e6215b61 - - - -] 10.0.0.67 "POST /v2.0/networks HTTP/1.1" status: 201 len: 828 time: 0.8631246
2026-07-01 08:35:16.659 9 INFO neutron.wsgi [req-bd831fe2-bd33-4ee7-9427-a81bbac19179 req-d8e7b0e3-3f8b-499b-8db6-72bc475a1abe 67054e79a20a42ec8fa165e5507eae65 6be606d0a45e49f5a2f62f0990e8f29c - - default default] 10.0.0.106 "GET /v2.0/ports?tenant_id=6be606d0a45e49f5a2f62f0990e8f29c&fields=id HTTP/1.1" status: 200 len: 302 time: 0.0916612
2026-07-01 08:35:16.728 9 INFO neutron.wsgi [req-bd831fe2-bd33-4ee7-9427-a81bbac19179 req-7bd40c3e-119c-4dce-8a3b-00fada813df2 2450d12b528d4a09a205edd6aaa5f914 aad9c472675a4ec2a430001197ce5dbe - - 44bc701823e44ee885a6e2c147189a78 44bc701823e44ee885a6e2c147189a78] 10.0.0.106 "GET /v2.0/networks/d634d145-da3f-4c7b-9b15-434d7259c2c8?fields=segments HTTP/1.1" status: 200 len: 212 time: 0.0567529
2026-07-01 08:35:16.808 9 INFO neutron.wsgi [req-bd831fe2-bd33-4ee7-9427-a81bbac19179 req-2ecccf46-3751-4a21-95b1-0c04be37c1a9 2450d12b528d4a09a205edd6aaa5f914 aad9c472675a4ec2a430001197ce5dbe - - 44bc701823e44ee885a6e2c147189a78 44bc701823e44ee885a6e2c147189a78] 10.0.0.106 "GET /v2.0/networks/d634d145-da3f-4c7b-9b15-434d7259c2c8?fields=provider%3Aphysical_network&fields=provider%3Anetwork_type HTTP/1.1" status: 200 len: 277 time: 0.0716364
2026-07-01 08:35:16.869 10 WARNING neutron.scheduler.dhcp_agent_scheduler [None req-3121f2b6-dc4c-4a66-ab25-e192bce0d3b2 0e70853d0eef43679b101a2c8020a195 518ddbef5d8e45458ee05866e6215b61 - - - -] No more DHCP agents
2026-07-01 08:35:16.871 10 WARNING neutron.api.rpc.agentnotifiers.dhcp_rpc_agent_api [None req-3121f2b6-dc4c-4a66-ab25-e192bce0d3b2 0e70853d0eef43679b101a2c8020a195 518ddbef5d8e45458ee05866e6215b61 - - - -] Unable to schedule network 2ba63787-495a-41a8-b68d-61ae05a96f07: no agents available; will retry on subsequent port and subnet creation events.
2026-07-01 08:35:16.957 9 INFO neutron.wsgi [req-de9c7d15-8d9e-4289-b167-f3c786bfa0d9 req-0071a711-40bc-4ee2-b81f-bf17190e70c1 67054e79a20a42ec8fa165e5507eae65 6be606d0a45e49f5a2f62f0990e8f29c - - default default] 10.0.0.106 "GET /v2.0/ports?device_id=4a8226f7-34dc-4a86-a73d-020d2d36ae62 HTTP/1.1" status: 200 len: 210 time: 0.0287836
2026-07-01 08:35:17.487 9 INFO neutron.db.ovn_revision_numbers_db [None req-6f1c8db2-cd75-438b-b26f-7347aab210bb 404ca1fc7dd641a7bde6c254474feaa2 a997a87d207447d890eb75b05220da00 - - default default] Successfully bumped revision number for resource c78dab67-743e-421c-ba3c-6dee827a23f0 (type: security_groups) to 1
2026-07-01 08:35:17.516 9 INFO neutron.wsgi [None req-6f1c8db2-cd75-438b-b26f-7347aab210bb 404ca1fc7dd641a7bde6c254474feaa2 a997a87d207447d890eb75b05220da00 - - default default] 10.0.0.67 "GET /v2.0/security-groups?tenant_id=ebc911aa0e05465697a4bb3b5d84b541&name=default HTTP/1.1" status: 200 len: 2996 time: 0.4003379
2026-07-01 08:35:17.687 10 INFO neutron.db.ovn_revision_numbers_db [None req-3121f2b6-dc4c-4a66-ab25-e192bce0d3b2 0e70853d0eef43679b101a2c8020a195 518ddbef5d8e45458ee05866e6215b61 - - - -] Successfully bumped revision number for resource dae21e6c-5409-48d3-b81c-12b831995ae2 (type: ports) to 2
2026-07-01 08:35:17.714 10 INFO neutron.db.ovn_revision_numbers_db [None req-3121f2b6-dc4c-4a66-ab25-e192bce0d3b2 0e70853d0eef43679b101a2c8020a195 518ddbef5d8e45458ee05866e6215b61 - - - -] Successfully bumped revision number for resource d611f344-ebf2-4716-a6b6-6c3da7d7e817 (type: subnets) to 0
2026-07-01 08:35:17.751 10 INFO neutron.wsgi [None req-3121f2b6-dc4c-4a66-ab25-e192bce0d3b2 0e70853d0eef43679b101a2c8020a195 518ddbef5d8e45458ee05866e6215b61 - - - -] 10.0.0.67 "POST /v2.0/subnets HTTP/1.1" status: 201 len: 801 time: 1.1443186
2026-07-01 08:35:17.880 10 INFO neutron.wsgi [None req-3f38f353-dd52-4b5a-a4cb-ddf2646fc22b 404ca1fc7dd641a7bde6c254474feaa2 a997a87d207447d890eb75b05220da00 - - - -] 10.0.0.67 "DELETE /v2.0/security-groups/c78dab67-743e-421c-ba3c-6dee827a23f0 HTTP/1.1" status: 204 len: 168 time: 0.3602393
2026-07-01 08:35:17.917 10 INFO neutron.wsgi [req-bd831fe2-bd33-4ee7-9427-a81bbac19179 req-53370de2-df74-4cf7-bfbf-a3c3954f8eb7 67054e79a20a42ec8fa165e5507eae65 6be606d0a45e49f5a2f62f0990e8f29c - - default default] 199.19.213.37 "GET /v2.0/networks?id=d634d145-da3f-4c7b-9b15-434d7259c2c8 HTTP/1.1" status: 200 len: 860 time: 0.1925182
2026-07-01 08:35:18.002 10 INFO neutron.wsgi [req-bd831fe2-bd33-4ee7-9427-a81bbac19179 req-dd6d556a-d11e-4c8d-a7a0-b1727a258179 67054e79a20a42ec8fa165e5507eae65 6be606d0a45e49f5a2f62f0990e8f29c - - default default] 199.19.213.37 "GET /v2.0/security-groups?fields=id&fields=name&tenant_id=6be606d0a45e49f5a2f62f0990e8f29c HTTP/1.1" status: 200 len: 380 time: 0.0655801
2026-07-01 08:35:18.030 10 INFO neutron.db.ovn_revision_numbers_db [None req-7b672cb2-ecc8-43af-9a1d-6b18cdf15da4 0e70853d0eef43679b101a2c8020a195 518ddbef5d8e45458ee05866e6215b61 - - - -] Successfully bumped revision number for resource 3eb41127-d8d3-4151-9eba-0f3ac6d379be (type: routers) to 1
2026-07-01 08:35:18.048 10 INFO neutron.wsgi [None req-7b672cb2-ecc8-43af-9a1d-6b18cdf15da4 0e70853d0eef43679b101a2c8020a195 518ddbef5d8e45458ee05866e6215b61 - - - -] 10.0.0.67 "POST /v2.0/routers HTTP/1.1" status: 201 len: 687 time: 0.2919393
2026-07-01 08:35:18.054 9 INFO neutron.wsgi [req-b354c8fb-e3eb-40af-92a9-2c7b5b05bd45 req-5a222e20-0592-4816-8a43-83cde02b8d9b 67054e79a20a42ec8fa165e5507eae65 6be606d0a45e49f5a2f62f0990e8f29c - - default default] 10.0.0.106 "GET /v2.0/ports?device_id=4a8226f7-34dc-4a86-a73d-020d2d36ae62 HTTP/1.1" status: 200 len: 210 time: 0.0215335
2026-07-01 08:35:18.161 9 INFO neutron.db.ovn_revision_numbers_db [None req-b109295e-dde9-49ab-8fdf-6123d00e6132 404ca1fc7dd641a7bde6c254474feaa2 a997a87d207447d890eb75b05220da00 - - default default] Successfully bumped revision number for resource de7faacd-b405-4888-a619-5537217f9e1f (type: security_groups) to 1
2026-07-01 08:35:18.196 9 INFO neutron.wsgi [None req-b109295e-dde9-49ab-8fdf-6123d00e6132 404ca1fc7dd641a7bde6c254474feaa2 a997a87d207447d890eb75b05220da00 - - default default] 10.0.0.67 "GET /v2.0/security-groups?tenant_id=68c6c159157e4d38b5693c7885827df2&name=default HTTP/1.1" status: 200 len: 2996 time: 0.1943972
2026-07-01 08:35:18.347 10 WARNING neutron.scheduler.dhcp_agent_scheduler [None req-2174a142-c441-41a5-9886-b4988ef112d3 67054e79a20a42ec8fa165e5507eae65 6be606d0a45e49f5a2f62f0990e8f29c - - - -] No more DHCP agents
2026-07-01 08:35:18.350 10 WARNING neutron.api.rpc.agentnotifiers.dhcp_rpc_agent_api [None req-2174a142-c441-41a5-9886-b4988ef112d3 67054e79a20a42ec8fa165e5507eae65 6be606d0a45e49f5a2f62f0990e8f29c - - - -] Unable to schedule network d634d145-da3f-4c7b-9b15-434d7259c2c8: no agents available; will retry on subsequent port and subnet creation events.
2026-07-01 08:35:18.379 10 WARNING neutron.plugins.ml2.drivers.ovn.mech_driver.ovsdb.ovn_client [None req-c396930f-1898-4943-8561-c90a7c2471ce - - - - - -] No port found with ID 69c8dc66-61e6-4816-87de-9f76581040d5: RuntimeError: No port found with ID 69c8dc66-61e6-4816-87de-9f76581040d5
2026-07-01 08:35:18.469 10 INFO neutron.wsgi [None req-81498c7a-9c6e-4da8-a773-62baf1fac91d 404ca1fc7dd641a7bde6c254474feaa2 a997a87d207447d890eb75b05220da00 - - - -] 10.0.0.67 "DELETE /v2.0/security-groups/de7faacd-b405-4888-a619-5537217f9e1f HTTP/1.1" status: 204 len: 168 time: 0.2688971
2026-07-01 08:35:18.491 9 WARNING neutron.scheduler.dhcp_agent_scheduler [None req-ebb6752c-a59d-4b03-8b56-b4edd01bb9c0 0e70853d0eef43679b101a2c8020a195 518ddbef5d8e45458ee05866e6215b61 - - default default] No more DHCP agents
2026-07-01 08:35:18.498 9 WARNING neutron.api.rpc.agentnotifiers.dhcp_rpc_agent_api [None req-ebb6752c-a59d-4b03-8b56-b4edd01bb9c0 0e70853d0eef43679b101a2c8020a195 518ddbef5d8e45458ee05866e6215b61 - - default default] Unable to schedule network 2ba63787-495a-41a8-b68d-61ae05a96f07: no agents available; will retry on subsequent port and subnet creation events.
2026-07-01 08:35:18.498 10 INFO neutron.db.ovn_revision_numbers_db [None req-2174a142-c441-41a5-9886-b4988ef112d3 67054e79a20a42ec8fa165e5507eae65 6be606d0a45e49f5a2f62f0990e8f29c - - - -] Successfully bumped revision number for resource febdd7ae-6749-4409-8158-30b91cb862fb (type: ports) to 1
2026-07-01 08:35:18.524 10 INFO neutron.wsgi [None req-2174a142-c441-41a5-9886-b4988ef112d3 67054e79a20a42ec8fa165e5507eae65 6be606d0a45e49f5a2f62f0990e8f29c - - - -] 199.19.213.37 "POST /v2.0/ports HTTP/1.1" status: 201 len: 1162 time: 0.5009613 /var/lib/openstack/lib/python3.10/site-packages/pycadf/identifier.py:71: UserWarning: Invalid uuid: neutron. To ensure interoperability, identifiers should be a valid uuid. warnings.warn(('Invalid uuid: %s. To ensure interoperability, '
2026-07-01 08:35:18.634 9 INFO neutron.db.ovn_revision_numbers_db [None req-ebb6752c-a59d-4b03-8b56-b4edd01bb9c0 0e70853d0eef43679b101a2c8020a195 518ddbef5d8e45458ee05866e6215b61 - - default default] Successfully bumped revision number for resource 43e4f999-5a56-46ad-b7df-88e89b553c38 (type: ports) to 1
2026-07-01 08:35:18.945 10 INFO neutron.db.ovn_revision_numbers_db [None req-0f47b8cf-2aa4-4f93-a74e-b29782aad4c6 2450d12b528d4a09a205edd6aaa5f914 aad9c472675a4ec2a430001197ce5dbe - - - -] Successfully bumped revision number for resource febdd7ae-6749-4409-8158-30b91cb862fb (type: ports) to 2
2026-07-01 08:35:19.042 9 INFO neutron.db.ovn_revision_numbers_db [None req-ebb6752c-a59d-4b03-8b56-b4edd01bb9c0 0e70853d0eef43679b101a2c8020a195 518ddbef5d8e45458ee05866e6215b61 - - default default] Successfully bumped revision number for resource 43e4f999-5a56-46ad-b7df-88e89b553c38 (type: router_ports) to 2
2026-07-01 08:35:19.179 9 INFO neutron.wsgi [req-4b99fda4-e0ec-4880-b943-ff530e5e171d req-53383e56-5106-4f86-8d8e-0a7ba6eb3765 67054e79a20a42ec8fa165e5507eae65 6be606d0a45e49f5a2f62f0990e8f29c - - default default] 10.0.0.106 "GET /v2.0/ports?device_id=4a8226f7-34dc-4a86-a73d-020d2d36ae62 HTTP/1.1" status: 200 len: 1172 time: 0.0422938
2026-07-01 08:35:19.209 9 INFO neutron.db.ovn_revision_numbers_db [None req-ebb6752c-a59d-4b03-8b56-b4edd01bb9c0 0e70853d0eef43679b101a2c8020a195 518ddbef5d8e45458ee05866e6215b61 - - default default] Successfully bumped revision number for resource 43e4f999-5a56-46ad-b7df-88e89b553c38 (type: ports) to 2
2026-07-01 08:35:19.223 9 INFO neutron.wsgi [req-4b99fda4-e0ec-4880-b943-ff530e5e171d req-a752c1e7-de4e-4bd1-9d11-6c23a0ed042d 67054e79a20a42ec8fa165e5507eae65 6be606d0a45e49f5a2f62f0990e8f29c - - default default] 10.0.0.106 "GET /v2.0/security-groups?id=a5c7ee1b-173e-4468-a694-0abe58febda2&fields=id&fields=name HTTP/1.1" status: 200 len: 313 time: 0.0375524
2026-07-01 08:35:19.278 9 WARNING neutron.plugins.ml2.drivers.ovn.mech_driver.ovsdb.ovn_client [None req-90b0be18-ef05-41b8-ac24-6ad0f59b6587 - - - - - -] No hosting information found for port d354bc16-0891-4543-91ac-8d6c4e9bd5c6: RuntimeError: No hosting information found for port d354bc16-0891-4543-91ac-8d6c4e9bd5c6
2026-07-01 08:35:19.278 9 INFO neutron.plugins.ml2.drivers.ovn.mech_driver.mech_driver [None req-90b0be18-ef05-41b8-ac24-6ad0f59b6587 - - - - - -] OVN reports status up for port: 43e4f999-5a56-46ad-b7df-88e89b553c38
2026-07-01 08:35:19.287 10 INFO neutron.db.ovn_revision_numbers_db [None req-0f47b8cf-2aa4-4f93-a74e-b29782aad4c6 2450d12b528d4a09a205edd6aaa5f914 aad9c472675a4ec2a430001197ce5dbe - - - -] Successfully bumped revision number for resource febdd7ae-6749-4409-8158-30b91cb862fb (type: ports) to 2
2026-07-01 08:35:19.288 9 INFO neutron.plugins.ml2.plugin [None req-90b0be18-ef05-41b8-ac24-6ad0f59b6587 - - - - - -] Attempt 1 to provision port 43e4f999-5a56-46ad-b7df-88e89b553c38
2026-07-01 08:35:19.304 10 INFO neutron.wsgi [None req-0f47b8cf-2aa4-4f93-a74e-b29782aad4c6 2450d12b528d4a09a205edd6aaa5f914 aad9c472675a4ec2a430001197ce5dbe - - - -] 199.19.213.37 "PUT /v2.0/ports/febdd7ae-6749-4409-8158-30b91cb862fb HTTP/1.1" status: 200 len: 1332 time: 0.7701218
2026-07-01 08:35:19.304 9 WARNING neutron.scheduler.dhcp_agent_scheduler [None req-ebb6752c-a59d-4b03-8b56-b4edd01bb9c0 0e70853d0eef43679b101a2c8020a195 518ddbef5d8e45458ee05866e6215b61 - - default default] No more DHCP agents
2026-07-01 08:35:19.307 9 WARNING neutron.api.rpc.agentnotifiers.dhcp_rpc_agent_api [None req-ebb6752c-a59d-4b03-8b56-b4edd01bb9c0 0e70853d0eef43679b101a2c8020a195 518ddbef5d8e45458ee05866e6215b61 - - default default] Unable to schedule network 2ba63787-495a-41a8-b68d-61ae05a96f07: no agents available; will retry on subsequent port and subnet creation events.
2026-07-01 08:35:19.335 10 INFO neutron.notifiers.nova [-] Nova event matching ['req-437c61e6-92d2-47b6-bdf4-15f6f7013fe0'] response: {'name': 'network-changed', 'server_uuid': '4a8226f7-34dc-4a86-a73d-020d2d36ae62', 'tag': 'febdd7ae-6749-4409-8158-30b91cb862fb', 'status': 'completed', 'code': 200} /var/lib/openstack/lib/python3.10/site-packages/pycadf/identifier.py:71: UserWarning: Invalid uuid: neutron. To ensure interoperability, identifiers should be a valid uuid. warnings.warn(('Invalid uuid: %s. To ensure interoperability, '
2026-07-01 08:35:19.387 10 INFO neutron.wsgi [req-bd831fe2-bd33-4ee7-9427-a81bbac19179 req-17ddeaaa-17d6-4268-8f6e-a04b0702d4c0 2450d12b528d4a09a205edd6aaa5f914 aad9c472675a4ec2a430001197ce5dbe - - 44bc701823e44ee885a6e2c147189a78 44bc701823e44ee885a6e2c147189a78] 199.19.213.37 "GET /v2.0/ports?tenant_id=6be606d0a45e49f5a2f62f0990e8f29c&device_id=4a8226f7-34dc-4a86-a73d-020d2d36ae62 HTTP/1.1" status: 200 len: 1363 time: 0.0477390
2026-07-01 08:35:19.429 10 INFO neutron.wsgi [req-bd831fe2-bd33-4ee7-9427-a81bbac19179 req-5b5cae00-e9c1-484d-ba63-71109d215dfa 2450d12b528d4a09a205edd6aaa5f914 aad9c472675a4ec2a430001197ce5dbe - - 44bc701823e44ee885a6e2c147189a78 44bc701823e44ee885a6e2c147189a78] 199.19.213.37 "GET /v2.0/floatingips?fixed_ip_address=10.100.0.13&port_id=febdd7ae-6749-4409-8158-30b91cb862fb HTTP/1.1" status: 200 len: 217 time: 0.0327449
2026-07-01 08:35:19.479 10 INFO neutron.wsgi [req-bd831fe2-bd33-4ee7-9427-a81bbac19179 req-ca671766-5964-445b-b8f3-fbc46aa8fea4 2450d12b528d4a09a205edd6aaa5f914 aad9c472675a4ec2a430001197ce5dbe - - 44bc701823e44ee885a6e2c147189a78 44bc701823e44ee885a6e2c147189a78] 199.19.213.37 "GET /v2.0/subnets?id=b3a1aeed-9392-4484-9029-d35e7fa7bd1d HTTP/1.1" status: 200 len: 852 time: 0.0436502
2026-07-01 08:35:19.490 9 INFO neutron.db.ovn_revision_numbers_db [None req-ebb6752c-a59d-4b03-8b56-b4edd01bb9c0 0e70853d0eef43679b101a2c8020a195 518ddbef5d8e45458ee05866e6215b61 - - - -] Successfully bumped revision number for resource 43e4f999-5a56-46ad-b7df-88e89b553c38 (type: router_ports) to 2
2026-07-01 08:35:19.493 9 INFO neutron.wsgi [None req-ebb6752c-a59d-4b03-8b56-b4edd01bb9c0 0e70853d0eef43679b101a2c8020a195 518ddbef5d8e45458ee05866e6215b61 - - - -] 10.0.0.67 "PUT /v2.0/routers/3eb41127-d8d3-4151-9eba-0f3ac6d379be/add_router_interface HTTP/1.1" status: 200 len: 503 time: 1.4376636
2026-07-01 08:35:19.517 10 INFO neutron.wsgi [req-bd831fe2-bd33-4ee7-9427-a81bbac19179 req-2e63ae84-a3bf-45d2-b7cf-c66e432cf023 2450d12b528d4a09a205edd6aaa5f914 aad9c472675a4ec2a430001197ce5dbe - - 44bc701823e44ee885a6e2c147189a78 44bc701823e44ee885a6e2c147189a78] 199.19.213.37 "GET /v2.0/ports?network_id=d634d145-da3f-4c7b-9b15-434d7259c2c8&device_owner=network%3Adhcp HTTP/1.1" status: 200 len: 210 time: 0.0307760
2026-07-01 08:35:19.545 10 INFO neutron.wsgi [None req-6f702484-34a0-4e26-bedd-c41259ac826d 0e70853d0eef43679b101a2c8020a195 518ddbef5d8e45458ee05866e6215b61 - - default default] 10.0.0.67 "GET /v2.0/ports/43e4f999-5a56-46ad-b7df-88e89b553c38 HTTP/1.1" status: 200 len: 1137 time: 0.0422435
2026-07-01 08:35:19.579 9 INFO neutron.db.ovn_revision_numbers_db [None req-90b0be18-ef05-41b8-ac24-6ad0f59b6587 - - - - - -] Successfully bumped revision number for resource 43e4f999-5a56-46ad-b7df-88e89b553c38 (type: ports) to 3
2026-07-01 08:35:19.593 10 INFO neutron.wsgi [None req-74864811-8e96-451d-ab37-5a0a5868a460 0e70853d0eef43679b101a2c8020a195 518ddbef5d8e45458ee05866e6215b61 - - default default] 10.0.0.67 "GET /v2.0/ports/43e4f999-5a56-46ad-b7df-88e89b553c38 HTTP/1.1" status: 200 len: 1137 time: 0.0431962
2026-07-01 08:35:19.606 10 INFO neutron.wsgi [req-bd831fe2-bd33-4ee7-9427-a81bbac19179 req-650dca89-bce9-4233-82e1-d03faf7a6863 2450d12b528d4a09a205edd6aaa5f914 aad9c472675a4ec2a430001197ce5dbe - - 44bc701823e44ee885a6e2c147189a78 44bc701823e44ee885a6e2c147189a78] 199.19.213.37 "GET /v2.0/networks/d634d145-da3f-4c7b-9b15-434d7259c2c8?fields=segments HTTP/1.1" status: 200 len: 212 time: 0.0824509
2026-07-01 08:35:19.686 9 INFO neutron.db.ovn_revision_numbers_db [None req-90b0be18-ef05-41b8-ac24-6ad0f59b6587 - - - - - -] Successfully bumped revision number for resource 43e4f999-5a56-46ad-b7df-88e89b553c38 (type: router_ports) to 3
2026-07-01 08:35:19.690 10 INFO neutron.wsgi [req-bd831fe2-bd33-4ee7-9427-a81bbac19179 req-f7fbd9e1-97bb-48e2-8351-09bd4f0332af 2450d12b528d4a09a205edd6aaa5f914 aad9c472675a4ec2a430001197ce5dbe - - 44bc701823e44ee885a6e2c147189a78 44bc701823e44ee885a6e2c147189a78] 199.19.213.37 "GET /v2.0/networks/d634d145-da3f-4c7b-9b15-434d7259c2c8?fields=provider%3Aphysical_network&fields=provider%3Anetwork_type HTTP/1.1" status: 200 len: 277 time: 0.0708780
2026-07-01 08:35:19.793 10 INFO neutron.wsgi [req-693b6ae8-5c9e-414b-b203-fcf358bf78ff req-7546a833-6e89-4ef6-b7da-a01587dc530b 2450d12b528d4a09a205edd6aaa5f914 aad9c472675a4ec2a430001197ce5dbe - - 44bc701823e44ee885a6e2c147189a78 44bc701823e44ee885a6e2c147189a78] 199.19.213.37 "GET /v2.0/ports?tenant_id=6be606d0a45e49f5a2f62f0990e8f29c&device_id=4a8226f7-34dc-4a86-a73d-020d2d36ae62 HTTP/1.1" status: 200 len: 1363 time: 0.0615764
2026-07-01 08:35:19.883 10 INFO neutron.plugins.ml2.drivers.ovn.mech_driver.mech_driver [None req-c396930f-1898-4943-8561-c90a7c2471ce - - - - - -] OVN reports status up for port: febdd7ae-6749-4409-8158-30b91cb862fb
2026-07-01 08:35:19.910 10 INFO neutron.wsgi [req-693b6ae8-5c9e-414b-b203-fcf358bf78ff req-a6f7fc7e-31b0-43d2-94cd-f3180500b2e9 2450d12b528d4a09a205edd6aaa5f914 aad9c472675a4ec2a430001197ce5dbe - - 44bc701823e44ee885a6e2c147189a78 44bc701823e44ee885a6e2c147189a78] 199.19.213.37 "GET /v2.0/networks?id=d634d145-da3f-4c7b-9b15-434d7259c2c8 HTTP/1.1" status: 200 len: 958 time: 0.0980523
2026-07-01 08:35:19.921 10 INFO neutron.plugins.ml2.plugin [None req-c396930f-1898-4943-8561-c90a7c2471ce - - - - - -] Attempt 1 to provision port febdd7ae-6749-4409-8158-30b91cb862fb
2026-07-01 08:35:19.954 10 INFO neutron.wsgi [req-693b6ae8-5c9e-414b-b203-fcf358bf78ff req-2ad0e606-f2cc-449f-a26a-cae1a0666fc0 2450d12b528d4a09a205edd6aaa5f914 aad9c472675a4ec2a430001197ce5dbe - - 44bc701823e44ee885a6e2c147189a78 44bc701823e44ee885a6e2c147189a78] 199.19.213.37 "GET /v2.0/floatingips?fixed_ip_address=10.100.0.13&port_id=febdd7ae-6749-4409-8158-30b91cb862fb HTTP/1.1" status: 200 len: 217 time: 0.0378833
2026-07-01 08:35:19.997 10 INFO neutron.wsgi [req-693b6ae8-5c9e-414b-b203-fcf358bf78ff req-a33769a9-c683-4d28-a5a2-89ca04678033 2450d12b528d4a09a205edd6aaa5f914 aad9c472675a4ec2a430001197ce5dbe - - 44bc701823e44ee885a6e2c147189a78 44bc701823e44ee885a6e2c147189a78] 199.19.213.37 "GET /v2.0/subnets?id=b3a1aeed-9392-4484-9029-d35e7fa7bd1d HTTP/1.1" status: 200 len: 852 time: 0.0383244
2026-07-01 08:35:20.051 10 INFO neutron.wsgi [req-693b6ae8-5c9e-414b-b203-fcf358bf78ff req-110e78a6-3431-4433-af66-8b3a4a6bce6a 2450d12b528d4a09a205edd6aaa5f914 aad9c472675a4ec2a430001197ce5dbe - - 44bc701823e44ee885a6e2c147189a78 44bc701823e44ee885a6e2c147189a78] 199.19.213.37 "GET /v2.0/ports?network_id=d634d145-da3f-4c7b-9b15-434d7259c2c8&device_owner=network%3Adhcp HTTP/1.1" status: 200 len: 210 time: 0.0445504
2026-07-01 08:35:20.161 10 INFO neutron.wsgi [req-693b6ae8-5c9e-414b-b203-fcf358bf78ff req-86d5f87b-ee5e-4ad1-8bfd-3e2744118a9d 2450d12b528d4a09a205edd6aaa5f914 aad9c472675a4ec2a430001197ce5dbe - - 44bc701823e44ee885a6e2c147189a78 44bc701823e44ee885a6e2c147189a78] 199.19.213.37 "GET /v2.0/networks/d634d145-da3f-4c7b-9b15-434d7259c2c8?fields=segments HTTP/1.1" status: 200 len: 212 time: 0.1029606
2026-07-01 08:35:20.267 10 INFO neutron.wsgi [req-693b6ae8-5c9e-414b-b203-fcf358bf78ff req-9f8aedfe-3e0b-420f-8b8d-e1db828da1f3 2450d12b528d4a09a205edd6aaa5f914 aad9c472675a4ec2a430001197ce5dbe - - 44bc701823e44ee885a6e2c147189a78 44bc701823e44ee885a6e2c147189a78] 199.19.213.37 "GET /v2.0/networks/d634d145-da3f-4c7b-9b15-434d7259c2c8?fields=provider%3Aphysical_network&fields=provider%3Anetwork_type HTTP/1.1" status: 200 len: 277 time: 0.0931668
2026-07-01 08:35:20.318 9 INFO neutron.wsgi [req-a894c799-75d6-44ce-a338-30ddf14e5855 req-ae6b66c5-e4a3-4d79-b75f-608cd1400c0c 67054e79a20a42ec8fa165e5507eae65 6be606d0a45e49f5a2f62f0990e8f29c - - default default] 10.0.0.106 "GET /v2.0/ports?device_id=4a8226f7-34dc-4a86-a73d-020d2d36ae62 HTTP/1.1" status: 200 len: 1174 time: 0.0339575
2026-07-01 08:35:20.356 10 INFO neutron.db.ovn_revision_numbers_db [None req-c396930f-1898-4943-8561-c90a7c2471ce - - - - - -] Successfully bumped revision number for resource febdd7ae-6749-4409-8158-30b91cb862fb (type: ports) to 4
2026-07-01 08:35:20.357 9 INFO neutron.wsgi [req-a894c799-75d6-44ce-a338-30ddf14e5855 req-889ac1d4-aad9-4b56-9bf8-0860b5cb02dd 67054e79a20a42ec8fa165e5507eae65 6be606d0a45e49f5a2f62f0990e8f29c - - default default] 10.0.0.106 "GET /v2.0/security-groups?id=a5c7ee1b-173e-4468-a694-0abe58febda2&fields=id&fields=name HTTP/1.1" status: 200 len: 313 time: 0.0323803
2026-07-01 08:35:20.742 10 INFO neutron.wsgi [None req-c35d845c-2090-4111-8d83-4711b64ef2be 0e70853d0eef43679b101a2c8020a195 518ddbef5d8e45458ee05866e6215b61 - - - -] 10.0.0.67 "PUT /v2.0/routers/3eb41127-d8d3-4151-9eba-0f3ac6d379be/remove_router_interface HTTP/1.1" status: 200 len: 503 time: 1.1439645 /var/lib/openstack/lib/python3.10/site-packages/pycadf/identifier.py:71: UserWarning: Invalid uuid: neutron. To ensure interoperability, identifiers should be a valid uuid. warnings.warn(('Invalid uuid: %s. To ensure interoperability, '
2026-07-01 08:35:20.775 10 INFO neutron.wsgi [None req-94984ee4-c275-4821-8d74-711fafa3d4c1 0e70853d0eef43679b101a2c8020a195 518ddbef5d8e45458ee05866e6215b61 - - default default] 10.0.0.67 "GET /v2.0/ports?device_id=3eb41127-d8d3-4151-9eba-0f3ac6d379be HTTP/1.1" status: 200 len: 205 time: 0.0273747
2026-07-01 08:35:21.085 10 INFO neutron.db.ovn_revision_numbers_db [None req-250fe5b4-47da-4067-a75c-ab696ded6390 404ca1fc7dd641a7bde6c254474feaa2 a997a87d207447d890eb75b05220da00 - - default default] Successfully bumped revision number for resource 7cd97ea5-4a7d-4969-9d15-d07d432095a3 (type: security_groups) to 1
2026-07-01 08:35:21.109 10 INFO neutron.wsgi [None req-250fe5b4-47da-4067-a75c-ab696ded6390 404ca1fc7dd641a7bde6c254474feaa2 a997a87d207447d890eb75b05220da00 - - default default] 10.0.0.67 "GET /v2.0/security-groups?tenant_id=ff912c1ed04a4c8cb57222e7ea26e255&name=default HTTP/1.1" status: 200 len: 2996 time: 0.2756593
2026-07-01 08:35:21.243 9 INFO neutron.wsgi [None req-1ed080fd-70ef-4abd-8a3a-0e6c3ed98903 0e70853d0eef43679b101a2c8020a195 518ddbef5d8e45458ee05866e6215b61 - - - -] 10.0.0.67 "DELETE /v2.0/routers/3eb41127-d8d3-4151-9eba-0f3ac6d379be HTTP/1.1" status: 204 len: 168 time: 0.4624603
2026-07-01 08:35:21.309 10 INFO neutron.wsgi [None req-ecd55712-37f9-4fa9-8a23-dab7f06c3be4 404ca1fc7dd641a7bde6c254474feaa2 a997a87d207447d890eb75b05220da00 - - - -] 10.0.0.67 "DELETE /v2.0/security-groups/7cd97ea5-4a7d-4969-9d15-d07d432095a3 HTTP/1.1" status: 204 len: 168 time: 0.1956112
2026-07-01 08:35:21.391 10 INFO neutron.notifiers.nova [-] Nova event matching ['req-b729a30a-64a3-4e98-8977-27361ef5fbcd'] response: {'server_uuid': '4a8226f7-34dc-4a86-a73d-020d2d36ae62', 'name': 'network-vif-plugged', 'status': 'completed', 'tag': 'febdd7ae-6749-4409-8158-30b91cb862fb', 'code': 200}
2026-07-01 08:35:21.392 10 INFO neutron.notifiers.nova [-] Nova event matching ['req-b729a30a-64a3-4e98-8977-27361ef5fbcd'] response: {'server_uuid': '4a8226f7-34dc-4a86-a73d-020d2d36ae62', 'name': 'network-vif-plugged', 'status': 'completed', 'tag': 'febdd7ae-6749-4409-8158-30b91cb862fb', 'code': 200}
2026-07-01 08:35:21.471 9 INFO neutron.wsgi [req-549446b2-ee92-4673-afbe-a768f7204991 req-5646f8f0-9c87-4cb4-b073-8bc69e1f17b9 67054e79a20a42ec8fa165e5507eae65 6be606d0a45e49f5a2f62f0990e8f29c - - default default] 10.0.0.106 "GET /v2.0/ports?device_id=4a8226f7-34dc-4a86-a73d-020d2d36ae62 HTTP/1.1" status: 200 len: 1174 time: 0.0365207
2026-07-01 08:35:21.487 9 INFO neutron.wsgi [None req-91fd65c9-0177-426b-8708-79815fa1aaba 0e70853d0eef43679b101a2c8020a195 518ddbef5d8e45458ee05866e6215b61 - - - -] 10.0.0.67 "DELETE /v2.0/subnets/d611f344-ebf2-4716-a6b6-6c3da7d7e817 HTTP/1.1" status: 204 len: 168 time: 0.2396889
2026-07-01 08:35:21.534 9 INFO neutron.wsgi [req-549446b2-ee92-4673-afbe-a768f7204991 req-93fb6a50-da04-4dd8-b353-796a5f7bb82e 67054e79a20a42ec8fa165e5507eae65 6be606d0a45e49f5a2f62f0990e8f29c - - default default] 10.0.0.106 "GET /v2.0/security-groups?id=a5c7ee1b-173e-4468-a694-0abe58febda2&fields=id&fields=name HTTP/1.1" status: 200 len: 313 time: 0.0502551
2026-07-01 08:35:21.567 10 INFO neutron.db.ovn_revision_numbers_db [None req-fa9a97b3-97cf-4e5a-896a-9d2893fc03c7 404ca1fc7dd641a7bde6c254474feaa2 a997a87d207447d890eb75b05220da00 - - default default] Successfully bumped revision number for resource 771e7ac8-01df-4186-bd11-a2a985058d37 (type: security_groups) to 1
2026-07-01 08:35:21.586 10 INFO neutron.wsgi [None req-fa9a97b3-97cf-4e5a-896a-9d2893fc03c7 404ca1fc7dd641a7bde6c254474feaa2 a997a87d207447d890eb75b05220da00 - - default default] 10.0.0.67 "GET /v2.0/security-groups?tenant_id=cfa6a25d7dae4eec81ccce26cc95c067&name=default HTTP/1.1" status: 200 len: 2996 time: 0.1200819
2026-07-01 08:35:21.863 9 INFO neutron.wsgi [None req-829e262d-55e4-4623-984b-6652b611180f 404ca1fc7dd641a7bde6c254474feaa2 a997a87d207447d890eb75b05220da00 - - - -] 10.0.0.67 "DELETE /v2.0/security-groups/771e7ac8-01df-4186-bd11-a2a985058d37 HTTP/1.1" status: 204 len: 168 time: 0.2709866
2026-07-01 08:35:21.894 9 INFO neutron.services.segments.plugin [-] Segment 7f696874-f0a6-46b6-b7a0-740ebac80243 resource provider aggregate not found
2026-07-01 08:35:21.906 9 INFO neutron.services.segments.plugin [-] Segment 7f696874-f0a6-46b6-b7a0-740ebac80243 resource provider aggregate not found
2026-07-01 08:35:21.919 9 INFO neutron.services.segments.plugin [-] Segment 7f696874-f0a6-46b6-b7a0-740ebac80243 resource provider not found; error: Placement Client Error (4xx): {"errors": [{"status": 404, "title": "Not Found", "detail": "The resource could not be found.\n\n No resource provider with uuid 7f696874-f0a6-46b6-b7a0-740ebac80243 found for delete ", "request_id": "req-bc28f011-cc25-4a44-bd79-36bb2a79499b"}]}
