Jun 18 00:37:37.661123 np0000181690 devstack@neutron-api.service[107420]: DEBUG neutron_lib.callbacks.manager [None req-b7823a5c-2e67-4d7e-b314-e7b9f141ddef None None] Subscribe: > port after_delete 55550000, False {{(pid=107420) subscribe /opt/stack/data/venv/lib/python3.12/site-packages/neutron_lib/callbacks/manager.py:52}}
Jun 18 00:37:37.661178 np0000181690 devstack@neutron-api.service[107420]: DEBUG neutron_lib.callbacks.manager [None req-b7823a5c-2e67-4d7e-b314-e7b9f141ddef None None] Subscribe: > subnet after_create 55550000, False {{(pid=107420) subscribe /opt/stack/data/venv/lib/python3.12/site-packages/neutron_lib/callbacks/manager.py:52}}
Jun 18 00:37:37.661263 np0000181690 devstack@neutron-api.service[107418]: DEBUG neutron.api.extensions [None req-6579207c-c810-4691-96b2-d79efbf9afba None None] Ext name="IP address substring filtering" alias="ip-substring-filtering" description="Provides IP address substring filtering when listing ports" updated="2017-11-28T09:00:00-00:00" {{(pid=107418) _check_extension /opt/stack/neutron/neutron/api/extensions.py:415}}
Jun 18 00:37:37.661429 np0000181690 devstack@neutron-api.service[107420]: DEBUG neutron_lib.callbacks.manager [None req-b7823a5c-2e67-4d7e-b314-e7b9f141ddef None None] Subscribe: > subnet after_update 55550000, False {{(pid=107420) subscribe /opt/stack/data/venv/lib/python3.12/site-packages/neutron_lib/callbacks/manager.py:52}}
Jun 18 00:37:37.661563 np0000181690 devstack@neutron-api.service[107418]: INFO neutron.api.extensions [None req-6579207c-c810-4691-96b2-d79efbf9afba None None] Extension ip-substring-filtering not supported by any of loaded plugins
Jun 18 00:37:37.661622 np0000181690 devstack@neutron-api.service[107420]: DEBUG neutron_lib.callbacks.manager [None req-b7823a5c-2e67-4d7e-b314-e7b9f141ddef None None] Subscribe: > subnet after_delete 55550000, False {{(pid=107420) subscribe /opt/stack/data/venv/lib/python3.12/site-packages/neutron_lib/callbacks/manager.py:52}}
Jun 18 00:37:37.661682 np0000181690 devstack@neutron-api.service[107418]: DEBUG neutron.api.extensions [None req-6579207c-c810-4691-96b2-d79efbf9afba None None] Loading extension file: l2_adjacency.py {{(pid=107418) _load_all_extensions_from_path /opt/stack/neutron/neutron/api/extensions.py:449}}
Jun 18 00:37:37.661742 np0000181690 devstack@neutron-api.service[107420]: DEBUG neutron_lib.callbacks.manager [None req-b7823a5c-2e67-4d7e-b314-e7b9f141ddef None None] Subscribe: > network after_create 55550000, False {{(pid=107420) subscribe /opt/stack/data/venv/lib/python3.12/site-packages/neutron_lib/callbacks/manager.py:52}}
Jun 18 00:37:37.661742 np0000181690 devstack@neutron-api.service[107420]: DEBUG neutron_lib.callbacks.manager [None req-b7823a5c-2e67-4d7e-b314-e7b9f141ddef None None] Subscribe: > network after_update 55550000, False {{(pid=107420) subscribe /opt/stack/data/venv/lib/python3.12/site-packages/neutron_lib/callbacks/manager.py:52}}
Jun 18 00:37:37.661742 np0000181690 devstack@neutron-api.service[107420]: DEBUG neutron_lib.callbacks.manager [None req-b7823a5c-2e67-4d7e-b314-e7b9f141ddef None None] Subscribe: > network after_delete 55550000, False {{(pid=107420) subscribe /opt/stack/data/venv/lib/python3.12/site-packages/neutron_lib/callbacks/manager.py:52}}
Jun 18 00:37:37.661873 np0000181690 devstack@neutron-api.service[107418]: DEBUG neutron.api.extensions [None req-6579207c-c810-4691-96b2-d79efbf9afba None None] Ext name="L2 Adjacency" alias="l2_adjacency" description="Display L2 Adjacency for Neutron Networks." updated="2016-04-12T16:00:00-00:00" {{(pid=107418) _check_extension /opt/stack/neutron/neutron/api/extensions.py:415}}
Jun 18 00:37:37.661901 np0000181690 devstack@neutron-api.service[107420]: DEBUG neutron_lib.callbacks.manager [None req-b7823a5c-2e67-4d7e-b314-e7b9f141ddef None None] Subscribe: > security_group after_create 55550000, False {{(pid=107420) subscribe /opt/stack/data/venv/lib/python3.12/site-packages/neutron_lib/callbacks/manager.py:52}}
Jun 18 00:37:37.661961 np0000181690 devstack@neutron-api.service[107418]: INFO neutron.api.extensions [None req-6579207c-c810-4691-96b2-d79efbf9afba None None] Extension l2_adjacency not supported by any of loaded plugins
Jun 18 00:37:37.661988 np0000181690 devstack@neutron-api.service[107420]: DEBUG neutron_lib.callbacks.manager [None req-b7823a5c-2e67-4d7e-b314-e7b9f141ddef None None] Subscribe: > security_group after_update 55550000, False {{(pid=107420) subscribe /opt/stack/data/venv/lib/python3.12/site-packages/neutron_lib/callbacks/manager.py:52}}
Jun 18 00:37:37.662045 np0000181690 devstack@neutron-api.service[107418]: DEBUG neutron.api.extensions [None req-6579207c-c810-4691-96b2-d79efbf9afba None None] Loading extension file: l3.py {{(pid=107418) _load_all_extensions_from_path /opt/stack/neutron/neutron/api/extensions.py:449}}
Jun 18 00:37:37.662074 np0000181690 devstack@neutron-api.service[107420]: DEBUG neutron_lib.callbacks.manager [None req-b7823a5c-2e67-4d7e-b314-e7b9f141ddef None None] Subscribe: > security_group after_delete 55550000, False {{(pid=107420) subscribe /opt/stack/data/venv/lib/python3.12/site-packages/neutron_lib/callbacks/manager.py:52}}
Jun 18 00:37:37.662232 np0000181690 devstack@neutron-api.service[107420]: DEBUG neutron_lib.callbacks.manager [None req-b7823a5c-2e67-4d7e-b314-e7b9f141ddef None None] Subscribe: > security_group_rule after_create 55550000, False {{(pid=107420) subscribe /opt/stack/data/venv/lib/python3.12/site-packages/neutron_lib/callbacks/manager.py:52}}
Jun 18 00:37:37.662412 np0000181690 devstack@neutron-api.service[107420]: DEBUG neutron_lib.callbacks.manager [None req-b7823a5c-2e67-4d7e-b314-e7b9f141ddef None None] Subscribe: > security_group_rule after_update 55550000, False {{(pid=107420) subscribe /opt/stack/data/venv/lib/python3.12/site-packages/neutron_lib/callbacks/manager.py:52}}
Jun 18 00:37:37.662494 np0000181690 devstack@neutron-api.service[107418]: DEBUG neutron.api.extensions [None req-6579207c-c810-4691-96b2-d79efbf9afba None None] Ext name="Neutron L3 Router" alias="router" description="Router abstraction for basic L3 forwarding between L2 Neutron networks and access to external networks via a NAT gateway." updated="2012-07-20T10:00:00-00:00" {{(pid=107418) _check_extension /opt/stack/neutron/neutron/api/extensions.py:415}}
Jun 18 00:37:37.662633 np0000181690 devstack@neutron-api.service[107420]: DEBUG neutron_lib.callbacks.manager [None req-b7823a5c-2e67-4d7e-b314-e7b9f141ddef None None] Subscribe: > security_group_rule after_delete 55550000, False {{(pid=107420) subscribe /opt/stack/data/venv/lib/python3.12/site-packages/neutron_lib/callbacks/manager.py:52}}
Jun 18 00:37:37.662767 np0000181690 devstack@neutron-api.service[107418]: INFO neutron.api.extensions [None req-6579207c-c810-4691-96b2-d79efbf9afba None None] Loaded extension: router
Jun 18 00:37:37.662898 np0000181690 devstack@neutron-api.service[107420]: DEBUG neutron_lib.callbacks.manager [None req-b7823a5c-2e67-4d7e-b314-e7b9f141ddef None None] Subscribe: > address_group after_create 55550000, False {{(pid=107420) subscribe /opt/stack/data/venv/lib/python3.12/site-packages/neutron_lib/callbacks/manager.py:52}}
Jun 18 00:37:37.662973 np0000181690 devstack@neutron-api.service[107418]: DEBUG neutron.api.extensions [None req-6579207c-c810-4691-96b2-d79efbf9afba None None] Loading extension file: l3_agent_scheduler_ha_chassis_priority.py {{(pid=107418) _load_all_extensions_from_path /opt/stack/neutron/neutron/api/extensions.py:449}}
Jun 18 00:37:37.663122 np0000181690 devstack@neutron-api.service[107420]: DEBUG neutron_lib.callbacks.manager [None req-b7823a5c-2e67-4d7e-b314-e7b9f141ddef None None] Subscribe: > address_group after_update 55550000, False {{(pid=107420) subscribe /opt/stack/data/venv/lib/python3.12/site-packages/neutron_lib/callbacks/manager.py:52}}
Jun 18 00:37:37.663122 np0000181690 devstack@neutron-api.service[107420]: DEBUG neutron_lib.callbacks.manager [None req-b7823a5c-2e67-4d7e-b314-e7b9f141ddef None None] Subscribe: > address_group after_delete 55550000, False {{(pid=107420) subscribe /opt/stack/data/venv/lib/python3.12/site-packages/neutron_lib/callbacks/manager.py:52}}
Jun 18 00:37:37.663318 np0000181690 devstack@neutron-api.service[107418]: DEBUG neutron.api.extensions [None req-6579207c-c810-4691-96b2-d79efbf9afba None None] Ext name="L3 Agent Scheduler HA Chassis Priority" alias="l3-agent-scheduler-ha-chassis-priority" description="Exposes the HA_Chassis priority in the L3 Agent Scheduler API responses and allows setting priority when scheduling a router to a chassis." updated="2026-03-31T00:00:00-00:00" {{(pid=107418) _check_extension /opt/stack/neutron/neutron/api/extensions.py:415}}
Jun 18 00:37:37.663454 np0000181690 devstack@neutron-api.service[107420]: DEBUG neutron.plugins.ml2.ovo_rpc [None req-b7823a5c-2e67-4d7e-b314-e7b9f141ddef None None] ML2 OVO RPC backend initialized. {{(pid=107420) __init__ /opt/stack/neutron/neutron/plugins/ml2/ovo_rpc.py:117}}
Jun 18 00:37:37.663590 np0000181690 devstack@neutron-api.service[107418]: INFO neutron.api.extensions [None req-6579207c-c810-4691-96b2-d79efbf9afba None None] Loaded extension: l3-agent-scheduler-ha-chassis-priority
Jun 18 00:37:37.663590 np0000181690 devstack@neutron-api.service[107418]: DEBUG neutron.api.extensions [None req-6579207c-c810-4691-96b2-d79efbf9afba None None] Loading extension file: l3_conntrack_helper.py {{(pid=107418) _load_all_extensions_from_path /opt/stack/neutron/neutron/api/extensions.py:449}}
Jun 18 00:37:37.663814 np0000181690 devstack@neutron-api.service[107418]: DEBUG neutron.api.extensions [None req-6579207c-c810-4691-96b2-d79efbf9afba None None] Ext name="L3 Conntrack helper" alias="l3-conntrack-helper" description="Allow adding CT target rules for conntrack helper" updated="2019-04-04T10:00:00-00:00" {{(pid=107418) _check_extension /opt/stack/neutron/neutron/api/extensions.py:415}}
Jun 18 00:37:37.663928 np0000181690 devstack@neutron-api.service[107418]: INFO neutron.api.extensions [None req-6579207c-c810-4691-96b2-d79efbf9afba None None] Extension l3-conntrack-helper not supported by any of loaded plugins
Jun 18 00:37:37.664023 np0000181690 devstack@neutron-api.service[107418]: DEBUG neutron.api.extensions [None req-6579207c-c810-4691-96b2-d79efbf9afba None None] Loading extension file: l3_enable_default_route_bfd.py {{(pid=107418) _load_all_extensions_from_path /opt/stack/neutron/neutron/api/extensions.py:449}}
Jun 18 00:37:37.664214 np0000181690 devstack@neutron-api.service[107420]: INFO neutron.quota [None req-b7823a5c-2e67-4d7e-b314-e7b9f141ddef None None] Loaded quota_driver: .
Jun 18 00:37:37.664269 np0000181690 devstack@neutron-api.service[107418]: DEBUG neutron.api.extensions [None req-6579207c-c810-4691-96b2-d79efbf9afba None None] Ext name="Enable Default Route BFD" alias="enable-default-route-bfd" description="Enables configurable BFD behavior for default routes" updated="2023-02-27T00:00:00-00:00" {{(pid=107418) _check_extension /opt/stack/neutron/neutron/api/extensions.py:415}}
Jun 18 00:37:37.664355 np0000181690 devstack@neutron-api.service[107420]: INFO neutron.plugins.ml2.plugin [None req-b7823a5c-2e67-4d7e-b314-e7b9f141ddef None None] Modular L2 Plugin initialization complete
Jun 18 00:37:37.664471 np0000181690 devstack@neutron-api.service[107418]: INFO neutron.api.extensions [None req-6579207c-c810-4691-96b2-d79efbf9afba None None] Loaded extension: enable-default-route-bfd
Jun 18 00:37:37.664499 np0000181690 devstack@neutron-api.service[107420]: DEBUG neutron.manager [None req-b7823a5c-2e67-4d7e-b314-e7b9f141ddef None None] Loading services supported by the core plugin {{(pid=107420) _load_services_from_core_plugin /opt/stack/neutron/neutron/manager.py:170}}
Jun 18 00:37:37.664535 np0000181690 devstack@neutron-api.service[107418]: DEBUG neutron.api.extensions [None req-6579207c-c810-4691-96b2-d79efbf9afba None None] Loading extension file: l3_enable_default_route_ecmp.py {{(pid=107418) _load_all_extensions_from_path /opt/stack/neutron/neutron/api/extensions.py:449}}
Jun 18 00:37:37.664678 np0000181690 devstack@neutron-api.service[107420]: INFO neutron.plugins.ml2.managers [None req-b7823a5c-2e67-4d7e-b314-e7b9f141ddef None None] Got port-security extension from driver 'port_security'
Jun 18 00:37:37.664840 np0000181690 devstack@neutron-api.service[107418]: DEBUG neutron.api.extensions [None req-6579207c-c810-4691-96b2-d79efbf9afba None None] Ext name="Enable Default Route ECMP" alias="enable-default-route-ecmp" description="Enables configurable ECMP behavior for default routes" updated="2023-02-27T00:00:00-00:00" {{(pid=107418) _check_extension /opt/stack/neutron/neutron/api/extensions.py:415}}
Jun 18 00:37:37.665017 np0000181690 devstack@neutron-api.service[107418]: INFO neutron.api.extensions [None req-6579207c-c810-4691-96b2-d79efbf9afba None None] Loaded extension: enable-default-route-ecmp
Jun 18 00:37:37.665017 np0000181690 devstack@neutron-api.service[107418]: DEBUG neutron.api.extensions [None req-6579207c-c810-4691-96b2-d79efbf9afba None None] Loading extension file: l3_ext_gw_mode.py {{(pid=107418) _load_all_extensions_from_path /opt/stack/neutron/neutron/api/extensions.py:449}}
Jun 18 00:37:37.665210 np0000181690 devstack@neutron-api.service[107420]: DEBUG neutron.manager [None req-b7823a5c-2e67-4d7e-b314-e7b9f141ddef None None] Loading service plugins: ['ovn-router', 'auto_allocate', 'tag', 'timestamp', 'network_ip_availability', 'flavors', 'revisions'] {{(pid=107420) _load_service_plugins /opt/stack/neutron/neutron/manager.py:195}}
Jun 18 00:37:37.665210 np0000181690 devstack@neutron-api.service[107420]: INFO neutron.manager [None req-b7823a5c-2e67-4d7e-b314-e7b9f141ddef None None] Loading Plugin: ovn-router
Jun 18 00:37:37.665375 np0000181690 devstack@neutron-api.service[107418]: DEBUG neutron.api.extensions [None req-6579207c-c810-4691-96b2-d79efbf9afba None None] Ext name="Neutron L3 Configurable external gateway mode" alias="ext-gw-mode" description="Extension of the router abstraction for specifying whether SNAT should occur on the external gateway" updated="2013-03-28T10:00:00-00:00" {{(pid=107418) _check_extension /opt/stack/neutron/neutron/api/extensions.py:415}}
Jun 18 00:37:37.665440 np0000181690 devstack@neutron-api.service[107418]: INFO neutron.api.extensions [None req-6579207c-c810-4691-96b2-d79efbf9afba None None] Loaded extension: ext-gw-mode
Jun 18 00:37:37.665525 np0000181690 devstack@neutron-api.service[107418]: DEBUG neutron.api.extensions [None req-6579207c-c810-4691-96b2-d79efbf9afba None None] Loading extension file: l3_ext_ha_mode.py {{(pid=107418) _load_all_extensions_from_path /opt/stack/neutron/neutron/api/extensions.py:449}}
Jun 18 00:37:37.665735 np0000181690 devstack@neutron-api.service[107418]: DEBUG neutron.api.extensions [None req-6579207c-c810-4691-96b2-d79efbf9afba None None] Ext name="HA Router extension" alias="l3-ha" description="Adds HA capability to routers." updated="2014-04-26T00:00:00-00:00" {{(pid=107418) _check_extension /opt/stack/neutron/neutron/api/extensions.py:415}}
Jun 18 00:37:37.665900 np0000181690 devstack@neutron-api.service[107418]: INFO neutron.api.extensions [None req-6579207c-c810-4691-96b2-d79efbf9afba None None] Loaded extension: l3-ha
Jun 18 00:37:37.666008 np0000181690 devstack@neutron-api.service[107418]: DEBUG neutron.api.extensions [None req-6579207c-c810-4691-96b2-d79efbf9afba None None] Loading extension file: l3_ext_ndp_proxy.py {{(pid=107418) _load_all_extensions_from_path /opt/stack/neutron/neutron/api/extensions.py:449}}
Jun 18 00:37:37.666193 np0000181690 devstack@neutron-api.service[107418]: DEBUG neutron.api.extensions [None req-6579207c-c810-4691-96b2-d79efbf9afba None None] Ext name="Router support to enable NDP proxy" alias="l3-ext-ndp-proxy" description="Router extension to enable ndp proxy" updated="2020-08-25T00:00:00-00:00" {{(pid=107418) _check_extension /opt/stack/neutron/neutron/api/extensions.py:415}}
Jun 18 00:37:37.666359 np0000181690 devstack@neutron-api.service[107418]: INFO neutron.api.extensions [None req-6579207c-c810-4691-96b2-d79efbf9afba None None] Extension l3-ext-ndp-proxy not supported by any of loaded plugins
Jun 18 00:37:37.666456 np0000181690 devstack@neutron-api.service[107418]: DEBUG neutron.api.extensions [None req-6579207c-c810-4691-96b2-d79efbf9afba None None] Loading extension file: l3_extra_gws.py {{(pid=107418) _load_all_extensions_from_path /opt/stack/neutron/neutron/api/extensions.py:449}}
Jun 18 00:37:37.666678 np0000181690 devstack@neutron-api.service[107418]: DEBUG neutron.api.extensions [None req-6579207c-c810-4691-96b2-d79efbf9afba None None] Ext name="Neutron L3 External Gateway Multihoming" alias="external-gateway-multihoming" description="Allow multiple external gateway ports per router" updated="2023-01-18T00:00:00-00:00" {{(pid=107418) _check_extension /opt/stack/neutron/neutron/api/extensions.py:415}}
Jun 18 00:37:37.667880 np0000181690 devstack@neutron-api.service[107418]: INFO neutron.api.extensions [None req-6579207c-c810-4691-96b2-d79efbf9afba None None] Loaded extension: external-gateway-multihoming
Jun 18 00:37:37.667979 np0000181690 devstack@neutron-api.service[107418]: DEBUG neutron.api.extensions [None req-6579207c-c810-4691-96b2-d79efbf9afba None None] Loading extension file: l3_flavors.py {{(pid=107418) _load_all_extensions_from_path /opt/stack/neutron/neutron/api/extensions.py:449}}
Jun 18 00:37:37.668213 np0000181690 devstack@neutron-api.service[107418]: DEBUG neutron.api.extensions [None req-6579207c-c810-4691-96b2-d79efbf9afba None None] Ext name="Router Flavor Extension" alias="l3-flavors" description="Flavor support for routers." updated="2016-05-17T00:00:00-00:00" {{(pid=107418) _check_extension /opt/stack/neutron/neutron/api/extensions.py:415}}
Jun 18 00:37:37.668421 np0000181690 devstack@neutron-api.service[107418]: INFO neutron.api.extensions [None req-6579207c-c810-4691-96b2-d79efbf9afba None None] Loaded extension: l3-flavors
Jun 18 00:37:37.668485 np0000181690 devstack@neutron-api.service[107418]: DEBUG neutron.api.extensions [None req-6579207c-c810-4691-96b2-d79efbf9afba None None] Loading extension file: l3_ndp_proxy.py {{(pid=107418) _load_all_extensions_from_path /opt/stack/neutron/neutron/api/extensions.py:449}}
Jun 18 00:37:37.668956 np0000181690 devstack@neutron-api.service[107418]: DEBUG neutron.api.extensions [None req-6579207c-c810-4691-96b2-d79efbf9afba None None] Ext name="name" alias="l3-ndp-proxy" description="description" updated="2021-06-29T10:00:00-00:00" {{(pid=107418) _check_extension /opt/stack/neutron/neutron/api/extensions.py:415}}
Jun 18 00:37:37.668956 np0000181690 devstack@neutron-api.service[107418]: INFO neutron.api.extensions [None req-6579207c-c810-4691-96b2-d79efbf9afba None None] Extension l3-ndp-proxy not supported by any of loaded plugins
Jun 18 00:37:37.669063 np0000181690 devstack@neutron-api.service[107418]: DEBUG neutron.api.extensions [None req-6579207c-c810-4691-96b2-d79efbf9afba None None] Loading extension file: l3_port_ip_change_not_allowed.py {{(pid=107418) _load_all_extensions_from_path /opt/stack/neutron/neutron/api/extensions.py:449}}
Jun 18 00:37:37.669290 np0000181690 devstack@neutron-api.service[107418]: DEBUG neutron.api.extensions [None req-6579207c-c810-4691-96b2-d79efbf9afba None None] Ext name="Prevent L3 router ports IP address change extension" alias="l3-port-ip-change-not-allowed" description="Prevent change of IP address for some L3 router ports" updated="2018-10-09T10:00:00-00:00" {{(pid=107418) _check_extension /opt/stack/neutron/neutron/api/extensions.py:415}}
Jun 18 00:37:37.669431 np0000181690 devstack@neutron-api.service[107418]: INFO neutron.api.extensions [None req-6579207c-c810-4691-96b2-d79efbf9afba None None] Extension l3-port-ip-change-not-allowed not supported by any of loaded plugins
Jun 18 00:37:37.669518 np0000181690 devstack@neutron-api.service[107418]: DEBUG neutron.api.extensions [None req-6579207c-c810-4691-96b2-d79efbf9afba None None] Loading extension file: l3agentscheduler.py {{(pid=107418) _load_all_extensions_from_path /opt/stack/neutron/neutron/api/extensions.py:449}}
Jun 18 00:37:37.670196 np0000181690 devstack@neutron-api.service[107418]: DEBUG neutron.api.extensions [None req-6579207c-c810-4691-96b2-d79efbf9afba None None] Ext name="L3 Agent Scheduler" alias="l3_agent_scheduler" description="Schedule routers among l3 agents" updated="2013-02-07T10:00:00-00:00" {{(pid=107418) _check_extension /opt/stack/neutron/neutron/api/extensions.py:415}}
Jun 18 00:37:37.670372 np0000181690 devstack@neutron-api.service[107418]: INFO neutron.api.extensions [None req-6579207c-c810-4691-96b2-d79efbf9afba None None] Loaded extension: l3_agent_scheduler
Jun 18 00:37:37.670465 np0000181690 devstack@neutron-api.service[107418]: DEBUG neutron.api.extensions [None req-6579207c-c810-4691-96b2-d79efbf9afba None None] Loading extension file: local_ip.py {{(pid=107418) _load_all_extensions_from_path /opt/stack/neutron/neutron/api/extensions.py:449}}
Jun 18 00:37:37.670811 np0000181690 devstack@neutron-api.service[107418]: DEBUG neutron.api.extensions [None req-6579207c-c810-4691-96b2-d79efbf9afba None None] Ext name="Local IP" alias="local_ip" description="Support Node Local Virtual IP" updated="2021-07-26T10:00:00-00:00" {{(pid=107418) _check_extension /opt/stack/neutron/neutron/api/extensions.py:415}}
Jun 18 00:37:37.670978 np0000181690 devstack@neutron-api.service[107418]: INFO neutron.api.extensions [None req-6579207c-c810-4691-96b2-d79efbf9afba None None] Extension local_ip not supported by any of loaded plugins
Jun 18 00:37:37.671069 np0000181690 devstack@neutron-api.service[107418]: DEBUG neutron.api.extensions [None req-6579207c-c810-4691-96b2-d79efbf9afba None None] Loading extension file: logging.py {{(pid=107418) _load_all_extensions_from_path /opt/stack/neutron/neutron/api/extensions.py:449}}
Jun 18 00:37:37.671461 np0000181690 devstack@neutron-api.service[107418]: DEBUG neutron.api.extensions [None req-6579207c-c810-4691-96b2-d79efbf9afba None None] Ext name="Logging API Extension" alias="logging" description="Provides a logging API for resources such as security group and firewall." updated="2017-01-01T10:00:00-00:00" {{(pid=107418) _check_extension /opt/stack/neutron/neutron/api/extensions.py:415}}
Jun 18 00:37:37.671970 np0000181690 devstack@neutron-api.service[107418]: INFO neutron.api.extensions [None req-6579207c-c810-4691-96b2-d79efbf9afba None None] Extension logging not supported by any of loaded plugins
Jun 18 00:37:37.671970 np0000181690 devstack@neutron-api.service[107418]: DEBUG neutron.api.extensions [None req-6579207c-c810-4691-96b2-d79efbf9afba None None] Loading extension file: metering.py {{(pid=107418) _load_all_extensions_from_path /opt/stack/neutron/neutron/api/extensions.py:449}}
Jun 18 00:37:37.671970 np0000181690 devstack@neutron-api.service[107418]: DEBUG neutron.api.extensions [None req-6579207c-c810-4691-96b2-d79efbf9afba None None] Ext name="Neutron Metering" alias="metering" description="Neutron Metering extension." updated="2013-06-12T10:00:00-00:00" {{(pid=107418) _check_extension /opt/stack/neutron/neutron/api/extensions.py:415}}
Jun 18 00:37:37.672410 np0000181690 devstack@neutron-api.service[107418]: INFO neutron.api.extensions [None req-6579207c-c810-4691-96b2-d79efbf9afba None None] Extension metering not supported by any of loaded plugins
Jun 18 00:37:37.672410 np0000181690 devstack@neutron-api.service[107418]: DEBUG neutron.api.extensions [None req-6579207c-c810-4691-96b2-d79efbf9afba None None] Loading extension file: metering_source_and_destination_fields.py {{(pid=107418) _load_all_extensions_from_path /opt/stack/neutron/neutron/api/extensions.py:449}}
Jun 18 00:37:37.672525 np0000181690 devstack@neutron-api.service[107418]: DEBUG neutron.api.extensions [None req-6579207c-c810-4691-96b2-d79efbf9afba None None] Ext name="Neutron Metering with source and destination filtering" alias="metering_source_and_destination_fields" description="Neutron Metering extension that enables the use of source and destination IP prefixes to create metering label rules." updated="2020-08-21T08:12:00-00:00" {{(pid=107418) _check_extension /opt/stack/neutron/neutron/api/extensions.py:415}}
Jun 18 00:37:37.672650 np0000181690 devstack@neutron-api.service[107418]: INFO neutron.api.extensions [None req-6579207c-c810-4691-96b2-d79efbf9afba None None] Extension metering_source_and_destination_fields not supported by any of loaded plugins
Jun 18 00:37:37.672785 np0000181690 devstack@neutron-api.service[107418]: DEBUG neutron.api.extensions [None req-6579207c-c810-4691-96b2-d79efbf9afba None None] Loading extension file: multiprovidernet.py {{(pid=107418) _load_all_extensions_from_path /opt/stack/neutron/neutron/api/extensions.py:449}}
Jun 18 00:37:37.673005 np0000181690 devstack@neutron-api.service[107418]: DEBUG neutron.api.extensions [None req-6579207c-c810-4691-96b2-d79efbf9afba None None] Ext name="Multi Provider Network" alias="multi-provider" description="Expose mapping of virtual networks to multiple physical networks" updated="2013-06-27T10:00:00-00:00" {{(pid=107418) _check_extension /opt/stack/neutron/neutron/api/extensions.py:415}}
Jun 18 00:37:37.673199 np0000181690 devstack@neutron-api.service[107418]: INFO neutron.api.extensions [None req-6579207c-c810-4691-96b2-d79efbf9afba None None] Loaded extension: multi-provider
Jun 18 00:37:37.673335 np0000181690 devstack@neutron-api.service[107418]: DEBUG neutron.api.extensions [None req-6579207c-c810-4691-96b2-d79efbf9afba None None] Loading extension file: netmtu.py {{(pid=107418) _load_all_extensions_from_path /opt/stack/neutron/neutron/api/extensions.py:449}}
Jun 18 00:37:37.673474 np0000181690 devstack@neutron-api.service[107418]: DEBUG neutron.api.extensions [None req-6579207c-c810-4691-96b2-d79efbf9afba None None] Ext name="Network MTU" alias="net-mtu" description="Provides MTU attribute for a network resource." updated="2015-03-25T10:00:00-00:00" {{(pid=107418) _check_extension /opt/stack/neutron/neutron/api/extensions.py:415}}
Jun 18 00:37:37.673620 np0000181690 devstack@neutron-api.service[107418]: INFO neutron.api.extensions [None req-6579207c-c810-4691-96b2-d79efbf9afba None None] Loaded extension: net-mtu
Jun 18 00:37:37.673736 np0000181690 devstack@neutron-api.service[107418]: DEBUG neutron.api.extensions [None req-6579207c-c810-4691-96b2-d79efbf9afba None None] Loading extension file: netmtu_writable.py {{(pid=107418) _load_all_extensions_from_path /opt/stack/neutron/neutron/api/extensions.py:449}}
Jun 18 00:37:37.673950 np0000181690 devstack@neutron-api.service[107418]: DEBUG neutron.api.extensions [None req-6579207c-c810-4691-96b2-d79efbf9afba None None] Ext name="Network MTU (writable)" alias="net-mtu-writable" description="Provides a writable MTU attribute for a network resource." updated="2017-07-12T00:00:00-00:00" {{(pid=107418) _check_extension /opt/stack/neutron/neutron/api/extensions.py:415}}
Jun 18 00:37:37.674108 np0000181690 devstack@neutron-api.service[107418]: INFO neutron.api.extensions [None req-6579207c-c810-4691-96b2-d79efbf9afba None None] Loaded extension: net-mtu-writable
Jun 18 00:37:37.674191 np0000181690 devstack@neutron-api.service[107418]: DEBUG neutron.api.extensions [None req-6579207c-c810-4691-96b2-d79efbf9afba None None] Loading extension file: network_availability_zone.py {{(pid=107418) _load_all_extensions_from_path /opt/stack/neutron/neutron/api/extensions.py:449}}
Jun 18 00:37:37.674477 np0000181690 devstack@neutron-api.service[107418]: DEBUG neutron.api.extensions [None req-6579207c-c810-4691-96b2-d79efbf9afba None None] Ext name="Network Availability Zone" alias="network_availability_zone" description="Availability zone support for network." updated="2015-01-01T10:00:00-00:00" {{(pid=107418) _check_extension /opt/stack/neutron/neutron/api/extensions.py:415}}
Jun 18 00:37:37.674612 np0000181690 devstack@neutron-api.service[107418]: INFO neutron.api.extensions [None req-6579207c-c810-4691-96b2-d79efbf9afba None None] Loaded extension: network_availability_zone
Jun 18 00:37:37.674821 np0000181690 devstack@neutron-api.service[107418]: DEBUG neutron.api.extensions [None req-6579207c-c810-4691-96b2-d79efbf9afba None None] Loading extension file: network_ha.py {{(pid=107418) _load_all_extensions_from_path /opt/stack/neutron/neutron/api/extensions.py:449}}
Jun 18 00:37:37.674967 np0000181690 devstack@neutron-api.service[107418]: DEBUG neutron.api.extensions [None req-6579207c-c810-4691-96b2-d79efbf9afba None None] Ext name="Network HA creation flag" alias="network_ha" description="Network high availability creation flag." updated="2023-04-27T10:00:00-00:00" {{(pid=107418) _check_extension /opt/stack/neutron/neutron/api/extensions.py:415}}
Jun 18 00:37:37.675115 np0000181690 devstack@neutron-api.service[107418]: INFO neutron.api.extensions [None req-6579207c-c810-4691-96b2-d79efbf9afba None None] Extension network_ha not supported by any of loaded plugins
Jun 18 00:37:37.675201 np0000181690 devstack@neutron-api.service[107418]: DEBUG neutron.api.extensions [None req-6579207c-c810-4691-96b2-d79efbf9afba None None] Loading extension file: network_ip_availability.py {{(pid=107418) _load_all_extensions_from_path /opt/stack/neutron/neutron/api/extensions.py:449}}
Jun 18 00:37:37.675519 np0000181690 devstack@neutron-api.service[107418]: DEBUG neutron.api.extensions [None req-6579207c-c810-4691-96b2-d79efbf9afba None None] Ext name="Network IP Availability" alias="network-ip-availability" description="Provides IP availability data for each network and subnet." updated="2015-09-24T00:00:00-00:00" {{(pid=107418) _check_extension /opt/stack/neutron/neutron/api/extensions.py:415}}
Jun 18 00:37:37.675673 np0000181690 devstack@neutron-api.service[107418]: INFO neutron.api.extensions [None req-6579207c-c810-4691-96b2-d79efbf9afba None None] Loaded extension: network-ip-availability
Jun 18 00:37:37.675823 np0000181690 devstack@neutron-api.service[107418]: DEBUG neutron.api.extensions [None req-6579207c-c810-4691-96b2-d79efbf9afba None None] Loading extension file: network_ip_availability_details.py {{(pid=107418) _load_all_extensions_from_path /opt/stack/neutron/neutron/api/extensions.py:449}}
Jun 18 00:37:37.676016 np0000181690 devstack@neutron-api.service[107418]: DEBUG neutron.api.extensions [None req-6579207c-c810-4691-96b2-d79efbf9afba None None] Ext name="Network IP Availability Details Extension" alias="network-ip-availability-details" description="Add ip_availability_details attribute to network-ip-availabilities resource." updated="2025-10-31T00:00:00-00:00" {{(pid=107418) _check_extension /opt/stack/neutron/neutron/api/extensions.py:415}}
Jun 18 00:37:37.676188 np0000181690 devstack@neutron-api.service[107418]: INFO neutron.api.extensions [None req-6579207c-c810-4691-96b2-d79efbf9afba None None] Loaded extension: network-ip-availability-details
Jun 18 00:37:37.676269 np0000181690 devstack@neutron-api.service[107420]: DEBUG neutron_lib.callbacks.manager [None req-b7823a5c-2e67-4d7e-b314-e7b9f141ddef None None] Subscribe: > router before_delete 55550000, False {{(pid=107420) subscribe /opt/stack/data/venv/lib/python3.12/site-packages/neutron_lib/callbacks/manager.py:52}}
Jun 18 00:37:37.676375 np0000181690 devstack@neutron-api.service[107418]: DEBUG neutron.api.extensions [None req-6579207c-c810-4691-96b2-d79efbf9afba None None] Loading extension file: network_segment_range.py {{(pid=107418) _load_all_extensions_from_path /opt/stack/neutron/neutron/api/extensions.py:449}}
Jun 18 00:37:37.676435 np0000181690 devstack@neutron-api.service[107420]: DEBUG neutron_lib.callbacks.manager [None req-b7823a5c-2e67-4d7e-b314-e7b9f141ddef None None] Subscribe: port before_update 55550000, False {{(pid=107420) subscribe /opt/stack/data/venv/lib/python3.12/site-packages/neutron_lib/callbacks/manager.py:52}}
Jun 18 00:37:37.676508 np0000181690 devstack@neutron-api.service[107420]: DEBUG neutron_lib.callbacks.manager [None req-b7823a5c-2e67-4d7e-b314-e7b9f141ddef None None] Subscribe: port after_update 55550000, False {{(pid=107420) subscribe /opt/stack/data/venv/lib/python3.12/site-packages/neutron_lib/callbacks/manager.py:52}}
Jun 18 00:37:37.676573 np0000181690 devstack@neutron-api.service[107418]: DEBUG neutron.api.extensions [None req-6579207c-c810-4691-96b2-d79efbf9afba None None] Ext name="Neutron Network Segment Range" alias="network-segment-range" description="Provides support for the network segment range management" updated="2018-11-29T00:00:00-00:00" {{(pid=107418) _check_extension /opt/stack/neutron/neutron/api/extensions.py:415}}
Jun 18 00:37:37.676631 np0000181690 devstack@neutron-api.service[107420]: DEBUG neutron_lib.callbacks.manager [None req-b7823a5c-2e67-4d7e-b314-e7b9f141ddef None None] Subscribe: > port precommit_delete 55550000, False {{(pid=107420) subscribe /opt/stack/data/venv/lib/python3.12/site-packages/neutron_lib/callbacks/manager.py:52}}
Jun 18 00:37:37.676740 np0000181690 devstack@neutron-api.service[107420]: DEBUG neutron_lib.callbacks.manager [None req-b7823a5c-2e67-4d7e-b314-e7b9f141ddef None None] Subscribe: port before_update 55550000, False {{(pid=107420) subscribe /opt/stack/data/venv/lib/python3.12/site-packages/neutron_lib/callbacks/manager.py:52}}
Jun 18 00:37:37.676802 np0000181690 devstack@neutron-api.service[107418]: INFO neutron.api.extensions [None req-6579207c-c810-4691-96b2-d79efbf9afba None None] Extension network-segment-range not supported by any of loaded plugins
Jun 18 00:37:37.676872 np0000181690 devstack@neutron-api.service[107420]: DEBUG neutron_lib.callbacks.manager [None req-b7823a5c-2e67-4d7e-b314-e7b9f141ddef None None] Subscribe: port before_delete 55550000, False {{(pid=107420) subscribe /opt/stack/data/venv/lib/python3.12/site-packages/neutron_lib/callbacks/manager.py:52}}
Jun 18 00:37:37.676930 np0000181690 devstack@neutron-api.service[107418]: DEBUG neutron.api.extensions [None req-6579207c-c810-4691-96b2-d79efbf9afba None None] Loading extension file: pagination.py {{(pid=107418) _load_all_extensions_from_path /opt/stack/neutron/neutron/api/extensions.py:449}}
Jun 18 00:37:37.676984 np0000181690 devstack@neutron-api.service[107420]: DEBUG neutron_lib.callbacks.manager [None req-b7823a5c-2e67-4d7e-b314-e7b9f141ddef None None] Subscribe: > router precommit_create 55550000, False {{(pid=107420) subscribe /opt/stack/data/venv/lib/python3.12/site-packages/neutron_lib/callbacks/manager.py:52}}
Jun 18 00:37:37.677043 np0000181690 devstack@neutron-api.service[107420]: DEBUG neutron_lib.callbacks.manager [None req-b7823a5c-2e67-4d7e-b314-e7b9f141ddef None None] Subscribe: > router precommit_create 55550000, False {{(pid=107420) subscribe /opt/stack/data/venv/lib/python3.12/site-packages/neutron_lib/callbacks/manager.py:52}}
Jun 18 00:37:37.677099 np0000181690 devstack@neutron-api.service[107418]: DEBUG neutron.api.extensions [None req-6579207c-c810-4691-96b2-d79efbf9afba None None] Ext name="Pagination support" alias="pagination" description="Extension that indicates that pagination is enabled." updated="2016-06-12T00:00:00-00:00" {{(pid=107418) _check_extension /opt/stack/neutron/neutron/api/extensions.py:415}}
Jun 18 00:37:37.677167 np0000181690 devstack@neutron-api.service[107420]: DEBUG neutron_lib.callbacks.manager [None req-b7823a5c-2e67-4d7e-b314-e7b9f141ddef None None] Subscribe: > router precommit_update 55550000, False {{(pid=107420) subscribe /opt/stack/data/venv/lib/python3.12/site-packages/neutron_lib/callbacks/manager.py:52}}
Jun 18 00:37:37.677226 np0000181690 devstack@neutron-api.service[107418]: INFO neutron.api.extensions [None req-6579207c-c810-4691-96b2-d79efbf9afba None None] Loaded extension: pagination
Jun 18 00:37:37.677279 np0000181690 devstack@neutron-api.service[107420]: DEBUG neutron_lib.callbacks.manager [None req-b7823a5c-2e67-4d7e-b314-e7b9f141ddef None None] Subscribe: subnet after_update 55550000, False {{(pid=107420) subscribe /opt/stack/data/venv/lib/python3.12/site-packages/neutron_lib/callbacks/manager.py:52}}
Jun 18 00:37:37.677335 np0000181690 devstack@neutron-api.service[107418]: DEBUG neutron.api.extensions [None req-6579207c-c810-4691-96b2-d79efbf9afba None None] Loading extension file: port_device_profile.py {{(pid=107418) _load_all_extensions_from_path /opt/stack/neutron/neutron/api/extensions.py:449}}
Jun 18 00:37:37.677514 np0000181690 devstack@neutron-api.service[107420]: DEBUG neutron.quota.resource_registry [None req-b7823a5c-2e67-4d7e-b314-e7b9f141ddef None None] Tracking information for resource: router configured {{(pid=107420) set_tracked_resource /opt/stack/neutron/neutron/quota/resource_registry.py:203}}
Jun 18 00:37:37.677629 np0000181690 devstack@neutron-api.service[107418]: DEBUG neutron.api.extensions [None req-6579207c-c810-4691-96b2-d79efbf9afba None None] Ext name="Port device profile" alias="port-device-profile" description="Expose the port device profile (Cyborg)" updated="2020-12-17T10:00:00-00:00" {{(pid=107418) _check_extension /opt/stack/neutron/neutron/api/extensions.py:415}}
Jun 18 00:37:37.677765 np0000181690 devstack@neutron-api.service[107420]: DEBUG neutron.quota.resource_registry [None req-b7823a5c-2e67-4d7e-b314-e7b9f141ddef None None] Tracking information for resource: floatingip configured {{(pid=107420) set_tracked_resource /opt/stack/neutron/neutron/quota/resource_registry.py:203}}
Jun 18 00:37:37.677898 np0000181690 devstack@neutron-api.service[107418]: INFO neutron.api.extensions [None req-6579207c-c810-4691-96b2-d79efbf9afba None None] Loaded extension: port-device-profile
Jun 18 00:37:37.678020 np0000181690 devstack@neutron-api.service[107420]: INFO neutron.services.ovn_l3.plugin [None req-b7823a5c-2e67-4d7e-b314-e7b9f141ddef None None] Starting OVNL3RouterPlugin
Jun 18 00:37:37.678140 np0000181690 devstack@neutron-api.service[107418]: DEBUG neutron.api.extensions [None req-6579207c-c810-4691-96b2-d79efbf9afba None None] Loading extension file: port_hardware_offload_type.py {{(pid=107418) _load_all_extensions_from_path /opt/stack/neutron/neutron/api/extensions.py:449}}
Jun 18 00:37:37.678259 np0000181690 devstack@neutron-api.service[107420]: DEBUG neutron_lib.callbacks.manager [None req-b7823a5c-2e67-4d7e-b314-e7b9f141ddef None None] Subscribe: > port_forwarding_plugin after_init 55550000, False {{(pid=107420) subscribe /opt/stack/data/venv/lib/python3.12/site-packages/neutron_lib/callbacks/manager.py:52}}
Jun 18 00:37:37.678361 np0000181690 devstack@neutron-api.service[107418]: DEBUG neutron.api.extensions [None req-6579207c-c810-4691-96b2-d79efbf9afba None None] Ext name="Port hardware offload" alias="port-hardware-offload-type" description="Expose port hardware offload extension" updated="2023-05-09T10:00:00-00:00" {{(pid=107418) _check_extension /opt/stack/neutron/neutron/api/extensions.py:415}}
Jun 18 00:37:37.678472 np0000181690 devstack@neutron-api.service[107420]: DEBUG neutron_lib.callbacks.manager [None req-b7823a5c-2e67-4d7e-b314-e7b9f141ddef None None] Subscribe: > router before_create 55550100, False {{(pid=107420) subscribe /opt/stack/data/venv/lib/python3.12/site-packages/neutron_lib/callbacks/manager.py:52}}
Jun 18 00:37:37.678579 np0000181690 devstack@neutron-api.service[107418]: INFO neutron.api.extensions [None req-6579207c-c810-4691-96b2-d79efbf9afba None None] Extension port-hardware-offload-type not supported by any of loaded plugins
Jun 18 00:37:37.678685 np0000181690 devstack@neutron-api.service[107420]: DEBUG neutron_lib.callbacks.manager [None req-b7823a5c-2e67-4d7e-b314-e7b9f141ddef None None] Subscribe: > router precommit_delete 55550100, False {{(pid=107420) subscribe /opt/stack/data/venv/lib/python3.12/site-packages/neutron_lib/callbacks/manager.py:52}}
Jun 18 00:37:37.678833 np0000181690 devstack@neutron-api.service[107418]: DEBUG neutron.api.extensions [None req-6579207c-c810-4691-96b2-d79efbf9afba None None] Loading extension file: port_hint_ovs_tx_steering.py {{(pid=107418) _load_all_extensions_from_path /opt/stack/neutron/neutron/api/extensions.py:449}}
Jun 18 00:37:37.678934 np0000181690 devstack@neutron-api.service[107420]: DEBUG neutron_lib.callbacks.manager [None req-b7823a5c-2e67-4d7e-b314-e7b9f141ddef None None] Subscribe: > router precommit_create 55550100, False {{(pid=107420) subscribe /opt/stack/data/venv/lib/python3.12/site-packages/neutron_lib/callbacks/manager.py:52}}
Jun 18 00:37:37.678934 np0000181690 devstack@neutron-api.service[107420]: DEBUG neutron_lib.callbacks.manager [None req-b7823a5c-2e67-4d7e-b314-e7b9f141ddef None None] Subscribe: > router precommit_update 55550100, False {{(pid=107420) subscribe /opt/stack/data/venv/lib/python3.12/site-packages/neutron_lib/callbacks/manager.py:52}}
Jun 18 00:37:37.679167 np0000181690 devstack@neutron-api.service[107418]: DEBUG neutron.api.extensions [None req-6579207c-c810-4691-96b2-d79efbf9afba None None] Ext name="Port hint: Open vSwitch Tx steering" alias="port-hint-ovs-tx-steering" description="Enable Port hint: Open vSwitch Tx steering" updated="2023-01-01T00:00:00-00:00" {{(pid=107418) _check_extension /opt/stack/neutron/neutron/api/extensions.py:415}}
Jun 18 00:37:37.679167 np0000181690 devstack@neutron-api.service[107418]: INFO neutron.api.extensions [None req-6579207c-c810-4691-96b2-d79efbf9afba None None] Extension port-hint-ovs-tx-steering not supported by any of loaded plugins
Jun 18 00:37:37.679167 np0000181690 devstack@neutron-api.service[107418]: DEBUG neutron.api.extensions [None req-6579207c-c810-4691-96b2-d79efbf9afba None None] Loading extension file: port_hints.py {{(pid=107418) _load_all_extensions_from_path /opt/stack/neutron/neutron/api/extensions.py:449}}
Jun 18 00:37:37.679167 np0000181690 devstack@neutron-api.service[107418]: DEBUG neutron.api.extensions [None req-6579207c-c810-4691-96b2-d79efbf9afba None None] Ext name="Port hints" alias="port-hints" description="Backend specific port hints to allow backend specific tuning" updated="2023-01-01T00:00:00-00:00" {{(pid=107418) _check_extension /opt/stack/neutron/neutron/api/extensions.py:415}}
Jun 18 00:37:37.679167 np0000181690 devstack@neutron-api.service[107418]: INFO neutron.api.extensions [None req-6579207c-c810-4691-96b2-d79efbf9afba None None] Extension port-hints not supported by any of loaded plugins
Jun 18 00:37:37.679167 np0000181690 devstack@neutron-api.service[107418]: DEBUG neutron.api.extensions [None req-6579207c-c810-4691-96b2-d79efbf9afba None None] Loading extension file: port_mac_address_override.py {{(pid=107418) _load_all_extensions_from_path /opt/stack/neutron/neutron/api/extensions.py:449}}
Jun 18 00:37:37.679968 np0000181690 devstack@neutron-api.service[107418]: DEBUG neutron.api.extensions [None req-6579207c-c810-4691-96b2-d79efbf9afba None None] Ext name="Neutron Port MAC address override" alias="port-mac-override" description="Allow overriding the MAC address of a direct-physical Port via the active binding profile" updated="2022-03-18T10:00:00-00:00" {{(pid=107418) _check_extension /opt/stack/neutron/neutron/api/extensions.py:415}}
Jun 18 00:37:37.679968 np0000181690 devstack@neutron-api.service[107418]: INFO neutron.api.extensions [None req-6579207c-c810-4691-96b2-d79efbf9afba None None] Extension port-mac-override not supported by any of loaded plugins
Jun 18 00:37:37.679968 np0000181690 devstack@neutron-api.service[107418]: DEBUG neutron.api.extensions [None req-6579207c-c810-4691-96b2-d79efbf9afba None None] Loading extension file: port_mac_address_regenerate.py {{(pid=107418) _load_all_extensions_from_path /opt/stack/neutron/neutron/api/extensions.py:449}}
Jun 18 00:37:37.679968 np0000181690 devstack@neutron-api.service[107418]: DEBUG neutron.api.extensions [None req-6579207c-c810-4691-96b2-d79efbf9afba None None] Ext name="Neutron Port MAC address regenerate" alias="port-mac-address-regenerate" description="Network port MAC address regenerate" updated="2018-05-03T10:00:00-00:00" {{(pid=107418) _check_extension /opt/stack/neutron/neutron/api/extensions.py:415}}
Jun 18 00:37:37.680365 np0000181690 devstack@neutron-api.service[107418]: INFO neutron.api.extensions [None req-6579207c-c810-4691-96b2-d79efbf9afba None None] Loaded extension: port-mac-address-regenerate
Jun 18 00:37:37.680365 np0000181690 devstack@neutron-api.service[107418]: DEBUG neutron.api.extensions [None req-6579207c-c810-4691-96b2-d79efbf9afba None None] Loading extension file: port_numa_affinity_policy.py {{(pid=107418) _load_all_extensions_from_path /opt/stack/neutron/neutron/api/extensions.py:449}}
Jun 18 00:37:37.680365 np0000181690 devstack@neutron-api.service[107418]: DEBUG neutron.api.extensions [None req-6579207c-c810-4691-96b2-d79efbf9afba None None] Ext name="Port NUMA affinity policy" alias="port-numa-affinity-policy" description="Expose the port NUMA affinity policy" updated="2020-07-08T10:00:00-00:00" {{(pid=107418) _check_extension /opt/stack/neutron/neutron/api/extensions.py:415}}
Jun 18 00:37:37.680648 np0000181690 devstack@neutron-api.service[107418]: INFO neutron.api.extensions [None req-6579207c-c810-4691-96b2-d79efbf9afba None None] Loaded extension: port-numa-affinity-policy
Jun 18 00:37:37.680648 np0000181690 devstack@neutron-api.service[107418]: DEBUG neutron.api.extensions [None req-6579207c-c810-4691-96b2-d79efbf9afba None None] Loading extension file: port_numa_affinity_policy_socket.py {{(pid=107418) _load_all_extensions_from_path /opt/stack/neutron/neutron/api/extensions.py:449}}
Jun 18 00:37:37.680865 np0000181690 devstack@neutron-api.service[107418]: DEBUG neutron.api.extensions [None req-6579207c-c810-4691-96b2-d79efbf9afba None None] Ext name="Port NUMA affinity policy "socket"" alias="port-numa-affinity-policy-socket" description="Adds "socket" to the supported port NUMA affinity policies" updated="2024-02-09T10:00:00-00:00" {{(pid=107418) _check_extension /opt/stack/neutron/neutron/api/extensions.py:415}}
Jun 18 00:37:37.680958 np0000181690 devstack@neutron-api.service[107418]: INFO neutron.api.extensions [None req-6579207c-c810-4691-96b2-d79efbf9afba None None] Loaded extension: port-numa-affinity-policy-socket
Jun 18 00:37:37.681057 np0000181690 devstack@neutron-api.service[107418]: DEBUG neutron.api.extensions [None req-6579207c-c810-4691-96b2-d79efbf9afba None None] Loading extension file: port_resource_request.py {{(pid=107418) _load_all_extensions_from_path /opt/stack/neutron/neutron/api/extensions.py:449}}
Jun 18 00:37:37.681271 np0000181690 devstack@neutron-api.service[107418]: DEBUG neutron.api.extensions [None req-6579207c-c810-4691-96b2-d79efbf9afba None None] Ext name="Port Resource Request" alias="port-resource-request" description="Expose resource request to Port" updated="2018-05-08T10:00:00-00:00" {{(pid=107418) _check_extension /opt/stack/neutron/neutron/api/extensions.py:415}}
Jun 18 00:37:37.681421 np0000181690 devstack@neutron-api.service[107418]: INFO neutron.api.extensions [None req-6579207c-c810-4691-96b2-d79efbf9afba None None] Extension port-resource-request not supported by any of loaded plugins
Jun 18 00:37:37.681512 np0000181690 devstack@neutron-api.service[107418]: DEBUG neutron.api.extensions [None req-6579207c-c810-4691-96b2-d79efbf9afba None None] Loading extension file: port_resource_request_groups.py {{(pid=107418) _load_all_extensions_from_path /opt/stack/neutron/neutron/api/extensions.py:449}}
Jun 18 00:37:37.681764 np0000181690 devstack@neutron-api.service[107418]: DEBUG neutron.api.extensions [None req-6579207c-c810-4691-96b2-d79efbf9afba None None] Ext name="Port Resource Request Groups" alias="port-resource-request-groups" description="Support requesting multiple groups of resources and traits from the same RP subtree in resource_request" updated="2021-08-02T10:00:00-00:00" {{(pid=107418) _check_extension /opt/stack/neutron/neutron/api/extensions.py:415}}
Jun 18 00:37:37.681928 np0000181690 devstack@neutron-api.service[107418]: INFO neutron.api.extensions [None req-6579207c-c810-4691-96b2-d79efbf9afba None None] Extension port-resource-request-groups not supported by any of loaded plugins
Jun 18 00:37:37.682088 np0000181690 devstack@neutron-api.service[107420]: DEBUG neutron.services.provider_configuration [None req-b7823a5c-2e67-4d7e-b314-e7b9f141ddef None None] Service providers = [] {{(pid=107420) parse_service_provider_opt /opt/stack/neutron/neutron/services/provider_configuration.py:170}}
Jun 18 00:37:37.682166 np0000181690 devstack@neutron-api.service[107418]: DEBUG neutron.api.extensions [None req-6579207c-c810-4691-96b2-d79efbf9afba None None] Loading extension file: port_trusted_vif.py {{(pid=107418) _load_all_extensions_from_path /opt/stack/neutron/neutron/api/extensions.py:449}}
Jun 18 00:37:37.682209 np0000181690 devstack@neutron-api.service[107420]: DEBUG neutron.db.servicetype_db [None req-b7823a5c-2e67-4d7e-b314-e7b9f141ddef None None] Adding provider configuration for service L3_ROUTER_NAT {{(pid=107420) add_provider_configuration /opt/stack/neutron/neutron/db/servicetype_db.py:45}}
Jun 18 00:37:37.682259 np0000181690 devstack@neutron-api.service[107418]: DEBUG neutron.api.extensions [None req-6579207c-c810-4691-96b2-d79efbf9afba None None] Ext name="Port trusted vif" alias="port-trusted-vif" description="Expose port 'trusted' attribute in the API" updated="2024-07-10T10:00:00-00:00" {{(pid=107418) _check_extension /opt/stack/neutron/neutron/api/extensions.py:415}}
Jun 18 00:37:37.682390 np0000181690 devstack@neutron-api.service[107418]: INFO neutron.api.extensions [None req-6579207c-c810-4691-96b2-d79efbf9afba None None] Extension port-trusted-vif not supported by any of loaded plugins
Jun 18 00:37:37.682481 np0000181690 devstack@neutron-api.service[107418]: DEBUG neutron.api.extensions [None req-6579207c-c810-4691-96b2-d79efbf9afba None None] Loading extension file: portbindings.py {{(pid=107418) _load_all_extensions_from_path /opt/stack/neutron/neutron/api/extensions.py:449}}
