2026-04-07 01:18:08.776 10 INFO neutron.db.ovn_revision_numbers_db [None req-0ea50e56-21de-409f-8654-e3afab741cf6 e4547a5de869422982c4ef97198d2a5f 1ba61911159646f48fafc251588e6842 - - default default] Successfully bumped revision number for resource f0a99650-0f45-461f-a61f-61bfba24759f (type: ports) to 1
2026-04-07 01:18:08.783 10 INFO neutron.wsgi [None req-ce3b2c2f-8a07-4cff-8b53-1792a9420810 3c33899970d241c6a7a3e65063d0e430 861374040eab458bb37e4cf587b1cb6c - - default default] 10.0.0.132 "DELETE /v2.0/security-groups/8fb9a0fd-5a52-4e80-be72-2a56b1ed4ed5 HTTP/1.1" status: 204 len: 168 time: 0.3345335
2026-04-07 01:18:08.806 10 INFO neutron.wsgi [None req-0ea50e56-21de-409f-8654-e3afab741cf6 e4547a5de869422982c4ef97198d2a5f 1ba61911159646f48fafc251588e6842 - - default default] 10.0.0.132 "POST /v2.0/ports HTTP/1.1" status: 201 len: 942 time: 0.4339323 /var/lib/openstack/lib/python3.10/site-packages/pycadf/identifier.py:71: UserWarning: Invalid uuid: neutron. To ensure interoperability, identifiers should be a valid uuid. warnings.warn(('Invalid uuid: %s. To ensure interoperability, '
2026-04-07 01:18:08.817 10 WARNING neutron_lib.context [None req-0a1379e4-5678-49af-a0ce-8903f909bcf9 e4547a5de869422982c4ef97198d2a5f 1ba61911159646f48fafc251588e6842 - - default default] Method 'is_advsvc' is deprecated since 2023.2 release (neutron-lib 3.8.0) and will be removed once support for the old RBAC API policies will be removed from Neutron. Please use method 'is_service_role' instead. /var/lib/openstack/lib/python3.10/site-packages/pycadf/identifier.py:71: UserWarning: Invalid uuid: neutron. To ensure interoperability, identifiers should be a valid uuid. warnings.warn(('Invalid uuid: %s. To ensure interoperability, '
2026-04-07 01:18:08.951 9 INFO neutron.wsgi [None req-1009eba9-40b1-4c6c-a855-5a2c2d630601 3c33899970d241c6a7a3e65063d0e430 861374040eab458bb37e4cf587b1cb6c - - default default] 10.0.0.132 "GET /v2.0/security-groups?tenant_id=9ed05f9c10b4432fb4ad75953083d862&name=default HTTP/1.1" status: 200 len: 3124 time: 0.0646663
2026-04-07 01:18:08.990 10 INFO neutron.wsgi [None req-0a1379e4-5678-49af-a0ce-8903f909bcf9 e4547a5de869422982c4ef97198d2a5f 1ba61911159646f48fafc251588e6842 - - default default] 10.0.0.132 "POST /v2.0/trunks HTTP/1.1" status: 201 len: 608 time: 0.1780686
2026-04-07 01:18:09.037 10 INFO neutron.wsgi [None req-42aebc8f-cc17-4534-86de-030c96b74f64 e4547a5de869422982c4ef97198d2a5f 1ba61911159646f48fafc251588e6842 - - default default] 10.0.0.132 "PUT /v2.0/trunks/4e6949c9-b536-4fe3-a9e5-d0340bc57707/tags HTTP/1.1" status: 200 len: 210 time: 0.0402205
2026-04-07 01:18:09.075 9 INFO neutron.db.ovn_revision_numbers_db [req-f8d57b1c-ec23-405e-aeff-5b04959c111c req-fd2bdaf7-89ff-48e6-b08b-13ee050a428a 00a5a09fe95c450bab7182fe8b42fb72 b31a14f2e2074701aa38077f6d990618 - - c63b5867a107491697ac9bcd374b32f7 c63b5867a107491697ac9bcd374b32f7] Successfully bumped revision number for resource be238810-0720-495b-9bea-d18bfd945d9d (type: ports) to 2
2026-04-07 01:18:09.078 10 INFO neutron.wsgi [None req-653edecc-a37b-49a3-b109-a4618089eb4e e4547a5de869422982c4ef97198d2a5f 1ba61911159646f48fafc251588e6842 - - default default] 10.0.0.132 "PUT /v2.0/trunks/c68d3839-4182-44a3-814e-299e241844fd/tags HTTP/1.1" status: 200 len: 218 time: 0.0352352
2026-04-07 01:18:09.126 10 INFO neutron.wsgi [None req-677811ce-6bb3-41a4-beb2-45408472b6be e4547a5de869422982c4ef97198d2a5f 1ba61911159646f48fafc251588e6842 - - default default] 10.0.0.132 "PUT /v2.0/trunks/37a67e43-9858-402a-ae4a-81db43141749/tags HTTP/1.1" status: 200 len: 227 time: 0.0433199
2026-04-07 01:18:09.168 10 INFO neutron.wsgi [None req-eb110520-0392-47a6-8d24-c842281bfbf0 e4547a5de869422982c4ef97198d2a5f 1ba61911159646f48fafc251588e6842 - - default default] 10.0.0.132 "PUT /v2.0/trunks/adf8932a-9e37-4fab-886a-74671b6f9874/tags HTTP/1.1" status: 200 len: 212 time: 0.0285962
2026-04-07 01:18:09.190 10 INFO neutron.wsgi [None req-0fbe2c15-a292-42a8-9b1f-17d1014882f8 e4547a5de869422982c4ef97198d2a5f 1ba61911159646f48fafc251588e6842 - - default default] 10.0.0.132 "GET /v2.0/trunks?tags=red HTTP/1.1" status: 200 len: 1447 time: 0.0165172
2026-04-07 01:18:09.224 10 INFO neutron.wsgi [None req-d52e2f8b-4194-4a0c-9ec3-c6ffcfe90a4b e4547a5de869422982c4ef97198d2a5f 1ba61911159646f48fafc251588e6842 - - default default] 10.0.0.132 "GET /v2.0/trunks?tags=red%2Cblue HTTP/1.1" status: 200 len: 1041 time: 0.0264752
2026-04-07 01:18:09.260 10 INFO neutron.wsgi [None req-06861e31-af67-473d-b161-f27c414ad5df e4547a5de869422982c4ef97198d2a5f 1ba61911159646f48fafc251588e6842 - - default default] 10.0.0.132 "GET /v2.0/trunks?tags-any=blue HTTP/1.1" status: 200 len: 1041 time: 0.0230289
2026-04-07 01:18:09.263 9 INFO neutron.wsgi [None req-f3406cbd-761a-44b6-b8d1-f495b6718db9 3c33899970d241c6a7a3e65063d0e430 861374040eab458bb37e4cf587b1cb6c - - default default] 10.0.0.132 "DELETE /v2.0/security-groups/56d173cb-f0d7-4100-b181-09f8635c3d8f HTTP/1.1" status: 204 len: 168 time: 0.3043437
2026-04-07 01:18:09.286 10 INFO neutron.wsgi [None req-0849ab48-93f3-46bf-b235-a5f5963ad5d5 e4547a5de869422982c4ef97198d2a5f 1ba61911159646f48fafc251588e6842 - - default default] 10.0.0.132 "GET /v2.0/trunks?tags-any=red%2Cblue HTTP/1.1" status: 200 len: 1447 time: 0.0178406
2026-04-07 01:18:09.310 10 INFO neutron.wsgi [None req-d7c850f6-8f2a-452b-9326-c8c444c5e48c e4547a5de869422982c4ef97198d2a5f 1ba61911159646f48fafc251588e6842 - - default default] 10.0.0.132 "GET /v2.0/trunks?not-tags=red HTTP/1.1" status: 200 len: 1013 time: 0.0190101
2026-04-07 01:18:09.325 9 INFO neutron.db.ovn_revision_numbers_db [req-f8d57b1c-ec23-405e-aeff-5b04959c111c req-fd2bdaf7-89ff-48e6-b08b-13ee050a428a 00a5a09fe95c450bab7182fe8b42fb72 b31a14f2e2074701aa38077f6d990618 - - c63b5867a107491697ac9bcd374b32f7 c63b5867a107491697ac9bcd374b32f7] Successfully bumped revision number for resource be238810-0720-495b-9bea-d18bfd945d9d (type: ports) to 2
2026-04-07 01:18:09.334 10 INFO neutron.wsgi [None req-5544503a-753e-410b-a694-69bd3d1eed85 e4547a5de869422982c4ef97198d2a5f 1ba61911159646f48fafc251588e6842 - - default default] 10.0.0.132 "GET /v2.0/trunks?not-tags=red%2Cblue HTTP/1.1" status: 200 len: 1419 time: 0.0208051
2026-04-07 01:18:09.345 9 INFO neutron.wsgi [req-f8d57b1c-ec23-405e-aeff-5b04959c111c req-fd2bdaf7-89ff-48e6-b08b-13ee050a428a 00a5a09fe95c450bab7182fe8b42fb72 b31a14f2e2074701aa38077f6d990618 - - c63b5867a107491697ac9bcd374b32f7 c63b5867a107491697ac9bcd374b32f7] 199.19.213.14 "PUT /v2.0/ports/be238810-0720-495b-9bea-d18bfd945d9d HTTP/1.1" status: 200 len: 1380 time: 0.7870736
2026-04-07 01:18:09.358 10 INFO neutron.wsgi [None req-116cf092-9236-42af-89e8-22ce11364fda e4547a5de869422982c4ef97198d2a5f 1ba61911159646f48fafc251588e6842 - - default default] 10.0.0.132 "GET /v2.0/trunks?not-tags-any=blue HTTP/1.1" status: 200 len: 1419 time: 0.0191894
2026-04-07 01:18:09.379 10 INFO neutron.wsgi [None req-4377c81d-046f-45f9-a5cf-ab616b1ad5a4 e4547a5de869422982c4ef97198d2a5f 1ba61911159646f48fafc251588e6842 - - default default] 10.0.0.132 "GET /v2.0/trunks?not-tags-any=red%2Cblue HTTP/1.1" status: 200 len: 1013 time: 0.0169313 /var/lib/openstack/lib/python3.10/site-packages/pycadf/identifier.py:71: UserWarning: Invalid uuid: neutron. To ensure interoperability, identifiers should be a valid uuid. warnings.warn(('Invalid uuid: %s. To ensure interoperability, '
2026-04-07 01:18:09.400 9 INFO neutron.notifiers.nova [-] Nova event matching ['req-ed457592-52ce-4c81-9058-227c0168f21a'] response: {'name': 'network-changed', 'server_uuid': '957650a0-6a4d-454b-b9cc-020181c45085', 'tag': 'be238810-0720-495b-9bea-d18bfd945d9d', 'status': 'completed', 'code': 200}
2026-04-07 01:18:09.406 10 INFO neutron.wsgi [None req-e5687974-c599-46a8-9196-5f04879f3b2a e4547a5de869422982c4ef97198d2a5f 1ba61911159646f48fafc251588e6842 - - default default] 10.0.0.132 "GET /v2.0/trunks/4e6949c9-b536-4fe3-a9e5-d0340bc57707 HTTP/1.1" status: 200 len: 608 time: 0.0181465
2026-04-07 01:18:09.430 9 INFO neutron.wsgi [req-f8d57b1c-ec23-405e-aeff-5b04959c111c req-866a2923-f265-43a1-8949-0bd43beefd48 00a5a09fe95c450bab7182fe8b42fb72 b31a14f2e2074701aa38077f6d990618 - - c63b5867a107491697ac9bcd374b32f7 c63b5867a107491697ac9bcd374b32f7] 199.19.213.14 "GET /v2.0/ports?tenant_id=861374040eab458bb37e4cf587b1cb6c&device_id=957650a0-6a4d-454b-b9cc-020181c45085 HTTP/1.1" status: 200 len: 1411 time: 0.0431056
2026-04-07 01:18:09.473 9 INFO neutron.wsgi [req-f8d57b1c-ec23-405e-aeff-5b04959c111c req-fc5430c2-7c9b-43a6-9a0d-00df0a6c4eb1 00a5a09fe95c450bab7182fe8b42fb72 b31a14f2e2074701aa38077f6d990618 - - c63b5867a107491697ac9bcd374b32f7 c63b5867a107491697ac9bcd374b32f7] 199.19.213.14 "GET /v2.0/floatingips?fixed_ip_address=172.24.3.67&port_id=be238810-0720-495b-9bea-d18bfd945d9d HTTP/1.1" status: 200 len: 217 time: 0.0362122
2026-04-07 01:18:09.514 9 INFO neutron.wsgi [req-f8d57b1c-ec23-405e-aeff-5b04959c111c req-70d2ea61-24b5-480e-8663-4b8484ae716a 00a5a09fe95c450bab7182fe8b42fb72 b31a14f2e2074701aa38077f6d990618 - - c63b5867a107491697ac9bcd374b32f7 c63b5867a107491697ac9bcd374b32f7] 199.19.213.14 "GET /v2.0/subnets?id=312d46ab-a954-4361-8595-17bc147c4556 HTTP/1.1" status: 200 len: 829 time: 0.0349553
2026-04-07 01:18:09.521 10 INFO neutron.wsgi [None req-c47b4f8f-fd87-41c0-9009-0b652024a492 e4547a5de869422982c4ef97198d2a5f 1ba61911159646f48fafc251588e6842 - - default default] 10.0.0.132 "GET /v2.0/ports/4a071b2f-7e2f-4443-8e69-c50839556d98 HTTP/1.1" status: 200 len: 1020 time: 0.1087041
2026-04-07 01:18:09.545 9 INFO neutron.wsgi [req-f8d57b1c-ec23-405e-aeff-5b04959c111c req-f9f5f1db-c9bc-478b-9c26-9d420df3089c 00a5a09fe95c450bab7182fe8b42fb72 b31a14f2e2074701aa38077f6d990618 - - c63b5867a107491697ac9bcd374b32f7 c63b5867a107491697ac9bcd374b32f7] 199.19.213.14 "GET /v2.0/ports?network_id=e6f17832-0837-43d6-ba67-c4a47667ec30&device_owner=network%3Adhcp HTTP/1.1" status: 200 len: 210 time: 0.0247381
2026-04-07 01:18:09.593 10 INFO neutron.wsgi [req-f7c4d725-54c4-472a-96cb-dc76df71b012 req-fe3ea46f-daa2-4bfd-aabe-c5a4b59897a6 3c33899970d241c6a7a3e65063d0e430 861374040eab458bb37e4cf587b1cb6c - - default default] 10.0.0.32 "GET /v2.0/ports?device_id=957650a0-6a4d-454b-b9cc-020181c45085 HTTP/1.1" status: 200 len: 1411 time: 0.0571127
2026-04-07 01:18:09.636 9 INFO neutron.wsgi [req-f8d57b1c-ec23-405e-aeff-5b04959c111c req-98d81e63-f7c4-4241-bee1-a438dd8c8f9a 00a5a09fe95c450bab7182fe8b42fb72 b31a14f2e2074701aa38077f6d990618 - - c63b5867a107491697ac9bcd374b32f7 c63b5867a107491697ac9bcd374b32f7] 199.19.213.14 "GET /v2.0/networks/e6f17832-0837-43d6-ba67-c4a47667ec30?fields=segments HTTP/1.1" status: 200 len: 212 time: 0.0834107
2026-04-07 01:18:09.646 10 INFO neutron.wsgi [req-f7c4d725-54c4-472a-96cb-dc76df71b012 req-dd9cf4f5-b96e-457a-8cfc-c8400fe4a2ac 3c33899970d241c6a7a3e65063d0e430 861374040eab458bb37e4cf587b1cb6c - - default default] 10.0.0.32 "GET /v2.0/security-groups?id=cdd4fc96-e08a-4828-b7ad-657c1c3c4f2d&fields=id&fields=name HTTP/1.1" status: 200 len: 294 time: 0.0446081
2026-04-07 01:18:09.661 9 INFO neutron.wsgi [None req-1442dc9f-ea15-4264-92dd-4b85d9f2618f e4547a5de869422982c4ef97198d2a5f 1ba61911159646f48fafc251588e6842 - - default default] 10.0.0.132 "DELETE /v2.0/trunks/4e6949c9-b536-4fe3-a9e5-d0340bc57707 HTTP/1.1" status: 204 len: 168 time: 0.1236792
2026-04-07 01:18:09.685 10 INFO neutron.wsgi [None req-021d6844-3e76-49b9-9be7-652ea3cb2d96 e4547a5de869422982c4ef97198d2a5f 1ba61911159646f48fafc251588e6842 - - default default] 10.0.0.132 "GET /v2.0/trunks/c68d3839-4182-44a3-814e-299e241844fd HTTP/1.1" status: 200 len: 616 time: 0.0180163
2026-04-07 01:18:09.703 9 INFO neutron.wsgi [req-f8d57b1c-ec23-405e-aeff-5b04959c111c req-20adf762-be6c-4eea-9445-f723f3ae5cb9 00a5a09fe95c450bab7182fe8b42fb72 b31a14f2e2074701aa38077f6d990618 - - c63b5867a107491697ac9bcd374b32f7 c63b5867a107491697ac9bcd374b32f7] 199.19.213.14 "GET /v2.0/networks/e6f17832-0837-43d6-ba67-c4a47667ec30?fields=provider%3Aphysical_network&fields=provider%3Anetwork_type HTTP/1.1" status: 200 len: 277 time: 0.0604172
2026-04-07 01:18:09.785 10 INFO neutron.wsgi [req-89745093-9841-401c-8175-a9025ba3faa3 req-33205ad9-8b67-4734-9c69-21c2fff97849 3c33899970d241c6a7a3e65063d0e430 861374040eab458bb37e4cf587b1cb6c - - default default] 10.0.0.32 "GET /v2.0/ports?device_id=957650a0-6a4d-454b-b9cc-020181c45085 HTTP/1.1" status: 200 len: 1411 time: 0.0529599
2026-04-07 01:18:09.794 9 INFO neutron.wsgi [req-d1e0e4ff-edb8-4748-b1b9-32f817205ca1 req-d924eb96-7746-4d0b-bdaa-4a891323ce0f 00a5a09fe95c450bab7182fe8b42fb72 b31a14f2e2074701aa38077f6d990618 - - c63b5867a107491697ac9bcd374b32f7 c63b5867a107491697ac9bcd374b32f7] 199.19.213.14 "GET /v2.0/ports?tenant_id=861374040eab458bb37e4cf587b1cb6c&device_id=957650a0-6a4d-454b-b9cc-020181c45085 HTTP/1.1" status: 200 len: 1411 time: 0.0437474
2026-04-07 01:18:09.795 10 INFO neutron.wsgi [None req-7ace6d67-369b-4fd3-85a2-9072e212d8b4 e4547a5de869422982c4ef97198d2a5f 1ba61911159646f48fafc251588e6842 - - default default] 10.0.0.132 "GET /v2.0/ports/f0c0b203-d2d1-44c2-8f79-2b7f70931bf9 HTTP/1.1" status: 200 len: 1020 time: 0.1048107
2026-04-07 01:18:09.870 9 INFO neutron.wsgi [req-d1e0e4ff-edb8-4748-b1b9-32f817205ca1 req-3cb6a201-3cbc-4d0d-b672-34b9efdcf609 00a5a09fe95c450bab7182fe8b42fb72 b31a14f2e2074701aa38077f6d990618 - - c63b5867a107491697ac9bcd374b32f7 c63b5867a107491697ac9bcd374b32f7] 199.19.213.14 "GET /v2.0/networks?id=e6f17832-0837-43d6-ba67-c4a47667ec30 HTTP/1.1" status: 200 len: 937 time: 0.0613680
2026-04-07 01:18:09.881 10 INFO neutron.wsgi [None req-4d427342-afd3-4f5d-b02e-118d8d4f9e29 e4547a5de869422982c4ef97198d2a5f 1ba61911159646f48fafc251588e6842 - - default default] 10.0.0.132 "DELETE /v2.0/trunks/c68d3839-4182-44a3-814e-299e241844fd HTTP/1.1" status: 204 len: 168 time: 0.0798647
2026-04-07 01:18:09.901 9 INFO neutron.wsgi [req-d1e0e4ff-edb8-4748-b1b9-32f817205ca1 req-a6b001dd-3005-4549-b0bb-fb4cc5c56d4d 00a5a09fe95c450bab7182fe8b42fb72 b31a14f2e2074701aa38077f6d990618 - - c63b5867a107491697ac9bcd374b32f7 c63b5867a107491697ac9bcd374b32f7] 199.19.213.14 "GET /v2.0/floatingips?fixed_ip_address=172.24.3.67&port_id=be238810-0720-495b-9bea-d18bfd945d9d HTTP/1.1" status: 200 len: 217 time: 0.0256059
2026-04-07 01:18:09.932 10 INFO neutron.wsgi [None req-170684e8-80d0-4a25-902f-4d3501c2fc1d e4547a5de869422982c4ef97198d2a5f 1ba61911159646f48fafc251588e6842 - - default default] 10.0.0.132 "GET /v2.0/trunks/37a67e43-9858-402a-ae4a-81db43141749 HTTP/1.1" status: 200 len: 625 time: 0.0449977
2026-04-07 01:18:09.943 9 INFO neutron.wsgi [req-d1e0e4ff-edb8-4748-b1b9-32f817205ca1 req-65050585-2746-4993-aa15-21fc6aa3e6c4 00a5a09fe95c450bab7182fe8b42fb72 b31a14f2e2074701aa38077f6d990618 - - c63b5867a107491697ac9bcd374b32f7 c63b5867a107491697ac9bcd374b32f7] 199.19.213.14 "GET /v2.0/subnets?id=312d46ab-a954-4361-8595-17bc147c4556 HTTP/1.1" status: 200 len: 829 time: 0.0380204
2026-04-07 01:18:09.960 10 INFO neutron.wsgi [req-682044b1-1b07-44e8-aecd-b58016e997f1 req-71a33804-59d4-48d4-a690-232632108c5e 00a5a09fe95c450bab7182fe8b42fb72 b31a14f2e2074701aa38077f6d990618 - - c63b5867a107491697ac9bcd374b32f7 c63b5867a107491697ac9bcd374b32f7] 199.19.213.14 "GET /v2.0/ports?device_id=957650a0-6a4d-454b-b9cc-020181c45085 HTTP/1.1" status: 200 len: 1411 time: 0.0681796
2026-04-07 01:18:09.969 9 INFO neutron.wsgi [req-d1e0e4ff-edb8-4748-b1b9-32f817205ca1 req-c849ec2e-6421-4554-a157-e657a87b75d1 00a5a09fe95c450bab7182fe8b42fb72 b31a14f2e2074701aa38077f6d990618 - - c63b5867a107491697ac9bcd374b32f7 c63b5867a107491697ac9bcd374b32f7] 199.19.213.14 "GET /v2.0/ports?network_id=e6f17832-0837-43d6-ba67-c4a47667ec30&device_owner=network%3Adhcp HTTP/1.1" status: 200 len: 210 time: 0.0205445
2026-04-07 01:18:10.022 10 INFO neutron.wsgi [req-682044b1-1b07-44e8-aecd-b58016e997f1 req-07e04482-0575-45a9-ad23-86f0d5127acb 00a5a09fe95c450bab7182fe8b42fb72 b31a14f2e2074701aa38077f6d990618 - - c63b5867a107491697ac9bcd374b32f7 c63b5867a107491697ac9bcd374b32f7] 199.19.213.14 "GET /v2.0/security-groups?id=cdd4fc96-e08a-4828-b7ad-657c1c3c4f2d&fields=id&fields=name HTTP/1.1" status: 200 len: 294 time: 0.0572238
2026-04-07 01:18:10.027 9 INFO neutron.wsgi [req-d1e0e4ff-edb8-4748-b1b9-32f817205ca1 req-1e04a4bd-6ac8-429a-8439-2585ef607869 00a5a09fe95c450bab7182fe8b42fb72 b31a14f2e2074701aa38077f6d990618 - - c63b5867a107491697ac9bcd374b32f7 c63b5867a107491697ac9bcd374b32f7] 199.19.213.14 "GET /v2.0/networks/e6f17832-0837-43d6-ba67-c4a47667ec30?fields=segments HTTP/1.1" status: 200 len: 212 time: 0.0532851
2026-04-07 01:18:10.048 10 INFO neutron.wsgi [None req-d5059815-18d5-44ae-bf0a-0dd48cc6be89 e4547a5de869422982c4ef97198d2a5f 1ba61911159646f48fafc251588e6842 - - default default] 10.0.0.132 "GET /v2.0/ports/d1aa1330-5774-4d62-9bca-8c9224eb372f HTTP/1.1" status: 200 len: 1020 time: 0.1106722
2026-04-07 01:18:10.154 9 INFO neutron.wsgi [req-d1e0e4ff-edb8-4748-b1b9-32f817205ca1 req-eae6ec73-ef86-4355-90ec-ae1f7c18d3cf 00a5a09fe95c450bab7182fe8b42fb72 b31a14f2e2074701aa38077f6d990618 - - c63b5867a107491697ac9bcd374b32f7 c63b5867a107491697ac9bcd374b32f7] 199.19.213.14 "GET /v2.0/networks/e6f17832-0837-43d6-ba67-c4a47667ec30?fields=provider%3Aphysical_network&fields=provider%3Anetwork_type HTTP/1.1" status: 200 len: 277 time: 0.0829272
2026-04-07 01:18:10.157 9 INFO neutron.plugins.ml2.drivers.ovn.mech_driver.mech_driver [None req-5b9af7c6-20dd-4098-87d7-79e5eb144456 - - - - - -] OVN reports status up for port: be238810-0720-495b-9bea-d18bfd945d9d
2026-04-07 01:18:10.167 9 INFO neutron.plugins.ml2.plugin [None req-5b9af7c6-20dd-4098-87d7-79e5eb144456 - - - - - -] Attempt 1 to provision port be238810-0720-495b-9bea-d18bfd945d9d
2026-04-07 01:18:10.172 10 INFO neutron.wsgi [None req-a0b53a77-4dfb-4a8f-ac20-6a99587b6e18 e4547a5de869422982c4ef97198d2a5f 1ba61911159646f48fafc251588e6842 - - default default] 10.0.0.132 "DELETE /v2.0/trunks/37a67e43-9858-402a-ae4a-81db43141749 HTTP/1.1" status: 204 len: 168 time: 0.1167650
2026-04-07 01:18:10.201 10 INFO neutron.wsgi [None req-042fcd6f-df8a-41ec-83c6-526c05391b6f e4547a5de869422982c4ef97198d2a5f 1ba61911159646f48fafc251588e6842 - - default default] 10.0.0.132 "GET /v2.0/trunks/adf8932a-9e37-4fab-886a-74671b6f9874 HTTP/1.1" status: 200 len: 610 time: 0.0202379
2026-04-07 01:18:10.358 9 INFO neutron.wsgi [None req-661c8349-01fd-49b4-8da3-1b76713ae3cf e4547a5de869422982c4ef97198d2a5f 1ba61911159646f48fafc251588e6842 - - default default] 10.0.0.132 "GET /v2.0/ports/ae1d9a26-b7a7-44f2-81dd-a3e5759e1767 HTTP/1.1" status: 200 len: 1020 time: 0.1479001
2026-04-07 01:18:10.434 10 INFO neutron.wsgi [None req-8ee4ce7c-83db-4eb8-9cdb-7ff7935ddde8 e4547a5de869422982c4ef97198d2a5f 1ba61911159646f48fafc251588e6842 - - default default] 10.0.0.132 "DELETE /v2.0/trunks/adf8932a-9e37-4fab-886a-74671b6f9874 HTTP/1.1" status: 204 len: 168 time: 0.0725832
2026-04-07 01:18:10.457 10 INFO neutron.wsgi [None req-e4246cd6-257f-4d9a-8519-80c906a6cc88 e4547a5de869422982c4ef97198d2a5f 1ba61911159646f48fafc251588e6842 - - default default] 10.0.0.132 "GET /v2.0/trunks/1ddf4b2c-12eb-4469-9909-b8355b3fd267 HTTP/1.1" status: 200 len: 603 time: 0.0197670
2026-04-07 01:18:10.535 9 INFO neutron.db.ovn_revision_numbers_db [None req-5b9af7c6-20dd-4098-87d7-79e5eb144456 - - - - - -] Successfully bumped revision number for resource be238810-0720-495b-9bea-d18bfd945d9d (type: ports) to 4
2026-04-07 01:18:10.540 10 INFO neutron.wsgi [None req-f03494a5-afde-46c6-bae0-58c21a21ce29 e4547a5de869422982c4ef97198d2a5f 1ba61911159646f48fafc251588e6842 - - default default] 10.0.0.132 "GET /v2.0/ports/f0a99650-0f45-461f-a61f-61bfba24759f HTTP/1.1" status: 200 len: 1020 time: 0.0800829
2026-04-07 01:18:10.622 10 INFO neutron.wsgi [None req-aec6f948-cab0-44eb-9cef-eb27764321a4 e4547a5de869422982c4ef97198d2a5f 1ba61911159646f48fafc251588e6842 - - default default] 10.0.0.132 "DELETE /v2.0/trunks/1ddf4b2c-12eb-4469-9909-b8355b3fd267 HTTP/1.1" status: 204 len: 168 time: 0.0787776
2026-04-07 01:18:10.872 10 INFO neutron.wsgi [None req-37d36a1d-c4a4-486e-8869-d9859cb45a02 e4547a5de869422982c4ef97198d2a5f 1ba61911159646f48fafc251588e6842 - - default default] 10.0.0.132 "DELETE /v2.0/ports/4a071b2f-7e2f-4443-8e69-c50839556d98 HTTP/1.1" status: 204 len: 168 time: 0.2462513 /var/lib/openstack/lib/python3.10/site-packages/pycadf/identifier.py:71: UserWarning: Invalid uuid: neutron. To ensure interoperability, identifiers should be a valid uuid. warnings.warn(('Invalid uuid: %s. To ensure interoperability, '
2026-04-07 01:18:11.186 9 INFO neutron.wsgi [None req-225ddf2c-8c08-4810-8c07-8292e4f45f89 e4547a5de869422982c4ef97198d2a5f 1ba61911159646f48fafc251588e6842 - - default default] 10.0.0.132 "DELETE /v2.0/ports/f0c0b203-d2d1-44c2-8f79-2b7f70931bf9 HTTP/1.1" status: 204 len: 168 time: 0.3088465
2026-04-07 01:18:11.447 9 INFO neutron.notifiers.nova [-] Nova event matching ['req-313df2b3-d9f7-43a4-a273-092607f1bb2f'] response: {'server_uuid': '957650a0-6a4d-454b-b9cc-020181c45085', 'name': 'network-vif-plugged', 'status': 'completed', 'tag': 'be238810-0720-495b-9bea-d18bfd945d9d', 'code': 200}
2026-04-07 01:18:11.447 9 INFO neutron.notifiers.nova [-] Nova event matching ['req-313df2b3-d9f7-43a4-a273-092607f1bb2f'] response: {'server_uuid': '957650a0-6a4d-454b-b9cc-020181c45085', 'name': 'network-vif-plugged', 'status': 'completed', 'tag': 'be238810-0720-495b-9bea-d18bfd945d9d', 'code': 200}
2026-04-07 01:18:11.541 9 INFO neutron.wsgi [None req-9bfd614c-deef-4645-a076-cf97a6363487 e4547a5de869422982c4ef97198d2a5f 1ba61911159646f48fafc251588e6842 - - default default] 10.0.0.132 "DELETE /v2.0/ports/d1aa1330-5774-4d62-9bca-8c9224eb372f HTTP/1.1" status: 204 len: 168 time: 0.3503869
2026-04-07 01:18:11.863 9 INFO neutron.wsgi [None req-edff0781-0d5b-4202-935e-1496ab3c1d8e e4547a5de869422982c4ef97198d2a5f 1ba61911159646f48fafc251588e6842 - - default default] 10.0.0.132 "DELETE /v2.0/ports/ae1d9a26-b7a7-44f2-81dd-a3e5759e1767 HTTP/1.1" status: 204 len: 168 time: 0.3153071
2026-04-07 01:18:12.199 9 INFO neutron.wsgi [None req-1ac8b6f3-9f71-465e-8e84-dd0f5f99680d e4547a5de869422982c4ef97198d2a5f 1ba61911159646f48fafc251588e6842 - - default default] 10.0.0.132 "DELETE /v2.0/ports/f0a99650-0f45-461f-a61f-61bfba24759f HTTP/1.1" status: 204 len: 168 time: 0.3302355
2026-04-07 01:18:12.590 10 INFO neutron.services.segments.plugin [-] Segment 01304c31-d8f5-4771-9e0a-4c1f5cef4f0a resource provider aggregate not found
2026-04-07 01:18:12.594 10 INFO neutron.services.segments.plugin [-] Segment 01304c31-d8f5-4771-9e0a-4c1f5cef4f0a resource provider aggregate not found
2026-04-07 01:18:12.610 10 INFO neutron.services.segments.plugin [-] Segment 01304c31-d8f5-4771-9e0a-4c1f5cef4f0a resource provider not found; error: Placement Client Error (4xx): {"errors": [{"status": 404, "title": "Not Found", "detail": "The resource could not be found.\n\n No resource provider with uuid 01304c31-d8f5-4771-9e0a-4c1f5cef4f0a found for delete ", "request_id": "req-0bc3d4c2-31b6-42d9-b3b5-1acde19b97bc"}]}
2026-04-07 01:18:12.613 10 INFO neutron.services.segments.plugin [-] Segment 01304c31-d8f5-4771-9e0a-4c1f5cef4f0a resource provider not found; error: Placement Client Error (4xx): {"errors": [{"status": 404, "title": "Not Found", "detail": "The resource could not be found.\n\n No resource provider with uuid 01304c31-d8f5-4771-9e0a-4c1f5cef4f0a found for delete ", "request_id": "req-a832a383-08b8-4424-8f70-e5cbdcac3c98"}]}
2026-04-07 01:18:12.645 10 INFO neutron.wsgi [None req-96fdc5ea-99c5-4ece-8acf-fb3b2d637f05 e4547a5de869422982c4ef97198d2a5f 1ba61911159646f48fafc251588e6842 - - default default] 10.0.0.132 "DELETE /v2.0/networks/4b6cc12c-9a8b-4db1-86f5-4dcb713ba396 HTTP/1.1" status: 204 len: 168 time: 0.4397709
2026-04-07 01:18:12.858 10 INFO neutron.wsgi [req-f7841d86-1047-4789-89a9-967cf0b96881 req-0323ac56-520e-483a-9d63-5e630f72dd20 3c33899970d241c6a7a3e65063d0e430 861374040eab458bb37e4cf587b1cb6c - - default default] 10.0.0.32 "GET /v2.0/ports?device_id=957650a0-6a4d-454b-b9cc-020181c45085 HTTP/1.1" status: 200 len: 1413 time: 0.0378518
2026-04-07 01:18:12.861 9 INFO neutron.wsgi [None req-c6b1369a-a852-45ce-b61d-c033297f9da0 64c7d3422dbc43e5b8958ec49b5d7270 8fd70c3b5e19495aa5e65a158b1fffa9 - - default default] 10.0.0.132 "POST /v2.0/qos/policies HTTP/1.1" status: 201 len: 558 time: 0.2621546
2026-04-07 01:18:12.913 10 INFO neutron.wsgi [None req-c198eb77-397f-4b68-a372-a7d25751cada 64c7d3422dbc43e5b8958ec49b5d7270 8fd70c3b5e19495aa5e65a158b1fffa9 - - default default] 10.0.0.132 "PUT /v2.0/policies/9e246f6f-9077-4f83-b4ec-255f29600173/tags HTTP/1.1" status: 200 len: 218 time: 0.0460932
2026-04-07 01:18:12.926 10 INFO neutron.wsgi [req-f7841d86-1047-4789-89a9-967cf0b96881 req-fce3e7a8-3098-4fc9-b5c1-da591db2f43b 3c33899970d241c6a7a3e65063d0e430 861374040eab458bb37e4cf587b1cb6c - - default default] 10.0.0.32 "GET /v2.0/security-groups?id=cdd4fc96-e08a-4828-b7ad-657c1c3c4f2d&fields=id&fields=name HTTP/1.1" status: 200 len: 294 time: 0.0590889
2026-04-07 01:18:12.934 10 INFO neutron.wsgi [None req-0349fd68-08bc-40b9-968a-c6592da5ae88 64c7d3422dbc43e5b8958ec49b5d7270 8fd70c3b5e19495aa5e65a158b1fffa9 - - default default] 10.0.0.132 "GET /v2.0/policies/9e246f6f-9077-4f83-b4ec-255f29600173/tags HTTP/1.1" status: 200 len: 218 time: 0.0160031
2026-04-07 01:18:12.966 10 INFO neutron.wsgi [None req-8f26c97b-65ee-41b4-8af6-dbe171513a70 64c7d3422dbc43e5b8958ec49b5d7270 8fd70c3b5e19495aa5e65a158b1fffa9 - - default default] 10.0.0.132 "PUT /v2.0/policies/9e246f6f-9077-4f83-b4ec-255f29600173/tags/green HTTP/1.1" status: 201 len: 201 time: 0.0271525
2026-04-07 01:18:12.990 10 INFO neutron.wsgi [None req-76bf419d-a242-4d1e-92c2-815ea10fe800 64c7d3422dbc43e5b8958ec49b5d7270 8fd70c3b5e19495aa5e65a158b1fffa9 - - default default] 10.0.0.132 "GET /v2.0/policies/9e246f6f-9077-4f83-b4ec-255f29600173/tags HTTP/1.1" status: 200 len: 227 time: 0.0189149
2026-04-07 01:18:13.022 10 INFO neutron.wsgi [None req-35185f29-bc5d-4cf4-a761-2178315b56d6 64c7d3422dbc43e5b8958ec49b5d7270 8fd70c3b5e19495aa5e65a158b1fffa9 - - default default] 10.0.0.132 "PUT /v2.0/policies/9e246f6f-9077-4f83-b4ec-255f29600173/tags/red HTTP/1.1" status: 201 len: 201 time: 0.0252070
2026-04-07 01:18:13.028 10 INFO neutron.wsgi [req-7acb8c47-3f03-4c70-8c20-897136d3a9ce req-a2f7a841-b528-4b14-850d-cb95a4f051de 3c33899970d241c6a7a3e65063d0e430 861374040eab458bb37e4cf587b1cb6c - - default default] 10.0.0.32 "GET /v2.0/ports?device_id=957650a0-6a4d-454b-b9cc-020181c45085 HTTP/1.1" status: 200 len: 1413 time: 0.0373647
2026-04-07 01:18:13.041 10 INFO neutron.wsgi [None req-2152ab22-8029-4ad4-b190-4f7f9bd75c4f 64c7d3422dbc43e5b8958ec49b5d7270 8fd70c3b5e19495aa5e65a158b1fffa9 - - default default] 10.0.0.132 "GET /v2.0/policies/9e246f6f-9077-4f83-b4ec-255f29600173/tags HTTP/1.1" status: 200 len: 227 time: 0.0124097
2026-04-07 01:18:13.070 10 INFO neutron.wsgi [None req-acca64f0-9ce7-484a-b4e9-99e015b3bda6 64c7d3422dbc43e5b8958ec49b5d7270 8fd70c3b5e19495aa5e65a158b1fffa9 - - default default] 10.0.0.132 "PUT /v2.0/policies/9e246f6f-9077-4f83-b4ec-255f29600173/tags/black.or.white HTTP/1.1" status: 201 len: 201 time: 0.0261002
2026-04-07 01:18:13.100 10 INFO neutron.wsgi [None req-6e99f0bf-e6a7-4eaf-893c-517330a62de7 64c7d3422dbc43e5b8958ec49b5d7270 8fd70c3b5e19495aa5e65a158b1fffa9 - - default default] 10.0.0.132 "GET /v2.0/policies/9e246f6f-9077-4f83-b4ec-255f29600173/tags HTTP/1.1" status: 200 len: 245 time: 0.0249796
2026-04-07 01:18:13.146 10 INFO neutron.wsgi [None req-ae7caa6e-f601-4ada-98f3-a21fb06367b6 64c7d3422dbc43e5b8958ec49b5d7270 8fd70c3b5e19495aa5e65a158b1fffa9 - - default default] 10.0.0.132 "PUT /v2.0/policies/9e246f6f-9077-4f83-b4ec-255f29600173/tags HTTP/1.1" status: 200 len: 230 time: 0.0419621
2026-04-07 01:18:13.167 10 INFO neutron.wsgi [None req-e3c248ca-26b2-4973-b3d9-eff368e63c89 64c7d3422dbc43e5b8958ec49b5d7270 8fd70c3b5e19495aa5e65a158b1fffa9 - - default default] 10.0.0.132 "GET /v2.0/policies/9e246f6f-9077-4f83-b4ec-255f29600173/tags HTTP/1.1" status: 200 len: 230 time: 0.0170231
2026-04-07 01:18:13.188 10 INFO neutron.wsgi [None req-2d348825-e68f-4830-a24d-452fc403d493 64c7d3422dbc43e5b8958ec49b5d7270 8fd70c3b5e19495aa5e65a158b1fffa9 - - default default] 10.0.0.132 "GET /v2.0/policies/9e246f6f-9077-4f83-b4ec-255f29600173/tags/red HTTP/1.1" status: 204 len: 168 time: 0.0173161
2026-04-07 01:18:13.204 10 INFO neutron.api.v2.resource [None req-735e070b-b50a-4733-9004-d9ae58df3440 64c7d3422dbc43e5b8958ec49b5d7270 8fd70c3b5e19495aa5e65a158b1fffa9 - - default default] show failed (client error): The resource could not be found.
2026-04-07 01:18:13.205 10 INFO neutron.wsgi [None req-735e070b-b50a-4733-9004-d9ae58df3440 64c7d3422dbc43e5b8958ec49b5d7270 8fd70c3b5e19495aa5e65a158b1fffa9 - - default default] 10.0.0.132 "GET /v2.0/policies/9e246f6f-9077-4f83-b4ec-255f29600173/tags/green HTTP/1.1" status: 404 len: 299 time: 0.0138087
2026-04-07 01:18:13.242 10 INFO neutron.wsgi [None req-6ad5f8a4-d8b0-422b-8ec5-009cdfb39fa1 64c7d3422dbc43e5b8958ec49b5d7270 8fd70c3b5e19495aa5e65a158b1fffa9 - - default default] 10.0.0.132 "DELETE /v2.0/policies/9e246f6f-9077-4f83-b4ec-255f29600173/tags/red HTTP/1.1" status: 204 len: 168 time: 0.0313292
2026-04-07 01:18:13.263 10 INFO neutron.wsgi [None req-c4eca182-0225-4749-8588-5646601ab53b 64c7d3422dbc43e5b8958ec49b5d7270 8fd70c3b5e19495aa5e65a158b1fffa9 - - default default] 10.0.0.132 "GET /v2.0/policies/9e246f6f-9077-4f83-b4ec-255f29600173/tags HTTP/1.1" status: 200 len: 223 time: 0.0159054
2026-04-07 01:18:13.284 10 INFO neutron.api.v2.resource [None req-48f5a266-a944-4cfe-91ad-966698d061fa 64c7d3422dbc43e5b8958ec49b5d7270 8fd70c3b5e19495aa5e65a158b1fffa9 - - default default] delete failed (client error): The resource could not be found.
2026-04-07 01:18:13.285 10 INFO neutron.wsgi [None req-48f5a266-a944-4cfe-91ad-966698d061fa 64c7d3422dbc43e5b8958ec49b5d7270 8fd70c3b5e19495aa5e65a158b1fffa9 - - default default] 10.0.0.132 "DELETE /v2.0/policies/9e246f6f-9077-4f83-b4ec-255f29600173/tags/green HTTP/1.1" status: 404 len: 299 time: 0.0159523
2026-04-07 01:18:13.316 10 INFO neutron.wsgi [None req-6a0061a2-96e3-47d2-93ad-a0408e9c9ce4 64c7d3422dbc43e5b8958ec49b5d7270 8fd70c3b5e19495aa5e65a158b1fffa9 - - default default] 10.0.0.132 "DELETE /v2.0/policies/9e246f6f-9077-4f83-b4ec-255f29600173/tags HTTP/1.1" status: 204 len: 168 time: 0.0269210
2026-04-07 01:18:13.346 9 INFO neutron.wsgi [None req-4fbb762b-f6fa-4c19-97da-cdddd6235494 64c7d3422dbc43e5b8958ec49b5d7270 8fd70c3b5e19495aa5e65a158b1fffa9 - - default default] 10.0.0.132 "GET /v2.0/policies/9e246f6f-9077-4f83-b4ec-255f29600173/tags HTTP/1.1" status: 200 len: 205 time: 0.0244021
2026-04-07 01:18:13.414 9 INFO neutron.services.segments.plugin [-] Segment 4d7f8754-34f9-41d9-ab3d-b0153f2d6469 resource provider aggregate not found
2026-04-07 01:18:13.420 9 INFO neutron.services.segments.plugin [-] Segment 4d7f8754-34f9-41d9-ab3d-b0153f2d6469 resource provider aggregate not found
2026-04-07 01:18:13.434 10 INFO neutron.wsgi [None req-1a2d82dc-e2da-44a5-8572-32eba139e973 64c7d3422dbc43e5b8958ec49b5d7270 8fd70c3b5e19495aa5e65a158b1fffa9 - - default default] 10.0.0.132 "DELETE /v2.0/qos/policies/9e246f6f-9077-4f83-b4ec-255f29600173 HTTP/1.1" status: 204 len: 168 time: 0.0749822
2026-04-07 01:18:13.445 9 INFO neutron.wsgi [None req-c3453076-b30f-41bd-8b9d-5fdcfa6e6446 e4547a5de869422982c4ef97198d2a5f 1ba61911159646f48fafc251588e6842 - - default default] 10.0.0.132 "DELETE /v2.0/networks/f9235652-6b48-4612-b77c-e90da87c40cc HTTP/1.1" status: 204 len: 168 time: 0.7946503
2026-04-07 01:18:13.447 9 INFO neutron.services.segments.plugin [-] Segment 4d7f8754-34f9-41d9-ab3d-b0153f2d6469 resource provider not found; error: Placement Client Error (4xx): {"errors": [{"status": 404, "title": "Not Found", "detail": "The resource could not be found.\n\n No resource provider with uuid 4d7f8754-34f9-41d9-ab3d-b0153f2d6469 found for delete ", "request_id": "req-982dd47f-38ef-49c7-a89f-bdb01882b790"}]}
2026-04-07 01:18:13.448 9 INFO neutron.services.segments.plugin [-] Segment 4d7f8754-34f9-41d9-ab3d-b0153f2d6469 resource provider not found; error: Placement Client Error (4xx): {"errors": [{"status": 404, "title": "Not Found", "detail": "The resource could not be found.\n\n No resource provider with uuid 4d7f8754-34f9-41d9-ab3d-b0153f2d6469 found for delete ", "request_id": "req-4e1eb7f0-3b57-463e-bd44-5eaee94a91c9"}]}
2026-04-07 01:18:13.802 10 INFO neutron.wsgi [None req-23bd7222-fbf6-4cdc-aa50-bb441675736f e4547a5de869422982c4ef97198d2a5f 1ba61911159646f48fafc251588e6842 - - default default] 10.0.0.132 "DELETE /v2.0/networks/33c655eb-565c-4665-91b2-e233662b271b HTTP/1.1" status: 204 len: 168 time: 0.3496356
2026-04-07 01:18:14.186 10 INFO neutron.wsgi [None req-47b5ed0a-623b-453e-9ac3-6828114d69c1 e4547a5de869422982c4ef97198d2a5f 1ba61911159646f48fafc251588e6842 - - default default] 10.0.0.132 "DELETE /v2.0/networks/a1d8daf1-2ab1-480f-b72e-534c2efff8c9 HTTP/1.1" status: 204 len: 168 time: 0.3714962
2026-04-07 01:18:14.382 9 INFO neutron.db.ovn_revision_numbers_db [None req-13581513-a4c8-464a-a1ab-4c7c665349df 3c33899970d241c6a7a3e65063d0e430 861374040eab458bb37e4cf587b1cb6c - - default default] Successfully bumped revision number for resource f16313c5-ca87-41d8-b1d7-67531c9fdddf (type: security_groups) to 1
2026-04-07 01:18:14.401 9 INFO neutron.db.ovn_revision_numbers_db [None req-13581513-a4c8-464a-a1ab-4c7c665349df 3c33899970d241c6a7a3e65063d0e430 861374040eab458bb37e4cf587b1cb6c - - default default] Successfully bumped revision number for resource 6221ea08-3477-481e-9ae4-58ab26cd858f (type: security_group_rules) to 0
2026-04-07 01:18:14.419 9 INFO neutron.db.ovn_revision_numbers_db [None req-13581513-a4c8-464a-a1ab-4c7c665349df 3c33899970d241c6a7a3e65063d0e430 861374040eab458bb37e4cf587b1cb6c - - default default] Successfully bumped revision number for resource 84e2503e-2974-4d9f-8b92-b72642173782 (type: security_group_rules) to 0
2026-04-07 01:18:14.445 9 INFO neutron.db.ovn_revision_numbers_db [None req-13581513-a4c8-464a-a1ab-4c7c665349df 3c33899970d241c6a7a3e65063d0e430 861374040eab458bb37e4cf587b1cb6c - - default default] Successfully bumped revision number for resource d917f3c3-175c-4411-8678-f04af6705962 (type: security_group_rules) to 0
2026-04-07 01:18:14.460 9 INFO neutron.db.ovn_revision_numbers_db [None req-13581513-a4c8-464a-a1ab-4c7c665349df 3c33899970d241c6a7a3e65063d0e430 861374040eab458bb37e4cf587b1cb6c - - default default] Successfully bumped revision number for resource e077925e-c63d-4870-96cf-ecd9e327d925 (type: security_group_rules) to 0
2026-04-07 01:18:14.485 9 INFO neutron.wsgi [None req-13581513-a4c8-464a-a1ab-4c7c665349df 3c33899970d241c6a7a3e65063d0e430 861374040eab458bb37e4cf587b1cb6c - - default default] 10.0.0.132 "GET /v2.0/security-groups?tenant_id=8fd70c3b5e19495aa5e65a158b1fffa9&name=default HTTP/1.1" status: 200 len: 3124 time: 0.4090998
2026-04-07 01:18:14.633 9 INFO neutron.wsgi [None req-f936a64b-d78d-4ebc-98f1-66ed4d592f77 e4547a5de869422982c4ef97198d2a5f 1ba61911159646f48fafc251588e6842 - - default default] 10.0.0.132 "DELETE /v2.0/networks/1595ff0a-f335-41e1-add1-2c19893ad05c HTTP/1.1" status: 204 len: 168 time: 0.4384873
2026-04-07 01:18:14.804 10 INFO neutron.services.segments.plugin [-] Segment 2b1d77e2-ab95-4324-99b7-cfb4a79c6134 resource provider aggregate not found
2026-04-07 01:18:14.823 10 INFO neutron.services.segments.plugin [-] Segment 2b1d77e2-ab95-4324-99b7-cfb4a79c6134 resource provider not found; error: Placement Client Error (4xx): {"errors": [{"status": 404, "title": "Not Found", "detail": "The resource could not be found.\n\n No resource provider with uuid 2b1d77e2-ab95-4324-99b7-cfb4a79c6134 found for delete ", "request_id": "req-4b793297-c9b0-415a-a0fd-e160f279fad6"}]}
2026-04-07 01:18:14.850 10 INFO neutron.services.segments.plugin [-] Segment f31c0644-f178-423f-8714-3c33ba40a0e7 resource provider aggregate not found
2026-04-07 01:18:14.876 10 INFO neutron.services.segments.plugin [-] Segment f31c0644-f178-423f-8714-3c33ba40a0e7 resource provider not found; error: Placement Client Error (4xx): {"errors": [{"status": 404, "title": "Not Found", "detail": "The resource could not be found.\n\n No resource provider with uuid f31c0644-f178-423f-8714-3c33ba40a0e7 found for delete ", "request_id": "req-a232cb3b-6032-4ec2-abb3-2921bc3a57ad"}]}
2026-04-07 01:18:14.892 10 INFO neutron.services.segments.plugin [-] Segment 2b1d77e2-ab95-4324-99b7-cfb4a79c6134 resource provider aggregate not found
2026-04-07 01:18:14.915 10 INFO neutron.services.segments.plugin [-] Segment 2b1d77e2-ab95-4324-99b7-cfb4a79c6134 resource provider not found; error: Placement Client Error (4xx): {"errors": [{"status": 404, "title": "Not Found", "detail": "The resource could not be found.\n\n No resource provider with uuid 2b1d77e2-ab95-4324-99b7-cfb4a79c6134 found for delete ", "request_id": "req-096d1f1d-74c8-43c5-a391-bc5c1b4c48db"}]}
2026-04-07 01:18:14.935 10 INFO neutron.services.segments.plugin [-] Segment f31c0644-f178-423f-8714-3c33ba40a0e7 resource provider aggregate not found
2026-04-07 01:18:14.956 10 INFO neutron.services.segments.plugin [-] Segment f31c0644-f178-423f-8714-3c33ba40a0e7 resource provider not found; error: Placement Client Error (4xx): {"errors": [{"status": 404, "title": "Not Found", "detail": "The resource could not be found.\n\n No resource provider with uuid f31c0644-f178-423f-8714-3c33ba40a0e7 found for delete ", "request_id": "req-00947ba3-1a86-4618-9b8b-4f0a972757ba"}]}
2026-04-07 01:18:15.010 10 INFO neutron.wsgi [None req-03784a78-2ab5-4480-8ac7-903aed447b52 3c33899970d241c6a7a3e65063d0e430 861374040eab458bb37e4cf587b1cb6c - - default default] 10.0.0.132 "DELETE /v2.0/security-groups/f16313c5-ca87-41d8-b1d7-67531c9fdddf HTTP/1.1" status: 204 len: 168 time: 0.5192757
2026-04-07 01:18:15.250 10 INFO neutron.db.ovn_revision_numbers_db [None req-bff3f644-2003-43f1-9f81-f81c10d481b6 3c33899970d241c6a7a3e65063d0e430 861374040eab458bb37e4cf587b1cb6c - - default default] Successfully bumped revision number for resource 96577932-0230-4973-a263-7b415a75812f (type: security_groups) to 1
2026-04-07 01:18:15.266 10 INFO neutron.db.ovn_revision_numbers_db [None req-bff3f644-2003-43f1-9f81-f81c10d481b6 3c33899970d241c6a7a3e65063d0e430 861374040eab458bb37e4cf587b1cb6c - - default default] Successfully bumped revision number for resource 151b3856-3696-438b-aec9-772a50f50cda (type: security_group_rules) to 0
2026-04-07 01:18:15.281 10 INFO neutron.db.ovn_revision_numbers_db [None req-bff3f644-2003-43f1-9f81-f81c10d481b6 3c33899970d241c6a7a3e65063d0e430 861374040eab458bb37e4cf587b1cb6c - - default default] Successfully bumped revision number for resource 3b7db22f-2309-44d1-bd84-f13e535e53e6 (type: security_group_rules) to 0
2026-04-07 01:18:15.295 10 INFO neutron.db.ovn_revision_numbers_db [None req-bff3f644-2003-43f1-9f81-f81c10d481b6 3c33899970d241c6a7a3e65063d0e430 861374040eab458bb37e4cf587b1cb6c - - default default] Successfully bumped revision number for resource 4111e3b1-88cb-4e79-bc60-63073db4e227 (type: security_group_rules) to 0
2026-04-07 01:18:15.310 10 INFO neutron.db.ovn_revision_numbers_db [None req-bff3f644-2003-43f1-9f81-f81c10d481b6 3c33899970d241c6a7a3e65063d0e430 861374040eab458bb37e4cf587b1cb6c - - default default] Successfully bumped revision number for resource b9e01eb4-6368-4e51-aef9-b8b50ccb1f73 (type: security_group_rules) to 0
2026-04-07 01:18:15.334 10 INFO neutron.wsgi [None req-bff3f644-2003-43f1-9f81-f81c10d481b6 3c33899970d241c6a7a3e65063d0e430 861374040eab458bb37e4cf587b1cb6c - - default default] 10.0.0.132 "GET /v2.0/security-groups?tenant_id=c21f63a7ec0b434c9823dcd7951fac44&name=default HTTP/1.1" status: 200 len: 3124 time: 0.2234192
2026-04-07 01:18:15.480 9 INFO neutron.services.segments.plugin [-] Segment 670b51ed-55b4-449f-a73f-0be18b3e6218 resource provider aggregate not found
2026-04-07 01:18:15.484 9 INFO neutron.services.segments.plugin [-] Segment 670b51ed-55b4-449f-a73f-0be18b3e6218 resource provider aggregate not found
2026-04-07 01:18:15.502 9 INFO neutron.services.segments.plugin [-] Segment 670b51ed-55b4-449f-a73f-0be18b3e6218 resource provider not found; error: Placement Client Error (4xx): {"errors": [{"status": 404, "title": "Not Found", "detail": "The resource could not be found.\n\n No resource provider with uuid 670b51ed-55b4-449f-a73f-0be18b3e6218 found for delete ", "request_id": "req-13a664c6-b821-4a18-81c0-acb22a8691a5"}]}
2026-04-07 01:18:15.503 9 INFO neutron.services.segments.plugin [-] Segment 670b51ed-55b4-449f-a73f-0be18b3e6218 resource provider not found; error: Placement Client Error (4xx): {"errors": [{"status": 404, "title": "Not Found", "detail": "The resource could not be found.\n\n No resource provider with uuid 670b51ed-55b4-449f-a73f-0be18b3e6218 found for delete ", "request_id": "req-7b72771c-d208-454d-b08d-6b909b2bcc67"}]}
2026-04-07 01:18:15.590 9 INFO neutron.wsgi [None req-c50c4a17-3103-41f7-89f3-8f05727686c5 3c33899970d241c6a7a3e65063d0e430 861374040eab458bb37e4cf587b1cb6c - - default default] 10.0.0.132 "DELETE /v2.0/security-groups/96577932-0230-4973-a263-7b415a75812f HTTP/1.1" status: 204 len: 168 time: 0.2480066
2026-04-07 01:18:15.753 10 INFO neutron.db.ovn_revision_numbers_db [None req-e496d946-295b-4d51-9780-f1a10c6aaf6e 3c33899970d241c6a7a3e65063d0e430 861374040eab458bb37e4cf587b1cb6c - - default default] Successfully bumped revision number for resource db957e1b-2b67-449a-b756-43c74856e89c (type: security_groups) to 1
2026-04-07 01:18:15.768 10 INFO neutron.db.ovn_revision_numbers_db [None req-e496d946-295b-4d51-9780-f1a10c6aaf6e 3c33899970d241c6a7a3e65063d0e430 861374040eab458bb37e4cf587b1cb6c - - default default] Successfully bumped revision number for resource 120f3bcf-0ab8-459a-a352-f90c76a9fcc7 (type: security_group_rules) to 0
2026-04-07 01:18:15.788 10 INFO neutron.db.ovn_revision_numbers_db [None req-e496d946-295b-4d51-9780-f1a10c6aaf6e 3c33899970d241c6a7a3e65063d0e430 861374040eab458bb37e4cf587b1cb6c - - default default] Successfully bumped revision number for resource 1690d903-6289-420b-8927-142d4d8afe55 (type: security_group_rules) to 0
2026-04-07 01:18:15.803 10 INFO neutron.db.ovn_revision_numbers_db [None req-e496d946-295b-4d51-9780-f1a10c6aaf6e 3c33899970d241c6a7a3e65063d0e430 861374040eab458bb37e4cf587b1cb6c - - default default] Successfully bumped revision number for resource 20858278-b625-4f70-8087-5791dd8503ba (type: security_group_rules) to 0
2026-04-07 01:18:15.818 10 INFO neutron.db.ovn_revision_numbers_db [None req-e496d946-295b-4d51-9780-f1a10c6aaf6e 3c33899970d241c6a7a3e65063d0e430 861374040eab458bb37e4cf587b1cb6c - - default default] Successfully bumped revision number for resource 9d78c29c-47a1-4374-8baa-5e4c8bc13373 (type: security_group_rules) to 0
2026-04-07 01:18:15.840 10 INFO neutron.wsgi [None req-e496d946-295b-4d51-9780-f1a10c6aaf6e 3c33899970d241c6a7a3e65063d0e430 861374040eab458bb37e4cf587b1cb6c - - default default] 10.0.0.132 "GET /v2.0/security-groups?tenant_id=33de6b73923f4c628acab71a5ce638f0&name=default HTTP/1.1" status: 200 len: 3124 time: 0.3854649
2026-04-07 01:18:16.085 9 INFO neutron.wsgi [None req-d9c8237e-ace8-4534-ad93-c7d702c5a964 3c33899970d241c6a7a3e65063d0e430 861374040eab458bb37e4cf587b1cb6c - - default default] 10.0.0.132 "DELETE /v2.0/security-groups/db957e1b-2b67-449a-b756-43c74856e89c HTTP/1.1" status: 204 len: 168 time: 0.2376034
2026-04-07 01:18:16.389 10 INFO neutron.wsgi [None req-68ebf469-88df-4a76-87a2-8bc771f0fec6 3c33899970d241c6a7a3e65063d0e430 861374040eab458bb37e4cf587b1cb6c - - default default] 10.0.0.132 "GET /v2.0/security-groups?tenant_id=1ba61911159646f48fafc251588e6842&name=default HTTP/1.1" status: 200 len: 3124 time: 0.0646629
2026-04-07 01:18:16.604 9 INFO neutron.wsgi [None req-34aff3e1-7dba-4256-97f9-b71c6650dd16 3c33899970d241c6a7a3e65063d0e430 861374040eab458bb37e4cf587b1cb6c - - default default] 10.0.0.132 "DELETE /v2.0/security-groups/64d6789b-c64c-42ca-9481-3a1cd6edc345 HTTP/1.1" status: 204 len: 168 time: 0.2094100
2026-04-07 01:18:16.913 9 INFO neutron.db.ovn_revision_numbers_db [None req-fdd6e6c8-4c8f-4e66-b5dd-c6f35867b871 3c33899970d241c6a7a3e65063d0e430 861374040eab458bb37e4cf587b1cb6c - - default default] Successfully bumped revision number for resource 19c154be-13b2-4dff-b7e2-778ffac48d5e (type: security_groups) to 1
2026-04-07 01:18:16.929 9 INFO neutron.db.ovn_revision_numbers_db [None req-fdd6e6c8-4c8f-4e66-b5dd-c6f35867b871 3c33899970d241c6a7a3e65063d0e430 861374040eab458bb37e4cf587b1cb6c - - default default] Successfully bumped revision number for resource 396726c0-7e1d-4026-be06-d6c3ca0f3163 (type: security_group_rules) to 0
2026-04-07 01:18:16.943 9 INFO neutron.db.ovn_revision_numbers_db [None req-fdd6e6c8-4c8f-4e66-b5dd-c6f35867b871 3c33899970d241c6a7a3e65063d0e430 861374040eab458bb37e4cf587b1cb6c - - default default] Successfully bumped revision number for resource 66026ec3-bf90-4fa2-acd3-7d9655108342 (type: security_group_rules) to 0
2026-04-07 01:18:16.957 9 INFO neutron.db.ovn_revision_numbers_db [None req-fdd6e6c8-4c8f-4e66-b5dd-c6f35867b871 3c33899970d241c6a7a3e65063d0e430 861374040eab458bb37e4cf587b1cb6c - - default default] Successfully bumped revision number for resource d16db3e2-c2e4-42b4-b697-5e5296515bc8 (type: security_group_rules) to 0
2026-04-07 01:18:16.971 9 INFO neutron.db.ovn_revision_numbers_db [None req-fdd6e6c8-4c8f-4e66-b5dd-c6f35867b871 3c33899970d241c6a7a3e65063d0e430 861374040eab458bb37e4cf587b1cb6c - - default default] Successfully bumped revision number for resource e742cbd5-4b81-4a63-b3cc-606964f1a990 (type: security_group_rules) to 0
2026-04-07 01:18:17.003 9 INFO neutron.wsgi [None req-fdd6e6c8-4c8f-4e66-b5dd-c6f35867b871 3c33899970d241c6a7a3e65063d0e430 861374040eab458bb37e4cf587b1cb6c - - default default] 10.0.0.132 "GET /v2.0/security-groups?tenant_id=536f64c7ef384e5a8188b0e4356723ad&name=default HTTP/1.1" status: 200 len: 3124 time: 0.2411654
2026-04-07 01:18:17.268 9 INFO neutron.wsgi [None req-b617b062-f3ae-4458-a86d-a7ad80a0e8e2 3c33899970d241c6a7a3e65063d0e430 861374040eab458bb37e4cf587b1cb6c - - default default] 10.0.0.132 "DELETE /v2.0/security-groups/19c154be-13b2-4dff-b7e2-778ffac48d5e HTTP/1.1" status: 204 len: 168 time: 0.2592154
2026-04-07 01:18:19.223 9 INFO neutron.wsgi [-] 10.0.0.218 "GET / HTTP/1.1" status: 200 len: 247 time: 0.0029204
2026-04-07 01:18:19.224 10 INFO neutron.wsgi [-] 10.0.0.218 "GET / HTTP/1.1" status: 200 len: 247 time: 0.0038414
2026-04-07 01:18:20.670 9 WARNING neutron_lib.context [None req-4ba9fab3-0f59-4d3f-82ce-91c615e09fa7 f9ac5d4c9a1b49a894eb51c225ff8652 53fee7c449c2483f8e73ccbc6f289092 - - default default] Method 'is_advsvc' is deprecated since 2023.2 release (neutron-lib 3.8.0) and will be removed once support for the old RBAC API policies will be removed from Neutron. Please use method 'is_service_role' instead.
2026-04-07 01:18:20.821 9 INFO neutron.db.ovn_revision_numbers_db [None req-4ba9fab3-0f59-4d3f-82ce-91c615e09fa7 f9ac5d4c9a1b49a894eb51c225ff8652 53fee7c449c2483f8e73ccbc6f289092 - - default default] Successfully bumped revision number for resource 14d8be9e-a800-4759-ac0e-e1af006059bb (type: security_groups) to 1
2026-04-07 01:18:20.834 9 INFO neutron.db.ovn_revision_numbers_db [None req-4ba9fab3-0f59-4d3f-82ce-91c615e09fa7 f9ac5d4c9a1b49a894eb51c225ff8652 53fee7c449c2483f8e73ccbc6f289092 - - default default] Successfully bumped revision number for resource 9b8b50cd-746c-4b43-853f-9d311b0019e6 (type: security_group_rules) to 0
2026-04-07 01:18:20.850 9 INFO neutron.db.ovn_revision_numbers_db [None req-4ba9fab3-0f59-4d3f-82ce-91c615e09fa7 f9ac5d4c9a1b49a894eb51c225ff8652 53fee7c449c2483f8e73ccbc6f289092 - - default default] Successfully bumped revision number for resource a49aa01a-4770-4723-b602-9a49130e65f7 (type: security_group_rules) to 0
2026-04-07 01:18:20.863 9 INFO neutron.db.ovn_revision_numbers_db [None req-4ba9fab3-0f59-4d3f-82ce-91c615e09fa7 f9ac5d4c9a1b49a894eb51c225ff8652 53fee7c449c2483f8e73ccbc6f289092 - - default default] Successfully bumped revision number for resource bf5494b4-1542-4edd-9250-38112b2e64df (type: security_group_rules) to 0
2026-04-07 01:18:20.878 9 INFO neutron.db.ovn_revision_numbers_db [None req-4ba9fab3-0f59-4d3f-82ce-91c615e09fa7 f9ac5d4c9a1b49a894eb51c225ff8652 53fee7c449c2483f8e73ccbc6f289092 - - default default] Successfully bumped revision number for resource ca005b17-8826-4b14-ba6e-76d36c9111f1 (type: security_group_rules) to 0
2026-04-07 01:18:20.936 9 INFO neutron.db.segments_db [None req-4ba9fab3-0f59-4d3f-82ce-91c615e09fa7 f9ac5d4c9a1b49a894eb51c225ff8652 53fee7c449c2483f8e73ccbc6f289092 - - default default] Added segment c4c39bad-01d7-4db1-9210-3f1ba4e2cf68 of type geneve for network a38d0dfa-b9f3-4467-85fc-b1c4ccd7364c
2026-04-07 01:18:21.089 9 INFO neutron.db.ovn_revision_numbers_db [None req-4ba9fab3-0f59-4d3f-82ce-91c615e09fa7 f9ac5d4c9a1b49a894eb51c225ff8652 53fee7c449c2483f8e73ccbc6f289092 - - default default] Successfully bumped revision number for resource a38d0dfa-b9f3-4467-85fc-b1c4ccd7364c (type: networks) to 1
2026-04-07 01:18:21.250 9 WARNING neutron.scheduler.dhcp_agent_scheduler [None req-4ba9fab3-0f59-4d3f-82ce-91c615e09fa7 f9ac5d4c9a1b49a894eb51c225ff8652 53fee7c449c2483f8e73ccbc6f289092 - - default default] No more DHCP agents
2026-04-07 01:18:21.251 9 WARNING neutron.api.rpc.agentnotifiers.dhcp_rpc_agent_api [None req-4ba9fab3-0f59-4d3f-82ce-91c615e09fa7 f9ac5d4c9a1b49a894eb51c225ff8652 53fee7c449c2483f8e73ccbc6f289092 - - default default] Unable to schedule network a38d0dfa-b9f3-4467-85fc-b1c4ccd7364c: no agents available; will retry on subsequent port and subnet creation events.
2026-04-07 01:18:21.347 9 INFO neutron.db.ovn_revision_numbers_db [None req-4ba9fab3-0f59-4d3f-82ce-91c615e09fa7 f9ac5d4c9a1b49a894eb51c225ff8652 53fee7c449c2483f8e73ccbc6f289092 - - default default] Successfully bumped revision number for resource 5a2a4b37-a67d-442c-b158-93bfc0e2ad94 (type: ports) to 1
