2026-04-07 01:17:33.781 10 INFO neutron.wsgi [None req-cafdbfe2-6354-40a9-8bb4-e53d722c0e8a 3c33899970d241c6a7a3e65063d0e430 861374040eab458bb37e4cf587b1cb6c - - default default] 10.0.0.132 "GET /v2.0/security-groups?tenant_id=5c7f3eb371d348feb97177fdd3a2e010&name=default HTTP/1.1" status: 200 len: 3120 time: 0.1666920
2026-04-07 01:17:33.814 9 INFO neutron.services.segments.plugin [-] Segment 32394520-20ce-42a0-91e2-010b11b4fc04 resource provider aggregate not found
2026-04-07 01:17:33.818 9 INFO neutron.services.segments.plugin [-] Segment 32394520-20ce-42a0-91e2-010b11b4fc04 resource provider aggregate not found
2026-04-07 01:17:33.828 9 INFO neutron.services.segments.plugin [-] Segment 32394520-20ce-42a0-91e2-010b11b4fc04 resource provider not found; error: Placement Client Error (4xx): {"errors": [{"status": 404, "title": "Not Found", "detail": "The resource could not be found.\n\n No resource provider with uuid 32394520-20ce-42a0-91e2-010b11b4fc04 found for delete ", "request_id": "req-132fb89f-7859-4095-ae6a-a07af46da7a4"}]}
2026-04-07 01:17:33.829 9 INFO neutron.services.segments.plugin [-] Segment 32394520-20ce-42a0-91e2-010b11b4fc04 resource provider not found; error: Placement Client Error (4xx): {"errors": [{"status": 404, "title": "Not Found", "detail": "The resource could not be found.\n\n No resource provider with uuid 32394520-20ce-42a0-91e2-010b11b4fc04 found for delete ", "request_id": "req-9634237a-2f27-44fa-9c36-246d959abec9"}]}
2026-04-07 01:17:33.835 9 INFO neutron.wsgi [None req-c0a9abd4-a18d-4ab2-8b05-aabe0b759e54 ca5f373297354c03b4f0666cf44f605d d9cb580fe34d4f27978973df9507f54c - - default default] 10.0.0.132 "DELETE /v2.0/networks/b2230fc2-e9e1-4c31-99d4-d1624ffcce85 HTTP/1.1" status: 204 len: 168 time: 0.3332586
2026-04-07 01:17:33.851 10 INFO neutron.plugins.ml2.drivers.ovn.mech_driver.ovsdb.commands [None req-0a36d880-7912-4988-bdb6-a482c83bd3d5 - - - - - -] Schedule LRP lrp-0a888fac-446e-43a2-81b6-6d52e32d65f2 on gateway 11e93b16-de78-4d73-83eb-73da190601c9 with priority 1
2026-04-07 01:17:33.870 9 INFO neutron.plugins.ml2.drivers.ovn.mech_driver.mech_driver [None req-5b9af7c6-20dd-4098-87d7-79e5eb144456 - - - - - -] OVN reports status up for port: 0a888fac-446e-43a2-81b6-6d52e32d65f2
2026-04-07 01:17:33.880 9 INFO neutron.plugins.ml2.plugin [None req-5b9af7c6-20dd-4098-87d7-79e5eb144456 - - - - - -] Attempt 1 to provision port 0a888fac-446e-43a2-81b6-6d52e32d65f2
2026-04-07 01:17:33.899 10 INFO neutron.db.ovn_revision_numbers_db [None req-76c0b43a-65dc-48f6-a4ba-8862c5386d81 14ad9df9b02640b290856de26f95ba69 bc5f693692674c41a70717d6683b18b2 - - default default] Successfully bumped revision number for resource 0a888fac-446e-43a2-81b6-6d52e32d65f2 (type: router_ports) to 1
2026-04-07 01:17:33.980 10 INFO neutron.db.ovn_revision_numbers_db [None req-76c0b43a-65dc-48f6-a4ba-8862c5386d81 14ad9df9b02640b290856de26f95ba69 bc5f693692674c41a70717d6683b18b2 - - default default] Successfully bumped revision number for resource ff211626-dfa6-488c-b2b8-105fd2fab122 (type: routers) to 2
2026-04-07 01:17:34.002 10 INFO neutron.wsgi [None req-76c0b43a-65dc-48f6-a4ba-8862c5386d81 14ad9df9b02640b290856de26f95ba69 bc5f693692674c41a70717d6683b18b2 - - default default] 10.0.0.132 "POST /v2.0/routers HTTP/1.1" status: 201 len: 1146 time: 1.7640626
2026-04-07 01:17:34.081 10 INFO neutron.wsgi [None req-674db560-4ea0-4994-a4d1-9381f346e0a1 3c33899970d241c6a7a3e65063d0e430 861374040eab458bb37e4cf587b1cb6c - - default default] 10.0.0.132 "DELETE /v2.0/security-groups/049e4b5e-469c-4921-9026-c456c3ebbc97 HTTP/1.1" status: 204 len: 168 time: 0.2935054
2026-04-07 01:17:34.087 10 INFO neutron.wsgi [None req-f1759216-a7a9-4c77-9e54-8169d9180960 14ad9df9b02640b290856de26f95ba69 bc5f693692674c41a70717d6683b18b2 - - default default] 10.0.0.132 "GET /v2.0/routers/ff211626-dfa6-488c-b2b8-105fd2fab122 HTTP/1.1" status: 200 len: 1147 time: 0.0781224
2026-04-07 01:17:34.222 10 INFO neutron.wsgi [-] 10.0.0.218 "GET / HTTP/1.1" status: 200 len: 247 time: 0.0019679
2026-04-07 01:17:34.227 10 INFO neutron.wsgi [-] 10.0.0.218 "GET / HTTP/1.1" status: 200 len: 247 time: 0.0043113
2026-04-07 01:17:34.244 10 INFO neutron.wsgi [None req-8928cee0-1355-4c4f-a490-7ad29c47d6ac 14ad9df9b02640b290856de26f95ba69 bc5f693692674c41a70717d6683b18b2 - - default default] 10.0.0.132 "GET /v2.0/routers HTTP/1.1" status: 200 len: 1150 time: 0.1529694
2026-04-07 01:17:34.298 9 INFO neutron.wsgi [None req-7af37ce0-cced-4f65-9ef0-b5334e3cc114 ca5f373297354c03b4f0666cf44f605d d9cb580fe34d4f27978973df9507f54c - - default default] 10.0.0.132 "DELETE /v2.0/networks/1503904e-4419-4dda-8c34-33fd5e201df0 HTTP/1.1" status: 204 len: 168 time: 0.4573171
2026-04-07 01:17:34.370 9 INFO neutron.db.ovn_revision_numbers_db [None req-9a7bb115-4daa-4984-966f-5a05fdf4542c 3c33899970d241c6a7a3e65063d0e430 861374040eab458bb37e4cf587b1cb6c - - default default] Successfully bumped revision number for resource bd292c5f-b7d0-4ffd-82ea-656bcc0f5d48 (type: security_groups) to 1
2026-04-07 01:17:34.407 9 INFO neutron.db.ovn_revision_numbers_db [None req-9a7bb115-4daa-4984-966f-5a05fdf4542c 3c33899970d241c6a7a3e65063d0e430 861374040eab458bb37e4cf587b1cb6c - - default default] Successfully bumped revision number for resource 41d086f1-b9ba-47fa-8c01-b3a4657868ec (type: security_group_rules) to 0
2026-04-07 01:17:34.421 9 INFO neutron.db.ovn_revision_numbers_db [None req-9a7bb115-4daa-4984-966f-5a05fdf4542c 3c33899970d241c6a7a3e65063d0e430 861374040eab458bb37e4cf587b1cb6c - - default default] Successfully bumped revision number for resource 66f46570-0597-41f7-9ca0-ec3c549c0c58 (type: security_group_rules) to 0
2026-04-07 01:17:34.435 9 INFO neutron.db.ovn_revision_numbers_db [None req-9a7bb115-4daa-4984-966f-5a05fdf4542c 3c33899970d241c6a7a3e65063d0e430 861374040eab458bb37e4cf587b1cb6c - - default default] Successfully bumped revision number for resource b75eedcd-4729-4c34-89ed-e157cf7c6a3d (type: security_group_rules) to 0
2026-04-07 01:17:34.449 9 INFO neutron.db.ovn_revision_numbers_db [None req-9a7bb115-4daa-4984-966f-5a05fdf4542c 3c33899970d241c6a7a3e65063d0e430 861374040eab458bb37e4cf587b1cb6c - - default default] Successfully bumped revision number for resource bbd96ee6-d528-48e3-b2e1-cdcf3415f957 (type: security_group_rules) to 0
2026-04-07 01:17:34.467 9 INFO neutron.wsgi [None req-9a7bb115-4daa-4984-966f-5a05fdf4542c 3c33899970d241c6a7a3e65063d0e430 861374040eab458bb37e4cf587b1cb6c - - default default] 10.0.0.132 "GET /v2.0/security-groups?tenant_id=219ce7b0779b4be59c0e032ac6f092e8&name=default HTTP/1.1" status: 200 len: 3120 time: 0.2731202
2026-04-07 01:17:34.717 9 INFO neutron.wsgi [None req-d0773c2f-031f-42d4-835b-ddc14d718872 3c33899970d241c6a7a3e65063d0e430 861374040eab458bb37e4cf587b1cb6c - - default default] 10.0.0.132 "DELETE /v2.0/security-groups/bd292c5f-b7d0-4ffd-82ea-656bcc0f5d48 HTTP/1.1" status: 204 len: 168 time: 0.2433345
2026-04-07 01:17:35.263 10 INFO neutron.db.ovn_revision_numbers_db [None req-892be253-fe6a-4f90-84dd-2bc29b2c4d98 14ad9df9b02640b290856de26f95ba69 bc5f693692674c41a70717d6683b18b2 - - default default] Successfully bumped revision number for resource ff211626-dfa6-488c-b2b8-105fd2fab122 (type: routers) to 3
2026-04-07 01:17:35.270 10 INFO neutron.wsgi [None req-892be253-fe6a-4f90-84dd-2bc29b2c4d98 14ad9df9b02640b290856de26f95ba69 bc5f693692674c41a70717d6683b18b2 - - default default] 10.0.0.132 "PUT /v2.0/routers/ff211626-dfa6-488c-b2b8-105fd2fab122 HTTP/1.1" status: 200 len: 1154 time: 1.0202739
2026-04-07 01:17:35.281 10 INFO neutron.services.segments.plugin [-] Segment 3a727284-b163-4735-9ee1-7e2cfc945a5a resource provider aggregate not found
2026-04-07 01:17:35.285 10 INFO neutron.services.segments.plugin [-] Segment 3a727284-b163-4735-9ee1-7e2cfc945a5a resource provider aggregate not found
2026-04-07 01:17:35.301 10 INFO neutron.services.segments.plugin [-] Segment 3a727284-b163-4735-9ee1-7e2cfc945a5a resource provider not found; error: Placement Client Error (4xx): {"errors": [{"status": 404, "title": "Not Found", "detail": "The resource could not be found.\n\n No resource provider with uuid 3a727284-b163-4735-9ee1-7e2cfc945a5a found for delete ", "request_id": "req-2599e25b-90ce-4d68-94d8-8958ce6e117d"}]}
2026-04-07 01:17:35.303 10 INFO neutron.services.segments.plugin [-] Segment 3a727284-b163-4735-9ee1-7e2cfc945a5a resource provider not found; error: Placement Client Error (4xx): {"errors": [{"status": 404, "title": "Not Found", "detail": "The resource could not be found.\n\n No resource provider with uuid 3a727284-b163-4735-9ee1-7e2cfc945a5a found for delete ", "request_id": "req-ae1c666c-0d14-4c3a-98ae-b559face93e8"}]}
2026-04-07 01:17:35.344 10 INFO neutron.wsgi [None req-ad384e44-aabc-4864-a050-4d3160d1d833 ca5f373297354c03b4f0666cf44f605d d9cb580fe34d4f27978973df9507f54c - - default default] 10.0.0.132 "DELETE /v2.0/networks/042d95e7-9045-4dbb-a9ef-fabed603c081 HTTP/1.1" status: 204 len: 168 time: 1.0397379
2026-04-07 01:17:35.396 9 INFO neutron.wsgi [None req-bc1b453c-a541-4875-9d07-537ff6d19ce7 14ad9df9b02640b290856de26f95ba69 bc5f693692674c41a70717d6683b18b2 - - default default] 10.0.0.132 "GET /v2.0/routers/ff211626-dfa6-488c-b2b8-105fd2fab122 HTTP/1.1" status: 200 len: 1154 time: 0.1091068
2026-04-07 01:17:35.425 9 INFO neutron.wsgi [None req-972bc153-226e-4eb3-96fd-b4280b2af73d 14ad9df9b02640b290856de26f95ba69 bc5f693692674c41a70717d6683b18b2 - - default default] 10.0.0.132 "GET /v2.0/ports?device_id=ff211626-dfa6-488c-b2b8-105fd2fab122 HTTP/1.1" status: 200 len: 205 time: 0.0204313
2026-04-07 01:17:35.848 9 INFO neutron.services.segments.plugin [-] Segment 2b044c30-338e-4d7e-aeab-30f073450899 resource provider aggregate not found
2026-04-07 01:17:35.852 9 INFO neutron.services.segments.plugin [-] Segment 2b044c30-338e-4d7e-aeab-30f073450899 resource provider aggregate not found
2026-04-07 01:17:35.861 10 WARNING neutron.plugins.ml2.drivers.ovn.mech_driver.ovsdb.ovn_client [None req-04cb8f12-12e9-471a-a750-65592ed9193b - - - - - -] No port found with ID 3e49f4c3-40bf-47b1-b750-59d5b82c8702: RuntimeError: No port found with ID 3e49f4c3-40bf-47b1-b750-59d5b82c8702
2026-04-07 01:17:35.864 10 INFO neutron.plugins.ml2.drivers.ovn.mech_driver.mech_driver [None req-04cb8f12-12e9-471a-a750-65592ed9193b - - - - - -] OVN reports status up for port: 5a15fe02-04e0-48cb-966a-4700a338f5b7
2026-04-07 01:17:35.868 9 INFO neutron.services.segments.plugin [-] Segment 2b044c30-338e-4d7e-aeab-30f073450899 resource provider not found; error: Placement Client Error (4xx): {"errors": [{"status": 404, "title": "Not Found", "detail": "The resource could not be found.\n\n No resource provider with uuid 2b044c30-338e-4d7e-aeab-30f073450899 found for delete ", "request_id": "req-22d488c4-e133-4ef5-a513-95fb88cb69e1"}]}
2026-04-07 01:17:35.875 9 INFO neutron.services.segments.plugin [-] Segment 2b044c30-338e-4d7e-aeab-30f073450899 resource provider not found; error: Placement Client Error (4xx): {"errors": [{"status": 404, "title": "Not Found", "detail": "The resource could not be found.\n\n No resource provider with uuid 2b044c30-338e-4d7e-aeab-30f073450899 found for delete ", "request_id": "req-20b72df5-f0bd-42c9-a6a9-04eda5d84e66"}]}
2026-04-07 01:17:35.887 10 INFO neutron.wsgi [None req-a12cce81-cfa3-4f46-8ac2-10fa214aa4f5 ca5f373297354c03b4f0666cf44f605d d9cb580fe34d4f27978973df9507f54c - - default default] 10.0.0.132 "DELETE /v2.0/networks/d29a9d91-90d2-4208-96f9-0af335b19e0d HTTP/1.1" status: 204 len: 168 time: 0.5352831
2026-04-07 01:17:35.898 10 INFO neutron.plugins.ml2.plugin [None req-04cb8f12-12e9-471a-a750-65592ed9193b - - - - - -] Attempt 1 to provision port 5a15fe02-04e0-48cb-966a-4700a338f5b7
2026-04-07 01:17:36.075 10 INFO neutron.notifiers.nova [-] Nova event matching ['req-81272731-fb7d-4322-8b32-90923dc9e9a6'] response: {'server_uuid': 'ca19742b-7998-48e1-acd9-b43ac12660fe', 'name': 'network-vif-plugged', 'status': 'completed', 'tag': '5a15fe02-04e0-48cb-966a-4700a338f5b7', 'code': 200}
2026-04-07 01:17:36.286 10 INFO neutron.db.ovn_revision_numbers_db [None req-04cb8f12-12e9-471a-a750-65592ed9193b - - - - - -] Successfully bumped revision number for resource 5a15fe02-04e0-48cb-966a-4700a338f5b7 (type: ports) to 4
2026-04-07 01:17:36.461 10 INFO neutron.wsgi [None req-859b3ce3-6688-4af2-b3dd-ee1cdd027e75 ca5f373297354c03b4f0666cf44f605d d9cb580fe34d4f27978973df9507f54c - - default default] 10.0.0.132 "DELETE /v2.0/networks/695e0fc4-a6c8-4bc3-9912-dd8c27fe6bdf HTTP/1.1" status: 204 len: 168 time: 0.5664539
2026-04-07 01:17:36.550 9 INFO neutron.wsgi [None req-3ed8a9b7-c18f-45bb-8887-1f9c654cb3c8 14ad9df9b02640b290856de26f95ba69 bc5f693692674c41a70717d6683b18b2 - - default default] 10.0.0.132 "DELETE /v2.0/routers/ff211626-dfa6-488c-b2b8-105fd2fab122 HTTP/1.1" status: 204 len: 168 time: 1.1209443
2026-04-07 01:17:36.579 9 INFO neutron.wsgi [None req-b7334559-d60e-41f2-a258-2477dd1189e8 14ad9df9b02640b290856de26f95ba69 bc5f693692674c41a70717d6683b18b2 - - default default] 10.0.0.132 "GET /v2.0/ports?device_id=ff211626-dfa6-488c-b2b8-105fd2fab122 HTTP/1.1" status: 200 len: 205 time: 0.0200775
2026-04-07 01:17:36.609 9 INFO neutron.api.v2.resource [None req-74bc71a5-0b65-4599-8080-f3e5b6ffc5dc 14ad9df9b02640b290856de26f95ba69 bc5f693692674c41a70717d6683b18b2 - - default default] delete failed (client error): The resource could not be found.
2026-04-07 01:17:36.610 9 INFO neutron.wsgi [None req-74bc71a5-0b65-4599-8080-f3e5b6ffc5dc 14ad9df9b02640b290856de26f95ba69 bc5f693692674c41a70717d6683b18b2 - - default default] 10.0.0.132 "DELETE /v2.0/routers/ff211626-dfa6-488c-b2b8-105fd2fab122 HTTP/1.1" status: 404 len: 336 time: 0.0261819
2026-04-07 01:17:36.633 9 INFO neutron.wsgi [None req-b5aacf97-a7af-45c1-9f7c-24afc2816e98 14ad9df9b02640b290856de26f95ba69 bc5f693692674c41a70717d6683b18b2 - - default default] 10.0.0.132 "GET /v2.0/ports?device_id=5fe19b86-ddeb-4a1e-a293-8ba01dabe7a4 HTTP/1.1" status: 200 len: 205 time: 0.0187826 /var/lib/openstack/lib/python3.10/site-packages/pycadf/identifier.py:71: UserWarning: Invalid uuid: neutron. To ensure interoperability, identifiers should be a valid uuid. warnings.warn(('Invalid uuid: %s. To ensure interoperability, '
2026-04-07 01:17:36.672 10 INFO neutron.api.v2.resource [None req-ada9807c-a484-43e8-9d6d-104438dfc8a7 14ad9df9b02640b290856de26f95ba69 bc5f693692674c41a70717d6683b18b2 - - default default] delete failed (client error): The resource could not be found.
2026-04-07 01:17:36.673 10 INFO neutron.wsgi [None req-ada9807c-a484-43e8-9d6d-104438dfc8a7 14ad9df9b02640b290856de26f95ba69 bc5f693692674c41a70717d6683b18b2 - - default default] 10.0.0.132 "DELETE /v2.0/routers/5fe19b86-ddeb-4a1e-a293-8ba01dabe7a4 HTTP/1.1" status: 404 len: 336 time: 0.0331461
2026-04-07 01:17:36.696 9 INFO neutron.pecan_wsgi.hooks.translation [None req-6c26a2dc-fa10-44cc-b0bc-2cb77eb07dab 14ad9df9b02640b290856de26f95ba69 bc5f693692674c41a70717d6683b18b2 - - default default] DELETE failed (client error): The resource could not be found.
2026-04-07 01:17:36.699 9 INFO neutron.wsgi [None req-6c26a2dc-fa10-44cc-b0bc-2cb77eb07dab 14ad9df9b02640b290856de26f95ba69 bc5f693692674c41a70717d6683b18b2 - - default default] 10.0.0.132 "DELETE /v2.0/subnets/2ada99b6-6984-4529-9451-670508f04086 HTTP/1.1" status: 404 len: 337 time: 0.0202031
2026-04-07 01:17:36.725 9 INFO neutron.wsgi [None req-6d56133f-964e-417a-bd2a-5aedf7d5439b 14ad9df9b02640b290856de26f95ba69 bc5f693692674c41a70717d6683b18b2 - - default default] 10.0.0.132 "GET /v2.0/ports?device_id=777f1e94-99f2-442d-b654-def036a8e187 HTTP/1.1" status: 200 len: 205 time: 0.0203564
2026-04-07 01:17:36.755 9 INFO neutron.api.v2.resource [None req-8f6fff33-32a2-47c0-b916-c5ca25622203 14ad9df9b02640b290856de26f95ba69 bc5f693692674c41a70717d6683b18b2 - - default default] delete failed (client error): The resource could not be found.
2026-04-07 01:17:36.756 9 INFO neutron.wsgi [None req-8f6fff33-32a2-47c0-b916-c5ca25622203 14ad9df9b02640b290856de26f95ba69 bc5f693692674c41a70717d6683b18b2 - - default default] 10.0.0.132 "DELETE /v2.0/routers/777f1e94-99f2-442d-b654-def036a8e187 HTTP/1.1" status: 404 len: 336 time: 0.0258381
2026-04-07 01:17:36.777 9 INFO neutron.pecan_wsgi.hooks.translation [None req-676a7756-2e7f-4296-99a4-d030c71cec5d 14ad9df9b02640b290856de26f95ba69 bc5f693692674c41a70717d6683b18b2 - - default default] DELETE failed (client error): The resource could not be found.
2026-04-07 01:17:36.780 9 INFO neutron.wsgi [None req-676a7756-2e7f-4296-99a4-d030c71cec5d 14ad9df9b02640b290856de26f95ba69 bc5f693692674c41a70717d6683b18b2 - - default default] 10.0.0.132 "DELETE /v2.0/subnets/1e4e93e0-e5dd-4332-988b-480a3f211439 HTTP/1.1" status: 404 len: 337 time: 0.0182703
2026-04-07 01:17:36.801 9 INFO neutron.wsgi [None req-ffd609cc-0014-4aa0-911d-6d944c4675d6 14ad9df9b02640b290856de26f95ba69 bc5f693692674c41a70717d6683b18b2 - - default default] 10.0.0.132 "GET /v2.0/ports?device_id=7634b1fd-12a6-43d6-b2e7-6f73d7c5bad9 HTTP/1.1" status: 200 len: 205 time: 0.0173140
2026-04-07 01:17:36.805 10 INFO neutron.wsgi [req-6082741c-048f-4093-94e8-3553ec76e9ee req-89511cde-e4eb-472b-9771-446f9ec184d1 126075eba3814b49a018ef6a2b5ffb92 53f37f422473403ebbed56f25860d3c1 - - default default] 10.0.0.32 "GET /v2.0/ports?device_id=ca19742b-7998-48e1-acd9-b43ac12660fe HTTP/1.1" status: 200 len: 1400 time: 0.1208131
2026-04-07 01:17:36.834 9 INFO neutron.api.v2.resource [None req-2d7dfba4-dfad-4ab2-aa53-ea151c563b39 14ad9df9b02640b290856de26f95ba69 bc5f693692674c41a70717d6683b18b2 - - default default] delete failed (client error): The resource could not be found.
2026-04-07 01:17:36.836 9 INFO neutron.wsgi [None req-2d7dfba4-dfad-4ab2-aa53-ea151c563b39 14ad9df9b02640b290856de26f95ba69 bc5f693692674c41a70717d6683b18b2 - - default default] 10.0.0.132 "DELETE /v2.0/routers/7634b1fd-12a6-43d6-b2e7-6f73d7c5bad9 HTTP/1.1" status: 404 len: 336 time: 0.0302241
2026-04-07 01:17:36.859 10 INFO neutron.wsgi [req-6082741c-048f-4093-94e8-3553ec76e9ee req-5239953e-f8a8-45c2-8894-35ba8a3d80a6 126075eba3814b49a018ef6a2b5ffb92 53f37f422473403ebbed56f25860d3c1 - - default default] 10.0.0.32 "GET /v2.0/security-groups?id=2807af5d-9b64-4fa4-acec-bdc56cce30eb&fields=id&fields=name HTTP/1.1" status: 200 len: 310 time: 0.0461283
2026-04-07 01:17:36.869 9 INFO neutron.pecan_wsgi.hooks.translation [None req-248e9e54-2c6c-4a85-872c-05a9dd0cee86 14ad9df9b02640b290856de26f95ba69 bc5f693692674c41a70717d6683b18b2 - - default default] DELETE failed (client error): The resource could not be found.
2026-04-07 01:17:36.872 9 INFO neutron.wsgi [None req-248e9e54-2c6c-4a85-872c-05a9dd0cee86 14ad9df9b02640b290856de26f95ba69 bc5f693692674c41a70717d6683b18b2 - - default default] 10.0.0.132 "DELETE /v2.0/subnets/fc66e633-b344-43ae-8ea7-f4a17880d832 HTTP/1.1" status: 404 len: 337 time: 0.0291650
2026-04-07 01:17:36.891 9 INFO neutron.pecan_wsgi.hooks.translation [None req-5f9c7938-8b58-4630-9073-726cec4b9b10 14ad9df9b02640b290856de26f95ba69 bc5f693692674c41a70717d6683b18b2 - - default default] DELETE failed (client error): The resource could not be found.
2026-04-07 01:17:36.894 9 INFO neutron.wsgi [None req-5f9c7938-8b58-4630-9073-726cec4b9b10 14ad9df9b02640b290856de26f95ba69 bc5f693692674c41a70717d6683b18b2 - - default default] 10.0.0.132 "DELETE /v2.0/subnets/fdd2a653-d986-4faf-b5a3-1e27c0bea1d2 HTTP/1.1" status: 404 len: 337 time: 0.0159070
2026-04-07 01:17:36.935 10 INFO neutron.wsgi [None req-60179140-d60c-4916-a717-684bbb64ad66 126075eba3814b49a018ef6a2b5ffb92 53f37f422473403ebbed56f25860d3c1 - - default default] 10.0.0.132 "GET /v2.0/ports?network_id=9f096ef9-d3da-4531-b2a6-7b8859ab89e5&mac_address=fa%3A16%3A3e%3Ae9%3A85%3A28 HTTP/1.1" status: 200 len: 1395 time: 0.0472908
2026-04-07 01:17:36.946 10 WARNING neutron_lib.context [None req-197c57de-7b13-408b-8b77-d2c86fdc7c6b 126075eba3814b49a018ef6a2b5ffb92 53f37f422473403ebbed56f25860d3c1 - - default default] Method 'is_advsvc' is deprecated since 2023.2 release (neutron-lib 3.8.0) and will be removed once support for the old RBAC API policies will be removed from Neutron. Please use method 'is_service_role' instead.
2026-04-07 01:17:37.230 10 WARNING neutron.scheduler.dhcp_agent_scheduler [None req-197c57de-7b13-408b-8b77-d2c86fdc7c6b 126075eba3814b49a018ef6a2b5ffb92 53f37f422473403ebbed56f25860d3c1 - - default default] No more DHCP agents
2026-04-07 01:17:37.232 10 WARNING neutron.api.rpc.agentnotifiers.dhcp_rpc_agent_api [None req-197c57de-7b13-408b-8b77-d2c86fdc7c6b 126075eba3814b49a018ef6a2b5ffb92 53f37f422473403ebbed56f25860d3c1 - - default default] Unable to schedule network cca0ecd5-d140-4eac-ad01-051bd5107ae7: no agents available; will retry on subsequent port and subnet creation events.
2026-04-07 01:17:37.330 10 INFO neutron.services.segments.plugin [-] Segment b7262e4b-5493-4fb3-a88f-b4d7798ea8c3 resource provider aggregate not found
2026-04-07 01:17:37.336 10 INFO neutron.services.segments.plugin [-] Segment b7262e4b-5493-4fb3-a88f-b4d7798ea8c3 resource provider aggregate not found
2026-04-07 01:17:37.352 10 INFO neutron.services.segments.plugin [-] Segment b7262e4b-5493-4fb3-a88f-b4d7798ea8c3 resource provider not found; error: Placement Client Error (4xx): {"errors": [{"status": 404, "title": "Not Found", "detail": "The resource could not be found.\n\n No resource provider with uuid b7262e4b-5493-4fb3-a88f-b4d7798ea8c3 found for delete ", "request_id": "req-33b984d6-2bb5-4c91-a4b3-9c728ccf675f"}]}
2026-04-07 01:17:37.363 10 INFO neutron.services.segments.plugin [-] Segment b7262e4b-5493-4fb3-a88f-b4d7798ea8c3 resource provider not found; error: Placement Client Error (4xx): {"errors": [{"status": 404, "title": "Not Found", "detail": "The resource could not be found.\n\n No resource provider with uuid b7262e4b-5493-4fb3-a88f-b4d7798ea8c3 found for delete ", "request_id": "req-6f5b8832-8470-4f8e-b81e-045ca50bb30d"}]}
2026-04-07 01:17:37.367 10 INFO neutron.services.segments.plugin [-] Segment 3405403a-d7f5-497d-8427-c0be54e26fa0 resource provider aggregate not found
2026-04-07 01:17:37.381 10 INFO neutron.services.segments.plugin [-] Segment 3405403a-d7f5-497d-8427-c0be54e26fa0 resource provider not found; error: Placement Client Error (4xx): {"errors": [{"status": 404, "title": "Not Found", "detail": "The resource could not be found.\n\n No resource provider with uuid 3405403a-d7f5-497d-8427-c0be54e26fa0 found for delete ", "request_id": "req-9f14f8e3-8291-48ad-bd77-398a08ad3612"}]}
2026-04-07 01:17:37.509 10 INFO neutron.services.segments.plugin [-] Segment 3405403a-d7f5-497d-8427-c0be54e26fa0 resource provider aggregate not found
2026-04-07 01:17:37.527 10 INFO neutron.services.segments.plugin [-] Segment 3405403a-d7f5-497d-8427-c0be54e26fa0 resource provider not found; error: Placement Client Error (4xx): {"errors": [{"status": 404, "title": "Not Found", "detail": "The resource could not be found.\n\n No resource provider with uuid 3405403a-d7f5-497d-8427-c0be54e26fa0 found for delete ", "request_id": "req-4df6f95d-f364-4f12-9a60-ab31fbe6e1a6"}]}
2026-04-07 01:17:37.695 9 INFO neutron.wsgi [None req-57eff1ba-e7c6-41a2-94de-61c475c6c9cb 3c33899970d241c6a7a3e65063d0e430 861374040eab458bb37e4cf587b1cb6c - - default default] 10.0.0.132 "GET /v2.0/security-groups?tenant_id=bc5f693692674c41a70717d6683b18b2&name=default HTTP/1.1" status: 200 len: 3120 time: 0.2875051
2026-04-07 01:17:37.758 9 INFO neutron.db.ovn_revision_numbers_db [None req-7ce906e1-706f-4d2d-ab25-d722781ddf2e 3c33899970d241c6a7a3e65063d0e430 861374040eab458bb37e4cf587b1cb6c - - default default] Successfully bumped revision number for resource bb7ad43f-146d-45be-93da-41409389c155 (type: security_groups) to 1
2026-04-07 01:17:37.771 9 INFO neutron.db.ovn_revision_numbers_db [None req-7ce906e1-706f-4d2d-ab25-d722781ddf2e 3c33899970d241c6a7a3e65063d0e430 861374040eab458bb37e4cf587b1cb6c - - default default] Successfully bumped revision number for resource 7f8c344d-9e9a-4454-8f86-f3054351947e (type: security_group_rules) to 0
2026-04-07 01:17:37.785 9 INFO neutron.db.ovn_revision_numbers_db [None req-7ce906e1-706f-4d2d-ab25-d722781ddf2e 3c33899970d241c6a7a3e65063d0e430 861374040eab458bb37e4cf587b1cb6c - - default default] Successfully bumped revision number for resource bc89c002-0beb-4ca5-b176-3be0903e640d (type: security_group_rules) to 0
2026-04-07 01:17:37.808 9 INFO neutron.db.ovn_revision_numbers_db [None req-7ce906e1-706f-4d2d-ab25-d722781ddf2e 3c33899970d241c6a7a3e65063d0e430 861374040eab458bb37e4cf587b1cb6c - - default default] Successfully bumped revision number for resource c309bed1-3483-4ff1-bc9f-ef56cf89742d (type: security_group_rules) to 0
2026-04-07 01:17:37.828 9 INFO neutron.db.ovn_revision_numbers_db [None req-7ce906e1-706f-4d2d-ab25-d722781ddf2e 3c33899970d241c6a7a3e65063d0e430 861374040eab458bb37e4cf587b1cb6c - - default default] Successfully bumped revision number for resource e7d55911-45e4-4681-b202-6baacd88b0e1 (type: security_group_rules) to 0
2026-04-07 01:17:37.849 9 INFO neutron.wsgi [None req-7ce906e1-706f-4d2d-ab25-d722781ddf2e 3c33899970d241c6a7a3e65063d0e430 861374040eab458bb37e4cf587b1cb6c - - default default] 10.0.0.132 "GET /v2.0/security-groups?tenant_id=99d86343687d468c8f6124ba37310674&name=default HTTP/1.1" status: 200 len: 3120 time: 0.4645004
2026-04-07 01:17:38.265 9 WARNING neutron_lib.context [None req-fe4f6f88-1637-44d8-b487-44d53837abfc 25fc9a79f6d04992ad0ad6d5fbe45cd3 9b9f267caf0e42cb842fb7404c9ebdbe - - default default] Method 'is_advsvc' is deprecated since 2023.2 release (neutron-lib 3.8.0) and will be removed once support for the old RBAC API policies will be removed from Neutron. Please use method 'is_service_role' instead.
2026-04-07 01:17:38.412 9 INFO neutron.db.ovn_revision_numbers_db [None req-fe4f6f88-1637-44d8-b487-44d53837abfc 25fc9a79f6d04992ad0ad6d5fbe45cd3 9b9f267caf0e42cb842fb7404c9ebdbe - - default default] Successfully bumped revision number for resource ecd64f8a-977a-47c4-9d05-716da1f3735a (type: security_groups) to 1
2026-04-07 01:17:38.426 9 INFO neutron.db.ovn_revision_numbers_db [None req-fe4f6f88-1637-44d8-b487-44d53837abfc 25fc9a79f6d04992ad0ad6d5fbe45cd3 9b9f267caf0e42cb842fb7404c9ebdbe - - default default] Successfully bumped revision number for resource 05426f4c-faf2-4fe9-a741-ab339ac8235a (type: security_group_rules) to 0
2026-04-07 01:17:38.440 9 INFO neutron.db.ovn_revision_numbers_db [None req-fe4f6f88-1637-44d8-b487-44d53837abfc 25fc9a79f6d04992ad0ad6d5fbe45cd3 9b9f267caf0e42cb842fb7404c9ebdbe - - default default] Successfully bumped revision number for resource 37f96405-706f-41b4-846b-cff4909d676c (type: security_group_rules) to 0
2026-04-07 01:17:38.455 9 INFO neutron.db.ovn_revision_numbers_db [None req-fe4f6f88-1637-44d8-b487-44d53837abfc 25fc9a79f6d04992ad0ad6d5fbe45cd3 9b9f267caf0e42cb842fb7404c9ebdbe - - default default] Successfully bumped revision number for resource 5196cb7d-3d96-44bd-b061-d27867a6bae2 (type: security_group_rules) to 0
2026-04-07 01:17:38.470 9 INFO neutron.db.ovn_revision_numbers_db [None req-fe4f6f88-1637-44d8-b487-44d53837abfc 25fc9a79f6d04992ad0ad6d5fbe45cd3 9b9f267caf0e42cb842fb7404c9ebdbe - - default default] Successfully bumped revision number for resource 6ed74e4b-21b4-489e-87eb-46f57230899f (type: security_group_rules) to 0
2026-04-07 01:17:38.525 9 INFO neutron.db.segments_db [None req-fe4f6f88-1637-44d8-b487-44d53837abfc 25fc9a79f6d04992ad0ad6d5fbe45cd3 9b9f267caf0e42cb842fb7404c9ebdbe - - default default] Added segment a5b761c5-60ee-4a76-b9e2-6c983beb715f of type geneve for network 894cdaa2-300a-42f6-9897-b7e6a495cff8
2026-04-07 01:17:38.624 10 INFO neutron.notifiers.nova [-] Nova event matching ['req-11113cfa-4b02-4da8-bed2-21d9260ab8c0'] response: {'server_uuid': 'ca19742b-7998-48e1-acd9-b43ac12660fe', 'name': 'network-vif-plugged', 'status': 'completed', 'tag': '5a15fe02-04e0-48cb-966a-4700a338f5b7', 'code': 200}
2026-04-07 01:17:38.771 9 INFO neutron.db.ovn_revision_numbers_db [None req-fe4f6f88-1637-44d8-b487-44d53837abfc 25fc9a79f6d04992ad0ad6d5fbe45cd3 9b9f267caf0e42cb842fb7404c9ebdbe - - default default] Successfully bumped revision number for resource 894cdaa2-300a-42f6-9897-b7e6a495cff8 (type: networks) to 1
2026-04-07 01:17:38.771 10 INFO neutron.wsgi [None req-147582db-3375-4771-9b9b-330c9e423799 3c33899970d241c6a7a3e65063d0e430 861374040eab458bb37e4cf587b1cb6c - - default default] 10.0.0.132 "DELETE /v2.0/security-groups/d0501099-bc1b-4aa2-9371-0232c63f44ca HTTP/1.1" status: 204 len: 168 time: 1.0707049
2026-04-07 01:17:38.988 9 WARNING neutron.scheduler.dhcp_agent_scheduler [None req-fe4f6f88-1637-44d8-b487-44d53837abfc 25fc9a79f6d04992ad0ad6d5fbe45cd3 9b9f267caf0e42cb842fb7404c9ebdbe - - default default] No more DHCP agents
2026-04-07 01:17:38.991 9 WARNING neutron.api.rpc.agentnotifiers.dhcp_rpc_agent_api [None req-fe4f6f88-1637-44d8-b487-44d53837abfc 25fc9a79f6d04992ad0ad6d5fbe45cd3 9b9f267caf0e42cb842fb7404c9ebdbe - - default default] Unable to schedule network 894cdaa2-300a-42f6-9897-b7e6a495cff8: no agents available; will retry on subsequent port and subnet creation events.
2026-04-07 01:17:38.999 10 INFO neutron.wsgi [None req-a754e661-072e-4f28-8be4-4450a44ed732 3c33899970d241c6a7a3e65063d0e430 861374040eab458bb37e4cf587b1cb6c - - default default] 10.0.0.132 "DELETE /v2.0/security-groups/bb7ad43f-146d-45be-93da-41409389c155 HTTP/1.1" status: 204 len: 168 time: 1.1439106
2026-04-07 01:17:39.003 10 INFO neutron.db.ovn_revision_numbers_db [None req-197c57de-7b13-408b-8b77-d2c86fdc7c6b 126075eba3814b49a018ef6a2b5ffb92 53f37f422473403ebbed56f25860d3c1 - - default default] Successfully bumped revision number for resource 8d54c443-7f20-43a0-a7a1-d99cf1aae936 (type: floatingips) to -1
2026-04-07 01:17:39.047 9 WARNING neutron.plugins.ml2.drivers.ovn.mech_driver.ovsdb.ovn_client [None req-5b9af7c6-20dd-4098-87d7-79e5eb144456 - - - - - -] No port found with ID 0a888fac-446e-43a2-81b6-6d52e32d65f2: RuntimeError: No port found with ID 0a888fac-446e-43a2-81b6-6d52e32d65f2
2026-04-07 01:17:39.101 9 INFO neutron.db.ovn_revision_numbers_db [None req-fe4f6f88-1637-44d8-b487-44d53837abfc 25fc9a79f6d04992ad0ad6d5fbe45cd3 9b9f267caf0e42cb842fb7404c9ebdbe - - default default] Successfully bumped revision number for resource 10bbaa2b-c328-4fdf-a5f6-138c65e6d26b (type: ports) to 1
2026-04-07 01:17:39.134 9 INFO neutron.wsgi [None req-fe4f6f88-1637-44d8-b487-44d53837abfc 25fc9a79f6d04992ad0ad6d5fbe45cd3 9b9f267caf0e42cb842fb7404c9ebdbe - - default default] 10.0.0.132 "POST /v2.0/networks HTTP/1.1" status: 201 len: 830 time: 0.9170854 /var/lib/openstack/lib/python3.10/site-packages/pycadf/identifier.py:71: UserWarning: Invalid uuid: neutron. To ensure interoperability, identifiers should be a valid uuid. warnings.warn(('Invalid uuid: %s. To ensure interoperability, '
2026-04-07 01:17:39.161 10 WARNING neutron_lib.context [None req-a9157c49-ec89-441a-872f-d8ae193dcc9e 25fc9a79f6d04992ad0ad6d5fbe45cd3 9b9f267caf0e42cb842fb7404c9ebdbe - - default default] Method 'is_advsvc' is deprecated since 2023.2 release (neutron-lib 3.8.0) and will be removed once support for the old RBAC API policies will be removed from Neutron. Please use method 'is_service_role' instead.
2026-04-07 01:17:39.176 10 INFO neutron.db.ovn_revision_numbers_db [None req-197c57de-7b13-408b-8b77-d2c86fdc7c6b 126075eba3814b49a018ef6a2b5ffb92 53f37f422473403ebbed56f25860d3c1 - - default default] Successfully bumped revision number for resource 8d54c443-7f20-43a0-a7a1-d99cf1aae936 (type: floatingips) to 1
2026-04-07 01:17:39.177 10 INFO neutron.db.l3_db [None req-197c57de-7b13-408b-8b77-d2c86fdc7c6b 126075eba3814b49a018ef6a2b5ffb92 53f37f422473403ebbed56f25860d3c1 - - default default] Floating IP 8d54c443-7f20-43a0-a7a1-d99cf1aae936 associated. External IP: 10.96.250.202, port: 5a15fe02-04e0-48cb-966a-4700a338f5b7.
2026-04-07 01:17:39.223 10 INFO neutron.wsgi [None req-197c57de-7b13-408b-8b77-d2c86fdc7c6b 126075eba3814b49a018ef6a2b5ffb92 53f37f422473403ebbed56f25860d3c1 - - default default] 10.0.0.132 "POST /v2.0/floatingips HTTP/1.1" status: 201 len: 1054 time: 2.2821448
2026-04-07 01:17:39.262 10 INFO neutron.db.segments_db [None req-a9157c49-ec89-441a-872f-d8ae193dcc9e 25fc9a79f6d04992ad0ad6d5fbe45cd3 9b9f267caf0e42cb842fb7404c9ebdbe - - default default] Added segment 4c66127b-1739-4d6b-94a6-4434ab510472 of type geneve for network ea666388-9d45-4ec8-bfed-71de930493b7
2026-04-07 01:17:39.317 9 INFO neutron.db.ovn_revision_numbers_db [None req-e1450ad7-9378-4034-a995-3864192981ec 3c33899970d241c6a7a3e65063d0e430 861374040eab458bb37e4cf587b1cb6c - - default default] Successfully bumped revision number for resource 44a42dab-69c5-4665-83c8-49f78bf86ab7 (type: security_groups) to 1
2026-04-07 01:17:39.339 9 INFO neutron.db.ovn_revision_numbers_db [None req-e1450ad7-9378-4034-a995-3864192981ec 3c33899970d241c6a7a3e65063d0e430 861374040eab458bb37e4cf587b1cb6c - - default default] Successfully bumped revision number for resource 11f754a0-50a7-4dbf-9f3a-50ed397427f9 (type: security_group_rules) to 0
2026-04-07 01:17:39.355 9 INFO neutron.db.ovn_revision_numbers_db [None req-e1450ad7-9378-4034-a995-3864192981ec 3c33899970d241c6a7a3e65063d0e430 861374040eab458bb37e4cf587b1cb6c - - default default] Successfully bumped revision number for resource a20ece28-7689-46c3-9d2f-5a675a6edc84 (type: security_group_rules) to 0
2026-04-07 01:17:39.382 9 INFO neutron.db.ovn_revision_numbers_db [None req-e1450ad7-9378-4034-a995-3864192981ec 3c33899970d241c6a7a3e65063d0e430 861374040eab458bb37e4cf587b1cb6c - - default default] Successfully bumped revision number for resource ac537d87-658d-4ed0-8b4b-447bdd982836 (type: security_group_rules) to 0
2026-04-07 01:17:39.398 9 INFO neutron.db.ovn_revision_numbers_db [None req-e1450ad7-9378-4034-a995-3864192981ec 3c33899970d241c6a7a3e65063d0e430 861374040eab458bb37e4cf587b1cb6c - - default default] Successfully bumped revision number for resource c0592d94-5a91-4491-8cb1-474b0f23f6d7 (type: security_group_rules) to 0
2026-04-07 01:17:39.405 10 INFO neutron.db.ovn_revision_numbers_db [None req-a9157c49-ec89-441a-872f-d8ae193dcc9e 25fc9a79f6d04992ad0ad6d5fbe45cd3 9b9f267caf0e42cb842fb7404c9ebdbe - - default default] Successfully bumped revision number for resource ea666388-9d45-4ec8-bfed-71de930493b7 (type: networks) to 1
2026-04-07 01:17:39.423 9 INFO neutron.wsgi [None req-e1450ad7-9378-4034-a995-3864192981ec 3c33899970d241c6a7a3e65063d0e430 861374040eab458bb37e4cf587b1cb6c - - default default] 10.0.0.132 "GET /v2.0/security-groups?tenant_id=ad73bfa77dd148c7966eafe3e81077f4&name=default HTTP/1.1" status: 200 len: 3120 time: 0.2433577
2026-04-07 01:17:39.559 10 WARNING neutron.scheduler.dhcp_agent_scheduler [None req-a9157c49-ec89-441a-872f-d8ae193dcc9e 25fc9a79f6d04992ad0ad6d5fbe45cd3 9b9f267caf0e42cb842fb7404c9ebdbe - - default default] No more DHCP agents
2026-04-07 01:17:39.562 10 WARNING neutron.api.rpc.agentnotifiers.dhcp_rpc_agent_api [None req-a9157c49-ec89-441a-872f-d8ae193dcc9e 25fc9a79f6d04992ad0ad6d5fbe45cd3 9b9f267caf0e42cb842fb7404c9ebdbe - - default default] Unable to schedule network ea666388-9d45-4ec8-bfed-71de930493b7: no agents available; will retry on subsequent port and subnet creation events.
2026-04-07 01:17:39.657 10 INFO neutron.db.ovn_revision_numbers_db [None req-a9157c49-ec89-441a-872f-d8ae193dcc9e 25fc9a79f6d04992ad0ad6d5fbe45cd3 9b9f267caf0e42cb842fb7404c9ebdbe - - default default] Successfully bumped revision number for resource 600fe3f2-e991-46f5-a79e-ecccd633b79e (type: ports) to 1
2026-04-07 01:17:39.678 9 INFO neutron.wsgi [None req-a363a7f3-74e8-4fe3-812f-75a34e80fd32 3c33899970d241c6a7a3e65063d0e430 861374040eab458bb37e4cf587b1cb6c - - default default] 10.0.0.132 "DELETE /v2.0/security-groups/44a42dab-69c5-4665-83c8-49f78bf86ab7 HTTP/1.1" status: 204 len: 168 time: 0.2471228
2026-04-07 01:17:39.680 10 INFO neutron.wsgi [None req-a9157c49-ec89-441a-872f-d8ae193dcc9e 25fc9a79f6d04992ad0ad6d5fbe45cd3 9b9f267caf0e42cb842fb7404c9ebdbe - - default default] 10.0.0.132 "POST /v2.0/networks HTTP/1.1" status: 201 len: 830 time: 0.5242820
2026-04-07 01:17:39.753 9 INFO neutron.wsgi [None req-89b17c03-9630-4479-a023-bb22ad77e44d 25fc9a79f6d04992ad0ad6d5fbe45cd3 9b9f267caf0e42cb842fb7404c9ebdbe - - default default] 10.0.0.132 "PUT /v2.0/networks/894cdaa2-300a-42f6-9897-b7e6a495cff8/tags HTTP/1.1" status: 200 len: 218 time: 0.0678637
2026-04-07 01:17:39.817 9 INFO neutron.wsgi [None req-6d161782-5f97-4fb9-aa7e-21f361085789 25fc9a79f6d04992ad0ad6d5fbe45cd3 9b9f267caf0e42cb842fb7404c9ebdbe - - default default] 10.0.0.132 "GET /v2.0/networks/894cdaa2-300a-42f6-9897-b7e6a495cff8/tags HTTP/1.1" status: 200 len: 218 time: 0.0581088
2026-04-07 01:17:39.821 10 INFO neutron.wsgi [None req-961a2ba2-9144-47a8-a631-836a468b7a4f 3c33899970d241c6a7a3e65063d0e430 861374040eab458bb37e4cf587b1cb6c - - default default] 10.0.0.132 "GET /v2.0/security-groups?tenant_id=d9cb580fe34d4f27978973df9507f54c&name=default HTTP/1.1" status: 200 len: 3120 time: 0.0449176
2026-04-07 01:17:39.876 10 INFO neutron.wsgi [None req-38375869-a9e0-4f45-8bff-606d4786b6af 25fc9a79f6d04992ad0ad6d5fbe45cd3 9b9f267caf0e42cb842fb7404c9ebdbe - - default default] 10.0.0.132 "PUT /v2.0/networks/ea666388-9d45-4ec8-bfed-71de930493b7/tags HTTP/1.1" status: 200 len: 210 time: 0.0495102
2026-04-07 01:17:39.947 9 INFO neutron.wsgi [None req-82b1fce2-f6e2-4ed3-8b47-facb92501594 25fc9a79f6d04992ad0ad6d5fbe45cd3 9b9f267caf0e42cb842fb7404c9ebdbe - - default default] 10.0.0.132 "GET /v2.0/networks/ea666388-9d45-4ec8-bfed-71de930493b7/tags HTTP/1.1" status: 200 len: 210 time: 0.0660768
2026-04-07 01:17:40.024 10 INFO neutron.wsgi [None req-e9aeaa87-7e04-4cf1-819c-8317a0176e3a 25fc9a79f6d04992ad0ad6d5fbe45cd3 9b9f267caf0e42cb842fb7404c9ebdbe - - default default] 10.0.0.132 "PUT /v2.0/networks/ea666388-9d45-4ec8-bfed-71de930493b7/tags HTTP/1.1" status: 200 len: 205 time: 0.0718706
2026-04-07 01:17:40.072 10 INFO neutron.wsgi [None req-f36841a3-e837-452e-8bd0-85520e7a1fdf 25fc9a79f6d04992ad0ad6d5fbe45cd3 9b9f267caf0e42cb842fb7404c9ebdbe - - default default] 10.0.0.132 "GET /v2.0/networks/ea666388-9d45-4ec8-bfed-71de930493b7/tags HTTP/1.1" status: 200 len: 205 time: 0.0425587
2026-04-07 01:17:40.102 9 INFO neutron.wsgi [None req-310e8a3a-2b5f-4a99-bda6-7299e0783fa1 3c33899970d241c6a7a3e65063d0e430 861374040eab458bb37e4cf587b1cb6c - - default default] 10.0.0.132 "DELETE /v2.0/security-groups/c4d23c9b-3158-45c3-b9ea-97ddcf2721b3 HTTP/1.1" status: 204 len: 168 time: 0.2747498
2026-04-07 01:17:40.117 10 INFO neutron.wsgi [None req-566d72e2-60f3-4881-a120-622a3b4b16b2 25fc9a79f6d04992ad0ad6d5fbe45cd3 9b9f267caf0e42cb842fb7404c9ebdbe - - default default] 10.0.0.132 "GET /v2.0/networks/894cdaa2-300a-42f6-9897-b7e6a495cff8/tags HTTP/1.1" status: 200 len: 218 time: 0.0379734
2026-04-07 01:17:40.506 10 INFO neutron.services.segments.plugin [-] Segment a5b761c5-60ee-4a76-b9e2-6c983beb715f resource provider aggregate not found
2026-04-07 01:17:40.510 10 INFO neutron.services.segments.plugin [-] Segment a5b761c5-60ee-4a76-b9e2-6c983beb715f resource provider aggregate not found
2026-04-07 01:17:40.524 10 INFO neutron.services.segments.plugin [-] Segment a5b761c5-60ee-4a76-b9e2-6c983beb715f resource provider not found; error: Placement Client Error (4xx): {"errors": [{"status": 404, "title": "Not Found", "detail": "The resource could not be found.\n\n No resource provider with uuid a5b761c5-60ee-4a76-b9e2-6c983beb715f found for delete ", "request_id": "req-3bad2077-6665-407f-8d52-e56858f0d487"}]}
2026-04-07 01:17:40.527 10 INFO neutron.services.segments.plugin [-] Segment a5b761c5-60ee-4a76-b9e2-6c983beb715f resource provider not found; error: Placement Client Error (4xx): {"errors": [{"status": 404, "title": "Not Found", "detail": "The resource could not be found.\n\n No resource provider with uuid a5b761c5-60ee-4a76-b9e2-6c983beb715f found for delete ", "request_id": "req-c5b44fb2-d2ec-4b0d-aed8-cdd592aa6f5a"}]}
2026-04-07 01:17:40.551 10 INFO neutron.wsgi [None req-d306899d-2803-46bf-a97c-242306794ed8 25fc9a79f6d04992ad0ad6d5fbe45cd3 9b9f267caf0e42cb842fb7404c9ebdbe - - default default] 10.0.0.132 "DELETE /v2.0/networks/894cdaa2-300a-42f6-9897-b7e6a495cff8 HTTP/1.1" status: 204 len: 168 time: 0.4219897
2026-04-07 01:17:40.670 10 INFO neutron.notifiers.nova [-] Nova event matching ['req-c9acb43e-e649-4a0a-a1fd-f46ad9cf5f9a'] response: {'name': 'network-changed', 'server_uuid': 'ca19742b-7998-48e1-acd9-b43ac12660fe', 'tag': '5a15fe02-04e0-48cb-966a-4700a338f5b7', 'status': 'completed', 'code': 200}
2026-04-07 01:17:40.751 9 INFO neutron.wsgi [req-0e9a1719-266c-4a8f-9487-a354dc85f9ce req-bfcce6e1-4599-4279-8e95-eca4816a3c7c 00a5a09fe95c450bab7182fe8b42fb72 b31a14f2e2074701aa38077f6d990618 - - c63b5867a107491697ac9bcd374b32f7 c63b5867a107491697ac9bcd374b32f7] 199.19.213.14 "GET /v2.0/ports?tenant_id=53f37f422473403ebbed56f25860d3c1&device_id=ca19742b-7998-48e1-acd9-b43ac12660fe HTTP/1.1" status: 200 len: 1638 time: 0.0568430
2026-04-07 01:17:40.834 9 INFO neutron.wsgi [req-0e9a1719-266c-4a8f-9487-a354dc85f9ce req-8408275a-f504-43e5-b68f-4a96626fdb60 00a5a09fe95c450bab7182fe8b42fb72 b31a14f2e2074701aa38077f6d990618 - - c63b5867a107491697ac9bcd374b32f7 c63b5867a107491697ac9bcd374b32f7] 199.19.213.14 "GET /v2.0/networks?id=9f096ef9-d3da-4531-b2a6-7b8859ab89e5 HTTP/1.1" status: 200 len: 1002 time: 0.0768623
2026-04-07 01:17:40.895 9 INFO neutron.wsgi [req-0e9a1719-266c-4a8f-9487-a354dc85f9ce req-4bb49302-f8e0-41d5-a8c1-80a1e08b5d58 00a5a09fe95c450bab7182fe8b42fb72 b31a14f2e2074701aa38077f6d990618 - - c63b5867a107491697ac9bcd374b32f7 c63b5867a107491697ac9bcd374b32f7] 199.19.213.14 "GET /v2.0/floatingips?fixed_ip_address=10.2.2.102&port_id=5a15fe02-04e0-48cb-966a-4700a338f5b7 HTTP/1.1" status: 200 len: 1059 time: 0.0551152
2026-04-07 01:17:40.938 9 INFO neutron.wsgi [req-0e9a1719-266c-4a8f-9487-a354dc85f9ce req-5ed199a0-da7b-4ca5-ad35-3f003ea32052 00a5a09fe95c450bab7182fe8b42fb72 b31a14f2e2074701aa38077f6d990618 - - c63b5867a107491697ac9bcd374b32f7 c63b5867a107491697ac9bcd374b32f7] 199.19.213.14 "GET /v2.0/floatingips?fixed_ip_address=fd77%3A1457%3A4cf0%3A26a8%3A%3A62&port_id=5a15fe02-04e0-48cb-966a-4700a338f5b7 HTTP/1.1" status: 200 len: 217 time: 0.0353909
2026-04-07 01:17:40.983 9 INFO neutron.wsgi [req-0e9a1719-266c-4a8f-9487-a354dc85f9ce req-057741b5-0e1b-4539-8f3c-8269d776eb5d 00a5a09fe95c450bab7182fe8b42fb72 b31a14f2e2074701aa38077f6d990618 - - c63b5867a107491697ac9bcd374b32f7 c63b5867a107491697ac9bcd374b32f7] 199.19.213.14 "GET /v2.0/subnets?id=075fc048-7de1-4a42-a8e4-9f46f87e3c86&id=f65edb7f-5496-4320-af15-5f681e07bdfe HTTP/1.1" status: 200 len: 1563 time: 0.0391159
2026-04-07 01:17:41.012 9 INFO neutron.wsgi [req-0e9a1719-266c-4a8f-9487-a354dc85f9ce req-b772b120-2649-4df7-94fe-ca2ad20bc70b 00a5a09fe95c450bab7182fe8b42fb72 b31a14f2e2074701aa38077f6d990618 - - c63b5867a107491697ac9bcd374b32f7 c63b5867a107491697ac9bcd374b32f7] 199.19.213.14 "GET /v2.0/ports?network_id=9f096ef9-d3da-4531-b2a6-7b8859ab89e5&device_owner=network%3Adhcp HTTP/1.1" status: 200 len: 210 time: 0.0206754
2026-04-07 01:17:41.036 9 INFO neutron.wsgi [req-0e9a1719-266c-4a8f-9487-a354dc85f9ce req-82f3c564-bfc7-496c-b035-ac175c358282 00a5a09fe95c450bab7182fe8b42fb72 b31a14f2e2074701aa38077f6d990618 - - c63b5867a107491697ac9bcd374b32f7 c63b5867a107491697ac9bcd374b32f7] 199.19.213.14 "GET /v2.0/ports?network_id=9f096ef9-d3da-4531-b2a6-7b8859ab89e5&device_owner=network%3Adhcp HTTP/1.1" status: 200 len: 210 time: 0.0181937
2026-04-07 01:17:41.098 9 INFO neutron.services.segments.plugin [-] Segment 4c66127b-1739-4d6b-94a6-4434ab510472 resource provider aggregate not found
2026-04-07 01:17:41.107 9 INFO neutron.services.segments.plugin [-] Segment 4c66127b-1739-4d6b-94a6-4434ab510472 resource provider aggregate not found
2026-04-07 01:17:41.136 9 INFO neutron.services.segments.plugin [-] Segment 4c66127b-1739-4d6b-94a6-4434ab510472 resource provider not found; error: Placement Client Error (4xx): {"errors": [{"status": 404, "title": "Not Found", "detail": "The resource could not be found.\n\n No resource provider with uuid 4c66127b-1739-4d6b-94a6-4434ab510472 found for delete ", "request_id": "req-3fcfad8a-e2e1-4ecb-baad-1c8933079594"}]}
2026-04-07 01:17:41.137 9 INFO neutron.services.segments.plugin [-] Segment 4c66127b-1739-4d6b-94a6-4434ab510472 resource provider not found; error: Placement Client Error (4xx): {"errors": [{"status": 404, "title": "Not Found", "detail": "The resource could not be found.\n\n No resource provider with uuid 4c66127b-1739-4d6b-94a6-4434ab510472 found for delete ", "request_id": "req-57a3c524-cfe2-4dea-8b91-f414552f5c03"}]}
2026-04-07 01:17:41.154 9 INFO neutron.wsgi [req-0e9a1719-266c-4a8f-9487-a354dc85f9ce req-f65e8a11-dc75-4020-80c7-22a7c5b3cc18 00a5a09fe95c450bab7182fe8b42fb72 b31a14f2e2074701aa38077f6d990618 - - c63b5867a107491697ac9bcd374b32f7 c63b5867a107491697ac9bcd374b32f7] 199.19.213.14 "GET /v2.0/networks/9f096ef9-d3da-4531-b2a6-7b8859ab89e5?fields=segments HTTP/1.1" status: 200 len: 212 time: 0.1086130
2026-04-07 01:17:41.165 9 INFO neutron.wsgi [None req-821dfa22-36b4-40e7-a9cc-472d1ad5fc61 25fc9a79f6d04992ad0ad6d5fbe45cd3 9b9f267caf0e42cb842fb7404c9ebdbe - - default default] 10.0.0.132 "DELETE /v2.0/networks/ea666388-9d45-4ec8-bfed-71de930493b7 HTTP/1.1" status: 204 len: 168 time: 0.6072974
2026-04-07 01:17:41.240 9 INFO neutron.wsgi [req-0e9a1719-266c-4a8f-9487-a354dc85f9ce req-35ba59cb-c712-4eb8-93e3-17b8ff241878 00a5a09fe95c450bab7182fe8b42fb72 b31a14f2e2074701aa38077f6d990618 - - c63b5867a107491697ac9bcd374b32f7 c63b5867a107491697ac9bcd374b32f7] 199.19.213.14 "GET /v2.0/networks/9f096ef9-d3da-4531-b2a6-7b8859ab89e5?fields=provider%3Aphysical_network&fields=provider%3Anetwork_type HTTP/1.1" status: 200 len: 277 time: 0.0790973
2026-04-07 01:17:41.978 10 INFO neutron.wsgi [None req-08d8048f-6f79-41d3-8737-3a9729572e05 3c33899970d241c6a7a3e65063d0e430 861374040eab458bb37e4cf587b1cb6c - - default default] 10.0.0.132 "GET /v2.0/security-groups?tenant_id=9b9f267caf0e42cb842fb7404c9ebdbe&name=default HTTP/1.1" status: 200 len: 3120 time: 0.1524656
2026-04-07 01:17:42.159 10 INFO neutron.wsgi [None req-c084d5f7-11c2-4da3-92fa-6d36cabbc887 3c33899970d241c6a7a3e65063d0e430 861374040eab458bb37e4cf587b1cb6c - - default default] 10.0.0.132 "DELETE /v2.0/security-groups/ecd64f8a-977a-47c4-9d05-716da1f3735a HTTP/1.1" status: 204 len: 168 time: 0.1753702
2026-04-07 01:17:42.457 10 INFO neutron.db.ovn_revision_numbers_db [None req-192b1571-0bed-47c2-85fe-dfefc1c3dc38 3c33899970d241c6a7a3e65063d0e430 861374040eab458bb37e4cf587b1cb6c - - default default] Successfully bumped revision number for resource ed33b515-d6a3-41c8-af3f-4fb18983e7a4 (type: security_groups) to 1
2026-04-07 01:17:42.469 10 INFO neutron.db.ovn_revision_numbers_db [None req-192b1571-0bed-47c2-85fe-dfefc1c3dc38 3c33899970d241c6a7a3e65063d0e430 861374040eab458bb37e4cf587b1cb6c - - default default] Successfully bumped revision number for resource 6d9d8bb1-9a96-4ff3-ba1b-952c83a63f03 (type: security_group_rules) to 0
2026-04-07 01:17:42.480 10 INFO neutron.db.ovn_revision_numbers_db [None req-192b1571-0bed-47c2-85fe-dfefc1c3dc38 3c33899970d241c6a7a3e65063d0e430 861374040eab458bb37e4cf587b1cb6c - - default default] Successfully bumped revision number for resource 9a12a8ef-f3ba-4711-9037-5a8b544a6078 (type: security_group_rules) to 0
2026-04-07 01:17:42.494 10 INFO neutron.db.ovn_revision_numbers_db [None req-192b1571-0bed-47c2-85fe-dfefc1c3dc38 3c33899970d241c6a7a3e65063d0e430 861374040eab458bb37e4cf587b1cb6c - - default default] Successfully bumped revision number for resource 9fd54ecd-5bd4-4539-906d-bc09c3dbd68e (type: security_group_rules) to 0
2026-04-07 01:17:42.506 10 INFO neutron.db.ovn_revision_numbers_db [None req-192b1571-0bed-47c2-85fe-dfefc1c3dc38 3c33899970d241c6a7a3e65063d0e430 861374040eab458bb37e4cf587b1cb6c - - default default] Successfully bumped revision number for resource a77e971a-9eed-4c1f-a328-c66d867dd3f8 (type: security_group_rules) to 0
2026-04-07 01:17:42.529 10 INFO neutron.wsgi [None req-192b1571-0bed-47c2-85fe-dfefc1c3dc38 3c33899970d241c6a7a3e65063d0e430 861374040eab458bb37e4cf587b1cb6c - - default default] 10.0.0.132 "GET /v2.0/security-groups?tenant_id=613ddccec8a54d71a287d37351c77d2d&name=default HTTP/1.1" status: 200 len: 3120 time: 0.1961174
2026-04-07 01:17:42.768 9 INFO neutron.wsgi [None req-1d0eabe5-8417-46c7-b319-05275158f447 3c33899970d241c6a7a3e65063d0e430 861374040eab458bb37e4cf587b1cb6c - - default default] 10.0.0.217 "GET /v2.0/security-groups HTTP/1.1" status: 200 len: 31716 time: 0.2765615
2026-04-07 01:17:42.814 9 INFO neutron.wsgi [None req-10b7be89-8dd1-45a3-b1c5-6d4f2275740f 3c33899970d241c6a7a3e65063d0e430 861374040eab458bb37e4cf587b1cb6c - - default default] 10.0.0.132 "DELETE /v2.0/security-groups/ed33b515-d6a3-41c8-af3f-4fb18983e7a4 HTTP/1.1" status: 204 len: 168 time: 0.2795718
2026-04-07 01:17:42.843 9 INFO neutron.wsgi [None req-3c5ad6a5-a969-459d-bfac-b2de0e48d8c6 3c33899970d241c6a7a3e65063d0e430 861374040eab458bb37e4cf587b1cb6c - - default default] 10.0.0.217 "GET /v2.0/subnets HTTP/1.1" status: 200 len: 5494 time: 0.0635316
2026-04-07 01:17:42.945 9 INFO neutron.wsgi [None req-66e98ab4-96a7-4f02-9d4f-19904cff66e5 3c33899970d241c6a7a3e65063d0e430 861374040eab458bb37e4cf587b1cb6c - - default default] 10.0.0.217 "GET /v2.0/ports HTTP/1.1" status: 200 len: 17579 time: 0.0988626
2026-04-07 01:17:42.971 9 INFO neutron.wsgi [None req-f237f594-c52c-4658-acbe-dd077a4d0e53 3c33899970d241c6a7a3e65063d0e430 861374040eab458bb37e4cf587b1cb6c - - default default] 10.0.0.217 "GET /v2.0/agents HTTP/1.1" status: 200 len: 1390 time: 0.0163078
2026-04-07 01:17:43.033 9 INFO neutron.db.ovn_revision_numbers_db [None req-03783b37-567e-4406-960c-601fe58774e2 3c33899970d241c6a7a3e65063d0e430 861374040eab458bb37e4cf587b1cb6c - - default default] Successfully bumped revision number for resource ec98baf2-1ea1-45b3-a928-8a1f72501bcf (type: security_groups) to 1
