2026-04-07 01:17:03.789 10 INFO neutron.db.ovn_revision_numbers_db [None req-d019dffb-ed22-4d9c-a466-1db0dd8b9450 3c33899970d241c6a7a3e65063d0e430 861374040eab458bb37e4cf587b1cb6c - - default default] Successfully bumped revision number for resource a430111b-be0b-42e4-aaf8-753f46ed1218 (type: security_group_rules) to 0
2026-04-07 01:17:03.801 10 INFO neutron.db.ovn_revision_numbers_db [None req-d019dffb-ed22-4d9c-a466-1db0dd8b9450 3c33899970d241c6a7a3e65063d0e430 861374040eab458bb37e4cf587b1cb6c - - default default] Successfully bumped revision number for resource e51c42a9-f34c-460c-ac2e-84bf7af53375 (type: security_group_rules) to 0
2026-04-07 01:17:03.821 10 INFO neutron.wsgi [None req-d019dffb-ed22-4d9c-a466-1db0dd8b9450 3c33899970d241c6a7a3e65063d0e430 861374040eab458bb37e4cf587b1cb6c - - default default] 10.0.0.132 "GET /v2.0/security-groups?tenant_id=7231284769be4e4a97fdb8a66df2605d&name=default HTTP/1.1" status: 200 len: 3120 time: 0.4074764
2026-04-07 01:17:03.825 9 INFO neutron.wsgi [req-42831deb-79b4-417d-be32-80e32ff102d3 req-9c9190ef-0701-4ba6-8904-ebbb6433f773 00a5a09fe95c450bab7182fe8b42fb72 b31a14f2e2074701aa38077f6d990618 - - c63b5867a107491697ac9bcd374b32f7 c63b5867a107491697ac9bcd374b32f7] 199.19.213.14 "GET /v2.0/networks/a695feb4-89a6-4a13-bb4d-f8aa5ba5b487?fields=segments HTTP/1.1" status: 200 len: 212 time: 0.0619409
2026-04-07 01:17:03.902 9 INFO neutron.wsgi [req-42831deb-79b4-417d-be32-80e32ff102d3 req-9b45c06c-87d2-47dd-9831-e25547b02c80 00a5a09fe95c450bab7182fe8b42fb72 b31a14f2e2074701aa38077f6d990618 - - c63b5867a107491697ac9bcd374b32f7 c63b5867a107491697ac9bcd374b32f7] 199.19.213.14 "GET /v2.0/networks/a695feb4-89a6-4a13-bb4d-f8aa5ba5b487?fields=provider%3Aphysical_network&fields=provider%3Anetwork_type HTTP/1.1" status: 200 len: 277 time: 0.0711358
2026-04-07 01:17:03.992 9 INFO neutron.wsgi [req-ce8175c3-e8ef-48ce-b95c-462d17645e4a req-a6afcbb0-99ce-4a4c-8572-75501f0f1362 00a5a09fe95c450bab7182fe8b42fb72 b31a14f2e2074701aa38077f6d990618 - - c63b5867a107491697ac9bcd374b32f7 c63b5867a107491697ac9bcd374b32f7] 199.19.213.14 "GET /v2.0/ports?tenant_id=53f37f422473403ebbed56f25860d3c1&device_id=816d8f7c-65a0-4031-8de4-8d48d1fbedbf HTTP/1.1" status: 200 len: 1636 time: 0.0412221
2026-04-07 01:17:04.067 9 INFO neutron.wsgi [req-ce8175c3-e8ef-48ce-b95c-462d17645e4a req-9972bcbf-3e7d-4d35-901f-21c7a0edf5e2 00a5a09fe95c450bab7182fe8b42fb72 b31a14f2e2074701aa38077f6d990618 - - c63b5867a107491697ac9bcd374b32f7 c63b5867a107491697ac9bcd374b32f7] 199.19.213.14 "GET /v2.0/networks?id=a695feb4-89a6-4a13-bb4d-f8aa5ba5b487 HTTP/1.1" status: 200 len: 1003 time: 0.0678611
2026-04-07 01:17:04.117 9 INFO neutron.wsgi [None req-cebe6830-765e-4789-852e-dc9aca5e32d8 3c33899970d241c6a7a3e65063d0e430 861374040eab458bb37e4cf587b1cb6c - - default default] 10.0.0.132 "DELETE /v2.0/security-groups/f02c99f4-d845-43c1-807d-02d681c067d7 HTTP/1.1" status: 204 len: 168 time: 0.2903724
2026-04-07 01:17:04.119 9 INFO neutron.wsgi [req-ce8175c3-e8ef-48ce-b95c-462d17645e4a req-a52b9f68-9dd4-44eb-baa7-26316b1148ce 00a5a09fe95c450bab7182fe8b42fb72 b31a14f2e2074701aa38077f6d990618 - - c63b5867a107491697ac9bcd374b32f7 c63b5867a107491697ac9bcd374b32f7] 199.19.213.14 "GET /v2.0/floatingips?fixed_ip_address=10.2.1.152&port_id=9ab98384-e442-48fe-b609-6054fc0551d5 HTTP/1.1" status: 200 len: 217 time: 0.0440543
2026-04-07 01:17:04.149 9 INFO neutron.wsgi [req-ce8175c3-e8ef-48ce-b95c-462d17645e4a req-6526855b-d0df-419f-a1d1-51011a213981 00a5a09fe95c450bab7182fe8b42fb72 b31a14f2e2074701aa38077f6d990618 - - c63b5867a107491697ac9bcd374b32f7 c63b5867a107491697ac9bcd374b32f7] 199.19.213.14 "GET /v2.0/floatingips?fixed_ip_address=fd7b%3Af9f7%3Afff%3A4eca%3A%3A349&port_id=9ab98384-e442-48fe-b609-6054fc0551d5 HTTP/1.1" status: 200 len: 217 time: 0.0211544
2026-04-07 01:17:04.202 9 INFO neutron.wsgi [req-ce8175c3-e8ef-48ce-b95c-462d17645e4a req-4b0cc2a1-7705-4964-b5dd-9a441624f5f1 00a5a09fe95c450bab7182fe8b42fb72 b31a14f2e2074701aa38077f6d990618 - - c63b5867a107491697ac9bcd374b32f7 c63b5867a107491697ac9bcd374b32f7] 199.19.213.14 "GET /v2.0/subnets?id=bb5e57c9-9fe8-480f-8f75-da30c69e88a6&id=b00d88ec-8bfa-46a9-af29-a382d71626b9 HTTP/1.1" status: 200 len: 1562 time: 0.0481849
2026-04-07 01:17:04.220 9 INFO neutron.wsgi [-] 10.0.0.218 "GET / HTTP/1.1" status: 200 len: 247 time: 0.0013573
2026-04-07 01:17:04.230 9 INFO neutron.wsgi [req-ce8175c3-e8ef-48ce-b95c-462d17645e4a req-d355cbb3-0657-4d8f-b2f1-5ef4b12d140e 00a5a09fe95c450bab7182fe8b42fb72 b31a14f2e2074701aa38077f6d990618 - - c63b5867a107491697ac9bcd374b32f7 c63b5867a107491697ac9bcd374b32f7] 199.19.213.14 "GET /v2.0/ports?network_id=a695feb4-89a6-4a13-bb4d-f8aa5ba5b487&device_owner=network%3Adhcp HTTP/1.1" status: 200 len: 210 time: 0.0228100
2026-04-07 01:17:04.232 10 INFO neutron.wsgi [-] 10.0.0.218 "GET / HTTP/1.1" status: 200 len: 247 time: 0.0033047
2026-04-07 01:17:04.276 9 INFO neutron.wsgi [req-ce8175c3-e8ef-48ce-b95c-462d17645e4a req-0c55c1d7-c1bf-4ebd-b394-d529db345119 00a5a09fe95c450bab7182fe8b42fb72 b31a14f2e2074701aa38077f6d990618 - - c63b5867a107491697ac9bcd374b32f7 c63b5867a107491697ac9bcd374b32f7] 199.19.213.14 "GET /v2.0/ports?network_id=a695feb4-89a6-4a13-bb4d-f8aa5ba5b487&device_owner=network%3Adhcp HTTP/1.1" status: 200 len: 210 time: 0.0359707
2026-04-07 01:17:04.351 9 INFO neutron.wsgi [req-ce8175c3-e8ef-48ce-b95c-462d17645e4a req-15051961-2982-4b4b-8d89-f0b3a0829293 00a5a09fe95c450bab7182fe8b42fb72 b31a14f2e2074701aa38077f6d990618 - - c63b5867a107491697ac9bcd374b32f7 c63b5867a107491697ac9bcd374b32f7] 199.19.213.14 "GET /v2.0/networks/a695feb4-89a6-4a13-bb4d-f8aa5ba5b487?fields=segments HTTP/1.1" status: 200 len: 212 time: 0.0658107
2026-04-07 01:17:04.432 9 INFO neutron.wsgi [req-ce8175c3-e8ef-48ce-b95c-462d17645e4a req-4c9c81c6-fa82-46dc-86fb-c5cc530e9ae9 00a5a09fe95c450bab7182fe8b42fb72 b31a14f2e2074701aa38077f6d990618 - - c63b5867a107491697ac9bcd374b32f7 c63b5867a107491697ac9bcd374b32f7] 199.19.213.14 "GET /v2.0/networks/a695feb4-89a6-4a13-bb4d-f8aa5ba5b487?fields=provider%3Aphysical_network&fields=provider%3Anetwork_type HTTP/1.1" status: 200 len: 277 time: 0.0759413
2026-04-07 01:17:04.826 9 INFO neutron.wsgi [None req-7a25f88b-7199-4b45-8e55-529e2503a5bb 14ad9df9b02640b290856de26f95ba69 bc5f693692674c41a70717d6683b18b2 - - default default] 10.0.0.132 "GET /v2.0/ports/3593339c-8253-4238-b94e-668fed275d50 HTTP/1.1" status: 200 len: 1135 time: 0.0376253
2026-04-07 01:17:05.524 9 WARNING neutron_lib.context [None req-b852d2db-494b-4827-9b1a-b9a94a590c89 0f380ebcbcd0427f8d31ca8e372e9108 d680f0c9f68b43599bf0596cf46df295 - - default default] Method 'is_advsvc' is deprecated since 2023.2 release (neutron-lib 3.8.0) and will be removed once support for the old RBAC API policies will be removed from Neutron. Please use method 'is_service_role' instead.
2026-04-07 01:17:05.579 9 INFO neutron.wsgi [None req-b852d2db-494b-4827-9b1a-b9a94a590c89 0f380ebcbcd0427f8d31ca8e372e9108 d680f0c9f68b43599bf0596cf46df295 - - default default] 10.0.0.132 "POST /v2.0/subnetpools HTTP/1.1" status: 201 len: 715 time: 0.2237172
2026-04-07 01:17:05.592 9 WARNING neutron_lib.context [None req-fce325a0-1578-4151-9f34-ada4d169a07f 0f380ebcbcd0427f8d31ca8e372e9108 d680f0c9f68b43599bf0596cf46df295 - - default default] Method 'is_advsvc' is deprecated since 2023.2 release (neutron-lib 3.8.0) and will be removed once support for the old RBAC API policies will be removed from Neutron. Please use method 'is_service_role' instead.
2026-04-07 01:17:05.647 9 INFO neutron.wsgi [None req-fce325a0-1578-4151-9f34-ada4d169a07f 0f380ebcbcd0427f8d31ca8e372e9108 d680f0c9f68b43599bf0596cf46df295 - - default default] 10.0.0.132 "POST /v2.0/subnetpools HTTP/1.1" status: 201 len: 715 time: 0.0610352
2026-04-07 01:17:05.667 9 WARNING neutron_lib.context [None req-f55d6145-031c-4096-9162-f07cd000d1a1 0f380ebcbcd0427f8d31ca8e372e9108 d680f0c9f68b43599bf0596cf46df295 - - default default] Method 'is_advsvc' is deprecated since 2023.2 release (neutron-lib 3.8.0) and will be removed once support for the old RBAC API policies will be removed from Neutron. Please use method 'is_service_role' instead.
2026-04-07 01:17:05.723 9 INFO neutron.wsgi [None req-f55d6145-031c-4096-9162-f07cd000d1a1 0f380ebcbcd0427f8d31ca8e372e9108 d680f0c9f68b43599bf0596cf46df295 - - default default] 10.0.0.132 "POST /v2.0/subnetpools HTTP/1.1" status: 201 len: 715 time: 0.0635166
2026-04-07 01:17:05.733 9 WARNING neutron_lib.context [None req-ad15d6cd-305f-44ea-ada1-353750007b09 0f380ebcbcd0427f8d31ca8e372e9108 d680f0c9f68b43599bf0596cf46df295 - - default default] Method 'is_advsvc' is deprecated since 2023.2 release (neutron-lib 3.8.0) and will be removed once support for the old RBAC API policies will be removed from Neutron. Please use method 'is_service_role' instead.
2026-04-07 01:17:05.777 9 INFO neutron.wsgi [None req-ad15d6cd-305f-44ea-ada1-353750007b09 0f380ebcbcd0427f8d31ca8e372e9108 d680f0c9f68b43599bf0596cf46df295 - - default default] 10.0.0.132 "POST /v2.0/subnetpools HTTP/1.1" status: 201 len: 715 time: 0.0484166
2026-04-07 01:17:05.792 10 WARNING neutron_lib.context [None req-3a2150e1-37f4-4b86-96b2-7dc79b7ac4f5 0f380ebcbcd0427f8d31ca8e372e9108 d680f0c9f68b43599bf0596cf46df295 - - default default] Method 'is_advsvc' is deprecated since 2023.2 release (neutron-lib 3.8.0) and will be removed once support for the old RBAC API policies will be removed from Neutron. Please use method 'is_service_role' instead.
2026-04-07 01:17:05.871 9 INFO neutron.wsgi [None req-a5c0f756-7019-4a63-ae58-ca3f0d53f006 14ad9df9b02640b290856de26f95ba69 bc5f693692674c41a70717d6683b18b2 - - default default] 10.0.0.132 "GET /v2.0/ports/3593339c-8253-4238-b94e-668fed275d50 HTTP/1.1" status: 200 len: 1135 time: 0.0362608
2026-04-07 01:17:05.880 10 INFO neutron.wsgi [None req-3a2150e1-37f4-4b86-96b2-7dc79b7ac4f5 0f380ebcbcd0427f8d31ca8e372e9108 d680f0c9f68b43599bf0596cf46df295 - - default default] 10.0.0.132 "POST /v2.0/subnetpools HTTP/1.1" status: 201 len: 715 time: 0.0961995
2026-04-07 01:17:05.923 9 INFO neutron.wsgi [None req-7a006e6b-9887-4b4d-917c-4f53adf96370 0f380ebcbcd0427f8d31ca8e372e9108 d680f0c9f68b43599bf0596cf46df295 - - default default] 10.0.0.132 "PUT /v2.0/subnetpools/88127f26-52e4-4319-819d-d11b792ffff5/tags HTTP/1.1" status: 200 len: 210 time: 0.0356309
2026-04-07 01:17:05.963 9 INFO neutron.wsgi [None req-21082816-fc6d-4eee-add9-a7668fb1ee0c 0f380ebcbcd0427f8d31ca8e372e9108 d680f0c9f68b43599bf0596cf46df295 - - default default] 10.0.0.132 "PUT /v2.0/subnetpools/3396a2be-8284-4c82-b7ff-f76ed513b497/tags HTTP/1.1" status: 200 len: 218 time: 0.0358434
2026-04-07 01:17:06.004 9 INFO neutron.wsgi [None req-73a4d054-ef64-488e-afc7-67d02c3ba1f0 0f380ebcbcd0427f8d31ca8e372e9108 d680f0c9f68b43599bf0596cf46df295 - - default default] 10.0.0.132 "PUT /v2.0/subnetpools/5d91257f-cf6e-4fc2-95eb-ec8c8dd0e2d9/tags HTTP/1.1" status: 200 len: 227 time: 0.0351107
2026-04-07 01:17:06.044 9 INFO neutron.wsgi [None req-b0bd077e-51aa-4d64-a34e-ca3f5565f49a 0f380ebcbcd0427f8d31ca8e372e9108 d680f0c9f68b43599bf0596cf46df295 - - default default] 10.0.0.132 "PUT /v2.0/subnetpools/cc511e42-4c8d-4d65-9273-710f5d50031f/tags HTTP/1.1" status: 200 len: 212 time: 0.0336709
2026-04-07 01:17:06.071 9 INFO neutron.wsgi [None req-139b2936-f244-4832-aff4-f12881add991 0f380ebcbcd0427f8d31ca8e372e9108 d680f0c9f68b43599bf0596cf46df295 - - default default] 10.0.0.132 "GET /v2.0/subnetpools?tags=red HTTP/1.1" status: 200 len: 1758 time: 0.0222104
2026-04-07 01:17:06.097 9 INFO neutron.wsgi [None req-0426123a-89c3-44f4-93f3-a2f292835404 0f380ebcbcd0427f8d31ca8e372e9108 d680f0c9f68b43599bf0596cf46df295 - - default default] 10.0.0.132 "GET /v2.0/subnetpools?tags=red%2Cblue HTTP/1.1" status: 200 len: 1251 time: 0.0200043
2026-04-07 01:17:06.125 9 INFO neutron.wsgi [None req-cd70ec4c-98c0-4f24-b899-2cf33080c779 0f380ebcbcd0427f8d31ca8e372e9108 d680f0c9f68b43599bf0596cf46df295 - - default default] 10.0.0.132 "GET /v2.0/subnetpools?tags-any=blue HTTP/1.1" status: 200 len: 1251 time: 0.0233333
2026-04-07 01:17:06.384 9 INFO neutron.wsgi [None req-4e55b393-0530-4954-ab0d-0146215697ff 0f380ebcbcd0427f8d31ca8e372e9108 d680f0c9f68b43599bf0596cf46df295 - - default default] 10.0.0.132 "GET /v2.0/subnetpools?tags-any=red%2Cblue HTTP/1.1" status: 200 len: 1758 time: 0.2550039
2026-04-07 01:17:06.433 10 INFO neutron.wsgi [None req-63dc8e7a-d9dc-4212-bbba-db551a747a12 0f380ebcbcd0427f8d31ca8e372e9108 d680f0c9f68b43599bf0596cf46df295 - - default default] 10.0.0.132 "GET /v2.0/subnetpools?not-tags=red HTTP/1.1" status: 200 len: 1223 time: 0.0423338
2026-04-07 01:17:06.473 9 INFO neutron.wsgi [None req-9dd3b554-e378-43a1-8701-d58f702768eb 0f380ebcbcd0427f8d31ca8e372e9108 d680f0c9f68b43599bf0596cf46df295 - - default default] 10.0.0.132 "GET /v2.0/subnetpools?not-tags=red%2Cblue HTTP/1.1" status: 200 len: 1730 time: 0.0285156
2026-04-07 01:17:06.492 10 INFO neutron.wsgi [req-8e693278-0607-488f-b8b7-4aa6031f1ba0 req-4a306140-a2bc-4905-9713-e330ed8499c7 126075eba3814b49a018ef6a2b5ffb92 53f37f422473403ebbed56f25860d3c1 - - default default] 10.0.0.32 "GET /v2.0/ports?device_id=816d8f7c-65a0-4031-8de4-8d48d1fbedbf HTTP/1.1" status: 200 len: 1398 time: 0.1210322
2026-04-07 01:17:06.504 9 INFO neutron.wsgi [None req-fdc74566-e5e1-47c6-ac42-7153d618d7b4 0f380ebcbcd0427f8d31ca8e372e9108 d680f0c9f68b43599bf0596cf46df295 - - default default] 10.0.0.132 "GET /v2.0/subnetpools?not-tags-any=blue HTTP/1.1" status: 200 len: 1730 time: 0.0226984
2026-04-07 01:17:06.533 9 INFO neutron.wsgi [None req-9058f394-fa39-4e43-9ae4-6925ee9ce89e 0f380ebcbcd0427f8d31ca8e372e9108 d680f0c9f68b43599bf0596cf46df295 - - default default] 10.0.0.132 "GET /v2.0/subnetpools?not-tags-any=red%2Cblue HTTP/1.1" status: 200 len: 1223 time: 0.0205600
2026-04-07 01:17:06.557 10 INFO neutron.wsgi [req-8e693278-0607-488f-b8b7-4aa6031f1ba0 req-3a41796c-155e-4504-b129-b01f13b9d151 126075eba3814b49a018ef6a2b5ffb92 53f37f422473403ebbed56f25860d3c1 - - default default] 10.0.0.32 "GET /v2.0/security-groups?id=2807af5d-9b64-4fa4-acec-bdc56cce30eb&fields=id&fields=name HTTP/1.1" status: 200 len: 310 time: 0.0577257
2026-04-07 01:17:06.598 9 INFO neutron.wsgi [None req-51e489df-4c6c-48bb-9d0e-6b8880796de6 0f380ebcbcd0427f8d31ca8e372e9108 d680f0c9f68b43599bf0596cf46df295 - - default default] 10.0.0.132 "DELETE /v2.0/subnetpools/88127f26-52e4-4319-819d-d11b792ffff5 HTTP/1.1" status: 204 len: 168 time: 0.0573809
2026-04-07 01:17:06.651 9 INFO neutron.wsgi [None req-e4204ba0-4f0d-4039-b8fa-b48b0ce8214b 0f380ebcbcd0427f8d31ca8e372e9108 d680f0c9f68b43599bf0596cf46df295 - - default default] 10.0.0.132 "DELETE /v2.0/subnetpools/3396a2be-8284-4c82-b7ff-f76ed513b497 HTTP/1.1" status: 204 len: 168 time: 0.0484338
2026-04-07 01:17:06.703 9 INFO neutron.wsgi [None req-70a8bd85-c255-4cd8-b11b-166b9c0a78c7 0f380ebcbcd0427f8d31ca8e372e9108 d680f0c9f68b43599bf0596cf46df295 - - default default] 10.0.0.132 "DELETE /v2.0/subnetpools/5d91257f-cf6e-4fc2-95eb-ec8c8dd0e2d9 HTTP/1.1" status: 204 len: 168 time: 0.0475211
2026-04-07 01:17:06.765 9 INFO neutron.wsgi [None req-f6ea1039-b0fc-4e6f-a853-150b759b43a6 0f380ebcbcd0427f8d31ca8e372e9108 d680f0c9f68b43599bf0596cf46df295 - - default default] 10.0.0.132 "DELETE /v2.0/subnetpools/cc511e42-4c8d-4d65-9273-710f5d50031f HTTP/1.1" status: 204 len: 168 time: 0.0557067
2026-04-07 01:17:06.814 9 INFO neutron.wsgi [None req-7052be22-2f87-4ac0-be8a-3c61e6f1e93e 0f380ebcbcd0427f8d31ca8e372e9108 d680f0c9f68b43599bf0596cf46df295 - - default default] 10.0.0.132 "DELETE /v2.0/subnetpools/633199bd-05c3-4ffc-a86d-d849367f8f7b HTTP/1.1" status: 204 len: 168 time: 0.0424905
2026-04-07 01:17:06.907 9 INFO neutron.wsgi [None req-6afcbbcd-a885-4978-b227-f53941ea6f6c 14ad9df9b02640b290856de26f95ba69 bc5f693692674c41a70717d6683b18b2 - - default default] 10.0.0.132 "GET /v2.0/ports/3593339c-8253-4238-b94e-668fed275d50 HTTP/1.1" status: 200 len: 1135 time: 0.0290616
2026-04-07 01:17:08.009 10 INFO neutron.wsgi [None req-8ede3626-67d2-40d0-bb92-6a5e5d722430 14ad9df9b02640b290856de26f95ba69 bc5f693692674c41a70717d6683b18b2 - - default default] 10.0.0.132 "GET /v2.0/ports/3593339c-8253-4238-b94e-668fed275d50 HTTP/1.1" status: 200 len: 1135 time: 0.0937057
2026-04-07 01:17:08.039 9 INFO neutron.db.ovn_revision_numbers_db [None req-49f759b3-a3c8-469f-87a9-05e43d719c33 3c33899970d241c6a7a3e65063d0e430 861374040eab458bb37e4cf587b1cb6c - - default default] Successfully bumped revision number for resource aee1e56c-db82-4bd9-a077-92662dba0a2f (type: security_groups) to 1
2026-04-07 01:17:08.066 9 INFO neutron.db.ovn_revision_numbers_db [None req-49f759b3-a3c8-469f-87a9-05e43d719c33 3c33899970d241c6a7a3e65063d0e430 861374040eab458bb37e4cf587b1cb6c - - default default] Successfully bumped revision number for resource 6c413627-ec3d-4bf2-9457-ac6e49944bc0 (type: security_group_rules) to 0
2026-04-07 01:17:08.084 9 INFO neutron.db.ovn_revision_numbers_db [None req-49f759b3-a3c8-469f-87a9-05e43d719c33 3c33899970d241c6a7a3e65063d0e430 861374040eab458bb37e4cf587b1cb6c - - default default] Successfully bumped revision number for resource 90e5c994-6791-49fc-a100-69c12e3624d6 (type: security_group_rules) to 0
2026-04-07 01:17:08.097 9 INFO neutron.db.ovn_revision_numbers_db [None req-49f759b3-a3c8-469f-87a9-05e43d719c33 3c33899970d241c6a7a3e65063d0e430 861374040eab458bb37e4cf587b1cb6c - - default default] Successfully bumped revision number for resource ca6aba60-ce0a-4788-a442-28ac5399978f (type: security_group_rules) to 0
2026-04-07 01:17:08.110 9 INFO neutron.db.ovn_revision_numbers_db [None req-49f759b3-a3c8-469f-87a9-05e43d719c33 3c33899970d241c6a7a3e65063d0e430 861374040eab458bb37e4cf587b1cb6c - - default default] Successfully bumped revision number for resource f06c22bc-8bb4-4e50-b15a-7390f4e58ebf (type: security_group_rules) to 0
2026-04-07 01:17:08.131 9 INFO neutron.wsgi [None req-49f759b3-a3c8-469f-87a9-05e43d719c33 3c33899970d241c6a7a3e65063d0e430 861374040eab458bb37e4cf587b1cb6c - - default default] 10.0.0.132 "GET /v2.0/security-groups?tenant_id=250f702cd85e4a90a786885d2c534e36&name=default HTTP/1.1" status: 200 len: 3120 time: 0.4565928
2026-04-07 01:17:08.220 10 WARNING neutron.plugins.ml2.drivers.ovn.mech_driver.ovsdb.ovn_client [None req-04cb8f12-12e9-471a-a750-65592ed9193b - - - - - -] No hosting information found for port e016bb07-6bde-40a0-98db-6b09983990ca: RuntimeError: No hosting information found for port e016bb07-6bde-40a0-98db-6b09983990ca
2026-04-07 01:17:08.220 10 INFO neutron.plugins.ml2.drivers.ovn.mech_driver.mech_driver [None req-04cb8f12-12e9-471a-a750-65592ed9193b - - - - - -] OVN reports status up for port: e6124cc8-908f-4e24-ae7a-00687640d9fa
2026-04-07 01:17:08.232 10 INFO neutron.plugins.ml2.plugin [None req-04cb8f12-12e9-471a-a750-65592ed9193b - - - - - -] Attempt 1 to provision port e6124cc8-908f-4e24-ae7a-00687640d9fa
2026-04-07 01:17:08.397 10 INFO neutron.wsgi [None req-e433c762-6ee4-4d87-ac4c-95c41fa577c8 3c33899970d241c6a7a3e65063d0e430 861374040eab458bb37e4cf587b1cb6c - - default default] 10.0.0.132 "DELETE /v2.0/security-groups/aee1e56c-db82-4bd9-a077-92662dba0a2f HTTP/1.1" status: 204 len: 168 time: 0.2603426
2026-04-07 01:17:08.641 9 INFO neutron.db.ovn_revision_numbers_db [None req-238c878e-5f98-4201-aa2f-7a59977a146c 3c33899970d241c6a7a3e65063d0e430 861374040eab458bb37e4cf587b1cb6c - - default default] Successfully bumped revision number for resource bf944454-9530-4626-8626-547cce919c7e (type: security_groups) to 1
2026-04-07 01:17:08.656 9 INFO neutron.db.ovn_revision_numbers_db [None req-238c878e-5f98-4201-aa2f-7a59977a146c 3c33899970d241c6a7a3e65063d0e430 861374040eab458bb37e4cf587b1cb6c - - default default] Successfully bumped revision number for resource 0861d0f2-e924-4e4c-9f32-e21b5f5cef4a (type: security_group_rules) to 0
2026-04-07 01:17:08.668 9 INFO neutron.db.ovn_revision_numbers_db [None req-238c878e-5f98-4201-aa2f-7a59977a146c 3c33899970d241c6a7a3e65063d0e430 861374040eab458bb37e4cf587b1cb6c - - default default] Successfully bumped revision number for resource 2a89dd5f-da92-4cb6-ac51-8f2fa4c117ca (type: security_group_rules) to 0
2026-04-07 01:17:08.669 10 INFO neutron.db.ovn_revision_numbers_db [None req-13c33d1a-e1fa-45cd-b8b3-af322bdf2dec d619b48c73824882a826955b76e8945d c633d9aaadd845859102280473ba218d - - default default] Successfully bumped revision number for resource 863083e1-bf7e-4851-a8f1-ab42828066d7 (type: security_groups) to 1
2026-04-07 01:17:08.681 9 INFO neutron.db.ovn_revision_numbers_db [None req-238c878e-5f98-4201-aa2f-7a59977a146c 3c33899970d241c6a7a3e65063d0e430 861374040eab458bb37e4cf587b1cb6c - - default default] Successfully bumped revision number for resource 9ee94dab-0b05-49eb-9f0e-df8ee195a231 (type: security_group_rules) to 0
2026-04-07 01:17:08.690 10 INFO neutron.db.ovn_revision_numbers_db [None req-13c33d1a-e1fa-45cd-b8b3-af322bdf2dec d619b48c73824882a826955b76e8945d c633d9aaadd845859102280473ba218d - - default default] Successfully bumped revision number for resource 0a5af0f9-c2ea-49dd-b22e-5ff77d606eec (type: security_group_rules) to 0
2026-04-07 01:17:08.691 10 INFO neutron.db.ovn_revision_numbers_db [None req-04cb8f12-12e9-471a-a750-65592ed9193b - - - - - -] Successfully bumped revision number for resource e6124cc8-908f-4e24-ae7a-00687640d9fa (type: ports) to 2
2026-04-07 01:17:08.697 9 INFO neutron.db.ovn_revision_numbers_db [None req-238c878e-5f98-4201-aa2f-7a59977a146c 3c33899970d241c6a7a3e65063d0e430 861374040eab458bb37e4cf587b1cb6c - - default default] Successfully bumped revision number for resource d757712a-6f37-4008-a836-79bd67c5a40d (type: security_group_rules) to 0
2026-04-07 01:17:08.705 10 INFO neutron.db.ovn_revision_numbers_db [None req-13c33d1a-e1fa-45cd-b8b3-af322bdf2dec d619b48c73824882a826955b76e8945d c633d9aaadd845859102280473ba218d - - default default] Successfully bumped revision number for resource 3060a72a-b32f-40f5-8b84-4bf3aaf9b214 (type: security_group_rules) to 0
2026-04-07 01:17:08.718 9 INFO neutron.wsgi [None req-238c878e-5f98-4201-aa2f-7a59977a146c 3c33899970d241c6a7a3e65063d0e430 861374040eab458bb37e4cf587b1cb6c - - default default] 10.0.0.132 "GET /v2.0/security-groups?tenant_id=a29fe2500ff84fff97d79cdb46cdf96e&name=default HTTP/1.1" status: 200 len: 3120 time: 0.2117281
2026-04-07 01:17:08.761 10 INFO neutron.db.ovn_revision_numbers_db [None req-13c33d1a-e1fa-45cd-b8b3-af322bdf2dec d619b48c73824882a826955b76e8945d c633d9aaadd845859102280473ba218d - - default default] Successfully bumped revision number for resource 57235e82-0cea-4332-b184-1d29c730b566 (type: security_group_rules) to 0
2026-04-07 01:17:08.782 10 INFO neutron.db.ovn_revision_numbers_db [None req-13c33d1a-e1fa-45cd-b8b3-af322bdf2dec d619b48c73824882a826955b76e8945d c633d9aaadd845859102280473ba218d - - default default] Successfully bumped revision number for resource 8f304d85-6272-4032-9541-b163cb0fbe38 (type: security_group_rules) to 0
2026-04-07 01:17:08.845 10 INFO neutron.db.segments_db [None req-13c33d1a-e1fa-45cd-b8b3-af322bdf2dec d619b48c73824882a826955b76e8945d c633d9aaadd845859102280473ba218d - - default default] Added segment bc09f9b5-74e8-45ba-8f87-10e1e4bc7c95 of type geneve for network 0537598f-7dcd-42fe-a728-4738d07e2b50
2026-04-07 01:17:08.864 10 INFO neutron.db.ovn_revision_numbers_db [None req-04cb8f12-12e9-471a-a750-65592ed9193b - - - - - -] Successfully bumped revision number for resource e6124cc8-908f-4e24-ae7a-00687640d9fa (type: router_ports) to 2
2026-04-07 01:17:08.942 9 INFO neutron.wsgi [None req-40803c2d-8716-467a-ad43-668063ff8875 3c33899970d241c6a7a3e65063d0e430 861374040eab458bb37e4cf587b1cb6c - - default default] 10.0.0.132 "DELETE /v2.0/security-groups/bf944454-9530-4626-8626-547cce919c7e HTTP/1.1" status: 204 len: 168 time: 0.2183402
2026-04-07 01:17:09.037 10 INFO neutron.db.ovn_revision_numbers_db [None req-13c33d1a-e1fa-45cd-b8b3-af322bdf2dec d619b48c73824882a826955b76e8945d c633d9aaadd845859102280473ba218d - - default default] Successfully bumped revision number for resource 0537598f-7dcd-42fe-a728-4738d07e2b50 (type: networks) to 1
2026-04-07 01:17:09.129 9 INFO neutron.wsgi [None req-18d47e9f-bd68-43db-ad35-6c72a87eecc2 14ad9df9b02640b290856de26f95ba69 bc5f693692674c41a70717d6683b18b2 - - default default] 10.0.0.132 "GET /v2.0/ports/3593339c-8253-4238-b94e-668fed275d50 HTTP/1.1" status: 200 len: 1135 time: 0.1133256
2026-04-07 01:17:09.223 10 WARNING neutron.scheduler.dhcp_agent_scheduler [None req-13c33d1a-e1fa-45cd-b8b3-af322bdf2dec d619b48c73824882a826955b76e8945d c633d9aaadd845859102280473ba218d - - default default] No more DHCP agents
2026-04-07 01:17:09.225 10 WARNING neutron.api.rpc.agentnotifiers.dhcp_rpc_agent_api [None req-13c33d1a-e1fa-45cd-b8b3-af322bdf2dec d619b48c73824882a826955b76e8945d c633d9aaadd845859102280473ba218d - - default default] Unable to schedule network 0537598f-7dcd-42fe-a728-4738d07e2b50: no agents available; will retry on subsequent port and subnet creation events.
2026-04-07 01:17:09.239 9 INFO neutron.db.ovn_revision_numbers_db [None req-cc552fb5-7294-4d8e-90ea-fa61fe9ae629 3c33899970d241c6a7a3e65063d0e430 861374040eab458bb37e4cf587b1cb6c - - default default] Successfully bumped revision number for resource 27ca7059-1bdb-49a4-9af0-24961232e1a1 (type: security_groups) to 1
2026-04-07 01:17:09.253 9 INFO neutron.db.ovn_revision_numbers_db [None req-cc552fb5-7294-4d8e-90ea-fa61fe9ae629 3c33899970d241c6a7a3e65063d0e430 861374040eab458bb37e4cf587b1cb6c - - default default] Successfully bumped revision number for resource 1010f240-3f16-40a6-8b0b-62ca0a372b49 (type: security_group_rules) to 0
2026-04-07 01:17:09.266 9 INFO neutron.db.ovn_revision_numbers_db [None req-cc552fb5-7294-4d8e-90ea-fa61fe9ae629 3c33899970d241c6a7a3e65063d0e430 861374040eab458bb37e4cf587b1cb6c - - default default] Successfully bumped revision number for resource 2cba587e-653b-4ab7-b41a-c5e8ce22d8e9 (type: security_group_rules) to 0
2026-04-07 01:17:09.288 9 INFO neutron.db.ovn_revision_numbers_db [None req-cc552fb5-7294-4d8e-90ea-fa61fe9ae629 3c33899970d241c6a7a3e65063d0e430 861374040eab458bb37e4cf587b1cb6c - - default default] Successfully bumped revision number for resource 3d749a0c-cf1d-4758-9d53-31b51bd78e11 (type: security_group_rules) to 0
2026-04-07 01:17:09.304 9 INFO neutron.db.ovn_revision_numbers_db [None req-cc552fb5-7294-4d8e-90ea-fa61fe9ae629 3c33899970d241c6a7a3e65063d0e430 861374040eab458bb37e4cf587b1cb6c - - default default] Successfully bumped revision number for resource cb3d477a-e18e-4df8-b81c-659e3ffc1026 (type: security_group_rules) to 0
2026-04-07 01:17:09.309 10 INFO neutron.db.ovn_revision_numbers_db [None req-13c33d1a-e1fa-45cd-b8b3-af322bdf2dec d619b48c73824882a826955b76e8945d c633d9aaadd845859102280473ba218d - - default default] Successfully bumped revision number for resource 98fcdd14-af72-4ddb-bbab-c3739f4489f0 (type: ports) to 1
2026-04-07 01:17:09.328 9 INFO neutron.wsgi [None req-cc552fb5-7294-4d8e-90ea-fa61fe9ae629 3c33899970d241c6a7a3e65063d0e430 861374040eab458bb37e4cf587b1cb6c - - default default] 10.0.0.132 "GET /v2.0/security-groups?tenant_id=d680f0c9f68b43599bf0596cf46df295&name=default HTTP/1.1" status: 200 len: 3120 time: 0.2455447
2026-04-07 01:17:09.334 10 INFO neutron.wsgi [None req-13c33d1a-e1fa-45cd-b8b3-af322bdf2dec d619b48c73824882a826955b76e8945d c633d9aaadd845859102280473ba218d - - default default] 10.0.0.132 "POST /v2.0/networks HTTP/1.1" status: 201 len: 929 time: 0.9452076
2026-04-07 01:17:09.485 10 WARNING neutron.scheduler.dhcp_agent_scheduler [None req-e3ed0cf7-1506-4f8e-8a00-f84e296938c3 d619b48c73824882a826955b76e8945d c633d9aaadd845859102280473ba218d - - default default] No more DHCP agents
2026-04-07 01:17:09.489 10 WARNING neutron.api.rpc.agentnotifiers.dhcp_rpc_agent_api [None req-e3ed0cf7-1506-4f8e-8a00-f84e296938c3 d619b48c73824882a826955b76e8945d c633d9aaadd845859102280473ba218d - - default default] Unable to schedule network 0537598f-7dcd-42fe-a728-4738d07e2b50: no agents available; will retry on subsequent port and subnet creation events.
2026-04-07 01:17:09.550 9 INFO neutron.wsgi [None req-32154056-bf91-4147-8812-16ee7f190080 3c33899970d241c6a7a3e65063d0e430 861374040eab458bb37e4cf587b1cb6c - - default default] 10.0.0.132 "DELETE /v2.0/security-groups/27ca7059-1bdb-49a4-9af0-24961232e1a1 HTTP/1.1" status: 204 len: 168 time: 0.2156811
2026-04-07 01:17:10.132 10 INFO neutron.db.ovn_revision_numbers_db [None req-e3ed0cf7-1506-4f8e-8a00-f84e296938c3 d619b48c73824882a826955b76e8945d c633d9aaadd845859102280473ba218d - - default default] Successfully bumped revision number for resource 98fcdd14-af72-4ddb-bbab-c3739f4489f0 (type: ports) to 2
2026-04-07 01:17:10.156 10 INFO neutron.db.ovn_revision_numbers_db [None req-e3ed0cf7-1506-4f8e-8a00-f84e296938c3 d619b48c73824882a826955b76e8945d c633d9aaadd845859102280473ba218d - - default default] Successfully bumped revision number for resource 0833d536-004d-4bad-abfe-377efc539da9 (type: subnets) to 0
2026-04-07 01:17:10.171 9 INFO neutron.wsgi [None req-e3190d22-db87-43b4-af58-bc3198cad5aa 14ad9df9b02640b290856de26f95ba69 bc5f693692674c41a70717d6683b18b2 - - default default] 10.0.0.132 "GET /v2.0/ports/3593339c-8253-4238-b94e-668fed275d50 HTTP/1.1" status: 200 len: 1135 time: 0.0358534
2026-04-07 01:17:10.179 10 INFO neutron.wsgi [None req-e3ed0cf7-1506-4f8e-8a00-f84e296938c3 d619b48c73824882a826955b76e8945d c633d9aaadd845859102280473ba218d - - default default] 10.0.0.132 "POST /v2.0/subnets HTTP/1.1" status: 201 len: 819 time: 0.8404386
2026-04-07 01:17:10.189 10 WARNING neutron.api.v2.base [None req-83503193-c138-42cf-b372-76c15ef22b13 d619b48c73824882a826955b76e8945d c633d9aaadd845859102280473ba218d - - default default] An exception happened while processing the request body. The exception message is [Invalid input for target_tenant. Reason: 'None' is not a valid string.].: webob.exc.HTTPBadRequest: Invalid input for target_tenant. Reason: 'None' is not a valid string.
2026-04-07 01:17:10.189 10 INFO neutron.api.v2.resource [None req-83503193-c138-42cf-b372-76c15ef22b13 d619b48c73824882a826955b76e8945d c633d9aaadd845859102280473ba218d - - default default] create failed (client error): Invalid input for target_tenant. Reason: 'None' is not a valid string.
2026-04-07 01:17:10.190 10 INFO neutron.wsgi [None req-83503193-c138-42cf-b372-76c15ef22b13 d619b48c73824882a826955b76e8945d c633d9aaadd845859102280473ba218d - - default default] 10.0.0.132 "POST /v2.0/rbac-policies HTTP/1.1" status: 400 len: 346 time: 0.0049706
2026-04-07 01:17:10.640 10 INFO neutron.services.segments.plugin [-] Segment bc09f9b5-74e8-45ba-8f87-10e1e4bc7c95 resource provider aggregate not found
2026-04-07 01:17:10.645 10 INFO neutron.services.segments.plugin [-] Segment bc09f9b5-74e8-45ba-8f87-10e1e4bc7c95 resource provider aggregate not found
2026-04-07 01:17:10.656 10 INFO neutron.services.segments.plugin [-] Segment bc09f9b5-74e8-45ba-8f87-10e1e4bc7c95 resource provider not found; error: Placement Client Error (4xx): {"errors": [{"status": 404, "title": "Not Found", "detail": "The resource could not be found.\n\n No resource provider with uuid bc09f9b5-74e8-45ba-8f87-10e1e4bc7c95 found for delete ", "request_id": "req-b7213ba9-2e87-41c1-bb12-a04c74d91506"}]}
2026-04-07 01:17:10.661 10 INFO neutron.services.segments.plugin [-] Segment bc09f9b5-74e8-45ba-8f87-10e1e4bc7c95 resource provider not found; error: Placement Client Error (4xx): {"errors": [{"status": 404, "title": "Not Found", "detail": "The resource could not be found.\n\n No resource provider with uuid bc09f9b5-74e8-45ba-8f87-10e1e4bc7c95 found for delete ", "request_id": "req-2b301591-91d0-44c6-b196-c1c3a6a53326"}]}
2026-04-07 01:17:10.674 10 INFO neutron.wsgi [None req-8e8a5fbf-6fbd-4b1b-90e8-fb846b107032 d619b48c73824882a826955b76e8945d c633d9aaadd845859102280473ba218d - - default default] 10.0.0.132 "DELETE /v2.0/networks/0537598f-7dcd-42fe-a728-4738d07e2b50 HTTP/1.1" status: 204 len: 168 time: 0.4804001
2026-04-07 01:17:10.774 9 INFO neutron.db.segments_db [None req-0b8994b2-ca2d-4ab0-b7ae-9ae16860f850 d619b48c73824882a826955b76e8945d c633d9aaadd845859102280473ba218d - - default default] Added segment 4e1e2043-f278-4c39-9deb-d136381df4bf of type geneve for network 04aaeb4c-8bc0-4b3d-8acd-64518e93e359
2026-04-07 01:17:10.924 9 INFO neutron.db.ovn_revision_numbers_db [None req-0b8994b2-ca2d-4ab0-b7ae-9ae16860f850 d619b48c73824882a826955b76e8945d c633d9aaadd845859102280473ba218d - - default default] Successfully bumped revision number for resource 04aaeb4c-8bc0-4b3d-8acd-64518e93e359 (type: networks) to 1
2026-04-07 01:17:11.099 9 WARNING neutron.scheduler.dhcp_agent_scheduler [None req-0b8994b2-ca2d-4ab0-b7ae-9ae16860f850 d619b48c73824882a826955b76e8945d c633d9aaadd845859102280473ba218d - - default default] No more DHCP agents
2026-04-07 01:17:11.102 9 WARNING neutron.api.rpc.agentnotifiers.dhcp_rpc_agent_api [None req-0b8994b2-ca2d-4ab0-b7ae-9ae16860f850 d619b48c73824882a826955b76e8945d c633d9aaadd845859102280473ba218d - - default default] Unable to schedule network 04aaeb4c-8bc0-4b3d-8acd-64518e93e359: no agents available; will retry on subsequent port and subnet creation events.
2026-04-07 01:17:11.210 9 INFO neutron.db.ovn_revision_numbers_db [None req-0b8994b2-ca2d-4ab0-b7ae-9ae16860f850 d619b48c73824882a826955b76e8945d c633d9aaadd845859102280473ba218d - - default default] Successfully bumped revision number for resource c0345b59-c25b-481a-a333-91bdb43544cd (type: ports) to 1
2026-04-07 01:17:11.217 10 INFO neutron.wsgi [None req-249abc4d-8ba9-46c9-93f6-a4a7c8d12e35 14ad9df9b02640b290856de26f95ba69 bc5f693692674c41a70717d6683b18b2 - - default default] 10.0.0.132 "GET /v2.0/ports/3593339c-8253-4238-b94e-668fed275d50 HTTP/1.1" status: 200 len: 1135 time: 0.0383642
2026-04-07 01:17:11.231 9 INFO neutron.wsgi [None req-0b8994b2-ca2d-4ab0-b7ae-9ae16860f850 d619b48c73824882a826955b76e8945d c633d9aaadd845859102280473ba218d - - default default] 10.0.0.132 "POST /v2.0/networks HTTP/1.1" status: 201 len: 928 time: 0.5496266
2026-04-07 01:17:11.400 9 WARNING neutron.scheduler.dhcp_agent_scheduler [None req-a4eb94b6-026c-41b2-9b66-6e5477a24522 d619b48c73824882a826955b76e8945d c633d9aaadd845859102280473ba218d - - default default] No more DHCP agents
2026-04-07 01:17:11.402 9 WARNING neutron.api.rpc.agentnotifiers.dhcp_rpc_agent_api [None req-a4eb94b6-026c-41b2-9b66-6e5477a24522 d619b48c73824882a826955b76e8945d c633d9aaadd845859102280473ba218d - - default default] Unable to schedule network 04aaeb4c-8bc0-4b3d-8acd-64518e93e359: no agents available; will retry on subsequent port and subnet creation events.
2026-04-07 01:17:11.752 10 INFO neutron.wsgi [req-aee6fc8d-a85a-443e-b914-f2db28c19876 req-8f83e1f2-f25f-4306-9634-ad769e491f00 126075eba3814b49a018ef6a2b5ffb92 53f37f422473403ebbed56f25860d3c1 - - default default] 10.0.0.32 "GET /v2.0/ports?device_id=816d8f7c-65a0-4031-8de4-8d48d1fbedbf HTTP/1.1" status: 200 len: 1398 time: 0.1011863
2026-04-07 01:17:11.803 10 INFO neutron.wsgi [req-aee6fc8d-a85a-443e-b914-f2db28c19876 req-324f034e-e51d-4f30-bd15-0f20cfbcb12b 126075eba3814b49a018ef6a2b5ffb92 53f37f422473403ebbed56f25860d3c1 - - default default] 10.0.0.32 "GET /v2.0/security-groups?id=2807af5d-9b64-4fa4-acec-bdc56cce30eb&fields=id&fields=name HTTP/1.1" status: 200 len: 310 time: 0.0414848
2026-04-07 01:17:11.889 9 INFO neutron.db.ovn_revision_numbers_db [None req-a4eb94b6-026c-41b2-9b66-6e5477a24522 d619b48c73824882a826955b76e8945d c633d9aaadd845859102280473ba218d - - default default] Successfully bumped revision number for resource c0345b59-c25b-481a-a333-91bdb43544cd (type: ports) to 2
2026-04-07 01:17:11.922 9 INFO neutron.db.ovn_revision_numbers_db [None req-a4eb94b6-026c-41b2-9b66-6e5477a24522 d619b48c73824882a826955b76e8945d c633d9aaadd845859102280473ba218d - - default default] Successfully bumped revision number for resource 77747742-8cdd-4797-b1f8-6533ea7630ff (type: subnets) to 0
2026-04-07 01:17:11.938 9 INFO neutron.wsgi [None req-a4eb94b6-026c-41b2-9b66-6e5477a24522 d619b48c73824882a826955b76e8945d c633d9aaadd845859102280473ba218d - - default default] 10.0.0.132 "POST /v2.0/subnets HTTP/1.1" status: 201 len: 822 time: 0.7017734
2026-04-07 01:17:11.948 9 WARNING neutron.api.v2.base [None req-f631898f-4824-4f75-a8f9-55a74fd5315d d619b48c73824882a826955b76e8945d c633d9aaadd845859102280473ba218d - - default default] An exception happened while processing the request body. The exception message is [Invalid input for target_tenant. Reason: '1234123412341234123412341234123412341234123412341234123412341234123412341234123412341234123412341234123412341234123412341234123412341234123412341234123412341234123412341234123412341234123412341234123412341234123412341234123412341234123412341234123412341234123412341234123412341234123412341234123412341234123412341234123412341234123412341234123412341234123412341234123412341234123412341234123412341234' exceeds maximum length of 255.].: webob.exc.HTTPBadRequest: Invalid input for target_tenant. Reason: '1234123412341234123412341234123412341234123412341234123412341234123412341234123412341234123412341234123412341234123412341234123412341234123412341234123412341234123412341234123412341234123412341234123412341234123412341234123412341234123412341234123412341234123412341234123412341234123412341234123412341234123412341234123412341234123412341234123412341234123412341234123412341234123412341234123412341234' exceeds maximum length of 255.
2026-04-07 01:17:11.949 9 INFO neutron.api.v2.resource [None req-f631898f-4824-4f75-a8f9-55a74fd5315d d619b48c73824882a826955b76e8945d c633d9aaadd845859102280473ba218d - - default default] create failed (client error): Invalid input for target_tenant. Reason: '1234123412341234123412341234123412341234123412341234123412341234123412341234123412341234123412341234123412341234123412341234123412341234123412341234123412341234123412341234123412341234123412341234123412341234123412341234123412341234123412341234123412341234123412341234123412341234123412341234123412341234123412341234123412341234123412341234123412341234123412341234123412341234123412341234123412341234' exceeds maximum length of 255.
2026-04-07 01:17:11.950 9 INFO neutron.wsgi [None req-f631898f-4824-4f75-a8f9-55a74fd5315d d619b48c73824882a826955b76e8945d c633d9aaadd845859102280473ba218d - - default default] 10.0.0.132 "POST /v2.0/rbac-policies HTTP/1.1" status: 400 len: 750 time: 0.0064559
2026-04-07 01:17:12.272 10 INFO neutron.wsgi [None req-90ef6412-7b59-4081-8386-8c83cf6ca4ed 14ad9df9b02640b290856de26f95ba69 bc5f693692674c41a70717d6683b18b2 - - default default] 10.0.0.132 "GET /v2.0/ports/3593339c-8253-4238-b94e-668fed275d50 HTTP/1.1" status: 200 len: 1135 time: 0.0390642
2026-04-07 01:17:12.445 9 INFO neutron.services.segments.plugin [-] Segment 4e1e2043-f278-4c39-9deb-d136381df4bf resource provider aggregate not found
2026-04-07 01:17:12.450 9 INFO neutron.services.segments.plugin [-] Segment 4e1e2043-f278-4c39-9deb-d136381df4bf resource provider aggregate not found
2026-04-07 01:17:12.466 9 INFO neutron.services.segments.plugin [-] Segment 4e1e2043-f278-4c39-9deb-d136381df4bf resource provider not found; error: Placement Client Error (4xx): {"errors": [{"status": 404, "title": "Not Found", "detail": "The resource could not be found.\n\n No resource provider with uuid 4e1e2043-f278-4c39-9deb-d136381df4bf found for delete ", "request_id": "req-0a93035f-d3db-405e-9cf5-6d5ac9e3379c"}]}
2026-04-07 01:17:12.468 9 INFO neutron.services.segments.plugin [-] Segment 4e1e2043-f278-4c39-9deb-d136381df4bf resource provider not found; error: Placement Client Error (4xx): {"errors": [{"status": 404, "title": "Not Found", "detail": "The resource could not be found.\n\n No resource provider with uuid 4e1e2043-f278-4c39-9deb-d136381df4bf found for delete ", "request_id": "req-483574cc-6e0a-4354-9f11-5eb3580eec67"}]}
2026-04-07 01:17:12.485 9 INFO neutron.wsgi [None req-3a544735-a171-41e6-b50b-5314787069b5 d619b48c73824882a826955b76e8945d c633d9aaadd845859102280473ba218d - - default default] 10.0.0.132 "DELETE /v2.0/networks/04aaeb4c-8bc0-4b3d-8acd-64518e93e359 HTTP/1.1" status: 204 len: 168 time: 0.5312533
2026-04-07 01:17:12.577 9 INFO neutron.db.segments_db [None req-96e49a6f-a252-43c2-932d-ae7efceed44c d619b48c73824882a826955b76e8945d c633d9aaadd845859102280473ba218d - - default default] Added segment 2325b832-ecc1-463b-8936-2d808fbc14ed of type geneve for network 364cbcf2-2df9-40c5-a371-74dc5f7a3c7d
2026-04-07 01:17:12.709 9 INFO neutron.db.ovn_revision_numbers_db [None req-96e49a6f-a252-43c2-932d-ae7efceed44c d619b48c73824882a826955b76e8945d c633d9aaadd845859102280473ba218d - - default default] Successfully bumped revision number for resource 364cbcf2-2df9-40c5-a371-74dc5f7a3c7d (type: networks) to 1
2026-04-07 01:17:12.861 10 WARNING neutron_lib.context [None req-9e571872-ef07-4c54-ae08-75bbece42c49 181168baaa8d41dda6a8d80c9e1a32bd 4813cd3782f34708bed05b1e94bddec7 - - default default] Method 'is_advsvc' is deprecated since 2023.2 release (neutron-lib 3.8.0) and will be removed once support for the old RBAC API policies will be removed from Neutron. Please use method 'is_service_role' instead.
2026-04-07 01:17:12.877 9 WARNING neutron.scheduler.dhcp_agent_scheduler [None req-96e49a6f-a252-43c2-932d-ae7efceed44c d619b48c73824882a826955b76e8945d c633d9aaadd845859102280473ba218d - - default default] No more DHCP agents
2026-04-07 01:17:12.879 9 WARNING neutron.api.rpc.agentnotifiers.dhcp_rpc_agent_api [None req-96e49a6f-a252-43c2-932d-ae7efceed44c d619b48c73824882a826955b76e8945d c633d9aaadd845859102280473ba218d - - default default] Unable to schedule network 364cbcf2-2df9-40c5-a371-74dc5f7a3c7d: no agents available; will retry on subsequent port and subnet creation events.
2026-04-07 01:17:12.962 9 INFO neutron.db.ovn_revision_numbers_db [None req-96e49a6f-a252-43c2-932d-ae7efceed44c d619b48c73824882a826955b76e8945d c633d9aaadd845859102280473ba218d - - default default] Successfully bumped revision number for resource d38b2520-2802-4275-8feb-0e71b72ebe70 (type: ports) to 1
2026-04-07 01:17:12.988 9 INFO neutron.wsgi [None req-96e49a6f-a252-43c2-932d-ae7efceed44c d619b48c73824882a826955b76e8945d c633d9aaadd845859102280473ba218d - - default default] 10.0.0.132 "POST /v2.0/networks HTTP/1.1" status: 201 len: 929 time: 0.4942050
2026-04-07 01:17:13.011 10 INFO neutron.db.ovn_revision_numbers_db [None req-9e571872-ef07-4c54-ae08-75bbece42c49 181168baaa8d41dda6a8d80c9e1a32bd 4813cd3782f34708bed05b1e94bddec7 - - default default] Successfully bumped revision number for resource 3a5409c4-7b30-4e65-bea6-a1eec5325bb5 (type: security_groups) to 1
2026-04-07 01:17:13.028 10 INFO neutron.db.ovn_revision_numbers_db [None req-9e571872-ef07-4c54-ae08-75bbece42c49 181168baaa8d41dda6a8d80c9e1a32bd 4813cd3782f34708bed05b1e94bddec7 - - default default] Successfully bumped revision number for resource 0a8cc6a5-9a2d-4327-bb5f-1229ea1a0b97 (type: security_group_rules) to 0
2026-04-07 01:17:13.046 10 INFO neutron.db.ovn_revision_numbers_db [None req-9e571872-ef07-4c54-ae08-75bbece42c49 181168baaa8d41dda6a8d80c9e1a32bd 4813cd3782f34708bed05b1e94bddec7 - - default default] Successfully bumped revision number for resource 3f70c49f-8a13-4693-bfd6-38bda2526151 (type: security_group_rules) to 0
2026-04-07 01:17:13.064 10 INFO neutron.db.ovn_revision_numbers_db [None req-9e571872-ef07-4c54-ae08-75bbece42c49 181168baaa8d41dda6a8d80c9e1a32bd 4813cd3782f34708bed05b1e94bddec7 - - default default] Successfully bumped revision number for resource 59d25acb-1e55-4740-bce2-fcb36f8e1f72 (type: security_group_rules) to 0
2026-04-07 01:17:13.080 10 INFO neutron.db.ovn_revision_numbers_db [None req-9e571872-ef07-4c54-ae08-75bbece42c49 181168baaa8d41dda6a8d80c9e1a32bd 4813cd3782f34708bed05b1e94bddec7 - - default default] Successfully bumped revision number for resource 8bef8d76-7eaa-41bd-8f25-0ce46a259520 (type: security_group_rules) to 0
2026-04-07 01:17:13.130 10 INFO neutron.db.segments_db [None req-9e571872-ef07-4c54-ae08-75bbece42c49 181168baaa8d41dda6a8d80c9e1a32bd 4813cd3782f34708bed05b1e94bddec7 - - default default] Added segment 55c894dd-28c8-4c9f-98fa-2db04f933464 of type geneve for network 1687c955-22d3-492a-a126-c599232ba144
2026-04-07 01:17:13.141 9 WARNING neutron.scheduler.dhcp_agent_scheduler [None req-dfb60523-0219-4544-a92e-88cc61fb969e d619b48c73824882a826955b76e8945d c633d9aaadd845859102280473ba218d - - default default] No more DHCP agents
2026-04-07 01:17:13.144 9 WARNING neutron.api.rpc.agentnotifiers.dhcp_rpc_agent_api [None req-dfb60523-0219-4544-a92e-88cc61fb969e d619b48c73824882a826955b76e8945d c633d9aaadd845859102280473ba218d - - default default] Unable to schedule network 364cbcf2-2df9-40c5-a371-74dc5f7a3c7d: no agents available; will retry on subsequent port and subnet creation events.
2026-04-07 01:17:13.278 10 INFO neutron.db.ovn_revision_numbers_db [None req-9e571872-ef07-4c54-ae08-75bbece42c49 181168baaa8d41dda6a8d80c9e1a32bd 4813cd3782f34708bed05b1e94bddec7 - - default default] Successfully bumped revision number for resource 1687c955-22d3-492a-a126-c599232ba144 (type: networks) to 1
2026-04-07 01:17:13.329 9 INFO neutron.wsgi [None req-c37718a5-c47e-4668-a00f-4ddcfce10fdd 14ad9df9b02640b290856de26f95ba69 bc5f693692674c41a70717d6683b18b2 - - default default] 10.0.0.132 "GET /v2.0/ports/3593339c-8253-4238-b94e-668fed275d50 HTTP/1.1" status: 200 len: 1135 time: 0.0507562
2026-04-07 01:17:13.447 10 WARNING neutron.scheduler.dhcp_agent_scheduler [None req-9e571872-ef07-4c54-ae08-75bbece42c49 181168baaa8d41dda6a8d80c9e1a32bd 4813cd3782f34708bed05b1e94bddec7 - - default default] No more DHCP agents
2026-04-07 01:17:13.450 10 WARNING neutron.api.rpc.agentnotifiers.dhcp_rpc_agent_api [None req-9e571872-ef07-4c54-ae08-75bbece42c49 181168baaa8d41dda6a8d80c9e1a32bd 4813cd3782f34708bed05b1e94bddec7 - - default default] Unable to schedule network 1687c955-22d3-492a-a126-c599232ba144: no agents available; will retry on subsequent port and subnet creation events.
2026-04-07 01:17:13.534 10 INFO neutron.db.ovn_revision_numbers_db [None req-9e571872-ef07-4c54-ae08-75bbece42c49 181168baaa8d41dda6a8d80c9e1a32bd 4813cd3782f34708bed05b1e94bddec7 - - default default] Successfully bumped revision number for resource 92190b06-8b46-47c4-9825-312bb8ac8b60 (type: ports) to 1
2026-04-07 01:17:13.555 10 INFO neutron.wsgi [None req-9e571872-ef07-4c54-ae08-75bbece42c49 181168baaa8d41dda6a8d80c9e1a32bd 4813cd3782f34708bed05b1e94bddec7 - - default default] 10.0.0.132 "POST /v2.0/networks HTTP/1.1" status: 201 len: 831 time: 0.8523898
2026-04-07 01:17:13.567 10 WARNING neutron_lib.context [None req-bddeccf5-e2e6-4eac-852b-127171a593d8 181168baaa8d41dda6a8d80c9e1a32bd 4813cd3782f34708bed05b1e94bddec7 - - default default] Method 'is_advsvc' is deprecated since 2023.2 release (neutron-lib 3.8.0) and will be removed once support for the old RBAC API policies will be removed from Neutron. Please use method 'is_service_role' instead.
2026-04-07 01:17:13.685 9 INFO neutron.db.ovn_revision_numbers_db [None req-dfb60523-0219-4544-a92e-88cc61fb969e d619b48c73824882a826955b76e8945d c633d9aaadd845859102280473ba218d - - default default] Successfully bumped revision number for resource d38b2520-2802-4275-8feb-0e71b72ebe70 (type: ports) to 2
2026-04-07 01:17:13.716 9 INFO neutron.db.ovn_revision_numbers_db [None req-dfb60523-0219-4544-a92e-88cc61fb969e d619b48c73824882a826955b76e8945d c633d9aaadd845859102280473ba218d - - default default] Successfully bumped revision number for resource ee840f2e-40b4-485b-82b4-be93caf87a8f (type: subnets) to 0
2026-04-07 01:17:13.732 9 INFO neutron.wsgi [None req-dfb60523-0219-4544-a92e-88cc61fb969e d619b48c73824882a826955b76e8945d c633d9aaadd845859102280473ba218d - - default default] 10.0.0.132 "POST /v2.0/subnets HTTP/1.1" status: 201 len: 822 time: 0.7382884
2026-04-07 01:17:13.848 10 WARNING neutron.scheduler.dhcp_agent_scheduler [None req-bddeccf5-e2e6-4eac-852b-127171a593d8 181168baaa8d41dda6a8d80c9e1a32bd 4813cd3782f34708bed05b1e94bddec7 - - default default] No more DHCP agents
2026-04-07 01:17:13.853 10 WARNING neutron.api.rpc.agentnotifiers.dhcp_rpc_agent_api [None req-bddeccf5-e2e6-4eac-852b-127171a593d8 181168baaa8d41dda6a8d80c9e1a32bd 4813cd3782f34708bed05b1e94bddec7 - - default default] Unable to schedule network 1687c955-22d3-492a-a126-c599232ba144: no agents available; will retry on subsequent port and subnet creation events.
2026-04-07 01:17:13.960 10 INFO neutron.db.ovn_revision_numbers_db [None req-bddeccf5-e2e6-4eac-852b-127171a593d8 181168baaa8d41dda6a8d80c9e1a32bd 4813cd3782f34708bed05b1e94bddec7 - - default default] Successfully bumped revision number for resource 426b82ee-e23c-4445-925f-80ddd72bef3b (type: ports) to 1
2026-04-07 01:17:13.991 10 INFO neutron.wsgi [None req-bddeccf5-e2e6-4eac-852b-127171a593d8 181168baaa8d41dda6a8d80c9e1a32bd 4813cd3782f34708bed05b1e94bddec7 - - default default] 10.0.0.132 "POST /v2.0/ports HTTP/1.1" status: 201 len: 942 time: 0.4287984
2026-04-07 01:17:14.041 9 INFO neutron.wsgi [None req-579106ae-7ac2-442d-9efd-8d99791daf72 181168baaa8d41dda6a8d80c9e1a32bd 4813cd3782f34708bed05b1e94bddec7 - - default default] 10.0.0.132 "PUT /v2.0/ports/426b82ee-e23c-4445-925f-80ddd72bef3b/tags HTTP/1.1" status: 200 len: 218 time: 0.0438938
2026-04-07 01:17:14.074 9 INFO neutron.wsgi [None req-3a868412-c1c4-4278-a3be-4dabd7da7ae5 181168baaa8d41dda6a8d80c9e1a32bd 4813cd3782f34708bed05b1e94bddec7 - - default default] 10.0.0.132 "GET /v2.0/ports/426b82ee-e23c-4445-925f-80ddd72bef3b/tags HTTP/1.1" status: 200 len: 218 time: 0.0278523
2026-04-07 01:17:14.096 10 INFO neutron.wsgi [None req-bb285cb9-aa3a-4a79-823a-b82c5569e4bf d619b48c73824882a826955b76e8945d c633d9aaadd845859102280473ba218d - - default default] 10.0.0.132 "POST /v2.0/rbac-policies HTTP/1.1" status: 201 len: 523 time: 0.3580136
