2026-04-07 01:13:57.269 10 INFO neutron.db.ovn_revision_numbers_db [None req-c6100da7-b7bf-4d5f-a16f-c08b133c5c0a c2fdb51ba8f04899bd54101f973573a4 19120c0e93484a14aca711c6f30b50d8 - - default default] Successfully bumped revision number for resource a6b48af1-f52f-458a-9359-309b4c0ec681 (type: floatingips) to 2
2026-04-07 01:13:57.270 10 INFO neutron.db.l3_db [None req-c6100da7-b7bf-4d5f-a16f-c08b133c5c0a c2fdb51ba8f04899bd54101f973573a4 19120c0e93484a14aca711c6f30b50d8 - - default default] Floating IP a6b48af1-f52f-458a-9359-309b4c0ec681 associated. External IP: 10.96.250.216, port: e67c6477-e205-4af9-9985-7c38cff995cd.
2026-04-07 01:13:57.271 10 INFO neutron.db.ovn_revision_numbers_db [None req-04cb8f12-12e9-471a-a750-65592ed9193b - - - - - -] Successfully bumped revision number for resource d6f9f39a-7f20-4cfe-b9fb-9892014d8941 (type: router_ports) to 2
2026-04-07 01:13:57.275 9 INFO neutron.wsgi [None req-bab0b837-f567-4299-a668-6a13f516386b 3c33899970d241c6a7a3e65063d0e430 861374040eab458bb37e4cf587b1cb6c - - default default] 10.0.0.132 "GET /v2.0/security-groups?tenant_id=428387bc8dcc47bd830a5e97671f0fcf&name=default HTTP/1.1" status: 200 len: 3116 time: 0.0596647
2026-04-07 01:13:57.306 10 INFO neutron.wsgi [None req-c6100da7-b7bf-4d5f-a16f-c08b133c5c0a c2fdb51ba8f04899bd54101f973573a4 19120c0e93484a14aca711c6f30b50d8 - - default default] 10.0.0.132 "PUT /v2.0/floatingips/a6b48af1-f52f-458a-9359-309b4c0ec681 HTTP/1.1" status: 200 len: 1049 time: 1.2522957
2026-04-07 01:13:57.348 10 INFO neutron.notifiers.nova [-] Nova event matching ['req-3c448f43-87cd-4989-810f-19674bab250f'] response: {'name': 'network-changed', 'server_uuid': 'f0e3d752-d8c5-46de-886f-15cc3a673a7b', 'tag': 'e67c6477-e205-4af9-9985-7c38cff995cd', 'status': 'completed', 'code': 200}
2026-04-07 01:13:57.412 10 INFO neutron.wsgi [req-1cf076df-8682-405d-8df5-e5cd81486e6e req-450c1b90-0f3f-4424-9ead-ffa1529065b5 c2fdb51ba8f04899bd54101f973573a4 19120c0e93484a14aca711c6f30b50d8 - - default default] 10.0.0.32 "GET /v2.0/ports?device_id=f0e3d752-d8c5-46de-886f-15cc3a673a7b HTTP/1.1" status: 200 len: 1170 time: 0.0508974
2026-04-07 01:13:57.434 10 INFO neutron.wsgi [req-0e0d2a7c-def3-4101-aba1-bba44c227934 req-59ed99cb-2671-4e6f-9b40-80dfed102c49 00a5a09fe95c450bab7182fe8b42fb72 b31a14f2e2074701aa38077f6d990618 - - c63b5867a107491697ac9bcd374b32f7 c63b5867a107491697ac9bcd374b32f7] 199.19.213.14 "GET /v2.0/ports?tenant_id=19120c0e93484a14aca711c6f30b50d8&device_id=f0e3d752-d8c5-46de-886f-15cc3a673a7b HTTP/1.1" status: 200 len: 1409 time: 0.0495982
2026-04-07 01:13:57.477 10 INFO neutron.wsgi [req-1cf076df-8682-405d-8df5-e5cd81486e6e req-3b1897bf-731d-4fc9-abd7-9546703a79d8 c2fdb51ba8f04899bd54101f973573a4 19120c0e93484a14aca711c6f30b50d8 - - default default] 10.0.0.32 "GET /v2.0/security-groups?id=357b3d76-4cc6-4790-b316-899dcecb2bb1&fields=id&fields=name HTTP/1.1" status: 200 len: 313 time: 0.0569050
2026-04-07 01:13:57.513 10 INFO neutron.wsgi [req-0e0d2a7c-def3-4101-aba1-bba44c227934 req-9ddf8a9b-760c-4655-8203-31638e14cfaa 00a5a09fe95c450bab7182fe8b42fb72 b31a14f2e2074701aa38077f6d990618 - - c63b5867a107491697ac9bcd374b32f7 c63b5867a107491697ac9bcd374b32f7] 199.19.213.14 "GET /v2.0/networks?id=7a2d62af-0a16-4a02-b5be-3a9f0574f422 HTTP/1.1" status: 200 len: 980 time: 0.0702345
2026-04-07 01:13:57.577 10 INFO neutron.wsgi [req-0e0d2a7c-def3-4101-aba1-bba44c227934 req-00e597bf-ce74-49b6-b7cc-39c7f4a31a91 00a5a09fe95c450bab7182fe8b42fb72 b31a14f2e2074701aa38077f6d990618 - - c63b5867a107491697ac9bcd374b32f7 c63b5867a107491697ac9bcd374b32f7] 199.19.213.14 "GET /v2.0/floatingips?fixed_ip_address=10.100.0.7&port_id=e67c6477-e205-4af9-9985-7c38cff995cd HTTP/1.1" status: 200 len: 1059 time: 0.0547400
2026-04-07 01:13:57.605 9 INFO neutron.wsgi [None req-f483c703-7323-4148-b532-1ee63758fd97 3c33899970d241c6a7a3e65063d0e430 861374040eab458bb37e4cf587b1cb6c - - default default] 10.0.0.132 "DELETE /v2.0/security-groups/f33cae22-acbc-4935-b504-ed89e34c32a4 HTTP/1.1" status: 204 len: 168 time: 0.3231084
2026-04-07 01:13:57.619 10 INFO neutron.wsgi [req-0e0d2a7c-def3-4101-aba1-bba44c227934 req-fec45e6b-7b8b-4312-8311-ed8c5214398d 00a5a09fe95c450bab7182fe8b42fb72 b31a14f2e2074701aa38077f6d990618 - - c63b5867a107491697ac9bcd374b32f7 c63b5867a107491697ac9bcd374b32f7] 199.19.213.14 "GET /v2.0/subnets?id=08e1df98-fe1a-441a-bda2-23889ad8449a HTTP/1.1" status: 200 len: 876 time: 0.0353830
2026-04-07 01:13:57.648 10 INFO neutron.wsgi [req-0e0d2a7c-def3-4101-aba1-bba44c227934 req-7ed3534d-55ad-4087-ad9d-18e403caa2f4 00a5a09fe95c450bab7182fe8b42fb72 b31a14f2e2074701aa38077f6d990618 - - c63b5867a107491697ac9bcd374b32f7 c63b5867a107491697ac9bcd374b32f7] 199.19.213.14 "GET /v2.0/ports?network_id=7a2d62af-0a16-4a02-b5be-3a9f0574f422&device_owner=network%3Adhcp HTTP/1.1" status: 200 len: 210 time: 0.0204315
2026-04-07 01:13:57.710 10 INFO neutron.wsgi [req-0e0d2a7c-def3-4101-aba1-bba44c227934 req-e67c617b-3618-48bb-8d9b-b824506e5eef 00a5a09fe95c450bab7182fe8b42fb72 b31a14f2e2074701aa38077f6d990618 - - c63b5867a107491697ac9bcd374b32f7 c63b5867a107491697ac9bcd374b32f7] 199.19.213.14 "GET /v2.0/networks/7a2d62af-0a16-4a02-b5be-3a9f0574f422?fields=segments HTTP/1.1" status: 200 len: 212 time: 0.0556698
2026-04-07 01:13:57.774 10 INFO neutron.wsgi [req-0e0d2a7c-def3-4101-aba1-bba44c227934 req-e1b9e827-53ec-4b46-a34f-2f9cdafdd826 00a5a09fe95c450bab7182fe8b42fb72 b31a14f2e2074701aa38077f6d990618 - - c63b5867a107491697ac9bcd374b32f7 c63b5867a107491697ac9bcd374b32f7] 199.19.213.14 "GET /v2.0/networks/7a2d62af-0a16-4a02-b5be-3a9f0574f422?fields=provider%3Aphysical_network&fields=provider%3Anetwork_type HTTP/1.1" status: 200 len: 277 time: 0.0584540
2026-04-07 01:13:57.920 9 INFO neutron.plugins.ml2.drivers.ovn.mech_driver.ovsdb.commands [None req-b6f1f716-7818-473b-bbd6-2ca9e3902202 - - - - - -] Schedule LRP lrp-4332e301-fb93-4f4e-a243-ab8c5360f01c on gateway 11e93b16-de78-4d73-83eb-73da190601c9 with priority 1
2026-04-07 01:13:57.949 10 INFO neutron.plugins.ml2.drivers.ovn.mech_driver.ovsdb.ovsdb_monitor [None req-b9aa3d9b-4462-4127-b19b-47d60bed1d5f - - - - - -] Router ceec1984-e8e2-4e71-b9d5-b2b4c7e7e93e is bound to host instance
2026-04-07 01:13:57.959 9 INFO neutron.db.ovn_revision_numbers_db [None req-86361be1-b7a8-4f3c-8495-fab8452ac976 3c33899970d241c6a7a3e65063d0e430 861374040eab458bb37e4cf587b1cb6c - - default default] Successfully bumped revision number for resource 4332e301-fb93-4f4e-a243-ab8c5360f01c (type: router_ports) to 1
2026-04-07 01:13:58.035 9 INFO neutron.db.ovn_revision_numbers_db [None req-86361be1-b7a8-4f3c-8495-fab8452ac976 3c33899970d241c6a7a3e65063d0e430 861374040eab458bb37e4cf587b1cb6c - - default default] Successfully bumped revision number for resource ceec1984-e8e2-4e71-b9d5-b2b4c7e7e93e (type: routers) to 2
2026-04-07 01:13:58.062 9 INFO neutron.wsgi [None req-86361be1-b7a8-4f3c-8495-fab8452ac976 3c33899970d241c6a7a3e65063d0e430 861374040eab458bb37e4cf587b1cb6c - - default default] 10.0.0.132 "POST /v2.0/routers HTTP/1.1" status: 201 len: 1172 time: 2.2451744
2026-04-07 01:13:58.489 10 INFO neutron.wsgi [req-b676f3e2-9b45-4b6b-a6d4-26b50b27df2e req-dcb0ddf1-a114-446d-8cb0-17e7aff11532 7e425cf8b2134c5f9bb8aff884c980bb 67cddb23b71f49998d3c81865694ae16 - - default default] 10.0.0.32 "GET /v2.0/ports?device_id=0fbab25f-c4a3-433e-a2d4-bbb309d3ff9a HTTP/1.1" status: 200 len: 1168 time: 0.2342498
2026-04-07 01:13:58.496 10 INFO neutron.wsgi [req-aa9870bc-68c4-4429-b961-8d35f14a08c6 req-957e492c-7971-4add-a43c-4060a3bb24fd 00a5a09fe95c450bab7182fe8b42fb72 b31a14f2e2074701aa38077f6d990618 - - c63b5867a107491697ac9bcd374b32f7 c63b5867a107491697ac9bcd374b32f7] 199.19.213.14 "GET /v2.0/ports?device_id=f0e3d752-d8c5-46de-886f-15cc3a673a7b&fields=binding%3Ahost_id&fields=binding%3Avif_type HTTP/1.1" status: 200 len: 265 time: 0.2434475
2026-04-07 01:13:58.603 10 INFO neutron.wsgi [req-b676f3e2-9b45-4b6b-a6d4-26b50b27df2e req-ba0a14d1-2151-493d-9b0d-85779acfb18a 7e425cf8b2134c5f9bb8aff884c980bb 67cddb23b71f49998d3c81865694ae16 - - default default] 10.0.0.32 "GET /v2.0/security-groups?id=596e3b09-94ad-4226-8935-659f77b9416f&fields=id&fields=name HTTP/1.1" status: 200 len: 286 time: 0.1049569
2026-04-07 01:13:58.632 10 INFO neutron.wsgi [req-aa9870bc-68c4-4429-b961-8d35f14a08c6 req-3efc8e85-c8bb-4988-a89e-fa1884fb3a4d 00a5a09fe95c450bab7182fe8b42fb72 b31a14f2e2074701aa38077f6d990618 - - c63b5867a107491697ac9bcd374b32f7 c63b5867a107491697ac9bcd374b32f7] 199.19.213.14 "GET /v2.0/ports?tenant_id=19120c0e93484a14aca711c6f30b50d8&device_id=f0e3d752-d8c5-46de-886f-15cc3a673a7b HTTP/1.1" status: 200 len: 1409 time: 0.0648959
2026-04-07 01:13:58.763 10 INFO neutron.wsgi [req-aa9870bc-68c4-4429-b961-8d35f14a08c6 req-85af6526-9348-4a11-8cdf-2747406d935e 00a5a09fe95c450bab7182fe8b42fb72 b31a14f2e2074701aa38077f6d990618 - - c63b5867a107491697ac9bcd374b32f7 c63b5867a107491697ac9bcd374b32f7] 199.19.213.14 "GET /v2.0/networks?id=7a2d62af-0a16-4a02-b5be-3a9f0574f422 HTTP/1.1" status: 200 len: 980 time: 0.1066041
2026-04-07 01:13:58.843 10 INFO neutron.wsgi [req-aa9870bc-68c4-4429-b961-8d35f14a08c6 req-d5dd7760-ee77-46dc-81c3-c537a5f8bf72 00a5a09fe95c450bab7182fe8b42fb72 b31a14f2e2074701aa38077f6d990618 - - c63b5867a107491697ac9bcd374b32f7 c63b5867a107491697ac9bcd374b32f7] 199.19.213.14 "GET /v2.0/floatingips?fixed_ip_address=10.100.0.7&port_id=e67c6477-e205-4af9-9985-7c38cff995cd HTTP/1.1" status: 200 len: 1059 time: 0.0675850
2026-04-07 01:13:58.898 10 INFO neutron.wsgi [req-aa9870bc-68c4-4429-b961-8d35f14a08c6 req-ed56088b-f86e-4f2c-8397-52686a757bb9 00a5a09fe95c450bab7182fe8b42fb72 b31a14f2e2074701aa38077f6d990618 - - c63b5867a107491697ac9bcd374b32f7 c63b5867a107491697ac9bcd374b32f7] 199.19.213.14 "GET /v2.0/subnets?id=08e1df98-fe1a-441a-bda2-23889ad8449a HTTP/1.1" status: 200 len: 876 time: 0.0459363
2026-04-07 01:13:58.935 10 INFO neutron.wsgi [req-aa9870bc-68c4-4429-b961-8d35f14a08c6 req-251705fd-fcd0-4764-803f-fd62399ad73d 00a5a09fe95c450bab7182fe8b42fb72 b31a14f2e2074701aa38077f6d990618 - - c63b5867a107491697ac9bcd374b32f7 c63b5867a107491697ac9bcd374b32f7] 199.19.213.14 "GET /v2.0/ports?network_id=7a2d62af-0a16-4a02-b5be-3a9f0574f422&device_owner=network%3Adhcp HTTP/1.1" status: 200 len: 210 time: 0.0251067
2026-04-07 01:13:59.058 10 INFO neutron.wsgi [req-aa9870bc-68c4-4429-b961-8d35f14a08c6 req-154ba5eb-bdab-4fcd-91c6-b0b518602c5a 00a5a09fe95c450bab7182fe8b42fb72 b31a14f2e2074701aa38077f6d990618 - - c63b5867a107491697ac9bcd374b32f7 c63b5867a107491697ac9bcd374b32f7] 199.19.213.14 "GET /v2.0/networks/7a2d62af-0a16-4a02-b5be-3a9f0574f422?fields=segments HTTP/1.1" status: 200 len: 212 time: 0.1147966
2026-04-07 01:13:59.113 10 WARNING neutron.scheduler.dhcp_agent_scheduler [None req-0cd941ed-2d63-4da2-8763-0e9fee991383 3c33899970d241c6a7a3e65063d0e430 861374040eab458bb37e4cf587b1cb6c - - default default] No more DHCP agents
2026-04-07 01:13:59.118 10 WARNING neutron.api.rpc.agentnotifiers.dhcp_rpc_agent_api [None req-0cd941ed-2d63-4da2-8763-0e9fee991383 3c33899970d241c6a7a3e65063d0e430 861374040eab458bb37e4cf587b1cb6c - - default default] Unable to schedule network 26677fc6-1dfa-42e1-a67b-53594bbd9bc3: no agents available; will retry on subsequent port and subnet creation events.
2026-04-07 01:13:59.141 10 INFO neutron.db.ovn_revision_numbers_db [None req-b9aa3d9b-4462-4127-b19b-47d60bed1d5f - - - - - -] Successfully bumped revision number for resource 4332e301-fb93-4f4e-a243-ab8c5360f01c (type: ports) to 1
2026-04-07 01:13:59.164 10 INFO neutron.wsgi [req-aa9870bc-68c4-4429-b961-8d35f14a08c6 req-54f5d9f5-6669-4d0b-aff8-409ec27a1dbc 00a5a09fe95c450bab7182fe8b42fb72 b31a14f2e2074701aa38077f6d990618 - - c63b5867a107491697ac9bcd374b32f7 c63b5867a107491697ac9bcd374b32f7] 199.19.213.14 "GET /v2.0/networks/7a2d62af-0a16-4a02-b5be-3a9f0574f422?fields=provider%3Aphysical_network&fields=provider%3Anetwork_type HTTP/1.1" status: 200 len: 277 time: 0.0985785
2026-04-07 01:13:59.293 10 INFO neutron.db.ovn_revision_numbers_db [None req-0cd941ed-2d63-4da2-8763-0e9fee991383 3c33899970d241c6a7a3e65063d0e430 861374040eab458bb37e4cf587b1cb6c - - default default] Successfully bumped revision number for resource 324bf7a1-0c27-4e62-b7e3-c9e4b01fbdda (type: ports) to 1
2026-04-07 01:13:59.677 9 INFO neutron.db.ovn_revision_numbers_db [None req-b89b242b-e341-4182-9395-dfe699dc3c98 3c33899970d241c6a7a3e65063d0e430 861374040eab458bb37e4cf587b1cb6c - - default default] Successfully bumped revision number for resource f9b51d84-5f49-422a-b689-2c5f60aa354f (type: security_groups) to 1
2026-04-07 01:13:59.692 9 INFO neutron.db.ovn_revision_numbers_db [None req-b89b242b-e341-4182-9395-dfe699dc3c98 3c33899970d241c6a7a3e65063d0e430 861374040eab458bb37e4cf587b1cb6c - - default default] Successfully bumped revision number for resource 2550c0f1-0bd5-46e8-81d6-91ca45bb9e59 (type: security_group_rules) to 0
2026-04-07 01:13:59.706 9 INFO neutron.db.ovn_revision_numbers_db [None req-b89b242b-e341-4182-9395-dfe699dc3c98 3c33899970d241c6a7a3e65063d0e430 861374040eab458bb37e4cf587b1cb6c - - default default] Successfully bumped revision number for resource 303cbbee-cb2e-4d19-9673-e7e81b9df63b (type: security_group_rules) to 0
2026-04-07 01:13:59.722 9 INFO neutron.db.ovn_revision_numbers_db [None req-b89b242b-e341-4182-9395-dfe699dc3c98 3c33899970d241c6a7a3e65063d0e430 861374040eab458bb37e4cf587b1cb6c - - default default] Successfully bumped revision number for resource b2c43647-926e-437e-aff7-9548d685fd01 (type: security_group_rules) to 0
2026-04-07 01:13:59.735 9 INFO neutron.db.ovn_revision_numbers_db [None req-b89b242b-e341-4182-9395-dfe699dc3c98 3c33899970d241c6a7a3e65063d0e430 861374040eab458bb37e4cf587b1cb6c - - default default] Successfully bumped revision number for resource f70be2a0-12a0-4e55-aa33-a61144fcb13b (type: security_group_rules) to 0
2026-04-07 01:13:59.787 9 INFO neutron.db.segments_db [None req-b89b242b-e341-4182-9395-dfe699dc3c98 3c33899970d241c6a7a3e65063d0e430 861374040eab458bb37e4cf587b1cb6c - - default default] Added segment 5b572d5f-d8b0-406d-8f6a-71dfb1ddda24 of type geneve for network 4eb2153c-daae-4d4f-aa55-68f8e4805b94
2026-04-07 01:13:59.793 10 INFO neutron.wsgi [req-fe7a6dcd-3ffb-4bcb-a661-6e2ac81d54f7 req-3e712aab-ef35-4f67-9cb7-0bb93233ceca 7e425cf8b2134c5f9bb8aff884c980bb 67cddb23b71f49998d3c81865694ae16 - - default default] 10.0.0.32 "GET /v2.0/ports?device_id=0fbab25f-c4a3-433e-a2d4-bbb309d3ff9a HTTP/1.1" status: 200 len: 1168 time: 0.0610182
2026-04-07 01:13:59.867 10 INFO neutron.db.ovn_revision_numbers_db [None req-b9aa3d9b-4462-4127-b19b-47d60bed1d5f - - - - - -] Successfully bumped revision number for resource 4332e301-fb93-4f4e-a243-ab8c5360f01c (type: router_ports) to 3
2026-04-07 01:13:59.883 10 INFO neutron.wsgi [req-fe7a6dcd-3ffb-4bcb-a661-6e2ac81d54f7 req-eb2b5efd-6669-4364-89fa-b4ceb5f870a4 7e425cf8b2134c5f9bb8aff884c980bb 67cddb23b71f49998d3c81865694ae16 - - default default] 10.0.0.32 "GET /v2.0/security-groups?id=596e3b09-94ad-4226-8935-659f77b9416f&fields=id&fields=name HTTP/1.1" status: 200 len: 286 time: 0.0824018
2026-04-07 01:13:59.933 9 INFO neutron.db.ovn_revision_numbers_db [None req-b89b242b-e341-4182-9395-dfe699dc3c98 3c33899970d241c6a7a3e65063d0e430 861374040eab458bb37e4cf587b1cb6c - - default default] Successfully bumped revision number for resource 4eb2153c-daae-4d4f-aa55-68f8e4805b94 (type: networks) to 1
2026-04-07 01:14:00.148 9 WARNING neutron.scheduler.dhcp_agent_scheduler [None req-b89b242b-e341-4182-9395-dfe699dc3c98 3c33899970d241c6a7a3e65063d0e430 861374040eab458bb37e4cf587b1cb6c - - default default] No more DHCP agents
2026-04-07 01:14:00.155 9 WARNING neutron.api.rpc.agentnotifiers.dhcp_rpc_agent_api [None req-b89b242b-e341-4182-9395-dfe699dc3c98 3c33899970d241c6a7a3e65063d0e430 861374040eab458bb37e4cf587b1cb6c - - default default] Unable to schedule network 4eb2153c-daae-4d4f-aa55-68f8e4805b94: no agents available; will retry on subsequent port and subnet creation events.
2026-04-07 01:14:00.201 10 ERROR ovsdbapp.backend.ovs_idl.command [None req-0cd941ed-2d63-4da2-8763-0e9fee991383 3c33899970d241c6a7a3e65063d0e430 861374040eab458bb37e4cf587b1cb6c - - default default] Error executing command (DbGetCommand): ovsdbapp.backend.ovs_idl.idlutils.RowNotFound: Cannot find Logical_Router_Port with name=lrp-324bf7a1-0c27-4e62-b7e3-c9e4b01fbdda
2026-04-07 01:14:00.201 10 ERROR ovsdbapp.backend.ovs_idl.command
Traceback (most recent call last):
2026-04-07 01:14:00.201 10 ERROR ovsdbapp.backend.ovs_idl.command
File "/var/lib/openstack/lib/python3.10/site-packages/ovsdbapp/backend/ovs_idl/command.py", line 47, in execute
2026-04-07 01:14:00.201 10 ERROR ovsdbapp.backend.ovs_idl.command self.run_idl(None)
2026-04-07 01:14:00.201 10 ERROR ovsdbapp.backend.ovs_idl.command
File "/var/lib/openstack/lib/python3.10/site-packages/ovsdbapp/backend/ovs_idl/command.py", line 235, in run_idl
2026-04-07 01:14:00.201 10 ERROR ovsdbapp.backend.ovs_idl.command record = self.api.lookup(self.table, self.record)
2026-04-07 01:14:00.201 10 ERROR ovsdbapp.backend.ovs_idl.command
File "/var/lib/openstack/lib/python3.10/site-packages/ovsdbapp/backend/ovs_idl/__init__.py", line 184, in lookup
2026-04-07 01:14:00.201 10 ERROR ovsdbapp.backend.ovs_idl.command return self._lookup(table, record)
2026-04-07 01:14:00.201 10 ERROR ovsdbapp.backend.ovs_idl.command
File "/var/lib/openstack/lib/python3.10/site-packages/ovsdbapp/backend/ovs_idl/__init__.py", line 235, in _lookup
2026-04-07 01:14:00.201 10 ERROR ovsdbapp.backend.ovs_idl.command row = idlutils.row_by_value(self, rl.table, rl.column, record)
2026-04-07 01:14:00.201 10 ERROR ovsdbapp.backend.ovs_idl.command
File "/var/lib/openstack/lib/python3.10/site-packages/ovsdbapp/backend/ovs_idl/idlutils.py", line 114, in row_by_value
2026-04-07 01:14:00.201 10 ERROR ovsdbapp.backend.ovs_idl.command raise RowNotFound(table=table, col=column, match=match)
2026-04-07 01:14:00.201 10 ERROR ovsdbapp.backend.ovs_idl.command ovsdbapp.backend.ovs_idl.idlutils.RowNotFound: Cannot find Logical_Router_Port with name=lrp-324bf7a1-0c27-4e62-b7e3-c9e4b01fbdda
2026-04-07 01:14:00.201 10 ERROR ovsdbapp.backend.ovs_idl.command 
2026-04-07 01:14:00.202 10 ERROR neutron_lib.callbacks.manager [None req-0cd941ed-2d63-4da2-8763-0e9fee991383 3c33899970d241c6a7a3e65063d0e430 861374040eab458bb37e4cf587b1cb6c - - default default] Error during notification for neutron.services.ovn_l3.plugin.OVNL3RouterPlugin._port_update-8775645969126 port, after_update: ovsdbapp.backend.ovs_idl.idlutils.RowNotFound: Cannot find Logical_Router_Port with name=lrp-324bf7a1-0c27-4e62-b7e3-c9e4b01fbdda
2026-04-07 01:14:00.202 10 ERROR neutron_lib.callbacks.manager
Traceback (most recent call last):
2026-04-07 01:14:00.202 10 ERROR neutron_lib.callbacks.manager
File "/var/lib/openstack/lib/python3.10/site-packages/neutron_lib/callbacks/manager.py", line 189, in _notify_loop
2026-04-07 01:14:00.202 10 ERROR neutron_lib.callbacks.manager callback.method(resource, event, trigger, payload=payload)
2026-04-07 01:14:00.202 10 ERROR neutron_lib.callbacks.manager
File "/var/lib/openstack/lib/python3.10/site-packages/neutron/services/ovn_l3/plugin.py", line 391, in _port_update
2026-04-07 01:14:00.202 10 ERROR neutron_lib.callbacks.manager l3plugin._ovn_client.update_router_port(context,
2026-04-07 01:14:00.202 10 ERROR neutron_lib.callbacks.manager
File "/var/lib/openstack/lib/python3.10/site-packages/neutron/plugins/ml2/drivers/ovn/mech_driver/ovsdb/ovn_client.py", line 1878, in update_router_port
2026-04-07 01:14:00.202 10 ERROR neutron_lib.callbacks.manager self._update_lrouter_port(context, port, if_exists=if_exists,
2026-04-07 01:14:00.202 10 ERROR neutron_lib.callbacks.manager
File "/var/lib/openstack/lib/python3.10/site-packages/neutron/plugins/ml2/drivers/ovn/mech_driver/ovsdb/ovn_client.py", line 1855, in _update_lrouter_port
2026-04-07 01:14:00.202 10 ERROR neutron_lib.callbacks.manager external_ids = self._nb_idl.db_get(
2026-04-07 01:14:00.202 10 ERROR neutron_lib.callbacks.manager
File "/var/lib/openstack/lib/python3.10/site-packages/ovsdbapp/backend/ovs_idl/command.py", line 47, in execute
2026-04-07 01:14:00.202 10 ERROR neutron_lib.callbacks.manager self.run_idl(None)
2026-04-07 01:14:00.202 10 ERROR neutron_lib.callbacks.manager
File "/var/lib/openstack/lib/python3.10/site-packages/ovsdbapp/backend/ovs_idl/command.py", line 235, in run_idl
2026-04-07 01:14:00.202 10 ERROR neutron_lib.callbacks.manager record = self.api.lookup(self.table, self.record)
2026-04-07 01:14:00.202 10 ERROR neutron_lib.callbacks.manager
File "/var/lib/openstack/lib/python3.10/site-packages/ovsdbapp/backend/ovs_idl/__init__.py", line 184, in lookup
2026-04-07 01:14:00.202 10 ERROR neutron_lib.callbacks.manager return self._lookup(table, record)
2026-04-07 01:14:00.202 10 ERROR neutron_lib.callbacks.manager
File "/var/lib/openstack/lib/python3.10/site-packages/ovsdbapp/backend/ovs_idl/__init__.py", line 235, in _lookup
2026-04-07 01:14:00.202 10 ERROR neutron_lib.callbacks.manager row = idlutils.row_by_value(self, rl.table, rl.column, record)
2026-04-07 01:14:00.202 10 ERROR neutron_lib.callbacks.manager
File "/var/lib/openstack/lib/python3.10/site-packages/ovsdbapp/backend/ovs_idl/idlutils.py", line 114, in row_by_value
2026-04-07 01:14:00.202 10 ERROR neutron_lib.callbacks.manager raise RowNotFound(table=table, col=column, match=match)
2026-04-07 01:14:00.202 10 ERROR neutron_lib.callbacks.manager ovsdbapp.backend.ovs_idl.idlutils.RowNotFound: Cannot find Logical_Router_Port with name=lrp-324bf7a1-0c27-4e62-b7e3-c9e4b01fbdda
2026-04-07 01:14:00.202 10 ERROR neutron_lib.callbacks.manager 
2026-04-07 01:14:00.203 10 INFO neutron.db.ovn_revision_numbers_db [None req-b9aa3d9b-4462-4127-b19b-47d60bed1d5f - - - - - -] Successfully bumped revision number for resource 4332e301-fb93-4f4e-a243-ab8c5360f01c (type: ports) to 2
2026-04-07 01:14:00.263 9 INFO neutron.db.ovn_revision_numbers_db [None req-b89b242b-e341-4182-9395-dfe699dc3c98 3c33899970d241c6a7a3e65063d0e430 861374040eab458bb37e4cf587b1cb6c - - default default] Successfully bumped revision number for resource 494a38ee-1e04-4eea-8d60-4a30a3ef0c11 (type: ports) to 1
2026-04-07 01:14:00.291 9 INFO neutron.wsgi [None req-b89b242b-e341-4182-9395-dfe699dc3c98 3c33899970d241c6a7a3e65063d0e430 861374040eab458bb37e4cf587b1cb6c - - default default] 10.0.0.132 "POST /v2.0/networks HTTP/1.1" status: 201 len: 940 time: 0.9160333
2026-04-07 01:14:00.452 10 INFO neutron.db.ovn_revision_numbers_db [None req-0cd941ed-2d63-4da2-8763-0e9fee991383 3c33899970d241c6a7a3e65063d0e430 861374040eab458bb37e4cf587b1cb6c - - default default] Successfully bumped revision number for resource 324bf7a1-0c27-4e62-b7e3-c9e4b01fbdda (type: ports) to 1
2026-04-07 01:14:00.485 9 WARNING neutron.scheduler.dhcp_agent_scheduler [None req-8d24a4bb-f356-4713-b96f-c5fb8176f27b 3c33899970d241c6a7a3e65063d0e430 861374040eab458bb37e4cf587b1cb6c - - default default] No more DHCP agents
2026-04-07 01:14:00.487 9 WARNING neutron.api.rpc.agentnotifiers.dhcp_rpc_agent_api [None req-8d24a4bb-f356-4713-b96f-c5fb8176f27b 3c33899970d241c6a7a3e65063d0e430 861374040eab458bb37e4cf587b1cb6c - - default default] Unable to schedule network 4eb2153c-daae-4d4f-aa55-68f8e4805b94: no agents available; will retry on subsequent port and subnet creation events.
2026-04-07 01:14:00.533 10 WARNING neutron.scheduler.dhcp_agent_scheduler [None req-0cd941ed-2d63-4da2-8763-0e9fee991383 3c33899970d241c6a7a3e65063d0e430 861374040eab458bb37e4cf587b1cb6c - - default default] No more DHCP agents
2026-04-07 01:14:00.534 10 WARNING neutron.api.rpc.agentnotifiers.dhcp_rpc_agent_api [None req-0cd941ed-2d63-4da2-8763-0e9fee991383 3c33899970d241c6a7a3e65063d0e430 861374040eab458bb37e4cf587b1cb6c - - default default] Unable to schedule network 26677fc6-1dfa-42e1-a67b-53594bbd9bc3: no agents available; will retry on subsequent port and subnet creation events.
2026-04-07 01:14:00.656 10 INFO neutron.db.ovn_revision_numbers_db [None req-b9aa3d9b-4462-4127-b19b-47d60bed1d5f - - - - - -] Successfully bumped revision number for resource 4332e301-fb93-4f4e-a243-ab8c5360f01c (type: ports) to 4
2026-04-07 01:14:01.019 9 INFO neutron.db.ovn_revision_numbers_db [None req-8d24a4bb-f356-4713-b96f-c5fb8176f27b 3c33899970d241c6a7a3e65063d0e430 861374040eab458bb37e4cf587b1cb6c - - default default] Successfully bumped revision number for resource 494a38ee-1e04-4eea-8d60-4a30a3ef0c11 (type: ports) to 2
2026-04-07 01:14:01.069 9 INFO neutron.db.ovn_revision_numbers_db [None req-8d24a4bb-f356-4713-b96f-c5fb8176f27b 3c33899970d241c6a7a3e65063d0e430 861374040eab458bb37e4cf587b1cb6c - - default default] Successfully bumped revision number for resource 96e6b012-fa1f-4b69-b674-1331d02ca57d (type: subnets) to 0
2026-04-07 01:14:01.107 9 INFO neutron.wsgi [None req-8d24a4bb-f356-4713-b96f-c5fb8176f27b 3c33899970d241c6a7a3e65063d0e430 861374040eab458bb37e4cf587b1cb6c - - default default] 10.0.0.132 "POST /v2.0/subnets HTTP/1.1" status: 201 len: 860 time: 0.8097024
2026-04-07 01:14:01.176 10 INFO neutron.wsgi [req-b3d16274-4feb-4c07-a209-22b73b41d2c4 req-eb2d39a6-9bb4-439b-9d65-0c5f909ecb5b 7e425cf8b2134c5f9bb8aff884c980bb 67cddb23b71f49998d3c81865694ae16 - - default default] 10.0.0.32 "GET /v2.0/ports?device_id=0fbab25f-c4a3-433e-a2d4-bbb309d3ff9a HTTP/1.1" status: 200 len: 1168 time: 0.1537876
2026-04-07 01:14:01.247 10 INFO neutron.db.ovn_revision_numbers_db [None req-b9aa3d9b-4462-4127-b19b-47d60bed1d5f - - - - - -] Successfully bumped revision number for resource 4332e301-fb93-4f4e-a243-ab8c5360f01c (type: router_ports) to 4
2026-04-07 01:14:01.267 10 INFO neutron.wsgi [req-b3d16274-4feb-4c07-a209-22b73b41d2c4 req-97e03968-af3f-45a8-a636-ab58a99ae92f 7e425cf8b2134c5f9bb8aff884c980bb 67cddb23b71f49998d3c81865694ae16 - - default default] 10.0.0.32 "GET /v2.0/security-groups?id=596e3b09-94ad-4226-8935-659f77b9416f&fields=id&fields=name HTTP/1.1" status: 200 len: 286 time: 0.0832586
2026-04-07 01:14:01.596 10 INFO neutron.db.ovn_revision_numbers_db [None req-0cd941ed-2d63-4da2-8763-0e9fee991383 3c33899970d241c6a7a3e65063d0e430 861374040eab458bb37e4cf587b1cb6c - - default default] Successfully bumped revision number for resource 324bf7a1-0c27-4e62-b7e3-c9e4b01fbdda (type: router_ports) to 1
2026-04-07 01:14:01.602 10 INFO neutron.wsgi [None req-0cd941ed-2d63-4da2-8763-0e9fee991383 3c33899970d241c6a7a3e65063d0e430 861374040eab458bb37e4cf587b1cb6c - - default default] 10.0.0.132 "PUT /v2.0/routers/ceec1984-e8e2-4e71-b9d5-b2b4c7e7e93e/add_router_interface HTTP/1.1" status: 200 len: 503 time: 3.5314949
2026-04-07 01:14:02.035 9 WARNING neutron.scheduler.dhcp_agent_scheduler [None req-a895ea0a-cabf-445b-a3a9-ddd19cb80e7e 3c33899970d241c6a7a3e65063d0e430 861374040eab458bb37e4cf587b1cb6c - - default default] No more DHCP agents
2026-04-07 01:14:02.037 9 WARNING neutron.api.rpc.agentnotifiers.dhcp_rpc_agent_api [None req-a895ea0a-cabf-445b-a3a9-ddd19cb80e7e 3c33899970d241c6a7a3e65063d0e430 861374040eab458bb37e4cf587b1cb6c - - default default] Unable to schedule network cca0ecd5-d140-4eac-ad01-051bd5107ae7: no agents available; will retry on subsequent port and subnet creation events.
2026-04-07 01:14:02.186 10 WARNING neutron_lib.context [None req-c3971451-8624-4aa2-b074-c6044355ea9e cbbf00ce1c9e4b689506d30378b8f76a 9562612e55ab4376b8c9eb8c458ab753 - - default default] Method 'is_advsvc' is deprecated since 2023.2 release (neutron-lib 3.8.0) and will be removed once support for the old RBAC API policies will be removed from Neutron. Please use method 'is_service_role' instead.
2026-04-07 01:14:02.218 9 INFO neutron.db.ovn_revision_numbers_db [None req-a895ea0a-cabf-445b-a3a9-ddd19cb80e7e 3c33899970d241c6a7a3e65063d0e430 861374040eab458bb37e4cf587b1cb6c - - default default] Successfully bumped revision number for resource f73731c1-ead1-45de-a5c9-d2af7aec866f (type: ports) to 1
2026-04-07 01:14:02.305 10 INFO neutron.db.ovn_revision_numbers_db [None req-c3971451-8624-4aa2-b074-c6044355ea9e cbbf00ce1c9e4b689506d30378b8f76a 9562612e55ab4376b8c9eb8c458ab753 - - default default] Successfully bumped revision number for resource 141ba3a5-db46-405e-96c8-3468203634c0 (type: security_groups) to 1
2026-04-07 01:14:02.322 10 INFO neutron.db.ovn_revision_numbers_db [None req-c3971451-8624-4aa2-b074-c6044355ea9e cbbf00ce1c9e4b689506d30378b8f76a 9562612e55ab4376b8c9eb8c458ab753 - - default default] Successfully bumped revision number for resource 49c0f12d-3746-47a2-ac0a-a46b4e18e155 (type: security_group_rules) to 0
2026-04-07 01:14:02.339 10 INFO neutron.db.ovn_revision_numbers_db [None req-c3971451-8624-4aa2-b074-c6044355ea9e cbbf00ce1c9e4b689506d30378b8f76a 9562612e55ab4376b8c9eb8c458ab753 - - default default] Successfully bumped revision number for resource 4d5ef7d8-9631-48cb-9d8f-aceb0813587f (type: security_group_rules) to 0
2026-04-07 01:14:02.380 10 INFO neutron.wsgi [None req-c3971451-8624-4aa2-b074-c6044355ea9e cbbf00ce1c9e4b689506d30378b8f76a 9562612e55ab4376b8c9eb8c458ab753 - - default default] 10.0.0.132 "POST /v2.0/security-groups HTTP/1.1" status: 201 len: 1861 time: 0.1999819
2026-04-07 01:14:02.382 10 WARNING neutron.plugins.ml2.drivers.ovn.mech_driver.ovsdb.ovn_client [None req-04cb8f12-12e9-471a-a750-65592ed9193b - - - - - -] No hosting information found for port d6f9f39a-7f20-4cfe-b9fb-9892014d8941: RuntimeError: No hosting information found for port d6f9f39a-7f20-4cfe-b9fb-9892014d8941
2026-04-07 01:14:02.382 10 INFO neutron.plugins.ml2.drivers.ovn.mech_driver.mech_driver [None req-04cb8f12-12e9-471a-a750-65592ed9193b - - - - - -] OVN reports status up for port: 5a33d9dd-6d82-497e-b057-66fe45709a82
2026-04-07 01:14:02.389 10 INFO neutron.wsgi [req-134a18b9-ab67-4294-b247-2a72308c6395 req-cfcb2e27-9f3b-4501-a482-f2099d2424b2 7e425cf8b2134c5f9bb8aff884c980bb 67cddb23b71f49998d3c81865694ae16 - - default default] 10.0.0.32 "GET /v2.0/ports?device_id=0fbab25f-c4a3-433e-a2d4-bbb309d3ff9a HTTP/1.1" status: 200 len: 1168 time: 0.0609992
2026-04-07 01:14:02.402 10 INFO neutron.plugins.ml2.drivers.ovn.mech_driver.mech_driver [None req-04cb8f12-12e9-471a-a750-65592ed9193b - - - - - -] OVN reports status up for port: ce6ce591-262b-4962-814d-4b7488dd2801
2026-04-07 01:14:02.403 9 WARNING neutron_lib.context [None req-0d04179e-1ef7-4f05-92d0-8d867fa6e2ee cbbf00ce1c9e4b689506d30378b8f76a 9562612e55ab4376b8c9eb8c458ab753 - - default default] Method 'is_advsvc' is deprecated since 2023.2 release (neutron-lib 3.8.0) and will be removed once support for the old RBAC API policies will be removed from Neutron. Please use method 'is_service_role' instead.
2026-04-07 01:14:02.418 10 INFO neutron.plugins.ml2.plugin [None req-04cb8f12-12e9-471a-a750-65592ed9193b - - - - - -] Attempt 1 to provision port ce6ce591-262b-4962-814d-4b7488dd2801
2026-04-07 01:14:02.443 10 INFO neutron.wsgi [req-134a18b9-ab67-4294-b247-2a72308c6395 req-e51677f4-89f9-4d17-80bf-c1072d5ce2be 7e425cf8b2134c5f9bb8aff884c980bb 67cddb23b71f49998d3c81865694ae16 - - default default] 10.0.0.32 "GET /v2.0/security-groups?id=596e3b09-94ad-4226-8935-659f77b9416f&fields=id&fields=name HTTP/1.1" status: 200 len: 286 time: 0.0422750
2026-04-07 01:14:02.527 10 INFO neutron.notifiers.nova [-] Nova event matching ['req-4f9f66e0-74c0-4a84-bb48-8f1e1f0e70b5'] response: {'server_uuid': '0fbab25f-c4a3-433e-a2d4-bbb309d3ff9a', 'name': 'network-vif-plugged', 'status': 'completed', 'tag': 'ce6ce591-262b-4962-814d-4b7488dd2801', 'code': 200}
2026-04-07 01:14:02.588 9 INFO neutron.db.ovn_revision_numbers_db [None req-0d04179e-1ef7-4f05-92d0-8d867fa6e2ee cbbf00ce1c9e4b689506d30378b8f76a 9562612e55ab4376b8c9eb8c458ab753 - - default default] Successfully bumped revision number for resource 12b440ab-f6dd-48c4-8957-abfc795815c6 (type: security_group_rules) to 0
2026-04-07 01:14:02.623 9 INFO neutron.wsgi [None req-0d04179e-1ef7-4f05-92d0-8d867fa6e2ee cbbf00ce1c9e4b689506d30378b8f76a 9562612e55ab4376b8c9eb8c458ab753 - - default default] 10.0.0.132 "POST /v2.0/security-group-rules HTTP/1.1" status: 201 len: 796 time: 0.2375724
2026-04-07 01:14:02.633 9 WARNING neutron_lib.context [None req-d905d9e4-11bb-47c1-98bf-754651c1b0cf cbbf00ce1c9e4b689506d30378b8f76a 9562612e55ab4376b8c9eb8c458ab753 - - default default] Method 'is_advsvc' is deprecated since 2023.2 release (neutron-lib 3.8.0) and will be removed once support for the old RBAC API policies will be removed from Neutron. Please use method 'is_service_role' instead.
2026-04-07 01:14:02.699 10 INFO neutron.db.ovn_revision_numbers_db [None req-04cb8f12-12e9-471a-a750-65592ed9193b - - - - - -] Successfully bumped revision number for resource ce6ce591-262b-4962-814d-4b7488dd2801 (type: ports) to 4
2026-04-07 01:14:02.753 10 INFO neutron.plugins.ml2.drivers.ovn.mech_driver.mech_driver [None req-04cb8f12-12e9-471a-a750-65592ed9193b - - - - - -] OVN reports status up for port: 4332e301-fb93-4f4e-a243-ab8c5360f01c
2026-04-07 01:14:02.763 10 INFO neutron.plugins.ml2.plugin [None req-04cb8f12-12e9-471a-a750-65592ed9193b - - - - - -] Attempt 1 to provision port 4332e301-fb93-4f4e-a243-ab8c5360f01c
2026-04-07 01:14:02.823 9 INFO neutron.db.ovn_revision_numbers_db [None req-d905d9e4-11bb-47c1-98bf-754651c1b0cf cbbf00ce1c9e4b689506d30378b8f76a 9562612e55ab4376b8c9eb8c458ab753 - - default default] Successfully bumped revision number for resource 84a9c248-b5c9-40d0-8d31-9c6ea2ec94e2 (type: security_group_rules) to 0
2026-04-07 01:14:02.847 10 INFO neutron.plugins.ml2.drivers.ovn.mech_driver.mech_driver [None req-04cb8f12-12e9-471a-a750-65592ed9193b - - - - - -] OVN reports status up for port: 324bf7a1-0c27-4e62-b7e3-c9e4b01fbdda
2026-04-07 01:14:02.854 10 INFO neutron.plugins.ml2.plugin [None req-04cb8f12-12e9-471a-a750-65592ed9193b - - - - - -] Attempt 1 to provision port 324bf7a1-0c27-4e62-b7e3-c9e4b01fbdda
2026-04-07 01:14:02.877 9 INFO neutron.wsgi [None req-d905d9e4-11bb-47c1-98bf-754651c1b0cf cbbf00ce1c9e4b689506d30378b8f76a 9562612e55ab4376b8c9eb8c458ab753 - - default default] 10.0.0.132 "POST /v2.0/security-group-rules HTTP/1.1" status: 201 len: 801 time: 0.2495630
2026-04-07 01:14:02.889 9 WARNING neutron_lib.context [None req-b3793eb7-ee10-4cab-93ea-d2ef610c60f6 cbbf00ce1c9e4b689506d30378b8f76a 9562612e55ab4376b8c9eb8c458ab753 - - default default] Method 'is_advsvc' is deprecated since 2023.2 release (neutron-lib 3.8.0) and will be removed once support for the old RBAC API policies will be removed from Neutron. Please use method 'is_service_role' instead.
2026-04-07 01:14:02.982 9 INFO neutron.plugins.ml2.drivers.ovn.mech_driver.ovsdb.commands [None req-b6f1f716-7818-473b-bbd6-2ca9e3902202 - - - - - -] Schedule LRP lrp-f73731c1-ead1-45de-a5c9-d2af7aec866f on gateway 11e93b16-de78-4d73-83eb-73da190601c9 with priority 1
2026-04-07 01:14:03.023 10 INFO neutron.plugins.ml2.drivers.ovn.mech_driver.ovsdb.ovsdb_monitor [None req-b9aa3d9b-4462-4127-b19b-47d60bed1d5f - - - - - -] Router ab8f5618-b691-453b-a192-738eae10009e is bound to host instance
2026-04-07 01:14:03.045 9 INFO neutron.db.ovn_revision_numbers_db [None req-a895ea0a-cabf-445b-a3a9-ddd19cb80e7e 3c33899970d241c6a7a3e65063d0e430 861374040eab458bb37e4cf587b1cb6c - - default default] Successfully bumped revision number for resource f73731c1-ead1-45de-a5c9-d2af7aec866f (type: router_ports) to 1
2026-04-07 01:14:03.176 9 INFO neutron.db.ovn_revision_numbers_db [None req-a895ea0a-cabf-445b-a3a9-ddd19cb80e7e 3c33899970d241c6a7a3e65063d0e430 861374040eab458bb37e4cf587b1cb6c - - default default] Successfully bumped revision number for resource ab8f5618-b691-453b-a192-738eae10009e (type: routers) to 2
2026-04-07 01:14:03.195 9 INFO neutron.wsgi [None req-a895ea0a-cabf-445b-a3a9-ddd19cb80e7e 3c33899970d241c6a7a3e65063d0e430 861374040eab458bb37e4cf587b1cb6c - - default default] 10.0.0.132 "POST /v2.0/routers HTTP/1.1" status: 201 len: 1162 time: 2.0830300
2026-04-07 01:14:03.248 9 WARNING neutron.scheduler.dhcp_agent_scheduler [None req-b3793eb7-ee10-4cab-93ea-d2ef610c60f6 cbbf00ce1c9e4b689506d30378b8f76a 9562612e55ab4376b8c9eb8c458ab753 - - default default] No more DHCP agents
2026-04-07 01:14:03.267 9 WARNING neutron.api.rpc.agentnotifiers.dhcp_rpc_agent_api [None req-b3793eb7-ee10-4cab-93ea-d2ef610c60f6 cbbf00ce1c9e4b689506d30378b8f76a 9562612e55ab4376b8c9eb8c458ab753 - - default default] Unable to schedule network cca0ecd5-d140-4eac-ad01-051bd5107ae7: no agents available; will retry on subsequent port and subnet creation events.
2026-04-07 01:14:03.371 10 INFO neutron.db.ovn_revision_numbers_db [None req-04cb8f12-12e9-471a-a750-65592ed9193b - - - - - -] Successfully bumped revision number for resource 324bf7a1-0c27-4e62-b7e3-c9e4b01fbdda (type: ports) to 2
2026-04-07 01:14:03.694 9 INFO neutron.wsgi [None req-b3793eb7-ee10-4cab-93ea-d2ef610c60f6 cbbf00ce1c9e4b689506d30378b8f76a 9562612e55ab4376b8c9eb8c458ab753 - - default default] 10.0.0.132 "POST /v2.0/floatingips HTTP/1.1" status: 201 len: 751 time: 0.8103971
2026-04-07 01:14:03.837 9 WARNING neutron.scheduler.dhcp_agent_scheduler [None req-23afd6f2-c592-49ce-912b-a74828da73b3 3c33899970d241c6a7a3e65063d0e430 861374040eab458bb37e4cf587b1cb6c - - default default] No more DHCP agents
2026-04-07 01:14:03.840 9 WARNING neutron.api.rpc.agentnotifiers.dhcp_rpc_agent_api [None req-23afd6f2-c592-49ce-912b-a74828da73b3 3c33899970d241c6a7a3e65063d0e430 861374040eab458bb37e4cf587b1cb6c - - default default] Unable to schedule network 4eb2153c-daae-4d4f-aa55-68f8e4805b94: no agents available; will retry on subsequent port and subnet creation events. /var/lib/openstack/lib/python3.10/site-packages/pycadf/identifier.py:71: UserWarning: Invalid uuid: neutron. To ensure interoperability, identifiers should be a valid uuid. warnings.warn(('Invalid uuid: %s. To ensure interoperability, '
2026-04-07 01:14:03.973 10 INFO neutron.wsgi [req-0ae7f6cd-2d20-4bfe-94a0-d39dc4b87241 req-fd21b0a8-4c9d-4660-bd6f-b435616350f6 7e425cf8b2134c5f9bb8aff884c980bb 67cddb23b71f49998d3c81865694ae16 - - default default] 10.0.0.32 "GET /v2.0/ports?device_id=0fbab25f-c4a3-433e-a2d4-bbb309d3ff9a HTTP/1.1" status: 200 len: 1170 time: 0.0729184
2026-04-07 01:14:03.993 9 INFO neutron.db.ovn_revision_numbers_db [None req-23afd6f2-c592-49ce-912b-a74828da73b3 3c33899970d241c6a7a3e65063d0e430 861374040eab458bb37e4cf587b1cb6c - - default default] Successfully bumped revision number for resource 7fbd66fb-4328-4360-b1ae-e81baa176da9 (type: ports) to 1
2026-04-07 01:14:04.070 10 INFO neutron.wsgi [req-0ae7f6cd-2d20-4bfe-94a0-d39dc4b87241 req-219a2893-c6a9-4be9-9126-2181a22d6b19 7e425cf8b2134c5f9bb8aff884c980bb 67cddb23b71f49998d3c81865694ae16 - - default default] 10.0.0.32 "GET /v2.0/security-groups?id=596e3b09-94ad-4226-8935-659f77b9416f&fields=id&fields=name HTTP/1.1" status: 200 len: 286 time: 0.0914397
2026-04-07 01:14:04.108 10 INFO neutron.db.ovn_revision_numbers_db [None req-04cb8f12-12e9-471a-a750-65592ed9193b - - - - - -] Successfully bumped revision number for resource 324bf7a1-0c27-4e62-b7e3-c9e4b01fbdda (type: router_ports) to 2
2026-04-07 01:14:04.222 9 INFO neutron.wsgi [-] 10.0.0.218 "GET / HTTP/1.1" status: 200 len: 247 time: 0.0022056
2026-04-07 01:14:04.224 9 INFO neutron.wsgi [-] 10.0.0.218 "GET / HTTP/1.1" status: 200 len: 247 time: 0.0012512
2026-04-07 01:14:04.355 10 INFO neutron.db.ovn_revision_numbers_db [None req-b9aa3d9b-4462-4127-b19b-47d60bed1d5f - - - - - -] Successfully bumped revision number for resource f73731c1-ead1-45de-a5c9-d2af7aec866f (type: ports) to 1
2026-04-07 01:14:04.524 10 INFO neutron.wsgi [req-62c1cb90-2274-44aa-9165-a2443b54a4b0 req-263545a0-ec84-45a7-89c1-ca365eaaee6d 7e425cf8b2134c5f9bb8aff884c980bb 67cddb23b71f49998d3c81865694ae16 - - default default] 10.0.0.32 "GET /v2.0/ports?device_id=0fbab25f-c4a3-433e-a2d4-bbb309d3ff9a HTTP/1.1" status: 200 len: 1170 time: 0.0688097
2026-04-07 01:14:04.580 10 INFO neutron.notifiers.nova [-] Nova event matching ['req-ba743c66-0547-401d-a722-33f450d652c4'] response: {'server_uuid': '0fbab25f-c4a3-433e-a2d4-bbb309d3ff9a', 'name': 'network-vif-plugged', 'status': 'completed', 'tag': 'ce6ce591-262b-4962-814d-4b7488dd2801', 'code': 200}
2026-04-07 01:14:04.623 10 INFO neutron.wsgi [req-62c1cb90-2274-44aa-9165-a2443b54a4b0 req-b5d279c8-ac22-447c-9b36-1e07fdbbf447 7e425cf8b2134c5f9bb8aff884c980bb 67cddb23b71f49998d3c81865694ae16 - - default default] 10.0.0.32 "GET /v2.0/security-groups?id=596e3b09-94ad-4226-8935-659f77b9416f&fields=id&fields=name HTTP/1.1" status: 200 len: 286 time: 0.0901031
2026-04-07 01:14:04.760 9 ERROR ovsdbapp.backend.ovs_idl.command [None req-23afd6f2-c592-49ce-912b-a74828da73b3 3c33899970d241c6a7a3e65063d0e430 861374040eab458bb37e4cf587b1cb6c - - default default] Error executing command (DbGetCommand): ovsdbapp.backend.ovs_idl.idlutils.RowNotFound: Cannot find Logical_Router_Port with name=lrp-7fbd66fb-4328-4360-b1ae-e81baa176da9
2026-04-07 01:14:04.760 9 ERROR ovsdbapp.backend.ovs_idl.command
Traceback (most recent call last):
2026-04-07 01:14:04.760 9 ERROR ovsdbapp.backend.ovs_idl.command
File "/var/lib/openstack/lib/python3.10/site-packages/ovsdbapp/backend/ovs_idl/command.py", line 47, in execute
2026-04-07 01:14:04.760 9 ERROR ovsdbapp.backend.ovs_idl.command self.run_idl(None)
2026-04-07 01:14:04.760 9 ERROR ovsdbapp.backend.ovs_idl.command
File "/var/lib/openstack/lib/python3.10/site-packages/ovsdbapp/backend/ovs_idl/command.py", line 235, in run_idl
2026-04-07 01:14:04.760 9 ERROR ovsdbapp.backend.ovs_idl.command record = self.api.lookup(self.table, self.record)
2026-04-07 01:14:04.760 9 ERROR ovsdbapp.backend.ovs_idl.command
File "/var/lib/openstack/lib/python3.10/site-packages/ovsdbapp/backend/ovs_idl/__init__.py", line 184, in lookup
2026-04-07 01:14:04.760 9 ERROR ovsdbapp.backend.ovs_idl.command return self._lookup(table, record)
2026-04-07 01:14:04.760 9 ERROR ovsdbapp.backend.ovs_idl.command
File "/var/lib/openstack/lib/python3.10/site-packages/ovsdbapp/backend/ovs_idl/__init__.py", line 235, in _lookup
2026-04-07 01:14:04.760 9 ERROR ovsdbapp.backend.ovs_idl.command row = idlutils.row_by_value(self, rl.table, rl.column, record)
2026-04-07 01:14:04.760 9 ERROR ovsdbapp.backend.ovs_idl.command
File "/var/lib/openstack/lib/python3.10/site-packages/ovsdbapp/backend/ovs_idl/idlutils.py", line 114, in row_by_value
2026-04-07 01:14:04.760 9 ERROR ovsdbapp.backend.ovs_idl.command raise RowNotFound(table=table, col=column, match=match)
2026-04-07 01:14:04.760 9 ERROR ovsdbapp.backend.ovs_idl.command ovsdbapp.backend.ovs_idl.idlutils.RowNotFound: Cannot find Logical_Router_Port with name=lrp-7fbd66fb-4328-4360-b1ae-e81baa176da9
2026-04-07 01:14:04.760 9 ERROR ovsdbapp.backend.ovs_idl.command 
2026-04-07 01:14:04.760 9 ERROR neutron_lib.callbacks.manager [None req-23afd6f2-c592-49ce-912b-a74828da73b3 3c33899970d241c6a7a3e65063d0e430 861374040eab458bb37e4cf587b1cb6c - - default default] Error during notification for neutron.services.ovn_l3.plugin.OVNL3RouterPlugin._port_update-8775645969126 port, after_update: ovsdbapp.backend.ovs_idl.idlutils.RowNotFound: Cannot find Logical_Router_Port with name=lrp-7fbd66fb-4328-4360-b1ae-e81baa176da9
2026-04-07 01:14:04.760 9 ERROR neutron_lib.callbacks.manager
Traceback (most recent call last):
2026-04-07 01:14:04.760 9 ERROR neutron_lib.callbacks.manager
File "/var/lib/openstack/lib/python3.10/site-packages/neutron_lib/callbacks/manager.py", line 189, in _notify_loop
2026-04-07 01:14:04.760 9 ERROR neutron_lib.callbacks.manager callback.method(resource, event, trigger, payload=payload)
2026-04-07 01:14:04.760 9 ERROR neutron_lib.callbacks.manager
File "/var/lib/openstack/lib/python3.10/site-packages/neutron/services/ovn_l3/plugin.py", line 391, in _port_update
2026-04-07 01:14:04.760 9 ERROR neutron_lib.callbacks.manager l3plugin._ovn_client.update_router_port(context,
2026-04-07 01:14:04.760 9 ERROR neutron_lib.callbacks.manager
File "/var/lib/openstack/lib/python3.10/site-packages/neutron/plugins/ml2/drivers/ovn/mech_driver/ovsdb/ovn_client.py", line 1878, in update_router_port
2026-04-07 01:14:04.760 9 ERROR neutron_lib.callbacks.manager self._update_lrouter_port(context, port, if_exists=if_exists,
2026-04-07 01:14:04.760 9 ERROR neutron_lib.callbacks.manager
File "/var/lib/openstack/lib/python3.10/site-packages/neutron/plugins/ml2/drivers/ovn/mech_driver/ovsdb/ovn_client.py", line 1855, in _update_lrouter_port
2026-04-07 01:14:04.760 9 ERROR neutron_lib.callbacks.manager external_ids = self._nb_idl.db_get(
2026-04-07 01:14:04.760 9 ERROR neutron_lib.callbacks.manager
File "/var/lib/openstack/lib/python3.10/site-packages/ovsdbapp/backend/ovs_idl/command.py", line 47, in execute
2026-04-07 01:14:04.760 9 ERROR neutron_lib.callbacks.manager self.run_idl(None)
2026-04-07 01:14:04.760 9 ERROR neutron_lib.callbacks.manager
File "/var/lib/openstack/lib/python3.10/site-packages/ovsdbapp/backend/ovs_idl/command.py", line 235, in run_idl
2026-04-07 01:14:04.760 9 ERROR neutron_lib.callbacks.manager record = self.api.lookup(self.table, self.record)
2026-04-07 01:14:04.760 9 ERROR neutron_lib.callbacks.manager
File "/var/lib/openstack/lib/python3.10/site-packages/ovsdbapp/backend/ovs_idl/__init__.py", line 184, in lookup
2026-04-07 01:14:04.760 9 ERROR neutron_lib.callbacks.manager return self._lookup(table, record)
2026-04-07 01:14:04.760 9 ERROR neutron_lib.callbacks.manager
File "/var/lib/openstack/lib/python3.10/site-packages/ovsdbapp/backend/ovs_idl/__init__.py", line 235, in _lookup
2026-04-07 01:14:04.760 9 ERROR neutron_lib.callbacks.manager row = idlutils.row_by_value(self, rl.table, rl.column, record)
2026-04-07 01:14:04.760 9 ERROR neutron_lib.callbacks.manager
File "/var/lib/openstack/lib/python3.10/site-packages/ovsdbapp/backend/ovs_idl/idlutils.py", line 114, in row_by_value
2026-04-07 01:14:04.760 9 ERROR neutron_lib.callbacks.manager raise RowNotFound(table=table, col=column, match=match)
2026-04-07 01:14:04.760 9 ERROR neutron_lib.callbacks.manager ovsdbapp.backend.ovs_idl.idlutils.RowNotFound: Cannot find Logical_Router_Port with name=lrp-7fbd66fb-4328-4360-b1ae-e81baa176da9
2026-04-07 01:14:04.760 9 ERROR neutron_lib.callbacks.manager 
2026-04-07 01:14:04.834 10 INFO neutron.wsgi [req-3277fc99-7190-46ed-b762-e2c76cacf784 req-17860ba6-f93e-44d4-8af5-f2255a483c42 7e425cf8b2134c5f9bb8aff884c980bb 67cddb23b71f49998d3c81865694ae16 - - default default] 199.19.213.14 "GET /v2.0/ports?device_id=0fbab25f-c4a3-433e-a2d4-bbb309d3ff9a HTTP/1.1" status: 200 len: 1170 time: 0.0535011
2026-04-07 01:14:04.967 10 INFO neutron.db.ovn_revision_numbers_db [None req-b9aa3d9b-4462-4127-b19b-47d60bed1d5f - - - - - -] Successfully bumped revision number for resource f73731c1-ead1-45de-a5c9-d2af7aec866f (type: router_ports) to 3
2026-04-07 01:14:05.003 9 INFO neutron.db.ovn_revision_numbers_db [None req-23afd6f2-c592-49ce-912b-a74828da73b3 3c33899970d241c6a7a3e65063d0e430 861374040eab458bb37e4cf587b1cb6c - - default default] Successfully bumped revision number for resource 7fbd66fb-4328-4360-b1ae-e81baa176da9 (type: ports) to 1
2026-04-07 01:14:05.072 9 WARNING neutron.scheduler.dhcp_agent_scheduler [None req-23afd6f2-c592-49ce-912b-a74828da73b3 3c33899970d241c6a7a3e65063d0e430 861374040eab458bb37e4cf587b1cb6c - - default default] No more DHCP agents
2026-04-07 01:14:05.074 9 WARNING neutron.api.rpc.agentnotifiers.dhcp_rpc_agent_api [None req-23afd6f2-c592-49ce-912b-a74828da73b3 3c33899970d241c6a7a3e65063d0e430 861374040eab458bb37e4cf587b1cb6c - - default default] Unable to schedule network 4eb2153c-daae-4d4f-aa55-68f8e4805b94: no agents available; will retry on subsequent port and subnet creation events.
2026-04-07 01:14:05.210 10 INFO neutron.db.ovn_revision_numbers_db [None req-b9aa3d9b-4462-4127-b19b-47d60bed1d5f - - - - - -] Successfully bumped revision number for resource f73731c1-ead1-45de-a5c9-d2af7aec866f (type: ports) to 2
2026-04-07 01:14:05.263 10 INFO neutron.wsgi [req-3277fc99-7190-46ed-b762-e2c76cacf784 req-d5b17647-989a-41dd-8814-3aabd2549956 7e425cf8b2134c5f9bb8aff884c980bb 67cddb23b71f49998d3c81865694ae16 - - default default] 199.19.213.14 "DELETE /v2.0/ports/ce6ce591-262b-4962-814d-4b7488dd2801 HTTP/1.1" status: 204 len: 173 time: 0.4235384
2026-04-07 01:14:05.665 10 INFO neutron.db.ovn_revision_numbers_db [None req-b9aa3d9b-4462-4127-b19b-47d60bed1d5f - - - - - -] Successfully bumped revision number for resource f73731c1-ead1-45de-a5c9-d2af7aec866f (type: ports) to 4
2026-04-07 01:14:06.000 10 INFO neutron.db.ovn_revision_numbers_db [None req-b9aa3d9b-4462-4127-b19b-47d60bed1d5f - - - - - -] Successfully bumped revision number for resource f73731c1-ead1-45de-a5c9-d2af7aec866f (type: router_ports) to 4
2026-04-07 01:14:06.007 9 INFO neutron.db.ovn_revision_numbers_db [None req-23afd6f2-c592-49ce-912b-a74828da73b3 3c33899970d241c6a7a3e65063d0e430 861374040eab458bb37e4cf587b1cb6c - - default default] Successfully bumped revision number for resource 7fbd66fb-4328-4360-b1ae-e81baa176da9 (type: router_ports) to 1
2026-04-07 01:14:06.014 9 INFO neutron.wsgi [None req-23afd6f2-c592-49ce-912b-a74828da73b3 3c33899970d241c6a7a3e65063d0e430 861374040eab458bb37e4cf587b1cb6c - - default default] 10.0.0.132 "PUT /v2.0/routers/ab8f5618-b691-453b-a192-738eae10009e/add_router_interface HTTP/1.1" status: 200 len: 503 time: 2.8092129
2026-04-07 01:14:06.493 10 WARNING neutron_lib.context [None req-f3f1bfa0-cced-451f-850b-4cce02cdcf56 d8d91d16584c4ab39f824cdb4aa6f093 fee8ce5fca5e49088d204432585f4539 - - default default] Method 'is_advsvc' is deprecated since 2023.2 release (neutron-lib 3.8.0) and will be removed once support for the old RBAC API policies will be removed from Neutron. Please use method 'is_service_role' instead.
2026-04-07 01:14:06.611 10 INFO neutron.notifiers.nova [-] Nova event matching ['req-df37a603-8588-4b09-a4fa-f017bf4e2fdf'] response: {'server_uuid': '0fbab25f-c4a3-433e-a2d4-bbb309d3ff9a', 'name': 'network-vif-deleted', 'tag': 'ce6ce591-262b-4962-814d-4b7488dd2801', 'status': 'completed', 'code': 200}
