2026-04-07 01:15:16.930 10 INFO neutron.wsgi [None req-67ce7b9b-a69a-499e-8135-8732287e0d2e e8fe4e3e96944996b2419ca0bda95f01 94aac8011007470391a64281bde37758 - - default default] 10.0.0.132 "POST /v2.0/security-group-rules HTTP/1.1" status: 201 len: 801 time: 0.3006096
2026-04-07 01:15:16.951 10 WARNING neutron.scheduler.dhcp_agent_scheduler [None req-15c48462-30e0-4974-85bf-90882ce0778a 11f5aaf7c86d4e1ba698b242b3888419 4a46bc23623a494a9553b247562e845c - - default default] No more DHCP agents
2026-04-07 01:15:16.953 10 WARNING neutron.api.rpc.agentnotifiers.dhcp_rpc_agent_api [None req-15c48462-30e0-4974-85bf-90882ce0778a 11f5aaf7c86d4e1ba698b242b3888419 4a46bc23623a494a9553b247562e845c - - default default] Unable to schedule network 35ea2863-457b-4869-984c-e8bffdd177d0: no agents available; will retry on subsequent port and subnet creation events.
2026-04-07 01:15:16.958 9 INFO neutron.wsgi [None req-adf0f735-7e0b-4e47-89bc-5b9835a9b51c e8fe4e3e96944996b2419ca0bda95f01 94aac8011007470391a64281bde37758 - - default default] 10.0.0.132 "GET /v2.0/security-group-rules/b66c2562-4f5f-47ef-895a-fd4aee0ffdce HTTP/1.1" status: 200 len: 796 time: 0.0215962
2026-04-07 01:15:17.040 9 INFO neutron.wsgi [None req-4f4e98f2-ab1f-4c61-89d4-13fe3568c4e9 e8fe4e3e96944996b2419ca0bda95f01 94aac8011007470391a64281bde37758 - - default default] 10.0.0.132 "GET /v2.0/security-group-rules HTTP/1.1" status: 200 len: 4334 time: 0.0750496
2026-04-07 01:15:17.044 10 INFO neutron.db.ovn_revision_numbers_db [None req-15c48462-30e0-4974-85bf-90882ce0778a 11f5aaf7c86d4e1ba698b242b3888419 4a46bc23623a494a9553b247562e845c - - default default] Successfully bumped revision number for resource 6ab11003-dd3b-4d5e-9a7f-d468bc8762e2 (type: ports) to 1
2026-04-07 01:15:17.073 10 INFO neutron.wsgi [None req-15c48462-30e0-4974-85bf-90882ce0778a 11f5aaf7c86d4e1ba698b242b3888419 4a46bc23623a494a9553b247562e845c - - default default] 10.0.0.132 "POST /v2.0/networks HTTP/1.1" status: 201 len: 853 time: 0.6625454
2026-04-07 01:15:17.084 10 WARNING neutron_lib.context [None req-7765da2d-e29f-40e4-b33b-a3a008a96bc5 11f5aaf7c86d4e1ba698b242b3888419 4a46bc23623a494a9553b247562e845c - - default default] Method 'is_advsvc' is deprecated since 2023.2 release (neutron-lib 3.8.0) and will be removed once support for the old RBAC API policies will be removed from Neutron. Please use method 'is_service_role' instead.
2026-04-07 01:15:17.161 10 INFO neutron.db.segments_db [None req-7765da2d-e29f-40e4-b33b-a3a008a96bc5 11f5aaf7c86d4e1ba698b242b3888419 4a46bc23623a494a9553b247562e845c - - default default] Added segment cf746899-f49c-4c2d-9da2-d439b88a8268 of type geneve for network 66800581-fa26-4da2-b6cc-599b9db53e4e
2026-04-07 01:15:17.169 9 INFO neutron.wsgi [None req-3538470f-6ac3-4f32-afa4-dec36824986b e8fe4e3e96944996b2419ca0bda95f01 94aac8011007470391a64281bde37758 - - default default] 10.0.0.132 "DELETE /v2.0/security-group-rules/b66c2562-4f5f-47ef-895a-fd4aee0ffdce HTTP/1.1" status: 204 len: 168 time: 0.1225872
2026-04-07 01:15:17.232 9 INFO neutron.wsgi [None req-800ac4a3-d22a-4a50-9cf7-8f80b25cd39a e8fe4e3e96944996b2419ca0bda95f01 94aac8011007470391a64281bde37758 - - default default] 10.0.0.132 "GET /v2.0/security-group-rules HTTP/1.1" status: 200 len: 3755 time: 0.0584021
2026-04-07 01:15:17.283 10 INFO neutron.db.ovn_revision_numbers_db [None req-7765da2d-e29f-40e4-b33b-a3a008a96bc5 11f5aaf7c86d4e1ba698b242b3888419 4a46bc23623a494a9553b247562e845c - - default default] Successfully bumped revision number for resource 66800581-fa26-4da2-b6cc-599b9db53e4e (type: networks) to 1
2026-04-07 01:15:17.331 9 INFO neutron.wsgi [None req-0ded35ee-f964-4fe0-912a-a8ce44e060a8 e8fe4e3e96944996b2419ca0bda95f01 94aac8011007470391a64281bde37758 - - default default] 10.0.0.132 "DELETE /v2.0/security-groups/eed76b04-b6b1-482e-960e-0a93460f23ce HTTP/1.1" status: 204 len: 168 time: 0.0951233
2026-04-07 01:15:17.376 9 INFO neutron.wsgi [None req-2fdacc79-2e78-4c15-8888-2427e277d4b0 e8fe4e3e96944996b2419ca0bda95f01 94aac8011007470391a64281bde37758 - - default default] 10.0.0.132 "GET /v2.0/security-groups HTTP/1.1" status: 200 len: 3120 time: 0.0390673
2026-04-07 01:15:17.424 9 INFO neutron.wsgi [None req-c62735c6-dfe6-410d-844d-16bf6d34942d e8fe4e3e96944996b2419ca0bda95f01 94aac8011007470391a64281bde37758 - - default default] 10.0.0.132 "GET /v2.0/security-groups HTTP/1.1" status: 200 len: 3120 time: 0.0398154
2026-04-07 01:15:17.436 10 WARNING neutron.scheduler.dhcp_agent_scheduler [None req-7765da2d-e29f-40e4-b33b-a3a008a96bc5 11f5aaf7c86d4e1ba698b242b3888419 4a46bc23623a494a9553b247562e845c - - default default] No more DHCP agents
2026-04-07 01:15:17.437 10 WARNING neutron.api.rpc.agentnotifiers.dhcp_rpc_agent_api [None req-7765da2d-e29f-40e4-b33b-a3a008a96bc5 11f5aaf7c86d4e1ba698b242b3888419 4a46bc23623a494a9553b247562e845c - - default default] Unable to schedule network 66800581-fa26-4da2-b6cc-599b9db53e4e: no agents available; will retry on subsequent port and subnet creation events.
2026-04-07 01:15:17.526 10 INFO neutron.db.ovn_revision_numbers_db [None req-7765da2d-e29f-40e4-b33b-a3a008a96bc5 11f5aaf7c86d4e1ba698b242b3888419 4a46bc23623a494a9553b247562e845c - - default default] Successfully bumped revision number for resource c13cc6f9-ed14-45b5-a9a0-50aec744b18b (type: ports) to 1
2026-04-07 01:15:17.550 10 INFO neutron.wsgi [None req-7765da2d-e29f-40e4-b33b-a3a008a96bc5 11f5aaf7c86d4e1ba698b242b3888419 4a46bc23623a494a9553b247562e845c - - default default] 10.0.0.132 "POST /v2.0/networks HTTP/1.1" status: 201 len: 853 time: 0.4717932
2026-04-07 01:15:17.561 10 WARNING neutron_lib.context [None req-3abe9d9a-f5dd-4e2b-b790-fe3e990c1693 11f5aaf7c86d4e1ba698b242b3888419 4a46bc23623a494a9553b247562e845c - - default default] Method 'is_advsvc' is deprecated since 2023.2 release (neutron-lib 3.8.0) and will be removed once support for the old RBAC API policies will be removed from Neutron. Please use method 'is_service_role' instead.
2026-04-07 01:15:17.607 10 WARNING neutron_lib.context [None req-3abe9d9a-f5dd-4e2b-b790-fe3e990c1693 11f5aaf7c86d4e1ba698b242b3888419 4a46bc23623a494a9553b247562e845c - - default default] Method 'is_advsvc' is deprecated since 2023.2 release (neutron-lib 3.8.0) and will be removed once support for the old RBAC API policies will be removed from Neutron. Please use method 'is_service_role' instead.
2026-04-07 01:15:18.026 10 WARNING neutron.scheduler.dhcp_agent_scheduler [None req-3abe9d9a-f5dd-4e2b-b790-fe3e990c1693 11f5aaf7c86d4e1ba698b242b3888419 4a46bc23623a494a9553b247562e845c - - default default] No more DHCP agents
2026-04-07 01:15:18.027 10 WARNING neutron.api.rpc.agentnotifiers.dhcp_rpc_agent_api [None req-3abe9d9a-f5dd-4e2b-b790-fe3e990c1693 11f5aaf7c86d4e1ba698b242b3888419 4a46bc23623a494a9553b247562e845c - - default default] Unable to schedule network 35ea2863-457b-4869-984c-e8bffdd177d0: no agents available; will retry on subsequent port and subnet creation events. /var/lib/openstack/lib/python3.10/site-packages/pycadf/identifier.py:71: UserWarning: Invalid uuid: neutron. To ensure interoperability, identifiers should be a valid uuid. warnings.warn(('Invalid uuid: %s. To ensure interoperability, '
2026-04-07 01:15:18.092 10 INFO neutron.wsgi [None req-315b1f51-0e61-48d1-9741-a7869e454546 3c33899970d241c6a7a3e65063d0e430 861374040eab458bb37e4cf587b1cb6c - - default default] 10.0.0.132 "GET /v2.0/security-groups?tenant_id=94aac8011007470391a64281bde37758&name=default HTTP/1.1" status: 200 len: 3120 time: 0.1453209
2026-04-07 01:15:18.121 10 INFO neutron.db.ovn_revision_numbers_db [None req-3abe9d9a-f5dd-4e2b-b790-fe3e990c1693 11f5aaf7c86d4e1ba698b242b3888419 4a46bc23623a494a9553b247562e845c - - default default] Successfully bumped revision number for resource 8c1f09dc-1fdb-4a4b-92bd-ec12c0511353 (type: ports) to 1
2026-04-07 01:15:18.144 10 WARNING neutron.scheduler.dhcp_agent_scheduler [None req-3abe9d9a-f5dd-4e2b-b790-fe3e990c1693 11f5aaf7c86d4e1ba698b242b3888419 4a46bc23623a494a9553b247562e845c - - default default] No more DHCP agents
2026-04-07 01:15:18.146 10 WARNING neutron.api.rpc.agentnotifiers.dhcp_rpc_agent_api [None req-3abe9d9a-f5dd-4e2b-b790-fe3e990c1693 11f5aaf7c86d4e1ba698b242b3888419 4a46bc23623a494a9553b247562e845c - - default default] Unable to schedule network 66800581-fa26-4da2-b6cc-599b9db53e4e: no agents available; will retry on subsequent port and subnet creation events.
2026-04-07 01:15:18.227 10 INFO neutron.db.ovn_revision_numbers_db [None req-3abe9d9a-f5dd-4e2b-b790-fe3e990c1693 11f5aaf7c86d4e1ba698b242b3888419 4a46bc23623a494a9553b247562e845c - - default default] Successfully bumped revision number for resource dd7ddd7d-729b-4eeb-9c0e-9b352e7ec840 (type: ports) to 1
2026-04-07 01:15:18.256 10 INFO neutron.wsgi [None req-3abe9d9a-f5dd-4e2b-b790-fe3e990c1693 11f5aaf7c86d4e1ba698b242b3888419 4a46bc23623a494a9553b247562e845c - - default default] 10.0.0.132 "POST /v2.0/ports HTTP/1.1" status: 201 len: 1706 time: 0.7004986
2026-04-07 01:15:18.379 9 INFO neutron.wsgi [None req-13c24809-5c3b-4504-98b3-ac2c91d83350 3c33899970d241c6a7a3e65063d0e430 861374040eab458bb37e4cf587b1cb6c - - default default] 10.0.0.132 "DELETE /v2.0/security-groups/9642ffb6-054c-4b96-8e26-30a154cb4501 HTTP/1.1" status: 204 len: 168 time: 0.2786598
2026-04-07 01:15:18.400 9 INFO neutron.wsgi [None req-c5e2a0ad-b9cc-4f37-ae3e-10857e7e37d7 11f5aaf7c86d4e1ba698b242b3888419 4a46bc23623a494a9553b247562e845c - - default default] 10.0.0.132 "GET /v2.0/ports HTTP/1.1" status: 200 len: 3213 time: 0.1386292
2026-04-07 01:15:18.683 9 INFO neutron.wsgi [None req-27c9d82f-6094-45c2-8a9a-0109370cecdf 11f5aaf7c86d4e1ba698b242b3888419 4a46bc23623a494a9553b247562e845c - - default default] 10.0.0.132 "DELETE /v2.0/ports/8c1f09dc-1fdb-4a4b-92bd-ec12c0511353 HTTP/1.1" status: 204 len: 168 time: 0.2782264
2026-04-07 01:15:18.935 9 INFO neutron.wsgi [None req-67e555f8-f711-4403-a4eb-6f5423c3451f 11f5aaf7c86d4e1ba698b242b3888419 4a46bc23623a494a9553b247562e845c - - default default] 10.0.0.132 "DELETE /v2.0/ports/dd7ddd7d-729b-4eeb-9c0e-9b352e7ec840 HTTP/1.1" status: 204 len: 168 time: 0.2476966
2026-04-07 01:15:18.985 9 INFO neutron.wsgi [None req-5c6f7dff-198d-4073-95bd-4176855f357f 11f5aaf7c86d4e1ba698b242b3888419 4a46bc23623a494a9553b247562e845c - - default default] 10.0.0.132 "GET /v2.0/ports HTTP/1.1" status: 200 len: 1718 time: 0.0445445
2026-04-07 01:15:18.995 9 WARNING neutron_lib.context [None req-28b15c36-e3ac-4ce4-88c6-eb20c7dc22f2 11f5aaf7c86d4e1ba698b242b3888419 4a46bc23623a494a9553b247562e845c - - default default] Method 'is_advsvc' is deprecated since 2023.2 release (neutron-lib 3.8.0) and will be removed once support for the old RBAC API policies will be removed from Neutron. Please use method 'is_service_role' instead.
2026-04-07 01:15:19.086 9 INFO neutron.db.segments_db [None req-28b15c36-e3ac-4ce4-88c6-eb20c7dc22f2 11f5aaf7c86d4e1ba698b242b3888419 4a46bc23623a494a9553b247562e845c - - default default] Added segment 502aebaa-ad38-476e-8fa1-6edbfba4faff of type geneve for network e0f6533e-317a-4e39-808a-303dda4e195e
2026-04-07 01:15:19.223 10 INFO neutron.wsgi [-] 10.0.0.218 "GET / HTTP/1.1" status: 200 len: 247 time: 0.0032516
2026-04-07 01:15:19.227 10 INFO neutron.wsgi [-] 10.0.0.218 "GET / HTTP/1.1" status: 200 len: 247 time: 0.0024691
2026-04-07 01:15:19.235 9 INFO neutron.db.ovn_revision_numbers_db [None req-28b15c36-e3ac-4ce4-88c6-eb20c7dc22f2 11f5aaf7c86d4e1ba698b242b3888419 4a46bc23623a494a9553b247562e845c - - default default] Successfully bumped revision number for resource e0f6533e-317a-4e39-808a-303dda4e195e (type: networks) to 1
2026-04-07 01:15:19.416 9 WARNING neutron.scheduler.dhcp_agent_scheduler [None req-28b15c36-e3ac-4ce4-88c6-eb20c7dc22f2 11f5aaf7c86d4e1ba698b242b3888419 4a46bc23623a494a9553b247562e845c - - default default] No more DHCP agents
2026-04-07 01:15:19.418 9 WARNING neutron.api.rpc.agentnotifiers.dhcp_rpc_agent_api [None req-28b15c36-e3ac-4ce4-88c6-eb20c7dc22f2 11f5aaf7c86d4e1ba698b242b3888419 4a46bc23623a494a9553b247562e845c - - default default] Unable to schedule network e0f6533e-317a-4e39-808a-303dda4e195e: no agents available; will retry on subsequent port and subnet creation events.
2026-04-07 01:15:19.509 9 INFO neutron.db.ovn_revision_numbers_db [None req-28b15c36-e3ac-4ce4-88c6-eb20c7dc22f2 11f5aaf7c86d4e1ba698b242b3888419 4a46bc23623a494a9553b247562e845c - - default default] Successfully bumped revision number for resource 78ac0ce2-da48-4c1d-afc9-e53a913a5ca8 (type: ports) to 1
2026-04-07 01:15:19.532 9 INFO neutron.wsgi [None req-28b15c36-e3ac-4ce4-88c6-eb20c7dc22f2 11f5aaf7c86d4e1ba698b242b3888419 4a46bc23623a494a9553b247562e845c - - default default] 10.0.0.132 "POST /v2.0/networks HTTP/1.1" status: 201 len: 852 time: 0.5407138 /var/lib/openstack/lib/python3.10/site-packages/pycadf/identifier.py:71: UserWarning: Invalid uuid: neutron. To ensure interoperability, identifiers should be a valid uuid. warnings.warn(('Invalid uuid: %s. To ensure interoperability, '
2026-04-07 01:15:19.547 10 WARNING neutron_lib.context [None req-6246bff0-d7f6-4303-bd9c-dce50cf73105 11f5aaf7c86d4e1ba698b242b3888419 4a46bc23623a494a9553b247562e845c - - default default] Method 'is_advsvc' is deprecated since 2023.2 release (neutron-lib 3.8.0) and will be removed once support for the old RBAC API policies will be removed from Neutron. Please use method 'is_service_role' instead.
2026-04-07 01:15:19.640 10 INFO neutron.db.segments_db [None req-6246bff0-d7f6-4303-bd9c-dce50cf73105 11f5aaf7c86d4e1ba698b242b3888419 4a46bc23623a494a9553b247562e845c - - default default] Added segment 79d74c34-3ad3-451f-b0df-87c5e7a5b45d of type geneve for network bc3adb68-31a3-4b88-8213-99f48cab1623
2026-04-07 01:15:19.800 10 INFO neutron.db.ovn_revision_numbers_db [None req-6246bff0-d7f6-4303-bd9c-dce50cf73105 11f5aaf7c86d4e1ba698b242b3888419 4a46bc23623a494a9553b247562e845c - - default default] Successfully bumped revision number for resource bc3adb68-31a3-4b88-8213-99f48cab1623 (type: networks) to 1
2026-04-07 01:15:19.989 10 WARNING neutron.scheduler.dhcp_agent_scheduler [None req-6246bff0-d7f6-4303-bd9c-dce50cf73105 11f5aaf7c86d4e1ba698b242b3888419 4a46bc23623a494a9553b247562e845c - - default default] No more DHCP agents
2026-04-07 01:15:19.990 10 WARNING neutron.api.rpc.agentnotifiers.dhcp_rpc_agent_api [None req-6246bff0-d7f6-4303-bd9c-dce50cf73105 11f5aaf7c86d4e1ba698b242b3888419 4a46bc23623a494a9553b247562e845c - - default default] Unable to schedule network bc3adb68-31a3-4b88-8213-99f48cab1623: no agents available; will retry on subsequent port and subnet creation events.
2026-04-07 01:15:20.069 10 INFO neutron.db.ovn_revision_numbers_db [None req-6246bff0-d7f6-4303-bd9c-dce50cf73105 11f5aaf7c86d4e1ba698b242b3888419 4a46bc23623a494a9553b247562e845c - - default default] Successfully bumped revision number for resource 0fc8de7d-b377-4057-ae6c-7cabec87d005 (type: ports) to 1
2026-04-07 01:15:20.092 10 INFO neutron.wsgi [None req-6246bff0-d7f6-4303-bd9c-dce50cf73105 11f5aaf7c86d4e1ba698b242b3888419 4a46bc23623a494a9553b247562e845c - - default default] 10.0.0.132 "POST /v2.0/networks HTTP/1.1" status: 201 len: 853 time: 0.5530684
2026-04-07 01:15:20.515 9 INFO neutron.wsgi [req-8941b98b-0337-425e-ada0-20118d92984f req-11155c8c-965c-40bd-bede-5cd414d84d43 00a5a09fe95c450bab7182fe8b42fb72 b31a14f2e2074701aa38077f6d990618 - - c63b5867a107491697ac9bcd374b32f7 c63b5867a107491697ac9bcd374b32f7] 10.0.0.130 "GET /v2.0/ports?device_id=f2f82173-2b80-4c60-9bc3-6657308cf4a4 HTTP/1.1" status: 200 len: 1409 time: 0.0506036
2026-04-07 01:15:20.535 10 WARNING neutron_lib.context [None req-93f09319-a96f-4138-b056-3b0215d3f265 11f5aaf7c86d4e1ba698b242b3888419 4a46bc23623a494a9553b247562e845c - - default default] Method 'is_advsvc' is deprecated since 2023.2 release (neutron-lib 3.8.0) and will be removed once support for the old RBAC API policies will be removed from Neutron. Please use method 'is_service_role' instead.
2026-04-07 01:15:20.573 10 WARNING neutron_lib.context [None req-93f09319-a96f-4138-b056-3b0215d3f265 11f5aaf7c86d4e1ba698b242b3888419 4a46bc23623a494a9553b247562e845c - - default default] Method 'is_advsvc' is deprecated since 2023.2 release (neutron-lib 3.8.0) and will be removed once support for the old RBAC API policies will be removed from Neutron. Please use method 'is_service_role' instead.
2026-04-07 01:15:20.585 9 INFO neutron.wsgi [req-8941b98b-0337-425e-ada0-20118d92984f req-2e7f2e7f-0669-480b-9bdb-73f230d6312e 00a5a09fe95c450bab7182fe8b42fb72 b31a14f2e2074701aa38077f6d990618 - - c63b5867a107491697ac9bcd374b32f7 c63b5867a107491697ac9bcd374b32f7] 10.0.0.130 "GET /v2.0/security-groups?id=42d9078b-9151-4af9-b293-73f15d4356f5&fields=id&fields=name HTTP/1.1" status: 200 len: 312 time: 0.0597804
2026-04-07 01:15:20.986 10 WARNING neutron.scheduler.dhcp_agent_scheduler [None req-93f09319-a96f-4138-b056-3b0215d3f265 11f5aaf7c86d4e1ba698b242b3888419 4a46bc23623a494a9553b247562e845c - - default default] No more DHCP agents
2026-04-07 01:15:20.989 10 WARNING neutron.api.rpc.agentnotifiers.dhcp_rpc_agent_api [None req-93f09319-a96f-4138-b056-3b0215d3f265 11f5aaf7c86d4e1ba698b242b3888419 4a46bc23623a494a9553b247562e845c - - default default] Unable to schedule network e0f6533e-317a-4e39-808a-303dda4e195e: no agents available; will retry on subsequent port and subnet creation events.
2026-04-07 01:15:21.013 10 INFO neutron.db.ovn_revision_numbers_db [None req-93f09319-a96f-4138-b056-3b0215d3f265 11f5aaf7c86d4e1ba698b242b3888419 4a46bc23623a494a9553b247562e845c - - default default] Successfully bumped revision number for resource 4f2d6aa2-ef20-4235-b722-2ba3fb0c57f1 (type: subnets) to 0
2026-04-07 01:15:21.031 10 WARNING neutron.scheduler.dhcp_agent_scheduler [None req-93f09319-a96f-4138-b056-3b0215d3f265 11f5aaf7c86d4e1ba698b242b3888419 4a46bc23623a494a9553b247562e845c - - default default] No more DHCP agents
2026-04-07 01:15:21.032 10 WARNING neutron.api.rpc.agentnotifiers.dhcp_rpc_agent_api [None req-93f09319-a96f-4138-b056-3b0215d3f265 11f5aaf7c86d4e1ba698b242b3888419 4a46bc23623a494a9553b247562e845c - - default default] Unable to schedule network bc3adb68-31a3-4b88-8213-99f48cab1623: no agents available; will retry on subsequent port and subnet creation events.
2026-04-07 01:15:21.059 10 INFO neutron.db.ovn_revision_numbers_db [None req-93f09319-a96f-4138-b056-3b0215d3f265 11f5aaf7c86d4e1ba698b242b3888419 4a46bc23623a494a9553b247562e845c - - default default] Successfully bumped revision number for resource cb3626c2-1738-45f7-abcf-bb96beeec7a3 (type: subnets) to 0
2026-04-07 01:15:21.073 10 INFO neutron.wsgi [None req-93f09319-a96f-4138-b056-3b0215d3f265 11f5aaf7c86d4e1ba698b242b3888419 4a46bc23623a494a9553b247562e845c - - default default] 10.0.0.132 "POST /v2.0/subnets HTTP/1.1" status: 201 len: 1475 time: 0.5435975
2026-04-07 01:15:21.126 10 INFO neutron.wsgi [None req-9f99d33d-00fd-47fd-97bc-7bce0f023762 11f5aaf7c86d4e1ba698b242b3888419 4a46bc23623a494a9553b247562e845c - - default default] 10.0.0.132 "GET /v2.0/subnets HTTP/1.1" status: 200 len: 2083 time: 0.0472434
2026-04-07 01:15:21.334 10 INFO neutron.wsgi [None req-2f64c4c6-c7fc-426c-bcab-f08e9bf687b9 11f5aaf7c86d4e1ba698b242b3888419 4a46bc23623a494a9553b247562e845c - - default default] 10.0.0.132 "DELETE /v2.0/subnets/4f2d6aa2-ef20-4235-b722-2ba3fb0c57f1 HTTP/1.1" status: 204 len: 168 time: 0.1912336
2026-04-07 01:15:21.518 10 INFO neutron.wsgi [None req-456010de-d1a0-48b1-ad58-6d34eee958c0 11f5aaf7c86d4e1ba698b242b3888419 4a46bc23623a494a9553b247562e845c - - default default] 10.0.0.132 "DELETE /v2.0/subnets/cb3626c2-1738-45f7-abcf-bb96beeec7a3 HTTP/1.1" status: 204 len: 168 time: 0.1770442
2026-04-07 01:15:21.566 10 INFO neutron.wsgi [None req-8d73a283-4e06-474d-a498-22f265fe335b 11f5aaf7c86d4e1ba698b242b3888419 4a46bc23623a494a9553b247562e845c - - default default] 10.0.0.132 "GET /v2.0/subnets HTTP/1.1" status: 200 len: 820 time: 0.0372162
2026-04-07 01:15:21.969 10 INFO neutron.services.segments.plugin [-] Segment 79d74c34-3ad3-451f-b0df-87c5e7a5b45d resource provider aggregate not found
2026-04-07 01:15:21.972 10 INFO neutron.services.segments.plugin [-] Segment 79d74c34-3ad3-451f-b0df-87c5e7a5b45d resource provider aggregate not found
2026-04-07 01:15:21.984 10 INFO neutron.services.segments.plugin [-] Segment 79d74c34-3ad3-451f-b0df-87c5e7a5b45d resource provider not found; error: Placement Client Error (4xx): {"errors": [{"status": 404, "title": "Not Found", "detail": "The resource could not be found.\n\n No resource provider with uuid 79d74c34-3ad3-451f-b0df-87c5e7a5b45d found for delete ", "request_id": "req-2941b7d2-770b-44ef-b52d-0478b4ac74c7"}]}
2026-04-07 01:15:21.988 10 INFO neutron.services.segments.plugin [-] Segment 79d74c34-3ad3-451f-b0df-87c5e7a5b45d resource provider not found; error: Placement Client Error (4xx): {"errors": [{"status": 404, "title": "Not Found", "detail": "The resource could not be found.\n\n No resource provider with uuid 79d74c34-3ad3-451f-b0df-87c5e7a5b45d found for delete ", "request_id": "req-2e3428bf-1771-47a5-9555-b33217429c8c"}]}
2026-04-07 01:15:22.010 10 INFO neutron.wsgi [None req-a2ad0153-8a84-4910-973c-2485b08fd49f 11f5aaf7c86d4e1ba698b242b3888419 4a46bc23623a494a9553b247562e845c - - default default] 10.0.0.132 "DELETE /v2.0/networks/bc3adb68-31a3-4b88-8213-99f48cab1623 HTTP/1.1" status: 204 len: 168 time: 0.4355481
2026-04-07 01:15:22.432 10 INFO neutron.wsgi [None req-370404e7-5ae8-43cb-afbe-5be520d0806a 11f5aaf7c86d4e1ba698b242b3888419 4a46bc23623a494a9553b247562e845c - - default default] 10.0.0.132 "DELETE /v2.0/networks/e0f6533e-317a-4e39-808a-303dda4e195e HTTP/1.1" status: 204 len: 168 time: 0.4150517
2026-04-07 01:15:22.836 10 INFO neutron.db.ovn_revision_numbers_db [None req-c855a5d8-3107-4afe-afc7-08a280fccf21 3c33899970d241c6a7a3e65063d0e430 861374040eab458bb37e4cf587b1cb6c - - default default] Successfully bumped revision number for resource f5e0d9c2-a39c-4657-a0db-305de604a8f1 (type: security_groups) to 1
2026-04-07 01:15:22.855 10 INFO neutron.db.ovn_revision_numbers_db [None req-c855a5d8-3107-4afe-afc7-08a280fccf21 3c33899970d241c6a7a3e65063d0e430 861374040eab458bb37e4cf587b1cb6c - - default default] Successfully bumped revision number for resource 0530d67c-0498-493b-adf0-fc1e678b196f (type: security_group_rules) to 0
2026-04-07 01:15:22.862 9 INFO neutron.services.segments.plugin [-] Segment cf746899-f49c-4c2d-9da2-d439b88a8268 resource provider aggregate not found
2026-04-07 01:15:22.866 9 INFO neutron.services.segments.plugin [-] Segment cf746899-f49c-4c2d-9da2-d439b88a8268 resource provider aggregate not found
2026-04-07 01:15:22.872 10 INFO neutron.db.ovn_revision_numbers_db [None req-c855a5d8-3107-4afe-afc7-08a280fccf21 3c33899970d241c6a7a3e65063d0e430 861374040eab458bb37e4cf587b1cb6c - - default default] Successfully bumped revision number for resource 08b1e62f-ef25-4c53-a7df-9a3a6eb870d6 (type: security_group_rules) to 0
2026-04-07 01:15:22.880 9 INFO neutron.services.segments.plugin [-] Segment cf746899-f49c-4c2d-9da2-d439b88a8268 resource provider not found; error: Placement Client Error (4xx): {"errors": [{"status": 404, "title": "Not Found", "detail": "The resource could not be found.\n\n No resource provider with uuid cf746899-f49c-4c2d-9da2-d439b88a8268 found for delete ", "request_id": "req-a87a9dd3-a7f4-456d-a78a-a55d2b9f5be4"}]}
2026-04-07 01:15:22.881 9 INFO neutron.services.segments.plugin [-] Segment cf746899-f49c-4c2d-9da2-d439b88a8268 resource provider not found; error: Placement Client Error (4xx): {"errors": [{"status": 404, "title": "Not Found", "detail": "The resource could not be found.\n\n No resource provider with uuid cf746899-f49c-4c2d-9da2-d439b88a8268 found for delete ", "request_id": "req-2f2267f7-9f97-4ff0-9944-ddff897ba8cf"}]}
2026-04-07 01:15:22.890 10 INFO neutron.db.ovn_revision_numbers_db [None req-c855a5d8-3107-4afe-afc7-08a280fccf21 3c33899970d241c6a7a3e65063d0e430 861374040eab458bb37e4cf587b1cb6c - - default default] Successfully bumped revision number for resource 3362c50e-4e19-4011-9aa1-b8c3f79c8e45 (type: security_group_rules) to 0
2026-04-07 01:15:22.905 9 INFO neutron.wsgi [None req-cc344f88-c88b-418d-a144-a57d480e75f3 11f5aaf7c86d4e1ba698b242b3888419 4a46bc23623a494a9553b247562e845c - - default default] 10.0.0.132 "DELETE /v2.0/networks/66800581-fa26-4da2-b6cc-599b9db53e4e HTTP/1.1" status: 204 len: 168 time: 0.4675429
2026-04-07 01:15:22.906 10 INFO neutron.db.ovn_revision_numbers_db [None req-c855a5d8-3107-4afe-afc7-08a280fccf21 3c33899970d241c6a7a3e65063d0e430 861374040eab458bb37e4cf587b1cb6c - - default default] Successfully bumped revision number for resource 8223d6b4-a161-4771-bde3-773256cb144d (type: security_group_rules) to 0
2026-04-07 01:15:22.928 10 INFO neutron.wsgi [None req-c855a5d8-3107-4afe-afc7-08a280fccf21 3c33899970d241c6a7a3e65063d0e430 861374040eab458bb37e4cf587b1cb6c - - default default] 10.0.0.132 "GET /v2.0/security-groups?tenant_id=0a71f3d2bfa64b7bbad4e00d841174b5&name=default HTTP/1.1" status: 200 len: 3120 time: 0.3442569
2026-04-07 01:15:23.173 10 INFO neutron.wsgi [None req-4d6d8df7-ed43-4be7-b08e-0e2bf7c36307 3c33899970d241c6a7a3e65063d0e430 861374040eab458bb37e4cf587b1cb6c - - default default] 10.0.0.132 "DELETE /v2.0/security-groups/f5e0d9c2-a39c-4657-a0db-305de604a8f1 HTTP/1.1" status: 204 len: 168 time: 0.2417357
2026-04-07 01:15:23.307 9 INFO neutron.wsgi [None req-15ae88ca-9c79-46a2-8df8-18b74d75bb3b 11f5aaf7c86d4e1ba698b242b3888419 4a46bc23623a494a9553b247562e845c - - default default] 10.0.0.132 "DELETE /v2.0/networks/35ea2863-457b-4869-984c-e8bffdd177d0 HTTP/1.1" status: 204 len: 168 time: 0.3956642
2026-04-07 01:15:23.399 10 INFO neutron.db.ovn_revision_numbers_db [None req-2ed4393a-47d6-4479-8e9b-e96fa9cbf453 3c33899970d241c6a7a3e65063d0e430 861374040eab458bb37e4cf587b1cb6c - - default default] Successfully bumped revision number for resource 07f03298-6091-479f-9327-743fa23ca2ce (type: security_groups) to 1
2026-04-07 01:15:23.412 10 INFO neutron.db.ovn_revision_numbers_db [None req-2ed4393a-47d6-4479-8e9b-e96fa9cbf453 3c33899970d241c6a7a3e65063d0e430 861374040eab458bb37e4cf587b1cb6c - - default default] Successfully bumped revision number for resource 36231c7e-882b-41d7-a9ad-4117b225932e (type: security_group_rules) to 0
2026-04-07 01:15:23.426 10 INFO neutron.db.ovn_revision_numbers_db [None req-2ed4393a-47d6-4479-8e9b-e96fa9cbf453 3c33899970d241c6a7a3e65063d0e430 861374040eab458bb37e4cf587b1cb6c - - default default] Successfully bumped revision number for resource 5477e523-f2c3-433b-807e-54f6c194f9f1 (type: security_group_rules) to 0
2026-04-07 01:15:23.440 10 INFO neutron.db.ovn_revision_numbers_db [None req-2ed4393a-47d6-4479-8e9b-e96fa9cbf453 3c33899970d241c6a7a3e65063d0e430 861374040eab458bb37e4cf587b1cb6c - - default default] Successfully bumped revision number for resource ba77c9c8-817c-4047-9c21-6a3cb20e5a4a (type: security_group_rules) to 0
2026-04-07 01:15:23.455 10 INFO neutron.db.ovn_revision_numbers_db [None req-2ed4393a-47d6-4479-8e9b-e96fa9cbf453 3c33899970d241c6a7a3e65063d0e430 861374040eab458bb37e4cf587b1cb6c - - default default] Successfully bumped revision number for resource c82876d7-7b11-4035-8521-e4e44de3c6ec (type: security_group_rules) to 0
2026-04-07 01:15:23.475 10 INFO neutron.wsgi [None req-2ed4393a-47d6-4479-8e9b-e96fa9cbf453 3c33899970d241c6a7a3e65063d0e430 861374040eab458bb37e4cf587b1cb6c - - default default] 10.0.0.132 "GET /v2.0/security-groups?tenant_id=5f99fc40e1824dbf8f4c03b20417fa05&name=default HTTP/1.1" status: 200 len: 3120 time: 0.1951199
2026-04-07 01:15:23.696 10 INFO neutron.wsgi [None req-59c40adb-858e-4308-bafa-3f2f413cab27 3c33899970d241c6a7a3e65063d0e430 861374040eab458bb37e4cf587b1cb6c - - default default] 10.0.0.132 "DELETE /v2.0/security-groups/07f03298-6091-479f-9327-743fa23ca2ce HTTP/1.1" status: 204 len: 168 time: 0.2155724
2026-04-07 01:15:24.005 10 INFO neutron.services.segments.plugin [-] Segment 502aebaa-ad38-476e-8fa1-6edbfba4faff resource provider aggregate not found
2026-04-07 01:15:24.011 10 INFO neutron.services.segments.plugin [-] Segment 502aebaa-ad38-476e-8fa1-6edbfba4faff resource provider aggregate not found
2026-04-07 01:15:24.018 10 INFO neutron.services.segments.plugin [-] Segment 502aebaa-ad38-476e-8fa1-6edbfba4faff resource provider not found; error: Placement Client Error (4xx): {"errors": [{"status": 404, "title": "Not Found", "detail": "The resource could not be found.\n\n No resource provider with uuid 502aebaa-ad38-476e-8fa1-6edbfba4faff found for delete ", "request_id": "req-47cbc047-4361-4325-88f9-66225a2bc5ff"}]}
2026-04-07 01:15:24.023 10 INFO neutron.services.segments.plugin [-] Segment 502aebaa-ad38-476e-8fa1-6edbfba4faff resource provider not found; error: Placement Client Error (4xx): {"errors": [{"status": 404, "title": "Not Found", "detail": "The resource could not be found.\n\n No resource provider with uuid 502aebaa-ad38-476e-8fa1-6edbfba4faff found for delete ", "request_id": "req-6fd396c6-9046-4634-adb2-cee477d23e83"}]}
2026-04-07 01:15:24.097 10 INFO neutron.wsgi [None req-23296ef1-49d6-4715-84bb-573e628fe6b0 3c33899970d241c6a7a3e65063d0e430 861374040eab458bb37e4cf587b1cb6c - - default default] 10.0.0.132 "GET /v2.0/security-groups?tenant_id=4a46bc23623a494a9553b247562e845c&name=default HTTP/1.1" status: 200 len: 3120 time: 0.2797337
2026-04-07 01:15:24.376 10 INFO neutron.wsgi [None req-bd5018e2-786b-446a-a5ed-c249a4a793cb 3c33899970d241c6a7a3e65063d0e430 861374040eab458bb37e4cf587b1cb6c - - default default] 10.0.0.132 "DELETE /v2.0/security-groups/88fea84a-8e39-4749-b7dd-4fd9e4dd6728 HTTP/1.1" status: 204 len: 168 time: 0.2651374
2026-04-07 01:15:24.404 10 INFO neutron.wsgi [req-03748ebf-363f-4e15-be8f-c885c73139f0 req-72594ff3-ddca-42f0-9cfa-00e9b37a9687 bcafce235e94464c90916c8b232d28fa ce905412ca9e4170adad731b6e1225cf - - default default] 10.0.0.32 "GET /v2.0/ports?device_id=f2f82173-2b80-4c60-9bc3-6657308cf4a4 HTTP/1.1" status: 200 len: 1170 time: 0.0968385
2026-04-07 01:15:24.454 10 INFO neutron.wsgi [req-03748ebf-363f-4e15-be8f-c885c73139f0 req-e2c9fc97-3ca2-4072-a658-7fac233dd7ad bcafce235e94464c90916c8b232d28fa ce905412ca9e4170adad731b6e1225cf - - default default] 10.0.0.32 "GET /v2.0/security-groups?id=42d9078b-9151-4af9-b293-73f15d4356f5&fields=id&fields=name HTTP/1.1" status: 200 len: 312 time: 0.0428739
2026-04-07 01:15:24.671 10 INFO neutron.wsgi [req-125a9b76-7ee9-4e02-972f-e0923c3882b8 req-b89e3ab1-745f-41d8-a516-eec9cae500dd bcafce235e94464c90916c8b232d28fa ce905412ca9e4170adad731b6e1225cf - - default default] 10.0.0.32 "GET /v2.0/ports?device_id=f2f82173-2b80-4c60-9bc3-6657308cf4a4 HTTP/1.1" status: 200 len: 1170 time: 0.0582285
2026-04-07 01:15:24.693 10 INFO neutron.plugins.ml2.drivers.ovn.mech_driver.mech_driver [None req-04cb8f12-12e9-471a-a750-65592ed9193b - - - - - -] OVN reports status down for port: 95c0f462-01fb-4c9e-8f87-68033adda901
2026-04-07 01:15:24.732 10 INFO neutron.wsgi [req-125a9b76-7ee9-4e02-972f-e0923c3882b8 req-b3891072-fa92-4851-a38c-dc679dbdc07b bcafce235e94464c90916c8b232d28fa ce905412ca9e4170adad731b6e1225cf - - default default] 10.0.0.32 "GET /v2.0/security-groups?id=42d9078b-9151-4af9-b293-73f15d4356f5&fields=id&fields=name HTTP/1.1" status: 200 len: 312 time: 0.0568771
2026-04-07 01:15:24.889 10 INFO neutron.notifiers.nova [-] Nova event matching ['req-a8f65583-df7a-4b40-8729-d22f283ff481'] response: {'server_uuid': 'f2f82173-2b80-4c60-9bc3-6657308cf4a4', 'name': 'network-vif-unplugged', 'status': 'completed', 'tag': '95c0f462-01fb-4c9e-8f87-68033adda901', 'code': 200}
2026-04-07 01:15:24.902 9 INFO neutron.services.segments.plugin [-] Segment f3b0add4-96b8-4c46-9055-cb389e607d4f resource provider aggregate not found
2026-04-07 01:15:24.909 9 INFO neutron.services.segments.plugin [-] Segment f3b0add4-96b8-4c46-9055-cb389e607d4f resource provider aggregate not found
2026-04-07 01:15:24.919 9 INFO neutron.services.segments.plugin [-] Segment f3b0add4-96b8-4c46-9055-cb389e607d4f resource provider not found; error: Placement Client Error (4xx): {"errors": [{"status": 404, "title": "Not Found", "detail": "The resource could not be found.\n\n No resource provider with uuid f3b0add4-96b8-4c46-9055-cb389e607d4f found for delete ", "request_id": "req-d7a0c9e6-da9a-4547-a294-ee1ac2987df8"}]}
2026-04-07 01:15:24.926 9 INFO neutron.services.segments.plugin [-] Segment f3b0add4-96b8-4c46-9055-cb389e607d4f resource provider not found; error: Placement Client Error (4xx): {"errors": [{"status": 404, "title": "Not Found", "detail": "The resource could not be found.\n\n No resource provider with uuid f3b0add4-96b8-4c46-9055-cb389e607d4f found for delete ", "request_id": "req-83efa52c-32d8-4804-b16e-7e5d6217828c"}]}
2026-04-07 01:15:24.980 10 INFO neutron.wsgi [req-e897620c-d6da-4a58-b969-f3286732e7bf req-d5043a57-4d38-4223-a213-64549073db9d bcafce235e94464c90916c8b232d28fa ce905412ca9e4170adad731b6e1225cf - - default default] 199.19.213.14 "GET /v2.0/ports?device_id=f2f82173-2b80-4c60-9bc3-6657308cf4a4 HTTP/1.1" status: 200 len: 1168 time: 0.0484531
2026-04-07 01:15:25.120 10 INFO neutron.db.ovn_revision_numbers_db [None req-04cb8f12-12e9-471a-a750-65592ed9193b - - - - - -] Successfully bumped revision number for resource 95c0f462-01fb-4c9e-8f87-68033adda901 (type: ports) to 7
2026-04-07 01:15:25.350 9 INFO neutron.wsgi [req-ee7a23b8-a0fc-4071-8a5e-68cd1636e0d7 req-f653ac59-f63c-4ade-86ac-18a9becf2a16 00a5a09fe95c450bab7182fe8b42fb72 b31a14f2e2074701aa38077f6d990618 - - c63b5867a107491697ac9bcd374b32f7 c63b5867a107491697ac9bcd374b32f7] 10.0.0.130 "GET /v2.0/ports?device_id=ec81e85c-0b65-492c-976e-d0ad4f3057e5 HTTP/1.1" status: 200 len: 1413 time: 0.0477860
2026-04-07 01:15:25.398 9 INFO neutron.wsgi [req-ee7a23b8-a0fc-4071-8a5e-68cd1636e0d7 req-a137fb80-ae21-439b-b82e-296f69c38bd0 00a5a09fe95c450bab7182fe8b42fb72 b31a14f2e2074701aa38077f6d990618 - - c63b5867a107491697ac9bcd374b32f7 c63b5867a107491697ac9bcd374b32f7] 10.0.0.130 "GET /v2.0/security-groups?id=61e49849-9930-48a8-809c-be88819f372c&fields=id&fields=name HTTP/1.1" status: 200 len: 313 time: 0.0427084 /var/lib/openstack/lib/python3.10/site-packages/pycadf/identifier.py:71: UserWarning: Invalid uuid: neutron. To ensure interoperability, identifiers should be a valid uuid. warnings.warn(('Invalid uuid: %s. To ensure interoperability, '
2026-04-07 01:15:25.904 10 INFO neutron.wsgi [req-0f006cd3-15b0-4a26-ba0f-f42898c582c8 req-03a1a111-7cb1-450f-883a-477d79171fd4 bcafce235e94464c90916c8b232d28fa ce905412ca9e4170adad731b6e1225cf - - default default] 10.0.0.32 "GET /v2.0/ports?device_id=f2f82173-2b80-4c60-9bc3-6657308cf4a4 HTTP/1.1" status: 200 len: 1168 time: 0.0524261
2026-04-07 01:15:26.025 10 INFO neutron.wsgi [req-0f006cd3-15b0-4a26-ba0f-f42898c582c8 req-216297ff-8ee3-451c-bb82-9357378a515c bcafce235e94464c90916c8b232d28fa ce905412ca9e4170adad731b6e1225cf - - default default] 10.0.0.32 "GET /v2.0/security-groups?id=42d9078b-9151-4af9-b293-73f15d4356f5&fields=id&fields=name HTTP/1.1" status: 200 len: 312 time: 0.1011400
2026-04-07 01:15:26.053 10 INFO neutron.db.l3_db [req-e897620c-d6da-4a58-b969-f3286732e7bf req-ea102650-d23c-4871-ae67-a364aa0ddb7b bcafce235e94464c90916c8b232d28fa ce905412ca9e4170adad731b6e1225cf - - default default] Floating IP d3a71079-e32d-4269-9245-b1d98c77dbcf disassociated. External IP: 10.96.250.214, port: 95c0f462-01fb-4c9e-8f87-68033adda901.
2026-04-07 01:15:26.179 10 INFO neutron.wsgi [req-e897620c-d6da-4a58-b969-f3286732e7bf req-ea102650-d23c-4871-ae67-a364aa0ddb7b bcafce235e94464c90916c8b232d28fa ce905412ca9e4170adad731b6e1225cf - - default default] 199.19.213.14 "DELETE /v2.0/ports/95c0f462-01fb-4c9e-8f87-68033adda901 HTTP/1.1" status: 204 len: 173 time: 1.1923258
2026-04-07 01:15:26.269 9 WARNING neutron_lib.context [None req-89842313-e6c3-4d66-b28a-ca53ad3c36dd dd615760c38d4878bcdb4fa809cbd696 abdc032edbfd452d8631b632474e74d3 - - default default] Method 'is_advsvc' is deprecated since 2023.2 release (neutron-lib 3.8.0) and will be removed once support for the old RBAC API policies will be removed from Neutron. Please use method 'is_service_role' instead.
2026-04-07 01:15:26.270 9 WARNING neutron_lib.context [None req-89842313-e6c3-4d66-b28a-ca53ad3c36dd dd615760c38d4878bcdb4fa809cbd696 abdc032edbfd452d8631b632474e74d3 - - default default] Method 'is_advsvc' is deprecated since 2023.2 release (neutron-lib 3.8.0) and will be removed once support for the old RBAC API policies will be removed from Neutron. Please use method 'is_service_role' instead.
2026-04-07 01:15:26.448 9 INFO neutron.db.ovn_revision_numbers_db [None req-89842313-e6c3-4d66-b28a-ca53ad3c36dd dd615760c38d4878bcdb4fa809cbd696 abdc032edbfd452d8631b632474e74d3 - - default default] Successfully bumped revision number for resource 3f1c05b1-4dca-491b-91c3-9fc581e61258 (type: security_groups) to 1
2026-04-07 01:15:26.476 9 INFO neutron.db.ovn_revision_numbers_db [None req-89842313-e6c3-4d66-b28a-ca53ad3c36dd dd615760c38d4878bcdb4fa809cbd696 abdc032edbfd452d8631b632474e74d3 - - default default] Successfully bumped revision number for resource 420fa75b-2f11-496a-855c-4a7545e518e2 (type: security_group_rules) to 0
2026-04-07 01:15:26.503 9 INFO neutron.db.ovn_revision_numbers_db [None req-89842313-e6c3-4d66-b28a-ca53ad3c36dd dd615760c38d4878bcdb4fa809cbd696 abdc032edbfd452d8631b632474e74d3 - - default default] Successfully bumped revision number for resource 5c01377a-e562-451c-b717-0c1b1abeee3c (type: security_group_rules) to 0
2026-04-07 01:15:26.529 9 INFO neutron.db.ovn_revision_numbers_db [None req-89842313-e6c3-4d66-b28a-ca53ad3c36dd dd615760c38d4878bcdb4fa809cbd696 abdc032edbfd452d8631b632474e74d3 - - default default] Successfully bumped revision number for resource f2037d7f-68cc-4199-a999-86a7246a3adb (type: security_group_rules) to 0
2026-04-07 01:15:26.546 9 INFO neutron.db.ovn_revision_numbers_db [None req-89842313-e6c3-4d66-b28a-ca53ad3c36dd dd615760c38d4878bcdb4fa809cbd696 abdc032edbfd452d8631b632474e74d3 - - default default] Successfully bumped revision number for resource fad6a930-b136-49fa-8230-26b7a7dcffb4 (type: security_group_rules) to 0
2026-04-07 01:15:26.624 9 INFO neutron.db.segments_db [None req-89842313-e6c3-4d66-b28a-ca53ad3c36dd dd615760c38d4878bcdb4fa809cbd696 abdc032edbfd452d8631b632474e74d3 - - default default] Added segment 87cb324f-1a35-4275-8c31-785b4eda43e5 of type geneve for network 04bc6e8e-c409-408b-a489-9b30615cf105
2026-04-07 01:15:26.750 9 INFO neutron.db.segments_db [None req-89842313-e6c3-4d66-b28a-ca53ad3c36dd dd615760c38d4878bcdb4fa809cbd696 abdc032edbfd452d8631b632474e74d3 - - default default] Added segment e15e608d-3267-4ff5-8836-c47c5d36ea8d of type geneve for network 807c90d1-2351-470f-aae7-edb4a199c71a
2026-04-07 01:15:26.899 9 INFO neutron.db.ovn_revision_numbers_db [None req-89842313-e6c3-4d66-b28a-ca53ad3c36dd dd615760c38d4878bcdb4fa809cbd696 abdc032edbfd452d8631b632474e74d3 - - default default] Successfully bumped revision number for resource 04bc6e8e-c409-408b-a489-9b30615cf105 (type: networks) to 1
2026-04-07 01:15:26.927 10 INFO neutron.notifiers.nova [-] Nova event matching ['req-6e1e9ac6-2436-4557-ad0e-dda3b9109f98'] response: {'server_uuid': 'f2f82173-2b80-4c60-9bc3-6657308cf4a4', 'name': 'network-vif-unplugged', 'status': 'completed', 'tag': '95c0f462-01fb-4c9e-8f87-68033adda901', 'code': 200}
2026-04-07 01:15:26.927 10 INFO neutron.notifiers.nova [-] Nova event matching ['req-6e1e9ac6-2436-4557-ad0e-dda3b9109f98'] response: {'server_uuid': 'f2f82173-2b80-4c60-9bc3-6657308cf4a4', 'name': 'network-vif-deleted', 'tag': '95c0f462-01fb-4c9e-8f87-68033adda901', 'status': 'completed', 'code': 200}
2026-04-07 01:15:27.060 9 WARNING neutron.scheduler.dhcp_agent_scheduler [None req-89842313-e6c3-4d66-b28a-ca53ad3c36dd dd615760c38d4878bcdb4fa809cbd696 abdc032edbfd452d8631b632474e74d3 - - default default] No more DHCP agents
2026-04-07 01:15:27.061 9 WARNING neutron.api.rpc.agentnotifiers.dhcp_rpc_agent_api [None req-89842313-e6c3-4d66-b28a-ca53ad3c36dd dd615760c38d4878bcdb4fa809cbd696 abdc032edbfd452d8631b632474e74d3 - - default default] Unable to schedule network 04bc6e8e-c409-408b-a489-9b30615cf105: no agents available; will retry on subsequent port and subnet creation events. /var/lib/openstack/lib/python3.10/site-packages/pycadf/identifier.py:71: UserWarning: Invalid uuid: neutron. To ensure interoperability, identifiers should be a valid uuid. warnings.warn(('Invalid uuid: %s. To ensure interoperability, '
2026-04-07 01:15:27.267 10 INFO neutron.wsgi [None req-3c6247b4-803c-4968-ac1e-aa14be870e9f bcafce235e94464c90916c8b232d28fa ce905412ca9e4170adad731b6e1225cf - - default default] 10.0.0.132 "DELETE /v2.0/security-groups/42d9078b-9151-4af9-b293-73f15d4356f5 HTTP/1.1" status: 204 len: 168 time: 0.1442535
2026-04-07 01:15:27.290 10 INFO neutron.api.v2.resource [None req-cdd047c9-4ab7-404f-8fe4-c0d5f0188c5d bcafce235e94464c90916c8b232d28fa ce905412ca9e4170adad731b6e1225cf - - default default] show failed (client error): The resource could not be found.
2026-04-07 01:15:27.292 10 INFO neutron.wsgi [None req-cdd047c9-4ab7-404f-8fe4-c0d5f0188c5d bcafce235e94464c90916c8b232d28fa ce905412ca9e4170adad731b6e1225cf - - default default] 10.0.0.132 "GET /v2.0/security-groups/42d9078b-9151-4af9-b293-73f15d4356f5 HTTP/1.1" status: 404 len: 347 time: 0.0153985
2026-04-07 01:15:27.375 9 INFO neutron.db.ovn_revision_numbers_db [None req-89842313-e6c3-4d66-b28a-ca53ad3c36dd dd615760c38d4878bcdb4fa809cbd696 abdc032edbfd452d8631b632474e74d3 - - default default] Successfully bumped revision number for resource d09376a7-4dbe-48d6-8236-48ce70495ce3 (type: ports) to 1
2026-04-07 01:15:27.447 9 INFO neutron.db.ovn_revision_numbers_db [None req-89842313-e6c3-4d66-b28a-ca53ad3c36dd dd615760c38d4878bcdb4fa809cbd696 abdc032edbfd452d8631b632474e74d3 - - default default] Successfully bumped revision number for resource 807c90d1-2351-470f-aae7-edb4a199c71a (type: networks) to 1
2026-04-07 01:15:27.608 9 WARNING neutron.scheduler.dhcp_agent_scheduler [None req-89842313-e6c3-4d66-b28a-ca53ad3c36dd dd615760c38d4878bcdb4fa809cbd696 abdc032edbfd452d8631b632474e74d3 - - default default] No more DHCP agents
2026-04-07 01:15:27.609 9 WARNING neutron.api.rpc.agentnotifiers.dhcp_rpc_agent_api [None req-89842313-e6c3-4d66-b28a-ca53ad3c36dd dd615760c38d4878bcdb4fa809cbd696 abdc032edbfd452d8631b632474e74d3 - - default default] Unable to schedule network 807c90d1-2351-470f-aae7-edb4a199c71a: no agents available; will retry on subsequent port and subnet creation events.
2026-04-07 01:15:27.679 9 INFO neutron.db.ovn_revision_numbers_db [None req-89842313-e6c3-4d66-b28a-ca53ad3c36dd dd615760c38d4878bcdb4fa809cbd696 abdc032edbfd452d8631b632474e74d3 - - default default] Successfully bumped revision number for resource 12ad6143-c6bf-477e-b818-69d6e4ff0746 (type: ports) to 1
2026-04-07 01:15:27.698 9 INFO neutron.wsgi [None req-89842313-e6c3-4d66-b28a-ca53ad3c36dd dd615760c38d4878bcdb4fa809cbd696 abdc032edbfd452d8631b632474e74d3 - - default default] 10.0.0.132 "POST /v2.0/networks HTTP/1.1" status: 201 len: 1445 time: 1.5603871
2026-04-07 01:15:27.713 10 INFO neutron.wsgi [None req-dca61834-0398-4840-b466-d8a9e2713cdd bcafce235e94464c90916c8b232d28fa ce905412ca9e4170adad731b6e1225cf - - default default] 10.0.0.132 "DELETE /v2.0/floatingips/d3a71079-e32d-4269-9245-b1d98c77dbcf HTTP/1.1" status: 204 len: 168 time: 0.4128261
2026-04-07 01:15:27.761 9 INFO neutron.wsgi [None req-a57230b2-10e3-4c47-981f-552fc4355630 dd615760c38d4878bcdb4fa809cbd696 abdc032edbfd452d8631b632474e74d3 - - default default] 10.0.0.132 "GET /v2.0/networks HTTP/1.1" status: 200 len: 2051 time: 0.0576339
2026-04-07 01:15:28.002 10 INFO neutron.db.ovn_revision_numbers_db [None req-a514abe6-edbe-44fb-87f5-4c9e64f865d6 3c33899970d241c6a7a3e65063d0e430 861374040eab458bb37e4cf587b1cb6c - - default default] Successfully bumped revision number for resource 088b75e8-dc6b-420e-bbd9-cd1e89e9fc23 (type: security_groups) to 1
2026-04-07 01:15:28.023 10 INFO neutron.db.ovn_revision_numbers_db [None req-a514abe6-edbe-44fb-87f5-4c9e64f865d6 3c33899970d241c6a7a3e65063d0e430 861374040eab458bb37e4cf587b1cb6c - - default default] Successfully bumped revision number for resource 1895b15f-851e-4e2a-afe8-189cc037f74d (type: security_group_rules) to 0
2026-04-07 01:15:28.046 10 INFO neutron.db.ovn_revision_numbers_db [None req-a514abe6-edbe-44fb-87f5-4c9e64f865d6 3c33899970d241c6a7a3e65063d0e430 861374040eab458bb37e4cf587b1cb6c - - default default] Successfully bumped revision number for resource 1c814fc9-160e-4e0c-abaa-c1fff11d5ad8 (type: security_group_rules) to 0
2026-04-07 01:15:28.071 10 INFO neutron.db.ovn_revision_numbers_db [None req-a514abe6-edbe-44fb-87f5-4c9e64f865d6 3c33899970d241c6a7a3e65063d0e430 861374040eab458bb37e4cf587b1cb6c - - default default] Successfully bumped revision number for resource 462eb6b1-7da5-4baf-af5e-1469e4b66bb3 (type: security_group_rules) to 0
2026-04-07 01:15:28.092 10 INFO neutron.db.ovn_revision_numbers_db [None req-a514abe6-edbe-44fb-87f5-4c9e64f865d6 3c33899970d241c6a7a3e65063d0e430 861374040eab458bb37e4cf587b1cb6c - - default default] Successfully bumped revision number for resource 7477d99d-d58f-424b-8f2f-072f89c02eb7 (type: security_group_rules) to 0
2026-04-07 01:15:28.119 10 INFO neutron.wsgi [None req-a514abe6-edbe-44fb-87f5-4c9e64f865d6 3c33899970d241c6a7a3e65063d0e430 861374040eab458bb37e4cf587b1cb6c - - default default] 10.0.0.132 "GET /v2.0/security-groups?tenant_id=0d28ebf53ab440f78246bc27d2aef39f&name=default HTTP/1.1" status: 200 len: 3120 time: 0.5323596
2026-04-07 01:15:28.194 9 INFO neutron.services.segments.plugin [-] Segment 87cb324f-1a35-4275-8c31-785b4eda43e5 resource provider aggregate not found
2026-04-07 01:15:28.199 9 INFO neutron.services.segments.plugin [-] Segment 87cb324f-1a35-4275-8c31-785b4eda43e5 resource provider aggregate not found
2026-04-07 01:15:28.214 9 INFO neutron.services.segments.plugin [-] Segment 87cb324f-1a35-4275-8c31-785b4eda43e5 resource provider not found; error: Placement Client Error (4xx): {"errors": [{"status": 404, "title": "Not Found", "detail": "The resource could not be found.\n\n No resource provider with uuid 87cb324f-1a35-4275-8c31-785b4eda43e5 found for delete ", "request_id": "req-5b949a28-526c-457d-9724-b19f6aea0716"}]}
2026-04-07 01:15:28.219 9 INFO neutron.services.segments.plugin [-] Segment 87cb324f-1a35-4275-8c31-785b4eda43e5 resource provider not found; error: Placement Client Error (4xx): {"errors": [{"status": 404, "title": "Not Found", "detail": "The resource could not be found.\n\n No resource provider with uuid 87cb324f-1a35-4275-8c31-785b4eda43e5 found for delete ", "request_id": "req-0fb725ea-7d62-4d6b-b8ea-1998a0da2463"}]}
2026-04-07 01:15:28.245 9 INFO neutron.wsgi [None req-509f6726-0e1a-4818-ba64-c7dddcc38cc3 dd615760c38d4878bcdb4fa809cbd696 abdc032edbfd452d8631b632474e74d3 - - default default] 10.0.0.132 "DELETE /v2.0/networks/04bc6e8e-c409-408b-a489-9b30615cf105 HTTP/1.1" status: 204 len: 168 time: 0.4794657
2026-04-07 01:15:28.385 9 INFO neutron.wsgi [None req-b140f71c-7e97-4747-8bd3-e8345e9b67d7 3c33899970d241c6a7a3e65063d0e430 861374040eab458bb37e4cf587b1cb6c - - default default] 10.0.0.132 "DELETE /v2.0/security-groups/088b75e8-dc6b-420e-bbd9-cd1e89e9fc23 HTTP/1.1" status: 204 len: 168 time: 0.2597587
2026-04-07 01:15:28.455 9 INFO neutron.wsgi [None req-17e03b6d-964e-4a9f-a669-c1e1ed1d618b 11d5d70e4ac44ad480c4fb1fea9be2c8 e82823551cbc48a987e5275f0f1e7159 - - default default] 10.0.0.132 "GET /v2.0/ports?project_id=9a698bb6980f44f9aced9dfe5617db48&network_id=9c101529-6292-41c5-8da9-729507235b85 HTTP/1.1" status: 200 len: 3514 time: 0.0617568
2026-04-07 01:15:28.748 9 INFO neutron.wsgi [None req-03f84b04-bdb0-4172-8c8a-54c9abf3523c 11d5d70e4ac44ad480c4fb1fea9be2c8 e82823551cbc48a987e5275f0f1e7159 - - default default] 10.0.0.132 "GET /v2.0/subnets?network_id=cca0ecd5-d140-4eac-ad01-051bd5107ae7 HTTP/1.1" status: 200 len: 838 time: 0.0404944
2026-04-07 01:15:28.957 10 INFO neutron.services.segments.plugin [-] Segment e15e608d-3267-4ff5-8836-c47c5d36ea8d resource provider aggregate not found
2026-04-07 01:15:28.965 10 INFO neutron.services.segments.plugin [-] Segment e15e608d-3267-4ff5-8836-c47c5d36ea8d resource provider aggregate not found
2026-04-07 01:15:28.979 10 INFO neutron.services.segments.plugin [-] Segment e15e608d-3267-4ff5-8836-c47c5d36ea8d resource provider not found; error: Placement Client Error (4xx): {"errors": [{"status": 404, "title": "Not Found", "detail": "The resource could not be found.\n\n No resource provider with uuid e15e608d-3267-4ff5-8836-c47c5d36ea8d found for delete ", "request_id": "req-77e31a0b-34d6-4a05-81a9-f4bbedb38ab1"}]}
2026-04-07 01:15:28.980 10 INFO neutron.services.segments.plugin [-] Segment e15e608d-3267-4ff5-8836-c47c5d36ea8d resource provider not found; error: Placement Client Error (4xx): {"errors": [{"status": 404, "title": "Not Found", "detail": "The resource could not be found.\n\n No resource provider with uuid e15e608d-3267-4ff5-8836-c47c5d36ea8d found for delete ", "request_id": "req-d8b55466-ba26-4d8d-9ae2-0d47ef2d2423"}]}
2026-04-07 01:15:29.002 10 INFO neutron.wsgi [None req-9e222810-5a9c-4560-b6db-160555141391 dd615760c38d4878bcdb4fa809cbd696 abdc032edbfd452d8631b632474e74d3 - - default default] 10.0.0.132 "DELETE /v2.0/networks/807c90d1-2351-470f-aae7-edb4a199c71a HTTP/1.1" status: 204 len: 168 time: 0.7448759
2026-04-07 01:15:29.154 9 INFO neutron.wsgi [None req-7561b2d0-bbb5-47a5-8934-dd46da77d40b dd615760c38d4878bcdb4fa809cbd696 abdc032edbfd452d8631b632474e74d3 - - default default] 10.0.0.132 "GET /v2.0/networks HTTP/1.1" status: 200 len: 845 time: 0.1364689
