2026-04-07 01:16:58.010 10 INFO neutron.services.segments.plugin [-] Segment 74e54248-dc08-41c1-a892-e967df23e0ac resource provider not found; error: Placement Client Error (4xx): {"errors": [{"status": 404, "title": "Not Found", "detail": "The resource could not be found.\n\n No resource provider with uuid 74e54248-dc08-41c1-a892-e967df23e0ac found for delete ", "request_id": "req-f667dfcb-b203-4d8b-961f-011ee628d0ca"}]}
2026-04-07 01:16:58.024 10 INFO neutron.services.segments.plugin [-] Segment 74e54248-dc08-41c1-a892-e967df23e0ac resource provider not found; error: Placement Client Error (4xx): {"errors": [{"status": 404, "title": "Not Found", "detail": "The resource could not be found.\n\n No resource provider with uuid 74e54248-dc08-41c1-a892-e967df23e0ac found for delete ", "request_id": "req-432074d4-8699-491a-be9c-963e4a3e3724"}]}
2026-04-07 01:16:58.114 9 INFO neutron.db.ovn_revision_numbers_db [None req-ddd6d111-9b8e-4e5a-a121-117bc0d8bf5c 126075eba3814b49a018ef6a2b5ffb92 53f37f422473403ebbed56f25860d3c1 - - default default] Successfully bumped revision number for resource 576a121a-85b7-4cbb-a8cc-a400cadf7935 (type: security_group_rules) to 0
2026-04-07 01:16:58.142 9 INFO neutron.wsgi [None req-ddd6d111-9b8e-4e5a-a121-117bc0d8bf5c 126075eba3814b49a018ef6a2b5ffb92 53f37f422473403ebbed56f25860d3c1 - - default default] 10.0.0.132 "POST /v2.0/security-group-rules HTTP/1.1" status: 201 len: 796 time: 0.2266951
2026-04-07 01:16:58.157 10 WARNING neutron_lib.context [None req-6af79276-b7d2-4ba9-971f-e531a2251262 126075eba3814b49a018ef6a2b5ffb92 53f37f422473403ebbed56f25860d3c1 - - default default] Method 'is_advsvc' is deprecated since 2023.2 release (neutron-lib 3.8.0) and will be removed once support for the old RBAC API policies will be removed from Neutron. Please use method 'is_service_role' instead.
2026-04-07 01:16:58.165 10 INFO neutron.wsgi [None req-dc6065fa-6eb6-4f1f-98c3-085420491656 f446e4beedd4408f85299ce7d2f62c30 148851e9077f46df9591f81360bdd785 - - default default] 10.0.0.132 "DELETE /v2.0/networks/8a4c00cb-91bb-4da2-8439-a960ec18dc22 HTTP/1.1" status: 204 len: 168 time: 0.4187336
2026-04-07 01:16:58.169 9 INFO neutron.db.ovn_revision_numbers_db [None req-4e0e4a47-485f-491b-b176-bcac5c1f07d0 14ad9df9b02640b290856de26f95ba69 bc5f693692674c41a70717d6683b18b2 - - default default] Successfully bumped revision number for resource 3a8d9526-0698-4b7d-bdf0-12d61ac4b21d (type: ports) to 2
2026-04-07 01:16:58.203 9 INFO neutron.db.ovn_revision_numbers_db [None req-4e0e4a47-485f-491b-b176-bcac5c1f07d0 14ad9df9b02640b290856de26f95ba69 bc5f693692674c41a70717d6683b18b2 - - default default] Successfully bumped revision number for resource fc66e633-b344-43ae-8ea7-f4a17880d832 (type: subnets) to 0
2026-04-07 01:16:58.221 9 INFO neutron.wsgi [None req-4e0e4a47-485f-491b-b176-bcac5c1f07d0 14ad9df9b02640b290856de26f95ba69 bc5f693692674c41a70717d6683b18b2 - - default default] 10.0.0.132 "POST /v2.0/subnets HTTP/1.1" status: 201 len: 801 time: 1.2497976
2026-04-07 01:16:58.229 9 WARNING neutron_lib.context [None req-9c0cb4c9-3de3-4aaf-a97c-1999ae2a8201 14ad9df9b02640b290856de26f95ba69 bc5f693692674c41a70717d6683b18b2 - - default default] Method 'is_advsvc' is deprecated since 2023.2 release (neutron-lib 3.8.0) and will be removed once support for the old RBAC API policies will be removed from Neutron. Please use method 'is_service_role' instead.
2026-04-07 01:16:58.299 10 INFO neutron.db.ovn_revision_numbers_db [None req-6af79276-b7d2-4ba9-971f-e531a2251262 126075eba3814b49a018ef6a2b5ffb92 53f37f422473403ebbed56f25860d3c1 - - default default] Successfully bumped revision number for resource bcbced3c-bc61-4dab-80e6-c36c70362687 (type: security_group_rules) to 0
2026-04-07 01:16:58.324 10 INFO neutron.wsgi [None req-6af79276-b7d2-4ba9-971f-e531a2251262 126075eba3814b49a018ef6a2b5ffb92 53f37f422473403ebbed56f25860d3c1 - - default default] 10.0.0.132 "POST /v2.0/security-group-rules HTTP/1.1" status: 201 len: 796 time: 0.1747489
2026-04-07 01:16:58.338 10 WARNING neutron_lib.context [None req-433e3873-77b0-4ec4-8477-d60de3566ac0 126075eba3814b49a018ef6a2b5ffb92 53f37f422473403ebbed56f25860d3c1 - - default default] Method 'is_advsvc' is deprecated since 2023.2 release (neutron-lib 3.8.0) and will be removed once support for the old RBAC API policies will be removed from Neutron. Please use method 'is_service_role' instead.
2026-04-07 01:16:58.344 9 INFO neutron.db.ovn_revision_numbers_db [None req-9c0cb4c9-3de3-4aaf-a97c-1999ae2a8201 14ad9df9b02640b290856de26f95ba69 bc5f693692674c41a70717d6683b18b2 - - default default] Successfully bumped revision number for resource 7634b1fd-12a6-43d6-b2e7-6f73d7c5bad9 (type: routers) to 1
2026-04-07 01:16:58.362 9 INFO neutron.wsgi [None req-9c0cb4c9-3de3-4aaf-a97c-1999ae2a8201 14ad9df9b02640b290856de26f95ba69 bc5f693692674c41a70717d6683b18b2 - - default default] 10.0.0.132 "POST /v2.0/routers HTTP/1.1" status: 201 len: 800 time: 0.1362529
2026-04-07 01:16:58.465 10 INFO neutron.db.ovn_revision_numbers_db [None req-433e3873-77b0-4ec4-8477-d60de3566ac0 126075eba3814b49a018ef6a2b5ffb92 53f37f422473403ebbed56f25860d3c1 - - default default] Successfully bumped revision number for resource 29b5e372-acc4-4781-9b51-237eadb8b681 (type: security_group_rules) to 0
2026-04-07 01:16:58.488 10 INFO neutron.wsgi [None req-433e3873-77b0-4ec4-8477-d60de3566ac0 126075eba3814b49a018ef6a2b5ffb92 53f37f422473403ebbed56f25860d3c1 - - default default] 10.0.0.132 "POST /v2.0/security-group-rules HTTP/1.1" status: 201 len: 798 time: 0.1585939
2026-04-07 01:16:58.498 10 WARNING neutron_lib.context [None req-f0a5fbb0-d651-4221-b406-3ac3d25997c6 126075eba3814b49a018ef6a2b5ffb92 53f37f422473403ebbed56f25860d3c1 - - default default] Method 'is_advsvc' is deprecated since 2023.2 release (neutron-lib 3.8.0) and will be removed once support for the old RBAC API policies will be removed from Neutron. Please use method 'is_service_role' instead.
2026-04-07 01:16:58.628 10 INFO neutron.db.ovn_revision_numbers_db [None req-f0a5fbb0-d651-4221-b406-3ac3d25997c6 126075eba3814b49a018ef6a2b5ffb92 53f37f422473403ebbed56f25860d3c1 - - default default] Successfully bumped revision number for resource 92f2ea20-fedc-4096-80be-db14947e9205 (type: security_group_rules) to 0
2026-04-07 01:16:58.638 9 INFO neutron.services.segments.plugin [-] Segment 97359203-47db-4a93-a155-f9cdc7cf427c resource provider aggregate not found
2026-04-07 01:16:58.645 9 INFO neutron.services.segments.plugin [-] Segment 97359203-47db-4a93-a155-f9cdc7cf427c resource provider aggregate not found
2026-04-07 01:16:58.653 10 INFO neutron.wsgi [None req-f0a5fbb0-d651-4221-b406-3ac3d25997c6 126075eba3814b49a018ef6a2b5ffb92 53f37f422473403ebbed56f25860d3c1 - - default default] 10.0.0.132 "POST /v2.0/security-group-rules HTTP/1.1" status: 201 len: 800 time: 0.1595600
2026-04-07 01:16:58.663 9 INFO neutron.services.segments.plugin [-] Segment 97359203-47db-4a93-a155-f9cdc7cf427c resource provider not found; error: Placement Client Error (4xx): {"errors": [{"status": 404, "title": "Not Found", "detail": "The resource could not be found.\n\n No resource provider with uuid 97359203-47db-4a93-a155-f9cdc7cf427c found for delete ", "request_id": "req-a4d29ae7-5b6f-46d3-a420-c78ba35ac37e"}]}
2026-04-07 01:16:58.665 10 WARNING neutron_lib.context [None req-2e198570-93c5-4137-9aab-8a9b797230cd 126075eba3814b49a018ef6a2b5ffb92 53f37f422473403ebbed56f25860d3c1 - - default default] Method 'is_advsvc' is deprecated since 2023.2 release (neutron-lib 3.8.0) and will be removed once support for the old RBAC API policies will be removed from Neutron. Please use method 'is_service_role' instead.
2026-04-07 01:16:58.665 9 INFO neutron.services.segments.plugin [-] Segment 97359203-47db-4a93-a155-f9cdc7cf427c resource provider not found; error: Placement Client Error (4xx): {"errors": [{"status": 404, "title": "Not Found", "detail": "The resource could not be found.\n\n No resource provider with uuid 97359203-47db-4a93-a155-f9cdc7cf427c found for delete ", "request_id": "req-f240a5cf-8d13-4f0d-a471-1628388f9a6d"}]}
2026-04-07 01:16:58.796 10 INFO neutron.db.ovn_revision_numbers_db [None req-2e198570-93c5-4137-9aab-8a9b797230cd 126075eba3814b49a018ef6a2b5ffb92 53f37f422473403ebbed56f25860d3c1 - - default default] Successfully bumped revision number for resource c569ece5-f039-4bfb-b985-d8b34b5d6e9c (type: security_group_rules) to 0
2026-04-07 01:16:58.820 10 INFO neutron.wsgi [None req-2e198570-93c5-4137-9aab-8a9b797230cd 126075eba3814b49a018ef6a2b5ffb92 53f37f422473403ebbed56f25860d3c1 - - default default] 10.0.0.132 "POST /v2.0/security-group-rules HTTP/1.1" status: 201 len: 800 time: 0.1602995
2026-04-07 01:16:58.831 10 WARNING neutron_lib.context [None req-07a5f6a3-2e72-4721-aa25-22fa388712df 126075eba3814b49a018ef6a2b5ffb92 53f37f422473403ebbed56f25860d3c1 - - default default] Method 'is_advsvc' is deprecated since 2023.2 release (neutron-lib 3.8.0) and will be removed once support for the old RBAC API policies will be removed from Neutron. Please use method 'is_service_role' instead.
2026-04-07 01:16:58.865 9 WARNING neutron.scheduler.dhcp_agent_scheduler [None req-e5c5e009-67eb-47e7-bc35-5d536a850069 14ad9df9b02640b290856de26f95ba69 bc5f693692674c41a70717d6683b18b2 - - default default] No more DHCP agents
2026-04-07 01:16:58.868 9 WARNING neutron.api.rpc.agentnotifiers.dhcp_rpc_agent_api [None req-e5c5e009-67eb-47e7-bc35-5d536a850069 14ad9df9b02640b290856de26f95ba69 bc5f693692674c41a70717d6683b18b2 - - default default] Unable to schedule network ecc60d41-e882-48dc-886a-37e5685c52d4: no agents available; will retry on subsequent port and subnet creation events.
2026-04-07 01:16:58.978 10 INFO neutron.db.ovn_revision_numbers_db [None req-07a5f6a3-2e72-4721-aa25-22fa388712df 126075eba3814b49a018ef6a2b5ffb92 53f37f422473403ebbed56f25860d3c1 - - default default] Successfully bumped revision number for resource 0c3024ec-895b-4466-8c56-20c2567ffc7b (type: security_group_rules) to 0
2026-04-07 01:16:59.006 10 INFO neutron.wsgi [None req-07a5f6a3-2e72-4721-aa25-22fa388712df 126075eba3814b49a018ef6a2b5ffb92 53f37f422473403ebbed56f25860d3c1 - - default default] 10.0.0.132 "POST /v2.0/security-group-rules HTTP/1.1" status: 201 len: 796 time: 0.1797419
2026-04-07 01:16:59.020 9 INFO neutron.db.ovn_revision_numbers_db [None req-e5c5e009-67eb-47e7-bc35-5d536a850069 14ad9df9b02640b290856de26f95ba69 bc5f693692674c41a70717d6683b18b2 - - default default] Successfully bumped revision number for resource e6124cc8-908f-4e24-ae7a-00687640d9fa (type: ports) to 1
2026-04-07 01:16:59.021 10 WARNING neutron_lib.context [None req-73947465-2523-49d3-8dbb-fb1ea3ee0403 126075eba3814b49a018ef6a2b5ffb92 53f37f422473403ebbed56f25860d3c1 - - default default] Method 'is_advsvc' is deprecated since 2023.2 release (neutron-lib 3.8.0) and will be removed once support for the old RBAC API policies will be removed from Neutron. Please use method 'is_service_role' instead.
2026-04-07 01:16:59.198 10 INFO neutron.db.ovn_revision_numbers_db [None req-73947465-2523-49d3-8dbb-fb1ea3ee0403 126075eba3814b49a018ef6a2b5ffb92 53f37f422473403ebbed56f25860d3c1 - - default default] Successfully bumped revision number for resource 7dc2a126-c7c9-4b15-b593-2247426dfbb4 (type: security_group_rules) to 0
2026-04-07 01:16:59.232 10 INFO neutron.wsgi [None req-73947465-2523-49d3-8dbb-fb1ea3ee0403 126075eba3814b49a018ef6a2b5ffb92 53f37f422473403ebbed56f25860d3c1 - - default default] 10.0.0.132 "POST /v2.0/security-group-rules HTTP/1.1" status: 201 len: 796 time: 0.2206984
2026-04-07 01:16:59.245 10 WARNING neutron_lib.context [None req-5417d2ae-84dd-4aec-8e2d-30955512f34b 126075eba3814b49a018ef6a2b5ffb92 53f37f422473403ebbed56f25860d3c1 - - default default] Method 'is_advsvc' is deprecated since 2023.2 release (neutron-lib 3.8.0) and will be removed once support for the old RBAC API policies will be removed from Neutron. Please use method 'is_service_role' instead.
2026-04-07 01:16:59.330 10 INFO neutron.db.ovn_revision_numbers_db [None req-e09cffae-f812-4c4b-abc9-6f1b44047f60 3c33899970d241c6a7a3e65063d0e430 861374040eab458bb37e4cf587b1cb6c - - default default] Successfully bumped revision number for resource 81fd25fa-fcb1-4cf9-b4b7-1474ba56fed2 (type: security_groups) to 1
2026-04-07 01:16:59.353 10 INFO neutron.db.ovn_revision_numbers_db [None req-e09cffae-f812-4c4b-abc9-6f1b44047f60 3c33899970d241c6a7a3e65063d0e430 861374040eab458bb37e4cf587b1cb6c - - default default] Successfully bumped revision number for resource 4bc6753f-a1b2-481e-8190-32a76e207ffc (type: security_group_rules) to 0
2026-04-07 01:16:59.374 10 INFO neutron.db.ovn_revision_numbers_db [None req-e09cffae-f812-4c4b-abc9-6f1b44047f60 3c33899970d241c6a7a3e65063d0e430 861374040eab458bb37e4cf587b1cb6c - - default default] Successfully bumped revision number for resource aefd9e45-e30f-40a4-88b5-06abeba9ab06 (type: security_group_rules) to 0
2026-04-07 01:16:59.398 10 INFO neutron.db.ovn_revision_numbers_db [None req-e09cffae-f812-4c4b-abc9-6f1b44047f60 3c33899970d241c6a7a3e65063d0e430 861374040eab458bb37e4cf587b1cb6c - - default default] Successfully bumped revision number for resource c06fd2f9-512b-4fc5-9eb8-21a85375581e (type: security_group_rules) to 0
2026-04-07 01:16:59.415 9 ERROR ovsdbapp.backend.ovs_idl.command [None req-e5c5e009-67eb-47e7-bc35-5d536a850069 14ad9df9b02640b290856de26f95ba69 bc5f693692674c41a70717d6683b18b2 - - default default] Error executing command (DbGetCommand): ovsdbapp.backend.ovs_idl.idlutils.RowNotFound: Cannot find Logical_Router_Port with name=lrp-e6124cc8-908f-4e24-ae7a-00687640d9fa
2026-04-07 01:16:59.415 9 ERROR ovsdbapp.backend.ovs_idl.command
Traceback (most recent call last):
2026-04-07 01:16:59.415 9 ERROR ovsdbapp.backend.ovs_idl.command
File "/var/lib/openstack/lib/python3.10/site-packages/ovsdbapp/backend/ovs_idl/command.py", line 47, in execute
2026-04-07 01:16:59.415 9 ERROR ovsdbapp.backend.ovs_idl.command self.run_idl(None)
2026-04-07 01:16:59.415 9 ERROR ovsdbapp.backend.ovs_idl.command
File "/var/lib/openstack/lib/python3.10/site-packages/ovsdbapp/backend/ovs_idl/command.py", line 235, in run_idl
2026-04-07 01:16:59.415 9 ERROR ovsdbapp.backend.ovs_idl.command record = self.api.lookup(self.table, self.record)
2026-04-07 01:16:59.415 9 ERROR ovsdbapp.backend.ovs_idl.command
File "/var/lib/openstack/lib/python3.10/site-packages/ovsdbapp/backend/ovs_idl/__init__.py", line 184, in lookup
2026-04-07 01:16:59.415 9 ERROR ovsdbapp.backend.ovs_idl.command return self._lookup(table, record)
2026-04-07 01:16:59.415 9 ERROR ovsdbapp.backend.ovs_idl.command
File "/var/lib/openstack/lib/python3.10/site-packages/ovsdbapp/backend/ovs_idl/__init__.py", line 235, in _lookup
2026-04-07 01:16:59.415 9 ERROR ovsdbapp.backend.ovs_idl.command row = idlutils.row_by_value(self, rl.table, rl.column, record)
2026-04-07 01:16:59.415 9 ERROR ovsdbapp.backend.ovs_idl.command
File "/var/lib/openstack/lib/python3.10/site-packages/ovsdbapp/backend/ovs_idl/idlutils.py", line 114, in row_by_value
2026-04-07 01:16:59.415 9 ERROR ovsdbapp.backend.ovs_idl.command raise RowNotFound(table=table, col=column, match=match)
2026-04-07 01:16:59.415 9 ERROR ovsdbapp.backend.ovs_idl.command ovsdbapp.backend.ovs_idl.idlutils.RowNotFound: Cannot find Logical_Router_Port with name=lrp-e6124cc8-908f-4e24-ae7a-00687640d9fa
2026-04-07 01:16:59.415 9 ERROR ovsdbapp.backend.ovs_idl.command 
2026-04-07 01:16:59.416 9 ERROR neutron_lib.callbacks.manager [None req-e5c5e009-67eb-47e7-bc35-5d536a850069 14ad9df9b02640b290856de26f95ba69 bc5f693692674c41a70717d6683b18b2 - - default default] Error during notification for neutron.services.ovn_l3.plugin.OVNL3RouterPlugin._port_update-8775645969126 port, after_update: ovsdbapp.backend.ovs_idl.idlutils.RowNotFound: Cannot find Logical_Router_Port with name=lrp-e6124cc8-908f-4e24-ae7a-00687640d9fa
2026-04-07 01:16:59.416 9 ERROR neutron_lib.callbacks.manager
Traceback (most recent call last):
2026-04-07 01:16:59.416 9 ERROR neutron_lib.callbacks.manager
File "/var/lib/openstack/lib/python3.10/site-packages/neutron_lib/callbacks/manager.py", line 189, in _notify_loop
2026-04-07 01:16:59.416 9 ERROR neutron_lib.callbacks.manager callback.method(resource, event, trigger, payload=payload)
2026-04-07 01:16:59.416 9 ERROR neutron_lib.callbacks.manager
File "/var/lib/openstack/lib/python3.10/site-packages/neutron/services/ovn_l3/plugin.py", line 391, in _port_update
2026-04-07 01:16:59.416 9 ERROR neutron_lib.callbacks.manager l3plugin._ovn_client.update_router_port(context,
2026-04-07 01:16:59.416 9 ERROR neutron_lib.callbacks.manager
File "/var/lib/openstack/lib/python3.10/site-packages/neutron/plugins/ml2/drivers/ovn/mech_driver/ovsdb/ovn_client.py", line 1878, in update_router_port
2026-04-07 01:16:59.416 9 ERROR neutron_lib.callbacks.manager self._update_lrouter_port(context, port, if_exists=if_exists,
2026-04-07 01:16:59.416 9 ERROR neutron_lib.callbacks.manager
File "/var/lib/openstack/lib/python3.10/site-packages/neutron/plugins/ml2/drivers/ovn/mech_driver/ovsdb/ovn_client.py", line 1855, in _update_lrouter_port
2026-04-07 01:16:59.416 9 ERROR neutron_lib.callbacks.manager external_ids = self._nb_idl.db_get(
2026-04-07 01:16:59.416 9 ERROR neutron_lib.callbacks.manager
File "/var/lib/openstack/lib/python3.10/site-packages/ovsdbapp/backend/ovs_idl/command.py", line 47, in execute
2026-04-07 01:16:59.416 9 ERROR neutron_lib.callbacks.manager self.run_idl(None)
2026-04-07 01:16:59.416 9 ERROR neutron_lib.callbacks.manager
File "/var/lib/openstack/lib/python3.10/site-packages/ovsdbapp/backend/ovs_idl/command.py", line 235, in run_idl
2026-04-07 01:16:59.416 9 ERROR neutron_lib.callbacks.manager record = self.api.lookup(self.table, self.record)
2026-04-07 01:16:59.416 9 ERROR neutron_lib.callbacks.manager
File "/var/lib/openstack/lib/python3.10/site-packages/ovsdbapp/backend/ovs_idl/__init__.py", line 184, in lookup
2026-04-07 01:16:59.416 9 ERROR neutron_lib.callbacks.manager return self._lookup(table, record)
2026-04-07 01:16:59.416 9 ERROR neutron_lib.callbacks.manager
File "/var/lib/openstack/lib/python3.10/site-packages/ovsdbapp/backend/ovs_idl/__init__.py", line 235, in _lookup
2026-04-07 01:16:59.416 9 ERROR neutron_lib.callbacks.manager row = idlutils.row_by_value(self, rl.table, rl.column, record)
2026-04-07 01:16:59.416 9 ERROR neutron_lib.callbacks.manager
File "/var/lib/openstack/lib/python3.10/site-packages/ovsdbapp/backend/ovs_idl/idlutils.py", line 114, in row_by_value
2026-04-07 01:16:59.416 9 ERROR neutron_lib.callbacks.manager raise RowNotFound(table=table, col=column, match=match)
2026-04-07 01:16:59.416 9 ERROR neutron_lib.callbacks.manager ovsdbapp.backend.ovs_idl.idlutils.RowNotFound: Cannot find Logical_Router_Port with name=lrp-e6124cc8-908f-4e24-ae7a-00687640d9fa
2026-04-07 01:16:59.416 9 ERROR neutron_lib.callbacks.manager 
2026-04-07 01:16:59.418 10 INFO neutron.db.ovn_revision_numbers_db [None req-e09cffae-f812-4c4b-abc9-6f1b44047f60 3c33899970d241c6a7a3e65063d0e430 861374040eab458bb37e4cf587b1cb6c - - default default] Successfully bumped revision number for resource c8839807-2ae8-4d8e-bbee-78c0c531d6ff (type: security_group_rules) to 0
2026-04-07 01:16:59.421 10 INFO neutron.db.ovn_revision_numbers_db [None req-5417d2ae-84dd-4aec-8e2d-30955512f34b 126075eba3814b49a018ef6a2b5ffb92 53f37f422473403ebbed56f25860d3c1 - - default default] Successfully bumped revision number for resource ed7e0855-26ea-4bac-bea7-74663501d014 (type: security_group_rules) to 0
2026-04-07 01:16:59.446 10 INFO neutron.wsgi [None req-e09cffae-f812-4c4b-abc9-6f1b44047f60 3c33899970d241c6a7a3e65063d0e430 861374040eab458bb37e4cf587b1cb6c - - default default] 10.0.0.132 "GET /v2.0/security-groups?tenant_id=b23fba2c259d49ecb863f0fd466d5613&name=default HTTP/1.1" status: 200 len: 3120 time: 0.4337320
2026-04-07 01:16:59.462 10 INFO neutron.wsgi [None req-5417d2ae-84dd-4aec-8e2d-30955512f34b 126075eba3814b49a018ef6a2b5ffb92 53f37f422473403ebbed56f25860d3c1 - - default default] 10.0.0.132 "POST /v2.0/security-group-rules HTTP/1.1" status: 201 len: 796 time: 0.2235138
2026-04-07 01:16:59.473 10 WARNING neutron_lib.context [None req-ff090f09-06ce-4abb-8143-a4b17a640e97 126075eba3814b49a018ef6a2b5ffb92 53f37f422473403ebbed56f25860d3c1 - - default default] Method 'is_advsvc' is deprecated since 2023.2 release (neutron-lib 3.8.0) and will be removed once support for the old RBAC API policies will be removed from Neutron. Please use method 'is_service_role' instead.
2026-04-07 01:16:59.643 9 INFO neutron.db.ovn_revision_numbers_db [None req-e5c5e009-67eb-47e7-bc35-5d536a850069 14ad9df9b02640b290856de26f95ba69 bc5f693692674c41a70717d6683b18b2 - - default default] Successfully bumped revision number for resource e6124cc8-908f-4e24-ae7a-00687640d9fa (type: ports) to 1
2026-04-07 01:16:59.653 10 INFO neutron.db.ovn_revision_numbers_db [None req-ff090f09-06ce-4abb-8143-a4b17a640e97 126075eba3814b49a018ef6a2b5ffb92 53f37f422473403ebbed56f25860d3c1 - - default default] Successfully bumped revision number for resource f9d42f3b-182d-4332-8c68-519f2ea0ad3c (type: security_group_rules) to 0
2026-04-07 01:16:59.681 10 INFO neutron.wsgi [None req-ff090f09-06ce-4abb-8143-a4b17a640e97 126075eba3814b49a018ef6a2b5ffb92 53f37f422473403ebbed56f25860d3c1 - - default default] 10.0.0.132 "POST /v2.0/security-group-rules HTTP/1.1" status: 201 len: 798 time: 0.2135158
2026-04-07 01:16:59.693 10 WARNING neutron_lib.context [None req-d62ec739-0c39-4f3e-9592-b54fc380648d 126075eba3814b49a018ef6a2b5ffb92 53f37f422473403ebbed56f25860d3c1 - - default default] Method 'is_advsvc' is deprecated since 2023.2 release (neutron-lib 3.8.0) and will be removed once support for the old RBAC API policies will be removed from Neutron. Please use method 'is_service_role' instead.
2026-04-07 01:16:59.712 9 WARNING neutron.scheduler.dhcp_agent_scheduler [None req-e5c5e009-67eb-47e7-bc35-5d536a850069 14ad9df9b02640b290856de26f95ba69 bc5f693692674c41a70717d6683b18b2 - - default default] No more DHCP agents
2026-04-07 01:16:59.713 9 WARNING neutron.api.rpc.agentnotifiers.dhcp_rpc_agent_api [None req-e5c5e009-67eb-47e7-bc35-5d536a850069 14ad9df9b02640b290856de26f95ba69 bc5f693692674c41a70717d6683b18b2 - - default default] Unable to schedule network ecc60d41-e882-48dc-886a-37e5685c52d4: no agents available; will retry on subsequent port and subnet creation events.
2026-04-07 01:16:59.735 9 INFO neutron.wsgi [None req-4201b00b-bd81-4a5e-a467-b9a277162437 3c33899970d241c6a7a3e65063d0e430 861374040eab458bb37e4cf587b1cb6c - - default default] 10.0.0.132 "DELETE /v2.0/security-groups/81fd25fa-fcb1-4cf9-b4b7-1474ba56fed2 HTTP/1.1" status: 204 len: 168 time: 0.2843153
2026-04-07 01:16:59.853 9 INFO neutron.db.ovn_revision_numbers_db [None req-e5c5e009-67eb-47e7-bc35-5d536a850069 14ad9df9b02640b290856de26f95ba69 bc5f693692674c41a70717d6683b18b2 - - default default] Successfully bumped revision number for resource e6124cc8-908f-4e24-ae7a-00687640d9fa (type: router_ports) to 1
2026-04-07 01:16:59.859 9 INFO neutron.wsgi [None req-e5c5e009-67eb-47e7-bc35-5d536a850069 14ad9df9b02640b290856de26f95ba69 bc5f693692674c41a70717d6683b18b2 - - default default] 10.0.0.132 "PUT /v2.0/routers/7634b1fd-12a6-43d6-b2e7-6f73d7c5bad9/add_router_interface HTTP/1.1" status: 200 len: 503 time: 1.4917474
2026-04-07 01:16:59.873 10 INFO neutron.db.ovn_revision_numbers_db [None req-d62ec739-0c39-4f3e-9592-b54fc380648d 126075eba3814b49a018ef6a2b5ffb92 53f37f422473403ebbed56f25860d3c1 - - default default] Successfully bumped revision number for resource 26b9ec62-e6ca-4d63-a05f-dd4abce63ff3 (type: security_group_rules) to 0
2026-04-07 01:16:59.901 10 INFO neutron.wsgi [None req-e6bc2a95-a436-41dd-a26a-eafb93327bd8 3c33899970d241c6a7a3e65063d0e430 861374040eab458bb37e4cf587b1cb6c - - default default] 10.0.0.132 "GET /v2.0/security-groups?tenant_id=148851e9077f46df9591f81360bdd785&name=default HTTP/1.1" status: 200 len: 3120 time: 0.0453696
2026-04-07 01:16:59.904 9 INFO neutron.wsgi [None req-6933be57-0e4b-452d-b443-3d9e9eaf7499 14ad9df9b02640b290856de26f95ba69 bc5f693692674c41a70717d6683b18b2 - - default default] 10.0.0.132 "GET /v2.0/ports/e6124cc8-908f-4e24-ae7a-00687640d9fa HTTP/1.1" status: 200 len: 1135 time: 0.0403533
2026-04-07 01:16:59.909 10 INFO neutron.wsgi [None req-d62ec739-0c39-4f3e-9592-b54fc380648d 126075eba3814b49a018ef6a2b5ffb92 53f37f422473403ebbed56f25860d3c1 - - default default] 10.0.0.132 "POST /v2.0/security-group-rules HTTP/1.1" status: 201 len: 800 time: 0.2211995
2026-04-07 01:16:59.918 9 WARNING neutron_lib.context [None req-57322f4e-1da1-4ab4-a781-9922b8609e77 126075eba3814b49a018ef6a2b5ffb92 53f37f422473403ebbed56f25860d3c1 - - default default] Method 'is_advsvc' is deprecated since 2023.2 release (neutron-lib 3.8.0) and will be removed once support for the old RBAC API policies will be removed from Neutron. Please use method 'is_service_role' instead.
2026-04-07 01:17:00.043 10 INFO neutron.services.segments.plugin [-] Segment 42a3f3ab-9dbb-4283-8ee3-5735ce04e532 resource provider aggregate not found
2026-04-07 01:17:00.053 10 INFO neutron.services.segments.plugin [-] Segment 42a3f3ab-9dbb-4283-8ee3-5735ce04e532 resource provider aggregate not found
2026-04-07 01:17:00.059 10 INFO neutron.services.segments.plugin [-] Segment 42a3f3ab-9dbb-4283-8ee3-5735ce04e532 resource provider not found; error: Placement Client Error (4xx): {"errors": [{"status": 404, "title": "Not Found", "detail": "The resource could not be found.\n\n No resource provider with uuid 42a3f3ab-9dbb-4283-8ee3-5735ce04e532 found for delete ", "request_id": "req-54d00367-220b-4f0c-b3ed-343a625e991b"}]}
2026-04-07 01:17:00.064 10 INFO neutron.services.segments.plugin [-] Segment 42a3f3ab-9dbb-4283-8ee3-5735ce04e532 resource provider not found; error: Placement Client Error (4xx): {"errors": [{"status": 404, "title": "Not Found", "detail": "The resource could not be found.\n\n No resource provider with uuid 42a3f3ab-9dbb-4283-8ee3-5735ce04e532 found for delete ", "request_id": "req-f3402195-b535-4322-b76d-f25bd927ae06"}]}
2026-04-07 01:17:00.097 9 INFO neutron.db.ovn_revision_numbers_db [None req-57322f4e-1da1-4ab4-a781-9922b8609e77 126075eba3814b49a018ef6a2b5ffb92 53f37f422473403ebbed56f25860d3c1 - - default default] Successfully bumped revision number for resource d2e8ecb1-e74a-4276-afd5-855f7f90a08a (type: security_group_rules) to 0
2026-04-07 01:17:00.124 9 INFO neutron.wsgi [None req-57322f4e-1da1-4ab4-a781-9922b8609e77 126075eba3814b49a018ef6a2b5ffb92 53f37f422473403ebbed56f25860d3c1 - - default default] 10.0.0.132 "POST /v2.0/security-group-rules HTTP/1.1" status: 201 len: 796 time: 0.2106953
2026-04-07 01:17:00.160 9 INFO neutron.wsgi [None req-88142616-02bb-471f-8817-3584c8c4ffea 3c33899970d241c6a7a3e65063d0e430 861374040eab458bb37e4cf587b1cb6c - - default default] 10.0.0.132 "DELETE /v2.0/security-groups/cbe2d798-e9a8-49a5-ac9b-340e6da69646 HTTP/1.1" status: 204 len: 168 time: 0.2520468
2026-04-07 01:17:00.486 10 INFO neutron.wsgi [req-42831deb-79b4-417d-be32-80e32ff102d3 req-e173f4f0-f67d-4125-8828-bf6dcf3026a6 126075eba3814b49a018ef6a2b5ffb92 53f37f422473403ebbed56f25860d3c1 - - default default] 10.0.0.32 "GET /v2.0/security-groups?name=tempest-lb_member_SG-294872712&fields=id&tenant_id=53f37f422473403ebbed56f25860d3c1 HTTP/1.1" status: 200 len: 267 time: 0.0927558
2026-04-07 01:17:00.498 9 INFO neutron.db.ovn_revision_numbers_db [None req-fb377b05-ca3d-4cae-8f57-d22a79bf5f32 3c33899970d241c6a7a3e65063d0e430 861374040eab458bb37e4cf587b1cb6c - - default default] Successfully bumped revision number for resource e5956781-7d77-4e55-b896-ce6d1b464929 (type: security_groups) to 1
2026-04-07 01:17:00.514 9 INFO neutron.db.ovn_revision_numbers_db [None req-fb377b05-ca3d-4cae-8f57-d22a79bf5f32 3c33899970d241c6a7a3e65063d0e430 861374040eab458bb37e4cf587b1cb6c - - default default] Successfully bumped revision number for resource 1cf2d87f-42e0-401a-927f-3302c42f5ad6 (type: security_group_rules) to 0
2026-04-07 01:17:00.530 9 INFO neutron.db.ovn_revision_numbers_db [None req-fb377b05-ca3d-4cae-8f57-d22a79bf5f32 3c33899970d241c6a7a3e65063d0e430 861374040eab458bb37e4cf587b1cb6c - - default default] Successfully bumped revision number for resource 1f692a1d-dcf8-4852-918f-380f002db60b (type: security_group_rules) to 0
2026-04-07 01:17:00.536 10 WARNING neutron.scheduler.dhcp_agent_scheduler [None req-2b0b825e-bc9d-4073-95d7-9ce7bd38e71d 14ad9df9b02640b290856de26f95ba69 bc5f693692674c41a70717d6683b18b2 - - default default] No more DHCP agents
2026-04-07 01:17:00.538 10 WARNING neutron.api.rpc.agentnotifiers.dhcp_rpc_agent_api [None req-2b0b825e-bc9d-4073-95d7-9ce7bd38e71d 14ad9df9b02640b290856de26f95ba69 bc5f693692674c41a70717d6683b18b2 - - default default] Unable to schedule network 0cc8c327-2a97-4b2f-a46f-19553ca7b219: no agents available; will retry on subsequent port and subnet creation events.
2026-04-07 01:17:00.544 9 INFO neutron.db.ovn_revision_numbers_db [None req-fb377b05-ca3d-4cae-8f57-d22a79bf5f32 3c33899970d241c6a7a3e65063d0e430 861374040eab458bb37e4cf587b1cb6c - - default default] Successfully bumped revision number for resource 98c26711-f8bf-437f-b146-3fe605e525ee (type: security_group_rules) to 0
2026-04-07 01:17:00.574 9 INFO neutron.db.ovn_revision_numbers_db [None req-fb377b05-ca3d-4cae-8f57-d22a79bf5f32 3c33899970d241c6a7a3e65063d0e430 861374040eab458bb37e4cf587b1cb6c - - default default] Successfully bumped revision number for resource c8a0a7da-8dc1-4b4a-b01e-9a2864a49dca (type: security_group_rules) to 0
2026-04-07 01:17:00.599 9 INFO neutron.wsgi [None req-fb377b05-ca3d-4cae-8f57-d22a79bf5f32 3c33899970d241c6a7a3e65063d0e430 861374040eab458bb37e4cf587b1cb6c - - default default] 10.0.0.132 "GET /v2.0/security-groups?tenant_id=08e95b5ed35a4ea8839cca239f3e5a6d&name=default HTTP/1.1" status: 200 len: 3120 time: 0.2529678
2026-04-07 01:17:00.611 10 INFO neutron.wsgi [req-42831deb-79b4-417d-be32-80e32ff102d3 req-789afcbd-4fd1-4a52-860a-0f39d8da55bd 126075eba3814b49a018ef6a2b5ffb92 53f37f422473403ebbed56f25860d3c1 - - default default] 10.0.0.32 "GET /v2.0/networks?id=a695feb4-89a6-4a13-bb4d-f8aa5ba5b487 HTTP/1.1" status: 200 len: 904 time: 0.1202867
2026-04-07 01:17:00.639 10 INFO neutron.wsgi [req-42831deb-79b4-417d-be32-80e32ff102d3 req-116de9b5-ebcb-4277-9cbd-56bae0322311 126075eba3814b49a018ef6a2b5ffb92 53f37f422473403ebbed56f25860d3c1 - - default default] 10.0.0.32 "GET /v2.0/quotas/53f37f422473403ebbed56f25860d3c1 HTTP/1.1" status: 200 len: 491 time: 0.0180478
2026-04-07 01:17:00.872 10 INFO neutron.db.ovn_revision_numbers_db [None req-2b0b825e-bc9d-4073-95d7-9ce7bd38e71d 14ad9df9b02640b290856de26f95ba69 bc5f693692674c41a70717d6683b18b2 - - default default] Successfully bumped revision number for resource 3593339c-8253-4238-b94e-668fed275d50 (type: ports) to 1
2026-04-07 01:17:00.961 10 INFO neutron.wsgi [req-42831deb-79b4-417d-be32-80e32ff102d3 req-6f062876-f703-4d0f-9e1b-b2722be7e12a 126075eba3814b49a018ef6a2b5ffb92 53f37f422473403ebbed56f25860d3c1 - - default default] 10.0.0.32 "GET /v2.0/ports?tenant_id=53f37f422473403ebbed56f25860d3c1&fields=id HTTP/1.1" status: 200 len: 486 time: 0.3142173
2026-04-07 01:17:01.047 10 INFO neutron.wsgi [None req-7f40b655-bb94-4d57-9cf3-1dbcdecd2a61 3c33899970d241c6a7a3e65063d0e430 861374040eab458bb37e4cf587b1cb6c - - default default] 10.0.0.132 "DELETE /v2.0/security-groups/e5956781-7d77-4e55-b896-ce6d1b464929 HTTP/1.1" status: 204 len: 168 time: 0.4424436
2026-04-07 01:17:01.065 10 INFO neutron.wsgi [req-42831deb-79b4-417d-be32-80e32ff102d3 req-b9362189-2193-475c-a230-726873272104 00a5a09fe95c450bab7182fe8b42fb72 b31a14f2e2074701aa38077f6d990618 - - c63b5867a107491697ac9bcd374b32f7 c63b5867a107491697ac9bcd374b32f7] 10.0.0.32 "GET /v2.0/networks/a695feb4-89a6-4a13-bb4d-f8aa5ba5b487?fields=segments HTTP/1.1" status: 200 len: 212 time: 0.0828197
2026-04-07 01:17:01.167 10 INFO neutron.wsgi [req-42831deb-79b4-417d-be32-80e32ff102d3 req-26d7934c-35f0-472e-ad7a-59449a5721e6 00a5a09fe95c450bab7182fe8b42fb72 b31a14f2e2074701aa38077f6d990618 - - c63b5867a107491697ac9bcd374b32f7 c63b5867a107491697ac9bcd374b32f7] 10.0.0.32 "GET /v2.0/networks/a695feb4-89a6-4a13-bb4d-f8aa5ba5b487?fields=provider%3Aphysical_network&fields=provider%3Anetwork_type HTTP/1.1" status: 200 len: 277 time: 0.0949714
2026-04-07 01:17:01.307 10 INFO neutron.wsgi [req-1345f8c1-07fa-459f-b9ab-04b745adf5c0 req-5bc6f4bd-a0a0-418e-9e92-0a689fb800c5 126075eba3814b49a018ef6a2b5ffb92 53f37f422473403ebbed56f25860d3c1 - - default default] 10.0.0.32 "GET /v2.0/ports?device_id=816d8f7c-65a0-4031-8de4-8d48d1fbedbf HTTP/1.1" status: 200 len: 210 time: 0.0300553
2026-04-07 01:17:01.577 10 ERROR ovsdbapp.backend.ovs_idl.command [None req-2b0b825e-bc9d-4073-95d7-9ce7bd38e71d 14ad9df9b02640b290856de26f95ba69 bc5f693692674c41a70717d6683b18b2 - - default default] Error executing command (DbGetCommand): ovsdbapp.backend.ovs_idl.idlutils.RowNotFound: Cannot find Logical_Router_Port with name=lrp-3593339c-8253-4238-b94e-668fed275d50
2026-04-07 01:17:01.577 10 ERROR ovsdbapp.backend.ovs_idl.command
Traceback (most recent call last):
2026-04-07 01:17:01.577 10 ERROR ovsdbapp.backend.ovs_idl.command
File "/var/lib/openstack/lib/python3.10/site-packages/ovsdbapp/backend/ovs_idl/command.py", line 47, in execute
2026-04-07 01:17:01.577 10 ERROR ovsdbapp.backend.ovs_idl.command self.run_idl(None)
2026-04-07 01:17:01.577 10 ERROR ovsdbapp.backend.ovs_idl.command
File "/var/lib/openstack/lib/python3.10/site-packages/ovsdbapp/backend/ovs_idl/command.py", line 235, in run_idl
2026-04-07 01:17:01.577 10 ERROR ovsdbapp.backend.ovs_idl.command record = self.api.lookup(self.table, self.record)
2026-04-07 01:17:01.577 10 ERROR ovsdbapp.backend.ovs_idl.command
File "/var/lib/openstack/lib/python3.10/site-packages/ovsdbapp/backend/ovs_idl/__init__.py", line 184, in lookup
2026-04-07 01:17:01.577 10 ERROR ovsdbapp.backend.ovs_idl.command return self._lookup(table, record)
2026-04-07 01:17:01.577 10 ERROR ovsdbapp.backend.ovs_idl.command
File "/var/lib/openstack/lib/python3.10/site-packages/ovsdbapp/backend/ovs_idl/__init__.py", line 235, in _lookup
2026-04-07 01:17:01.577 10 ERROR ovsdbapp.backend.ovs_idl.command row = idlutils.row_by_value(self, rl.table, rl.column, record)
2026-04-07 01:17:01.577 10 ERROR ovsdbapp.backend.ovs_idl.command
File "/var/lib/openstack/lib/python3.10/site-packages/ovsdbapp/backend/ovs_idl/idlutils.py", line 114, in row_by_value
2026-04-07 01:17:01.577 10 ERROR ovsdbapp.backend.ovs_idl.command raise RowNotFound(table=table, col=column, match=match)
2026-04-07 01:17:01.577 10 ERROR ovsdbapp.backend.ovs_idl.command ovsdbapp.backend.ovs_idl.idlutils.RowNotFound: Cannot find Logical_Router_Port with name=lrp-3593339c-8253-4238-b94e-668fed275d50
2026-04-07 01:17:01.577 10 ERROR ovsdbapp.backend.ovs_idl.command 
2026-04-07 01:17:01.578 10 ERROR neutron_lib.callbacks.manager [None req-2b0b825e-bc9d-4073-95d7-9ce7bd38e71d 14ad9df9b02640b290856de26f95ba69 bc5f693692674c41a70717d6683b18b2 - - default default] Error during notification for neutron.services.ovn_l3.plugin.OVNL3RouterPlugin._port_update-8775645969126 port, after_update: ovsdbapp.backend.ovs_idl.idlutils.RowNotFound: Cannot find Logical_Router_Port with name=lrp-3593339c-8253-4238-b94e-668fed275d50
2026-04-07 01:17:01.578 10 ERROR neutron_lib.callbacks.manager
Traceback (most recent call last):
2026-04-07 01:17:01.578 10 ERROR neutron_lib.callbacks.manager
File "/var/lib/openstack/lib/python3.10/site-packages/neutron_lib/callbacks/manager.py", line 189, in _notify_loop
2026-04-07 01:17:01.578 10 ERROR neutron_lib.callbacks.manager callback.method(resource, event, trigger, payload=payload)
2026-04-07 01:17:01.578 10 ERROR neutron_lib.callbacks.manager
File "/var/lib/openstack/lib/python3.10/site-packages/neutron/services/ovn_l3/plugin.py", line 391, in _port_update
2026-04-07 01:17:01.578 10 ERROR neutron_lib.callbacks.manager l3plugin._ovn_client.update_router_port(context,
2026-04-07 01:17:01.578 10 ERROR neutron_lib.callbacks.manager
File "/var/lib/openstack/lib/python3.10/site-packages/neutron/plugins/ml2/drivers/ovn/mech_driver/ovsdb/ovn_client.py", line 1878, in update_router_port
2026-04-07 01:17:01.578 10 ERROR neutron_lib.callbacks.manager self._update_lrouter_port(context, port, if_exists=if_exists,
2026-04-07 01:17:01.578 10 ERROR neutron_lib.callbacks.manager
File "/var/lib/openstack/lib/python3.10/site-packages/neutron/plugins/ml2/drivers/ovn/mech_driver/ovsdb/ovn_client.py", line 1855, in _update_lrouter_port
2026-04-07 01:17:01.578 10 ERROR neutron_lib.callbacks.manager external_ids = self._nb_idl.db_get(
2026-04-07 01:17:01.578 10 ERROR neutron_lib.callbacks.manager
File "/var/lib/openstack/lib/python3.10/site-packages/ovsdbapp/backend/ovs_idl/command.py", line 47, in execute
2026-04-07 01:17:01.578 10 ERROR neutron_lib.callbacks.manager self.run_idl(None)
2026-04-07 01:17:01.578 10 ERROR neutron_lib.callbacks.manager
File "/var/lib/openstack/lib/python3.10/site-packages/ovsdbapp/backend/ovs_idl/command.py", line 235, in run_idl
2026-04-07 01:17:01.578 10 ERROR neutron_lib.callbacks.manager record = self.api.lookup(self.table, self.record)
2026-04-07 01:17:01.578 10 ERROR neutron_lib.callbacks.manager
File "/var/lib/openstack/lib/python3.10/site-packages/ovsdbapp/backend/ovs_idl/__init__.py", line 184, in lookup
2026-04-07 01:17:01.578 10 ERROR neutron_lib.callbacks.manager return self._lookup(table, record)
2026-04-07 01:17:01.578 10 ERROR neutron_lib.callbacks.manager
File "/var/lib/openstack/lib/python3.10/site-packages/ovsdbapp/backend/ovs_idl/__init__.py", line 235, in _lookup
2026-04-07 01:17:01.578 10 ERROR neutron_lib.callbacks.manager row = idlutils.row_by_value(self, rl.table, rl.column, record)
2026-04-07 01:17:01.578 10 ERROR neutron_lib.callbacks.manager
File "/var/lib/openstack/lib/python3.10/site-packages/ovsdbapp/backend/ovs_idl/idlutils.py", line 114, in row_by_value
2026-04-07 01:17:01.578 10 ERROR neutron_lib.callbacks.manager raise RowNotFound(table=table, col=column, match=match)
2026-04-07 01:17:01.578 10 ERROR neutron_lib.callbacks.manager ovsdbapp.backend.ovs_idl.idlutils.RowNotFound: Cannot find Logical_Router_Port with name=lrp-3593339c-8253-4238-b94e-668fed275d50
2026-04-07 01:17:01.578 10 ERROR neutron_lib.callbacks.manager 
2026-04-07 01:17:02.103 10 WARNING neutron.plugins.ml2.drivers.ovn.mech_driver.ovsdb.ovn_client [None req-04cb8f12-12e9-471a-a750-65592ed9193b - - - - - -] No hosting information found for port 6749ced7-d732-4bfe-8e9a-d60a0f3844da: RuntimeError: No hosting information found for port 6749ced7-d732-4bfe-8e9a-d60a0f3844da
2026-04-07 01:17:02.103 10 INFO neutron.plugins.ml2.drivers.ovn.mech_driver.mech_driver [None req-04cb8f12-12e9-471a-a750-65592ed9193b - - - - - -] OVN reports status up for port: e016bb07-6bde-40a0-98db-6b09983990ca
2026-04-07 01:17:02.114 10 INFO neutron.plugins.ml2.plugin [None req-04cb8f12-12e9-471a-a750-65592ed9193b - - - - - -] Attempt 1 to provision port e016bb07-6bde-40a0-98db-6b09983990ca
2026-04-07 01:17:02.147 9 INFO neutron.wsgi [req-42831deb-79b4-417d-be32-80e32ff102d3 req-6a6343c7-ee26-4e78-b6eb-ed1bd974211c 126075eba3814b49a018ef6a2b5ffb92 53f37f422473403ebbed56f25860d3c1 - - default default] 199.19.213.14 "GET /v2.0/networks?id=a695feb4-89a6-4a13-bb4d-f8aa5ba5b487 HTTP/1.1" status: 200 len: 904 time: 0.0906034
2026-04-07 01:17:02.162 10 INFO neutron.db.ovn_revision_numbers_db [None req-2b0b825e-bc9d-4073-95d7-9ce7bd38e71d 14ad9df9b02640b290856de26f95ba69 bc5f693692674c41a70717d6683b18b2 - - default default] Successfully bumped revision number for resource 3593339c-8253-4238-b94e-668fed275d50 (type: ports) to 1
2026-04-07 01:17:02.222 9 INFO neutron.wsgi [req-42831deb-79b4-417d-be32-80e32ff102d3 req-1a78d244-2420-40bc-83ba-c4b61e958e34 126075eba3814b49a018ef6a2b5ffb92 53f37f422473403ebbed56f25860d3c1 - - default default] 199.19.213.14 "GET /v2.0/security-groups?fields=id&fields=name&tenant_id=53f37f422473403ebbed56f25860d3c1 HTTP/1.1" status: 200 len: 377 time: 0.0637050
2026-04-07 01:17:02.251 9 WARNING neutron_lib.context [req-42831deb-79b4-417d-be32-80e32ff102d3 req-9f61be13-4e40-45ae-843c-59de6198d365 126075eba3814b49a018ef6a2b5ffb92 53f37f422473403ebbed56f25860d3c1 - - default default] Method 'is_advsvc' is deprecated since 2023.2 release (neutron-lib 3.8.0) and will be removed once support for the old RBAC API policies will be removed from Neutron. Please use method 'is_service_role' instead.
2026-04-07 01:17:02.260 10 WARNING neutron.scheduler.dhcp_agent_scheduler [None req-2b0b825e-bc9d-4073-95d7-9ce7bd38e71d 14ad9df9b02640b290856de26f95ba69 bc5f693692674c41a70717d6683b18b2 - - default default] No more DHCP agents
2026-04-07 01:17:02.262 10 WARNING neutron.api.rpc.agentnotifiers.dhcp_rpc_agent_api [None req-2b0b825e-bc9d-4073-95d7-9ce7bd38e71d 14ad9df9b02640b290856de26f95ba69 bc5f693692674c41a70717d6683b18b2 - - default default] Unable to schedule network 0cc8c327-2a97-4b2f-a46f-19553ca7b219: no agents available; will retry on subsequent port and subnet creation events.
2026-04-07 01:17:02.459 10 INFO neutron.db.ovn_revision_numbers_db [None req-2b0b825e-bc9d-4073-95d7-9ce7bd38e71d 14ad9df9b02640b290856de26f95ba69 bc5f693692674c41a70717d6683b18b2 - - default default] Successfully bumped revision number for resource 3593339c-8253-4238-b94e-668fed275d50 (type: router_ports) to 1
2026-04-07 01:17:02.471 10 INFO neutron.wsgi [None req-2b0b825e-bc9d-4073-95d7-9ce7bd38e71d 14ad9df9b02640b290856de26f95ba69 bc5f693692674c41a70717d6683b18b2 - - default default] 10.0.0.132 "PUT /v2.0/routers/7634b1fd-12a6-43d6-b2e7-6f73d7c5bad9/add_router_interface HTTP/1.1" status: 200 len: 503 time: 2.5610199
2026-04-07 01:17:02.594 10 INFO neutron.wsgi [None req-6b7f5668-77e7-4d63-94fb-8b4fcaa490eb 14ad9df9b02640b290856de26f95ba69 bc5f693692674c41a70717d6683b18b2 - - default default] 10.0.0.132 "GET /v2.0/ports/3593339c-8253-4238-b94e-668fed275d50 HTTP/1.1" status: 200 len: 1135 time: 0.1179368
2026-04-07 01:17:02.661 9 WARNING neutron.scheduler.dhcp_agent_scheduler [req-42831deb-79b4-417d-be32-80e32ff102d3 req-9f61be13-4e40-45ae-843c-59de6198d365 126075eba3814b49a018ef6a2b5ffb92 53f37f422473403ebbed56f25860d3c1 - - default default] No more DHCP agents
2026-04-07 01:17:02.662 10 INFO neutron.wsgi [None req-c1858403-a20c-4779-bb01-d9fed8dd2661 14ad9df9b02640b290856de26f95ba69 bc5f693692674c41a70717d6683b18b2 - - default default] 10.0.0.132 "GET /v2.0/ports/3593339c-8253-4238-b94e-668fed275d50 HTTP/1.1" status: 200 len: 1135 time: 0.0594769
2026-04-07 01:17:02.664 9 WARNING neutron.api.rpc.agentnotifiers.dhcp_rpc_agent_api [req-42831deb-79b4-417d-be32-80e32ff102d3 req-9f61be13-4e40-45ae-843c-59de6198d365 126075eba3814b49a018ef6a2b5ffb92 53f37f422473403ebbed56f25860d3c1 - - default default] Unable to schedule network a695feb4-89a6-4a13-bb4d-f8aa5ba5b487: no agents available; will retry on subsequent port and subnet creation events.
2026-04-07 01:17:02.703 10 INFO neutron.db.ovn_revision_numbers_db [None req-04cb8f12-12e9-471a-a750-65592ed9193b - - - - - -] Successfully bumped revision number for resource e016bb07-6bde-40a0-98db-6b09983990ca (type: ports) to 2
2026-04-07 01:17:02.835 9 INFO neutron.db.ovn_revision_numbers_db [req-42831deb-79b4-417d-be32-80e32ff102d3 req-9f61be13-4e40-45ae-843c-59de6198d365 126075eba3814b49a018ef6a2b5ffb92 53f37f422473403ebbed56f25860d3c1 - - default default] Successfully bumped revision number for resource 9ab98384-e442-48fe-b609-6054fc0551d5 (type: ports) to 1
2026-04-07 01:17:02.860 10 INFO neutron.db.ovn_revision_numbers_db [None req-04cb8f12-12e9-471a-a750-65592ed9193b - - - - - -] Successfully bumped revision number for resource e016bb07-6bde-40a0-98db-6b09983990ca (type: router_ports) to 2
2026-04-07 01:17:02.868 9 INFO neutron.wsgi [req-42831deb-79b4-417d-be32-80e32ff102d3 req-9f61be13-4e40-45ae-843c-59de6198d365 126075eba3814b49a018ef6a2b5ffb92 53f37f422473403ebbed56f25860d3c1 - - default default] 199.19.213.14 "POST /v2.0/ports HTTP/1.1" status: 201 len: 1388 time: 0.6246300 /var/lib/openstack/lib/python3.10/site-packages/pycadf/identifier.py:71: UserWarning: Invalid uuid: neutron. To ensure interoperability, identifiers should be a valid uuid. warnings.warn(('Invalid uuid: %s. To ensure interoperability, '
2026-04-07 01:17:03.288 9 INFO neutron.db.ovn_revision_numbers_db [req-42831deb-79b4-417d-be32-80e32ff102d3 req-43418572-8b29-42fa-a836-955e4dcb42b5 00a5a09fe95c450bab7182fe8b42fb72 b31a14f2e2074701aa38077f6d990618 - - c63b5867a107491697ac9bcd374b32f7 c63b5867a107491697ac9bcd374b32f7] Successfully bumped revision number for resource 9ab98384-e442-48fe-b609-6054fc0551d5 (type: ports) to 2
2026-04-07 01:17:03.490 9 INFO neutron.db.ovn_revision_numbers_db [req-42831deb-79b4-417d-be32-80e32ff102d3 req-43418572-8b29-42fa-a836-955e4dcb42b5 00a5a09fe95c450bab7182fe8b42fb72 b31a14f2e2074701aa38077f6d990618 - - c63b5867a107491697ac9bcd374b32f7 c63b5867a107491697ac9bcd374b32f7] Successfully bumped revision number for resource 9ab98384-e442-48fe-b609-6054fc0551d5 (type: ports) to 2
2026-04-07 01:17:03.505 9 INFO neutron.wsgi [req-42831deb-79b4-417d-be32-80e32ff102d3 req-43418572-8b29-42fa-a836-955e4dcb42b5 00a5a09fe95c450bab7182fe8b42fb72 b31a14f2e2074701aa38077f6d990618 - - c63b5867a107491697ac9bcd374b32f7 c63b5867a107491697ac9bcd374b32f7] 199.19.213.14 "PUT /v2.0/ports/9ab98384-e442-48fe-b609-6054fc0551d5 HTTP/1.1" status: 200 len: 1605 time: 0.6291516
2026-04-07 01:17:03.544 9 INFO neutron.notifiers.nova [-] Nova event matching ['req-b6307922-a9c9-4544-bc4c-e5e770f046f5'] response: {'name': 'network-changed', 'server_uuid': '816d8f7c-65a0-4031-8de4-8d48d1fbedbf', 'tag': '9ab98384-e442-48fe-b609-6054fc0551d5', 'status': 'completed', 'code': 200} /var/lib/openstack/lib/python3.10/site-packages/pycadf/identifier.py:71: UserWarning: Invalid uuid: neutron. To ensure interoperability, identifiers should be a valid uuid. warnings.warn(('Invalid uuid: %s. To ensure interoperability, '
2026-04-07 01:17:03.592 9 INFO neutron.wsgi [req-42831deb-79b4-417d-be32-80e32ff102d3 req-7e902a37-cc93-4846-be4a-2573ed3178a4 00a5a09fe95c450bab7182fe8b42fb72 b31a14f2e2074701aa38077f6d990618 - - c63b5867a107491697ac9bcd374b32f7 c63b5867a107491697ac9bcd374b32f7] 199.19.213.14 "GET /v2.0/ports?tenant_id=53f37f422473403ebbed56f25860d3c1&device_id=816d8f7c-65a0-4031-8de4-8d48d1fbedbf HTTP/1.1" status: 200 len: 1636 time: 0.0373087
2026-04-07 01:17:03.621 9 INFO neutron.wsgi [req-42831deb-79b4-417d-be32-80e32ff102d3 req-a000ac07-9fa0-4822-afb2-2fd3609dc37c 00a5a09fe95c450bab7182fe8b42fb72 b31a14f2e2074701aa38077f6d990618 - - c63b5867a107491697ac9bcd374b32f7 c63b5867a107491697ac9bcd374b32f7] 199.19.213.14 "GET /v2.0/floatingips?fixed_ip_address=10.2.1.152&port_id=9ab98384-e442-48fe-b609-6054fc0551d5 HTTP/1.1" status: 200 len: 217 time: 0.0222282
2026-04-07 01:17:03.649 9 INFO neutron.wsgi [req-42831deb-79b4-417d-be32-80e32ff102d3 req-63d6a914-388b-42a0-b010-189fba5466bf 00a5a09fe95c450bab7182fe8b42fb72 b31a14f2e2074701aa38077f6d990618 - - c63b5867a107491697ac9bcd374b32f7 c63b5867a107491697ac9bcd374b32f7] 199.19.213.14 "GET /v2.0/floatingips?fixed_ip_address=fd7b%3Af9f7%3Afff%3A4eca%3A%3A349&port_id=9ab98384-e442-48fe-b609-6054fc0551d5 HTTP/1.1" status: 200 len: 217 time: 0.0215974
2026-04-07 01:17:03.695 9 INFO neutron.wsgi [req-42831deb-79b4-417d-be32-80e32ff102d3 req-223747bd-e3f4-47eb-900d-df23a875625a 00a5a09fe95c450bab7182fe8b42fb72 b31a14f2e2074701aa38077f6d990618 - - c63b5867a107491697ac9bcd374b32f7 c63b5867a107491697ac9bcd374b32f7] 199.19.213.14 "GET /v2.0/subnets?id=bb5e57c9-9fe8-480f-8f75-da30c69e88a6&id=b00d88ec-8bfa-46a9-af29-a382d71626b9 HTTP/1.1" status: 200 len: 1562 time: 0.0403719
2026-04-07 01:17:03.726 9 INFO neutron.wsgi [req-42831deb-79b4-417d-be32-80e32ff102d3 req-48d24d28-211e-41a8-abe7-538efa9fd2ca 00a5a09fe95c450bab7182fe8b42fb72 b31a14f2e2074701aa38077f6d990618 - - c63b5867a107491697ac9bcd374b32f7 c63b5867a107491697ac9bcd374b32f7] 199.19.213.14 "GET /v2.0/ports?network_id=a695feb4-89a6-4a13-bb4d-f8aa5ba5b487&device_owner=network%3Adhcp HTTP/1.1" status: 200 len: 210 time: 0.0251186
2026-04-07 01:17:03.744 10 INFO neutron.db.ovn_revision_numbers_db [None req-d019dffb-ed22-4d9c-a466-1db0dd8b9450 3c33899970d241c6a7a3e65063d0e430 861374040eab458bb37e4cf587b1cb6c - - default default] Successfully bumped revision number for resource f02c99f4-d845-43c1-807d-02d681c067d7 (type: security_groups) to 1
2026-04-07 01:17:03.756 9 INFO neutron.wsgi [req-42831deb-79b4-417d-be32-80e32ff102d3 req-193aed0b-692f-42f7-a8be-68f862cc2f52 00a5a09fe95c450bab7182fe8b42fb72 b31a14f2e2074701aa38077f6d990618 - - c63b5867a107491697ac9bcd374b32f7 c63b5867a107491697ac9bcd374b32f7] 199.19.213.14 "GET /v2.0/ports?network_id=a695feb4-89a6-4a13-bb4d-f8aa5ba5b487&device_owner=network%3Adhcp HTTP/1.1" status: 200 len: 210 time: 0.0228264
2026-04-07 01:17:03.761 10 INFO neutron.db.ovn_revision_numbers_db [None req-d019dffb-ed22-4d9c-a466-1db0dd8b9450 3c33899970d241c6a7a3e65063d0e430 861374040eab458bb37e4cf587b1cb6c - - default default] Successfully bumped revision number for resource 40fff9d2-ac54-4038-9da5-12543702738b (type: security_group_rules) to 0
2026-04-07 01:17:03.774 10 INFO neutron.db.ovn_revision_numbers_db [None req-d019dffb-ed22-4d9c-a466-1db0dd8b9450 3c33899970d241c6a7a3e65063d0e430 861374040eab458bb37e4cf587b1cb6c - - default default] Successfully bumped revision number for resource 46193ca7-264a-4532-9457-ae22d08ec940 (type: security_group_rules) to 0
2026-04-07 01:17:03.777 9 INFO neutron.wsgi [None req-50a0921e-37d1-42ee-afc1-442883352a72 14ad9df9b02640b290856de26f95ba69 bc5f693692674c41a70717d6683b18b2 - - default default] 10.0.0.132 "GET /v2.0/ports/3593339c-8253-4238-b94e-668fed275d50 HTTP/1.1" status: 200 len: 1135 time: 0.1083758
