2026-04-07 01:15:43.970 10 WARNING neutron.scheduler.dhcp_agent_scheduler [None req-5e304d05-f649-4d55-80bb-477683b5ecc2 3c33899970d241c6a7a3e65063d0e430 861374040eab458bb37e4cf587b1cb6c - - default default] No more DHCP agents
2026-04-07 01:15:43.973 10 WARNING neutron.api.rpc.agentnotifiers.dhcp_rpc_agent_api [None req-5e304d05-f649-4d55-80bb-477683b5ecc2 3c33899970d241c6a7a3e65063d0e430 861374040eab458bb37e4cf587b1cb6c - - default default] Unable to schedule network cca0ecd5-d140-4eac-ad01-051bd5107ae7: no agents available; will retry on subsequent port and subnet creation events.
2026-04-07 01:15:44.020 9 INFO neutron.wsgi [None req-b8a63909-11f6-463e-8904-2cae7fcc8194 3c33899970d241c6a7a3e65063d0e430 861374040eab458bb37e4cf587b1cb6c - - default default] 10.0.0.132 "DELETE /v2.0/security-groups/08a227fd-86fc-4e94-bd15-54717cae8ca7 HTTP/1.1" status: 204 len: 168 time: 0.2245829
2026-04-07 01:15:44.133 10 INFO neutron.db.ovn_revision_numbers_db [None req-5e304d05-f649-4d55-80bb-477683b5ecc2 3c33899970d241c6a7a3e65063d0e430 861374040eab458bb37e4cf587b1cb6c - - default default] Successfully bumped revision number for resource 6daecb2f-5e65-4fc1-8bf2-ccd7c27dfa6b (type: ports) to 1
2026-04-07 01:15:44.288 9 INFO neutron.db.ovn_revision_numbers_db [None req-2fd2a17f-36ad-45ad-8a12-4993eb5d6999 3c33899970d241c6a7a3e65063d0e430 861374040eab458bb37e4cf587b1cb6c - - default default] Successfully bumped revision number for resource 412f89e6-3b73-4d73-a621-c21f2e120a80 (type: security_groups) to 1
2026-04-07 01:15:44.306 9 INFO neutron.db.ovn_revision_numbers_db [None req-2fd2a17f-36ad-45ad-8a12-4993eb5d6999 3c33899970d241c6a7a3e65063d0e430 861374040eab458bb37e4cf587b1cb6c - - default default] Successfully bumped revision number for resource 0b346024-a43b-4550-99a1-584bd1579ea7 (type: security_group_rules) to 0
2026-04-07 01:15:44.322 9 INFO neutron.db.ovn_revision_numbers_db [None req-2fd2a17f-36ad-45ad-8a12-4993eb5d6999 3c33899970d241c6a7a3e65063d0e430 861374040eab458bb37e4cf587b1cb6c - - default default] Successfully bumped revision number for resource 133839ea-97e7-4906-a834-6cf50ad37a4e (type: security_group_rules) to 0
2026-04-07 01:15:44.337 9 INFO neutron.db.ovn_revision_numbers_db [None req-2fd2a17f-36ad-45ad-8a12-4993eb5d6999 3c33899970d241c6a7a3e65063d0e430 861374040eab458bb37e4cf587b1cb6c - - default default] Successfully bumped revision number for resource 1e2396d2-da9d-4a81-94ab-ad2e09ca5497 (type: security_group_rules) to 0
2026-04-07 01:15:44.350 9 INFO neutron.db.ovn_revision_numbers_db [None req-2fd2a17f-36ad-45ad-8a12-4993eb5d6999 3c33899970d241c6a7a3e65063d0e430 861374040eab458bb37e4cf587b1cb6c - - default default] Successfully bumped revision number for resource e149200e-8c1a-4ace-9fa2-48a937e946c9 (type: security_group_rules) to 0
2026-04-07 01:15:44.374 9 INFO neutron.wsgi [None req-2fd2a17f-36ad-45ad-8a12-4993eb5d6999 3c33899970d241c6a7a3e65063d0e430 861374040eab458bb37e4cf587b1cb6c - - default default] 10.0.0.132 "GET /v2.0/security-groups?tenant_id=c9e0f4194a0645d08964aec7b3a6a4ef&name=default HTTP/1.1" status: 200 len: 3120 time: 0.2227545
2026-04-07 01:15:44.601 9 INFO neutron.wsgi [None req-5a0940d3-8405-400b-a5fa-9dbdf09d4257 3c33899970d241c6a7a3e65063d0e430 861374040eab458bb37e4cf587b1cb6c - - default default] 10.0.0.132 "DELETE /v2.0/security-groups/412f89e6-3b73-4d73-a621-c21f2e120a80 HTTP/1.1" status: 204 len: 168 time: 0.2227218
2026-04-07 01:15:44.917 9 WARNING neutron_lib.context [None req-1d391bea-7ed6-4ea7-8a62-ea413b86af6e 96284314d6d446ed9d2bce8b4dcdc212 8db2ff94764e42bf8f57f47b3e4f319a - - default default] Method 'is_advsvc' is deprecated since 2023.2 release (neutron-lib 3.8.0) and will be removed once support for the old RBAC API policies will be removed from Neutron. Please use method 'is_service_role' instead.
2026-04-07 01:15:45.023 10 INFO neutron.plugins.ml2.drivers.ovn.mech_driver.ovsdb.commands [None req-0a36d880-7912-4988-bdb6-a482c83bd3d5 - - - - - -] Schedule LRP lrp-6daecb2f-5e65-4fc1-8bf2-ccd7c27dfa6b on gateway 11e93b16-de78-4d73-83eb-73da190601c9 with priority 1
2026-04-07 01:15:45.054 10 INFO neutron.plugins.ml2.drivers.ovn.mech_driver.ovsdb.ovsdb_monitor [None req-b9aa3d9b-4462-4127-b19b-47d60bed1d5f - - - - - -] Router 281f258f-ff14-4478-af70-d9d09fe8b5d4 is bound to host instance
2026-04-07 01:15:45.058 9 INFO neutron.db.ovn_revision_numbers_db [None req-1d391bea-7ed6-4ea7-8a62-ea413b86af6e 96284314d6d446ed9d2bce8b4dcdc212 8db2ff94764e42bf8f57f47b3e4f319a - - default default] Successfully bumped revision number for resource 604d8d39-bd21-4bdb-a5b3-f17d1be21fbc (type: security_groups) to 1
2026-04-07 01:15:45.072 9 INFO neutron.db.ovn_revision_numbers_db [None req-1d391bea-7ed6-4ea7-8a62-ea413b86af6e 96284314d6d446ed9d2bce8b4dcdc212 8db2ff94764e42bf8f57f47b3e4f319a - - default default] Successfully bumped revision number for resource 114ecb33-632f-4fb9-b502-2ac8ea46644f (type: security_group_rules) to 0
2026-04-07 01:15:45.089 9 INFO neutron.db.ovn_revision_numbers_db [None req-1d391bea-7ed6-4ea7-8a62-ea413b86af6e 96284314d6d446ed9d2bce8b4dcdc212 8db2ff94764e42bf8f57f47b3e4f319a - - default default] Successfully bumped revision number for resource 3a6710e5-46d9-4e36-9c50-3366a317acaa (type: security_group_rules) to 0
2026-04-07 01:15:45.101 10 INFO neutron.db.ovn_revision_numbers_db [None req-5e304d05-f649-4d55-80bb-477683b5ecc2 3c33899970d241c6a7a3e65063d0e430 861374040eab458bb37e4cf587b1cb6c - - default default] Successfully bumped revision number for resource 6daecb2f-5e65-4fc1-8bf2-ccd7c27dfa6b (type: router_ports) to 1
2026-04-07 01:15:45.102 9 INFO neutron.db.ovn_revision_numbers_db [None req-1d391bea-7ed6-4ea7-8a62-ea413b86af6e 96284314d6d446ed9d2bce8b4dcdc212 8db2ff94764e42bf8f57f47b3e4f319a - - default default] Successfully bumped revision number for resource 517adde9-e7f3-4896-b66e-80fa46c351a4 (type: security_group_rules) to 0
2026-04-07 01:15:45.115 9 INFO neutron.db.ovn_revision_numbers_db [None req-1d391bea-7ed6-4ea7-8a62-ea413b86af6e 96284314d6d446ed9d2bce8b4dcdc212 8db2ff94764e42bf8f57f47b3e4f319a - - default default] Successfully bumped revision number for resource 54374f93-32f8-4c1e-8248-f4fdce7f41af (type: security_group_rules) to 0
2026-04-07 01:15:45.174 9 INFO neutron.db.segments_db [None req-1d391bea-7ed6-4ea7-8a62-ea413b86af6e 96284314d6d446ed9d2bce8b4dcdc212 8db2ff94764e42bf8f57f47b3e4f319a - - default default] Added segment 2d5253a5-e39a-450a-9107-d5f252829de3 of type geneve for network 9fab1509-41bd-4ca9-bf5f-5ce2b12cb33f
2026-04-07 01:15:45.199 10 INFO neutron.db.ovn_revision_numbers_db [None req-5e304d05-f649-4d55-80bb-477683b5ecc2 3c33899970d241c6a7a3e65063d0e430 861374040eab458bb37e4cf587b1cb6c - - default default] Successfully bumped revision number for resource 281f258f-ff14-4478-af70-d9d09fe8b5d4 (type: routers) to 2
2026-04-07 01:15:45.221 10 INFO neutron.wsgi [None req-5e304d05-f649-4d55-80bb-477683b5ecc2 3c33899970d241c6a7a3e65063d0e430 861374040eab458bb37e4cf587b1cb6c - - default default] 10.0.0.132 "POST /v2.0/routers HTTP/1.1" status: 201 len: 1165 time: 1.8006201
2026-04-07 01:15:45.348 9 INFO neutron.db.ovn_revision_numbers_db [None req-1d391bea-7ed6-4ea7-8a62-ea413b86af6e 96284314d6d446ed9d2bce8b4dcdc212 8db2ff94764e42bf8f57f47b3e4f319a - - default default] Successfully bumped revision number for resource 9fab1509-41bd-4ca9-bf5f-5ce2b12cb33f (type: networks) to 1
2026-04-07 01:15:45.597 9 WARNING neutron.scheduler.dhcp_agent_scheduler [None req-1d391bea-7ed6-4ea7-8a62-ea413b86af6e 96284314d6d446ed9d2bce8b4dcdc212 8db2ff94764e42bf8f57f47b3e4f319a - - default default] No more DHCP agents
2026-04-07 01:15:45.600 9 WARNING neutron.api.rpc.agentnotifiers.dhcp_rpc_agent_api [None req-1d391bea-7ed6-4ea7-8a62-ea413b86af6e 96284314d6d446ed9d2bce8b4dcdc212 8db2ff94764e42bf8f57f47b3e4f319a - - default default] Unable to schedule network 9fab1509-41bd-4ca9-bf5f-5ce2b12cb33f: no agents available; will retry on subsequent port and subnet creation events.
2026-04-07 01:15:45.785 10 INFO neutron.db.ovn_revision_numbers_db [None req-b9aa3d9b-4462-4127-b19b-47d60bed1d5f - - - - - -] Successfully bumped revision number for resource 6daecb2f-5e65-4fc1-8bf2-ccd7c27dfa6b (type: ports) to 1
2026-04-07 01:15:45.855 10 WARNING neutron.plugins.ml2.drivers.ovn.mech_driver.ovsdb.ovn_client [None req-04cb8f12-12e9-471a-a750-65592ed9193b - - - - - -] No hosting information found for port c4939b45-d2bf-401e-8ff0-73415bfcb6ca: RuntimeError: No hosting information found for port c4939b45-d2bf-401e-8ff0-73415bfcb6ca
2026-04-07 01:15:45.895 10 INFO neutron.plugins.ml2.drivers.ovn.mech_driver.mech_driver [None req-04cb8f12-12e9-471a-a750-65592ed9193b - - - - - -] OVN reports status up for port: 6daecb2f-5e65-4fc1-8bf2-ccd7c27dfa6b
2026-04-07 01:15:45.910 10 INFO neutron.plugins.ml2.plugin [None req-04cb8f12-12e9-471a-a750-65592ed9193b - - - - - -] Attempt 1 to provision port 6daecb2f-5e65-4fc1-8bf2-ccd7c27dfa6b
2026-04-07 01:15:46.119 9 INFO neutron.db.ovn_revision_numbers_db [None req-1d391bea-7ed6-4ea7-8a62-ea413b86af6e 96284314d6d446ed9d2bce8b4dcdc212 8db2ff94764e42bf8f57f47b3e4f319a - - default default] Successfully bumped revision number for resource 95e73020-13ff-411f-9dca-210254551dcf (type: ports) to 1
2026-04-07 01:15:46.141 9 INFO neutron.wsgi [None req-1d391bea-7ed6-4ea7-8a62-ea413b86af6e 96284314d6d446ed9d2bce8b4dcdc212 8db2ff94764e42bf8f57f47b3e4f319a - - default default] 10.0.0.132 "POST /v2.0/networks HTTP/1.1" status: 201 len: 832 time: 1.4556088
2026-04-07 01:15:46.153 9 WARNING neutron_lib.context [None req-11870d68-7849-4e2d-ac5b-ace9866e1337 96284314d6d446ed9d2bce8b4dcdc212 8db2ff94764e42bf8f57f47b3e4f319a - - default default] Method 'is_advsvc' is deprecated since 2023.2 release (neutron-lib 3.8.0) and will be removed once support for the old RBAC API policies will be removed from Neutron. Please use method 'is_service_role' instead.
2026-04-07 01:15:46.267 9 INFO neutron.db.segments_db [None req-11870d68-7849-4e2d-ac5b-ace9866e1337 96284314d6d446ed9d2bce8b4dcdc212 8db2ff94764e42bf8f57f47b3e4f319a - - default default] Added segment 3608560a-e06a-4dad-9ceb-d78cf66bc7f7 of type geneve for network 74e61905-b7c0-4048-a9a1-d7da510d73de
2026-04-07 01:15:46.290 9 WARNING neutron.scheduler.dhcp_agent_scheduler [None req-0476bfd7-3aea-468a-b8dd-36de8a5de590 3c33899970d241c6a7a3e65063d0e430 861374040eab458bb37e4cf587b1cb6c - - default default] No more DHCP agents
2026-04-07 01:15:46.293 9 WARNING neutron.api.rpc.agentnotifiers.dhcp_rpc_agent_api [None req-0476bfd7-3aea-468a-b8dd-36de8a5de590 3c33899970d241c6a7a3e65063d0e430 861374040eab458bb37e4cf587b1cb6c - - default default] Unable to schedule network 14c336d8-3f01-4f74-8b8c-305ef62efd85: no agents available; will retry on subsequent port and subnet creation events.
2026-04-07 01:15:46.307 10 INFO neutron.db.ovn_revision_numbers_db [None req-b9aa3d9b-4462-4127-b19b-47d60bed1d5f - - - - - -] Successfully bumped revision number for resource 6daecb2f-5e65-4fc1-8bf2-ccd7c27dfa6b (type: router_ports) to 3
2026-04-07 01:15:46.452 9 INFO neutron.db.ovn_revision_numbers_db [None req-11870d68-7849-4e2d-ac5b-ace9866e1337 96284314d6d446ed9d2bce8b4dcdc212 8db2ff94764e42bf8f57f47b3e4f319a - - default default] Successfully bumped revision number for resource 74e61905-b7c0-4048-a9a1-d7da510d73de (type: networks) to 1
2026-04-07 01:15:46.539 9 INFO neutron.db.ovn_revision_numbers_db [None req-0476bfd7-3aea-468a-b8dd-36de8a5de590 3c33899970d241c6a7a3e65063d0e430 861374040eab458bb37e4cf587b1cb6c - - default default] Successfully bumped revision number for resource 4ff15368-5428-4bc1-83a3-9b01c0aebe5a (type: ports) to 1
2026-04-07 01:15:46.589 10 INFO neutron.db.ovn_revision_numbers_db [None req-b9aa3d9b-4462-4127-b19b-47d60bed1d5f - - - - - -] Successfully bumped revision number for resource 6daecb2f-5e65-4fc1-8bf2-ccd7c27dfa6b (type: ports) to 2
2026-04-07 01:15:46.702 9 WARNING neutron.scheduler.dhcp_agent_scheduler [None req-11870d68-7849-4e2d-ac5b-ace9866e1337 96284314d6d446ed9d2bce8b4dcdc212 8db2ff94764e42bf8f57f47b3e4f319a - - default default] No more DHCP agents
2026-04-07 01:15:46.709 9 WARNING neutron.api.rpc.agentnotifiers.dhcp_rpc_agent_api [None req-11870d68-7849-4e2d-ac5b-ace9866e1337 96284314d6d446ed9d2bce8b4dcdc212 8db2ff94764e42bf8f57f47b3e4f319a - - default default] Unable to schedule network 74e61905-b7c0-4048-a9a1-d7da510d73de: no agents available; will retry on subsequent port and subnet creation events.
2026-04-07 01:15:46.825 9 INFO neutron.db.ovn_revision_numbers_db [None req-11870d68-7849-4e2d-ac5b-ace9866e1337 96284314d6d446ed9d2bce8b4dcdc212 8db2ff94764e42bf8f57f47b3e4f319a - - default default] Successfully bumped revision number for resource 1f51f4f0-02d2-4d41-b5b6-829a9122dea3 (type: ports) to 1
2026-04-07 01:15:46.862 9 INFO neutron.wsgi [None req-11870d68-7849-4e2d-ac5b-ace9866e1337 96284314d6d446ed9d2bce8b4dcdc212 8db2ff94764e42bf8f57f47b3e4f319a - - default default] 10.0.0.132 "POST /v2.0/networks HTTP/1.1" status: 201 len: 833 time: 0.7130401
2026-04-07 01:15:46.877 9 WARNING neutron_lib.context [None req-c81fd831-4d77-4063-8594-e81ea47a4a96 96284314d6d446ed9d2bce8b4dcdc212 8db2ff94764e42bf8f57f47b3e4f319a - - default default] Method 'is_advsvc' is deprecated since 2023.2 release (neutron-lib 3.8.0) and will be removed once support for the old RBAC API policies will be removed from Neutron. Please use method 'is_service_role' instead.
2026-04-07 01:15:46.995 10 INFO neutron.db.ovn_revision_numbers_db [None req-b9aa3d9b-4462-4127-b19b-47d60bed1d5f - - - - - -] Successfully bumped revision number for resource 6daecb2f-5e65-4fc1-8bf2-ccd7c27dfa6b (type: ports) to 4
2026-04-07 01:15:47.217 9 WARNING neutron.scheduler.dhcp_agent_scheduler [None req-c81fd831-4d77-4063-8594-e81ea47a4a96 96284314d6d446ed9d2bce8b4dcdc212 8db2ff94764e42bf8f57f47b3e4f319a - - default default] No more DHCP agents
2026-04-07 01:15:47.220 9 WARNING neutron.api.rpc.agentnotifiers.dhcp_rpc_agent_api [None req-c81fd831-4d77-4063-8594-e81ea47a4a96 96284314d6d446ed9d2bce8b4dcdc212 8db2ff94764e42bf8f57f47b3e4f319a - - default default] Unable to schedule network 9fab1509-41bd-4ca9-bf5f-5ce2b12cb33f: no agents available; will retry on subsequent port and subnet creation events.
2026-04-07 01:15:47.276 9 INFO neutron.db.ovn_revision_numbers_db [None req-c81fd831-4d77-4063-8594-e81ea47a4a96 96284314d6d446ed9d2bce8b4dcdc212 8db2ff94764e42bf8f57f47b3e4f319a - - default default] Successfully bumped revision number for resource 6e93d179-5393-4905-b669-8e78ee074bf7 (type: subnets) to 0
2026-04-07 01:15:47.286 9 ERROR ovsdbapp.backend.ovs_idl.command [None req-0476bfd7-3aea-468a-b8dd-36de8a5de590 3c33899970d241c6a7a3e65063d0e430 861374040eab458bb37e4cf587b1cb6c - - default default] Error executing command (DbGetCommand): ovsdbapp.backend.ovs_idl.idlutils.RowNotFound: Cannot find Logical_Router_Port with name=lrp-4ff15368-5428-4bc1-83a3-9b01c0aebe5a
2026-04-07 01:15:47.286 9 ERROR ovsdbapp.backend.ovs_idl.command
Traceback (most recent call last):
2026-04-07 01:15:47.286 9 ERROR ovsdbapp.backend.ovs_idl.command
File "/var/lib/openstack/lib/python3.10/site-packages/ovsdbapp/backend/ovs_idl/command.py", line 47, in execute
2026-04-07 01:15:47.286 9 ERROR ovsdbapp.backend.ovs_idl.command self.run_idl(None)
2026-04-07 01:15:47.286 9 ERROR ovsdbapp.backend.ovs_idl.command
File "/var/lib/openstack/lib/python3.10/site-packages/ovsdbapp/backend/ovs_idl/command.py", line 235, in run_idl
2026-04-07 01:15:47.286 9 ERROR ovsdbapp.backend.ovs_idl.command record = self.api.lookup(self.table, self.record)
2026-04-07 01:15:47.286 9 ERROR ovsdbapp.backend.ovs_idl.command
File "/var/lib/openstack/lib/python3.10/site-packages/ovsdbapp/backend/ovs_idl/__init__.py", line 184, in lookup
2026-04-07 01:15:47.286 9 ERROR ovsdbapp.backend.ovs_idl.command return self._lookup(table, record)
2026-04-07 01:15:47.286 9 ERROR ovsdbapp.backend.ovs_idl.command
File "/var/lib/openstack/lib/python3.10/site-packages/ovsdbapp/backend/ovs_idl/__init__.py", line 235, in _lookup
2026-04-07 01:15:47.286 9 ERROR ovsdbapp.backend.ovs_idl.command row = idlutils.row_by_value(self, rl.table, rl.column, record)
2026-04-07 01:15:47.286 9 ERROR ovsdbapp.backend.ovs_idl.command
File "/var/lib/openstack/lib/python3.10/site-packages/ovsdbapp/backend/ovs_idl/idlutils.py", line 114, in row_by_value
2026-04-07 01:15:47.286 9 ERROR ovsdbapp.backend.ovs_idl.command raise RowNotFound(table=table, col=column, match=match)
2026-04-07 01:15:47.286 9 ERROR ovsdbapp.backend.ovs_idl.command ovsdbapp.backend.ovs_idl.idlutils.RowNotFound: Cannot find Logical_Router_Port with name=lrp-4ff15368-5428-4bc1-83a3-9b01c0aebe5a
2026-04-07 01:15:47.286 9 ERROR ovsdbapp.backend.ovs_idl.command 
2026-04-07 01:15:47.287 9 ERROR neutron_lib.callbacks.manager [None req-0476bfd7-3aea-468a-b8dd-36de8a5de590 3c33899970d241c6a7a3e65063d0e430 861374040eab458bb37e4cf587b1cb6c - - default default] Error during notification for neutron.services.ovn_l3.plugin.OVNL3RouterPlugin._port_update-8775645969126 port, after_update: ovsdbapp.backend.ovs_idl.idlutils.RowNotFound: Cannot find Logical_Router_Port with name=lrp-4ff15368-5428-4bc1-83a3-9b01c0aebe5a
2026-04-07 01:15:47.287 9 ERROR neutron_lib.callbacks.manager
Traceback (most recent call last):
2026-04-07 01:15:47.287 9 ERROR neutron_lib.callbacks.manager
File "/var/lib/openstack/lib/python3.10/site-packages/neutron_lib/callbacks/manager.py", line 189, in _notify_loop
2026-04-07 01:15:47.287 9 ERROR neutron_lib.callbacks.manager callback.method(resource, event, trigger, payload=payload)
2026-04-07 01:15:47.287 9 ERROR neutron_lib.callbacks.manager
File "/var/lib/openstack/lib/python3.10/site-packages/neutron/services/ovn_l3/plugin.py", line 391, in _port_update
2026-04-07 01:15:47.287 9 ERROR neutron_lib.callbacks.manager l3plugin._ovn_client.update_router_port(context,
2026-04-07 01:15:47.287 9 ERROR neutron_lib.callbacks.manager
File "/var/lib/openstack/lib/python3.10/site-packages/neutron/plugins/ml2/drivers/ovn/mech_driver/ovsdb/ovn_client.py", line 1878, in update_router_port
2026-04-07 01:15:47.287 9 ERROR neutron_lib.callbacks.manager self._update_lrouter_port(context, port, if_exists=if_exists,
2026-04-07 01:15:47.287 9 ERROR neutron_lib.callbacks.manager
File "/var/lib/openstack/lib/python3.10/site-packages/neutron/plugins/ml2/drivers/ovn/mech_driver/ovsdb/ovn_client.py", line 1855, in _update_lrouter_port
2026-04-07 01:15:47.287 9 ERROR neutron_lib.callbacks.manager external_ids = self._nb_idl.db_get(
2026-04-07 01:15:47.287 9 ERROR neutron_lib.callbacks.manager
File "/var/lib/openstack/lib/python3.10/site-packages/ovsdbapp/backend/ovs_idl/command.py", line 47, in execute
2026-04-07 01:15:47.287 9 ERROR neutron_lib.callbacks.manager self.run_idl(None)
2026-04-07 01:15:47.287 9 ERROR neutron_lib.callbacks.manager
File "/var/lib/openstack/lib/python3.10/site-packages/ovsdbapp/backend/ovs_idl/command.py", line 235, in run_idl
2026-04-07 01:15:47.287 9 ERROR neutron_lib.callbacks.manager record = self.api.lookup(self.table, self.record)
2026-04-07 01:15:47.287 9 ERROR neutron_lib.callbacks.manager
File "/var/lib/openstack/lib/python3.10/site-packages/ovsdbapp/backend/ovs_idl/__init__.py", line 184, in lookup
2026-04-07 01:15:47.287 9 ERROR neutron_lib.callbacks.manager return self._lookup(table, record)
2026-04-07 01:15:47.287 9 ERROR neutron_lib.callbacks.manager
File "/var/lib/openstack/lib/python3.10/site-packages/ovsdbapp/backend/ovs_idl/__init__.py", line 235, in _lookup
2026-04-07 01:15:47.287 9 ERROR neutron_lib.callbacks.manager row = idlutils.row_by_value(self, rl.table, rl.column, record)
2026-04-07 01:15:47.287 9 ERROR neutron_lib.callbacks.manager
File "/var/lib/openstack/lib/python3.10/site-packages/ovsdbapp/backend/ovs_idl/idlutils.py", line 114, in row_by_value
2026-04-07 01:15:47.287 9 ERROR neutron_lib.callbacks.manager raise RowNotFound(table=table, col=column, match=match)
2026-04-07 01:15:47.287 9 ERROR neutron_lib.callbacks.manager ovsdbapp.backend.ovs_idl.idlutils.RowNotFound: Cannot find Logical_Router_Port with name=lrp-4ff15368-5428-4bc1-83a3-9b01c0aebe5a
2026-04-07 01:15:47.287 9 ERROR neutron_lib.callbacks.manager 
2026-04-07 01:15:47.293 10 INFO neutron.db.ovn_revision_numbers_db [None req-b9aa3d9b-4462-4127-b19b-47d60bed1d5f - - - - - -] Successfully bumped revision number for resource 6daecb2f-5e65-4fc1-8bf2-ccd7c27dfa6b (type: router_ports) to 4
2026-04-07 01:15:47.297 9 INFO neutron.wsgi [None req-c81fd831-4d77-4063-8594-e81ea47a4a96 96284314d6d446ed9d2bce8b4dcdc212 8db2ff94764e42bf8f57f47b3e4f319a - - default default] 10.0.0.132 "POST /v2.0/subnets HTTP/1.1" status: 201 len: 821 time: 0.4265683
2026-04-07 01:15:47.311 9 WARNING neutron_lib.context [None req-98705773-2e1f-4773-9b52-cb37b0bbec12 96284314d6d446ed9d2bce8b4dcdc212 8db2ff94764e42bf8f57f47b3e4f319a - - default default] Method 'is_advsvc' is deprecated since 2023.2 release (neutron-lib 3.8.0) and will be removed once support for the old RBAC API policies will be removed from Neutron. Please use method 'is_service_role' instead.
2026-04-07 01:15:47.543 9 INFO neutron.plugins.ml2.drivers.ovn.mech_driver.mech_driver [None req-5b9af7c6-20dd-4098-87d7-79e5eb144456 - - - - - -] OVN reports status up for port: 4ff15368-5428-4bc1-83a3-9b01c0aebe5a
2026-04-07 01:15:47.556 9 INFO neutron.plugins.ml2.plugin [None req-5b9af7c6-20dd-4098-87d7-79e5eb144456 - - - - - -] Attempt 1 to provision port 4ff15368-5428-4bc1-83a3-9b01c0aebe5a
2026-04-07 01:15:47.574 9 INFO neutron.db.ovn_revision_numbers_db [None req-0476bfd7-3aea-468a-b8dd-36de8a5de590 3c33899970d241c6a7a3e65063d0e430 861374040eab458bb37e4cf587b1cb6c - - default default] Successfully bumped revision number for resource 4ff15368-5428-4bc1-83a3-9b01c0aebe5a (type: ports) to 1
2026-04-07 01:15:47.598 9 WARNING neutron.scheduler.dhcp_agent_scheduler [None req-98705773-2e1f-4773-9b52-cb37b0bbec12 96284314d6d446ed9d2bce8b4dcdc212 8db2ff94764e42bf8f57f47b3e4f319a - - default default] No more DHCP agents
2026-04-07 01:15:47.608 9 WARNING neutron.api.rpc.agentnotifiers.dhcp_rpc_agent_api [None req-98705773-2e1f-4773-9b52-cb37b0bbec12 96284314d6d446ed9d2bce8b4dcdc212 8db2ff94764e42bf8f57f47b3e4f319a - - default default] Unable to schedule network 74e61905-b7c0-4048-a9a1-d7da510d73de: no agents available; will retry on subsequent port and subnet creation events.
2026-04-07 01:15:47.672 9 INFO neutron.db.ovn_revision_numbers_db [None req-98705773-2e1f-4773-9b52-cb37b0bbec12 96284314d6d446ed9d2bce8b4dcdc212 8db2ff94764e42bf8f57f47b3e4f319a - - default default] Successfully bumped revision number for resource b2747081-8295-4d17-bdc9-309dcc0a630e (type: subnets) to 0
2026-04-07 01:15:47.688 9 WARNING neutron.scheduler.dhcp_agent_scheduler [None req-0476bfd7-3aea-468a-b8dd-36de8a5de590 3c33899970d241c6a7a3e65063d0e430 861374040eab458bb37e4cf587b1cb6c - - default default] No more DHCP agents
2026-04-07 01:15:47.693 9 INFO neutron.wsgi [None req-98705773-2e1f-4773-9b52-cb37b0bbec12 96284314d6d446ed9d2bce8b4dcdc212 8db2ff94764e42bf8f57f47b3e4f319a - - default default] 10.0.0.132 "POST /v2.0/subnets HTTP/1.1" status: 201 len: 830 time: 0.3875544
2026-04-07 01:15:47.693 9 WARNING neutron.api.rpc.agentnotifiers.dhcp_rpc_agent_api [None req-0476bfd7-3aea-468a-b8dd-36de8a5de590 3c33899970d241c6a7a3e65063d0e430 861374040eab458bb37e4cf587b1cb6c - - default default] Unable to schedule network 14c336d8-3f01-4f74-8b8c-305ef62efd85: no agents available; will retry on subsequent port and subnet creation events. /var/lib/openstack/lib/python3.10/site-packages/pycadf/identifier.py:71: UserWarning: Invalid uuid: neutron. To ensure interoperability, identifiers should be a valid uuid. warnings.warn(('Invalid uuid: %s. To ensure interoperability, '
2026-04-07 01:15:47.708 10 WARNING neutron_lib.context [None req-a3e6dd6e-bbcf-4e31-82fb-2ccbc82ad642 96284314d6d446ed9d2bce8b4dcdc212 8db2ff94764e42bf8f57f47b3e4f319a - - default default] Method 'is_advsvc' is deprecated since 2023.2 release (neutron-lib 3.8.0) and will be removed once support for the old RBAC API policies will be removed from Neutron. Please use method 'is_service_role' instead.
2026-04-07 01:15:47.848 10 INFO neutron.db.ovn_revision_numbers_db [None req-a3e6dd6e-bbcf-4e31-82fb-2ccbc82ad642 96284314d6d446ed9d2bce8b4dcdc212 8db2ff94764e42bf8f57f47b3e4f319a - - default default] Successfully bumped revision number for resource 2fb39733-7f41-4c4f-a2c1-8483507dfb1c (type: routers) to 1
2026-04-07 01:15:47.869 10 INFO neutron.wsgi [None req-a3e6dd6e-bbcf-4e31-82fb-2ccbc82ad642 96284314d6d446ed9d2bce8b4dcdc212 8db2ff94764e42bf8f57f47b3e4f319a - - default default] 10.0.0.132 "POST /v2.0/routers HTTP/1.1" status: 201 len: 804 time: 0.1695621
2026-04-07 01:15:48.431 9 INFO neutron.db.ovn_revision_numbers_db [None req-5b9af7c6-20dd-4098-87d7-79e5eb144456 - - - - - -] Successfully bumped revision number for resource 4ff15368-5428-4bc1-83a3-9b01c0aebe5a (type: ports) to 2
2026-04-07 01:15:48.575 9 ERROR ovsdbapp.backend.ovs_idl.command [None req-5b9af7c6-20dd-4098-87d7-79e5eb144456 - - - - - -] Error executing command (DbGetCommand): ovsdbapp.backend.ovs_idl.idlutils.RowNotFound: Cannot find Logical_Router_Port with name=lrp-4ff15368-5428-4bc1-83a3-9b01c0aebe5a
2026-04-07 01:15:48.575 9 ERROR ovsdbapp.backend.ovs_idl.command
Traceback (most recent call last):
2026-04-07 01:15:48.575 9 ERROR ovsdbapp.backend.ovs_idl.command
File "/var/lib/openstack/lib/python3.10/site-packages/ovsdbapp/backend/ovs_idl/command.py", line 47, in execute
2026-04-07 01:15:48.575 9 ERROR ovsdbapp.backend.ovs_idl.command self.run_idl(None)
2026-04-07 01:15:48.575 9 ERROR ovsdbapp.backend.ovs_idl.command
File "/var/lib/openstack/lib/python3.10/site-packages/ovsdbapp/backend/ovs_idl/command.py", line 235, in run_idl
2026-04-07 01:15:48.575 9 ERROR ovsdbapp.backend.ovs_idl.command record = self.api.lookup(self.table, self.record)
2026-04-07 01:15:48.575 9 ERROR ovsdbapp.backend.ovs_idl.command
File "/var/lib/openstack/lib/python3.10/site-packages/ovsdbapp/backend/ovs_idl/__init__.py", line 184, in lookup
2026-04-07 01:15:48.575 9 ERROR ovsdbapp.backend.ovs_idl.command return self._lookup(table, record)
2026-04-07 01:15:48.575 9 ERROR ovsdbapp.backend.ovs_idl.command
File "/var/lib/openstack/lib/python3.10/site-packages/ovsdbapp/backend/ovs_idl/__init__.py", line 235, in _lookup
2026-04-07 01:15:48.575 9 ERROR ovsdbapp.backend.ovs_idl.command row = idlutils.row_by_value(self, rl.table, rl.column, record)
2026-04-07 01:15:48.575 9 ERROR ovsdbapp.backend.ovs_idl.command
File "/var/lib/openstack/lib/python3.10/site-packages/ovsdbapp/backend/ovs_idl/idlutils.py", line 114, in row_by_value
2026-04-07 01:15:48.575 9 ERROR ovsdbapp.backend.ovs_idl.command raise RowNotFound(table=table, col=column, match=match)
2026-04-07 01:15:48.575 9 ERROR ovsdbapp.backend.ovs_idl.command ovsdbapp.backend.ovs_idl.idlutils.RowNotFound: Cannot find Logical_Router_Port with name=lrp-4ff15368-5428-4bc1-83a3-9b01c0aebe5a
2026-04-07 01:15:48.575 9 ERROR ovsdbapp.backend.ovs_idl.command 
2026-04-07 01:15:48.576 9 ERROR neutron_lib.callbacks.manager [None req-5b9af7c6-20dd-4098-87d7-79e5eb144456 - - - - - -] Error during notification for neutron.services.ovn_l3.plugin.OVNL3RouterPlugin._port_update-8775645969126 port, after_update: ovsdbapp.backend.ovs_idl.idlutils.RowNotFound: Cannot find Logical_Router_Port with name=lrp-4ff15368-5428-4bc1-83a3-9b01c0aebe5a
2026-04-07 01:15:48.576 9 ERROR neutron_lib.callbacks.manager
Traceback (most recent call last):
2026-04-07 01:15:48.576 9 ERROR neutron_lib.callbacks.manager
File "/var/lib/openstack/lib/python3.10/site-packages/neutron_lib/callbacks/manager.py", line 189, in _notify_loop
2026-04-07 01:15:48.576 9 ERROR neutron_lib.callbacks.manager callback.method(resource, event, trigger, payload=payload)
2026-04-07 01:15:48.576 9 ERROR neutron_lib.callbacks.manager
File "/var/lib/openstack/lib/python3.10/site-packages/neutron/services/ovn_l3/plugin.py", line 391, in _port_update
2026-04-07 01:15:48.576 9 ERROR neutron_lib.callbacks.manager l3plugin._ovn_client.update_router_port(context,
2026-04-07 01:15:48.576 9 ERROR neutron_lib.callbacks.manager
File "/var/lib/openstack/lib/python3.10/site-packages/neutron/plugins/ml2/drivers/ovn/mech_driver/ovsdb/ovn_client.py", line 1878, in update_router_port
2026-04-07 01:15:48.576 9 ERROR neutron_lib.callbacks.manager self._update_lrouter_port(context, port, if_exists=if_exists,
2026-04-07 01:15:48.576 9 ERROR neutron_lib.callbacks.manager
File "/var/lib/openstack/lib/python3.10/site-packages/neutron/plugins/ml2/drivers/ovn/mech_driver/ovsdb/ovn_client.py", line 1855, in _update_lrouter_port
2026-04-07 01:15:48.576 9 ERROR neutron_lib.callbacks.manager external_ids = self._nb_idl.db_get(
2026-04-07 01:15:48.576 9 ERROR neutron_lib.callbacks.manager
File "/var/lib/openstack/lib/python3.10/site-packages/ovsdbapp/backend/ovs_idl/command.py", line 47, in execute
2026-04-07 01:15:48.576 9 ERROR neutron_lib.callbacks.manager self.run_idl(None)
2026-04-07 01:15:48.576 9 ERROR neutron_lib.callbacks.manager
File "/var/lib/openstack/lib/python3.10/site-packages/ovsdbapp/backend/ovs_idl/command.py", line 235, in run_idl
2026-04-07 01:15:48.576 9 ERROR neutron_lib.callbacks.manager record = self.api.lookup(self.table, self.record)
2026-04-07 01:15:48.576 9 ERROR neutron_lib.callbacks.manager
File "/var/lib/openstack/lib/python3.10/site-packages/ovsdbapp/backend/ovs_idl/__init__.py", line 184, in lookup
2026-04-07 01:15:48.576 9 ERROR neutron_lib.callbacks.manager return self._lookup(table, record)
2026-04-07 01:15:48.576 9 ERROR neutron_lib.callbacks.manager
File "/var/lib/openstack/lib/python3.10/site-packages/ovsdbapp/backend/ovs_idl/__init__.py", line 235, in _lookup
2026-04-07 01:15:48.576 9 ERROR neutron_lib.callbacks.manager row = idlutils.row_by_value(self, rl.table, rl.column, record)
2026-04-07 01:15:48.576 9 ERROR neutron_lib.callbacks.manager
File "/var/lib/openstack/lib/python3.10/site-packages/ovsdbapp/backend/ovs_idl/idlutils.py", line 114, in row_by_value
2026-04-07 01:15:48.576 9 ERROR neutron_lib.callbacks.manager raise RowNotFound(table=table, col=column, match=match)
2026-04-07 01:15:48.576 9 ERROR neutron_lib.callbacks.manager ovsdbapp.backend.ovs_idl.idlutils.RowNotFound: Cannot find Logical_Router_Port with name=lrp-4ff15368-5428-4bc1-83a3-9b01c0aebe5a
2026-04-07 01:15:48.576 9 ERROR neutron_lib.callbacks.manager 
2026-04-07 01:15:48.613 10 WARNING neutron.scheduler.dhcp_agent_scheduler [None req-86ff275b-82e6-444b-a5fc-98cf3149deeb 96284314d6d446ed9d2bce8b4dcdc212 8db2ff94764e42bf8f57f47b3e4f319a - - default default] No more DHCP agents
2026-04-07 01:15:48.616 10 WARNING neutron.api.rpc.agentnotifiers.dhcp_rpc_agent_api [None req-86ff275b-82e6-444b-a5fc-98cf3149deeb 96284314d6d446ed9d2bce8b4dcdc212 8db2ff94764e42bf8f57f47b3e4f319a - - default default] Unable to schedule network 9fab1509-41bd-4ca9-bf5f-5ce2b12cb33f: no agents available; will retry on subsequent port and subnet creation events.
2026-04-07 01:15:48.724 10 INFO neutron.db.ovn_revision_numbers_db [None req-86ff275b-82e6-444b-a5fc-98cf3149deeb 96284314d6d446ed9d2bce8b4dcdc212 8db2ff94764e42bf8f57f47b3e4f319a - - default default] Successfully bumped revision number for resource 042c4999-ec80-4e8e-b849-efb0696d3eb0 (type: ports) to 1
2026-04-07 01:15:48.871 9 INFO neutron.db.ovn_revision_numbers_db [None req-0476bfd7-3aea-468a-b8dd-36de8a5de590 3c33899970d241c6a7a3e65063d0e430 861374040eab458bb37e4cf587b1cb6c - - default default] Successfully bumped revision number for resource 4ff15368-5428-4bc1-83a3-9b01c0aebe5a (type: router_ports) to 1
2026-04-07 01:15:48.882 9 INFO neutron.wsgi [None req-0476bfd7-3aea-468a-b8dd-36de8a5de590 3c33899970d241c6a7a3e65063d0e430 861374040eab458bb37e4cf587b1cb6c - - default default] 10.0.0.132 "PUT /v2.0/routers/281f258f-ff14-4478-af70-d9d09fe8b5d4/add_router_interface HTTP/1.1" status: 200 len: 503 time: 3.6538830
2026-04-07 01:15:49.170 10 ERROR ovsdbapp.backend.ovs_idl.command [None req-86ff275b-82e6-444b-a5fc-98cf3149deeb 96284314d6d446ed9d2bce8b4dcdc212 8db2ff94764e42bf8f57f47b3e4f319a - - default default] Error executing command (DbGetCommand): ovsdbapp.backend.ovs_idl.idlutils.RowNotFound: Cannot find Logical_Router_Port with name=lrp-042c4999-ec80-4e8e-b849-efb0696d3eb0
2026-04-07 01:15:49.170 10 ERROR ovsdbapp.backend.ovs_idl.command
Traceback (most recent call last):
2026-04-07 01:15:49.170 10 ERROR ovsdbapp.backend.ovs_idl.command
File "/var/lib/openstack/lib/python3.10/site-packages/ovsdbapp/backend/ovs_idl/command.py", line 47, in execute
2026-04-07 01:15:49.170 10 ERROR ovsdbapp.backend.ovs_idl.command self.run_idl(None)
2026-04-07 01:15:49.170 10 ERROR ovsdbapp.backend.ovs_idl.command
File "/var/lib/openstack/lib/python3.10/site-packages/ovsdbapp/backend/ovs_idl/command.py", line 235, in run_idl
2026-04-07 01:15:49.170 10 ERROR ovsdbapp.backend.ovs_idl.command record = self.api.lookup(self.table, self.record)
2026-04-07 01:15:49.170 10 ERROR ovsdbapp.backend.ovs_idl.command
File "/var/lib/openstack/lib/python3.10/site-packages/ovsdbapp/backend/ovs_idl/__init__.py", line 184, in lookup
2026-04-07 01:15:49.170 10 ERROR ovsdbapp.backend.ovs_idl.command return self._lookup(table, record)
2026-04-07 01:15:49.170 10 ERROR ovsdbapp.backend.ovs_idl.command
File "/var/lib/openstack/lib/python3.10/site-packages/ovsdbapp/backend/ovs_idl/__init__.py", line 235, in _lookup
2026-04-07 01:15:49.170 10 ERROR ovsdbapp.backend.ovs_idl.command row = idlutils.row_by_value(self, rl.table, rl.column, record)
2026-04-07 01:15:49.170 10 ERROR ovsdbapp.backend.ovs_idl.command
File "/var/lib/openstack/lib/python3.10/site-packages/ovsdbapp/backend/ovs_idl/idlutils.py", line 114, in row_by_value
2026-04-07 01:15:49.170 10 ERROR ovsdbapp.backend.ovs_idl.command raise RowNotFound(table=table, col=column, match=match)
2026-04-07 01:15:49.170 10 ERROR ovsdbapp.backend.ovs_idl.command ovsdbapp.backend.ovs_idl.idlutils.RowNotFound: Cannot find Logical_Router_Port with name=lrp-042c4999-ec80-4e8e-b849-efb0696d3eb0
2026-04-07 01:15:49.170 10 ERROR ovsdbapp.backend.ovs_idl.command 
2026-04-07 01:15:49.171 10 ERROR neutron_lib.callbacks.manager [None req-86ff275b-82e6-444b-a5fc-98cf3149deeb 96284314d6d446ed9d2bce8b4dcdc212 8db2ff94764e42bf8f57f47b3e4f319a - - default default] Error during notification for neutron.services.ovn_l3.plugin.OVNL3RouterPlugin._port_update-8775645969126 port, after_update: ovsdbapp.backend.ovs_idl.idlutils.RowNotFound: Cannot find Logical_Router_Port with name=lrp-042c4999-ec80-4e8e-b849-efb0696d3eb0
2026-04-07 01:15:49.171 10 ERROR neutron_lib.callbacks.manager
Traceback (most recent call last):
2026-04-07 01:15:49.171 10 ERROR neutron_lib.callbacks.manager
File "/var/lib/openstack/lib/python3.10/site-packages/neutron_lib/callbacks/manager.py", line 189, in _notify_loop
2026-04-07 01:15:49.171 10 ERROR neutron_lib.callbacks.manager callback.method(resource, event, trigger, payload=payload)
2026-04-07 01:15:49.171 10 ERROR neutron_lib.callbacks.manager
File "/var/lib/openstack/lib/python3.10/site-packages/neutron/services/ovn_l3/plugin.py", line 391, in _port_update
2026-04-07 01:15:49.171 10 ERROR neutron_lib.callbacks.manager l3plugin._ovn_client.update_router_port(context,
2026-04-07 01:15:49.171 10 ERROR neutron_lib.callbacks.manager
File "/var/lib/openstack/lib/python3.10/site-packages/neutron/plugins/ml2/drivers/ovn/mech_driver/ovsdb/ovn_client.py", line 1878, in update_router_port
2026-04-07 01:15:49.171 10 ERROR neutron_lib.callbacks.manager self._update_lrouter_port(context, port, if_exists=if_exists,
2026-04-07 01:15:49.171 10 ERROR neutron_lib.callbacks.manager
File "/var/lib/openstack/lib/python3.10/site-packages/neutron/plugins/ml2/drivers/ovn/mech_driver/ovsdb/ovn_client.py", line 1855, in _update_lrouter_port
2026-04-07 01:15:49.171 10 ERROR neutron_lib.callbacks.manager external_ids = self._nb_idl.db_get(
2026-04-07 01:15:49.171 10 ERROR neutron_lib.callbacks.manager
File "/var/lib/openstack/lib/python3.10/site-packages/ovsdbapp/backend/ovs_idl/command.py", line 47, in execute
2026-04-07 01:15:49.171 10 ERROR neutron_lib.callbacks.manager self.run_idl(None)
2026-04-07 01:15:49.171 10 ERROR neutron_lib.callbacks.manager
File "/var/lib/openstack/lib/python3.10/site-packages/ovsdbapp/backend/ovs_idl/command.py", line 235, in run_idl
2026-04-07 01:15:49.171 10 ERROR neutron_lib.callbacks.manager record = self.api.lookup(self.table, self.record)
2026-04-07 01:15:49.171 10 ERROR neutron_lib.callbacks.manager
File "/var/lib/openstack/lib/python3.10/site-packages/ovsdbapp/backend/ovs_idl/__init__.py", line 184, in lookup
2026-04-07 01:15:49.171 10 ERROR neutron_lib.callbacks.manager return self._lookup(table, record)
2026-04-07 01:15:49.171 10 ERROR neutron_lib.callbacks.manager
File "/var/lib/openstack/lib/python3.10/site-packages/ovsdbapp/backend/ovs_idl/__init__.py", line 235, in _lookup
2026-04-07 01:15:49.171 10 ERROR neutron_lib.callbacks.manager row = idlutils.row_by_value(self, rl.table, rl.column, record)
2026-04-07 01:15:49.171 10 ERROR neutron_lib.callbacks.manager
File "/var/lib/openstack/lib/python3.10/site-packages/ovsdbapp/backend/ovs_idl/idlutils.py", line 114, in row_by_value
2026-04-07 01:15:49.171 10 ERROR neutron_lib.callbacks.manager raise RowNotFound(table=table, col=column, match=match)
2026-04-07 01:15:49.171 10 ERROR neutron_lib.callbacks.manager ovsdbapp.backend.ovs_idl.idlutils.RowNotFound: Cannot find Logical_Router_Port with name=lrp-042c4999-ec80-4e8e-b849-efb0696d3eb0
2026-04-07 01:15:49.171 10 ERROR neutron_lib.callbacks.manager 
2026-04-07 01:15:49.224 9 INFO neutron.wsgi [-] 10.0.0.218 "GET / HTTP/1.1" status: 200 len: 247 time: 0.0035632
2026-04-07 01:15:49.228 9 INFO neutron.wsgi [-] 10.0.0.218 "GET / HTTP/1.1" status: 200 len: 247 time: 0.0023553
2026-04-07 01:15:49.343 10 INFO neutron.db.ovn_revision_numbers_db [None req-86ff275b-82e6-444b-a5fc-98cf3149deeb 96284314d6d446ed9d2bce8b4dcdc212 8db2ff94764e42bf8f57f47b3e4f319a - - default default] Successfully bumped revision number for resource 042c4999-ec80-4e8e-b849-efb0696d3eb0 (type: ports) to 1
2026-04-07 01:15:49.398 10 WARNING neutron.scheduler.dhcp_agent_scheduler [None req-86ff275b-82e6-444b-a5fc-98cf3149deeb 96284314d6d446ed9d2bce8b4dcdc212 8db2ff94764e42bf8f57f47b3e4f319a - - default default] No more DHCP agents
2026-04-07 01:15:49.399 10 WARNING neutron.api.rpc.agentnotifiers.dhcp_rpc_agent_api [None req-86ff275b-82e6-444b-a5fc-98cf3149deeb 96284314d6d446ed9d2bce8b4dcdc212 8db2ff94764e42bf8f57f47b3e4f319a - - default default] Unable to schedule network 9fab1509-41bd-4ca9-bf5f-5ce2b12cb33f: no agents available; will retry on subsequent port and subnet creation events.
2026-04-07 01:15:49.544 10 INFO neutron.db.ovn_revision_numbers_db [None req-86ff275b-82e6-444b-a5fc-98cf3149deeb 96284314d6d446ed9d2bce8b4dcdc212 8db2ff94764e42bf8f57f47b3e4f319a - - default default] Successfully bumped revision number for resource 042c4999-ec80-4e8e-b849-efb0696d3eb0 (type: router_ports) to 1
2026-04-07 01:15:49.554 10 INFO neutron.wsgi [None req-86ff275b-82e6-444b-a5fc-98cf3149deeb 96284314d6d446ed9d2bce8b4dcdc212 8db2ff94764e42bf8f57f47b3e4f319a - - default default] 10.0.0.132 "PUT /v2.0/routers/2fb39733-7f41-4c4f-a2c1-8483507dfb1c/add_router_interface HTTP/1.1" status: 200 len: 503 time: 1.6777742
2026-04-07 01:15:49.560 9 WARNING neutron_lib.context [None req-80b868ac-30d5-4f5e-9228-2438c963150e bd29cd4b9d28477590880c5819a0b976 092072028baf4d2a964d23686f9ffc42 - - default default] Method 'is_advsvc' is deprecated since 2023.2 release (neutron-lib 3.8.0) and will be removed once support for the old RBAC API policies will be removed from Neutron. Please use method 'is_service_role' instead.
2026-04-07 01:15:49.675 10 INFO neutron.wsgi [None req-a69ef808-fdcd-4b32-8045-ad924a87e312 96284314d6d446ed9d2bce8b4dcdc212 8db2ff94764e42bf8f57f47b3e4f319a - - default default] 10.0.0.132 "GET /v2.0/ports/042c4999-ec80-4e8e-b849-efb0696d3eb0 HTTP/1.1" status: 200 len: 1139 time: 0.1150377
2026-04-07 01:15:49.700 9 INFO neutron.db.ovn_revision_numbers_db [None req-80b868ac-30d5-4f5e-9228-2438c963150e bd29cd4b9d28477590880c5819a0b976 092072028baf4d2a964d23686f9ffc42 - - default default] Successfully bumped revision number for resource 0ee478fd-c2fa-4569-8b9c-f89e42b084a6 (type: security_groups) to 1
2026-04-07 01:15:49.719 9 INFO neutron.db.ovn_revision_numbers_db [None req-80b868ac-30d5-4f5e-9228-2438c963150e bd29cd4b9d28477590880c5819a0b976 092072028baf4d2a964d23686f9ffc42 - - default default] Successfully bumped revision number for resource 1ba79d9c-031d-482f-a8ff-4ecf784adc18 (type: security_group_rules) to 0
2026-04-07 01:15:49.736 9 INFO neutron.db.ovn_revision_numbers_db [None req-80b868ac-30d5-4f5e-9228-2438c963150e bd29cd4b9d28477590880c5819a0b976 092072028baf4d2a964d23686f9ffc42 - - default default] Successfully bumped revision number for resource ba5fe016-0faa-46d5-9ce8-247f7300d0d4 (type: security_group_rules) to 0
2026-04-07 01:15:49.763 9 INFO neutron.wsgi [None req-80b868ac-30d5-4f5e-9228-2438c963150e bd29cd4b9d28477590880c5819a0b976 092072028baf4d2a964d23686f9ffc42 - - default default] 10.0.0.132 "POST /v2.0/security-groups HTTP/1.1" status: 201 len: 1875 time: 0.2113786
2026-04-07 01:15:49.776 9 WARNING neutron_lib.context [None req-8e195ae5-99c1-4ccb-b55c-f845365294b2 bd29cd4b9d28477590880c5819a0b976 092072028baf4d2a964d23686f9ffc42 - - default default] Method 'is_advsvc' is deprecated since 2023.2 release (neutron-lib 3.8.0) and will be removed once support for the old RBAC API policies will be removed from Neutron. Please use method 'is_service_role' instead.
2026-04-07 01:15:49.941 9 INFO neutron.db.ovn_revision_numbers_db [None req-8e195ae5-99c1-4ccb-b55c-f845365294b2 bd29cd4b9d28477590880c5819a0b976 092072028baf4d2a964d23686f9ffc42 - - default default] Successfully bumped revision number for resource 31e43f54-50cf-4c49-88f5-ca63769a2c85 (type: security_group_rules) to 0
2026-04-07 01:15:49.971 9 INFO neutron.wsgi [None req-8e195ae5-99c1-4ccb-b55c-f845365294b2 bd29cd4b9d28477590880c5819a0b976 092072028baf4d2a964d23686f9ffc42 - - default default] 10.0.0.132 "POST /v2.0/security-group-rules HTTP/1.1" status: 201 len: 796 time: 0.1999192
2026-04-07 01:15:49.982 9 WARNING neutron_lib.context [None req-0aaff478-5794-4f80-9816-6ca29a765309 bd29cd4b9d28477590880c5819a0b976 092072028baf4d2a964d23686f9ffc42 - - default default] Method 'is_advsvc' is deprecated since 2023.2 release (neutron-lib 3.8.0) and will be removed once support for the old RBAC API policies will be removed from Neutron. Please use method 'is_service_role' instead.
2026-04-07 01:15:50.111 9 INFO neutron.db.ovn_revision_numbers_db [None req-0aaff478-5794-4f80-9816-6ca29a765309 bd29cd4b9d28477590880c5819a0b976 092072028baf4d2a964d23686f9ffc42 - - default default] Successfully bumped revision number for resource 28d4cae9-4f90-46cc-b578-6126e890923f (type: security_group_rules) to 0
2026-04-07 01:15:50.151 9 INFO neutron.wsgi [None req-0aaff478-5794-4f80-9816-6ca29a765309 bd29cd4b9d28477590880c5819a0b976 092072028baf4d2a964d23686f9ffc42 - - default default] 10.0.0.132 "POST /v2.0/security-group-rules HTTP/1.1" status: 201 len: 795 time: 0.1737003
2026-04-07 01:15:50.162 9 WARNING neutron_lib.context [None req-35785af8-6cc8-4728-a1d1-3dc2a0d19d73 bd29cd4b9d28477590880c5819a0b976 092072028baf4d2a964d23686f9ffc42 - - default default] Method 'is_advsvc' is deprecated since 2023.2 release (neutron-lib 3.8.0) and will be removed once support for the old RBAC API policies will be removed from Neutron. Please use method 'is_service_role' instead.
2026-04-07 01:15:50.238 10 WARNING neutron.scheduler.dhcp_agent_scheduler [None req-a34c0afc-4965-40a2-879c-3f3f16655c20 96284314d6d446ed9d2bce8b4dcdc212 8db2ff94764e42bf8f57f47b3e4f319a - - default default] No more DHCP agents
2026-04-07 01:15:50.239 10 WARNING neutron.api.rpc.agentnotifiers.dhcp_rpc_agent_api [None req-a34c0afc-4965-40a2-879c-3f3f16655c20 96284314d6d446ed9d2bce8b4dcdc212 8db2ff94764e42bf8f57f47b3e4f319a - - default default] Unable to schedule network 74e61905-b7c0-4048-a9a1-d7da510d73de: no agents available; will retry on subsequent port and subnet creation events.
2026-04-07 01:15:50.332 9 INFO neutron.db.ovn_revision_numbers_db [None req-35785af8-6cc8-4728-a1d1-3dc2a0d19d73 bd29cd4b9d28477590880c5819a0b976 092072028baf4d2a964d23686f9ffc42 - - default default] Successfully bumped revision number for resource 0b3b8886-efd2-454f-885d-590abe3149c7 (type: security_group_rules) to 0
2026-04-07 01:15:50.363 9 INFO neutron.wsgi [None req-35785af8-6cc8-4728-a1d1-3dc2a0d19d73 bd29cd4b9d28477590880c5819a0b976 092072028baf4d2a964d23686f9ffc42 - - default default] 10.0.0.132 "POST /v2.0/security-group-rules HTTP/1.1" status: 201 len: 801 time: 0.2070599
2026-04-07 01:15:50.376 10 WARNING neutron_lib.context [None req-461d339e-5d75-4fc4-9c36-f81bcbf9b29b bd29cd4b9d28477590880c5819a0b976 092072028baf4d2a964d23686f9ffc42 - - default default] Method 'is_advsvc' is deprecated since 2023.2 release (neutron-lib 3.8.0) and will be removed once support for the old RBAC API policies will be removed from Neutron. Please use method 'is_service_role' instead.
2026-04-07 01:15:50.378 10 INFO neutron.db.ovn_revision_numbers_db [None req-a34c0afc-4965-40a2-879c-3f3f16655c20 96284314d6d446ed9d2bce8b4dcdc212 8db2ff94764e42bf8f57f47b3e4f319a - - default default] Successfully bumped revision number for resource 23b5cd04-dd27-4f2c-ac7d-f27bce64b9a9 (type: ports) to 1
2026-04-07 01:15:51.082 9 INFO neutron.db.ovn_revision_numbers_db [None req-58c84994-ee93-404a-954f-4d9ed7924326 3c33899970d241c6a7a3e65063d0e430 861374040eab458bb37e4cf587b1cb6c - - default default] Successfully bumped revision number for resource 4c42f236-1287-4b4e-9bd6-94258624da5a (type: security_groups) to 1
2026-04-07 01:15:51.100 9 INFO neutron.db.ovn_revision_numbers_db [None req-58c84994-ee93-404a-954f-4d9ed7924326 3c33899970d241c6a7a3e65063d0e430 861374040eab458bb37e4cf587b1cb6c - - default default] Successfully bumped revision number for resource 07b9fa25-9b6f-4542-bef5-39528fe58d0a (type: security_group_rules) to 0
2026-04-07 01:15:51.121 9 INFO neutron.db.ovn_revision_numbers_db [None req-58c84994-ee93-404a-954f-4d9ed7924326 3c33899970d241c6a7a3e65063d0e430 861374040eab458bb37e4cf587b1cb6c - - default default] Successfully bumped revision number for resource 7cf4b031-2c7a-43de-b121-ce6a7e01f199 (type: security_group_rules) to 0
2026-04-07 01:15:51.136 10 INFO neutron.db.ovn_revision_numbers_db [None req-461d339e-5d75-4fc4-9c36-f81bcbf9b29b bd29cd4b9d28477590880c5819a0b976 092072028baf4d2a964d23686f9ffc42 - - default default] Successfully bumped revision number for resource ba4e676c-4a29-48fd-8958-03e7f64da545 (type: security_group_rules) to 0
2026-04-07 01:15:51.140 9 INFO neutron.db.ovn_revision_numbers_db [None req-58c84994-ee93-404a-954f-4d9ed7924326 3c33899970d241c6a7a3e65063d0e430 861374040eab458bb37e4cf587b1cb6c - - default default] Successfully bumped revision number for resource 92362293-aee1-4189-a5b2-03a4ee9d7521 (type: security_group_rules) to 0
2026-04-07 01:15:51.153 9 INFO neutron.db.ovn_revision_numbers_db [None req-58c84994-ee93-404a-954f-4d9ed7924326 3c33899970d241c6a7a3e65063d0e430 861374040eab458bb37e4cf587b1cb6c - - default default] Successfully bumped revision number for resource bc2227e6-990d-4831-a8b7-6bc4ac20a4e5 (type: security_group_rules) to 0
2026-04-07 01:15:51.178 9 INFO neutron.wsgi [None req-58c84994-ee93-404a-954f-4d9ed7924326 3c33899970d241c6a7a3e65063d0e430 861374040eab458bb37e4cf587b1cb6c - - default default] 10.0.0.132 "GET /v2.0/security-groups?tenant_id=1595257caf3640b0899700465b3e0086&name=default HTTP/1.1" status: 200 len: 3120 time: 0.4398465
2026-04-07 01:15:51.197 10 INFO neutron.wsgi [None req-461d339e-5d75-4fc4-9c36-f81bcbf9b29b bd29cd4b9d28477590880c5819a0b976 092072028baf4d2a964d23686f9ffc42 - - default default] 10.0.0.132 "POST /v2.0/security-group-rules HTTP/1.1" status: 201 len: 800 time: 0.8280935
2026-04-07 01:15:51.211 9 WARNING neutron_lib.context [None req-df4dc8ed-9f2f-454a-a219-1682064036e5 bd29cd4b9d28477590880c5819a0b976 092072028baf4d2a964d23686f9ffc42 - - default default] Method 'is_advsvc' is deprecated since 2023.2 release (neutron-lib 3.8.0) and will be removed once support for the old RBAC API policies will be removed from Neutron. Please use method 'is_service_role' instead.
2026-04-07 01:15:51.250 9 INFO neutron.db.securitygroups_db [None req-df4dc8ed-9f2f-454a-a219-1682064036e5 bd29cd4b9d28477590880c5819a0b976 092072028baf4d2a964d23686f9ffc42 - - default default] Project 092072028baf4d2a964d23686f9ffc42 added a security group rule with legacy IPv6 ICMP protocol name icmp, ipv6-icmp should be used instead. It was automatically converted.
2026-04-07 01:15:51.340 9 INFO neutron.wsgi [req-f7dd3e75-7ee1-4d76-b3ca-30aaf00760f2 req-fb262e33-f923-4cbc-96ff-1e680a9f9e17 00a5a09fe95c450bab7182fe8b42fb72 b31a14f2e2074701aa38077f6d990618 - - c63b5867a107491697ac9bcd374b32f7 c63b5867a107491697ac9bcd374b32f7] 10.0.0.130 "GET /v2.0/ports?device_id=947a400c-47e4-4fb8-b278-fb2b9f56bb40 HTTP/1.1" status: 200 len: 1409 time: 0.0452256
2026-04-07 01:15:51.372 9 INFO neutron.db.ovn_revision_numbers_db [None req-df4dc8ed-9f2f-454a-a219-1682064036e5 bd29cd4b9d28477590880c5819a0b976 092072028baf4d2a964d23686f9ffc42 - - default default] Successfully bumped revision number for resource dfc87123-76d6-4e83-b3f8-5fdc7031bde7 (type: security_group_rules) to 0
2026-04-07 01:15:51.403 9 INFO neutron.wsgi [req-f7dd3e75-7ee1-4d76-b3ca-30aaf00760f2 req-c41b232e-e7d2-4807-98da-46cc86beb51a 00a5a09fe95c450bab7182fe8b42fb72 b31a14f2e2074701aa38077f6d990618 - - c63b5867a107491697ac9bcd374b32f7 c63b5867a107491697ac9bcd374b32f7] 10.0.0.130 "GET /v2.0/security-groups?id=6ea96607-421b-4dcd-b980-4634988a1694&fields=id&fields=name HTTP/1.1" status: 200 len: 313 time: 0.0546653
