2026-04-07 01:16:42.320 10 INFO neutron.db.ovn_revision_numbers_db [None req-15ed47c8-76b9-4826-a89f-f2444f32ab94 126075eba3814b49a018ef6a2b5ffb92 53f37f422473403ebbed56f25860d3c1 - - default default] Successfully bumped revision number for resource ffd4f37e-9d39-46ef-9d70-4d4651ec2137 (type: ports) to 2
2026-04-07 01:16:42.370 10 INFO neutron.db.ovn_revision_numbers_db [None req-15ed47c8-76b9-4826-a89f-f2444f32ab94 126075eba3814b49a018ef6a2b5ffb92 53f37f422473403ebbed56f25860d3c1 - - default default] Successfully bumped revision number for resource f65edb7f-5496-4320-af15-5f681e07bdfe (type: subnets) to 0
2026-04-07 01:16:42.387 10 INFO neutron.wsgi [None req-15ed47c8-76b9-4826-a89f-f2444f32ab94 126075eba3814b49a018ef6a2b5ffb92 53f37f422473403ebbed56f25860d3c1 - - default default] 10.0.0.132 "POST /v2.0/subnets HTTP/1.1" status: 201 len: 827 time: 1.4138706
2026-04-07 01:16:42.397 10 WARNING neutron_lib.context [None req-18ac3280-dfe1-42ba-b2e1-023759396e1a 126075eba3814b49a018ef6a2b5ffb92 53f37f422473403ebbed56f25860d3c1 - - default default] Method 'is_advsvc' is deprecated since 2023.2 release (neutron-lib 3.8.0) and will be removed once support for the old RBAC API policies will be removed from Neutron. Please use method 'is_service_role' instead.
2026-04-07 01:16:42.452 9 INFO neutron.db.ovn_revision_numbers_db [None req-8e82f4d8-1bfe-4fdc-9308-a198ea19fc28 f446e4beedd4408f85299ce7d2f62c30 148851e9077f46df9591f81360bdd785 - - default default] Successfully bumped revision number for resource 199d1190-6539-4fac-87ec-cd4402a2e998 (type: ports) to 2
2026-04-07 01:16:42.484 9 INFO neutron.db.ovn_revision_numbers_db [None req-8e82f4d8-1bfe-4fdc-9308-a198ea19fc28 f446e4beedd4408f85299ce7d2f62c30 148851e9077f46df9591f81360bdd785 - - default default] Successfully bumped revision number for resource a17548d6-0949-425c-b5bd-0b576fd880e1 (type: subnets) to 0
2026-04-07 01:16:42.495 10 INFO neutron.wsgi [None req-b4aea9f6-b28e-453b-b788-cdc69aee2e58 1d1452b3dde9426ea104f640b319eb31 07ae281d6e4e4f8fb10d5fdd2b1b1b99 - - default default] 10.0.0.132 "DELETE /v2.0/subnets/33c0bc7b-639d-4845-8d95-569228580fbd HTTP/1.1" status: 204 len: 168 time: 0.2360733
2026-04-07 01:16:42.510 9 INFO neutron.wsgi [None req-8e82f4d8-1bfe-4fdc-9308-a198ea19fc28 f446e4beedd4408f85299ce7d2f62c30 148851e9077f46df9591f81360bdd785 - - default default] 10.0.0.132 "POST /v2.0/subnets HTTP/1.1" status: 201 len: 801 time: 1.0239916
2026-04-07 01:16:42.532 10 WARNING neutron_lib.context [None req-ff46f27f-2457-4d1d-aa9d-a168339d6fc5 f446e4beedd4408f85299ce7d2f62c30 148851e9077f46df9591f81360bdd785 - - default default] Method 'is_advsvc' is deprecated since 2023.2 release (neutron-lib 3.8.0) and will be removed once support for the old RBAC API policies will be removed from Neutron. Please use method 'is_service_role' instead.
2026-04-07 01:16:42.562 9 INFO neutron.wsgi [None req-9e8c9706-4790-4722-946b-2bc52328e5f8 3c33899970d241c6a7a3e65063d0e430 861374040eab458bb37e4cf587b1cb6c - - default default] 10.0.0.217 "GET /v2.0/subnets HTTP/1.1" status: 200 len: 6043 time: 0.1215568
2026-04-07 01:16:42.583 9 INFO neutron.wsgi [None req-a91d5509-eb4e-4f81-be99-b6bbbc1699f1 3c33899970d241c6a7a3e65063d0e430 861374040eab458bb37e4cf587b1cb6c - - default default] 10.0.0.217 "GET /v2.0/subnetpools HTTP/1.1" status: 200 len: 193 time: 0.0121891
2026-04-07 01:16:42.672 10 INFO neutron.db.segments_db [None req-ff46f27f-2457-4d1d-aa9d-a168339d6fc5 f446e4beedd4408f85299ce7d2f62c30 148851e9077f46df9591f81360bdd785 - - default default] Added segment cd956513-54e7-4e4a-a32b-8bef4136f562 of type geneve for network 72ed7628-a851-45a5-b5cc-13ade4d1ed2e
2026-04-07 01:16:42.690 9 INFO neutron.wsgi [None req-41a69bcd-a271-4088-9d9e-98fe44293d56 3c33899970d241c6a7a3e65063d0e430 861374040eab458bb37e4cf587b1cb6c - - default default] 10.0.0.217 "GET /v2.0/routers HTTP/1.1" status: 200 len: 1149 time: 0.1059372
2026-04-07 01:16:42.704 9 INFO neutron.wsgi [None req-377e3ae9-c33d-40bb-8d46-0bd90e9d78bc 3c33899970d241c6a7a3e65063d0e430 861374040eab458bb37e4cf587b1cb6c - - default default] 10.0.0.217 "GET /v2.0/agents?binary=ovn-controller HTTP/1.1" status: 200 len: 591 time: 0.0123794
2026-04-07 01:16:42.747 10 WARNING neutron.scheduler.dhcp_agent_scheduler [None req-18ac3280-dfe1-42ba-b2e1-023759396e1a 126075eba3814b49a018ef6a2b5ffb92 53f37f422473403ebbed56f25860d3c1 - - default default] No more DHCP agents
2026-04-07 01:16:42.762 10 WARNING neutron.api.rpc.agentnotifiers.dhcp_rpc_agent_api [None req-18ac3280-dfe1-42ba-b2e1-023759396e1a 126075eba3814b49a018ef6a2b5ffb92 53f37f422473403ebbed56f25860d3c1 - - default default] Unable to schedule network 9f096ef9-d3da-4531-b2a6-7b8859ab89e5: no agents available; will retry on subsequent port and subnet creation events.
2026-04-07 01:16:42.827 10 INFO neutron.db.ovn_revision_numbers_db [None req-18ac3280-dfe1-42ba-b2e1-023759396e1a 126075eba3814b49a018ef6a2b5ffb92 53f37f422473403ebbed56f25860d3c1 - - default default] Successfully bumped revision number for resource 075fc048-7de1-4a42-a8e4-9f46f87e3c86 (type: subnets) to 0
2026-04-07 01:16:42.889 10 INFO neutron.wsgi [None req-18ac3280-dfe1-42ba-b2e1-023759396e1a 126075eba3814b49a018ef6a2b5ffb92 53f37f422473403ebbed56f25860d3c1 - - default default] 10.0.0.132 "POST /v2.0/subnets HTTP/1.1" status: 201 len: 905 time: 0.4961131
2026-04-07 01:16:42.902 10 WARNING neutron_lib.context [None req-dc9c9608-4db6-4e15-bc77-40bb7a08bc11 126075eba3814b49a018ef6a2b5ffb92 53f37f422473403ebbed56f25860d3c1 - - default default] Method 'is_advsvc' is deprecated since 2023.2 release (neutron-lib 3.8.0) and will be removed once support for the old RBAC API policies will be removed from Neutron. Please use method 'is_service_role' instead.
2026-04-07 01:16:42.925 10 INFO neutron.db.ovn_revision_numbers_db [None req-ff46f27f-2457-4d1d-aa9d-a168339d6fc5 f446e4beedd4408f85299ce7d2f62c30 148851e9077f46df9591f81360bdd785 - - default default] Successfully bumped revision number for resource 72ed7628-a851-45a5-b5cc-13ade4d1ed2e (type: networks) to 1
2026-04-07 01:16:43.044 10 INFO neutron.wsgi [req-3180d2cc-67a8-4fef-9830-af594d7170f0 req-b5783757-cc64-4572-ad8c-042cd4110df2 d2dc9eb7b66f4128bfd67704d1328443 7ca4ff03dec4424fbf65d9ff97fefae8 - - default default] 10.0.0.32 "GET /v2.0/ports?device_id=b3ca13f8-5592-4465-b151-f90771319d7e HTTP/1.1" status: 200 len: 1174 time: 0.2121730
2026-04-07 01:16:43.047 9 INFO neutron.wsgi [None req-ed45a5bf-0e9c-4dd3-96a6-87fcf488fbf4 3c33899970d241c6a7a3e65063d0e430 861374040eab458bb37e4cf587b1cb6c - - default default] 10.0.0.217 "GET /v2.0/networks HTTP/1.1" status: 200 len: 7649 time: 0.3424330
2026-04-07 01:16:43.048 9 INFO neutron.notifiers.nova [-] Nova event matching ['req-3ca84356-83ae-4fc2-b61e-e26b59c15431'] response: {'server_uuid': 'b3ca13f8-5592-4465-b151-f90771319d7e', 'name': 'network-vif-plugged', 'status': 'completed', 'tag': '7075112d-6747-4eea-b8f2-1c28730a9bad', 'code': 200}
2026-04-07 01:16:43.048 9 INFO neutron.notifiers.nova [-] Nova event matching ['req-3ca84356-83ae-4fc2-b61e-e26b59c15431'] response: {'server_uuid': 'b3ca13f8-5592-4465-b151-f90771319d7e', 'name': 'network-vif-plugged', 'status': 'completed', 'tag': '7075112d-6747-4eea-b8f2-1c28730a9bad', 'code': 200}
2026-04-07 01:16:43.103 9 INFO neutron.wsgi [None req-b63fcafe-242a-4999-ac27-5ee9d2866669 3c33899970d241c6a7a3e65063d0e430 861374040eab458bb37e4cf587b1cb6c - - default default] 10.0.0.217 "GET /v2.0/security-groups HTTP/1.1" status: 200 len: 29190 time: 0.0449445
2026-04-07 01:16:43.158 9 INFO neutron.wsgi [None req-fd141b93-6fbf-40dc-a63d-2ff8ae1c635e 3c33899970d241c6a7a3e65063d0e430 861374040eab458bb37e4cf587b1cb6c - - default default] 10.0.0.217 "GET /v2.0/subnets HTTP/1.1" status: 200 len: 6757 time: 0.0488653
2026-04-07 01:16:43.205 10 INFO neutron.wsgi [req-3180d2cc-67a8-4fef-9830-af594d7170f0 req-cb0aad56-8c9d-46f8-9bb2-6e0c51eb9548 d2dc9eb7b66f4128bfd67704d1328443 7ca4ff03dec4424fbf65d9ff97fefae8 - - default default] 10.0.0.32 "GET /v2.0/security-groups?id=7bcf86f2-2434-4386-9f12-dc4f8b45f7a9&fields=id&fields=name HTTP/1.1" status: 200 len: 286 time: 0.1559463
2026-04-07 01:16:43.266 9 INFO neutron.wsgi [None req-5c985755-2167-484a-92f7-60bd63579ab0 3c33899970d241c6a7a3e65063d0e430 861374040eab458bb37e4cf587b1cb6c - - default default] 10.0.0.217 "GET /v2.0/ports HTTP/1.1" status: 200 len: 15718 time: 0.1042297
2026-04-07 01:16:43.296 10 INFO neutron.services.segments.plugin [-] Segment 070ac04b-c6ed-41c2-bf30-9eceb6ad9552 resource provider aggregate not found
2026-04-07 01:16:43.297 9 INFO neutron.wsgi [None req-02620659-c945-461e-95d1-b75e1669d969 3c33899970d241c6a7a3e65063d0e430 861374040eab458bb37e4cf587b1cb6c - - default default] 10.0.0.217 "GET /v2.0/agents HTTP/1.1" status: 200 len: 1390 time: 0.0171993
2026-04-07 01:16:43.301 10 INFO neutron.services.segments.plugin [-] Segment 070ac04b-c6ed-41c2-bf30-9eceb6ad9552 resource provider aggregate not found
2026-04-07 01:16:43.314 9 INFO neutron.wsgi [None req-d3b49a18-2679-49ea-9725-a613ff8eb1e1 3c33899970d241c6a7a3e65063d0e430 861374040eab458bb37e4cf587b1cb6c - - default default] 10.0.0.217 "GET /v2.0/network-ip-availabilities HTTP/1.1" status: 200 len: 5061 time: 0.0157101
2026-04-07 01:16:43.319 10 INFO neutron.services.segments.plugin [-] Segment 070ac04b-c6ed-41c2-bf30-9eceb6ad9552 resource provider not found; error: Placement Client Error (4xx): {"errors": [{"status": 404, "title": "Not Found", "detail": "The resource could not be found.\n\n No resource provider with uuid 070ac04b-c6ed-41c2-bf30-9eceb6ad9552 found for delete ", "request_id": "req-5219abf8-df5a-408c-ac9a-0b172fe9d9f4"}]}
2026-04-07 01:16:43.321 10 INFO neutron.services.segments.plugin [-] Segment 070ac04b-c6ed-41c2-bf30-9eceb6ad9552 resource provider not found; error: Placement Client Error (4xx): {"errors": [{"status": 404, "title": "Not Found", "detail": "The resource could not be found.\n\n No resource provider with uuid 070ac04b-c6ed-41c2-bf30-9eceb6ad9552 found for delete ", "request_id": "req-caf87d30-273b-44f3-8721-a806146e20f1"}]}
2026-04-07 01:16:43.344 9 INFO neutron.wsgi [None req-462d82a0-4261-4b79-8ddb-0d19b9b394b9 3c33899970d241c6a7a3e65063d0e430 861374040eab458bb37e4cf587b1cb6c - - default default] 10.0.0.217 "GET /v2.0/floatingips HTTP/1.1" status: 200 len: 193 time: 0.0277889
2026-04-07 01:16:43.352 10 WARNING neutron.scheduler.dhcp_agent_scheduler [None req-ff46f27f-2457-4d1d-aa9d-a168339d6fc5 f446e4beedd4408f85299ce7d2f62c30 148851e9077f46df9591f81360bdd785 - - default default] No more DHCP agents
2026-04-07 01:16:43.359 10 WARNING neutron.api.rpc.agentnotifiers.dhcp_rpc_agent_api [None req-ff46f27f-2457-4d1d-aa9d-a168339d6fc5 f446e4beedd4408f85299ce7d2f62c30 148851e9077f46df9591f81360bdd785 - - default default] Unable to schedule network 72ed7628-a851-45a5-b5cc-13ade4d1ed2e: no agents available; will retry on subsequent port and subnet creation events.
2026-04-07 01:16:43.392 10 INFO neutron.wsgi [None req-27c5de92-caeb-4fd5-8970-fb15939efa7c 1d1452b3dde9426ea104f640b319eb31 07ae281d6e4e4f8fb10d5fdd2b1b1b99 - - default default] 10.0.0.132 "DELETE /v2.0/networks/d78f588b-4b7f-4872-99b9-f70e813a1df9 HTTP/1.1" status: 204 len: 168 time: 0.8906102
2026-04-07 01:16:43.410 9 WARNING neutron_lib.context [None req-64a4dcc5-d319-4f59-91d4-3f7cdddc0eac 1d1452b3dde9426ea104f640b319eb31 07ae281d6e4e4f8fb10d5fdd2b1b1b99 - - default default] Method 'is_advsvc' is deprecated since 2023.2 release (neutron-lib 3.8.0) and will be removed once support for the old RBAC API policies will be removed from Neutron. Please use method 'is_service_role' instead.
2026-04-07 01:16:43.488 9 INFO neutron.db.segments_db [None req-64a4dcc5-d319-4f59-91d4-3f7cdddc0eac 1d1452b3dde9426ea104f640b319eb31 07ae281d6e4e4f8fb10d5fdd2b1b1b99 - - default default] Added segment c9c5eb48-3a70-4dc9-8bce-9986df7dfeb3 of type geneve for network 25cd03a0-3373-4988-afeb-7a4a1ec0c154
2026-04-07 01:16:43.621 9 INFO neutron.db.ovn_revision_numbers_db [None req-64a4dcc5-d319-4f59-91d4-3f7cdddc0eac 1d1452b3dde9426ea104f640b319eb31 07ae281d6e4e4f8fb10d5fdd2b1b1b99 - - default default] Successfully bumped revision number for resource 25cd03a0-3373-4988-afeb-7a4a1ec0c154 (type: networks) to 1
2026-04-07 01:16:43.679 10 INFO neutron.db.ovn_revision_numbers_db [None req-ff46f27f-2457-4d1d-aa9d-a168339d6fc5 f446e4beedd4408f85299ce7d2f62c30 148851e9077f46df9591f81360bdd785 - - default default] Successfully bumped revision number for resource c66427b6-837c-4ff6-94c8-3d5eff990f47 (type: ports) to 1
2026-04-07 01:16:43.720 10 INFO neutron.wsgi [None req-ff46f27f-2457-4d1d-aa9d-a168339d6fc5 f446e4beedd4408f85299ce7d2f62c30 148851e9077f46df9591f81360bdd785 - - default default] 10.0.0.132 "POST /v2.0/networks HTTP/1.1" status: 201 len: 830 time: 1.1980915
2026-04-07 01:16:43.731 10 WARNING neutron_lib.context [None req-3d2dc635-4f08-4d13-9f60-93b6a9689183 f446e4beedd4408f85299ce7d2f62c30 148851e9077f46df9591f81360bdd785 - - default default] Method 'is_advsvc' is deprecated since 2023.2 release (neutron-lib 3.8.0) and will be removed once support for the old RBAC API policies will be removed from Neutron. Please use method 'is_service_role' instead.
2026-04-07 01:16:43.814 9 WARNING neutron.scheduler.dhcp_agent_scheduler [None req-64a4dcc5-d319-4f59-91d4-3f7cdddc0eac 1d1452b3dde9426ea104f640b319eb31 07ae281d6e4e4f8fb10d5fdd2b1b1b99 - - default default] No more DHCP agents
2026-04-07 01:16:43.816 9 WARNING neutron.api.rpc.agentnotifiers.dhcp_rpc_agent_api [None req-64a4dcc5-d319-4f59-91d4-3f7cdddc0eac 1d1452b3dde9426ea104f640b319eb31 07ae281d6e4e4f8fb10d5fdd2b1b1b99 - - default default] Unable to schedule network 25cd03a0-3373-4988-afeb-7a4a1ec0c154: no agents available; will retry on subsequent port and subnet creation events.
2026-04-07 01:16:43.897 9 INFO neutron.db.ovn_revision_numbers_db [None req-64a4dcc5-d319-4f59-91d4-3f7cdddc0eac 1d1452b3dde9426ea104f640b319eb31 07ae281d6e4e4f8fb10d5fdd2b1b1b99 - - default default] Successfully bumped revision number for resource 2ca85a09-6b3c-417c-ae9a-35544399bd39 (type: ports) to 1
2026-04-07 01:16:43.919 9 INFO neutron.wsgi [None req-64a4dcc5-d319-4f59-91d4-3f7cdddc0eac 1d1452b3dde9426ea104f640b319eb31 07ae281d6e4e4f8fb10d5fdd2b1b1b99 - - default default] 10.0.0.132 "POST /v2.0/networks HTTP/1.1" status: 201 len: 831 time: 0.5156612
2026-04-07 01:16:43.933 9 WARNING neutron_lib.context [None req-50eaad37-3b7a-405d-b4c3-13a14753179c 1d1452b3dde9426ea104f640b319eb31 07ae281d6e4e4f8fb10d5fdd2b1b1b99 - - default default] Method 'is_advsvc' is deprecated since 2023.2 release (neutron-lib 3.8.0) and will be removed once support for the old RBAC API policies will be removed from Neutron. Please use method 'is_service_role' instead.
2026-04-07 01:16:43.975 10 WARNING neutron.scheduler.dhcp_agent_scheduler [None req-dc9c9608-4db6-4e15-bc77-40bb7a08bc11 126075eba3814b49a018ef6a2b5ffb92 53f37f422473403ebbed56f25860d3c1 - - default default] No more DHCP agents
2026-04-07 01:16:43.984 10 WARNING neutron.api.rpc.agentnotifiers.dhcp_rpc_agent_api [None req-dc9c9608-4db6-4e15-bc77-40bb7a08bc11 126075eba3814b49a018ef6a2b5ffb92 53f37f422473403ebbed56f25860d3c1 - - default default] Unable to schedule network cca0ecd5-d140-4eac-ad01-051bd5107ae7: no agents available; will retry on subsequent port and subnet creation events.
2026-04-07 01:16:44.017 10 WARNING neutron.scheduler.dhcp_agent_scheduler [None req-3d2dc635-4f08-4d13-9f60-93b6a9689183 f446e4beedd4408f85299ce7d2f62c30 148851e9077f46df9591f81360bdd785 - - default default] No more DHCP agents
2026-04-07 01:16:44.021 10 WARNING neutron.api.rpc.agentnotifiers.dhcp_rpc_agent_api [None req-3d2dc635-4f08-4d13-9f60-93b6a9689183 f446e4beedd4408f85299ce7d2f62c30 148851e9077f46df9591f81360bdd785 - - default default] Unable to schedule network 72ed7628-a851-45a5-b5cc-13ade4d1ed2e: no agents available; will retry on subsequent port and subnet creation events.
2026-04-07 01:16:44.195 9 WARNING neutron.scheduler.dhcp_agent_scheduler [None req-50eaad37-3b7a-405d-b4c3-13a14753179c 1d1452b3dde9426ea104f640b319eb31 07ae281d6e4e4f8fb10d5fdd2b1b1b99 - - default default] No more DHCP agents
2026-04-07 01:16:44.197 9 WARNING neutron.api.rpc.agentnotifiers.dhcp_rpc_agent_api [None req-50eaad37-3b7a-405d-b4c3-13a14753179c 1d1452b3dde9426ea104f640b319eb31 07ae281d6e4e4f8fb10d5fdd2b1b1b99 - - default default] Unable to schedule network 25cd03a0-3373-4988-afeb-7a4a1ec0c154: no agents available; will retry on subsequent port and subnet creation events.
2026-04-07 01:16:44.201 10 INFO neutron.db.ovn_revision_numbers_db [None req-dc9c9608-4db6-4e15-bc77-40bb7a08bc11 126075eba3814b49a018ef6a2b5ffb92 53f37f422473403ebbed56f25860d3c1 - - default default] Successfully bumped revision number for resource 5d21546e-17a6-4f79-b589-79f23bc6d9d5 (type: ports) to 1
2026-04-07 01:16:44.389 10 INFO neutron.wsgi [req-117f0593-7607-4809-96bd-3d6937f5ee08 req-d71993d6-e046-4195-8c3e-6b37a44cfb6d d2dc9eb7b66f4128bfd67704d1328443 7ca4ff03dec4424fbf65d9ff97fefae8 - - default default] 10.0.0.32 "GET /v2.0/ports?device_id=b3ca13f8-5592-4465-b151-f90771319d7e HTTP/1.1" status: 200 len: 1174 time: 0.0908251
2026-04-07 01:16:44.489 10 INFO neutron.wsgi [req-117f0593-7607-4809-96bd-3d6937f5ee08 req-ad8c96f0-1066-494f-810b-de7e0a54d10c d2dc9eb7b66f4128bfd67704d1328443 7ca4ff03dec4424fbf65d9ff97fefae8 - - default default] 10.0.0.32 "GET /v2.0/security-groups?id=7bcf86f2-2434-4386-9f12-dc4f8b45f7a9&fields=id&fields=name HTTP/1.1" status: 200 len: 286 time: 0.0896862
2026-04-07 01:16:44.802 9 INFO neutron.db.ovn_revision_numbers_db [None req-50eaad37-3b7a-405d-b4c3-13a14753179c 1d1452b3dde9426ea104f640b319eb31 07ae281d6e4e4f8fb10d5fdd2b1b1b99 - - default default] Successfully bumped revision number for resource 2ca85a09-6b3c-417c-ae9a-35544399bd39 (type: ports) to 2
2026-04-07 01:16:44.860 9 INFO neutron.db.ovn_revision_numbers_db [None req-50eaad37-3b7a-405d-b4c3-13a14753179c 1d1452b3dde9426ea104f640b319eb31 07ae281d6e4e4f8fb10d5fdd2b1b1b99 - - default default] Successfully bumped revision number for resource 4d5494e0-9f0b-424c-9c41-107a8e8594d2 (type: subnets) to 0
2026-04-07 01:16:44.878 9 INFO neutron.wsgi [None req-50eaad37-3b7a-405d-b4c3-13a14753179c 1d1452b3dde9426ea104f640b319eb31 07ae281d6e4e4f8fb10d5fdd2b1b1b99 - - default default] 10.0.0.132 "POST /v2.0/subnets HTTP/1.1" status: 201 len: 801 time: 0.9517899
2026-04-07 01:16:44.889 9 WARNING neutron_lib.context [None req-08fab5b7-484c-4daf-8db6-f56400eafc55 1d1452b3dde9426ea104f640b319eb31 07ae281d6e4e4f8fb10d5fdd2b1b1b99 - - default default] Method 'is_advsvc' is deprecated since 2023.2 release (neutron-lib 3.8.0) and will be removed once support for the old RBAC API policies will be removed from Neutron. Please use method 'is_service_role' instead.
2026-04-07 01:16:45.107 9 INFO neutron.plugins.ml2.drivers.ovn.mech_driver.mech_driver [None req-5b9af7c6-20dd-4098-87d7-79e5eb144456 - - - - - -] OVN reports status down for port: 7075112d-6747-4eea-b8f2-1c28730a9bad
2026-04-07 01:16:45.124 10 INFO neutron.wsgi [req-8c5d5061-b69e-4207-b650-33d795c8b1bb req-ec56301c-0ab5-4980-96ba-44788c211c37 d2dc9eb7b66f4128bfd67704d1328443 7ca4ff03dec4424fbf65d9ff97fefae8 - - default default] 10.0.0.32 "GET /v2.0/ports?device_id=b3ca13f8-5592-4465-b151-f90771319d7e HTTP/1.1" status: 200 len: 1174 time: 0.0694487
2026-04-07 01:16:45.214 10 INFO neutron.wsgi [req-8c5d5061-b69e-4207-b650-33d795c8b1bb req-92763101-76f6-4072-bf69-c418564c0d22 d2dc9eb7b66f4128bfd67704d1328443 7ca4ff03dec4424fbf65d9ff97fefae8 - - default default] 10.0.0.32 "GET /v2.0/security-groups?id=7bcf86f2-2434-4386-9f12-dc4f8b45f7a9&fields=id&fields=name HTTP/1.1" status: 200 len: 286 time: 0.0777309
2026-04-07 01:16:45.259 9 WARNING neutron.scheduler.dhcp_agent_scheduler [None req-08fab5b7-484c-4daf-8db6-f56400eafc55 1d1452b3dde9426ea104f640b319eb31 07ae281d6e4e4f8fb10d5fdd2b1b1b99 - - default default] No more DHCP agents
2026-04-07 01:16:45.262 9 WARNING neutron.api.rpc.agentnotifiers.dhcp_rpc_agent_api [None req-08fab5b7-484c-4daf-8db6-f56400eafc55 1d1452b3dde9426ea104f640b319eb31 07ae281d6e4e4f8fb10d5fdd2b1b1b99 - - default default] Unable to schedule network 25cd03a0-3373-4988-afeb-7a4a1ec0c154: no agents available; will retry on subsequent port and subnet creation events.
2026-04-07 01:16:45.279 10 INFO neutron.db.ovn_revision_numbers_db [None req-3d2dc635-4f08-4d13-9f60-93b6a9689183 f446e4beedd4408f85299ce7d2f62c30 148851e9077f46df9591f81360bdd785 - - default default] Successfully bumped revision number for resource c66427b6-837c-4ff6-94c8-3d5eff990f47 (type: ports) to 2
2026-04-07 01:16:45.299 9 INFO neutron.notifiers.nova [-] Nova event matching ['req-b145bb00-b211-4d37-89e8-49e5cddcd7ea'] response: {'server_uuid': 'b3ca13f8-5592-4465-b151-f90771319d7e', 'name': 'network-vif-unplugged', 'status': 'completed', 'tag': '7075112d-6747-4eea-b8f2-1c28730a9bad', 'code': 200}
2026-04-07 01:16:45.330 10 INFO neutron.db.ovn_revision_numbers_db [None req-3d2dc635-4f08-4d13-9f60-93b6a9689183 f446e4beedd4408f85299ce7d2f62c30 148851e9077f46df9591f81360bdd785 - - default default] Successfully bumped revision number for resource c9241994-317d-435f-93f0-0b800f5e1209 (type: subnets) to 0
2026-04-07 01:16:45.344 10 INFO neutron.wsgi [None req-3d2dc635-4f08-4d13-9f60-93b6a9689183 f446e4beedd4408f85299ce7d2f62c30 148851e9077f46df9591f81360bdd785 - - default default] 10.0.0.132 "POST /v2.0/subnets HTTP/1.1" status: 201 len: 804 time: 1.6176586
2026-04-07 01:16:45.355 9 WARNING neutron_lib.context [None req-ecab0140-888a-4964-bc38-c74dbbe5c1c8 f446e4beedd4408f85299ce7d2f62c30 148851e9077f46df9591f81360bdd785 - - default default] Method 'is_advsvc' is deprecated since 2023.2 release (neutron-lib 3.8.0) and will be removed once support for the old RBAC API policies will be removed from Neutron. Please use method 'is_service_role' instead.
2026-04-07 01:16:45.540 9 INFO neutron.db.segments_db [None req-ecab0140-888a-4964-bc38-c74dbbe5c1c8 f446e4beedd4408f85299ce7d2f62c30 148851e9077f46df9591f81360bdd785 - - default default] Added segment 97359203-47db-4a93-a155-f9cdc7cf427c of type geneve for network 03271781-7faf-4c78-b370-b193d3f322f1
2026-04-07 01:16:45.565 9 INFO neutron.db.ovn_revision_numbers_db [None req-08fab5b7-484c-4daf-8db6-f56400eafc55 1d1452b3dde9426ea104f640b319eb31 07ae281d6e4e4f8fb10d5fdd2b1b1b99 - - default default] Successfully bumped revision number for resource 5450d506-426b-40bc-acb3-da4db25f8305 (type: ports) to 1
2026-04-07 01:16:45.573 9 INFO neutron.wsgi [req-83a957d9-e3ee-4755-9f69-9c66d7d12ff5 req-4d5fe3cd-96be-49c9-8771-419620d94000 d2dc9eb7b66f4128bfd67704d1328443 7ca4ff03dec4424fbf65d9ff97fefae8 - - default default] 199.19.213.14 "GET /v2.0/ports?device_id=b3ca13f8-5592-4465-b151-f90771319d7e HTTP/1.1" status: 200 len: 1172 time: 0.1857107
2026-04-07 01:16:45.581 10 INFO neutron.plugins.ml2.drivers.ovn.mech_driver.ovsdb.commands [None req-0a36d880-7912-4988-bdb6-a482c83bd3d5 - - - - - -] Schedule LRP lrp-5d21546e-17a6-4f79-b589-79f23bc6d9d5 on gateway 11e93b16-de78-4d73-83eb-73da190601c9 with priority 1
2026-04-07 01:16:45.593 10 INFO neutron.plugins.ml2.drivers.ovn.mech_driver.mech_driver [None req-04cb8f12-12e9-471a-a750-65592ed9193b - - - - - -] OVN reports status up for port: 5d21546e-17a6-4f79-b589-79f23bc6d9d5
2026-04-07 01:16:45.609 10 INFO neutron.plugins.ml2.drivers.ovn.mech_driver.ovsdb.ovsdb_monitor [None req-b9aa3d9b-4462-4127-b19b-47d60bed1d5f - - - - - -] Router b2784326-6772-41a2-befc-5766d39f3729 is bound to host instance
2026-04-07 01:16:45.622 10 INFO neutron.plugins.ml2.plugin [None req-04cb8f12-12e9-471a-a750-65592ed9193b - - - - - -] Attempt 1 to provision port 5d21546e-17a6-4f79-b589-79f23bc6d9d5
2026-04-07 01:16:45.628 9 INFO neutron.db.ovn_revision_numbers_db [None req-5b9af7c6-20dd-4098-87d7-79e5eb144456 - - - - - -] Successfully bumped revision number for resource 7075112d-6747-4eea-b8f2-1c28730a9bad (type: ports) to 5
2026-04-07 01:16:45.631 9 INFO neutron.wsgi [None req-08fab5b7-484c-4daf-8db6-f56400eafc55 1d1452b3dde9426ea104f640b319eb31 07ae281d6e4e4f8fb10d5fdd2b1b1b99 - - default default] 10.0.0.132 "POST /v2.0/ports HTTP/1.1" status: 201 len: 1114 time: 0.7478554
2026-04-07 01:16:45.642 10 INFO neutron.db.ovn_revision_numbers_db [None req-dc9c9608-4db6-4e15-bc77-40bb7a08bc11 126075eba3814b49a018ef6a2b5ffb92 53f37f422473403ebbed56f25860d3c1 - - default default] Successfully bumped revision number for resource 5d21546e-17a6-4f79-b589-79f23bc6d9d5 (type: router_ports) to 1
2026-04-07 01:16:45.774 10 INFO neutron.db.ovn_revision_numbers_db [None req-dc9c9608-4db6-4e15-bc77-40bb7a08bc11 126075eba3814b49a018ef6a2b5ffb92 53f37f422473403ebbed56f25860d3c1 - - default default] Successfully bumped revision number for resource b2784326-6772-41a2-befc-5766d39f3729 (type: routers) to 2
2026-04-07 01:16:45.801 9 INFO neutron.db.ovn_revision_numbers_db [None req-ecab0140-888a-4964-bc38-c74dbbe5c1c8 f446e4beedd4408f85299ce7d2f62c30 148851e9077f46df9591f81360bdd785 - - default default] Successfully bumped revision number for resource 03271781-7faf-4c78-b370-b193d3f322f1 (type: networks) to 1
2026-04-07 01:16:45.817 10 INFO neutron.wsgi [None req-dc9c9608-4db6-4e15-bc77-40bb7a08bc11 126075eba3814b49a018ef6a2b5ffb92 53f37f422473403ebbed56f25860d3c1 - - default default] 10.0.0.132 "POST /v2.0/routers HTTP/1.1" status: 201 len: 1143 time: 2.9200466 /var/lib/openstack/lib/python3.10/site-packages/pycadf/identifier.py:71: UserWarning: Invalid uuid: neutron. To ensure interoperability, identifiers should be a valid uuid. warnings.warn(('Invalid uuid: %s. To ensure interoperability, '
2026-04-07 01:16:46.370 10 INFO neutron.wsgi [req-fad5f8f1-66fe-42a6-a495-a9f359e42536 req-92102fdd-932c-493c-8e50-ea6989ce49c7 d2dc9eb7b66f4128bfd67704d1328443 7ca4ff03dec4424fbf65d9ff97fefae8 - - default default] 10.0.0.32 "GET /v2.0/ports?device_id=b3ca13f8-5592-4465-b151-f90771319d7e HTTP/1.1" status: 200 len: 1172 time: 0.0505302
2026-04-07 01:16:46.405 10 INFO neutron.db.ovn_revision_numbers_db [None req-b9aa3d9b-4462-4127-b19b-47d60bed1d5f - - - - - -] Successfully bumped revision number for resource 5d21546e-17a6-4f79-b589-79f23bc6d9d5 (type: ports) to 1
2026-04-07 01:16:46.437 10 INFO neutron.wsgi [req-fad5f8f1-66fe-42a6-a495-a9f359e42536 req-c49c0de6-1c5c-434f-9139-14e5705aaf2e d2dc9eb7b66f4128bfd67704d1328443 7ca4ff03dec4424fbf65d9ff97fefae8 - - default default] 10.0.0.32 "GET /v2.0/security-groups?id=7bcf86f2-2434-4386-9f12-dc4f8b45f7a9&fields=id&fields=name HTTP/1.1" status: 200 len: 286 time: 0.0540199
2026-04-07 01:16:46.443 9 WARNING neutron.scheduler.dhcp_agent_scheduler [None req-ecab0140-888a-4964-bc38-c74dbbe5c1c8 f446e4beedd4408f85299ce7d2f62c30 148851e9077f46df9591f81360bdd785 - - default default] No more DHCP agents
2026-04-07 01:16:46.451 9 WARNING neutron.api.rpc.agentnotifiers.dhcp_rpc_agent_api [None req-ecab0140-888a-4964-bc38-c74dbbe5c1c8 f446e4beedd4408f85299ce7d2f62c30 148851e9077f46df9591f81360bdd785 - - default default] Unable to schedule network 03271781-7faf-4c78-b370-b193d3f322f1: no agents available; will retry on subsequent port and subnet creation events.
2026-04-07 01:16:46.566 9 INFO neutron.wsgi [req-83a957d9-e3ee-4755-9f69-9c66d7d12ff5 req-1b061621-e46c-49d9-8e67-1f3c7b33c250 d2dc9eb7b66f4128bfd67704d1328443 7ca4ff03dec4424fbf65d9ff97fefae8 - - default default] 199.19.213.14 "DELETE /v2.0/ports/7075112d-6747-4eea-b8f2-1c28730a9bad HTTP/1.1" status: 204 len: 173 time: 0.9803264
2026-04-07 01:16:46.619 9 INFO neutron.wsgi [None req-01069c3a-6f05-4944-8bfa-8d3d2adb16d1 1d1452b3dde9426ea104f640b319eb31 07ae281d6e4e4f8fb10d5fdd2b1b1b99 - - default default] 10.0.0.132 "DELETE /v2.0/ports/5450d506-426b-40bc-acb3-da4db25f8305 HTTP/1.1" status: 204 len: 168 time: 0.9771097
2026-04-07 01:16:46.619 9 INFO neutron.db.ovn_revision_numbers_db [None req-ecab0140-888a-4964-bc38-c74dbbe5c1c8 f446e4beedd4408f85299ce7d2f62c30 148851e9077f46df9591f81360bdd785 - - default default] Successfully bumped revision number for resource 00a17890-4355-405e-9672-c2ea71ea9811 (type: ports) to 1
2026-04-07 01:16:46.660 10 INFO neutron.pecan_wsgi.hooks.translation [None req-1e3fb7bd-97b3-4d8f-b0c5-f203ec02606c 1d1452b3dde9426ea104f640b319eb31 07ae281d6e4e4f8fb10d5fdd2b1b1b99 - - default default] GET failed (client error): The resource could not be found.
2026-04-07 01:16:46.661 10 INFO neutron.wsgi [None req-1e3fb7bd-97b3-4d8f-b0c5-f203ec02606c 1d1452b3dde9426ea104f640b319eb31 07ae281d6e4e4f8fb10d5fdd2b1b1b99 - - default default] 10.0.0.132 "GET /v2.0/ports/5450d506-426b-40bc-acb3-da4db25f8305 HTTP/1.1" status: 404 len: 333 time: 0.0203555
2026-04-07 01:16:46.676 9 INFO neutron.wsgi [None req-ecab0140-888a-4964-bc38-c74dbbe5c1c8 f446e4beedd4408f85299ce7d2f62c30 148851e9077f46df9591f81360bdd785 - - default default] 10.0.0.132 "POST /v2.0/networks HTTP/1.1" status: 201 len: 831 time: 1.3246105
2026-04-07 01:16:46.690 9 WARNING neutron_lib.context [None req-8a66690c-f162-4f94-808c-02f4512fc624 f446e4beedd4408f85299ce7d2f62c30 148851e9077f46df9591f81360bdd785 - - default default] Method 'is_advsvc' is deprecated since 2023.2 release (neutron-lib 3.8.0) and will be removed once support for the old RBAC API policies will be removed from Neutron. Please use method 'is_service_role' instead.
2026-04-07 01:16:46.992 10 INFO neutron.db.ovn_revision_numbers_db [None req-b9aa3d9b-4462-4127-b19b-47d60bed1d5f - - - - - -] Successfully bumped revision number for resource 5d21546e-17a6-4f79-b589-79f23bc6d9d5 (type: router_ports) to 3
2026-04-07 01:16:47.093 9 INFO neutron.wsgi [None req-028a1682-e6a6-4d04-8111-5a5bba19f907 1d1452b3dde9426ea104f640b319eb31 07ae281d6e4e4f8fb10d5fdd2b1b1b99 - - default default] 10.0.0.132 "DELETE /v2.0/subnets/4d5494e0-9f0b-424c-9c41-107a8e8594d2 HTTP/1.1" status: 204 len: 168 time: 0.4268742
2026-04-07 01:16:47.104 9 WARNING neutron.scheduler.dhcp_agent_scheduler [None req-8a66690c-f162-4f94-808c-02f4512fc624 f446e4beedd4408f85299ce7d2f62c30 148851e9077f46df9591f81360bdd785 - - default default] No more DHCP agents
2026-04-07 01:16:47.124 9 WARNING neutron.api.rpc.agentnotifiers.dhcp_rpc_agent_api [None req-8a66690c-f162-4f94-808c-02f4512fc624 f446e4beedd4408f85299ce7d2f62c30 148851e9077f46df9591f81360bdd785 - - default default] Unable to schedule network 03271781-7faf-4c78-b370-b193d3f322f1: no agents available; will retry on subsequent port and subnet creation events.
2026-04-07 01:16:47.268 10 INFO neutron.db.ovn_revision_numbers_db [None req-b9aa3d9b-4462-4127-b19b-47d60bed1d5f - - - - - -] Successfully bumped revision number for resource 5d21546e-17a6-4f79-b589-79f23bc6d9d5 (type: ports) to 2
2026-04-07 01:16:47.383 9 INFO neutron.notifiers.nova [-] Nova event matching ['req-746ace6e-3200-4bbc-94b9-989fa85aaa64'] response: {'server_uuid': 'b3ca13f8-5592-4465-b151-f90771319d7e', 'name': 'network-vif-unplugged', 'status': 'completed', 'tag': '7075112d-6747-4eea-b8f2-1c28730a9bad', 'code': 200}
2026-04-07 01:16:47.383 9 INFO neutron.notifiers.nova [-] Nova event matching ['req-746ace6e-3200-4bbc-94b9-989fa85aaa64'] response: {'server_uuid': 'b3ca13f8-5592-4465-b151-f90771319d7e', 'name': 'network-vif-deleted', 'tag': '7075112d-6747-4eea-b8f2-1c28730a9bad', 'status': 'completed', 'code': 200}
2026-04-07 01:16:47.451 9 WARNING neutron.scheduler.dhcp_agent_scheduler [None req-b871814e-2617-4873-843c-74b6b0069700 126075eba3814b49a018ef6a2b5ffb92 53f37f422473403ebbed56f25860d3c1 - - default default] No more DHCP agents
2026-04-07 01:16:47.456 9 WARNING neutron.api.rpc.agentnotifiers.dhcp_rpc_agent_api [None req-b871814e-2617-4873-843c-74b6b0069700 126075eba3814b49a018ef6a2b5ffb92 53f37f422473403ebbed56f25860d3c1 - - default default] Unable to schedule network 2b92f093-66b9-426e-b13b-2ed0f3ea854e: no agents available; will retry on subsequent port and subnet creation events.
2026-04-07 01:16:47.648 10 INFO neutron.db.ovn_revision_numbers_db [None req-b9aa3d9b-4462-4127-b19b-47d60bed1d5f - - - - - -] Successfully bumped revision number for resource 5d21546e-17a6-4f79-b589-79f23bc6d9d5 (type: ports) to 4
2026-04-07 01:16:47.730 9 INFO neutron.db.ovn_revision_numbers_db [None req-b871814e-2617-4873-843c-74b6b0069700 126075eba3814b49a018ef6a2b5ffb92 53f37f422473403ebbed56f25860d3c1 - - default default] Successfully bumped revision number for resource 7ba929ea-4d23-46fb-a786-4da6c8755784 (type: ports) to 1
2026-04-07 01:16:47.893 10 INFO neutron.db.ovn_revision_numbers_db [None req-b9aa3d9b-4462-4127-b19b-47d60bed1d5f - - - - - -] Successfully bumped revision number for resource 5d21546e-17a6-4f79-b589-79f23bc6d9d5 (type: router_ports) to 4
2026-04-07 01:16:48.015 9 INFO neutron.services.segments.plugin [-] Segment c9c5eb48-3a70-4dc9-8bce-9986df7dfeb3 resource provider aggregate not found
2026-04-07 01:16:48.019 9 INFO neutron.services.segments.plugin [-] Segment c9c5eb48-3a70-4dc9-8bce-9986df7dfeb3 resource provider aggregate not found
2026-04-07 01:16:48.038 9 INFO neutron.services.segments.plugin [-] Segment c9c5eb48-3a70-4dc9-8bce-9986df7dfeb3 resource provider not found; error: Placement Client Error (4xx): {"errors": [{"status": 404, "title": "Not Found", "detail": "The resource could not be found.\n\n No resource provider with uuid c9c5eb48-3a70-4dc9-8bce-9986df7dfeb3 found for delete ", "request_id": "req-ce738687-4bb3-44da-88e8-fa631b7c4d72"}]}
2026-04-07 01:16:48.047 9 INFO neutron.services.segments.plugin [-] Segment c9c5eb48-3a70-4dc9-8bce-9986df7dfeb3 resource provider not found; error: Placement Client Error (4xx): {"errors": [{"status": 404, "title": "Not Found", "detail": "The resource could not be found.\n\n No resource provider with uuid c9c5eb48-3a70-4dc9-8bce-9986df7dfeb3 found for delete ", "request_id": "req-69981ea6-5432-4923-a76e-de26f7a3ef38"}]}
2026-04-07 01:16:48.056 9 INFO neutron.wsgi [None req-fe85a70b-808a-4173-8c92-a2425bffc165 1d1452b3dde9426ea104f640b319eb31 07ae281d6e4e4f8fb10d5fdd2b1b1b99 - - default default] 10.0.0.132 "DELETE /v2.0/networks/25cd03a0-3373-4988-afeb-7a4a1ec0c154 HTTP/1.1" status: 204 len: 168 time: 0.9529455
2026-04-07 01:16:48.072 10 WARNING neutron_lib.context [None req-29d63432-56b8-47d1-b1bc-a5c58c388f04 1d1452b3dde9426ea104f640b319eb31 07ae281d6e4e4f8fb10d5fdd2b1b1b99 - - default default] Method 'is_advsvc' is deprecated since 2023.2 release (neutron-lib 3.8.0) and will be removed once support for the old RBAC API policies will be removed from Neutron. Please use method 'is_service_role' instead.
2026-04-07 01:16:48.192 9 INFO neutron.db.ovn_revision_numbers_db [None req-8a66690c-f162-4f94-808c-02f4512fc624 f446e4beedd4408f85299ce7d2f62c30 148851e9077f46df9591f81360bdd785 - - default default] Successfully bumped revision number for resource 00a17890-4355-405e-9672-c2ea71ea9811 (type: ports) to 2
2026-04-07 01:16:48.239 9 INFO neutron.db.ovn_revision_numbers_db [None req-8a66690c-f162-4f94-808c-02f4512fc624 f446e4beedd4408f85299ce7d2f62c30 148851e9077f46df9591f81360bdd785 - - default default] Successfully bumped revision number for resource cc14b1a3-da60-4472-927e-0c3f0b006aca (type: subnets) to 0
2026-04-07 01:16:48.260 9 INFO neutron.wsgi [None req-8a66690c-f162-4f94-808c-02f4512fc624 f446e4beedd4408f85299ce7d2f62c30 148851e9077f46df9591f81360bdd785 - - default default] 10.0.0.132 "POST /v2.0/subnets HTTP/1.1" status: 201 len: 804 time: 1.5738502
2026-04-07 01:16:48.275 10 WARNING neutron_lib.context [None req-369a67a0-8466-41ee-869b-a0c718288e65 f446e4beedd4408f85299ce7d2f62c30 148851e9077f46df9591f81360bdd785 - - default default] Method 'is_advsvc' is deprecated since 2023.2 release (neutron-lib 3.8.0) and will be removed once support for the old RBAC API policies will be removed from Neutron. Please use method 'is_service_role' instead.
2026-04-07 01:16:48.367 10 WARNING neutron.scheduler.dhcp_agent_scheduler [None req-29d63432-56b8-47d1-b1bc-a5c58c388f04 1d1452b3dde9426ea104f640b319eb31 07ae281d6e4e4f8fb10d5fdd2b1b1b99 - - default default] No more DHCP agents
2026-04-07 01:16:48.370 10 WARNING neutron.api.rpc.agentnotifiers.dhcp_rpc_agent_api [None req-29d63432-56b8-47d1-b1bc-a5c58c388f04 1d1452b3dde9426ea104f640b319eb31 07ae281d6e4e4f8fb10d5fdd2b1b1b99 - - default default] Unable to schedule network 3b3eff54-03de-4b58-9d17-6203b24bd18c: no agents available; will retry on subsequent port and subnet creation events.
2026-04-07 01:16:48.401 10 INFO neutron.db.segments_db [None req-369a67a0-8466-41ee-869b-a0c718288e65 f446e4beedd4408f85299ce7d2f62c30 148851e9077f46df9591f81360bdd785 - - default default] Added segment 74e54248-dc08-41c1-a892-e967df23e0ac of type geneve for network 1eefdcbf-c079-4604-b018-12c2e717fc0b
2026-04-07 01:16:48.485 10 INFO neutron.db.ovn_revision_numbers_db [None req-29d63432-56b8-47d1-b1bc-a5c58c388f04 1d1452b3dde9426ea104f640b319eb31 07ae281d6e4e4f8fb10d5fdd2b1b1b99 - - default default] Successfully bumped revision number for resource 9d9bbd10-2684-4488-a52b-774ecdb00414 (type: ports) to 1
2026-04-07 01:16:48.505 9 ERROR ovsdbapp.backend.ovs_idl.command [None req-b871814e-2617-4873-843c-74b6b0069700 126075eba3814b49a018ef6a2b5ffb92 53f37f422473403ebbed56f25860d3c1 - - default default] Error executing command (DbGetCommand): ovsdbapp.backend.ovs_idl.idlutils.RowNotFound: Cannot find Logical_Router_Port with name=lrp-7ba929ea-4d23-46fb-a786-4da6c8755784
2026-04-07 01:16:48.505 9 ERROR ovsdbapp.backend.ovs_idl.command
Traceback (most recent call last):
2026-04-07 01:16:48.505 9 ERROR ovsdbapp.backend.ovs_idl.command
File "/var/lib/openstack/lib/python3.10/site-packages/ovsdbapp/backend/ovs_idl/command.py", line 47, in execute
2026-04-07 01:16:48.505 9 ERROR ovsdbapp.backend.ovs_idl.command self.run_idl(None)
2026-04-07 01:16:48.505 9 ERROR ovsdbapp.backend.ovs_idl.command
File "/var/lib/openstack/lib/python3.10/site-packages/ovsdbapp/backend/ovs_idl/command.py", line 235, in run_idl
2026-04-07 01:16:48.505 9 ERROR ovsdbapp.backend.ovs_idl.command record = self.api.lookup(self.table, self.record)
2026-04-07 01:16:48.505 9 ERROR ovsdbapp.backend.ovs_idl.command
File "/var/lib/openstack/lib/python3.10/site-packages/ovsdbapp/backend/ovs_idl/__init__.py", line 184, in lookup
2026-04-07 01:16:48.505 9 ERROR ovsdbapp.backend.ovs_idl.command return self._lookup(table, record)
2026-04-07 01:16:48.505 9 ERROR ovsdbapp.backend.ovs_idl.command
File "/var/lib/openstack/lib/python3.10/site-packages/ovsdbapp/backend/ovs_idl/__init__.py", line 235, in _lookup
2026-04-07 01:16:48.505 9 ERROR ovsdbapp.backend.ovs_idl.command row = idlutils.row_by_value(self, rl.table, rl.column, record)
2026-04-07 01:16:48.505 9 ERROR ovsdbapp.backend.ovs_idl.command
File "/var/lib/openstack/lib/python3.10/site-packages/ovsdbapp/backend/ovs_idl/idlutils.py", line 114, in row_by_value
2026-04-07 01:16:48.505 9 ERROR ovsdbapp.backend.ovs_idl.command raise RowNotFound(table=table, col=column, match=match)
2026-04-07 01:16:48.505 9 ERROR ovsdbapp.backend.ovs_idl.command ovsdbapp.backend.ovs_idl.idlutils.RowNotFound: Cannot find Logical_Router_Port with name=lrp-7ba929ea-4d23-46fb-a786-4da6c8755784
2026-04-07 01:16:48.505 9 ERROR ovsdbapp.backend.ovs_idl.command 
2026-04-07 01:16:48.505 9 ERROR neutron_lib.callbacks.manager [None req-b871814e-2617-4873-843c-74b6b0069700 126075eba3814b49a018ef6a2b5ffb92 53f37f422473403ebbed56f25860d3c1 - - default default] Error during notification for neutron.services.ovn_l3.plugin.OVNL3RouterPlugin._port_update-8775645969126 port, after_update: ovsdbapp.backend.ovs_idl.idlutils.RowNotFound: Cannot find Logical_Router_Port with name=lrp-7ba929ea-4d23-46fb-a786-4da6c8755784
2026-04-07 01:16:48.505 9 ERROR neutron_lib.callbacks.manager
Traceback (most recent call last):
2026-04-07 01:16:48.505 9 ERROR neutron_lib.callbacks.manager
File "/var/lib/openstack/lib/python3.10/site-packages/neutron_lib/callbacks/manager.py", line 189, in _notify_loop
2026-04-07 01:16:48.505 9 ERROR neutron_lib.callbacks.manager callback.method(resource, event, trigger, payload=payload)
2026-04-07 01:16:48.505 9 ERROR neutron_lib.callbacks.manager
File "/var/lib/openstack/lib/python3.10/site-packages/neutron/services/ovn_l3/plugin.py", line 391, in _port_update
2026-04-07 01:16:48.505 9 ERROR neutron_lib.callbacks.manager l3plugin._ovn_client.update_router_port(context,
2026-04-07 01:16:48.505 9 ERROR neutron_lib.callbacks.manager
File "/var/lib/openstack/lib/python3.10/site-packages/neutron/plugins/ml2/drivers/ovn/mech_driver/ovsdb/ovn_client.py", line 1878, in update_router_port
2026-04-07 01:16:48.505 9 ERROR neutron_lib.callbacks.manager self._update_lrouter_port(context, port, if_exists=if_exists,
2026-04-07 01:16:48.505 9 ERROR neutron_lib.callbacks.manager
File "/var/lib/openstack/lib/python3.10/site-packages/neutron/plugins/ml2/drivers/ovn/mech_driver/ovsdb/ovn_client.py", line 1855, in _update_lrouter_port
2026-04-07 01:16:48.505 9 ERROR neutron_lib.callbacks.manager external_ids = self._nb_idl.db_get(
2026-04-07 01:16:48.505 9 ERROR neutron_lib.callbacks.manager
File "/var/lib/openstack/lib/python3.10/site-packages/ovsdbapp/backend/ovs_idl/command.py", line 47, in execute
2026-04-07 01:16:48.505 9 ERROR neutron_lib.callbacks.manager self.run_idl(None)
2026-04-07 01:16:48.505 9 ERROR neutron_lib.callbacks.manager
File "/var/lib/openstack/lib/python3.10/site-packages/ovsdbapp/backend/ovs_idl/command.py", line 235, in run_idl
2026-04-07 01:16:48.505 9 ERROR neutron_lib.callbacks.manager record = self.api.lookup(self.table, self.record)
2026-04-07 01:16:48.505 9 ERROR neutron_lib.callbacks.manager
File "/var/lib/openstack/lib/python3.10/site-packages/ovsdbapp/backend/ovs_idl/__init__.py", line 184, in lookup
2026-04-07 01:16:48.505 9 ERROR neutron_lib.callbacks.manager return self._lookup(table, record)
2026-04-07 01:16:48.505 9 ERROR neutron_lib.callbacks.manager
File "/var/lib/openstack/lib/python3.10/site-packages/ovsdbapp/backend/ovs_idl/__init__.py", line 235, in _lookup
2026-04-07 01:16:48.505 9 ERROR neutron_lib.callbacks.manager row = idlutils.row_by_value(self, rl.table, rl.column, record)
2026-04-07 01:16:48.505 9 ERROR neutron_lib.callbacks.manager
File "/var/lib/openstack/lib/python3.10/site-packages/ovsdbapp/backend/ovs_idl/idlutils.py", line 114, in row_by_value
2026-04-07 01:16:48.505 9 ERROR neutron_lib.callbacks.manager raise RowNotFound(table=table, col=column, match=match)
2026-04-07 01:16:48.505 9 ERROR neutron_lib.callbacks.manager ovsdbapp.backend.ovs_idl.idlutils.RowNotFound: Cannot find Logical_Router_Port with name=lrp-7ba929ea-4d23-46fb-a786-4da6c8755784
2026-04-07 01:16:48.505 9 ERROR neutron_lib.callbacks.manager 
2026-04-07 01:16:48.526 10 INFO neutron.wsgi [None req-29d63432-56b8-47d1-b1bc-a5c58c388f04 1d1452b3dde9426ea104f640b319eb31 07ae281d6e4e4f8fb10d5fdd2b1b1b99 - - default default] 10.0.0.132 "POST /v2.0/ports HTTP/1.1" status: 201 len: 974 time: 0.4612536 /var/lib/openstack/lib/python3.10/site-packages/pycadf/identifier.py:71: UserWarning: Invalid uuid: neutron. To ensure interoperability, identifiers should be a valid uuid. warnings.warn(('Invalid uuid: %s. To ensure interoperability, '
2026-04-07 01:16:48.572 10 INFO neutron.db.ovn_revision_numbers_db [None req-369a67a0-8466-41ee-869b-a0c718288e65 f446e4beedd4408f85299ce7d2f62c30 148851e9077f46df9591f81360bdd785 - - default default] Successfully bumped revision number for resource 1eefdcbf-c079-4604-b018-12c2e717fc0b (type: networks) to 1
2026-04-07 01:16:48.730 10 INFO neutron.plugins.ml2.drivers.ovn.mech_driver.mech_driver [None req-04cb8f12-12e9-471a-a750-65592ed9193b - - - - - -] OVN reports status up for port: 7ba929ea-4d23-46fb-a786-4da6c8755784
2026-04-07 01:16:48.748 10 INFO neutron.plugins.ml2.plugin [None req-04cb8f12-12e9-471a-a750-65592ed9193b - - - - - -] Attempt 1 to provision port 7ba929ea-4d23-46fb-a786-4da6c8755784
2026-04-07 01:16:48.777 9 INFO neutron.db.ovn_revision_numbers_db [None req-b871814e-2617-4873-843c-74b6b0069700 126075eba3814b49a018ef6a2b5ffb92 53f37f422473403ebbed56f25860d3c1 - - default default] Successfully bumped revision number for resource 7ba929ea-4d23-46fb-a786-4da6c8755784 (type: ports) to 1
2026-04-07 01:16:48.844 10 WARNING neutron.scheduler.dhcp_agent_scheduler [None req-369a67a0-8466-41ee-869b-a0c718288e65 f446e4beedd4408f85299ce7d2f62c30 148851e9077f46df9591f81360bdd785 - - default default] No more DHCP agents
2026-04-07 01:16:48.849 10 WARNING neutron.api.rpc.agentnotifiers.dhcp_rpc_agent_api [None req-369a67a0-8466-41ee-869b-a0c718288e65 f446e4beedd4408f85299ce7d2f62c30 148851e9077f46df9591f81360bdd785 - - default default] Unable to schedule network 1eefdcbf-c079-4604-b018-12c2e717fc0b: no agents available; will retry on subsequent port and subnet creation events.
2026-04-07 01:16:48.875 9 WARNING neutron.scheduler.dhcp_agent_scheduler [None req-b871814e-2617-4873-843c-74b6b0069700 126075eba3814b49a018ef6a2b5ffb92 53f37f422473403ebbed56f25860d3c1 - - default default] No more DHCP agents
2026-04-07 01:16:48.876 9 WARNING neutron.api.rpc.agentnotifiers.dhcp_rpc_agent_api [None req-b871814e-2617-4873-843c-74b6b0069700 126075eba3814b49a018ef6a2b5ffb92 53f37f422473403ebbed56f25860d3c1 - - default default] Unable to schedule network 2b92f093-66b9-426e-b13b-2ed0f3ea854e: no agents available; will retry on subsequent port and subnet creation events.
2026-04-07 01:16:49.009 10 INFO neutron.db.ovn_revision_numbers_db [None req-8fb6451d-752e-4e8b-a49d-1af35d59536b 1d1452b3dde9426ea104f640b319eb31 07ae281d6e4e4f8fb10d5fdd2b1b1b99 - - default default] Successfully bumped revision number for resource 9d9bbd10-2684-4488-a52b-774ecdb00414 (type: ports) to 2
2026-04-07 01:16:49.023 10 INFO neutron.wsgi [None req-8fb6451d-752e-4e8b-a49d-1af35d59536b 1d1452b3dde9426ea104f640b319eb31 07ae281d6e4e4f8fb10d5fdd2b1b1b99 - - default default] 10.0.0.132 "PUT /v2.0/ports/9d9bbd10-2684-4488-a52b-774ecdb00414 HTTP/1.1" status: 200 len: 946 time: 0.4889495 /var/lib/openstack/lib/python3.10/site-packages/pycadf/identifier.py:71: UserWarning: Invalid uuid: neutron. To ensure interoperability, identifiers should be a valid uuid. warnings.warn(('Invalid uuid: %s. To ensure interoperability, '
2026-04-07 01:16:49.047 10 INFO neutron.db.ovn_revision_numbers_db [None req-369a67a0-8466-41ee-869b-a0c718288e65 f446e4beedd4408f85299ce7d2f62c30 148851e9077f46df9591f81360bdd785 - - default default] Successfully bumped revision number for resource 96385acb-4160-4960-a9af-ce069965a55b (type: ports) to 1
2026-04-07 01:16:49.092 10 INFO neutron.wsgi [None req-369a67a0-8466-41ee-869b-a0c718288e65 f446e4beedd4408f85299ce7d2f62c30 148851e9077f46df9591f81360bdd785 - - default default] 10.0.0.132 "POST /v2.0/networks HTTP/1.1" status: 201 len: 830 time: 0.8244367
2026-04-07 01:16:49.117 10 WARNING neutron_lib.context [None req-593864fa-c96a-4142-b3dc-ae90858947b3 f446e4beedd4408f85299ce7d2f62c30 148851e9077f46df9591f81360bdd785 - - default default] Method 'is_advsvc' is deprecated since 2023.2 release (neutron-lib 3.8.0) and will be removed once support for the old RBAC API policies will be removed from Neutron. Please use method 'is_service_role' instead.
2026-04-07 01:16:49.231 10 INFO neutron.wsgi [-] 10.0.0.218 "GET / HTTP/1.1" status: 200 len: 247 time: 0.0013106
2026-04-07 01:16:49.235 10 INFO neutron.wsgi [-] 10.0.0.218 "GET / HTTP/1.1" status: 200 len: 247 time: 0.0033798
2026-04-07 01:16:49.658 9 INFO neutron.db.ovn_revision_numbers_db [None req-b871814e-2617-4873-843c-74b6b0069700 126075eba3814b49a018ef6a2b5ffb92 53f37f422473403ebbed56f25860d3c1 - - default default] Successfully bumped revision number for resource 7ba929ea-4d23-46fb-a786-4da6c8755784 (type: router_ports) to 1
2026-04-07 01:16:49.665 9 INFO neutron.wsgi [None req-b871814e-2617-4873-843c-74b6b0069700 126075eba3814b49a018ef6a2b5ffb92 53f37f422473403ebbed56f25860d3c1 - - default default] 10.0.0.132 "PUT /v2.0/routers/b2784326-6772-41a2-befc-5766d39f3729/add_router_interface HTTP/1.1" status: 200 len: 503 time: 3.8403676
2026-04-07 01:16:49.754 10 WARNING neutron.scheduler.dhcp_agent_scheduler [None req-593864fa-c96a-4142-b3dc-ae90858947b3 f446e4beedd4408f85299ce7d2f62c30 148851e9077f46df9591f81360bdd785 - - default default] No more DHCP agents
2026-04-07 01:16:49.758 10 WARNING neutron.api.rpc.agentnotifiers.dhcp_rpc_agent_api [None req-593864fa-c96a-4142-b3dc-ae90858947b3 f446e4beedd4408f85299ce7d2f62c30 148851e9077f46df9591f81360bdd785 - - default default] Unable to schedule network 1eefdcbf-c079-4604-b018-12c2e717fc0b: no agents available; will retry on subsequent port and subnet creation events.
2026-04-07 01:16:49.807 10 INFO neutron.db.ovn_revision_numbers_db [None req-04cb8f12-12e9-471a-a750-65592ed9193b - - - - - -] Successfully bumped revision number for resource 7ba929ea-4d23-46fb-a786-4da6c8755784 (type: ports) to 2
2026-04-07 01:16:49.872 10 INFO neutron.wsgi [None req-b50a0bec-47d7-4bad-be91-32abdb516450 1d1452b3dde9426ea104f640b319eb31 07ae281d6e4e4f8fb10d5fdd2b1b1b99 - - default default] 10.0.0.132 "DELETE /v2.0/ports/9d9bbd10-2684-4488-a52b-774ecdb00414 HTTP/1.1" status: 204 len: 168 time: 0.8327663
2026-04-07 01:16:50.005 9 INFO neutron.wsgi [None req-8b57e643-508d-4095-863d-536921a3a564 1d1452b3dde9426ea104f640b319eb31 07ae281d6e4e4f8fb10d5fdd2b1b1b99 - - default default] 10.0.0.132 "GET /v2.0/ports HTTP/1.1" status: 200 len: 1729 time: 0.1258881
2026-04-07 01:16:50.024 10 INFO neutron.db.ovn_revision_numbers_db [None req-04cb8f12-12e9-471a-a750-65592ed9193b - - - - - -] Successfully bumped revision number for resource 7ba929ea-4d23-46fb-a786-4da6c8755784 (type: router_ports) to 2
2026-04-07 01:16:50.035 9 INFO neutron.pecan_wsgi.hooks.translation [None req-680b04e6-35fb-495d-b8e6-dfacba24629a 1d1452b3dde9426ea104f640b319eb31 07ae281d6e4e4f8fb10d5fdd2b1b1b99 - - default default] GET failed (client error): The resource could not be found.
