2026-04-07 01:18:00.364 9 INFO neutron.db.ovn_revision_numbers_db [None req-255161b0-7689-4973-9d56-6267e4574284 3c33899970d241c6a7a3e65063d0e430 861374040eab458bb37e4cf587b1cb6c - - default default] Successfully bumped revision number for resource 020bccbf-a2ba-4f44-9a92-7c7b7a8caa31 (type: security_group_rules) to 0
2026-04-07 01:18:00.385 9 INFO neutron.db.ovn_revision_numbers_db [None req-255161b0-7689-4973-9d56-6267e4574284 3c33899970d241c6a7a3e65063d0e430 861374040eab458bb37e4cf587b1cb6c - - default default] Successfully bumped revision number for resource 134ae536-4be4-4424-82a1-79cac613a92d (type: security_group_rules) to 0
2026-04-07 01:18:00.399 9 INFO neutron.db.ovn_revision_numbers_db [None req-255161b0-7689-4973-9d56-6267e4574284 3c33899970d241c6a7a3e65063d0e430 861374040eab458bb37e4cf587b1cb6c - - default default] Successfully bumped revision number for resource 9e0e44f1-31d8-4554-b0a3-e69c5af21d2c (type: security_group_rules) to 0
2026-04-07 01:18:00.415 9 INFO neutron.db.ovn_revision_numbers_db [None req-255161b0-7689-4973-9d56-6267e4574284 3c33899970d241c6a7a3e65063d0e430 861374040eab458bb37e4cf587b1cb6c - - default default] Successfully bumped revision number for resource cbf79cfb-3a1d-4501-a80d-83eb817410dc (type: security_group_rules) to 0
2026-04-07 01:18:00.447 9 INFO neutron.wsgi [None req-255161b0-7689-4973-9d56-6267e4574284 3c33899970d241c6a7a3e65063d0e430 861374040eab458bb37e4cf587b1cb6c - - default default] 10.0.0.132 "GET /v2.0/security-groups?tenant_id=0f728faee91241b8926390b865f0aeae&name=default HTTP/1.1" status: 200 len: 3124 time: 0.3573146
2026-04-07 01:18:00.704 10 INFO neutron.wsgi [None req-c1000886-90a7-4be6-8b9d-dab43fc197f3 3c33899970d241c6a7a3e65063d0e430 861374040eab458bb37e4cf587b1cb6c - - default default] 10.0.0.132 "DELETE /v2.0/security-groups/61775306-9d9e-4bb1-af8f-8b20b99e5d55 HTTP/1.1" status: 204 len: 168 time: 0.2503273
2026-04-07 01:18:01.017 10 INFO neutron.db.ovn_revision_numbers_db [None req-30d99b88-f146-4964-b474-ed79bb562b5a 3c33899970d241c6a7a3e65063d0e430 861374040eab458bb37e4cf587b1cb6c - - default default] Successfully bumped revision number for resource cb272f03-f8fd-4e90-8ee7-54fd62a6b91c (type: security_groups) to 1
2026-04-07 01:18:01.033 10 INFO neutron.db.ovn_revision_numbers_db [None req-30d99b88-f146-4964-b474-ed79bb562b5a 3c33899970d241c6a7a3e65063d0e430 861374040eab458bb37e4cf587b1cb6c - - default default] Successfully bumped revision number for resource 335b8440-4ee8-47f6-8683-0e8d7ed2bde9 (type: security_group_rules) to 0
2026-04-07 01:18:01.047 10 INFO neutron.db.ovn_revision_numbers_db [None req-30d99b88-f146-4964-b474-ed79bb562b5a 3c33899970d241c6a7a3e65063d0e430 861374040eab458bb37e4cf587b1cb6c - - default default] Successfully bumped revision number for resource 98f01905-84a2-4884-9270-effc92920a54 (type: security_group_rules) to 0
2026-04-07 01:18:01.062 10 INFO neutron.db.ovn_revision_numbers_db [None req-30d99b88-f146-4964-b474-ed79bb562b5a 3c33899970d241c6a7a3e65063d0e430 861374040eab458bb37e4cf587b1cb6c - - default default] Successfully bumped revision number for resource 9e3222d7-e8ad-43cd-b08f-57e7253ebb4c (type: security_group_rules) to 0
2026-04-07 01:18:01.076 10 INFO neutron.db.ovn_revision_numbers_db [None req-30d99b88-f146-4964-b474-ed79bb562b5a 3c33899970d241c6a7a3e65063d0e430 861374040eab458bb37e4cf587b1cb6c - - default default] Successfully bumped revision number for resource d9de44be-7b8d-44d2-8bc9-1017ee97efe0 (type: security_group_rules) to 0
2026-04-07 01:18:01.098 10 INFO neutron.wsgi [None req-30d99b88-f146-4964-b474-ed79bb562b5a 3c33899970d241c6a7a3e65063d0e430 861374040eab458bb37e4cf587b1cb6c - - default default] 10.0.0.132 "GET /v2.0/security-groups?tenant_id=1a5c7d7dde5d420880b865838e37a972&name=default HTTP/1.1" status: 200 len: 3124 time: 0.2109640
2026-04-07 01:18:01.323 10 INFO neutron.wsgi [None req-e2d7125d-4549-4b92-aaeb-7ff8ac3653d1 3c33899970d241c6a7a3e65063d0e430 861374040eab458bb37e4cf587b1cb6c - - default default] 10.0.0.132 "DELETE /v2.0/security-groups/cb272f03-f8fd-4e90-8ee7-54fd62a6b91c HTTP/1.1" status: 204 len: 168 time: 0.2188361
2026-04-07 01:18:02.242 9 INFO neutron.wsgi [req-0504b214-d33f-4e4d-af3c-6fddfdb0416d req-66c7be3f-0874-406b-936c-625eb1f0e38b 00a5a09fe95c450bab7182fe8b42fb72 b31a14f2e2074701aa38077f6d990618 - - c63b5867a107491697ac9bcd374b32f7 c63b5867a107491697ac9bcd374b32f7] 199.19.213.14 "GET /v2.0/ports?device_id=816d8f7c-65a0-4031-8de4-8d48d1fbedbf&fields=binding%3Ahost_id&fields=binding%3Avif_type HTTP/1.1" status: 200 len: 265 time: 0.0402160
2026-04-07 01:18:02.335 9 INFO neutron.wsgi [req-0504b214-d33f-4e4d-af3c-6fddfdb0416d req-703107fa-897c-43df-81d1-ee7830279690 00a5a09fe95c450bab7182fe8b42fb72 b31a14f2e2074701aa38077f6d990618 - - c63b5867a107491697ac9bcd374b32f7 c63b5867a107491697ac9bcd374b32f7] 199.19.213.14 "GET /v2.0/ports?tenant_id=53f37f422473403ebbed56f25860d3c1&device_id=816d8f7c-65a0-4031-8de4-8d48d1fbedbf HTTP/1.1" status: 200 len: 1638 time: 0.0470860
2026-04-07 01:18:02.421 9 INFO neutron.wsgi [req-0504b214-d33f-4e4d-af3c-6fddfdb0416d req-612c8850-259f-403c-9327-2ac7d59e9472 00a5a09fe95c450bab7182fe8b42fb72 b31a14f2e2074701aa38077f6d990618 - - c63b5867a107491697ac9bcd374b32f7 c63b5867a107491697ac9bcd374b32f7] 199.19.213.14 "GET /v2.0/networks?id=a695feb4-89a6-4a13-bb4d-f8aa5ba5b487 HTTP/1.1" status: 200 len: 1003 time: 0.0666239
2026-04-07 01:18:02.476 9 INFO neutron.wsgi [req-0504b214-d33f-4e4d-af3c-6fddfdb0416d req-ef058674-ef34-4c39-96b1-cca52a2b5888 00a5a09fe95c450bab7182fe8b42fb72 b31a14f2e2074701aa38077f6d990618 - - c63b5867a107491697ac9bcd374b32f7 c63b5867a107491697ac9bcd374b32f7] 199.19.213.14 "GET /v2.0/floatingips?fixed_ip_address=10.2.1.152&port_id=9ab98384-e442-48fe-b609-6054fc0551d5 HTTP/1.1" status: 200 len: 1059 time: 0.0476727
2026-04-07 01:18:02.506 9 INFO neutron.wsgi [req-0504b214-d33f-4e4d-af3c-6fddfdb0416d req-469858ec-b3d9-47f3-996c-8c6d14d76f5f 00a5a09fe95c450bab7182fe8b42fb72 b31a14f2e2074701aa38077f6d990618 - - c63b5867a107491697ac9bcd374b32f7 c63b5867a107491697ac9bcd374b32f7] 199.19.213.14 "GET /v2.0/floatingips?fixed_ip_address=fd7b%3Af9f7%3Afff%3A4eca%3A%3A349&port_id=9ab98384-e442-48fe-b609-6054fc0551d5 HTTP/1.1" status: 200 len: 217 time: 0.0241516
2026-04-07 01:18:02.611 9 INFO neutron.wsgi [req-0504b214-d33f-4e4d-af3c-6fddfdb0416d req-420d8434-5293-497b-a951-f806e295d62e 00a5a09fe95c450bab7182fe8b42fb72 b31a14f2e2074701aa38077f6d990618 - - c63b5867a107491697ac9bcd374b32f7 c63b5867a107491697ac9bcd374b32f7] 199.19.213.14 "GET /v2.0/subnets?id=bb5e57c9-9fe8-480f-8f75-da30c69e88a6&id=b00d88ec-8bfa-46a9-af29-a382d71626b9 HTTP/1.1" status: 200 len: 1562 time: 0.0977621
2026-04-07 01:18:02.646 10 WARNING neutron_lib.context [None req-36461394-edee-4063-b576-2860aef64211 e4547a5de869422982c4ef97198d2a5f 1ba61911159646f48fafc251588e6842 - - default default] Method 'is_advsvc' is deprecated since 2023.2 release (neutron-lib 3.8.0) and will be removed once support for the old RBAC API policies will be removed from Neutron. Please use method 'is_service_role' instead.
2026-04-07 01:18:02.656 9 INFO neutron.wsgi [req-0504b214-d33f-4e4d-af3c-6fddfdb0416d req-c6601ac3-0585-48c3-ad24-85805364db20 00a5a09fe95c450bab7182fe8b42fb72 b31a14f2e2074701aa38077f6d990618 - - c63b5867a107491697ac9bcd374b32f7 c63b5867a107491697ac9bcd374b32f7] 199.19.213.14 "GET /v2.0/ports?network_id=a695feb4-89a6-4a13-bb4d-f8aa5ba5b487&device_owner=network%3Adhcp HTTP/1.1" status: 200 len: 210 time: 0.0317707
2026-04-07 01:18:02.688 9 INFO neutron.wsgi [req-0504b214-d33f-4e4d-af3c-6fddfdb0416d req-5d94486e-4a75-4928-af43-b4df7f3b5694 00a5a09fe95c450bab7182fe8b42fb72 b31a14f2e2074701aa38077f6d990618 - - c63b5867a107491697ac9bcd374b32f7 c63b5867a107491697ac9bcd374b32f7] 199.19.213.14 "GET /v2.0/ports?network_id=a695feb4-89a6-4a13-bb4d-f8aa5ba5b487&device_owner=network%3Adhcp HTTP/1.1" status: 200 len: 210 time: 0.0248981
2026-04-07 01:18:02.771 9 INFO neutron.wsgi [req-0504b214-d33f-4e4d-af3c-6fddfdb0416d req-61ca1b22-eede-424b-832c-be18309b36f4 00a5a09fe95c450bab7182fe8b42fb72 b31a14f2e2074701aa38077f6d990618 - - c63b5867a107491697ac9bcd374b32f7 c63b5867a107491697ac9bcd374b32f7] 199.19.213.14 "GET /v2.0/networks/a695feb4-89a6-4a13-bb4d-f8aa5ba5b487?fields=segments HTTP/1.1" status: 200 len: 212 time: 0.0736015
2026-04-07 01:18:02.817 10 INFO neutron.db.ovn_revision_numbers_db [None req-36461394-edee-4063-b576-2860aef64211 e4547a5de869422982c4ef97198d2a5f 1ba61911159646f48fafc251588e6842 - - default default] Successfully bumped revision number for resource 64d6789b-c64c-42ca-9481-3a1cd6edc345 (type: security_groups) to 1
2026-04-07 01:18:02.830 10 INFO neutron.db.ovn_revision_numbers_db [None req-36461394-edee-4063-b576-2860aef64211 e4547a5de869422982c4ef97198d2a5f 1ba61911159646f48fafc251588e6842 - - default default] Successfully bumped revision number for resource 619079cb-1299-4bef-92ed-e2a3253dd047 (type: security_group_rules) to 0
2026-04-07 01:18:02.836 9 INFO neutron.wsgi [req-0504b214-d33f-4e4d-af3c-6fddfdb0416d req-5d6e0c70-d3cd-4576-a56a-569f302293b9 00a5a09fe95c450bab7182fe8b42fb72 b31a14f2e2074701aa38077f6d990618 - - c63b5867a107491697ac9bcd374b32f7 c63b5867a107491697ac9bcd374b32f7] 199.19.213.14 "GET /v2.0/networks/a695feb4-89a6-4a13-bb4d-f8aa5ba5b487?fields=provider%3Aphysical_network&fields=provider%3Anetwork_type HTTP/1.1" status: 200 len: 277 time: 0.0593777
2026-04-07 01:18:02.844 10 INFO neutron.db.ovn_revision_numbers_db [None req-36461394-edee-4063-b576-2860aef64211 e4547a5de869422982c4ef97198d2a5f 1ba61911159646f48fafc251588e6842 - - default default] Successfully bumped revision number for resource 61e0fa5b-d01c-4f62-9176-62cdd60221df (type: security_group_rules) to 0
2026-04-07 01:18:02.858 10 INFO neutron.db.ovn_revision_numbers_db [None req-36461394-edee-4063-b576-2860aef64211 e4547a5de869422982c4ef97198d2a5f 1ba61911159646f48fafc251588e6842 - - default default] Successfully bumped revision number for resource 8e3cab0e-e05c-4721-a215-693e0d019503 (type: security_group_rules) to 0
2026-04-07 01:18:02.872 10 INFO neutron.db.ovn_revision_numbers_db [None req-36461394-edee-4063-b576-2860aef64211 e4547a5de869422982c4ef97198d2a5f 1ba61911159646f48fafc251588e6842 - - default default] Successfully bumped revision number for resource 9e637021-e063-4261-bc4a-a45c8a654f72 (type: security_group_rules) to 0
2026-04-07 01:18:02.931 10 INFO neutron.db.segments_db [None req-36461394-edee-4063-b576-2860aef64211 e4547a5de869422982c4ef97198d2a5f 1ba61911159646f48fafc251588e6842 - - default default] Added segment 01304c31-d8f5-4771-9e0a-4c1f5cef4f0a of type geneve for network 4b6cc12c-9a8b-4db1-86f5-4dcb713ba396
2026-04-07 01:18:03.068 10 INFO neutron.db.ovn_revision_numbers_db [None req-36461394-edee-4063-b576-2860aef64211 e4547a5de869422982c4ef97198d2a5f 1ba61911159646f48fafc251588e6842 - - default default] Successfully bumped revision number for resource 4b6cc12c-9a8b-4db1-86f5-4dcb713ba396 (type: networks) to 1
2026-04-07 01:18:03.254 10 WARNING neutron.scheduler.dhcp_agent_scheduler [None req-36461394-edee-4063-b576-2860aef64211 e4547a5de869422982c4ef97198d2a5f 1ba61911159646f48fafc251588e6842 - - default default] No more DHCP agents
2026-04-07 01:18:03.256 10 WARNING neutron.api.rpc.agentnotifiers.dhcp_rpc_agent_api [None req-36461394-edee-4063-b576-2860aef64211 e4547a5de869422982c4ef97198d2a5f 1ba61911159646f48fafc251588e6842 - - default default] Unable to schedule network 4b6cc12c-9a8b-4db1-86f5-4dcb713ba396: no agents available; will retry on subsequent port and subnet creation events.
2026-04-07 01:18:03.347 10 INFO neutron.db.ovn_revision_numbers_db [None req-36461394-edee-4063-b576-2860aef64211 e4547a5de869422982c4ef97198d2a5f 1ba61911159646f48fafc251588e6842 - - default default] Successfully bumped revision number for resource bf6ab547-3ff8-4f42-b30c-26697c0d0bbc (type: ports) to 1
2026-04-07 01:18:03.369 10 INFO neutron.wsgi [None req-36461394-edee-4063-b576-2860aef64211 e4547a5de869422982c4ef97198d2a5f 1ba61911159646f48fafc251588e6842 - - default default] 10.0.0.132 "POST /v2.0/networks HTTP/1.1" status: 201 len: 830 time: 0.9916265
2026-04-07 01:18:03.379 10 WARNING neutron_lib.context [None req-b0e616e2-f27f-4e72-aff7-d9bb7063df52 e4547a5de869422982c4ef97198d2a5f 1ba61911159646f48fafc251588e6842 - - default default] Method 'is_advsvc' is deprecated since 2023.2 release (neutron-lib 3.8.0) and will be removed once support for the old RBAC API policies will be removed from Neutron. Please use method 'is_service_role' instead.
2026-04-07 01:18:03.579 10 WARNING neutron.scheduler.dhcp_agent_scheduler [None req-b0e616e2-f27f-4e72-aff7-d9bb7063df52 e4547a5de869422982c4ef97198d2a5f 1ba61911159646f48fafc251588e6842 - - default default] No more DHCP agents
2026-04-07 01:18:03.581 10 WARNING neutron.api.rpc.agentnotifiers.dhcp_rpc_agent_api [None req-b0e616e2-f27f-4e72-aff7-d9bb7063df52 e4547a5de869422982c4ef97198d2a5f 1ba61911159646f48fafc251588e6842 - - default default] Unable to schedule network 4b6cc12c-9a8b-4db1-86f5-4dcb713ba396: no agents available; will retry on subsequent port and subnet creation events.
2026-04-07 01:18:03.660 10 INFO neutron.db.ovn_revision_numbers_db [None req-b0e616e2-f27f-4e72-aff7-d9bb7063df52 e4547a5de869422982c4ef97198d2a5f 1ba61911159646f48fafc251588e6842 - - default default] Successfully bumped revision number for resource 4a071b2f-7e2f-4443-8e69-c50839556d98 (type: ports) to 1
2026-04-07 01:18:03.681 10 INFO neutron.wsgi [None req-b0e616e2-f27f-4e72-aff7-d9bb7063df52 e4547a5de869422982c4ef97198d2a5f 1ba61911159646f48fafc251588e6842 - - default default] 10.0.0.132 "POST /v2.0/ports HTTP/1.1" status: 201 len: 942 time: 0.3059638 /var/lib/openstack/lib/python3.10/site-packages/pycadf/identifier.py:71: UserWarning: Invalid uuid: neutron. To ensure interoperability, identifiers should be a valid uuid. warnings.warn(('Invalid uuid: %s. To ensure interoperability, '
2026-04-07 01:18:03.690 10 WARNING neutron_lib.context [None req-9412b201-1e30-43f5-a4a8-c85aab4f4eba e4547a5de869422982c4ef97198d2a5f 1ba61911159646f48fafc251588e6842 - - default default] Method 'is_advsvc' is deprecated since 2023.2 release (neutron-lib 3.8.0) and will be removed once support for the old RBAC API policies will be removed from Neutron. Please use method 'is_service_role' instead.
2026-04-07 01:18:03.906 10 INFO neutron.wsgi [None req-9412b201-1e30-43f5-a4a8-c85aab4f4eba e4547a5de869422982c4ef97198d2a5f 1ba61911159646f48fafc251588e6842 - - default default] 10.0.0.132 "POST /v2.0/trunks HTTP/1.1" status: 201 len: 608 time: 0.2209263
2026-04-07 01:18:03.917 10 WARNING neutron_lib.context [None req-946f253f-1a1e-4785-84e9-3537d0decdba e4547a5de869422982c4ef97198d2a5f 1ba61911159646f48fafc251588e6842 - - default default] Method 'is_advsvc' is deprecated since 2023.2 release (neutron-lib 3.8.0) and will be removed once support for the old RBAC API policies will be removed from Neutron. Please use method 'is_service_role' instead.
2026-04-07 01:18:03.993 10 INFO neutron.db.segments_db [None req-946f253f-1a1e-4785-84e9-3537d0decdba e4547a5de869422982c4ef97198d2a5f 1ba61911159646f48fafc251588e6842 - - default default] Added segment 4d7f8754-34f9-41d9-ab3d-b0153f2d6469 of type geneve for network f9235652-6b48-4612-b77c-e90da87c40cc
2026-04-07 01:18:04.117 10 INFO neutron.db.ovn_revision_numbers_db [None req-946f253f-1a1e-4785-84e9-3537d0decdba e4547a5de869422982c4ef97198d2a5f 1ba61911159646f48fafc251588e6842 - - default default] Successfully bumped revision number for resource f9235652-6b48-4612-b77c-e90da87c40cc (type: networks) to 1
2026-04-07 01:18:04.223 9 INFO neutron.wsgi [-] 10.0.0.218 "GET / HTTP/1.1" status: 200 len: 247 time: 0.0022566
2026-04-07 01:18:04.227 9 INFO neutron.wsgi [-] 10.0.0.218 "GET / HTTP/1.1" status: 200 len: 247 time: 0.0027609
2026-04-07 01:18:04.305 10 WARNING neutron.scheduler.dhcp_agent_scheduler [None req-946f253f-1a1e-4785-84e9-3537d0decdba e4547a5de869422982c4ef97198d2a5f 1ba61911159646f48fafc251588e6842 - - default default] No more DHCP agents
2026-04-07 01:18:04.307 10 WARNING neutron.api.rpc.agentnotifiers.dhcp_rpc_agent_api [None req-946f253f-1a1e-4785-84e9-3537d0decdba e4547a5de869422982c4ef97198d2a5f 1ba61911159646f48fafc251588e6842 - - default default] Unable to schedule network f9235652-6b48-4612-b77c-e90da87c40cc: no agents available; will retry on subsequent port and subnet creation events.
2026-04-07 01:18:04.388 10 INFO neutron.db.ovn_revision_numbers_db [None req-946f253f-1a1e-4785-84e9-3537d0decdba e4547a5de869422982c4ef97198d2a5f 1ba61911159646f48fafc251588e6842 - - default default] Successfully bumped revision number for resource 52ded9ed-27fe-4b00-9cd9-40ee83b012a7 (type: ports) to 1
2026-04-07 01:18:04.413 10 INFO neutron.wsgi [None req-946f253f-1a1e-4785-84e9-3537d0decdba e4547a5de869422982c4ef97198d2a5f 1ba61911159646f48fafc251588e6842 - - default default] 10.0.0.132 "POST /v2.0/networks HTTP/1.1" status: 201 len: 831 time: 0.4998369
2026-04-07 01:18:04.425 10 WARNING neutron_lib.context [None req-ffc7b79c-ae1e-4f71-88d4-4c28e5c584d3 e4547a5de869422982c4ef97198d2a5f 1ba61911159646f48fafc251588e6842 - - default default] Method 'is_advsvc' is deprecated since 2023.2 release (neutron-lib 3.8.0) and will be removed once support for the old RBAC API policies will be removed from Neutron. Please use method 'is_service_role' instead.
2026-04-07 01:18:04.662 10 WARNING neutron.scheduler.dhcp_agent_scheduler [None req-ffc7b79c-ae1e-4f71-88d4-4c28e5c584d3 e4547a5de869422982c4ef97198d2a5f 1ba61911159646f48fafc251588e6842 - - default default] No more DHCP agents
2026-04-07 01:18:04.663 10 WARNING neutron.api.rpc.agentnotifiers.dhcp_rpc_agent_api [None req-ffc7b79c-ae1e-4f71-88d4-4c28e5c584d3 e4547a5de869422982c4ef97198d2a5f 1ba61911159646f48fafc251588e6842 - - default default] Unable to schedule network f9235652-6b48-4612-b77c-e90da87c40cc: no agents available; will retry on subsequent port and subnet creation events. /var/lib/openstack/lib/python3.10/site-packages/pycadf/identifier.py:71: UserWarning: Invalid uuid: neutron. To ensure interoperability, identifiers should be a valid uuid. warnings.warn(('Invalid uuid: %s. To ensure interoperability, '
2026-04-07 01:18:04.714 10 WARNING neutron_lib.context [None req-5d93a4b3-f7c7-417b-ac68-502f8d65e55b 47fd583c70df43079a54e6a9dc0f952e 9ed05f9c10b4432fb4ad75953083d862 - - default default] Method 'is_advsvc' is deprecated since 2023.2 release (neutron-lib 3.8.0) and will be removed once support for the old RBAC API policies will be removed from Neutron. Please use method 'is_service_role' instead.
2026-04-07 01:18:04.769 10 INFO neutron.db.ovn_revision_numbers_db [None req-ffc7b79c-ae1e-4f71-88d4-4c28e5c584d3 e4547a5de869422982c4ef97198d2a5f 1ba61911159646f48fafc251588e6842 - - default default] Successfully bumped revision number for resource f0c0b203-d2d1-44c2-8f79-2b7f70931bf9 (type: ports) to 1
2026-04-07 01:18:04.808 10 INFO neutron.wsgi [None req-ffc7b79c-ae1e-4f71-88d4-4c28e5c584d3 e4547a5de869422982c4ef97198d2a5f 1ba61911159646f48fafc251588e6842 - - default default] 10.0.0.132 "POST /v2.0/ports HTTP/1.1" status: 201 len: 942 time: 0.3884187
2026-04-07 01:18:04.819 10 WARNING neutron_lib.context [None req-0b53f4b8-2aca-42da-b5f1-5739fc06eb9a e4547a5de869422982c4ef97198d2a5f 1ba61911159646f48fafc251588e6842 - - default default] Method 'is_advsvc' is deprecated since 2023.2 release (neutron-lib 3.8.0) and will be removed once support for the old RBAC API policies will be removed from Neutron. Please use method 'is_service_role' instead.
2026-04-07 01:18:04.923 10 INFO neutron.db.ovn_revision_numbers_db [None req-5d93a4b3-f7c7-417b-ac68-502f8d65e55b 47fd583c70df43079a54e6a9dc0f952e 9ed05f9c10b4432fb4ad75953083d862 - - default default] Successfully bumped revision number for resource 56d173cb-f0d7-4100-b181-09f8635c3d8f (type: security_groups) to 1
2026-04-07 01:18:04.949 10 INFO neutron.db.ovn_revision_numbers_db [None req-5d93a4b3-f7c7-417b-ac68-502f8d65e55b 47fd583c70df43079a54e6a9dc0f952e 9ed05f9c10b4432fb4ad75953083d862 - - default default] Successfully bumped revision number for resource 25bbc2bd-ff09-446b-8f56-65cb7a1dfaa5 (type: security_group_rules) to 0
2026-04-07 01:18:04.968 10 INFO neutron.db.ovn_revision_numbers_db [None req-5d93a4b3-f7c7-417b-ac68-502f8d65e55b 47fd583c70df43079a54e6a9dc0f952e 9ed05f9c10b4432fb4ad75953083d862 - - default default] Successfully bumped revision number for resource 6eda1457-419d-41d7-ab6e-414919627c66 (type: security_group_rules) to 0
2026-04-07 01:18:04.983 10 INFO neutron.db.ovn_revision_numbers_db [None req-5d93a4b3-f7c7-417b-ac68-502f8d65e55b 47fd583c70df43079a54e6a9dc0f952e 9ed05f9c10b4432fb4ad75953083d862 - - default default] Successfully bumped revision number for resource 7681f4bf-0fd5-4f7b-b07c-f97b86e4c69e (type: security_group_rules) to 0
2026-04-07 01:18:05.003 10 INFO neutron.db.ovn_revision_numbers_db [None req-5d93a4b3-f7c7-417b-ac68-502f8d65e55b 47fd583c70df43079a54e6a9dc0f952e 9ed05f9c10b4432fb4ad75953083d862 - - default default] Successfully bumped revision number for resource aa1aadc7-42a2-4449-bd62-a4ffbf925fea (type: security_group_rules) to 0
2026-04-07 01:18:05.052 10 INFO neutron.db.segments_db [None req-5d93a4b3-f7c7-417b-ac68-502f8d65e55b 47fd583c70df43079a54e6a9dc0f952e 9ed05f9c10b4432fb4ad75953083d862 - - default default] Added segment f5eab387-d853-4dee-830b-7fb28fc19f77 of type geneve for network 351c20d5-9131-4b5a-a9b1-ad0f77be6561
2026-04-07 01:18:05.058 10 INFO neutron.wsgi [None req-0b53f4b8-2aca-42da-b5f1-5739fc06eb9a e4547a5de869422982c4ef97198d2a5f 1ba61911159646f48fafc251588e6842 - - default default] 10.0.0.132 "POST /v2.0/trunks HTTP/1.1" status: 201 len: 608 time: 0.2431703
2026-04-07 01:18:05.070 9 WARNING neutron_lib.context [None req-9f04823f-cc9b-43d5-9cf3-0e41bc782702 e4547a5de869422982c4ef97198d2a5f 1ba61911159646f48fafc251588e6842 - - default default] Method 'is_advsvc' is deprecated since 2023.2 release (neutron-lib 3.8.0) and will be removed once support for the old RBAC API policies will be removed from Neutron. Please use method 'is_service_role' instead.
2026-04-07 01:18:05.162 9 INFO neutron.db.segments_db [None req-9f04823f-cc9b-43d5-9cf3-0e41bc782702 e4547a5de869422982c4ef97198d2a5f 1ba61911159646f48fafc251588e6842 - - default default] Added segment 2b1d77e2-ab95-4324-99b7-cfb4a79c6134 of type geneve for network 33c655eb-565c-4665-91b2-e233662b271b
2026-04-07 01:18:05.200 10 INFO neutron.db.ovn_revision_numbers_db [None req-5d93a4b3-f7c7-417b-ac68-502f8d65e55b 47fd583c70df43079a54e6a9dc0f952e 9ed05f9c10b4432fb4ad75953083d862 - - default default] Successfully bumped revision number for resource 351c20d5-9131-4b5a-a9b1-ad0f77be6561 (type: networks) to 1
2026-04-07 01:18:05.314 9 INFO neutron.db.ovn_revision_numbers_db [None req-9f04823f-cc9b-43d5-9cf3-0e41bc782702 e4547a5de869422982c4ef97198d2a5f 1ba61911159646f48fafc251588e6842 - - default default] Successfully bumped revision number for resource 33c655eb-565c-4665-91b2-e233662b271b (type: networks) to 1
2026-04-07 01:18:05.401 10 WARNING neutron.scheduler.dhcp_agent_scheduler [None req-5d93a4b3-f7c7-417b-ac68-502f8d65e55b 47fd583c70df43079a54e6a9dc0f952e 9ed05f9c10b4432fb4ad75953083d862 - - default default] No more DHCP agents
2026-04-07 01:18:05.403 10 WARNING neutron.api.rpc.agentnotifiers.dhcp_rpc_agent_api [None req-5d93a4b3-f7c7-417b-ac68-502f8d65e55b 47fd583c70df43079a54e6a9dc0f952e 9ed05f9c10b4432fb4ad75953083d862 - - default default] Unable to schedule network 351c20d5-9131-4b5a-a9b1-ad0f77be6561: no agents available; will retry on subsequent port and subnet creation events.
2026-04-07 01:18:05.489 10 INFO neutron.wsgi [req-f8d57b1c-ec23-405e-aeff-5b04959c111c req-822c09ad-ae6c-4054-a4fb-31f85aa03dcd 3c33899970d241c6a7a3e65063d0e430 861374040eab458bb37e4cf587b1cb6c - - default default] 10.0.0.32 "GET /v2.0/security-groups?id=cdd4fc96-e08a-4828-b7ad-657c1c3c4f2d&fields=id HTTP/1.1" status: 200 len: 267 time: 0.0524142
2026-04-07 01:18:05.490 9 WARNING neutron.scheduler.dhcp_agent_scheduler [None req-9f04823f-cc9b-43d5-9cf3-0e41bc782702 e4547a5de869422982c4ef97198d2a5f 1ba61911159646f48fafc251588e6842 - - default default] No more DHCP agents
2026-04-07 01:18:05.491 9 WARNING neutron.api.rpc.agentnotifiers.dhcp_rpc_agent_api [None req-9f04823f-cc9b-43d5-9cf3-0e41bc782702 e4547a5de869422982c4ef97198d2a5f 1ba61911159646f48fafc251588e6842 - - default default] Unable to schedule network 33c655eb-565c-4665-91b2-e233662b271b: no agents available; will retry on subsequent port and subnet creation events.
2026-04-07 01:18:05.502 10 INFO neutron.db.ovn_revision_numbers_db [None req-5d93a4b3-f7c7-417b-ac68-502f8d65e55b 47fd583c70df43079a54e6a9dc0f952e 9ed05f9c10b4432fb4ad75953083d862 - - default default] Successfully bumped revision number for resource 4b0cefde-2a4c-498c-a4d3-9f480e5ad654 (type: ports) to 1
2026-04-07 01:18:05.558 10 INFO neutron.wsgi [None req-5d93a4b3-f7c7-417b-ac68-502f8d65e55b 47fd583c70df43079a54e6a9dc0f952e 9ed05f9c10b4432fb4ad75953083d862 - - default default] 10.0.0.132 "POST /v2.0/networks HTTP/1.1" status: 201 len: 831 time: 1.0254042
2026-04-07 01:18:05.581 10 INFO neutron.wsgi [req-f8d57b1c-ec23-405e-aeff-5b04959c111c req-495103be-1783-4b61-8185-f82cca5940da 3c33899970d241c6a7a3e65063d0e430 861374040eab458bb37e4cf587b1cb6c - - default default] 10.0.0.32 "GET /v2.0/networks?id=e6f17832-0837-43d6-ba67-c4a47667ec30 HTTP/1.1" status: 200 len: 937 time: 0.0845995
2026-04-07 01:18:05.592 9 INFO neutron.db.ovn_revision_numbers_db [None req-9f04823f-cc9b-43d5-9cf3-0e41bc782702 e4547a5de869422982c4ef97198d2a5f 1ba61911159646f48fafc251588e6842 - - default default] Successfully bumped revision number for resource b418466f-7cba-4087-93f8-827336d5729a (type: ports) to 1
2026-04-07 01:18:05.605 10 INFO neutron.wsgi [req-f8d57b1c-ec23-405e-aeff-5b04959c111c req-01eab71e-c03c-41ed-a310-53beca27d070 3c33899970d241c6a7a3e65063d0e430 861374040eab458bb37e4cf587b1cb6c - - default default] 10.0.0.32 "GET /v2.0/quotas/861374040eab458bb37e4cf587b1cb6c HTTP/1.1" status: 200 len: 490 time: 0.0119309
2026-04-07 01:18:05.624 9 INFO neutron.wsgi [None req-9f04823f-cc9b-43d5-9cf3-0e41bc782702 e4547a5de869422982c4ef97198d2a5f 1ba61911159646f48fafc251588e6842 - - default default] 10.0.0.132 "POST /v2.0/networks HTTP/1.1" status: 201 len: 831 time: 0.5587578
2026-04-07 01:18:05.627 9 INFO neutron.wsgi [None req-d9d600b5-9852-4a3a-8a88-b5c69ace5788 47fd583c70df43079a54e6a9dc0f952e 9ed05f9c10b4432fb4ad75953083d862 - - default default] 10.0.0.132 "PUT /v2.0/networks/351c20d5-9131-4b5a-a9b1-ad0f77be6561/tags HTTP/1.1" status: 200 len: 218 time: 0.0576360
2026-04-07 01:18:05.633 9 WARNING neutron_lib.context [None req-019f4c36-25a0-4f37-99ec-7a3f3dc6f17f e4547a5de869422982c4ef97198d2a5f 1ba61911159646f48fafc251588e6842 - - default default] Method 'is_advsvc' is deprecated since 2023.2 release (neutron-lib 3.8.0) and will be removed once support for the old RBAC API policies will be removed from Neutron. Please use method 'is_service_role' instead.
2026-04-07 01:18:05.890 9 WARNING neutron.scheduler.dhcp_agent_scheduler [None req-019f4c36-25a0-4f37-99ec-7a3f3dc6f17f e4547a5de869422982c4ef97198d2a5f 1ba61911159646f48fafc251588e6842 - - default default] No more DHCP agents
2026-04-07 01:18:05.892 9 WARNING neutron.api.rpc.agentnotifiers.dhcp_rpc_agent_api [None req-019f4c36-25a0-4f37-99ec-7a3f3dc6f17f e4547a5de869422982c4ef97198d2a5f 1ba61911159646f48fafc251588e6842 - - default default] Unable to schedule network 33c655eb-565c-4665-91b2-e233662b271b: no agents available; will retry on subsequent port and subnet creation events.
2026-04-07 01:18:05.925 10 INFO neutron.wsgi [req-f8d57b1c-ec23-405e-aeff-5b04959c111c req-dab666da-4517-43cd-b93e-5197f1f1615c 3c33899970d241c6a7a3e65063d0e430 861374040eab458bb37e4cf587b1cb6c - - default default] 10.0.0.32 "GET /v2.0/ports?tenant_id=861374040eab458bb37e4cf587b1cb6c&fields=id HTTP/1.1" status: 200 len: 348 time: 0.3136013
2026-04-07 01:18:05.930 10 INFO neutron.wsgi [None req-118c964f-074d-43b0-bc02-e11f0994cc71 47fd583c70df43079a54e6a9dc0f952e 9ed05f9c10b4432fb4ad75953083d862 - - default default] 10.0.0.132 "GET /v2.0/networks/351c20d5-9131-4b5a-a9b1-ad0f77be6561/tags HTTP/1.1" status: 200 len: 218 time: 0.2984059
2026-04-07 01:18:05.974 9 INFO neutron.db.ovn_revision_numbers_db [None req-019f4c36-25a0-4f37-99ec-7a3f3dc6f17f e4547a5de869422982c4ef97198d2a5f 1ba61911159646f48fafc251588e6842 - - default default] Successfully bumped revision number for resource d1aa1330-5774-4d62-9bca-8c9224eb372f (type: ports) to 1
2026-04-07 01:18:06.001 9 INFO neutron.wsgi [None req-019f4c36-25a0-4f37-99ec-7a3f3dc6f17f e4547a5de869422982c4ef97198d2a5f 1ba61911159646f48fafc251588e6842 - - default default] 10.0.0.132 "POST /v2.0/ports HTTP/1.1" status: 201 len: 942 time: 0.3724654
2026-04-07 01:18:06.012 10 WARNING neutron_lib.context [None req-a4439497-5630-4f17-9a67-95d40c1b7cc3 e4547a5de869422982c4ef97198d2a5f 1ba61911159646f48fafc251588e6842 - - default default] Method 'is_advsvc' is deprecated since 2023.2 release (neutron-lib 3.8.0) and will be removed once support for the old RBAC API policies will be removed from Neutron. Please use method 'is_service_role' instead.
2026-04-07 01:18:06.017 10 INFO neutron.wsgi [None req-31f373a9-ab28-46c0-8f9a-a4e7f3fd5072 47fd583c70df43079a54e6a9dc0f952e 9ed05f9c10b4432fb4ad75953083d862 - - default default] 10.0.0.132 "PUT /v2.0/networks/351c20d5-9131-4b5a-a9b1-ad0f77be6561/tags/green HTTP/1.1" status: 201 len: 201 time: 0.0820453
2026-04-07 01:18:06.020 10 INFO neutron.wsgi [req-f8d57b1c-ec23-405e-aeff-5b04959c111c req-cf81ad57-0247-400d-8908-acc3e670d531 00a5a09fe95c450bab7182fe8b42fb72 b31a14f2e2074701aa38077f6d990618 - - c63b5867a107491697ac9bcd374b32f7 c63b5867a107491697ac9bcd374b32f7] 10.0.0.32 "GET /v2.0/networks/e6f17832-0837-43d6-ba67-c4a47667ec30?fields=segments HTTP/1.1" status: 200 len: 212 time: 0.0792220 /var/lib/openstack/lib/python3.10/site-packages/pycadf/identifier.py:71: UserWarning: Invalid uuid: neutron. To ensure interoperability, identifiers should be a valid uuid. warnings.warn(('Invalid uuid: %s. To ensure interoperability, '
2026-04-07 01:18:06.068 9 INFO neutron.wsgi [None req-49e0bf0b-f9e8-4119-8415-7a31969e4e1d 47fd583c70df43079a54e6a9dc0f952e 9ed05f9c10b4432fb4ad75953083d862 - - default default] 10.0.0.132 "GET /v2.0/networks/351c20d5-9131-4b5a-a9b1-ad0f77be6561/tags HTTP/1.1" status: 200 len: 227 time: 0.0451608
2026-04-07 01:18:06.095 10 INFO neutron.wsgi [req-f8d57b1c-ec23-405e-aeff-5b04959c111c req-9bce9e54-6e63-4d32-8cce-eb8861d96ca7 00a5a09fe95c450bab7182fe8b42fb72 b31a14f2e2074701aa38077f6d990618 - - c63b5867a107491697ac9bcd374b32f7 c63b5867a107491697ac9bcd374b32f7] 10.0.0.32 "GET /v2.0/networks/e6f17832-0837-43d6-ba67-c4a47667ec30?fields=provider%3Aphysical_network&fields=provider%3Anetwork_type HTTP/1.1" status: 200 len: 277 time: 0.0669837
2026-04-07 01:18:06.113 9 INFO neutron.wsgi [None req-5395150f-5abb-4d37-8051-a3a44beb2b1a 47fd583c70df43079a54e6a9dc0f952e 9ed05f9c10b4432fb4ad75953083d862 - - default default] 10.0.0.132 "PUT /v2.0/networks/351c20d5-9131-4b5a-a9b1-ad0f77be6561/tags/red HTTP/1.1" status: 201 len: 201 time: 0.0397148
2026-04-07 01:18:06.156 9 INFO neutron.wsgi [None req-6487ef3a-7948-41da-b834-eaaed369ff29 47fd583c70df43079a54e6a9dc0f952e 9ed05f9c10b4432fb4ad75953083d862 - - default default] 10.0.0.132 "GET /v2.0/networks/351c20d5-9131-4b5a-a9b1-ad0f77be6561/tags HTTP/1.1" status: 200 len: 227 time: 0.0387630
2026-04-07 01:18:06.215 9 INFO neutron.wsgi [None req-96d8b030-23f3-4ddf-98a3-c702f6d124c0 47fd583c70df43079a54e6a9dc0f952e 9ed05f9c10b4432fb4ad75953083d862 - - default default] 10.0.0.132 "PUT /v2.0/networks/351c20d5-9131-4b5a-a9b1-ad0f77be6561/tags/black.or.white HTTP/1.1" status: 201 len: 201 time: 0.0539889
2026-04-07 01:18:06.233 10 INFO neutron.wsgi [None req-a4439497-5630-4f17-9a67-95d40c1b7cc3 e4547a5de869422982c4ef97198d2a5f 1ba61911159646f48fafc251588e6842 - - default default] 10.0.0.132 "POST /v2.0/trunks HTTP/1.1" status: 201 len: 608 time: 0.2265525
2026-04-07 01:18:06.244 9 WARNING neutron_lib.context [None req-dde61dee-2da9-4409-a17e-7099662e7526 e4547a5de869422982c4ef97198d2a5f 1ba61911159646f48fafc251588e6842 - - default default] Method 'is_advsvc' is deprecated since 2023.2 release (neutron-lib 3.8.0) and will be removed once support for the old RBAC API policies will be removed from Neutron. Please use method 'is_service_role' instead.
2026-04-07 01:18:06.269 9 INFO neutron.wsgi [None req-ba61c09a-2d65-49dc-a015-b2c9a3e00331 47fd583c70df43079a54e6a9dc0f952e 9ed05f9c10b4432fb4ad75953083d862 - - default default] 10.0.0.132 "GET /v2.0/networks/351c20d5-9131-4b5a-a9b1-ad0f77be6561/tags HTTP/1.1" status: 200 len: 245 time: 0.0492892
2026-04-07 01:18:06.340 9 INFO neutron.db.segments_db [None req-dde61dee-2da9-4409-a17e-7099662e7526 e4547a5de869422982c4ef97198d2a5f 1ba61911159646f48fafc251588e6842 - - default default] Added segment f31c0644-f178-423f-8714-3c33ba40a0e7 of type geneve for network a1d8daf1-2ab1-480f-b72e-534c2efff8c9
2026-04-07 01:18:06.346 10 INFO neutron.wsgi [None req-ba5b9fb3-5ee9-4da3-989f-d83437f4461a 47fd583c70df43079a54e6a9dc0f952e 9ed05f9c10b4432fb4ad75953083d862 - - default default] 10.0.0.132 "PUT /v2.0/networks/351c20d5-9131-4b5a-a9b1-ad0f77be6561/tags HTTP/1.1" status: 200 len: 230 time: 0.0710921
2026-04-07 01:18:06.411 10 INFO neutron.wsgi [None req-5ffd3899-fc25-41b6-8312-8d1c4357b482 47fd583c70df43079a54e6a9dc0f952e 9ed05f9c10b4432fb4ad75953083d862 - - default default] 10.0.0.132 "GET /v2.0/networks/351c20d5-9131-4b5a-a9b1-ad0f77be6561/tags HTTP/1.1" status: 200 len: 230 time: 0.0599356
2026-04-07 01:18:06.471 10 INFO neutron.wsgi [None req-b37e0135-a22d-4303-9e6b-fd1522f5f7a1 47fd583c70df43079a54e6a9dc0f952e 9ed05f9c10b4432fb4ad75953083d862 - - default default] 10.0.0.132 "GET /v2.0/networks/351c20d5-9131-4b5a-a9b1-ad0f77be6561/tags/red HTTP/1.1" status: 204 len: 168 time: 0.0549185
2026-04-07 01:18:06.499 9 INFO neutron.db.ovn_revision_numbers_db [None req-dde61dee-2da9-4409-a17e-7099662e7526 e4547a5de869422982c4ef97198d2a5f 1ba61911159646f48fafc251588e6842 - - default default] Successfully bumped revision number for resource a1d8daf1-2ab1-480f-b72e-534c2efff8c9 (type: networks) to 1
2026-04-07 01:18:06.528 10 INFO neutron.api.v2.resource [None req-1a174ec9-ca2e-41c7-9a58-5aef76796610 47fd583c70df43079a54e6a9dc0f952e 9ed05f9c10b4432fb4ad75953083d862 - - default default] show failed (client error): The resource could not be found.
2026-04-07 01:18:06.530 10 INFO neutron.wsgi [None req-1a174ec9-ca2e-41c7-9a58-5aef76796610 47fd583c70df43079a54e6a9dc0f952e 9ed05f9c10b4432fb4ad75953083d862 - - default default] 10.0.0.132 "GET /v2.0/networks/351c20d5-9131-4b5a-a9b1-ad0f77be6561/tags/green HTTP/1.1" status: 404 len: 299 time: 0.0527701
2026-04-07 01:18:06.628 9 INFO neutron.wsgi [None req-1fab2359-55de-4b2d-ba75-6b3e31022107 47fd583c70df43079a54e6a9dc0f952e 9ed05f9c10b4432fb4ad75953083d862 - - default default] 10.0.0.132 "DELETE /v2.0/networks/351c20d5-9131-4b5a-a9b1-ad0f77be6561/tags/red HTTP/1.1" status: 204 len: 168 time: 0.0901284
2026-04-07 01:18:06.636 10 INFO neutron.wsgi [req-706add95-dd7c-4f66-aeff-095d645918ae req-228ca283-98f1-47d3-942b-0ed1f037d83b 3c33899970d241c6a7a3e65063d0e430 861374040eab458bb37e4cf587b1cb6c - - default default] 10.0.0.32 "GET /v2.0/ports?device_id=957650a0-6a4d-454b-b9cc-020181c45085 HTTP/1.1" status: 200 len: 210 time: 0.0434608
2026-04-07 01:18:06.702 9 INFO neutron.wsgi [None req-8457e197-fd0a-486a-b4fd-197902192bdd 47fd583c70df43079a54e6a9dc0f952e 9ed05f9c10b4432fb4ad75953083d862 - - default default] 10.0.0.132 "GET /v2.0/networks/351c20d5-9131-4b5a-a9b1-ad0f77be6561/tags HTTP/1.1" status: 200 len: 223 time: 0.0686507
2026-04-07 01:18:06.707 10 INFO neutron.wsgi [req-9a3602ec-b645-45a5-bf5f-76faa5ff55fc req-b224930a-ec4a-4b41-8aa5-20f6a39f25b2 3c33899970d241c6a7a3e65063d0e430 861374040eab458bb37e4cf587b1cb6c - - default default] 10.0.0.32 "GET /v2.0/ports?device_id=957650a0-6a4d-454b-b9cc-020181c45085 HTTP/1.1" status: 200 len: 210 time: 0.0217252
2026-04-07 01:18:06.739 9 WARNING neutron.scheduler.dhcp_agent_scheduler [None req-dde61dee-2da9-4409-a17e-7099662e7526 e4547a5de869422982c4ef97198d2a5f 1ba61911159646f48fafc251588e6842 - - default default] No more DHCP agents
2026-04-07 01:18:06.749 9 WARNING neutron.api.rpc.agentnotifiers.dhcp_rpc_agent_api [None req-dde61dee-2da9-4409-a17e-7099662e7526 e4547a5de869422982c4ef97198d2a5f 1ba61911159646f48fafc251588e6842 - - default default] Unable to schedule network a1d8daf1-2ab1-480f-b72e-534c2efff8c9: no agents available; will retry on subsequent port and subnet creation events.
2026-04-07 01:18:06.785 9 INFO neutron.api.v2.resource [None req-6b9fcc47-aaef-422d-9846-d6804677ff58 47fd583c70df43079a54e6a9dc0f952e 9ed05f9c10b4432fb4ad75953083d862 - - default default] delete failed (client error): The resource could not be found.
2026-04-07 01:18:06.786 9 INFO neutron.wsgi [None req-6b9fcc47-aaef-422d-9846-d6804677ff58 47fd583c70df43079a54e6a9dc0f952e 9ed05f9c10b4432fb4ad75953083d862 - - default default] 10.0.0.132 "DELETE /v2.0/networks/351c20d5-9131-4b5a-a9b1-ad0f77be6561/tags/green HTTP/1.1" status: 404 len: 299 time: 0.0779734
2026-04-07 01:18:06.874 9 INFO neutron.db.ovn_revision_numbers_db [None req-dde61dee-2da9-4409-a17e-7099662e7526 e4547a5de869422982c4ef97198d2a5f 1ba61911159646f48fafc251588e6842 - - default default] Successfully bumped revision number for resource d40e1e3c-7390-464f-b79e-60c62ec578da (type: ports) to 1
2026-04-07 01:18:06.889 9 INFO neutron.wsgi [None req-e5cdd0b9-c409-4ca7-821b-9e451901e3fa 47fd583c70df43079a54e6a9dc0f952e 9ed05f9c10b4432fb4ad75953083d862 - - default default] 10.0.0.132 "DELETE /v2.0/networks/351c20d5-9131-4b5a-a9b1-ad0f77be6561/tags HTTP/1.1" status: 204 len: 168 time: 0.0950432
2026-04-07 01:18:06.901 9 INFO neutron.wsgi [None req-dde61dee-2da9-4409-a17e-7099662e7526 e4547a5de869422982c4ef97198d2a5f 1ba61911159646f48fafc251588e6842 - - default default] 10.0.0.132 "POST /v2.0/networks HTTP/1.1" status: 201 len: 831 time: 0.6635425
2026-04-07 01:18:06.911 9 WARNING neutron_lib.context [None req-8ce97aad-18e7-4321-a027-3cdf26d2f5b0 e4547a5de869422982c4ef97198d2a5f 1ba61911159646f48fafc251588e6842 - - default default] Method 'is_advsvc' is deprecated since 2023.2 release (neutron-lib 3.8.0) and will be removed once support for the old RBAC API policies will be removed from Neutron. Please use method 'is_service_role' instead.
2026-04-07 01:18:06.949 9 INFO neutron.wsgi [None req-27966ab3-274b-4603-b982-92721f108b8f 47fd583c70df43079a54e6a9dc0f952e 9ed05f9c10b4432fb4ad75953083d862 - - default default] 10.0.0.132 "GET /v2.0/networks/351c20d5-9131-4b5a-a9b1-ad0f77be6561/tags HTTP/1.1" status: 200 len: 205 time: 0.0552399 /var/lib/openstack/lib/python3.10/site-packages/pycadf/identifier.py:71: UserWarning: Invalid uuid: neutron. To ensure interoperability, identifiers should be a valid uuid. warnings.warn(('Invalid uuid: %s. To ensure interoperability, '
2026-04-07 01:18:07.187 9 WARNING neutron.scheduler.dhcp_agent_scheduler [None req-8ce97aad-18e7-4321-a027-3cdf26d2f5b0 e4547a5de869422982c4ef97198d2a5f 1ba61911159646f48fafc251588e6842 - - default default] No more DHCP agents
2026-04-07 01:18:07.197 9 WARNING neutron.api.rpc.agentnotifiers.dhcp_rpc_agent_api [None req-8ce97aad-18e7-4321-a027-3cdf26d2f5b0 e4547a5de869422982c4ef97198d2a5f 1ba61911159646f48fafc251588e6842 - - default default] Unable to schedule network a1d8daf1-2ab1-480f-b72e-534c2efff8c9: no agents available; will retry on subsequent port and subnet creation events.
2026-04-07 01:18:07.277 9 INFO neutron.wsgi [req-f8d57b1c-ec23-405e-aeff-5b04959c111c req-b2993c02-368a-4f65-9892-e974d60c1a78 3c33899970d241c6a7a3e65063d0e430 861374040eab458bb37e4cf587b1cb6c - - default default] 199.19.213.14 "GET /v2.0/networks?id=e6f17832-0837-43d6-ba67-c4a47667ec30 HTTP/1.1" status: 200 len: 937 time: 0.1059923 /var/lib/openstack/lib/python3.10/site-packages/pycadf/identifier.py:71: UserWarning: Invalid uuid: neutron. To ensure interoperability, identifiers should be a valid uuid. warnings.warn(('Invalid uuid: %s. To ensure interoperability, '
2026-04-07 01:18:07.343 9 INFO neutron.db.ovn_revision_numbers_db [None req-8ce97aad-18e7-4321-a027-3cdf26d2f5b0 e4547a5de869422982c4ef97198d2a5f 1ba61911159646f48fafc251588e6842 - - default default] Successfully bumped revision number for resource ae1d9a26-b7a7-44f2-81dd-a3e5759e1767 (type: ports) to 1
2026-04-07 01:18:07.358 9 INFO neutron.wsgi [req-f8d57b1c-ec23-405e-aeff-5b04959c111c req-2ed097da-b4f5-4ebd-acd7-acc039df437e 3c33899970d241c6a7a3e65063d0e430 861374040eab458bb37e4cf587b1cb6c - - default default] 199.19.213.14 "GET /v2.0/security-groups?fields=id&fields=name&tenant_id=861374040eab458bb37e4cf587b1cb6c HTTP/1.1" status: 200 len: 542 time: 0.0694520
2026-04-07 01:18:07.372 10 INFO neutron.services.segments.plugin [-] Segment f5eab387-d853-4dee-830b-7fb28fc19f77 resource provider aggregate not found
2026-04-07 01:18:07.377 10 INFO neutron.services.segments.plugin [-] Segment f5eab387-d853-4dee-830b-7fb28fc19f77 resource provider aggregate not found
2026-04-07 01:18:07.380 9 INFO neutron.wsgi [None req-8ce97aad-18e7-4321-a027-3cdf26d2f5b0 e4547a5de869422982c4ef97198d2a5f 1ba61911159646f48fafc251588e6842 - - default default] 10.0.0.132 "POST /v2.0/ports HTTP/1.1" status: 201 len: 942 time: 0.4724042
2026-04-07 01:18:07.386 10 INFO neutron.services.segments.plugin [-] Segment f5eab387-d853-4dee-830b-7fb28fc19f77 resource provider not found; error: Placement Client Error (4xx): {"errors": [{"status": 404, "title": "Not Found", "detail": "The resource could not be found.\n\n No resource provider with uuid f5eab387-d853-4dee-830b-7fb28fc19f77 found for delete ", "request_id": "req-56c3e74a-7774-4cb0-96cb-4b3dec99a24b"}]}
2026-04-07 01:18:07.390 10 INFO neutron.wsgi [None req-b36f3483-0e6e-4003-a000-a01dcfc754c8 47fd583c70df43079a54e6a9dc0f952e 9ed05f9c10b4432fb4ad75953083d862 - - default default] 10.0.0.132 "DELETE /v2.0/networks/351c20d5-9131-4b5a-a9b1-ad0f77be6561 HTTP/1.1" status: 204 len: 168 time: 0.4331381
2026-04-07 01:18:07.395 9 WARNING neutron_lib.context [None req-c36f3c37-bd94-4f8b-b479-6db515ea0ef6 e4547a5de869422982c4ef97198d2a5f 1ba61911159646f48fafc251588e6842 - - default default] Method 'is_advsvc' is deprecated since 2023.2 release (neutron-lib 3.8.0) and will be removed once support for the old RBAC API policies will be removed from Neutron. Please use method 'is_service_role' instead.
2026-04-07 01:18:07.397 10 INFO neutron.services.segments.plugin [-] Segment f5eab387-d853-4dee-830b-7fb28fc19f77 resource provider not found; error: Placement Client Error (4xx): {"errors": [{"status": 404, "title": "Not Found", "detail": "The resource could not be found.\n\n No resource provider with uuid f5eab387-d853-4dee-830b-7fb28fc19f77 found for delete ", "request_id": "req-fd07cff0-e5e7-4433-a9b3-5020c67d6494"}]}
2026-04-07 01:18:07.742 9 INFO neutron.wsgi [None req-c36f3c37-bd94-4f8b-b479-6db515ea0ef6 e4547a5de869422982c4ef97198d2a5f 1ba61911159646f48fafc251588e6842 - - default default] 10.0.0.132 "POST /v2.0/trunks HTTP/1.1" status: 201 len: 608 time: 0.3522055
2026-04-07 01:18:07.757 10 WARNING neutron_lib.context [None req-a65a68fe-457b-4924-964c-0880adf33d02 e4547a5de869422982c4ef97198d2a5f 1ba61911159646f48fafc251588e6842 - - default default] Method 'is_advsvc' is deprecated since 2023.2 release (neutron-lib 3.8.0) and will be removed once support for the old RBAC API policies will be removed from Neutron. Please use method 'is_service_role' instead.
2026-04-07 01:18:07.794 9 WARNING neutron.scheduler.dhcp_agent_scheduler [req-f8d57b1c-ec23-405e-aeff-5b04959c111c req-0ebf109f-67a4-4f84-809b-6ce93c31a408 3c33899970d241c6a7a3e65063d0e430 861374040eab458bb37e4cf587b1cb6c - - default default] No more DHCP agents
2026-04-07 01:18:07.795 9 WARNING neutron.api.rpc.agentnotifiers.dhcp_rpc_agent_api [req-f8d57b1c-ec23-405e-aeff-5b04959c111c req-0ebf109f-67a4-4f84-809b-6ce93c31a408 3c33899970d241c6a7a3e65063d0e430 861374040eab458bb37e4cf587b1cb6c - - default default] Unable to schedule network e6f17832-0837-43d6-ba67-c4a47667ec30: no agents available; will retry on subsequent port and subnet creation events.
2026-04-07 01:18:07.847 10 INFO neutron.db.segments_db [None req-a65a68fe-457b-4924-964c-0880adf33d02 e4547a5de869422982c4ef97198d2a5f 1ba61911159646f48fafc251588e6842 - - default default] Added segment 670b51ed-55b4-449f-a73f-0be18b3e6218 of type geneve for network 1595ff0a-f335-41e1-add1-2c19893ad05c
2026-04-07 01:18:08.021 10 INFO neutron.db.ovn_revision_numbers_db [None req-a65a68fe-457b-4924-964c-0880adf33d02 e4547a5de869422982c4ef97198d2a5f 1ba61911159646f48fafc251588e6842 - - default default] Successfully bumped revision number for resource 1595ff0a-f335-41e1-add1-2c19893ad05c (type: networks) to 1
2026-04-07 01:18:08.228 10 WARNING neutron.scheduler.dhcp_agent_scheduler [None req-a65a68fe-457b-4924-964c-0880adf33d02 e4547a5de869422982c4ef97198d2a5f 1ba61911159646f48fafc251588e6842 - - default default] No more DHCP agents
2026-04-07 01:18:08.232 10 WARNING neutron.api.rpc.agentnotifiers.dhcp_rpc_agent_api [None req-a65a68fe-457b-4924-964c-0880adf33d02 e4547a5de869422982c4ef97198d2a5f 1ba61911159646f48fafc251588e6842 - - default default] Unable to schedule network 1595ff0a-f335-41e1-add1-2c19893ad05c: no agents available; will retry on subsequent port and subnet creation events.
2026-04-07 01:18:08.342 10 INFO neutron.db.ovn_revision_numbers_db [None req-6228e9d3-130a-45f4-bd4d-a3e13aef5d90 3c33899970d241c6a7a3e65063d0e430 861374040eab458bb37e4cf587b1cb6c - - default default] Successfully bumped revision number for resource 8fb9a0fd-5a52-4e80-be72-2a56b1ed4ed5 (type: security_groups) to 1
2026-04-07 01:18:08.344 10 INFO neutron.db.ovn_revision_numbers_db [None req-a65a68fe-457b-4924-964c-0880adf33d02 e4547a5de869422982c4ef97198d2a5f 1ba61911159646f48fafc251588e6842 - - default default] Successfully bumped revision number for resource 8764a56a-da0c-482b-8b47-41b70d99eb07 (type: ports) to 1
2026-04-07 01:18:08.361 10 INFO neutron.db.ovn_revision_numbers_db [None req-6228e9d3-130a-45f4-bd4d-a3e13aef5d90 3c33899970d241c6a7a3e65063d0e430 861374040eab458bb37e4cf587b1cb6c - - default default] Successfully bumped revision number for resource 39ea6c69-e295-43c9-af86-a04430251d27 (type: security_group_rules) to 0
2026-04-07 01:18:08.368 10 INFO neutron.wsgi [None req-a65a68fe-457b-4924-964c-0880adf33d02 e4547a5de869422982c4ef97198d2a5f 1ba61911159646f48fafc251588e6842 - - default default] 10.0.0.132 "POST /v2.0/networks HTTP/1.1" status: 201 len: 831 time: 0.6196682
2026-04-07 01:18:08.376 10 WARNING neutron_lib.context [None req-0ea50e56-21de-409f-8654-e3afab741cf6 e4547a5de869422982c4ef97198d2a5f 1ba61911159646f48fafc251588e6842 - - default default] Method 'is_advsvc' is deprecated since 2023.2 release (neutron-lib 3.8.0) and will be removed once support for the old RBAC API policies will be removed from Neutron. Please use method 'is_service_role' instead.
2026-04-07 01:18:08.379 10 INFO neutron.db.ovn_revision_numbers_db [None req-6228e9d3-130a-45f4-bd4d-a3e13aef5d90 3c33899970d241c6a7a3e65063d0e430 861374040eab458bb37e4cf587b1cb6c - - default default] Successfully bumped revision number for resource 7f7c5f84-ed4b-4d90-8e4a-109881764c5a (type: security_group_rules) to 0
2026-04-07 01:18:08.409 10 INFO neutron.db.ovn_revision_numbers_db [None req-6228e9d3-130a-45f4-bd4d-a3e13aef5d90 3c33899970d241c6a7a3e65063d0e430 861374040eab458bb37e4cf587b1cb6c - - default default] Successfully bumped revision number for resource a4b56c02-16a5-42e9-97d6-558160dcd4e0 (type: security_group_rules) to 0
2026-04-07 01:18:08.423 10 INFO neutron.db.ovn_revision_numbers_db [None req-6228e9d3-130a-45f4-bd4d-a3e13aef5d90 3c33899970d241c6a7a3e65063d0e430 861374040eab458bb37e4cf587b1cb6c - - default default] Successfully bumped revision number for resource fa5351b7-cff5-4a6e-bad0-50aef2db6f81 (type: security_group_rules) to 0
2026-04-07 01:18:08.442 10 INFO neutron.wsgi [None req-6228e9d3-130a-45f4-bd4d-a3e13aef5d90 3c33899970d241c6a7a3e65063d0e430 861374040eab458bb37e4cf587b1cb6c - - default default] 10.0.0.132 "GET /v2.0/security-groups?tenant_id=9d668772ca93439eae6857e5d2b593c8&name=default HTTP/1.1" status: 200 len: 3124 time: 0.3809295
2026-04-07 01:18:08.521 9 INFO neutron.db.ovn_revision_numbers_db [req-f8d57b1c-ec23-405e-aeff-5b04959c111c req-0ebf109f-67a4-4f84-809b-6ce93c31a408 3c33899970d241c6a7a3e65063d0e430 861374040eab458bb37e4cf587b1cb6c - - default default] Successfully bumped revision number for resource be238810-0720-495b-9bea-d18bfd945d9d (type: ports) to 1
2026-04-07 01:18:08.548 9 INFO neutron.wsgi [req-f8d57b1c-ec23-405e-aeff-5b04959c111c req-0ebf109f-67a4-4f84-809b-6ce93c31a408 3c33899970d241c6a7a3e65063d0e430 861374040eab458bb37e4cf587b1cb6c - - default default] 199.19.213.14 "POST /v2.0/ports HTTP/1.1" status: 201 len: 1283 time: 1.1814327 /var/lib/openstack/lib/python3.10/site-packages/pycadf/identifier.py:71: UserWarning: Invalid uuid: neutron. To ensure interoperability, identifiers should be a valid uuid. warnings.warn(('Invalid uuid: %s. To ensure interoperability, '
2026-04-07 01:18:08.682 10 WARNING neutron.scheduler.dhcp_agent_scheduler [None req-0ea50e56-21de-409f-8654-e3afab741cf6 e4547a5de869422982c4ef97198d2a5f 1ba61911159646f48fafc251588e6842 - - default default] No more DHCP agents
2026-04-07 01:18:08.687 10 WARNING neutron.api.rpc.agentnotifiers.dhcp_rpc_agent_api [None req-0ea50e56-21de-409f-8654-e3afab741cf6 e4547a5de869422982c4ef97198d2a5f 1ba61911159646f48fafc251588e6842 - - default default] Unable to schedule network 1595ff0a-f335-41e1-add1-2c19893ad05c: no agents available; will retry on subsequent port and subnet creation events.
