Mar 11 17:03:23.253403 np0000158366 devstack@neutron-api.service[103524]: DEBUG neutron.api.extensions [None req-0c78f22c-1036-4490-bfba-7d0145167428 None None] Ext name="Port Binding" alias="binding" description="Expose port bindings of a virtual port to external application" updated="2014-02-03T10:00:00-00:00" {{(pid=103524) _check_extension /opt/stack/neutron/neutron/api/extensions.py:415}}
Mar 11 17:03:23.253452 np0000158366 devstack@neutron-api.service[103522]: DEBUG neutron_lib.callbacks.manager [None req-7d65740e-b136-4c83-b7c4-913733cca3bc None None] Subscribe: > router precommit_delete 55550100, False {{(pid=103522) subscribe /opt/stack/data/venv/lib/python3.12/site-packages/neutron_lib/callbacks/manager.py:52}}
Mar 11 17:03:23.253452 np0000158366 devstack@neutron-api.service[103522]: DEBUG neutron_lib.callbacks.manager [None req-7d65740e-b136-4c83-b7c4-913733cca3bc None None] Subscribe: > router precommit_create 55550100, False {{(pid=103522) subscribe /opt/stack/data/venv/lib/python3.12/site-packages/neutron_lib/callbacks/manager.py:52}}
Mar 11 17:03:23.253502 np0000158366 devstack@neutron-api.service[103524]: INFO neutron.api.extensions [None req-0c78f22c-1036-4490-bfba-7d0145167428 None None] Loaded extension: binding
Mar 11 17:03:23.253557 np0000158366 devstack@neutron-api.service[103523]: DEBUG neutron.api.extensions [None req-246711c8-ced0-4be2-8c74-25e402e796df None None] Ext name="Neutron Extra DHCP options" alias="extra_dhcp_opt" description="Extra options configuration for DHCP. For example PXE boot options to DHCP clients can be specified (e.g. tftp-server, server-ip-address, bootfile-name)" updated="2013-03-17T12:00:00-00:00" {{(pid=103523) _check_extension /opt/stack/neutron/neutron/api/extensions.py:415}}
Mar 11 17:03:23.253609 np0000158366 devstack@neutron-api.service[103522]: DEBUG neutron_lib.callbacks.manager [None req-7d65740e-b136-4c83-b7c4-913733cca3bc None None] Subscribe: > router precommit_update 55550100, False {{(pid=103522) subscribe /opt/stack/data/venv/lib/python3.12/site-packages/neutron_lib/callbacks/manager.py:52}}
Mar 11 17:03:23.253634 np0000158366 devstack@neutron-api.service[103524]: DEBUG neutron.api.extensions [None req-0c78f22c-1036-4490-bfba-7d0145167428 None None] Loading extension file: portbindings_extended.py {{(pid=103524) _load_all_extensions_from_path /opt/stack/neutron/neutron/api/extensions.py:449}}
Mar 11 17:03:23.253690 np0000158366 devstack@neutron-api.service[103523]: INFO neutron.api.extensions [None req-246711c8-ced0-4be2-8c74-25e402e796df None None] Loaded extension: extra_dhcp_opt
Mar 11 17:03:23.253763 np0000158366 devstack@neutron-api.service[103523]: DEBUG neutron.api.extensions [None req-246711c8-ced0-4be2-8c74-25e402e796df None None] Loading extension file: extraroute.py {{(pid=103523) _load_all_extensions_from_path /opt/stack/neutron/neutron/api/extensions.py:449}}
Mar 11 17:03:23.253815 np0000158366 devstack@neutron-api.service[103524]: DEBUG neutron.api.extensions [None req-0c78f22c-1036-4490-bfba-7d0145167428 None None] Ext name="Port Bindings Extended" alias="binding-extended" description="Expose port bindings of a virtual port to external application" updated="2017-07-17T10:00:00-00:00" {{(pid=103524) _check_extension /opt/stack/neutron/neutron/api/extensions.py:415}}
Mar 11 17:03:23.253975 np0000158366 devstack@neutron-api.service[103524]: INFO neutron.api.extensions [None req-0c78f22c-1036-4490-bfba-7d0145167428 None None] Loaded extension: binding-extended
Mar 11 17:03:23.254004 np0000158366 devstack@neutron-api.service[103523]: DEBUG neutron.api.extensions [None req-246711c8-ced0-4be2-8c74-25e402e796df None None] Ext name="Neutron Extra Route" alias="extraroute" description="Extra routes configuration for L3 router" updated="2013-02-01T10:00:00-00:00" {{(pid=103523) _check_extension /opt/stack/neutron/neutron/api/extensions.py:415}}
Mar 11 17:03:23.254061 np0000158366 devstack@neutron-api.service[103524]: DEBUG neutron.api.extensions [None req-0c78f22c-1036-4490-bfba-7d0145167428 None None] Loading extension file: portsecurity.py {{(pid=103524) _load_all_extensions_from_path /opt/stack/neutron/neutron/api/extensions.py:449}}
Mar 11 17:03:23.254163 np0000158366 devstack@neutron-api.service[103523]: INFO neutron.api.extensions [None req-246711c8-ced0-4be2-8c74-25e402e796df None None] Loaded extension: extraroute
Mar 11 17:03:23.254285 np0000158366 devstack@neutron-api.service[103523]: DEBUG neutron.api.extensions [None req-246711c8-ced0-4be2-8c74-25e402e796df None None] Loading extension file: extraroute_atomic.py {{(pid=103523) _load_all_extensions_from_path /opt/stack/neutron/neutron/api/extensions.py:449}}
Mar 11 17:03:23.254349 np0000158366 devstack@neutron-api.service[103524]: DEBUG neutron.api.extensions [None req-0c78f22c-1036-4490-bfba-7d0145167428 None None] Ext name="Port Security" alias="port-security" description="Provides port security" updated="2012-07-23T10:00:00-00:00" {{(pid=103524) _check_extension /opt/stack/neutron/neutron/api/extensions.py:415}}
Mar 11 17:03:23.254502 np0000158366 devstack@neutron-api.service[103524]: INFO neutron.api.extensions [None req-0c78f22c-1036-4490-bfba-7d0145167428 None None] Loaded extension: port-security
Mar 11 17:03:23.254597 np0000158366 devstack@neutron-api.service[103523]: DEBUG neutron.api.extensions [None req-246711c8-ced0-4be2-8c74-25e402e796df None None] Ext name="Atomically add/remove extra routes" alias="extraroute-atomic" description="Edit extra routes of a router on server side by atomically adding/removing extra routes" updated="2019-07-10T00:00:00+00:00" {{(pid=103523) _check_extension /opt/stack/neutron/neutron/api/extensions.py:415}}
Mar 11 17:03:23.254626 np0000158366 devstack@neutron-api.service[103524]: DEBUG neutron.api.extensions [None req-0c78f22c-1036-4490-bfba-7d0145167428 None None] Loading extension file: project_id.py {{(pid=103524) _load_all_extensions_from_path /opt/stack/neutron/neutron/api/extensions.py:449}}
Mar 11 17:03:23.254765 np0000158366 devstack@neutron-api.service[103523]: INFO neutron.api.extensions [None req-246711c8-ced0-4be2-8c74-25e402e796df None None] Loaded extension: extraroute-atomic
Mar 11 17:03:23.254812 np0000158366 devstack@neutron-api.service[103524]: DEBUG neutron.api.extensions [None req-0c78f22c-1036-4490-bfba-7d0145167428 None None] Ext name="project_id field enabled" alias="project-id" description="Extension that indicates that project_id field is enabled." updated="2016-09-09T09:09:09-09:09" {{(pid=103524) _check_extension /opt/stack/neutron/neutron/api/extensions.py:415}}
Mar 11 17:03:23.254874 np0000158366 devstack@neutron-api.service[103523]: DEBUG neutron.api.extensions [None req-246711c8-ced0-4be2-8c74-25e402e796df None None] Loading extension file: filter_validation.py {{(pid=103523) _load_all_extensions_from_path /opt/stack/neutron/neutron/api/extensions.py:449}}
Mar 11 17:03:23.254902 np0000158366 devstack@neutron-api.service[103524]: INFO neutron.api.extensions [None req-0c78f22c-1036-4490-bfba-7d0145167428 None None] Loaded extension: project-id
Mar 11 17:03:23.254986 np0000158366 devstack@neutron-api.service[103524]: DEBUG neutron.api.extensions [None req-0c78f22c-1036-4490-bfba-7d0145167428 None None] Loading extension file: providernet.py {{(pid=103524) _load_all_extensions_from_path /opt/stack/neutron/neutron/api/extensions.py:449}}
Mar 11 17:03:23.255082 np0000158366 devstack@neutron-api.service[103523]: DEBUG neutron.api.extensions [None req-246711c8-ced0-4be2-8c74-25e402e796df None None] Ext name="Filter parameters validation" alias="filter-validation" description="Provides validation on filter parameters." updated="2018-07-04T10:00:00-00:00" {{(pid=103523) _check_extension /opt/stack/neutron/neutron/api/extensions.py:415}}
Mar 11 17:03:23.255232 np0000158366 devstack@neutron-api.service[103524]: DEBUG neutron.api.extensions [None req-0c78f22c-1036-4490-bfba-7d0145167428 None None] Ext name="Provider Network" alias="provider" description="Expose mapping of virtual networks to physical networks" updated="2012-09-07T10:00:00-00:00" {{(pid=103524) _check_extension /opt/stack/neutron/neutron/api/extensions.py:415}}
Mar 11 17:03:23.255293 np0000158366 devstack@neutron-api.service[103523]: INFO neutron.api.extensions [None req-246711c8-ced0-4be2-8c74-25e402e796df None None] Loaded extension: filter-validation
Mar 11 17:03:23.255357 np0000158366 devstack@neutron-api.service[103523]: DEBUG neutron.api.extensions [None req-246711c8-ced0-4be2-8c74-25e402e796df None None] Loading extension file: fip_pf_description.py {{(pid=103523) _load_all_extensions_from_path /opt/stack/neutron/neutron/api/extensions.py:449}}
Mar 11 17:03:23.255397 np0000158366 devstack@neutron-api.service[103524]: INFO neutron.api.extensions [None req-0c78f22c-1036-4490-bfba-7d0145167428 None None] Loaded extension: provider
Mar 11 17:03:23.255487 np0000158366 devstack@neutron-api.service[103524]: DEBUG neutron.api.extensions [None req-0c78f22c-1036-4490-bfba-7d0145167428 None None] Loading extension file: qinq.py {{(pid=103524) _load_all_extensions_from_path /opt/stack/neutron/neutron/api/extensions.py:449}}
Mar 11 17:03:23.255589 np0000158366 devstack@neutron-api.service[103523]: DEBUG neutron.api.extensions [None req-246711c8-ced0-4be2-8c74-25e402e796df None None] Ext name="Floating IP Port Forwarding new attribute description" alias="floating-ip-port-forwarding-description" description="Add a description field to Port Forwarding rules" updated="2019-11-01T10:00:00-00:00" {{(pid=103523) _check_extension /opt/stack/neutron/neutron/api/extensions.py:415}}
Mar 11 17:03:23.255735 np0000158366 devstack@neutron-api.service[103524]: DEBUG neutron.api.extensions [None req-0c78f22c-1036-4490-bfba-7d0145167428 None None] Ext name="QinQ networks" alias="qinq" description="Expose network 'qinq' attribute in the API. This allows to configure network to allow vlan in vlan configuration using 0x8a88 ethertype (QinQ)." updated="2024-12-02T10:00:00-00:00" {{(pid=103524) _check_extension /opt/stack/neutron/neutron/api/extensions.py:415}}
Mar 11 17:03:23.255764 np0000158366 devstack@neutron-api.service[103523]: INFO neutron.api.extensions [None req-246711c8-ced0-4be2-8c74-25e402e796df None None] Extension floating-ip-port-forwarding-description not supported by any of loaded plugins
Mar 11 17:03:23.255854 np0000158366 devstack@neutron-api.service[103523]: DEBUG neutron.api.extensions [None req-246711c8-ced0-4be2-8c74-25e402e796df None None] Loading extension file: fip_pf_detail.py {{(pid=103523) _load_all_extensions_from_path /opt/stack/neutron/neutron/api/extensions.py:449}}
Mar 11 17:03:23.255914 np0000158366 devstack@neutron-api.service[103524]: INFO neutron.api.extensions [None req-0c78f22c-1036-4490-bfba-7d0145167428 None None] Loaded extension: qinq
Mar 11 17:03:23.255978 np0000158366 devstack@neutron-api.service[103524]: DEBUG neutron.api.extensions [None req-0c78f22c-1036-4490-bfba-7d0145167428 None None] Loading extension file: qos.py {{(pid=103524) _load_all_extensions_from_path /opt/stack/neutron/neutron/api/extensions.py:449}}
Mar 11 17:03:23.256086 np0000158366 devstack@neutron-api.service[103523]: DEBUG neutron.api.extensions [None req-246711c8-ced0-4be2-8c74-25e402e796df None None] Ext name="Floating IP port forwarding detail" alias="floating-ip-port-forwarding-detail" description="Allow list floating ip return more port forwarding data, include'id' and 'internal_port_id'" updated="2022-05-06T10:00:00-00:00" {{(pid=103523) _check_extension /opt/stack/neutron/neutron/api/extensions.py:415}}
Mar 11 17:03:23.256329 np0000158366 devstack@neutron-api.service[103523]: INFO neutron.api.extensions [None req-246711c8-ced0-4be2-8c74-25e402e796df None None] Loaded extension: floating-ip-port-forwarding-detail
Mar 11 17:03:23.256393 np0000158366 devstack@neutron-api.service[103523]: DEBUG neutron.api.extensions [None req-246711c8-ced0-4be2-8c74-25e402e796df None None] Loading extension file: fip_pf_port_range.py {{(pid=103523) _load_all_extensions_from_path /opt/stack/neutron/neutron/api/extensions.py:449}}
Mar 11 17:03:23.256641 np0000158366 devstack@neutron-api.service[103523]: DEBUG neutron.api.extensions [None req-246711c8-ced0-4be2-8c74-25e402e796df None None] Ext name="Floating IP Port Forwarding support port ranges" alias="floating-ip-port-forwarding-port-ranges" description="Add support to port ranges" updated="2020-07-01T10:00:00-00:00" {{(pid=103523) _check_extension /opt/stack/neutron/neutron/api/extensions.py:415}}
Mar 11 17:03:23.256787 np0000158366 devstack@neutron-api.service[103523]: INFO neutron.api.extensions [None req-246711c8-ced0-4be2-8c74-25e402e796df None None] Extension floating-ip-port-forwarding-port-ranges not supported by any of loaded plugins
Mar 11 17:03:23.256849 np0000158366 devstack@neutron-api.service[103524]: DEBUG neutron.api.extensions [None req-0c78f22c-1036-4490-bfba-7d0145167428 None None] Ext name="Quality of Service" alias="qos" description="The Quality of Service extension." updated="2015-06-08T10:00:00-00:00" {{(pid=103524) _check_extension /opt/stack/neutron/neutron/api/extensions.py:415}}
Mar 11 17:03:23.256878 np0000158366 devstack@neutron-api.service[103523]: DEBUG neutron.api.extensions [None req-246711c8-ced0-4be2-8c74-25e402e796df None None] Loading extension file: fip_port_details.py {{(pid=103523) _load_all_extensions_from_path /opt/stack/neutron/neutron/api/extensions.py:449}}
Mar 11 17:03:23.256934 np0000158366 devstack@neutron-api.service[103522]: DEBUG neutron.services.provider_configuration [None req-7d65740e-b136-4c83-b7c4-913733cca3bc None None] Service providers = [] {{(pid=103522) parse_service_provider_opt /opt/stack/neutron/neutron/services/provider_configuration.py:171}}
Mar 11 17:03:23.256962 np0000158366 devstack@neutron-api.service[103524]: INFO neutron.api.extensions [None req-0c78f22c-1036-4490-bfba-7d0145167428 None None] Extension qos not supported by any of loaded plugins
Mar 11 17:03:23.257066 np0000158366 devstack@neutron-api.service[103522]: DEBUG neutron.db.servicetype_db [None req-7d65740e-b136-4c83-b7c4-913733cca3bc None None] Adding provider configuration for service L3_ROUTER_NAT {{(pid=103522) add_provider_configuration /opt/stack/neutron/neutron/db/servicetype_db.py:42}}
Mar 11 17:03:23.257090 np0000158366 devstack@neutron-api.service[103524]: DEBUG neutron.api.extensions [None req-0c78f22c-1036-4490-bfba-7d0145167428 None None] Loading extension file: qos_bw_limit_direction.py {{(pid=103524) _load_all_extensions_from_path /opt/stack/neutron/neutron/api/extensions.py:449}}
Mar 11 17:03:23.257151 np0000158366 devstack@neutron-api.service[103523]: DEBUG neutron.api.extensions [None req-246711c8-ced0-4be2-8c74-25e402e796df None None] Ext name="Floating IP Port Details Extension" alias="fip-port-details" description="Add port_details attribute to Floating IP resource" updated="2018-04-09T10:00:00-00:00" {{(pid=103523) _check_extension /opt/stack/neutron/neutron/api/extensions.py:415}}
Mar 11 17:03:23.257346 np0000158366 devstack@neutron-api.service[103524]: DEBUG neutron.api.extensions [None req-0c78f22c-1036-4490-bfba-7d0145167428 None None] Ext name="Direction for QoS bandwidth limit rule" alias="qos-bw-limit-direction" description="Allow to configure QoS bandwidth limit rule with specific direction: ingress or egress" updated="2017-04-10T10:00:00-00:00" {{(pid=103524) _check_extension /opt/stack/neutron/neutron/api/extensions.py:415}}
Mar 11 17:03:23.257380 np0000158366 devstack@neutron-api.service[103523]: INFO neutron.api.extensions [None req-246711c8-ced0-4be2-8c74-25e402e796df None None] Loaded extension: fip-port-details
Mar 11 17:03:23.257518 np0000158366 devstack@neutron-api.service[103524]: INFO neutron.api.extensions [None req-0c78f22c-1036-4490-bfba-7d0145167428 None None] Extension qos-bw-limit-direction not supported by any of loaded plugins
Mar 11 17:03:23.257552 np0000158366 devstack@neutron-api.service[103523]: DEBUG neutron.api.extensions [None req-246711c8-ced0-4be2-8c74-25e402e796df None None] Loading extension file: flavors.py {{(pid=103523) _load_all_extensions_from_path /opt/stack/neutron/neutron/api/extensions.py:449}}
Mar 11 17:03:23.257581 np0000158366 devstack@neutron-api.service[103524]: DEBUG neutron.api.extensions [None req-0c78f22c-1036-4490-bfba-7d0145167428 None None] Loading extension file: qos_bw_minimum_ingress.py {{(pid=103524) _load_all_extensions_from_path /opt/stack/neutron/neutron/api/extensions.py:449}}
Mar 11 17:03:23.257804 np0000158366 devstack@neutron-api.service[103524]: DEBUG neutron.api.extensions [None req-0c78f22c-1036-4490-bfba-7d0145167428 None None] Ext name="Ingress direction for QoS minimum bandwidth rule" alias="qos-bw-minimum-ingress" description="Allow to configure QoS minumum bandwidth rule with ingress direction." updated="2018-07-09T10:00:00-00:00" {{(pid=103524) _check_extension /opt/stack/neutron/neutron/api/extensions.py:415}}
Mar 11 17:03:23.257976 np0000158366 devstack@neutron-api.service[103523]: DEBUG neutron.api.extensions [None req-246711c8-ced0-4be2-8c74-25e402e796df None None] Ext name="Neutron Service Flavors" alias="flavors" description="Flavor specification for Neutron advanced services." updated="2015-09-17T10:00:00-00:00" {{(pid=103523) _check_extension /opt/stack/neutron/neutron/api/extensions.py:415}}
Mar 11 17:03:23.258006 np0000158366 devstack@neutron-api.service[103524]: INFO neutron.api.extensions [None req-0c78f22c-1036-4490-bfba-7d0145167428 None None] Extension qos-bw-minimum-ingress not supported by any of loaded plugins
Mar 11 17:03:23.258061 np0000158366 devstack@neutron-api.service[103524]: DEBUG neutron.api.extensions [None req-0c78f22c-1036-4490-bfba-7d0145167428 None None] Loading extension file: qos_default.py {{(pid=103524) _load_all_extensions_from_path /opt/stack/neutron/neutron/api/extensions.py:449}}
Mar 11 17:03:23.258201 np0000158366 devstack@neutron-api.service[103523]: INFO neutron.api.extensions [None req-246711c8-ced0-4be2-8c74-25e402e796df None None] Loaded extension: flavors
Mar 11 17:03:23.258330 np0000158366 devstack@neutron-api.service[103524]: DEBUG neutron.api.extensions [None req-0c78f22c-1036-4490-bfba-7d0145167428 None None] Ext name="QoS default policy" alias="qos-default" description="Expose the QoS default policy per project" updated="2017-041-06T10:00:00-00:00" {{(pid=103524) _check_extension /opt/stack/neutron/neutron/api/extensions.py:415}}
Mar 11 17:03:23.258363 np0000158366 devstack@neutron-api.service[103523]: DEBUG neutron.api.extensions [None req-246711c8-ced0-4be2-8c74-25e402e796df None None] Loading extension file: floating_ip_port_forwarding.py {{(pid=103523) _load_all_extensions_from_path /opt/stack/neutron/neutron/api/extensions.py:449}}
Mar 11 17:03:23.258391 np0000158366 devstack@neutron-api.service[103522]: DEBUG neutron_lib.callbacks.manager [None req-7d65740e-b136-4c83-b7c4-913733cca3bc None None] Subscribe: > router precommit_create 55549900, False {{(pid=103522) subscribe /opt/stack/data/venv/lib/python3.12/site-packages/neutron_lib/callbacks/manager.py:52}}
Mar 11 17:03:23.258480 np0000158366 devstack@neutron-api.service[103524]: INFO neutron.api.extensions [None req-0c78f22c-1036-4490-bfba-7d0145167428 None None] Extension qos-default not supported by any of loaded plugins
Mar 11 17:03:23.258511 np0000158366 devstack@neutron-api.service[103522]: DEBUG neutron_lib.callbacks.manager [None req-7d65740e-b136-4c83-b7c4-913733cca3bc None None] Subscribe: > router_interface after_create 55550000, False {{(pid=103522) subscribe /opt/stack/data/venv/lib/python3.12/site-packages/neutron_lib/callbacks/manager.py:52}}
Mar 11 17:03:23.258569 np0000158366 devstack@neutron-api.service[103524]: DEBUG neutron.api.extensions [None req-0c78f22c-1036-4490-bfba-7d0145167428 None None] Loading extension file: qos_fip.py {{(pid=103524) _load_all_extensions_from_path /opt/stack/neutron/neutron/api/extensions.py:449}}
Mar 11 17:03:23.258597 np0000158366 devstack@neutron-api.service[103522]: DEBUG neutron_lib.callbacks.manager [None req-7d65740e-b136-4c83-b7c4-913733cca3bc None None] Subscribe: > floatingip after_create 55550000, False {{(pid=103522) subscribe /opt/stack/data/venv/lib/python3.12/site-packages/neutron_lib/callbacks/manager.py:52}}
Mar 11 17:03:23.258708 np0000158366 devstack@neutron-api.service[103522]: DEBUG neutron_lib.callbacks.manager [None req-7d65740e-b136-4c83-b7c4-913733cca3bc None None] Subscribe: > floatingip precommit_create 55550000, False {{(pid=103522) subscribe /opt/stack/data/venv/lib/python3.12/site-packages/neutron_lib/callbacks/manager.py:52}}
Mar 11 17:03:23.258774 np0000158366 devstack@neutron-api.service[103523]: DEBUG neutron.api.extensions [None req-246711c8-ced0-4be2-8c74-25e402e796df None None] Ext name="Floating IP Port Forwarding" alias="floating-ip-port-forwarding" description="Allow port forwarding from floating IP port to an internal port" updated="2018-01-19T10:00:00-00:00" {{(pid=103523) _check_extension /opt/stack/neutron/neutron/api/extensions.py:415}}
Mar 11 17:03:23.258803 np0000158366 devstack@neutron-api.service[103524]: DEBUG neutron.api.extensions [None req-0c78f22c-1036-4490-bfba-7d0145167428 None None] Ext name="Floating IP QoS" alias="qos-fip" description="The floating IP Quality of Service extension" updated="2017-07-20T00:00:00-00:00" {{(pid=103524) _check_extension /opt/stack/neutron/neutron/api/extensions.py:415}}
Mar 11 17:03:23.258831 np0000158366 devstack@neutron-api.service[103522]: DEBUG neutron_lib.callbacks.manager [None req-7d65740e-b136-4c83-b7c4-913733cca3bc None None] Subscribe: > floatingip precommit_update 55550000, False {{(pid=103522) subscribe /opt/stack/data/venv/lib/python3.12/site-packages/neutron_lib/callbacks/manager.py:52}}
Mar 11 17:03:23.258922 np0000158366 devstack@neutron-api.service[103522]: DEBUG neutron_lib.callbacks.manager [None req-7d65740e-b136-4c83-b7c4-913733cca3bc None None] Subscribe: > floatingip after_delete 55550000, False {{(pid=103522) subscribe /opt/stack/data/venv/lib/python3.12/site-packages/neutron_lib/callbacks/manager.py:52}}
Mar 11 17:03:23.258955 np0000158366 devstack@neutron-api.service[103523]: INFO neutron.api.extensions [None req-246711c8-ced0-4be2-8c74-25e402e796df None None] Extension floating-ip-port-forwarding not supported by any of loaded plugins
Mar 11 17:03:23.258986 np0000158366 devstack@neutron-api.service[103524]: INFO neutron.api.extensions [None req-0c78f22c-1036-4490-bfba-7d0145167428 None None] Extension qos-fip not supported by any of loaded plugins
Mar 11 17:03:23.259041 np0000158366 devstack@neutron-api.service[103522]: DEBUG neutron_lib.callbacks.manager [None req-7d65740e-b136-4c83-b7c4-913733cca3bc None None] Subscribe: > floatingip after_status_update 55550000, False {{(pid=103522) subscribe /opt/stack/data/venv/lib/python3.12/site-packages/neutron_lib/callbacks/manager.py:52}}
Mar 11 17:03:23.259071 np0000158366 devstack@neutron-api.service[103523]: DEBUG neutron.api.extensions [None req-246711c8-ced0-4be2-8c74-25e402e796df None None] Loading extension file: floatingip_pools.py {{(pid=103523) _load_all_extensions_from_path /opt/stack/neutron/neutron/api/extensions.py:449}}
Mar 11 17:03:23.259127 np0000158366 devstack@neutron-api.service[103524]: DEBUG neutron.api.extensions [None req-0c78f22c-1036-4490-bfba-7d0145167428 None None] Loading extension file: qos_fip_network_policy.py {{(pid=103524) _load_all_extensions_from_path /opt/stack/neutron/neutron/api/extensions.py:449}}
Mar 11 17:03:23.259154 np0000158366 devstack@neutron-api.service[103522]: DEBUG neutron_lib.callbacks.manager [None req-7d65740e-b136-4c83-b7c4-913733cca3bc None None] Subscribe: > floatingip after_update 55550000, False {{(pid=103522) subscribe /opt/stack/data/venv/lib/python3.12/site-packages/neutron_lib/callbacks/manager.py:52}}
Mar 11 17:03:23.259260 np0000158366 devstack@neutron-api.service[103522]: DEBUG neutron_lib.callbacks.manager [None req-7d65740e-b136-4c83-b7c4-913733cca3bc None None] Subscribe: > port_forwarding after_create 55550000, False {{(pid=103522) subscribe /opt/stack/data/venv/lib/python3.12/site-packages/neutron_lib/callbacks/manager.py:52}}
Mar 11 17:03:23.259288 np0000158366 devstack@neutron-api.service[103524]: DEBUG neutron.api.extensions [None req-0c78f22c-1036-4490-bfba-7d0145167428 None None] Ext name="QoS floating IP network policy ID" alias="qos-fip-network-policy" description="Adds a the QoS network ID to the floating IP definition" updated="2021-11-15T10:00:00-00:00" {{(pid=103524) _check_extension /opt/stack/neutron/neutron/api/extensions.py:415}}
Mar 11 17:03:23.259344 np0000158366 devstack@neutron-api.service[103522]: DEBUG neutron_lib.callbacks.manager [None req-7d65740e-b136-4c83-b7c4-913733cca3bc None None] Subscribe: > router_interface after_delete 55550000, False {{(pid=103522) subscribe /opt/stack/data/venv/lib/python3.12/site-packages/neutron_lib/callbacks/manager.py:52}}
Mar 11 17:03:23.259373 np0000158366 devstack@neutron-api.service[103523]: DEBUG neutron.api.extensions [None req-246711c8-ced0-4be2-8c74-25e402e796df None None] Ext name="Floating IP Pools Extension" alias="floatingip-pools" description="Provides a floating IP pools API." updated="2018-03-21T10:00:00-00:00" {{(pid=103523) _check_extension /opt/stack/neutron/neutron/api/extensions.py:415}}
Mar 11 17:03:23.259434 np0000158366 devstack@neutron-api.service[103522]: DEBUG neutron_lib.callbacks.manager [None req-7d65740e-b136-4c83-b7c4-913733cca3bc None None] Subscribe: > router after_create 55550000, False {{(pid=103522) subscribe /opt/stack/data/venv/lib/python3.12/site-packages/neutron_lib/callbacks/manager.py:52}}
Mar 11 17:03:23.259466 np0000158366 devstack@neutron-api.service[103524]: INFO neutron.api.extensions [None req-0c78f22c-1036-4490-bfba-7d0145167428 None None] Extension qos-fip-network-policy not supported by any of loaded plugins
Mar 11 17:03:23.259524 np0000158366 devstack@neutron-api.service[103523]: INFO neutron.api.extensions [None req-246711c8-ced0-4be2-8c74-25e402e796df None None] Loaded extension: floatingip-pools
Mar 11 17:03:23.259552 np0000158366 devstack@neutron-api.service[103524]: DEBUG neutron.api.extensions [None req-0c78f22c-1036-4490-bfba-7d0145167428 None None] Loading extension file: qos_gateway_ip.py {{(pid=103524) _load_all_extensions_from_path /opt/stack/neutron/neutron/api/extensions.py:449}}
Mar 11 17:03:23.259609 np0000158366 devstack@neutron-api.service[103522]: DEBUG neutron_lib.callbacks.manager [None req-7d65740e-b136-4c83-b7c4-913733cca3bc None None] Subscribe: > router precommit_create 55550000, False {{(pid=103522) subscribe /opt/stack/data/venv/lib/python3.12/site-packages/neutron_lib/callbacks/manager.py:52}}
Mar 11 17:03:23.259637 np0000158366 devstack@neutron-api.service[103523]: DEBUG neutron.api.extensions [None req-246711c8-ced0-4be2-8c74-25e402e796df None None] Loading extension file: ip_allocation.py {{(pid=103523) _load_all_extensions_from_path /opt/stack/neutron/neutron/api/extensions.py:449}}
Mar 11 17:03:23.259701 np0000158366 devstack@neutron-api.service[103522]: DEBUG neutron_lib.callbacks.manager [None req-7d65740e-b136-4c83-b7c4-913733cca3bc None None] Subscribe: > router after_delete 55550000, False {{(pid=103522) subscribe /opt/stack/data/venv/lib/python3.12/site-packages/neutron_lib/callbacks/manager.py:52}}
Mar 11 17:03:23.259758 np0000158366 devstack@neutron-api.service[103522]: DEBUG neutron_lib.callbacks.manager [None req-7d65740e-b136-4c83-b7c4-913733cca3bc None None] Subscribe: > router after_update 55550000, False {{(pid=103522) subscribe /opt/stack/data/venv/lib/python3.12/site-packages/neutron_lib/callbacks/manager.py:52}}
Mar 11 17:03:23.259792 np0000158366 devstack@neutron-api.service[103524]: DEBUG neutron.api.extensions [None req-0c78f22c-1036-4490-bfba-7d0145167428 None None] Ext name="Router gateway IP QoS" alias="qos-gateway-ip" description="The Router gateway IP Quality of Service extension" updated="2018-02-24T00:00:00-00:00" {{(pid=103524) _check_extension /opt/stack/neutron/neutron/api/extensions.py:415}}
Mar 11 17:03:23.259856 np0000158366 devstack@neutron-api.service[103523]: DEBUG neutron.api.extensions [None req-246711c8-ced0-4be2-8c74-25e402e796df None None] Ext name="IP Allocation" alias="ip_allocation" description="IP allocation extension." updated="2016-06-10T23:00:00-00:00" {{(pid=103523) _check_extension /opt/stack/neutron/neutron/api/extensions.py:415}}
Mar 11 17:03:23.259916 np0000158366 devstack@neutron-api.service[103522]: DEBUG neutron.services.service_base [None req-7d65740e-b136-4c83-b7c4-913733cca3bc None None] Loaded 'neutron.services.ovn_l3.service_providers.ovn.OvnDriver' provider for service L3_ROUTER_NAT {{(pid=103522) load_drivers /opt/stack/neutron/neutron/services/service_base.py:49}}
Mar 11 17:03:23.259946 np0000158366 devstack@neutron-api.service[103524]: INFO neutron.api.extensions [None req-0c78f22c-1036-4490-bfba-7d0145167428 None None] Extension qos-gateway-ip not supported by any of loaded plugins
Mar 11 17:03:23.260002 np0000158366 devstack@neutron-api.service[103522]: DEBUG neutron_lib.callbacks.manager [None req-7d65740e-b136-4c83-b7c4-913733cca3bc None None] Subscribe: > process after_init 55550001, True {{(pid=103522) subscribe /opt/stack/data/venv/lib/python3.12/site-packages/neutron_lib/callbacks/manager.py:52}}
Mar 11 17:03:23.260058 np0000158366 devstack@neutron-api.service[103524]: DEBUG neutron.api.extensions [None req-0c78f22c-1036-4490-bfba-7d0145167428 None None] Loading extension file: qos_port_network_policy.py {{(pid=103524) _load_all_extensions_from_path /opt/stack/neutron/neutron/api/extensions.py:449}}
Mar 11 17:03:23.260097 np0000158366 devstack@neutron-api.service[103523]: INFO neutron.api.extensions [None req-246711c8-ced0-4be2-8c74-25e402e796df None None] Extension ip_allocation not supported by any of loaded plugins
Mar 11 17:03:23.260153 np0000158366 devstack@neutron-api.service[103522]: DEBUG neutron.manager [None req-7d65740e-b136-4c83-b7c4-913733cca3bc None None] Successfully loaded L3_ROUTER_NAT plugin. Description: L3 Router Service Plugin for basic L3 forwarding using OVN {{(pid=103522) _create_and_add_service_plugin /opt/stack/neutron/neutron/manager.py:229}}
Mar 11 17:03:23.260222 np0000158366 devstack@neutron-api.service[103523]: DEBUG neutron.api.extensions [None req-246711c8-ced0-4be2-8c74-25e402e796df None None] Loading extension file: ip_substring_port_filtering.py {{(pid=103523) _load_all_extensions_from_path /opt/stack/neutron/neutron/api/extensions.py:449}}
Mar 11 17:03:23.260257 np0000158366 devstack@neutron-api.service[103522]: INFO neutron.manager [None req-7d65740e-b136-4c83-b7c4-913733cca3bc None None] Loading Plugin: auto_allocate
Mar 11 17:03:23.260317 np0000158366 devstack@neutron-api.service[103524]: DEBUG neutron.api.extensions [None req-0c78f22c-1036-4490-bfba-7d0145167428 None None] Ext name="QoS port network policy ID" alias="qos-port-network-policy" description="Adds a the QoS network ID to the port definition" updated="2019-11-01T10:00:00-00:00" {{(pid=103524) _check_extension /opt/stack/neutron/neutron/api/extensions.py:415}}
Mar 11 17:03:23.260342 np0000158366 devstack@neutron-api.service[103523]: DEBUG neutron.api.extensions [None req-246711c8-ced0-4be2-8c74-25e402e796df None None] Ext name="IP address substring filtering" alias="ip-substring-filtering" description="Provides IP address substring filtering when listing ports" updated="2017-11-28T09:00:00-00:00" {{(pid=103523) _check_extension /opt/stack/neutron/neutron/api/extensions.py:415}}
Mar 11 17:03:23.260400 np0000158366 devstack@neutron-api.service[103524]: INFO neutron.api.extensions [None req-0c78f22c-1036-4490-bfba-7d0145167428 None None] Extension qos-port-network-policy not supported by any of loaded plugins
Mar 11 17:03:23.260472 np0000158366 devstack@neutron-api.service[103524]: DEBUG neutron.api.extensions [None req-0c78f22c-1036-4490-bfba-7d0145167428 None None] Loading extension file: qos_pps_minimum_rule.py {{(pid=103524) _load_all_extensions_from_path /opt/stack/neutron/neutron/api/extensions.py:449}}
Mar 11 17:03:23.260522 np0000158366 devstack@neutron-api.service[103523]: INFO neutron.api.extensions [None req-246711c8-ced0-4be2-8c74-25e402e796df None None] Extension ip-substring-filtering not supported by any of loaded plugins
Mar 11 17:03:23.260606 np0000158366 devstack@neutron-api.service[103523]: DEBUG neutron.api.extensions [None req-246711c8-ced0-4be2-8c74-25e402e796df None None] Loading extension file: l2_adjacency.py {{(pid=103523) _load_all_extensions_from_path /opt/stack/neutron/neutron/api/extensions.py:449}}
Mar 11 17:03:23.260707 np0000158366 devstack@neutron-api.service[103524]: DEBUG neutron.api.extensions [None req-0c78f22c-1036-4490-bfba-7d0145167428 None None] Ext name="QoS minimum packet rate rule" alias="qos-pps-minimum" description="Allow to configure QoS minimum packet rate rule." updated="2021-07-14T10:00:00-00:00" {{(pid=103524) _check_extension /opt/stack/neutron/neutron/api/extensions.py:415}}
Mar 11 17:03:23.260827 np0000158366 devstack@neutron-api.service[103523]: DEBUG neutron.api.extensions [None req-246711c8-ced0-4be2-8c74-25e402e796df None None] Ext name="L2 Adjacency" alias="l2_adjacency" description="Display L2 Adjacency for Neutron Networks." updated="2016-04-12T16:00:00-00:00" {{(pid=103523) _check_extension /opt/stack/neutron/neutron/api/extensions.py:415}}
Mar 11 17:03:23.260878 np0000158366 devstack@neutron-api.service[103524]: INFO neutron.api.extensions [None req-0c78f22c-1036-4490-bfba-7d0145167428 None None] Extension qos-pps-minimum not supported by any of loaded plugins
Mar 11 17:03:23.260963 np0000158366 devstack@neutron-api.service[103524]: DEBUG neutron.api.extensions [None req-0c78f22c-1036-4490-bfba-7d0145167428 None None] Loading extension file: qos_pps_minimum_rule_alias.py {{(pid=103524) _load_all_extensions_from_path /opt/stack/neutron/neutron/api/extensions.py:449}}
Mar 11 17:03:23.260994 np0000158366 devstack@neutron-api.service[103523]: INFO neutron.api.extensions [None req-246711c8-ced0-4be2-8c74-25e402e796df None None] Extension l2_adjacency not supported by any of loaded plugins
Mar 11 17:03:23.261047 np0000158366 devstack@neutron-api.service[103522]: DEBUG neutron_lib.callbacks.manager [None req-7d65740e-b136-4c83-b7c4-913733cca3bc None None] Subscribe: network precommit_update 55550000, False {{(pid=103522) subscribe /opt/stack/data/venv/lib/python3.12/site-packages/neutron_lib/callbacks/manager.py:52}}
Mar 11 17:03:23.261102 np0000158366 devstack@neutron-api.service[103523]: DEBUG neutron.api.extensions [None req-246711c8-ced0-4be2-8c74-25e402e796df None None] Loading extension file: l3.py {{(pid=103523) _load_all_extensions_from_path /opt/stack/neutron/neutron/api/extensions.py:449}}
Mar 11 17:03:23.261132 np0000158366 devstack@neutron-api.service[103522]: DEBUG neutron_lib.callbacks.manager [None req-7d65740e-b136-4c83-b7c4-913733cca3bc None None] Subscribe: network precommit_create 55550000, False {{(pid=103522) subscribe /opt/stack/data/venv/lib/python3.12/site-packages/neutron_lib/callbacks/manager.py:52}}
Mar 11 17:03:23.261213 np0000158366 devstack@neutron-api.service[103524]: DEBUG neutron.api.extensions [None req-0c78f22c-1036-4490-bfba-7d0145167428 None None] Ext name="QoS minimum packet rate rule alias" alias="qos-pps-minimum-rule-alias" description="API to enable GET, PUT and DELETE operations on QoS minimum packet rate rule without specifying policy ID" updated="2021-10-22T10:00:00-00:00" {{(pid=103524) _check_extension /opt/stack/neutron/neutron/api/extensions.py:415}}
Mar 11 17:03:23.261353 np0000158366 devstack@neutron-api.service[103522]: DEBUG neutron.manager [None req-7d65740e-b136-4c83-b7c4-913733cca3bc None None] Successfully loaded auto-allocated-topology plugin. Description: Auto Allocated Topology - aka get me a network. {{(pid=103522) _create_and_add_service_plugin /opt/stack/neutron/neutron/manager.py:229}}
Mar 11 17:03:23.261382 np0000158366 devstack@neutron-api.service[103524]: INFO neutron.api.extensions [None req-0c78f22c-1036-4490-bfba-7d0145167428 None None] Extension qos-pps-minimum-rule-alias not supported by any of loaded plugins
Mar 11 17:03:23.261436 np0000158366 devstack@neutron-api.service[103522]: INFO neutron.manager [None req-7d65740e-b136-4c83-b7c4-913733cca3bc None None] Loading Plugin: tag
Mar 11 17:03:23.261462 np0000158366 devstack@neutron-api.service[103524]: DEBUG neutron.api.extensions [None req-0c78f22c-1036-4490-bfba-7d0145167428 None None] Loading extension file: qos_pps_rule.py {{(pid=103524) _load_all_extensions_from_path /opt/stack/neutron/neutron/api/extensions.py:449}}
Mar 11 17:03:23.261543 np0000158366 devstack@neutron-api.service[103523]: DEBUG neutron.api.extensions [None req-246711c8-ced0-4be2-8c74-25e402e796df None None] Ext name="Neutron L3 Router" alias="router" description="Router abstraction for basic L3 forwarding between L2 Neutron networks and access to external networks via a NAT gateway." updated="2012-07-20T10:00:00-00:00" {{(pid=103523) _check_extension /opt/stack/neutron/neutron/api/extensions.py:415}}
Mar 11 17:03:23.261711 np0000158366 devstack@neutron-api.service[103524]: DEBUG neutron.api.extensions [None req-0c78f22c-1036-4490-bfba-7d0145167428 None None] Ext name="QoS Rule Type Packet per Second Extension" alias="qos-pps" description="Add QoS Rule Type Packet per Second" updated="2021-05-12T10:00:00-00:00" {{(pid=103524) _check_extension /opt/stack/neutron/neutron/api/extensions.py:415}}
Mar 11 17:03:23.261741 np0000158366 devstack@neutron-api.service[103523]: INFO neutron.api.extensions [None req-246711c8-ced0-4be2-8c74-25e402e796df None None] Loaded extension: router
Mar 11 17:03:23.261820 np0000158366 devstack@neutron-api.service[103523]: DEBUG neutron.api.extensions [None req-246711c8-ced0-4be2-8c74-25e402e796df None None] Loading extension file: l3_conntrack_helper.py {{(pid=103523) _load_all_extensions_from_path /opt/stack/neutron/neutron/api/extensions.py:449}}
Mar 11 17:03:23.261883 np0000158366 devstack@neutron-api.service[103524]: INFO neutron.api.extensions [None req-0c78f22c-1036-4490-bfba-7d0145167428 None None] Extension qos-pps not supported by any of loaded plugins
Mar 11 17:03:23.261965 np0000158366 devstack@neutron-api.service[103524]: DEBUG neutron.api.extensions [None req-0c78f22c-1036-4490-bfba-7d0145167428 None None] Loading extension file: qos_rule_type_details.py {{(pid=103524) _load_all_extensions_from_path /opt/stack/neutron/neutron/api/extensions.py:449}}
Mar 11 17:03:23.262186 np0000158366 devstack@neutron-api.service[103524]: DEBUG neutron.api.extensions [None req-0c78f22c-1036-4490-bfba-7d0145167428 None None] Ext name="Details of QoS rule types" alias="qos-rule-type-details" description="Expose details about QoS rule types supported by loaded backend drivers" updated="2017-06-22T10:00:00-00:00" {{(pid=103524) _check_extension /opt/stack/neutron/neutron/api/extensions.py:415}}
Mar 11 17:03:23.262394 np0000158366 devstack@neutron-api.service[103524]: INFO neutron.api.extensions [None req-0c78f22c-1036-4490-bfba-7d0145167428 None None] Extension qos-rule-type-details not supported by any of loaded plugins
Mar 11 17:03:23.262508 np0000158366 devstack@neutron-api.service[103524]: DEBUG neutron.api.extensions [None req-0c78f22c-1036-4490-bfba-7d0145167428 None None] Loading extension file: qos_rule_type_filter.py {{(pid=103524) _load_all_extensions_from_path /opt/stack/neutron/neutron/api/extensions.py:449}}
Mar 11 17:03:23.262536 np0000158366 devstack@neutron-api.service[103523]: DEBUG neutron.api.extensions [None req-246711c8-ced0-4be2-8c74-25e402e796df None None] Ext name="L3 Conntrack helper" alias="l3-conntrack-helper" description="Allow adding CT target rules for conntrack helper" updated="2019-04-04T10:00:00-00:00" {{(pid=103523) _check_extension /opt/stack/neutron/neutron/api/extensions.py:415}}
Mar 11 17:03:23.262789 np0000158366 devstack@neutron-api.service[103523]: INFO neutron.api.extensions [None req-246711c8-ced0-4be2-8c74-25e402e796df None None] Extension l3-conntrack-helper not supported by any of loaded plugins
Mar 11 17:03:23.262816 np0000158366 devstack@neutron-api.service[103524]: DEBUG neutron.api.extensions [None req-0c78f22c-1036-4490-bfba-7d0145167428 None None] Ext name="Allow to filter the list of QoS rule types" alias="qos-rule-type-filter" description="Allows to filter the QoS rule type list adding two new flags. "all_rules" prints all implemented QoS rule types."all_supported" prints all supported QoS rule types by the loaded mechanism drivers" updated="2022-02-02T10:00:00-00:00" {{(pid=103524) _check_extension /opt/stack/neutron/neutron/api/extensions.py:415}}
Mar 11 17:03:23.262910 np0000158366 devstack@neutron-api.service[103523]: DEBUG neutron.api.extensions [None req-246711c8-ced0-4be2-8c74-25e402e796df None None] Loading extension file: l3_enable_default_route_bfd.py {{(pid=103523) _load_all_extensions_from_path /opt/stack/neutron/neutron/api/extensions.py:449}}
Mar 11 17:03:23.262966 np0000158366 devstack@neutron-api.service[103524]: INFO neutron.api.extensions [None req-0c78f22c-1036-4490-bfba-7d0145167428 None None] Extension qos-rule-type-filter not supported by any of loaded plugins
Mar 11 17:03:23.262966 np0000158366 devstack@neutron-api.service[103524]: DEBUG neutron.api.extensions [None req-0c78f22c-1036-4490-bfba-7d0145167428 None None] Loading extension file: qos_rules_alias.py {{(pid=103524) _load_all_extensions_from_path /opt/stack/neutron/neutron/api/extensions.py:449}}
Mar 11 17:03:23.263049 np0000158366 devstack@neutron-api.service[103523]: DEBUG neutron.api.extensions [None req-246711c8-ced0-4be2-8c74-25e402e796df None None] Ext name="Enable Default Route BFD" alias="enable-default-route-bfd" description="Enables configurable BFD behavior for default routes" updated="2023-02-27T00:00:00-00:00" {{(pid=103523) _check_extension /opt/stack/neutron/neutron/api/extensions.py:415}}
Mar 11 17:03:23.263217 np0000158366 devstack@neutron-api.service[103524]: DEBUG neutron.api.extensions [None req-0c78f22c-1036-4490-bfba-7d0145167428 None None] Ext name="Quality of Service rules alias API" alias="qos-rules-alias" description="API to enable GET, PUT and DELETE operations on QoS policy rules without specifying policy ID" updated="2018-10-07T10:00:00-00:00" {{(pid=103524) _check_extension /opt/stack/neutron/neutron/api/extensions.py:415}}
Mar 11 17:03:23.263251 np0000158366 devstack@neutron-api.service[103523]: INFO neutron.api.extensions [None req-246711c8-ced0-4be2-8c74-25e402e796df None None] Loaded extension: enable-default-route-bfd
Mar 11 17:03:23.263360 np0000158366 devstack@neutron-api.service[103523]: DEBUG neutron.api.extensions [None req-246711c8-ced0-4be2-8c74-25e402e796df None None] Loading extension file: l3_enable_default_route_ecmp.py {{(pid=103523) _load_all_extensions_from_path /opt/stack/neutron/neutron/api/extensions.py:449}}
Mar 11 17:03:23.263390 np0000158366 devstack@neutron-api.service[103524]: INFO neutron.api.extensions [None req-0c78f22c-1036-4490-bfba-7d0145167428 None None] Extension qos-rules-alias not supported by any of loaded plugins
Mar 11 17:03:23.263476 np0000158366 devstack@neutron-api.service[103524]: DEBUG neutron.api.extensions [None req-0c78f22c-1036-4490-bfba-7d0145167428 None None] Loading extension file: quota_check_limit.py {{(pid=103524) _load_all_extensions_from_path /opt/stack/neutron/neutron/api/extensions.py:449}}
Mar 11 17:03:23.263599 np0000158366 devstack@neutron-api.service[103523]: DEBUG neutron.api.extensions [None req-246711c8-ced0-4be2-8c74-25e402e796df None None] Ext name="Enable Default Route ECMP" alias="enable-default-route-ecmp" description="Enables configurable ECMP behavior for default routes" updated="2023-02-27T00:00:00-00:00" {{(pid=103523) _check_extension /opt/stack/neutron/neutron/api/extensions.py:415}}
Mar 11 17:03:23.263692 np0000158366 devstack@neutron-api.service[103524]: DEBUG neutron.api.extensions [None req-0c78f22c-1036-4490-bfba-7d0145167428 None None] Ext name="Quota engine limit check" alias="quota-check-limit" description="Support for checking the resource usage before applying a new quota limit" updated="2021-09-08T16:00:00-00:00" {{(pid=103524) _check_extension /opt/stack/neutron/neutron/api/extensions.py:415}}
Mar 11 17:03:23.263769 np0000158366 devstack@neutron-api.service[103523]: INFO neutron.api.extensions [None req-246711c8-ced0-4be2-8c74-25e402e796df None None] Loaded extension: enable-default-route-ecmp
Mar 11 17:03:23.263859 np0000158366 devstack@neutron-api.service[103523]: DEBUG neutron.api.extensions [None req-246711c8-ced0-4be2-8c74-25e402e796df None None] Loading extension file: l3_ext_gw_mode.py {{(pid=103523) _load_all_extensions_from_path /opt/stack/neutron/neutron/api/extensions.py:449}}
Mar 11 17:03:23.263886 np0000158366 devstack@neutron-api.service[103524]: INFO neutron.api.extensions [None req-0c78f22c-1036-4490-bfba-7d0145167428 None None] Loaded extension: quota-check-limit
Mar 11 17:03:23.263950 np0000158366 devstack@neutron-api.service[103524]: DEBUG neutron.api.extensions [None req-0c78f22c-1036-4490-bfba-7d0145167428 None None] Loading extension file: quota_check_limit_default.py {{(pid=103524) _load_all_extensions_from_path /opt/stack/neutron/neutron/api/extensions.py:449}}
Mar 11 17:03:23.264055 np0000158366 devstack@neutron-api.service[103522]: DEBUG neutron.manager [None req-7d65740e-b136-4c83-b7c4-913733cca3bc None None] Successfully loaded TAG plugin. Description: Tag support {{(pid=103522) _create_and_add_service_plugin /opt/stack/neutron/neutron/manager.py:229}}
Mar 11 17:03:23.264083 np0000158366 devstack@neutron-api.service[103523]: DEBUG neutron.api.extensions [None req-246711c8-ced0-4be2-8c74-25e402e796df None None] Ext name="Neutron L3 Configurable external gateway mode" alias="ext-gw-mode" description="Extension of the router abstraction for specifying whether SNAT should occur on the external gateway" updated="2013-03-28T10:00:00-00:00" {{(pid=103523) _check_extension /opt/stack/neutron/neutron/api/extensions.py:415}}
Mar 11 17:03:23.264171 np0000158366 devstack@neutron-api.service[103522]: INFO neutron.manager [None req-7d65740e-b136-4c83-b7c4-913733cca3bc None None] Loading Plugin: timestamp
Mar 11 17:03:23.264210 np0000158366 devstack@neutron-api.service[103524]: DEBUG neutron.api.extensions [None req-0c78f22c-1036-4490-bfba-7d0145167428 None None] Ext name="Quota engine limit check by default" alias="quota-check-limit-default" description="By default, the Neutron quota engine checks the resource usage before applying a new quota limit" updated="2024-08-21T16:00:00-00:00" {{(pid=103524) _check_extension /opt/stack/neutron/neutron/api/extensions.py:415}}
Mar 11 17:03:23.264277 np0000158366 devstack@neutron-api.service[103523]: INFO neutron.api.extensions [None req-246711c8-ced0-4be2-8c74-25e402e796df None None] Loaded extension: ext-gw-mode
Mar 11 17:03:23.264357 np0000158366 devstack@neutron-api.service[103523]: DEBUG neutron.api.extensions [None req-246711c8-ced0-4be2-8c74-25e402e796df None None] Loading extension file: l3_ext_ha_mode.py {{(pid=103523) _load_all_extensions_from_path /opt/stack/neutron/neutron/api/extensions.py:449}}
Mar 11 17:03:23.264423 np0000158366 devstack@neutron-api.service[103524]: INFO neutron.api.extensions [None req-0c78f22c-1036-4490-bfba-7d0145167428 None None] Loaded extension: quota-check-limit-default
Mar 11 17:03:23.264460 np0000158366 devstack@neutron-api.service[103524]: DEBUG neutron.api.extensions [None req-0c78f22c-1036-4490-bfba-7d0145167428 None None] Loading extension file: quotasv2.py {{(pid=103524) _load_all_extensions_from_path /opt/stack/neutron/neutron/api/extensions.py:449}}
Mar 11 17:03:23.264593 np0000158366 devstack@neutron-api.service[103523]: DEBUG neutron.api.extensions [None req-246711c8-ced0-4be2-8c74-25e402e796df None None] Ext name="HA Router extension" alias="l3-ha" description="Adds HA capability to routers." updated="2014-04-26T00:00:00-00:00" {{(pid=103523) _check_extension /opt/stack/neutron/neutron/api/extensions.py:415}}
Mar 11 17:03:23.264770 np0000158366 devstack@neutron-api.service[103523]: INFO neutron.api.extensions [None req-246711c8-ced0-4be2-8c74-25e402e796df None None] Loaded extension: l3-ha
Mar 11 17:03:23.264863 np0000158366 devstack@neutron-api.service[103523]: DEBUG neutron.api.extensions [None req-246711c8-ced0-4be2-8c74-25e402e796df None None] Loading extension file: l3_ext_ndp_proxy.py {{(pid=103523) _load_all_extensions_from_path /opt/stack/neutron/neutron/api/extensions.py:449}}
Mar 11 17:03:23.264898 np0000158366 devstack@neutron-api.service[103524]: DEBUG neutron.api.extensions [None req-0c78f22c-1036-4490-bfba-7d0145167428 None None] Ext name="Quota management support" alias="quotas" description="Expose functions for quotas management per project" updated="2012-07-29T10:00:00-00:00" {{(pid=103524) _check_extension /opt/stack/neutron/neutron/api/extensions.py:415}}
Mar 11 17:03:23.265094 np0000158366 devstack@neutron-api.service[103523]: DEBUG neutron.api.extensions [None req-246711c8-ced0-4be2-8c74-25e402e796df None None] Ext name="Router support to enable NDP proxy" alias="l3-ext-ndp-proxy" description="Router extension to enable ndp proxy" updated="2020-08-25T00:00:00-00:00" {{(pid=103523) _check_extension /opt/stack/neutron/neutron/api/extensions.py:415}}
Mar 11 17:03:23.265303 np0000158366 devstack@neutron-api.service[103523]: INFO neutron.api.extensions [None req-246711c8-ced0-4be2-8c74-25e402e796df None None] Extension l3-ext-ndp-proxy not supported by any of loaded plugins
