2026-07-07 04:43:33.615 9 INFO placement.requestlog [req-0d550328-ad36-4d66-a71a-b80af5730527 req-a3ee0b58-97e1-454e-808f-190da9a63644 bddbb42cd5fb4467839290e666f39619 a2ce93a592a44d54b142070a6a6890c7 - - 7e20aa5eb5ab4c8ba84e5d542d6d873c 7e20aa5eb5ab4c8ba84e5d542d6d873c] 199.204.45.116 "GET /resource_providers/4985f91b-826b-4a3f-a2e7-e4b8e31742f7/allocations" status: 200 len: 54 microversion: 1.0 [pid: 9|app: 0|req: 292/583] 199.204.45.116 () {32 vars in 857 bytes} [Tue Jul 7 04:43:33 2026] GET /resource_providers/4985f91b-826b-4a3f-a2e7-e4b8e31742f7/allocations => generated 54 bytes in 19 msecs (HTTP/1.1 200) 6 headers in 223 bytes (1 switches on core 0)
2026-07-07 04:43:33.642 8 INFO placement.requestlog [req-0d550328-ad36-4d66-a71a-b80af5730527 req-28f62d48-9f36-4d9f-901d-4f9ccc96c24e bddbb42cd5fb4467839290e666f39619 a2ce93a592a44d54b142070a6a6890c7 - - 7e20aa5eb5ab4c8ba84e5d542d6d873c 7e20aa5eb5ab4c8ba84e5d542d6d873c] 199.204.45.116 "GET /resource_providers/4985f91b-826b-4a3f-a2e7-e4b8e31742f7/allocations" status: 200 len: 54 microversion: 1.0 [pid: 8|app: 0|req: 292/584] 199.204.45.116 () {32 vars in 857 bytes} [Tue Jul 7 04:43:33 2026] GET /resource_providers/4985f91b-826b-4a3f-a2e7-e4b8e31742f7/allocations => generated 54 bytes in 15 msecs (HTTP/1.1 200) 6 headers in 223 bytes (1 switches on core 0)
2026-07-07 04:43:41.151 9 INFO placement.requestlog [None req-52c7b701-0bf7-41f1-8373-6cec3f3f205e - - - - - -] 10.0.0.226 "GET /" status: 200 len: 136 microversion: 1.0
2026-07-07 04:43:41.152 8 INFO placement.requestlog [None req-1d04d7a6-d1d1-4680-bb58-e06d914c24b0 - - - - - -] 10.0.0.226 "GET /" status: 200 len: 136 microversion: 1.0
2026-07-07 04:43:51.151 8 INFO placement.requestlog [None req-6ea779dd-1932-451e-87a9-ca865ba4c023 - - - - - -] 10.0.0.226 "GET /" status: 200 len: 136 microversion: 1.0
2026-07-07 04:43:51.152 9 INFO placement.requestlog [None req-c0366d92-68cc-4901-a64c-a254acc87f8b - - - - - -] 10.0.0.226 "GET /" status: 200 len: 136 microversion: 1.0
2026-07-07 04:44:01.152 9 INFO placement.requestlog [None req-2591c082-04f6-474c-870b-3789338c147d - - - - - -] 10.0.0.226 "GET /" status: 200 len: 136 microversion: 1.0
2026-07-07 04:44:01.152 8 INFO placement.requestlog [None req-03436cb9-952b-481f-bf47-f5204eef54d9 - - - - - -] 10.0.0.226 "GET /" status: 200 len: 136 microversion: 1.0
2026-07-07 04:44:11.152 9 INFO placement.requestlog [None req-0d31ed47-275c-4290-ae5f-d5a0082c7b34 - - - - - -] 10.0.0.226 "GET /" status: 200 len: 136 microversion: 1.0
2026-07-07 04:44:11.153 8 INFO placement.requestlog [None req-43e1be4b-c84f-4168-82ca-3639e7d0ee7d - - - - - -] 10.0.0.226 "GET /" status: 200 len: 136 microversion: 1.0
2026-07-07 04:44:21.153 8 INFO placement.requestlog [None req-f648d8c2-68b0-4870-acfe-6e11b7255722 - - - - - -] 10.0.0.226 "GET /" status: 200 len: 136 microversion: 1.0
2026-07-07 04:44:21.153 9 INFO placement.requestlog [None req-3a202144-17f2-4aba-b210-2d8ab3aae85a - - - - - -] 10.0.0.226 "GET /" status: 200 len: 136 microversion: 1.0
2026-07-07 04:44:31.152 8 INFO placement.requestlog [None req-3a90b497-14d0-43cc-ba68-69ba61f805ac - - - - - -] 10.0.0.226 "GET /" status: 200 len: 136 microversion: 1.0
2026-07-07 04:44:31.152 9 INFO placement.requestlog [None req-e4273cd3-eff8-42c2-aa3f-db4cfe9f987b - - - - - -] 10.0.0.226 "GET /" status: 200 len: 136 microversion: 1.0
2026-07-07 04:44:35.558 9 INFO placement.requestlog [req-943642b6-4d05-4951-b403-ba1e2eeea7a0 req-28c60cb5-2042-4019-a4ba-19ad044c14ef bddbb42cd5fb4467839290e666f39619 a2ce93a592a44d54b142070a6a6890c7 - - 7e20aa5eb5ab4c8ba84e5d542d6d873c 7e20aa5eb5ab4c8ba84e5d542d6d873c] 199.204.45.116 "GET /resource_providers/4985f91b-826b-4a3f-a2e7-e4b8e31742f7/allocations" status: 200 len: 54 microversion: 1.0 [pid: 9|app: 0|req: 299/597] 199.204.45.116 () {32 vars in 857 bytes} [Tue Jul 7 04:44:35 2026] GET /resource_providers/4985f91b-826b-4a3f-a2e7-e4b8e31742f7/allocations => generated 54 bytes in 17 msecs (HTTP/1.1 200) 6 headers in 223 bytes (1 switches on core 0)
2026-07-07 04:44:35.584 8 INFO placement.requestlog [req-943642b6-4d05-4951-b403-ba1e2eeea7a0 req-5d6d71d8-7fcf-4280-a702-42fac9fc96c0 bddbb42cd5fb4467839290e666f39619 a2ce93a592a44d54b142070a6a6890c7 - - 7e20aa5eb5ab4c8ba84e5d542d6d873c 7e20aa5eb5ab4c8ba84e5d542d6d873c] 199.204.45.116 "GET /resource_providers/4985f91b-826b-4a3f-a2e7-e4b8e31742f7/allocations" status: 200 len: 54 microversion: 1.0 [pid: 8|app: 0|req: 299/598] 199.204.45.116 () {32 vars in 857 bytes} [Tue Jul 7 04:44:35 2026] GET /resource_providers/4985f91b-826b-4a3f-a2e7-e4b8e31742f7/allocations => generated 54 bytes in 16 msecs (HTTP/1.1 200) 6 headers in 223 bytes (1 switches on core 0)
2026-07-07 04:44:41.151 8 INFO placement.requestlog [None req-c6f2ebfc-4ddc-40f1-9d95-304298579841 - - - - - -] 10.0.0.226 "GET /" status: 200 len: 136 microversion: 1.0
2026-07-07 04:44:41.152 9 INFO placement.requestlog [None req-b4c12ecf-1a91-4e3d-b094-78631a5677b2 - - - - - -] 10.0.0.226 "GET /" status: 200 len: 136 microversion: 1.0
2026-07-07 04:44:51.151 8 INFO placement.requestlog [None req-9c71fb5e-bbce-460d-af03-398b16950f94 - - - - - -] 10.0.0.226 "GET /" status: 200 len: 136 microversion: 1.0
2026-07-07 04:44:51.152 9 INFO placement.requestlog [None req-1a2671c7-dc1f-49f0-adc2-8df7c1d849fb - - - - - -] 10.0.0.226 "GET /" status: 200 len: 136 microversion: 1.0
2026-07-07 04:45:01.152 9 INFO placement.requestlog [None req-33dab86d-f430-4110-ac7b-827767994994 - - - - - -] 10.0.0.226 "GET /" status: 200 len: 136 microversion: 1.0
2026-07-07 04:45:01.152 8 INFO placement.requestlog [None req-d3147375-0759-4e57-aa41-5cda25b4efc6 - - - - - -] 10.0.0.226 "GET /" status: 200 len: 136 microversion: 1.0
2026-07-07 04:45:11.152 8 INFO placement.requestlog [None req-4d7fa9e9-f5d9-4797-b28a-cb025fdeedf5 - - - - - -] 10.0.0.226 "GET /" status: 200 len: 136 microversion: 1.0
2026-07-07 04:45:11.153 9 INFO placement.requestlog [None req-3901c6a2-7a2d-41e3-aab6-a752e443d768 - - - - - -] 10.0.0.226 "GET /" status: 200 len: 136 microversion: 1.0
2026-07-07 04:45:21.152 9 INFO placement.requestlog [None req-ac6b813c-b739-465f-8712-d48616495821 - - - - - -] 10.0.0.226 "GET /" status: 200 len: 136 microversion: 1.0
2026-07-07 04:45:21.152 8 INFO placement.requestlog [None req-67f0ec5a-2515-4cc3-937a-194da173e4c2 - - - - - -] 10.0.0.226 "GET /" status: 200 len: 136 microversion: 1.0
2026-07-07 04:45:31.152 9 INFO placement.requestlog [None req-a7dd54c7-3d9f-4ec3-9bd3-7e382b232efb - - - - - -] 10.0.0.226 "GET /" status: 200 len: 136 microversion: 1.0
2026-07-07 04:45:31.152 8 INFO placement.requestlog [None req-88d4344a-3aba-40be-b4c0-3b39245d175b - - - - - -] 10.0.0.226 "GET /" status: 200 len: 136 microversion: 1.0
2026-07-07 04:45:35.581 9 INFO placement.requestlog [req-d0a8a0aa-57f8-4b7c-87b6-68a0841d1942 req-e6cbb5ed-3577-46cd-825f-07054ac786c6 bddbb42cd5fb4467839290e666f39619 a2ce93a592a44d54b142070a6a6890c7 - - 7e20aa5eb5ab4c8ba84e5d542d6d873c 7e20aa5eb5ab4c8ba84e5d542d6d873c] 199.204.45.116 "GET /resource_providers/4985f91b-826b-4a3f-a2e7-e4b8e31742f7/allocations" status: 200 len: 54 microversion: 1.0 [pid: 9|app: 0|req: 306/611] 199.204.45.116 () {32 vars in 857 bytes} [Tue Jul 7 04:45:35 2026] GET /resource_providers/4985f91b-826b-4a3f-a2e7-e4b8e31742f7/allocations => generated 54 bytes in 16 msecs (HTTP/1.1 200) 6 headers in 223 bytes (1 switches on core 0)
2026-07-07 04:45:35.609 8 INFO placement.requestlog [req-d0a8a0aa-57f8-4b7c-87b6-68a0841d1942 req-007bb4aa-14da-4ae9-a7d2-a0fe3c712640 bddbb42cd5fb4467839290e666f39619 a2ce93a592a44d54b142070a6a6890c7 - - 7e20aa5eb5ab4c8ba84e5d542d6d873c 7e20aa5eb5ab4c8ba84e5d542d6d873c] 199.204.45.116 "GET /resource_providers/4985f91b-826b-4a3f-a2e7-e4b8e31742f7/allocations" status: 200 len: 54 microversion: 1.0 [pid: 8|app: 0|req: 306/612] 199.204.45.116 () {32 vars in 857 bytes} [Tue Jul 7 04:45:35 2026] GET /resource_providers/4985f91b-826b-4a3f-a2e7-e4b8e31742f7/allocations => generated 54 bytes in 18 msecs (HTTP/1.1 200) 6 headers in 223 bytes (1 switches on core 0)
2026-07-07 04:45:41.151 8 INFO placement.requestlog [None req-6419dbd8-7d53-49b1-9b81-e094da3019d3 - - - - - -] 10.0.0.226 "GET /" status: 200 len: 136 microversion: 1.0
2026-07-07 04:45:41.151 9 INFO placement.requestlog [None req-b893190c-5720-4c97-b530-002274b62eeb - - - - - -] 10.0.0.226 "GET /" status: 200 len: 136 microversion: 1.0
2026-07-07 04:45:51.151 9 INFO placement.requestlog [None req-f7686f82-dca8-4a15-848c-a206d7bc4923 - - - - - -] 10.0.0.226 "GET /" status: 200 len: 136 microversion: 1.0
2026-07-07 04:45:51.151 8 INFO placement.requestlog [None req-d9927226-a5d6-4f76-965b-f36b866ee0dd - - - - - -] 10.0.0.226 "GET /" status: 200 len: 136 microversion: 1.0
2026-07-07 04:46:01.151 9 INFO placement.requestlog [None req-a95a21cd-f7fd-40b2-8a34-62a4bdf174c9 - - - - - -] 10.0.0.226 "GET /" status: 200 len: 136 microversion: 1.0
2026-07-07 04:46:01.152 8 INFO placement.requestlog [None req-dee22771-c1f1-4968-96b1-4c801d4b3faf - - - - - -] 10.0.0.226 "GET /" status: 200 len: 136 microversion: 1.0
2026-07-07 04:46:01.921 9 INFO placement.requestlog [None req-64697488-88fc-4813-956f-21537d841de4 8370364473d5498bb9a568411f6f10eb a2ce93a592a44d54b142070a6a6890c7 - - 7e20aa5eb5ab4c8ba84e5d542d6d873c 7e20aa5eb5ab4c8ba84e5d542d6d873c] 10.0.0.168 "GET /resource_providers/3698c896-e79a-477f-9461-9db4ca0963ad/aggregates" status: 404 len: 235 microversion: 1.1 [pid: 9|app: 0|req: 310/619] 10.0.0.168 () {32 vars in 816 bytes} [Tue Jul 7 04:46:01 2026] GET /resource_providers/3698c896-e79a-477f-9461-9db4ca0963ad/aggregates => generated 235 bytes in 310 msecs (HTTP/1.1 404) 5 headers in 202 bytes (1 switches on core 0)
2026-07-07 04:46:01.937 8 INFO placement.requestlog [None req-883d4276-6ae0-438f-9ef8-9025d3611923 8370364473d5498bb9a568411f6f10eb a2ce93a592a44d54b142070a6a6890c7 - - 7e20aa5eb5ab4c8ba84e5d542d6d873c 7e20aa5eb5ab4c8ba84e5d542d6d873c] 10.0.0.168 "GET /resource_providers/3698c896-e79a-477f-9461-9db4ca0963ad/aggregates" status: 404 len: 235 microversion: 1.1 [pid: 8|app: 0|req: 310/620] 10.0.0.168 () {32 vars in 816 bytes} [Tue Jul 7 04:46:01 2026] GET /resource_providers/3698c896-e79a-477f-9461-9db4ca0963ad/aggregates => generated 235 bytes in 348 msecs (HTTP/1.1 404) 5 headers in 202 bytes (1 switches on core 0)
2026-07-07 04:46:01.954 9 INFO placement.requestlog [None req-c47cd28c-c07b-4cac-b9a0-602af29b0016 8370364473d5498bb9a568411f6f10eb a2ce93a592a44d54b142070a6a6890c7 - - 7e20aa5eb5ab4c8ba84e5d542d6d873c 7e20aa5eb5ab4c8ba84e5d542d6d873c] 10.0.0.168 "DELETE /resource_providers/3698c896-e79a-477f-9461-9db4ca0963ad" status: 404 len: 246 microversion: 1.1 [pid: 9|app: 0|req: 311/621] 10.0.0.168 () {34 vars in 816 bytes} [Tue Jul 7 04:46:01 2026] DELETE /resource_providers/3698c896-e79a-477f-9461-9db4ca0963ad => generated 246 bytes in 11 msecs (HTTP/1.1 404) 6 headers in 231 bytes (1 switches on core 0)
2026-07-07 04:46:01.967 8 INFO placement.requestlog [None req-b9676ed6-3ee6-449d-bcda-b646bc10af3e 8370364473d5498bb9a568411f6f10eb a2ce93a592a44d54b142070a6a6890c7 - - 7e20aa5eb5ab4c8ba84e5d542d6d873c 7e20aa5eb5ab4c8ba84e5d542d6d873c] 10.0.0.168 "DELETE /resource_providers/3698c896-e79a-477f-9461-9db4ca0963ad" status: 404 len: 246 microversion: 1.1 [pid: 8|app: 0|req: 311/622] 10.0.0.168 () {34 vars in 816 bytes} [Tue Jul 7 04:46:01 2026] DELETE /resource_providers/3698c896-e79a-477f-9461-9db4ca0963ad => generated 246 bytes in 9 msecs (HTTP/1.1 404) 6 headers in 231 bytes (1 switches on core 0)
2026-07-07 04:46:03.983 9 INFO placement.requestlog [None req-1e8eab17-48ca-4df3-a0ce-6633f60ee015 8370364473d5498bb9a568411f6f10eb a2ce93a592a44d54b142070a6a6890c7 - - 7e20aa5eb5ab4c8ba84e5d542d6d873c 7e20aa5eb5ab4c8ba84e5d542d6d873c] 10.0.0.168 "GET /resource_providers/1a2dffd6-1828-4c5d-9040-7d5064528077/aggregates" status: 404 len: 235 microversion: 1.1 [pid: 9|app: 0|req: 312/623] 10.0.0.168 () {32 vars in 816 bytes} [Tue Jul 7 04:46:03 2026] GET /resource_providers/1a2dffd6-1828-4c5d-9040-7d5064528077/aggregates => generated 235 bytes in 16 msecs (HTTP/1.1 404) 5 headers in 202 bytes (1 switches on core 0)
2026-07-07 04:46:03.996 8 INFO placement.requestlog [None req-85323cad-920f-4768-88ad-a100a6e32f4e 8370364473d5498bb9a568411f6f10eb a2ce93a592a44d54b142070a6a6890c7 - - 7e20aa5eb5ab4c8ba84e5d542d6d873c 7e20aa5eb5ab4c8ba84e5d542d6d873c] 10.0.0.168 "GET /resource_providers/1a2dffd6-1828-4c5d-9040-7d5064528077/aggregates" status: 404 len: 235 microversion: 1.1 [pid: 8|app: 0|req: 312/624] 10.0.0.168 () {32 vars in 816 bytes} [Tue Jul 7 04:46:03 2026] GET /resource_providers/1a2dffd6-1828-4c5d-9040-7d5064528077/aggregates => generated 235 bytes in 11 msecs (HTTP/1.1 404) 5 headers in 202 bytes (1 switches on core 0)
2026-07-07 04:46:04.009 9 INFO placement.requestlog [None req-b0209b55-7c01-4379-9770-c167b535480c 8370364473d5498bb9a568411f6f10eb a2ce93a592a44d54b142070a6a6890c7 - - 7e20aa5eb5ab4c8ba84e5d542d6d873c 7e20aa5eb5ab4c8ba84e5d542d6d873c] 10.0.0.168 "DELETE /resource_providers/1a2dffd6-1828-4c5d-9040-7d5064528077" status: 404 len: 246 microversion: 1.1 [pid: 9|app: 0|req: 313/625] 10.0.0.168 () {34 vars in 816 bytes} [Tue Jul 7 04:46:03 2026] DELETE /resource_providers/1a2dffd6-1828-4c5d-9040-7d5064528077 => generated 246 bytes in 15 msecs (HTTP/1.1 404) 6 headers in 231 bytes (1 switches on core 0)
2026-07-07 04:46:04.019 8 INFO placement.requestlog [None req-f1c63386-b13f-46e7-a0e5-ff4ef80898fe 8370364473d5498bb9a568411f6f10eb a2ce93a592a44d54b142070a6a6890c7 - - 7e20aa5eb5ab4c8ba84e5d542d6d873c 7e20aa5eb5ab4c8ba84e5d542d6d873c] 10.0.0.168 "DELETE /resource_providers/1a2dffd6-1828-4c5d-9040-7d5064528077" status: 404 len: 246 microversion: 1.1 [pid: 8|app: 0|req: 313/626] 10.0.0.168 () {34 vars in 816 bytes} [Tue Jul 7 04:46:04 2026] DELETE /resource_providers/1a2dffd6-1828-4c5d-9040-7d5064528077 => generated 246 bytes in 17 msecs (HTTP/1.1 404) 6 headers in 231 bytes (1 switches on core 0)
2026-07-07 04:46:05.959 9 INFO placement.requestlog [None req-651e3d25-e3bd-4994-ba26-c6d94abb415c 8370364473d5498bb9a568411f6f10eb a2ce93a592a44d54b142070a6a6890c7 - - 7e20aa5eb5ab4c8ba84e5d542d6d873c 7e20aa5eb5ab4c8ba84e5d542d6d873c] 10.0.0.168 "GET /resource_providers/8a1126c8-a323-4a8f-b6bd-000ebbb5ddc8/aggregates" status: 404 len: 235 microversion: 1.1 [pid: 9|app: 0|req: 314/627] 10.0.0.168 () {32 vars in 816 bytes} [Tue Jul 7 04:46:05 2026] GET /resource_providers/8a1126c8-a323-4a8f-b6bd-000ebbb5ddc8/aggregates => generated 235 bytes in 179 msecs (HTTP/1.1 404) 5 headers in 202 bytes (1 switches on core 0)
2026-07-07 04:46:06.013 8 INFO placement.requestlog [None req-98c3c765-0c5c-4543-a322-dcfd131ada7c 8370364473d5498bb9a568411f6f10eb a2ce93a592a44d54b142070a6a6890c7 - - 7e20aa5eb5ab4c8ba84e5d542d6d873c 7e20aa5eb5ab4c8ba84e5d542d6d873c] 10.0.0.168 "GET /resource_providers/8a1126c8-a323-4a8f-b6bd-000ebbb5ddc8/aggregates" status: 404 len: 235 microversion: 1.1 [pid: 8|app: 0|req: 314/628] 10.0.0.168 () {32 vars in 816 bytes} [Tue Jul 7 04:46:05 2026] GET /resource_providers/8a1126c8-a323-4a8f-b6bd-000ebbb5ddc8/aggregates => generated 235 bytes in 214 msecs (HTTP/1.1 404) 5 headers in 202 bytes (1 switches on core 0)
2026-07-07 04:46:06.036 9 INFO placement.requestlog [None req-5ad4da15-b818-4c3f-b526-a9f6c5d32dbd 8370364473d5498bb9a568411f6f10eb a2ce93a592a44d54b142070a6a6890c7 - - 7e20aa5eb5ab4c8ba84e5d542d6d873c 7e20aa5eb5ab4c8ba84e5d542d6d873c] 10.0.0.168 "GET /resource_providers/645cf856-8b4c-4fdc-b202-569e59db2426/aggregates" status: 404 len: 235 microversion: 1.1 [pid: 9|app: 0|req: 315/629] 10.0.0.168 () {32 vars in 816 bytes} [Tue Jul 7 04:46:06 2026] GET /resource_providers/645cf856-8b4c-4fdc-b202-569e59db2426/aggregates => generated 235 bytes in 16 msecs (HTTP/1.1 404) 5 headers in 202 bytes (1 switches on core 0)
2026-07-07 04:46:06.057 8 INFO placement.requestlog [None req-a7d4bc13-9396-473a-80ab-0263bb192786 8370364473d5498bb9a568411f6f10eb a2ce93a592a44d54b142070a6a6890c7 - - 7e20aa5eb5ab4c8ba84e5d542d6d873c 7e20aa5eb5ab4c8ba84e5d542d6d873c] 10.0.0.168 "GET /resource_providers/645cf856-8b4c-4fdc-b202-569e59db2426/aggregates" status: 404 len: 235 microversion: 1.1 [pid: 8|app: 0|req: 315/630] 10.0.0.168 () {32 vars in 816 bytes} [Tue Jul 7 04:46:06 2026] GET /resource_providers/645cf856-8b4c-4fdc-b202-569e59db2426/aggregates => generated 235 bytes in 14 msecs (HTTP/1.1 404) 5 headers in 202 bytes (1 switches on core 0)
2026-07-07 04:46:06.059 9 INFO placement.requestlog [None req-5958c965-1d88-42ab-b933-08c4085271f2 8370364473d5498bb9a568411f6f10eb a2ce93a592a44d54b142070a6a6890c7 - - 7e20aa5eb5ab4c8ba84e5d542d6d873c 7e20aa5eb5ab4c8ba84e5d542d6d873c] 10.0.0.168 "DELETE /resource_providers/645cf856-8b4c-4fdc-b202-569e59db2426" status: 404 len: 246 microversion: 1.1 [pid: 9|app: 0|req: 316/631] 10.0.0.168 () {34 vars in 816 bytes} [Tue Jul 7 04:46:06 2026] DELETE /resource_providers/645cf856-8b4c-4fdc-b202-569e59db2426 => generated 246 bytes in 10 msecs (HTTP/1.1 404) 6 headers in 231 bytes (1 switches on core 0)
2026-07-07 04:46:06.081 8 INFO placement.requestlog [None req-6a70dfcd-98a6-4474-bd39-721d33467ba3 8370364473d5498bb9a568411f6f10eb a2ce93a592a44d54b142070a6a6890c7 - - 7e20aa5eb5ab4c8ba84e5d542d6d873c 7e20aa5eb5ab4c8ba84e5d542d6d873c] 10.0.0.168 "DELETE /resource_providers/645cf856-8b4c-4fdc-b202-569e59db2426" status: 404 len: 246 microversion: 1.1 [pid: 8|app: 0|req: 316/632] 10.0.0.168 () {34 vars in 816 bytes} [Tue Jul 7 04:46:06 2026] DELETE /resource_providers/645cf856-8b4c-4fdc-b202-569e59db2426 => generated 246 bytes in 9 msecs (HTTP/1.1 404) 6 headers in 231 bytes (1 switches on core 0)
2026-07-07 04:46:06.145 9 INFO placement.requestlog [None req-970648a9-7707-4ad5-89ea-2000e1097f69 8370364473d5498bb9a568411f6f10eb a2ce93a592a44d54b142070a6a6890c7 - - 7e20aa5eb5ab4c8ba84e5d542d6d873c 7e20aa5eb5ab4c8ba84e5d542d6d873c] 10.0.0.168 "DELETE /resource_providers/8a1126c8-a323-4a8f-b6bd-000ebbb5ddc8" status: 404 len: 246 microversion: 1.1
2026-07-07 04:46:06.145 8 INFO placement.requestlog [None req-49bd14e5-795e-4e99-b3a2-ad5b900a922b 8370364473d5498bb9a568411f6f10eb a2ce93a592a44d54b142070a6a6890c7 - - 7e20aa5eb5ab4c8ba84e5d542d6d873c 7e20aa5eb5ab4c8ba84e5d542d6d873c] 10.0.0.168 "DELETE /resource_providers/8a1126c8-a323-4a8f-b6bd-000ebbb5ddc8" status: 404 len: 246 microversion: 1.1 [pid: 9|app: 0|req: 317/633] 10.0.0.168 () {34 vars in 816 bytes} [Tue Jul 7 04:46:06 2026] DELETE /resource_providers/8a1126c8-a323-4a8f-b6bd-000ebbb5ddc8 => generated 246 bytes in 13 msecs (HTTP/1.1 404) 6 headers in 231 bytes (1 switches on core 0) [pid: 8|app: 0|req: 317/634] 10.0.0.168 () {34 vars in 816 bytes} [Tue Jul 7 04:46:06 2026] DELETE /resource_providers/8a1126c8-a323-4a8f-b6bd-000ebbb5ddc8 => generated 246 bytes in 12 msecs (HTTP/1.1 404) 6 headers in 231 bytes (1 switches on core 0)
2026-07-07 04:46:06.816 9 INFO placement.requestlog [req-103aeed8-6ebf-4ac8-a51e-878469aa0d73 req-026231f0-1bbc-4d79-bb70-0846dc0efdfe bddbb42cd5fb4467839290e666f39619 a2ce93a592a44d54b142070a6a6890c7 - - 7e20aa5eb5ab4c8ba84e5d542d6d873c 7e20aa5eb5ab4c8ba84e5d542d6d873c] 10.0.0.66 "GET /allocation_candidates?limit=1000&resources=DISK_GB%3A1%2CMEMORY_MB%3A512%2CVCPU%3A1&root_required=%21COMPUTE_STATUS_DISABLED" status: 200 len: 2147 microversion: 1.36 [pid: 9|app: 0|req: 318/635] 10.0.0.66 () {34 vars in 1011 bytes} [Tue Jul 7 04:46:06 2026] GET /allocation_candidates?limit=1000&resources=DISK_GB%3A1%2CMEMORY_MB%3A512%2CVCPU%3A1&root_required=%21COMPUTE_STATUS_DISABLED => generated 2147 bytes in 233 msecs (HTTP/1.1 200) 8 headers in 297 bytes (1 switches on core 0)
2026-07-07 04:46:06.864 8 INFO placement.requestlog [req-103aeed8-6ebf-4ac8-a51e-878469aa0d73 req-b86df73b-fd48-4ca4-b82a-752b294ff08f bddbb42cd5fb4467839290e666f39619 a2ce93a592a44d54b142070a6a6890c7 - - 7e20aa5eb5ab4c8ba84e5d542d6d873c 7e20aa5eb5ab4c8ba84e5d542d6d873c] 10.0.0.66 "GET /allocations/af68b993-9011-4cda-967e-eceb74ca87f2" status: 200 len: 19 microversion: 1.28 [pid: 8|app: 0|req: 318/636] 10.0.0.66 () {34 vars in 860 bytes} [Tue Jul 7 04:46:06 2026] GET /allocations/af68b993-9011-4cda-967e-eceb74ca87f2 => generated 19 bytes in 15 msecs (HTTP/1.1 200) 8 headers in 295 bytes (1 switches on core 0)
2026-07-07 04:46:06.959 9 INFO placement.requestlog [req-103aeed8-6ebf-4ac8-a51e-878469aa0d73 req-44035961-edf6-472a-8a29-5ac79cdcd390 bddbb42cd5fb4467839290e666f39619 a2ce93a592a44d54b142070a6a6890c7 - - 7e20aa5eb5ab4c8ba84e5d542d6d873c 7e20aa5eb5ab4c8ba84e5d542d6d873c] 10.0.0.66 "PUT /allocations/af68b993-9011-4cda-967e-eceb74ca87f2" status: 204 len: 0 microversion: 1.36 [pid: 9|app: 0|req: 319/637] 10.0.0.66 () {38 vars in 913 bytes} [Tue Jul 7 04:46:06 2026] PUT /allocations/af68b993-9011-4cda-967e-eceb74ca87f2 => generated 0 bytes in 83 msecs (HTTP/1.1 204) 5 headers in 199 bytes (1 switches on core 0)
2026-07-07 04:46:07.432 8 INFO placement.requestlog [req-103aeed8-6ebf-4ac8-a51e-878469aa0d73 req-d7325641-023b-4153-aa1f-48e5d565eb40 bddbb42cd5fb4467839290e666f39619 a2ce93a592a44d54b142070a6a6890c7 - - 7e20aa5eb5ab4c8ba84e5d542d6d873c 7e20aa5eb5ab4c8ba84e5d542d6d873c] 199.204.45.116 "GET /allocations/af68b993-9011-4cda-967e-eceb74ca87f2" status: 200 len: 257 microversion: 1.28 [pid: 8|app: 0|req: 319/638] 199.204.45.116 () {34 vars in 863 bytes} [Tue Jul 7 04:46:07 2026] GET /allocations/af68b993-9011-4cda-967e-eceb74ca87f2 => generated 257 bytes in 25 msecs (HTTP/1.1 200) 8 headers in 296 bytes (1 switches on core 0)
2026-07-07 04:46:07.574 9 INFO placement.requestlog [req-103aeed8-6ebf-4ac8-a51e-878469aa0d73 req-d462e304-205a-42dd-9dcb-e74186ff3728 bddbb42cd5fb4467839290e666f39619 a2ce93a592a44d54b142070a6a6890c7 - - 7e20aa5eb5ab4c8ba84e5d542d6d873c 7e20aa5eb5ab4c8ba84e5d542d6d873c] 199.204.45.116 "GET /resource_providers/4985f91b-826b-4a3f-a2e7-e4b8e31742f7/allocations" status: 200 len: 152 microversion: 1.0 [pid: 9|app: 0|req: 320/639] 199.204.45.116 () {32 vars in 857 bytes} [Tue Jul 7 04:46:07 2026] GET /resource_providers/4985f91b-826b-4a3f-a2e7-e4b8e31742f7/allocations => generated 152 bytes in 22 msecs (HTTP/1.1 200) 6 headers in 224 bytes (1 switches on core 0)
2026-07-07 04:46:07.606 8 INFO placement.requestlog [req-103aeed8-6ebf-4ac8-a51e-878469aa0d73 req-2e65bb1d-2cd1-40cc-89aa-b0d526c179cc bddbb42cd5fb4467839290e666f39619 a2ce93a592a44d54b142070a6a6890c7 - - 7e20aa5eb5ab4c8ba84e5d542d6d873c 7e20aa5eb5ab4c8ba84e5d542d6d873c] 199.204.45.116 "GET /allocations/af68b993-9011-4cda-967e-eceb74ca87f2" status: 200 len: 257 microversion: 1.28 [pid: 8|app: 0|req: 320/640] 199.204.45.116 () {34 vars in 863 bytes} [Tue Jul 7 04:46:07 2026] GET /allocations/af68b993-9011-4cda-967e-eceb74ca87f2 => generated 257 bytes in 25 msecs (HTTP/1.1 200) 8 headers in 296 bytes (1 switches on core 0)
2026-07-07 04:46:11.151 9 INFO placement.requestlog [None req-4a49e63f-8d84-4057-9a6e-e3116fe3c3d3 - - - - - -] 10.0.0.226 "GET /" status: 200 len: 136 microversion: 1.0
2026-07-07 04:46:11.152 8 INFO placement.requestlog [None req-74a1ed79-653c-4700-9a92-8b72a394e2e3 - - - - - -] 10.0.0.226 "GET /" status: 200 len: 136 microversion: 1.0
2026-07-07 04:46:12.686 9 INFO placement.requestlog [req-b08b3eaf-ef48-4edc-a6b1-f6d669032bdb req-37b60426-5afd-493d-a903-56d467395d94 bddbb42cd5fb4467839290e666f39619 a2ce93a592a44d54b142070a6a6890c7 - - 7e20aa5eb5ab4c8ba84e5d542d6d873c 7e20aa5eb5ab4c8ba84e5d542d6d873c] 10.0.0.66 "GET /allocation_candidates?limit=1000&resources=DISK_GB%3A1%2CMEMORY_MB%3A512%2CVCPU%3A1&root_required=%21COMPUTE_STATUS_DISABLED" status: 200 len: 2149 microversion: 1.36 [pid: 9|app: 0|req: 322/643] 10.0.0.66 () {34 vars in 1011 bytes} [Tue Jul 7 04:46:12 2026] GET /allocation_candidates?limit=1000&resources=DISK_GB%3A1%2CMEMORY_MB%3A512%2CVCPU%3A1&root_required=%21COMPUTE_STATUS_DISABLED => generated 2149 bytes in 59 msecs (HTTP/1.1 200) 8 headers in 297 bytes (1 switches on core 0)
2026-07-07 04:46:12.728 8 INFO placement.requestlog [req-b08b3eaf-ef48-4edc-a6b1-f6d669032bdb req-f1e1d8d6-9d05-476d-be45-afb05064749f bddbb42cd5fb4467839290e666f39619 a2ce93a592a44d54b142070a6a6890c7 - - 7e20aa5eb5ab4c8ba84e5d542d6d873c 7e20aa5eb5ab4c8ba84e5d542d6d873c] 10.0.0.66 "GET /allocations/3694450a-b854-49c7-b968-b159de34294b" status: 200 len: 19 microversion: 1.28 [pid: 8|app: 0|req: 322/644] 10.0.0.66 () {34 vars in 860 bytes} [Tue Jul 7 04:46:12 2026] GET /allocations/3694450a-b854-49c7-b968-b159de34294b => generated 19 bytes in 14 msecs (HTTP/1.1 200) 8 headers in 295 bytes (1 switches on core 0)
2026-07-07 04:46:12.825 9 INFO placement.requestlog [req-b08b3eaf-ef48-4edc-a6b1-f6d669032bdb req-9e833b02-e0db-4603-890a-cd1cfa81cdb4 bddbb42cd5fb4467839290e666f39619 a2ce93a592a44d54b142070a6a6890c7 - - 7e20aa5eb5ab4c8ba84e5d542d6d873c 7e20aa5eb5ab4c8ba84e5d542d6d873c] 10.0.0.66 "PUT /allocations/3694450a-b854-49c7-b968-b159de34294b" status: 204 len: 0 microversion: 1.36 [pid: 9|app: 0|req: 323/645] 10.0.0.66 () {38 vars in 913 bytes} [Tue Jul 7 04:46:12 2026] PUT /allocations/3694450a-b854-49c7-b968-b159de34294b => generated 0 bytes in 87 msecs (HTTP/1.1 204) 5 headers in 199 bytes (1 switches on core 0)
2026-07-07 04:46:13.157 8 INFO placement.requestlog [req-b08b3eaf-ef48-4edc-a6b1-f6d669032bdb req-5ce07d71-8f0b-4b2f-add4-5faa6f8e4957 bddbb42cd5fb4467839290e666f39619 a2ce93a592a44d54b142070a6a6890c7 - - 7e20aa5eb5ab4c8ba84e5d542d6d873c 7e20aa5eb5ab4c8ba84e5d542d6d873c] 199.204.45.116 "GET /allocations/3694450a-b854-49c7-b968-b159de34294b" status: 200 len: 257 microversion: 1.28 [pid: 8|app: 0|req: 323/646] 199.204.45.116 () {34 vars in 863 bytes} [Tue Jul 7 04:46:13 2026] GET /allocations/3694450a-b854-49c7-b968-b159de34294b => generated 257 bytes in 16 msecs (HTTP/1.1 200) 8 headers in 296 bytes (1 switches on core 0)
2026-07-07 04:46:13.290 9 INFO placement.requestlog [req-b08b3eaf-ef48-4edc-a6b1-f6d669032bdb req-d6592031-3fbb-4ff3-9023-ef294bbb7b95 bddbb42cd5fb4467839290e666f39619 a2ce93a592a44d54b142070a6a6890c7 - - 7e20aa5eb5ab4c8ba84e5d542d6d873c 7e20aa5eb5ab4c8ba84e5d542d6d873c] 199.204.45.116 "GET /resource_providers/4985f91b-826b-4a3f-a2e7-e4b8e31742f7/allocations" status: 200 len: 252 microversion: 1.0 [pid: 9|app: 0|req: 324/647] 199.204.45.116 () {32 vars in 857 bytes} [Tue Jul 7 04:46:13 2026] GET /resource_providers/4985f91b-826b-4a3f-a2e7-e4b8e31742f7/allocations => generated 252 bytes in 18 msecs (HTTP/1.1 200) 6 headers in 224 bytes (1 switches on core 0)
2026-07-07 04:46:13.317 8 INFO placement.requestlog [req-b08b3eaf-ef48-4edc-a6b1-f6d669032bdb req-b6896d59-4f1f-4f5d-b4f2-13183aa566fa bddbb42cd5fb4467839290e666f39619 a2ce93a592a44d54b142070a6a6890c7 - - 7e20aa5eb5ab4c8ba84e5d542d6d873c 7e20aa5eb5ab4c8ba84e5d542d6d873c] 199.204.45.116 "GET /allocations/af68b993-9011-4cda-967e-eceb74ca87f2" status: 200 len: 257 microversion: 1.28 [pid: 8|app: 0|req: 324/648] 199.204.45.116 () {34 vars in 863 bytes} [Tue Jul 7 04:46:13 2026] GET /allocations/af68b993-9011-4cda-967e-eceb74ca87f2 => generated 257 bytes in 18 msecs (HTTP/1.1 200) 8 headers in 296 bytes (1 switches on core 0)
2026-07-07 04:46:13.343 9 INFO placement.requestlog [req-b08b3eaf-ef48-4edc-a6b1-f6d669032bdb req-11761a8b-bace-4ad1-bebe-4d5f04751289 bddbb42cd5fb4467839290e666f39619 a2ce93a592a44d54b142070a6a6890c7 - - 7e20aa5eb5ab4c8ba84e5d542d6d873c 7e20aa5eb5ab4c8ba84e5d542d6d873c] 199.204.45.116 "GET /allocations/3694450a-b854-49c7-b968-b159de34294b" status: 200 len: 257 microversion: 1.28 [pid: 9|app: 0|req: 325/649] 199.204.45.116 () {34 vars in 863 bytes} [Tue Jul 7 04:46:13 2026] GET /allocations/3694450a-b854-49c7-b968-b159de34294b => generated 257 bytes in 19 msecs (HTTP/1.1 200) 8 headers in 296 bytes (1 switches on core 0)
2026-07-07 04:46:20.882 8 INFO placement.requestlog [req-76d53e05-16b6-45c4-9ad7-b752ef569a73 req-4b375646-f2fe-466f-ae77-5472e2dc8cf9 bddbb42cd5fb4467839290e666f39619 a2ce93a592a44d54b142070a6a6890c7 - - 7e20aa5eb5ab4c8ba84e5d542d6d873c 7e20aa5eb5ab4c8ba84e5d542d6d873c] 199.204.45.116 "GET /resource_providers/4985f91b-826b-4a3f-a2e7-e4b8e31742f7/allocations" status: 200 len: 252 microversion: 1.0 [pid: 8|app: 0|req: 325/650] 199.204.45.116 () {32 vars in 857 bytes} [Tue Jul 7 04:46:20 2026] GET /resource_providers/4985f91b-826b-4a3f-a2e7-e4b8e31742f7/allocations => generated 252 bytes in 38 msecs (HTTP/1.1 200) 6 headers in 224 bytes (1 switches on core 0)
2026-07-07 04:46:20.905 9 INFO placement.requestlog [req-76d53e05-16b6-45c4-9ad7-b752ef569a73 req-29894245-050f-4d7d-9d60-94046c1fcb53 bddbb42cd5fb4467839290e666f39619 a2ce93a592a44d54b142070a6a6890c7 - - 7e20aa5eb5ab4c8ba84e5d542d6d873c 7e20aa5eb5ab4c8ba84e5d542d6d873c] 199.204.45.116 "GET /allocations/af68b993-9011-4cda-967e-eceb74ca87f2" status: 200 len: 257 microversion: 1.28 [pid: 9|app: 0|req: 326/651] 199.204.45.116 () {34 vars in 863 bytes} [Tue Jul 7 04:46:20 2026] GET /allocations/af68b993-9011-4cda-967e-eceb74ca87f2 => generated 257 bytes in 17 msecs (HTTP/1.1 200) 8 headers in 296 bytes (1 switches on core 0)
2026-07-07 04:46:20.954 8 INFO placement.requestlog [req-76d53e05-16b6-45c4-9ad7-b752ef569a73 req-44d7cebc-53a5-4146-94bf-c7652dd46fd8 bddbb42cd5fb4467839290e666f39619 a2ce93a592a44d54b142070a6a6890c7 - - 7e20aa5eb5ab4c8ba84e5d542d6d873c 7e20aa5eb5ab4c8ba84e5d542d6d873c] 199.204.45.116 "GET /allocations/3694450a-b854-49c7-b968-b159de34294b" status: 200 len: 257 microversion: 1.28 [pid: 8|app: 0|req: 326/652] 199.204.45.116 () {34 vars in 863 bytes} [Tue Jul 7 04:46:20 2026] GET /allocations/3694450a-b854-49c7-b968-b159de34294b => generated 257 bytes in 41 msecs (HTTP/1.1 200) 8 headers in 296 bytes (1 switches on core 0)
2026-07-07 04:46:21.048 9 INFO placement.requestlog [req-76d53e05-16b6-45c4-9ad7-b752ef569a73 req-b9b7354e-4a4e-47e7-b1c4-3b490e2f7ff8 bddbb42cd5fb4467839290e666f39619 a2ce93a592a44d54b142070a6a6890c7 - - 7e20aa5eb5ab4c8ba84e5d542d6d873c 7e20aa5eb5ab4c8ba84e5d542d6d873c] 199.204.45.116 "DELETE /allocations/3694450a-b854-49c7-b968-b159de34294b" status: 204 len: 0 microversion: 1.0 [pid: 9|app: 0|req: 327/653] 199.204.45.116 () {34 vars in 841 bytes} [Tue Jul 7 04:46:21 2026] DELETE /allocations/3694450a-b854-49c7-b968-b159de34294b => generated 0 bytes in 29 msecs (HTTP/1.1 204) 5 headers in 198 bytes (1 switches on core 0)
2026-07-07 04:46:21.151 9 INFO placement.requestlog [None req-b796fe81-c364-4f8b-8edf-f3d17065f2df - - - - - -] 10.0.0.226 "GET /" status: 200 len: 136 microversion: 1.0
2026-07-07 04:46:21.151 8 INFO placement.requestlog [None req-332b0364-9636-4e11-930b-21eeea14c01f - - - - - -] 10.0.0.226 "GET /" status: 200 len: 136 microversion: 1.0
2026-07-07 04:46:22.270 9 INFO placement.requestlog [req-8879c212-be08-40d4-951b-c06110e5f5db req-0d94e427-4b36-4aca-a5ac-076f2b94d9bd bddbb42cd5fb4467839290e666f39619 a2ce93a592a44d54b142070a6a6890c7 - - 7e20aa5eb5ab4c8ba84e5d542d6d873c 7e20aa5eb5ab4c8ba84e5d542d6d873c] 10.0.0.66 "GET /allocation_candidates?limit=1000&resources=MEMORY_MB%3A512%2CVCPU%3A1&root_required=%21COMPUTE_STATUS_DISABLED" status: 200 len: 2135 microversion: 1.36 [pid: 9|app: 0|req: 329/656] 10.0.0.66 () {34 vars in 983 bytes} [Tue Jul 7 04:46:22 2026] GET /allocation_candidates?limit=1000&resources=MEMORY_MB%3A512%2CVCPU%3A1&root_required=%21COMPUTE_STATUS_DISABLED => generated 2135 bytes in 49 msecs (HTTP/1.1 200) 8 headers in 297 bytes (1 switches on core 0)
2026-07-07 04:46:22.306 8 INFO placement.requestlog [req-8879c212-be08-40d4-951b-c06110e5f5db req-1ed8f261-8cf7-4a0d-abe0-717c77bfc690 bddbb42cd5fb4467839290e666f39619 a2ce93a592a44d54b142070a6a6890c7 - - 7e20aa5eb5ab4c8ba84e5d542d6d873c 7e20aa5eb5ab4c8ba84e5d542d6d873c] 10.0.0.66 "GET /allocations/6ee8f6fb-7c7f-4cc9-a44c-4f805a580ce3" status: 200 len: 19 microversion: 1.28 [pid: 8|app: 0|req: 328/657] 10.0.0.66 () {34 vars in 860 bytes} [Tue Jul 7 04:46:22 2026] GET /allocations/6ee8f6fb-7c7f-4cc9-a44c-4f805a580ce3 => generated 19 bytes in 12 msecs (HTTP/1.1 200) 8 headers in 295 bytes (1 switches on core 0)
2026-07-07 04:46:22.377 9 INFO placement.requestlog [req-8879c212-be08-40d4-951b-c06110e5f5db req-49ee6cf6-1dd1-4462-8bc6-3c7a6fa77404 bddbb42cd5fb4467839290e666f39619 a2ce93a592a44d54b142070a6a6890c7 - - 7e20aa5eb5ab4c8ba84e5d542d6d873c 7e20aa5eb5ab4c8ba84e5d542d6d873c] 10.0.0.66 "PUT /allocations/6ee8f6fb-7c7f-4cc9-a44c-4f805a580ce3" status: 204 len: 0 microversion: 1.36 [pid: 9|app: 0|req: 330/658] 10.0.0.66 () {38 vars in 913 bytes} [Tue Jul 7 04:46:22 2026] PUT /allocations/6ee8f6fb-7c7f-4cc9-a44c-4f805a580ce3 => generated 0 bytes in 63 msecs (HTTP/1.1 204) 5 headers in 199 bytes (1 switches on core 0)
2026-07-07 04:46:22.796 8 INFO placement.requestlog [req-8879c212-be08-40d4-951b-c06110e5f5db req-85e5017b-ee5c-4a38-8db5-5b233474b9b8 bddbb42cd5fb4467839290e666f39619 a2ce93a592a44d54b142070a6a6890c7 - - 7e20aa5eb5ab4c8ba84e5d542d6d873c 7e20aa5eb5ab4c8ba84e5d542d6d873c] 199.204.45.116 "GET /allocations/6ee8f6fb-7c7f-4cc9-a44c-4f805a580ce3" status: 200 len: 243 microversion: 1.28 [pid: 8|app: 0|req: 329/659] 199.204.45.116 () {34 vars in 863 bytes} [Tue Jul 7 04:46:22 2026] GET /allocations/6ee8f6fb-7c7f-4cc9-a44c-4f805a580ce3 => generated 243 bytes in 16 msecs (HTTP/1.1 200) 8 headers in 296 bytes (1 switches on core 0)
2026-07-07 04:46:22.910 9 INFO placement.requestlog [req-8879c212-be08-40d4-951b-c06110e5f5db req-78bd7277-f303-4a42-a714-7f7b89d83bc9 bddbb42cd5fb4467839290e666f39619 a2ce93a592a44d54b142070a6a6890c7 - - 7e20aa5eb5ab4c8ba84e5d542d6d873c 7e20aa5eb5ab4c8ba84e5d542d6d873c] 199.204.45.116 "GET /resource_providers/4985f91b-826b-4a3f-a2e7-e4b8e31742f7/allocations" status: 200 len: 238 microversion: 1.0 [pid: 9|app: 0|req: 331/660] 199.204.45.116 () {32 vars in 857 bytes} [Tue Jul 7 04:46:22 2026] GET /resource_providers/4985f91b-826b-4a3f-a2e7-e4b8e31742f7/allocations => generated 238 bytes in 21 msecs (HTTP/1.1 200) 6 headers in 224 bytes (1 switches on core 0)
2026-07-07 04:46:22.934 8 INFO placement.requestlog [req-8879c212-be08-40d4-951b-c06110e5f5db req-5b5158bc-afd8-4ce6-803a-1342ce61886e bddbb42cd5fb4467839290e666f39619 a2ce93a592a44d54b142070a6a6890c7 - - 7e20aa5eb5ab4c8ba84e5d542d6d873c 7e20aa5eb5ab4c8ba84e5d542d6d873c] 199.204.45.116 "GET /allocations/af68b993-9011-4cda-967e-eceb74ca87f2" status: 200 len: 257 microversion: 1.28 [pid: 8|app: 0|req: 330/661] 199.204.45.116 () {34 vars in 863 bytes} [Tue Jul 7 04:46:22 2026] GET /allocations/af68b993-9011-4cda-967e-eceb74ca87f2 => generated 257 bytes in 16 msecs (HTTP/1.1 200) 8 headers in 296 bytes (1 switches on core 0)
2026-07-07 04:46:22.957 9 INFO placement.requestlog [req-8879c212-be08-40d4-951b-c06110e5f5db req-d6fa1667-213b-4d61-81f0-5bf9bb894203 bddbb42cd5fb4467839290e666f39619 a2ce93a592a44d54b142070a6a6890c7 - - 7e20aa5eb5ab4c8ba84e5d542d6d873c 7e20aa5eb5ab4c8ba84e5d542d6d873c] 199.204.45.116 "GET /allocations/6ee8f6fb-7c7f-4cc9-a44c-4f805a580ce3" status: 200 len: 243 microversion: 1.28 [pid: 9|app: 0|req: 332/662] 199.204.45.116 () {34 vars in 863 bytes} [Tue Jul 7 04:46:22 2026] GET /allocations/6ee8f6fb-7c7f-4cc9-a44c-4f805a580ce3 => generated 243 bytes in 15 msecs (HTTP/1.1 200) 8 headers in 296 bytes (1 switches on core 0)
2026-07-07 04:46:24.062 9 INFO placement.requestlog [None req-6c530c97-28d1-4801-835e-4b2b984293b0 8370364473d5498bb9a568411f6f10eb a2ce93a592a44d54b142070a6a6890c7 - - 7e20aa5eb5ab4c8ba84e5d542d6d873c 7e20aa5eb5ab4c8ba84e5d542d6d873c] 10.0.0.168 "GET /resource_providers/19c80c93-4edc-40d3-bf49-045b8ca62b8d/aggregates" status: 404 len: 235 microversion: 1.1 [pid: 9|app: 0|req: 333/663] 10.0.0.168 () {32 vars in 816 bytes} [Tue Jul 7 04:46:24 2026] GET /resource_providers/19c80c93-4edc-40d3-bf49-045b8ca62b8d/aggregates => generated 235 bytes in 11 msecs (HTTP/1.1 404) 5 headers in 202 bytes (1 switches on core 0)
2026-07-07 04:46:24.069 8 INFO placement.requestlog [None req-c3ece419-2426-4e54-a342-cb4813d256a8 8370364473d5498bb9a568411f6f10eb a2ce93a592a44d54b142070a6a6890c7 - - 7e20aa5eb5ab4c8ba84e5d542d6d873c 7e20aa5eb5ab4c8ba84e5d542d6d873c] 10.0.0.168 "GET /resource_providers/19c80c93-4edc-40d3-bf49-045b8ca62b8d/aggregates" status: 404 len: 235 microversion: 1.1 [pid: 8|app: 0|req: 331/664] 10.0.0.168 () {32 vars in 816 bytes} [Tue Jul 7 04:46:24 2026] GET /resource_providers/19c80c93-4edc-40d3-bf49-045b8ca62b8d/aggregates => generated 235 bytes in 22 msecs (HTTP/1.1 404) 5 headers in 202 bytes (1 switches on core 0)
2026-07-07 04:46:24.096 9 INFO placement.requestlog [None req-82b08dd0-c6f6-4b2e-99a9-3e7cb3abbdec 8370364473d5498bb9a568411f6f10eb a2ce93a592a44d54b142070a6a6890c7 - - 7e20aa5eb5ab4c8ba84e5d542d6d873c 7e20aa5eb5ab4c8ba84e5d542d6d873c] 10.0.0.168 "DELETE /resource_providers/19c80c93-4edc-40d3-bf49-045b8ca62b8d" status: 404 len: 246 microversion: 1.1 [pid: 9|app: 0|req: 334/665] 10.0.0.168 () {34 vars in 816 bytes} [Tue Jul 7 04:46:24 2026] DELETE /resource_providers/19c80c93-4edc-40d3-bf49-045b8ca62b8d => generated 246 bytes in 17 msecs (HTTP/1.1 404) 6 headers in 231 bytes (1 switches on core 0)
2026-07-07 04:46:24.100 8 INFO placement.requestlog [None req-76105428-5774-4f53-ba38-221c18468b67 8370364473d5498bb9a568411f6f10eb a2ce93a592a44d54b142070a6a6890c7 - - 7e20aa5eb5ab4c8ba84e5d542d6d873c 7e20aa5eb5ab4c8ba84e5d542d6d873c] 10.0.0.168 "DELETE /resource_providers/19c80c93-4edc-40d3-bf49-045b8ca62b8d" status: 404 len: 246 microversion: 1.1 [pid: 8|app: 0|req: 332/666] 10.0.0.168 () {34 vars in 816 bytes} [Tue Jul 7 04:46:24 2026] DELETE /resource_providers/19c80c93-4edc-40d3-bf49-045b8ca62b8d => generated 246 bytes in 19 msecs (HTTP/1.1 404) 6 headers in 231 bytes (1 switches on core 0)
2026-07-07 04:46:24.847 8 INFO placement.requestlog [None req-04da4780-23fb-4c4b-82ec-ea772ce607f3 8370364473d5498bb9a568411f6f10eb a2ce93a592a44d54b142070a6a6890c7 - - 7e20aa5eb5ab4c8ba84e5d542d6d873c 7e20aa5eb5ab4c8ba84e5d542d6d873c] 10.0.0.168 "GET /resource_providers/7eb2c725-4194-4409-a58c-80807637337a/aggregates" status: 404 len: 235 microversion: 1.1 [pid: 8|app: 0|req: 333/667] 10.0.0.168 () {32 vars in 816 bytes} [Tue Jul 7 04:46:24 2026] GET /resource_providers/7eb2c725-4194-4409-a58c-80807637337a/aggregates => generated 235 bytes in 10 msecs (HTTP/1.1 404) 5 headers in 202 bytes (1 switches on core 0)
2026-07-07 04:46:24.853 9 INFO placement.requestlog [None req-d7a9974c-c539-4ced-831c-dbdd984af8e5 8370364473d5498bb9a568411f6f10eb a2ce93a592a44d54b142070a6a6890c7 - - 7e20aa5eb5ab4c8ba84e5d542d6d873c 7e20aa5eb5ab4c8ba84e5d542d6d873c] 10.0.0.168 "GET /resource_providers/7eb2c725-4194-4409-a58c-80807637337a/aggregates" status: 404 len: 235 microversion: 1.1 [pid: 9|app: 0|req: 335/668] 10.0.0.168 () {32 vars in 816 bytes} [Tue Jul 7 04:46:24 2026] GET /resource_providers/7eb2c725-4194-4409-a58c-80807637337a/aggregates => generated 235 bytes in 16 msecs (HTTP/1.1 404) 5 headers in 202 bytes (1 switches on core 0)
2026-07-07 04:46:24.881 9 INFO placement.requestlog [None req-3a67f446-a3c5-49ab-8fcc-01df00700ba3 8370364473d5498bb9a568411f6f10eb a2ce93a592a44d54b142070a6a6890c7 - - 7e20aa5eb5ab4c8ba84e5d542d6d873c 7e20aa5eb5ab4c8ba84e5d542d6d873c] 10.0.0.168 "DELETE /resource_providers/7eb2c725-4194-4409-a58c-80807637337a" status: 404 len: 246 microversion: 1.1 [pid: 9|app: 0|req: 336/669] 10.0.0.168 () {34 vars in 816 bytes} [Tue Jul 7 04:46:24 2026] DELETE /resource_providers/7eb2c725-4194-4409-a58c-80807637337a => generated 246 bytes in 13 msecs (HTTP/1.1 404) 6 headers in 231 bytes (1 switches on core 0)
2026-07-07 04:46:24.882 8 INFO placement.requestlog [None req-edb3addd-0c32-4eec-9b03-1313bcd53e5b 8370364473d5498bb9a568411f6f10eb a2ce93a592a44d54b142070a6a6890c7 - - 7e20aa5eb5ab4c8ba84e5d542d6d873c 7e20aa5eb5ab4c8ba84e5d542d6d873c] 10.0.0.168 "DELETE /resource_providers/7eb2c725-4194-4409-a58c-80807637337a" status: 404 len: 246 microversion: 1.1 [pid: 8|app: 0|req: 334/670] 10.0.0.168 () {34 vars in 816 bytes} [Tue Jul 7 04:46:24 2026] DELETE /resource_providers/7eb2c725-4194-4409-a58c-80807637337a => generated 246 bytes in 13 msecs (HTTP/1.1 404) 6 headers in 231 bytes (1 switches on core 0)
2026-07-07 04:46:31.153 9 INFO placement.requestlog [None req-39df9282-cf34-4e8f-877c-03951a4bb3a2 - - - - - -] 10.0.0.226 "GET /" status: 200 len: 136 microversion: 1.0
2026-07-07 04:46:31.153 8 INFO placement.requestlog [None req-1b6a7d7c-0652-497a-b676-1785068eca96 - - - - - -] 10.0.0.226 "GET /" status: 200 len: 136 microversion: 1.0
2026-07-07 04:46:32.485 8 INFO placement.requestlog [None req-883d6556-acbb-4fdc-b025-0dcd486d5f83 8370364473d5498bb9a568411f6f10eb a2ce93a592a44d54b142070a6a6890c7 - - 7e20aa5eb5ab4c8ba84e5d542d6d873c 7e20aa5eb5ab4c8ba84e5d542d6d873c] 10.0.0.168 "GET /resource_providers/c0a9d733-5702-4e11-9e21-df20d2d478cc/aggregates" status: 404 len: 235 microversion: 1.1 [pid: 8|app: 0|req: 336/673] 10.0.0.168 () {32 vars in 816 bytes} [Tue Jul 7 04:46:32 2026] GET /resource_providers/c0a9d733-5702-4e11-9e21-df20d2d478cc/aggregates => generated 235 bytes in 13 msecs (HTTP/1.1 404) 5 headers in 202 bytes (1 switches on core 0)
2026-07-07 04:46:32.500 9 INFO placement.requestlog [None req-ec899873-7703-4339-8ec6-7e66fe1edcb3 8370364473d5498bb9a568411f6f10eb a2ce93a592a44d54b142070a6a6890c7 - - 7e20aa5eb5ab4c8ba84e5d542d6d873c 7e20aa5eb5ab4c8ba84e5d542d6d873c] 10.0.0.168 "GET /resource_providers/c0a9d733-5702-4e11-9e21-df20d2d478cc/aggregates" status: 404 len: 235 microversion: 1.1 [pid: 9|app: 0|req: 338/674] 10.0.0.168 () {32 vars in 816 bytes} [Tue Jul 7 04:46:32 2026] GET /resource_providers/c0a9d733-5702-4e11-9e21-df20d2d478cc/aggregates => generated 235 bytes in 24 msecs (HTTP/1.1 404) 5 headers in 202 bytes (1 switches on core 0)
2026-07-07 04:46:32.511 8 INFO placement.requestlog [None req-89bdd637-fb93-43f4-b1b7-494357f6a553 8370364473d5498bb9a568411f6f10eb a2ce93a592a44d54b142070a6a6890c7 - - 7e20aa5eb5ab4c8ba84e5d542d6d873c 7e20aa5eb5ab4c8ba84e5d542d6d873c] 10.0.0.168 "DELETE /resource_providers/c0a9d733-5702-4e11-9e21-df20d2d478cc" status: 404 len: 246 microversion: 1.1 [pid: 8|app: 0|req: 337/675] 10.0.0.168 () {34 vars in 816 bytes} [Tue Jul 7 04:46:32 2026] DELETE /resource_providers/c0a9d733-5702-4e11-9e21-df20d2d478cc => generated 246 bytes in 12 msecs (HTTP/1.1 404) 6 headers in 231 bytes (1 switches on core 0)
2026-07-07 04:46:32.516 9 INFO placement.requestlog [None req-fe563043-59a6-4cf0-97ee-1de217937f88 8370364473d5498bb9a568411f6f10eb a2ce93a592a44d54b142070a6a6890c7 - - 7e20aa5eb5ab4c8ba84e5d542d6d873c 7e20aa5eb5ab4c8ba84e5d542d6d873c] 10.0.0.168 "DELETE /resource_providers/c0a9d733-5702-4e11-9e21-df20d2d478cc" status: 404 len: 246 microversion: 1.1 [pid: 9|app: 0|req: 339/676] 10.0.0.168 () {34 vars in 816 bytes} [Tue Jul 7 04:46:32 2026] DELETE /resource_providers/c0a9d733-5702-4e11-9e21-df20d2d478cc => generated 246 bytes in 12 msecs (HTTP/1.1 404) 6 headers in 231 bytes (1 switches on core 0)
2026-07-07 04:46:33.912 8 INFO placement.requestlog [req-fcbb6a8c-d5f1-48ea-b424-0108c94694f7 req-1bb46bd0-0a01-4963-998a-6287694ea96e bddbb42cd5fb4467839290e666f39619 a2ce93a592a44d54b142070a6a6890c7 - - 7e20aa5eb5ab4c8ba84e5d542d6d873c 7e20aa5eb5ab4c8ba84e5d542d6d873c] 199.204.45.116 "GET /resource_providers/4985f91b-826b-4a3f-a2e7-e4b8e31742f7/allocations" status: 200 len: 238 microversion: 1.0 [pid: 8|app: 0|req: 338/677] 199.204.45.116 () {32 vars in 857 bytes} [Tue Jul 7 04:46:33 2026] GET /resource_providers/4985f91b-826b-4a3f-a2e7-e4b8e31742f7/allocations => generated 238 bytes in 20 msecs (HTTP/1.1 200) 6 headers in 224 bytes (1 switches on core 0)
2026-07-07 04:46:33.945 9 INFO placement.requestlog [req-fcbb6a8c-d5f1-48ea-b424-0108c94694f7 req-1bca4b3f-b760-468e-8546-16846ff96fab bddbb42cd5fb4467839290e666f39619 a2ce93a592a44d54b142070a6a6890c7 - - 7e20aa5eb5ab4c8ba84e5d542d6d873c 7e20aa5eb5ab4c8ba84e5d542d6d873c] 199.204.45.116 "GET /allocations/af68b993-9011-4cda-967e-eceb74ca87f2" status: 200 len: 257 microversion: 1.28 [pid: 9|app: 0|req: 340/678] 199.204.45.116 () {34 vars in 863 bytes} [Tue Jul 7 04:46:33 2026] GET /allocations/af68b993-9011-4cda-967e-eceb74ca87f2 => generated 257 bytes in 24 msecs (HTTP/1.1 200) 8 headers in 296 bytes (1 switches on core 0)
2026-07-07 04:46:33.973 8 INFO placement.requestlog [req-fcbb6a8c-d5f1-48ea-b424-0108c94694f7 req-112cfe7c-17c9-41d4-9055-2a1e8bab7e12 bddbb42cd5fb4467839290e666f39619 a2ce93a592a44d54b142070a6a6890c7 - - 7e20aa5eb5ab4c8ba84e5d542d6d873c 7e20aa5eb5ab4c8ba84e5d542d6d873c] 199.204.45.116 "GET /allocations/6ee8f6fb-7c7f-4cc9-a44c-4f805a580ce3" status: 200 len: 243 microversion: 1.28 [pid: 8|app: 0|req: 339/679] 199.204.45.116 () {34 vars in 863 bytes} [Tue Jul 7 04:46:33 2026] GET /allocations/6ee8f6fb-7c7f-4cc9-a44c-4f805a580ce3 => generated 243 bytes in 15 msecs (HTTP/1.1 200) 8 headers in 296 bytes (1 switches on core 0)
2026-07-07 04:46:34.075 9 INFO placement.requestlog [req-fcbb6a8c-d5f1-48ea-b424-0108c94694f7 req-ab98653d-ccdf-4ab1-9d61-b73d115bbdc0 bddbb42cd5fb4467839290e666f39619 a2ce93a592a44d54b142070a6a6890c7 - - 7e20aa5eb5ab4c8ba84e5d542d6d873c 7e20aa5eb5ab4c8ba84e5d542d6d873c] 199.204.45.116 "DELETE /allocations/6ee8f6fb-7c7f-4cc9-a44c-4f805a580ce3" status: 204 len: 0 microversion: 1.0 [pid: 9|app: 0|req: 341/680] 199.204.45.116 () {34 vars in 841 bytes} [Tue Jul 7 04:46:34 2026] DELETE /allocations/6ee8f6fb-7c7f-4cc9-a44c-4f805a580ce3 => generated 0 bytes in 40 msecs (HTTP/1.1 204) 5 headers in 198 bytes (1 switches on core 0)
2026-07-07 04:46:35.016 8 INFO placement.requestlog [None req-02318234-b995-4c8e-a2f0-c521546bb95b 8370364473d5498bb9a568411f6f10eb a2ce93a592a44d54b142070a6a6890c7 - - 7e20aa5eb5ab4c8ba84e5d542d6d873c 7e20aa5eb5ab4c8ba84e5d542d6d873c] 10.0.0.168 "GET /resource_providers/7599c502-3f73-41d7-ac71-e82446c7ec08/aggregates" status: 404 len: 235 microversion: 1.1 [pid: 8|app: 0|req: 340/681] 10.0.0.168 () {32 vars in 816 bytes} [Tue Jul 7 04:46:35 2026] GET /resource_providers/7599c502-3f73-41d7-ac71-e82446c7ec08/aggregates => generated 235 bytes in 11 msecs (HTTP/1.1 404) 5 headers in 202 bytes (1 switches on core 0)
2026-07-07 04:46:35.022 9 INFO placement.requestlog [None req-dcb15aad-9f07-451c-bf45-a7f13985fcfd 8370364473d5498bb9a568411f6f10eb a2ce93a592a44d54b142070a6a6890c7 - - 7e20aa5eb5ab4c8ba84e5d542d6d873c 7e20aa5eb5ab4c8ba84e5d542d6d873c] 10.0.0.168 "GET /resource_providers/7599c502-3f73-41d7-ac71-e82446c7ec08/aggregates" status: 404 len: 235 microversion: 1.1 [pid: 9|app: 0|req: 342/682] 10.0.0.168 () {32 vars in 816 bytes} [Tue Jul 7 04:46:35 2026] GET /resource_providers/7599c502-3f73-41d7-ac71-e82446c7ec08/aggregates => generated 235 bytes in 13 msecs (HTTP/1.1 404) 5 headers in 202 bytes (1 switches on core 0)
2026-07-07 04:46:35.043 9 INFO placement.requestlog [None req-443b5a26-315e-4438-acfd-e0cf6a135bc7 8370364473d5498bb9a568411f6f10eb a2ce93a592a44d54b142070a6a6890c7 - - 7e20aa5eb5ab4c8ba84e5d542d6d873c 7e20aa5eb5ab4c8ba84e5d542d6d873c] 10.0.0.168 "DELETE /resource_providers/7599c502-3f73-41d7-ac71-e82446c7ec08" status: 404 len: 246 microversion: 1.1
2026-07-07 04:46:35.043 8 INFO placement.requestlog [None req-d6572d73-575e-4df8-81af-2735fd298617 8370364473d5498bb9a568411f6f10eb a2ce93a592a44d54b142070a6a6890c7 - - 7e20aa5eb5ab4c8ba84e5d542d6d873c 7e20aa5eb5ab4c8ba84e5d542d6d873c] 10.0.0.168 "DELETE /resource_providers/7599c502-3f73-41d7-ac71-e82446c7ec08" status: 404 len: 246 microversion: 1.1 [pid: 9|app: 0|req: 343/683] 10.0.0.168 () {34 vars in 816 bytes} [Tue Jul 7 04:46:35 2026] DELETE /resource_providers/7599c502-3f73-41d7-ac71-e82446c7ec08 => generated 246 bytes in 10 msecs (HTTP/1.1 404) 6 headers in 231 bytes (1 switches on core 0) [pid: 8|app: 0|req: 341/684] 10.0.0.168 () {34 vars in 816 bytes} [Tue Jul 7 04:46:35 2026] DELETE /resource_providers/7599c502-3f73-41d7-ac71-e82446c7ec08 => generated 246 bytes in 10 msecs (HTTP/1.1 404) 6 headers in 231 bytes (1 switches on core 0)
2026-07-07 04:46:37.223 9 INFO placement.requestlog [None req-891d129a-cd7b-4456-825a-b170956128ce 8370364473d5498bb9a568411f6f10eb a2ce93a592a44d54b142070a6a6890c7 - - 7e20aa5eb5ab4c8ba84e5d542d6d873c 7e20aa5eb5ab4c8ba84e5d542d6d873c] 10.0.0.168 "GET /resource_providers/7db535f0-73d0-4c24-9b7f-48542e3b7c9c/aggregates" status: 404 len: 235 microversion: 1.1 [pid: 9|app: 0|req: 344/685] 10.0.0.168 () {32 vars in 816 bytes} [Tue Jul 7 04:46:37 2026] GET /resource_providers/7db535f0-73d0-4c24-9b7f-48542e3b7c9c/aggregates => generated 235 bytes in 10 msecs (HTTP/1.1 404) 5 headers in 202 bytes (1 switches on core 0)
2026-07-07 04:46:37.231 8 INFO placement.requestlog [None req-bdee4d78-893e-42c9-bb91-9d0044314055 8370364473d5498bb9a568411f6f10eb a2ce93a592a44d54b142070a6a6890c7 - - 7e20aa5eb5ab4c8ba84e5d542d6d873c 7e20aa5eb5ab4c8ba84e5d542d6d873c] 10.0.0.168 "GET /resource_providers/7db535f0-73d0-4c24-9b7f-48542e3b7c9c/aggregates" status: 404 len: 235 microversion: 1.1 [pid: 8|app: 0|req: 342/686] 10.0.0.168 () {32 vars in 816 bytes} [Tue Jul 7 04:46:37 2026] GET /resource_providers/7db535f0-73d0-4c24-9b7f-48542e3b7c9c/aggregates => generated 235 bytes in 16 msecs (HTTP/1.1 404) 5 headers in 202 bytes (1 switches on core 0)
2026-07-07 04:46:37.243 9 INFO placement.requestlog [None req-701d4c85-3834-4c98-bb35-23b21851043a 8370364473d5498bb9a568411f6f10eb a2ce93a592a44d54b142070a6a6890c7 - - 7e20aa5eb5ab4c8ba84e5d542d6d873c 7e20aa5eb5ab4c8ba84e5d542d6d873c] 10.0.0.168 "DELETE /resource_providers/7db535f0-73d0-4c24-9b7f-48542e3b7c9c" status: 404 len: 246 microversion: 1.1 [pid: 9|app: 0|req: 345/687] 10.0.0.168 () {34 vars in 816 bytes} [Tue Jul 7 04:46:37 2026] DELETE /resource_providers/7db535f0-73d0-4c24-9b7f-48542e3b7c9c => generated 246 bytes in 12 msecs (HTTP/1.1 404) 6 headers in 231 bytes (1 switches on core 0)
