2026-04-26 09:24:35.468 7 WARNING keystonemiddleware.audit [None req-0fd497bb-e623-45e5-b6f0-39d26edccc5d ce2b809c6f38483aa08b202ed39ab2b4 7499e1a7182a490a8d0fb5e26077bb9f - - fd5e8fa29fbe43599c2f5366852727e6 fd5e8fa29fbe43599c2f5366852727e6] Skipping service octavia as it have no endpoints.
2026-04-26 09:24:35.640 7 WARNING neutron.scheduler.dhcp_agent_scheduler [None req-e51989da-3f25-44f6-8558-6f9329330e82 ce2b809c6f38483aa08b202ed39ab2b4 7499e1a7182a490a8d0fb5e26077bb9f - - fd5e8fa29fbe43599c2f5366852727e6 fd5e8fa29fbe43599c2f5366852727e6] No more DHCP agents
2026-04-26 09:24:35.641 7 WARNING neutron.api.rpc.agentnotifiers.dhcp_rpc_agent_api [None req-e51989da-3f25-44f6-8558-6f9329330e82 ce2b809c6f38483aa08b202ed39ab2b4 7499e1a7182a490a8d0fb5e26077bb9f - - fd5e8fa29fbe43599c2f5366852727e6 fd5e8fa29fbe43599c2f5366852727e6] Unable to schedule network 52799563-c239-4800-8033-88aafed87f95: no agents available; will retry on subsequent port and subnet creation events.
2026-04-26 09:24:35.692 7 INFO neutron.plugins.ml2.drivers.ovn.mech_driver.mech_driver [None req-a9a07582-803e-4929-929a-40a019165248 - - - - - -] OVN reports status down for port: d135dd1d-cb8d-40d0-a633-0ca9802a2e08
2026-04-26 09:24:35.753 7 INFO neutron.db.ovn_revision_numbers_db [None req-e51989da-3f25-44f6-8558-6f9329330e82 ce2b809c6f38483aa08b202ed39ab2b4 7499e1a7182a490a8d0fb5e26077bb9f - - fd5e8fa29fbe43599c2f5366852727e6 fd5e8fa29fbe43599c2f5366852727e6] Successfully bumped revision number for resource d135dd1d-cb8d-40d0-a633-0ca9802a2e08 (type: ports) to 1
2026-04-26 09:24:35.967 7 INFO neutron.db.ovn_revision_numbers_db [None req-e51989da-3f25-44f6-8558-6f9329330e82 ce2b809c6f38483aa08b202ed39ab2b4 7499e1a7182a490a8d0fb5e26077bb9f - - fd5e8fa29fbe43599c2f5366852727e6 fd5e8fa29fbe43599c2f5366852727e6] Successfully bumped revision number for resource d135dd1d-cb8d-40d0-a633-0ca9802a2e08 (type: ports) to 3 [pid: 7|app: 0|req: 82/159] 199.204.45.77 () {34 vars in 676 bytes} [Sun Apr 26 09:24:35 2026] POST /v2.0/ports => generated 968 bytes in 553 msecs (HTTP/1.1 201) 4 headers in 162 bytes (1 switches on core 0)
2026-04-26 09:24:36.027 8 WARNING keystonemiddleware.audit [None req-1ab438a2-b6e5-42bd-8eb6-895a93205e4e ce2b809c6f38483aa08b202ed39ab2b4 7499e1a7182a490a8d0fb5e26077bb9f - - fd5e8fa29fbe43599c2f5366852727e6 fd5e8fa29fbe43599c2f5366852727e6] Skipping service octavia as it have no endpoints. [pid: 8|app: 0|req: 78/160] 199.204.45.77 () {30 vars in 702 bytes} [Sun Apr 26 09:24:36 2026] GET /v2.0/networks/52799563-c239-4800-8033-88aafed87f95 => generated 745 bytes in 34 msecs (HTTP/1.1 200) 4 headers in 157 bytes (1 switches on core 0)
2026-04-26 09:24:36.655 7 INFO neutron.plugins.ml2.drivers.ovn.mech_driver.mech_driver [None req-a9a07582-803e-4929-929a-40a019165248 - - - - - -] OVN reports status up for port: d135dd1d-cb8d-40d0-a633-0ca9802a2e08
2026-04-26 09:24:36.671 7 INFO neutron.plugins.ml2.plugin [None req-a9a07582-803e-4929-929a-40a019165248 - - - - - -] Attempt 1 to provision port d135dd1d-cb8d-40d0-a633-0ca9802a2e08
2026-04-26 09:24:36.842 7 INFO neutron.db.ovn_revision_numbers_db [None req-a9a07582-803e-4929-929a-40a019165248 - - - - - -] Successfully bumped revision number for resource d135dd1d-cb8d-40d0-a633-0ca9802a2e08 (type: ports) to 4
2026-04-26 09:24:37.767 7 WARNING keystonemiddleware.audit [None req-e51989da-3f25-44f6-8558-6f9329330e82 ce2b809c6f38483aa08b202ed39ab2b4 7499e1a7182a490a8d0fb5e26077bb9f - - fd5e8fa29fbe43599c2f5366852727e6 fd5e8fa29fbe43599c2f5366852727e6] Skipping service octavia as it have no endpoints. [pid: 7|app: 0|req: 83/161] 199.204.45.77 () {30 vars in 721 bytes} [Sun Apr 26 09:24:37 2026] GET /v2.0/ports?device_id=manila-share&binding%3Ahost_id=instance => generated 973 bytes in 40 msecs (HTTP/1.1 200) 4 headers in 157 bytes (1 switches on core 0)
2026-04-26 09:24:37.816 8 WARNING keystonemiddleware.audit [None req-c7201e4a-5248-4b9f-9464-5c645c603734 ce2b809c6f38483aa08b202ed39ab2b4 7499e1a7182a490a8d0fb5e26077bb9f - - fd5e8fa29fbe43599c2f5366852727e6 fd5e8fa29fbe43599c2f5366852727e6] Skipping service octavia as it have no endpoints. [pid: 8|app: 0|req: 79/162] 199.204.45.77 () {30 vars in 702 bytes} [Sun Apr 26 09:24:37 2026] GET /v2.0/networks/52799563-c239-4800-8033-88aafed87f95 => generated 745 bytes in 38 msecs (HTTP/1.1 200) 4 headers in 157 bytes (1 switches on core 0) /var/lib/openstack/lib/python3.12/site-packages/neutron/extensions/quotasv2.py:134: UserWarning: "--check-limit" parameter is no longer needed since Epoxy (2025.1) release. By default, Neutron quota engine checks the resource usage before updating the limits warnings.warn('"--check-limit" parameter is no longer needed ' [pid: 8|app: 0|req: 82/167] 199.204.45.77 () {48 vars in 1022 bytes} [Sun Apr 26 09:25:07 2026] PUT /v2.0/quotas/7499e1a7182a490a8d0fb5e26077bb9f => generated 291 bytes in 67 msecs (HTTP/1.1 200) 4 headers in 157 bytes (1 switches on core 0) [pid: 7|app: 0|req: 87/170] 10.0.0.79 () {28 vars in 578 bytes} [Sun Apr 26 09:25:29 2026] GET /v2.0/ports => generated 5173 bytes in 146 msecs (HTTP/1.1 200) 4 headers in 158 bytes (1 switches on core 0) [pid: 8|app: 0|req: 84/171] 10.0.0.79 () {28 vars in 582 bytes} [Sun Apr 26 09:25:29 2026] GET /v2.0/subnets => generated 1308 bytes in 28 msecs (HTTP/1.1 200) 4 headers in 158 bytes (1 switches on core 0) [pid: 7|app: 0|req: 88/172] 10.0.0.79 () {28 vars in 590 bytes} [Sun Apr 26 09:25:29 2026] GET /v2.0/subnetpools => generated 19 bytes in 13 msecs (HTTP/1.1 200) 4 headers in 156 bytes (1 switches on core 0) [pid: 8|app: 0|req: 85/173] 10.0.0.79 () {28 vars in 582 bytes} [Sun Apr 26 09:25:29 2026] GET /v2.0/subnets => generated 1308 bytes in 32 msecs (HTTP/1.1 200) 4 headers in 158 bytes (1 switches on core 0) [pid: 7|app: 0|req: 89/174] 10.0.0.79 () {28 vars in 590 bytes} [Sun Apr 26 09:25:29 2026] GET /v2.0/floatingips => generated 19 bytes in 19 msecs (HTTP/1.1 200) 4 headers in 156 bytes (1 switches on core 0) [pid: 8|app: 0|req: 86/175] 10.0.0.79 () {28 vars in 584 bytes} [Sun Apr 26 09:25:30 2026] GET /v2.0/networks => generated 2287 bytes in 48 msecs (HTTP/1.1 200) 4 headers in 158 bytes (1 switches on core 0) [pid: 7|app: 0|req: 90/176] 10.0.0.79 () {28 vars in 598 bytes} [Sun Apr 26 09:25:30 2026] GET /v2.0/security-groups => generated 17401 bytes in 34 msecs (HTTP/1.1 200) 4 headers in 159 bytes (1 switches on core 0) [pid: 8|app: 0|req: 87/177] 10.0.0.79 () {28 vars in 582 bytes} [Sun Apr 26 09:25:30 2026] GET /v2.0/routers => generated 15 bytes in 12 msecs (HTTP/1.1 200) 4 headers in 156 bytes (1 switches on core 0) [pid: 7|app: 0|req: 91/178] 10.0.0.79 () {28 vars in 623 bytes} [Sun Apr 26 09:25:30 2026] GET /v2.0/agents?binary=ovn-controller => generated 416 bytes in 17 msecs (HTTP/1.1 200) 4 headers in 157 bytes (1 switches on core 0) [pid: 8|app: 0|req: 88/179] 10.0.0.79 () {28 vars in 618 bytes} [Sun Apr 26 09:25:30 2026] GET /v2.0/network-ip-availabilities => generated 1104 bytes in 34 msecs (HTTP/1.1 200) 4 headers in 158 bytes (1 switches on core 0) [pid: 7|app: 0|req: 92/180] 10.0.0.79 () {28 vars in 580 bytes} [Sun Apr 26 09:25:30 2026] GET /v2.0/agents => generated 1214 bytes in 13 msecs (HTTP/1.1 200) 4 headers in 158 bytes (1 switches on core 0)
2026-04-26 09:25:41.593 8 INFO neutron.pecan_wsgi.hooks.translation [None req-fdc197b1-20f3-4be7-8ac4-672a89b3b0df ce87efc174cc4417a1471200733371d8 07bbbfa534044daa9b83cdc50fd998f8 - - default default] GET failed (client error): The resource could not be found. [pid: 8|app: 0|req: 90/183] 199.204.45.77 () {30 vars in 740 bytes} [Sun Apr 26 09:25:41 2026] GET /v2.0/ports/octavia-health-manager-port-instance => generated 132 bytes in 133 msecs (HTTP/1.1 404) 4 headers in 164 bytes (1 switches on core 0) [pid: 7|app: 0|req: 94/184] 199.204.45.77 () {30 vars in 762 bytes} [Sun Apr 26 09:25:41 2026] GET /v2.0/ports?name=octavia-health-manager-port-instance => generated 1221 bytes in 53 msecs (HTTP/1.1 200) 4 headers in 158 bytes (1 switches on core 0)
2026-04-26 09:25:43.535 8 INFO neutron.pecan_wsgi.hooks.translation [None req-c86c3393-defb-4628-9d66-04c1d2899dad ce87efc174cc4417a1471200733371d8 07bbbfa534044daa9b83cdc50fd998f8 - - default default] GET failed (client error): The resource could not be found. [pid: 8|app: 0|req: 91/185] 199.204.45.77 () {30 vars in 740 bytes} [Sun Apr 26 09:25:43 2026] GET /v2.0/ports/octavia-health-manager-port-instance => generated 132 bytes in 66 msecs (HTTP/1.1 404) 4 headers in 164 bytes (1 switches on core 0) [pid: 7|app: 0|req: 95/186] 199.204.45.77 () {30 vars in 762 bytes} [Sun Apr 26 09:25:43 2026] GET /v2.0/ports?name=octavia-health-manager-port-instance => generated 1221 bytes in 33 msecs (HTTP/1.1 200) 4 headers in 158 bytes (1 switches on core 0)
2026-04-26 09:25:44.532 7 INFO neutron.plugins.ml2.drivers.ovn.mech_driver.mech_driver [None req-934581bb-44d9-43ad-a68a-fcd035694f95 - - - - - -] OVN reports status up for port: f51c8b34-db1b-4d92-967b-99457502fd08
2026-04-26 09:25:44.544 7 INFO neutron.plugins.ml2.plugin [None req-934581bb-44d9-43ad-a68a-fcd035694f95 - - - - - -] Attempt 1 to provision port f51c8b34-db1b-4d92-967b-99457502fd08
2026-04-26 09:25:44.731 7 INFO neutron.db.ovn_revision_numbers_db [None req-934581bb-44d9-43ad-a68a-fcd035694f95 - - - - - -] Successfully bumped revision number for resource f51c8b34-db1b-4d92-967b-99457502fd08 (type: ports) to 5 [pid: 8|app: 0|req: 95/193] 199.204.45.77 () {44 vars in 946 bytes} [Sun Apr 26 09:26:19 2026] GET /v2.0/networks?name=public => generated 791 bytes in 132 msecs (HTTP/1.1 200) 4 headers in 157 bytes (1 switches on core 0) /var/lib/openstack/lib/python3.12/site-packages/pycadf/identifier.py:70: UserWarning: Invalid uuid: neutron. To ensure interoperability, identifiers should be a valid uuid. warnings.warn(('Invalid uuid: %s. To ensure interoperability, ' [pid: 7|app: 0|req: 99/194] 10.0.0.79 () {28 vars in 598 bytes} [Sun Apr 26 09:26:29 2026] GET /v2.0/security-groups => generated 17401 bytes in 73 msecs (HTTP/1.1 200) 4 headers in 159 bytes (1 switches on core 0) [pid: 8|app: 0|req: 96/195] 10.0.0.79 () {28 vars in 582 bytes} [Sun Apr 26 09:26:29 2026] GET /v2.0/subnets => generated 1308 bytes in 35 msecs (HTTP/1.1 200) 4 headers in 158 bytes (1 switches on core 0) [pid: 7|app: 0|req: 100/196] 10.0.0.79 () {28 vars in 578 bytes} [Sun Apr 26 09:26:29 2026] GET /v2.0/ports => generated 5175 bytes in 45 msecs (HTTP/1.1 200) 4 headers in 158 bytes (1 switches on core 0) [pid: 8|app: 0|req: 97/197] 10.0.0.79 () {28 vars in 582 bytes} [Sun Apr 26 09:26:29 2026] GET /v2.0/routers => generated 15 bytes in 18 msecs (HTTP/1.1 200) 4 headers in 156 bytes (1 switches on core 0) [pid: 7|app: 0|req: 101/198] 10.0.0.79 () {28 vars in 623 bytes} [Sun Apr 26 09:26:29 2026] GET /v2.0/agents?binary=ovn-controller => generated 416 bytes in 20 msecs (HTTP/1.1 200) 4 headers in 157 bytes (1 switches on core 0) [pid: 8|app: 0|req: 98/199] 10.0.0.79 () {28 vars in 580 bytes} [Sun Apr 26 09:26:29 2026] GET /v2.0/agents => generated 1214 bytes in 34 msecs (HTTP/1.1 200) 4 headers in 158 bytes (1 switches on core 0) [pid: 7|app: 0|req: 102/200] 10.0.0.79 () {28 vars in 618 bytes} [Sun Apr 26 09:26:30 2026] GET /v2.0/network-ip-availabilities => generated 1104 bytes in 16 msecs (HTTP/1.1 200) 4 headers in 158 bytes (1 switches on core 0) [pid: 8|app: 0|req: 99/201] 10.0.0.79 () {28 vars in 582 bytes} [Sun Apr 26 09:26:30 2026] GET /v2.0/subnets => generated 1308 bytes in 28 msecs (HTTP/1.1 200) 4 headers in 158 bytes (1 switches on core 0) [pid: 7|app: 0|req: 103/202] 10.0.0.79 () {28 vars in 590 bytes} [Sun Apr 26 09:26:30 2026] GET /v2.0/subnetpools => generated 19 bytes in 10 msecs (HTTP/1.1 200) 4 headers in 156 bytes (1 switches on core 0) [pid: 8|app: 0|req: 100/203] 10.0.0.79 () {28 vars in 590 bytes} [Sun Apr 26 09:26:30 2026] GET /v2.0/floatingips => generated 19 bytes in 17 msecs (HTTP/1.1 200) 4 headers in 156 bytes (1 switches on core 0) [pid: 7|app: 0|req: 104/204] 10.0.0.79 () {28 vars in 584 bytes} [Sun Apr 26 09:26:30 2026] GET /v2.0/networks => generated 2287 bytes in 54 msecs (HTTP/1.1 200) 4 headers in 158 bytes (1 switches on core 0) [pid: 7|app: 0|req: 107/209] 10.0.0.95 () {32 vars in 648 bytes} [Sun Apr 26 09:26:57 2026] GET /v2.0/networks => generated 2287 bytes in 396 msecs (HTTP/1.1 200) 4 headers in 158 bytes (1 switches on core 0) [pid: 8|app: 0|req: 103/210] 10.0.0.95 () {32 vars in 654 bytes} [Sun Apr 26 09:26:58 2026] GET /v2.0/floatingips => generated 19 bytes in 16 msecs (HTTP/1.1 200) 4 headers in 156 bytes (1 switches on core 0) [pid: 7|app: 0|req: 108/211] 10.0.0.95 () {32 vars in 646 bytes} [Sun Apr 26 09:26:58 2026] GET /v2.0/routers => generated 15 bytes in 19 msecs (HTTP/1.1 200) 4 headers in 156 bytes (1 switches on core 0) [pid: 8|app: 0|req: 104/212] 10.0.0.95 () {32 vars in 642 bytes} [Sun Apr 26 09:26:59 2026] GET /v2.0/ports => generated 5175 bytes in 51 msecs (HTTP/1.1 200) 4 headers in 158 bytes (1 switches on core 0) [pid: 7|app: 0|req: 109/213] 10.0.0.95 () {32 vars in 646 bytes} [Sun Apr 26 09:26:59 2026] GET /v2.0/subnets => generated 1308 bytes in 28 msecs (HTTP/1.1 200) 4 headers in 158 bytes (1 switches on core 0) [pid: 8|app: 0|req: 105/214] 10.0.0.95 () {32 vars in 648 bytes} [Sun Apr 26 09:26:59 2026] GET /v2.0/networks => generated 2287 bytes in 49 msecs (HTTP/1.1 200) 4 headers in 158 bytes (1 switches on core 0) [pid: 7|app: 0|req: 110/215] 10.0.0.95 () {32 vars in 662 bytes} [Sun Apr 26 09:26:59 2026] GET /v2.0/security-groups => generated 17401 bytes in 36 msecs (HTTP/1.1 200) 4 headers in 159 bytes (1 switches on core 0) [pid: 8|app: 0|req: 106/216] 10.0.0.95 () {32 vars in 654 bytes} [Sun Apr 26 09:26:59 2026] GET /v2.0/subnetpools => generated 19 bytes in 11 msecs (HTTP/1.1 200) 4 headers in 156 bytes (1 switches on core 0)
2026-04-26 09:27:09.541 7 INFO neutron.db.ovn_revision_numbers_db [None req-356bc52f-c576-4e82-8146-20147f9fefdc ce87efc174cc4417a1471200733371d8 07bbbfa534044daa9b83cdc50fd998f8 - - default default] Successfully bumped revision number for resource 1f07f69f-d674-4d9a-8eca-3ba4e21cda05 (type: security_groups) to 1
2026-04-26 09:27:09.553 7 INFO neutron.db.ovn_revision_numbers_db [None req-356bc52f-c576-4e82-8146-20147f9fefdc ce87efc174cc4417a1471200733371d8 07bbbfa534044daa9b83cdc50fd998f8 - - default default] Successfully bumped revision number for resource 00f4e861-afa8-401b-ab61-69e38215043d (type: security_group_rules) to 0
2026-04-26 09:27:09.566 7 INFO neutron.db.ovn_revision_numbers_db [None req-356bc52f-c576-4e82-8146-20147f9fefdc ce87efc174cc4417a1471200733371d8 07bbbfa534044daa9b83cdc50fd998f8 - - default default] Successfully bumped revision number for resource 37151704-b063-4199-b447-d863ad139f0a (type: security_group_rules) to 0
2026-04-26 09:27:09.576 7 INFO neutron.db.ovn_revision_numbers_db [None req-356bc52f-c576-4e82-8146-20147f9fefdc ce87efc174cc4417a1471200733371d8 07bbbfa534044daa9b83cdc50fd998f8 - - default default] Successfully bumped revision number for resource 838e2d8a-bd07-4683-a6db-ada8110a033d (type: security_group_rules) to 0
2026-04-26 09:27:09.589 7 INFO neutron.db.ovn_revision_numbers_db [None req-356bc52f-c576-4e82-8146-20147f9fefdc ce87efc174cc4417a1471200733371d8 07bbbfa534044daa9b83cdc50fd998f8 - - default default] Successfully bumped revision number for resource ada0b31f-9dfb-4fb2-bebc-a418b890bcc7 (type: security_group_rules) to 0
2026-04-26 09:27:09.620 8 INFO neutron.db.ovn_revision_numbers_db [None req-68396993-7b15-4988-b7a5-67655865f786 ce87efc174cc4417a1471200733371d8 07bbbfa534044daa9b83cdc50fd998f8 - - default default] Successfully bumped revision number for resource 51146913-692e-404e-9d2b-a1ed63e8341f (type: security_groups) to 1
2026-04-26 09:27:09.636 8 INFO neutron.db.ovn_revision_numbers_db [None req-68396993-7b15-4988-b7a5-67655865f786 ce87efc174cc4417a1471200733371d8 07bbbfa534044daa9b83cdc50fd998f8 - - default default] Successfully bumped revision number for resource 5506c836-3390-4f0a-ad96-25c9f16dbde9 (type: security_group_rules) to 0
2026-04-26 09:27:09.652 8 INFO neutron.db.ovn_revision_numbers_db [None req-68396993-7b15-4988-b7a5-67655865f786 ce87efc174cc4417a1471200733371d8 07bbbfa534044daa9b83cdc50fd998f8 - - default default] Successfully bumped revision number for resource 65f519dc-a4ed-429d-8c36-0381b540da08 (type: security_group_rules) to 0
2026-04-26 09:27:09.664 8 INFO neutron.db.ovn_revision_numbers_db [None req-68396993-7b15-4988-b7a5-67655865f786 ce87efc174cc4417a1471200733371d8 07bbbfa534044daa9b83cdc50fd998f8 - - default default] Successfully bumped revision number for resource f58a86a5-1e6d-4a2f-85c6-a6a7d67e9c02 (type: security_group_rules) to 0
2026-04-26 09:27:09.676 8 INFO neutron.db.ovn_revision_numbers_db [None req-68396993-7b15-4988-b7a5-67655865f786 ce87efc174cc4417a1471200733371d8 07bbbfa534044daa9b83cdc50fd998f8 - - default default] Successfully bumped revision number for resource fa4b118c-9bd0-468e-8a1e-a761f2d7ec2a (type: security_group_rules) to 0
2026-04-26 09:27:09.690 7 INFO neutron.db.segments_db [None req-356bc52f-c576-4e82-8146-20147f9fefdc ce87efc174cc4417a1471200733371d8 07bbbfa534044daa9b83cdc50fd998f8 - - default default] Added segment ec89e8d4-f73e-4a37-aadc-2bb4ca57692d of type geneve for network 322fc924-17d4-43ef-876c-959b8bc71500
2026-04-26 09:27:09.756 8 INFO neutron.db.segments_db [None req-68396993-7b15-4988-b7a5-67655865f786 ce87efc174cc4417a1471200733371d8 07bbbfa534044daa9b83cdc50fd998f8 - - default default] Added segment e11c1360-afc8-467e-bd08-a1122bca39fa of type geneve for network 731024c0-8af3-4fb3-bea2-08d5de2051aa
2026-04-26 09:27:09.788 7 INFO neutron.db.ovn_revision_numbers_db [None req-356bc52f-c576-4e82-8146-20147f9fefdc ce87efc174cc4417a1471200733371d8 07bbbfa534044daa9b83cdc50fd998f8 - - default default] Successfully bumped revision number for resource 322fc924-17d4-43ef-876c-959b8bc71500 (type: networks) to 1
2026-04-26 09:27:09.867 8 INFO neutron.db.ovn_revision_numbers_db [None req-68396993-7b15-4988-b7a5-67655865f786 ce87efc174cc4417a1471200733371d8 07bbbfa534044daa9b83cdc50fd998f8 - - default default] Successfully bumped revision number for resource 731024c0-8af3-4fb3-bea2-08d5de2051aa (type: networks) to 1
2026-04-26 09:27:09.929 7 WARNING neutron.scheduler.dhcp_agent_scheduler [None req-356bc52f-c576-4e82-8146-20147f9fefdc ce87efc174cc4417a1471200733371d8 07bbbfa534044daa9b83cdc50fd998f8 - - default default] No more DHCP agents
2026-04-26 09:27:09.931 7 WARNING neutron.api.rpc.agentnotifiers.dhcp_rpc_agent_api [None req-356bc52f-c576-4e82-8146-20147f9fefdc ce87efc174cc4417a1471200733371d8 07bbbfa534044daa9b83cdc50fd998f8 - - default default] Unable to schedule network 322fc924-17d4-43ef-876c-959b8bc71500: no agents available; will retry on subsequent port and subnet creation events.
2026-04-26 09:27:09.976 8 INFO neutron.plugins.ml2.drivers.ovn.mech_driver.mech_driver [None req-4e6aa548-c8ed-45e3-93ab-bdc2651cc0f9 - - - - - -] OVN reports status down for port: 69770cda-b1d3-4c89-9174-d4d3df53f444
2026-04-26 09:27:10.012 7 INFO neutron.db.ovn_revision_numbers_db [None req-356bc52f-c576-4e82-8146-20147f9fefdc ce87efc174cc4417a1471200733371d8 07bbbfa534044daa9b83cdc50fd998f8 - - default default] Successfully bumped revision number for resource 69770cda-b1d3-4c89-9174-d4d3df53f444 (type: ports) to 1 [pid: 7|app: 0|req: 112/219] 10.0.0.95 () {34 vars in 670 bytes} [Sun Apr 26 09:27:09 2026] POST /v2.0/networks => generated 771 bytes in 820 msecs (HTTP/1.1 201) 4 headers in 162 bytes (1 switches on core 0)
2026-04-26 09:27:10.097 8 WARNING neutron.scheduler.dhcp_agent_scheduler [None req-68396993-7b15-4988-b7a5-67655865f786 ce87efc174cc4417a1471200733371d8 07bbbfa534044daa9b83cdc50fd998f8 - - default default] No more DHCP agents
2026-04-26 09:27:10.099 8 WARNING neutron.api.rpc.agentnotifiers.dhcp_rpc_agent_api [None req-68396993-7b15-4988-b7a5-67655865f786 ce87efc174cc4417a1471200733371d8 07bbbfa534044daa9b83cdc50fd998f8 - - default default] Unable to schedule network 731024c0-8af3-4fb3-bea2-08d5de2051aa: no agents available; will retry on subsequent port and subnet creation events.
2026-04-26 09:27:10.141 8 INFO neutron.plugins.ml2.drivers.ovn.mech_driver.mech_driver [None req-4e6aa548-c8ed-45e3-93ab-bdc2651cc0f9 - - - - - -] OVN reports status down for port: 064b638a-a464-4ab1-bd1b-92ce75e0c422
2026-04-26 09:27:10.197 8 INFO neutron.db.ovn_revision_numbers_db [None req-68396993-7b15-4988-b7a5-67655865f786 ce87efc174cc4417a1471200733371d8 07bbbfa534044daa9b83cdc50fd998f8 - - default default] Successfully bumped revision number for resource 064b638a-a464-4ab1-bd1b-92ce75e0c422 (type: ports) to 1 [pid: 8|app: 0|req: 108/220] 10.0.0.95 () {34 vars in 670 bytes} [Sun Apr 26 09:27:09 2026] POST /v2.0/networks => generated 769 bytes in 805 msecs (HTTP/1.1 201) 4 headers in 162 bytes (1 switches on core 0)
2026-04-26 09:27:10.247 7 INFO neutron.db.ovn_revision_numbers_db [None req-8331213b-6139-4798-87c7-b571287844d5 ce87efc174cc4417a1471200733371d8 07bbbfa534044daa9b83cdc50fd998f8 - - default default] Successfully bumped revision number for resource 5b5d68ca-fac0-4bde-9e78-e06846ad7027 (type: security_groups) to 1
2026-04-26 09:27:10.264 7 INFO neutron.db.ovn_revision_numbers_db [None req-8331213b-6139-4798-87c7-b571287844d5 ce87efc174cc4417a1471200733371d8 07bbbfa534044daa9b83cdc50fd998f8 - - default default] Successfully bumped revision number for resource 1334ff89-77e0-49a8-b1b3-5167b172723a (type: security_group_rules) to 0
2026-04-26 09:27:10.274 7 INFO neutron.db.ovn_revision_numbers_db [None req-8331213b-6139-4798-87c7-b571287844d5 ce87efc174cc4417a1471200733371d8 07bbbfa534044daa9b83cdc50fd998f8 - - default default] Successfully bumped revision number for resource a4f93e57-90ec-4eaa-b1a3-f1c0fd0ffb45 (type: security_group_rules) to 0
2026-04-26 09:27:10.284 7 INFO neutron.db.ovn_revision_numbers_db [None req-8331213b-6139-4798-87c7-b571287844d5 ce87efc174cc4417a1471200733371d8 07bbbfa534044daa9b83cdc50fd998f8 - - default default] Successfully bumped revision number for resource c422ad1e-0d58-4ce0-b7b7-d89cb323ae4a (type: security_group_rules) to 0
2026-04-26 09:27:10.295 7 INFO neutron.db.ovn_revision_numbers_db [None req-8331213b-6139-4798-87c7-b571287844d5 ce87efc174cc4417a1471200733371d8 07bbbfa534044daa9b83cdc50fd998f8 - - default default] Successfully bumped revision number for resource e7e25f68-dde8-4813-ac41-575c4d8aaa33 (type: security_group_rules) to 0
2026-04-26 09:27:10.362 7 INFO neutron.db.segments_db [None req-8331213b-6139-4798-87c7-b571287844d5 ce87efc174cc4417a1471200733371d8 07bbbfa534044daa9b83cdc50fd998f8 - - default default] Added segment e38f24ff-6e75-4d2c-af59-b727d693695e of type geneve for network 267965d5-30aa-47f5-9b28-5c3a159bdc9c
2026-04-26 09:27:10.367 8 WARNING neutron.scheduler.dhcp_agent_scheduler [None req-c0d858f6-dedf-4a31-9c69-7e902902bae3 ce87efc174cc4417a1471200733371d8 07bbbfa534044daa9b83cdc50fd998f8 - - default default] No more DHCP agents
2026-04-26 09:27:10.368 8 WARNING neutron.api.rpc.agentnotifiers.dhcp_rpc_agent_api [None req-c0d858f6-dedf-4a31-9c69-7e902902bae3 ce87efc174cc4417a1471200733371d8 07bbbfa534044daa9b83cdc50fd998f8 - - default default] Unable to schedule network 322fc924-17d4-43ef-876c-959b8bc71500: no agents available; will retry on subsequent port and subnet creation events.
2026-04-26 09:27:10.459 7 INFO neutron.db.ovn_revision_numbers_db [None req-8331213b-6139-4798-87c7-b571287844d5 ce87efc174cc4417a1471200733371d8 07bbbfa534044daa9b83cdc50fd998f8 - - default default] Successfully bumped revision number for resource 267965d5-30aa-47f5-9b28-5c3a159bdc9c (type: networks) to 1
2026-04-26 09:27:10.597 7 WARNING neutron.scheduler.dhcp_agent_scheduler [None req-8331213b-6139-4798-87c7-b571287844d5 ce87efc174cc4417a1471200733371d8 07bbbfa534044daa9b83cdc50fd998f8 - - default default] No more DHCP agents
2026-04-26 09:27:10.598 7 WARNING neutron.api.rpc.agentnotifiers.dhcp_rpc_agent_api [None req-8331213b-6139-4798-87c7-b571287844d5 ce87efc174cc4417a1471200733371d8 07bbbfa534044daa9b83cdc50fd998f8 - - default default] Unable to schedule network 267965d5-30aa-47f5-9b28-5c3a159bdc9c: no agents available; will retry on subsequent port and subnet creation events.
2026-04-26 09:27:10.655 8 INFO neutron.plugins.ml2.drivers.ovn.mech_driver.mech_driver [None req-4e6aa548-c8ed-45e3-93ab-bdc2651cc0f9 - - - - - -] OVN reports status down for port: bb62ccb1-3018-4807-ac8b-282db7964ad3
2026-04-26 09:27:10.680 7 INFO neutron.db.ovn_revision_numbers_db [None req-8331213b-6139-4798-87c7-b571287844d5 ce87efc174cc4417a1471200733371d8 07bbbfa534044daa9b83cdc50fd998f8 - - default default] Successfully bumped revision number for resource bb62ccb1-3018-4807-ac8b-282db7964ad3 (type: ports) to 1 [pid: 7|app: 0|req: 113/221] 10.0.0.95 () {34 vars in 670 bytes} [Sun Apr 26 09:27:10 2026] POST /v2.0/networks => generated 767 bytes in 669 msecs (HTTP/1.1 201) 4 headers in 162 bytes (1 switches on core 0)
2026-04-26 09:27:10.848 7 INFO neutron.db.ovn_revision_numbers_db [None req-771c4627-d25f-454a-b947-4e66413b57a6 ce87efc174cc4417a1471200733371d8 07bbbfa534044daa9b83cdc50fd998f8 - - default default] Successfully bumped revision number for resource 87e2049a-1f2a-4d58-ba99-66b75c6083fa (type: security_groups) to 1
2026-04-26 09:27:10.860 7 INFO neutron.db.ovn_revision_numbers_db [None req-771c4627-d25f-454a-b947-4e66413b57a6 ce87efc174cc4417a1471200733371d8 07bbbfa534044daa9b83cdc50fd998f8 - - default default] Successfully bumped revision number for resource 285b8511-a806-497e-a6d4-d9dae34c3c20 (type: security_group_rules) to 0
2026-04-26 09:27:10.871 7 INFO neutron.db.ovn_revision_numbers_db [None req-771c4627-d25f-454a-b947-4e66413b57a6 ce87efc174cc4417a1471200733371d8 07bbbfa534044daa9b83cdc50fd998f8 - - default default] Successfully bumped revision number for resource 4d600041-645f-4d94-9ca8-5a51a9ac326d (type: security_group_rules) to 0
2026-04-26 09:27:10.883 7 INFO neutron.db.ovn_revision_numbers_db [None req-771c4627-d25f-454a-b947-4e66413b57a6 ce87efc174cc4417a1471200733371d8 07bbbfa534044daa9b83cdc50fd998f8 - - default default] Successfully bumped revision number for resource 7d159ee6-6a7f-4944-9961-fb2ab63c5eb2 (type: security_group_rules) to 0
2026-04-26 09:27:10.895 7 INFO neutron.db.ovn_revision_numbers_db [None req-771c4627-d25f-454a-b947-4e66413b57a6 ce87efc174cc4417a1471200733371d8 07bbbfa534044daa9b83cdc50fd998f8 - - default default] Successfully bumped revision number for resource 99c0be4b-685c-44a5-a075-880bbd7157d3 (type: security_group_rules) to 0 [pid: 7|app: 0|req: 114/222] 10.0.0.95 () {32 vars in 773 bytes} [Sun Apr 26 09:27:10 2026] GET /v2.0/security-groups?tenant_id=6840e75e8e50463d97993d522b21575c&name=default => generated 2921 bytes in 233 msecs (HTTP/1.1 200) 4 headers in 158 bytes (1 switches on core 0)
2026-04-26 09:27:11.092 7 WARNING neutron.scheduler.dhcp_agent_scheduler [None req-264dff1e-9a5e-4995-bdae-bb02b455d09e ce87efc174cc4417a1471200733371d8 07bbbfa534044daa9b83cdc50fd998f8 - - default default] No more DHCP agents
2026-04-26 09:27:11.093 8 INFO neutron.db.ovn_revision_numbers_db [None req-8266427a-849e-48c6-af7e-7f175f5e536f - - - - - -] Successfully bumped revision number for resource 69770cda-b1d3-4c89-9174-d4d3df53f444 (type: ports) to 2
2026-04-26 09:27:11.094 7 WARNING neutron.api.rpc.agentnotifiers.dhcp_rpc_agent_api [None req-264dff1e-9a5e-4995-bdae-bb02b455d09e ce87efc174cc4417a1471200733371d8 07bbbfa534044daa9b83cdc50fd998f8 - - default default] Unable to schedule network 731024c0-8af3-4fb3-bea2-08d5de2051aa: no agents available; will retry on subsequent port and subnet creation events.
2026-04-26 09:27:11.137 8 INFO neutron.db.ovn_revision_numbers_db [None req-8266427a-849e-48c6-af7e-7f175f5e536f - - - - - -] Successfully bumped revision number for resource 5860962c-45c5-40da-9495-9eb52d7bd7bf (type: subnets) to 0 [pid: 8|app: 0|req: 109/223] 10.0.0.95 () {34 vars in 668 bytes} [Sun Apr 26 09:27:10 2026] POST /v2.0/subnets => generated 696 bytes in 932 msecs (HTTP/1.1 201) 4 headers in 162 bytes (1 switches on core 0)
2026-04-26 09:27:11.305 8 WARNING neutron.scheduler.dhcp_agent_scheduler [None req-f8b8c982-9d9c-4de8-ae03-d78696931289 ce87efc174cc4417a1471200733371d8 07bbbfa534044daa9b83cdc50fd998f8 - - default default] No more DHCP agents
2026-04-26 09:27:11.306 8 WARNING neutron.api.rpc.agentnotifiers.dhcp_rpc_agent_api [None req-f8b8c982-9d9c-4de8-ae03-d78696931289 ce87efc174cc4417a1471200733371d8 07bbbfa534044daa9b83cdc50fd998f8 - - default default] Unable to schedule network 267965d5-30aa-47f5-9b28-5c3a159bdc9c: no agents available; will retry on subsequent port and subnet creation events.
2026-04-26 09:27:11.515 7 INFO neutron.db.ovn_revision_numbers_db [None req-4ebcee73-baf2-4606-a1aa-e993a93db6cf - - - - - -] Successfully bumped revision number for resource 064b638a-a464-4ab1-bd1b-92ce75e0c422 (type: ports) to 2
2026-04-26 09:27:11.577 7 INFO neutron.db.ovn_revision_numbers_db [None req-4ebcee73-baf2-4606-a1aa-e993a93db6cf - - - - - -] Successfully bumped revision number for resource 24e6614b-044d-4005-aebc-26fc1ea4f0ca (type: subnets) to 0 [pid: 7|app: 0|req: 115/224] 10.0.0.95 () {34 vars in 668 bytes} [Sun Apr 26 09:27:10 2026] POST /v2.0/subnets => generated 694 bytes in 657 msecs (HTTP/1.1 201) 4 headers in 162 bytes (1 switches on core 0)
2026-04-26 09:27:11.796 8 INFO neutron.db.ovn_revision_numbers_db [None req-fc25c335-7eed-419e-80c5-1ec6384d4760 - - - - - -] Successfully bumped revision number for resource bb62ccb1-3018-4807-ac8b-282db7964ad3 (type: ports) to 2 [pid: 7|app: 0|req: 116/225] 10.0.0.95 () {32 vars in 739 bytes} [Sun Apr 26 09:27:11 2026] DELETE /v2.0/security-groups/87e2049a-1f2a-4d58-ba99-66b75c6083fa => generated 0 bytes in 227 msecs (HTTP/1.1 204) 2 headers in 112 bytes (1 switches on core 0)
2026-04-26 09:27:11.828 8 INFO neutron.db.ovn_revision_numbers_db [None req-fc25c335-7eed-419e-80c5-1ec6384d4760 - - - - - -] Successfully bumped revision number for resource a3d57c3c-a995-43fc-a47b-857a5cc351f1 (type: subnets) to 0 [pid: 8|app: 0|req: 110/226] 10.0.0.95 () {34 vars in 668 bytes} [Sun Apr 26 09:27:11 2026] POST /v2.0/subnets => generated 692 bytes in 679 msecs (HTTP/1.1 201) 4 headers in 162 bytes (1 switches on core 0)
2026-04-26 09:27:12.348 7 WARNING neutron.scheduler.dhcp_agent_scheduler [None req-c7cb553c-a5a2-44d3-912c-edd8a511f6b2 ce87efc174cc4417a1471200733371d8 07bbbfa534044daa9b83cdc50fd998f8 - - default default] No more DHCP agents
2026-04-26 09:27:12.349 7 WARNING neutron.api.rpc.agentnotifiers.dhcp_rpc_agent_api [None req-c7cb553c-a5a2-44d3-912c-edd8a511f6b2 ce87efc174cc4417a1471200733371d8 07bbbfa534044daa9b83cdc50fd998f8 - - default default] Unable to schedule network 3b6c85f9-9abc-4b34-9297-d3f45762b51c: no agents available; will retry on subsequent port and subnet creation events.
2026-04-26 09:27:12.414 7 INFO neutron.plugins.ml2.drivers.ovn.mech_driver.mech_driver [None req-d63bcfea-12e7-402a-8d2f-816de8a94f87 - - - - - -] OVN reports status down for port: 49400725-10f0-4ccd-8832-044745377e89
2026-04-26 09:27:12.448 8 WARNING neutron.scheduler.dhcp_agent_scheduler [None req-fbc14e30-8daa-418f-b8f0-7541e370ee85 ce87efc174cc4417a1471200733371d8 07bbbfa534044daa9b83cdc50fd998f8 - - default default] No more DHCP agents
2026-04-26 09:27:12.449 8 WARNING neutron.api.rpc.agentnotifiers.dhcp_rpc_agent_api [None req-fbc14e30-8daa-418f-b8f0-7541e370ee85 ce87efc174cc4417a1471200733371d8 07bbbfa534044daa9b83cdc50fd998f8 - - default default] Unable to schedule network 3b6c85f9-9abc-4b34-9297-d3f45762b51c: no agents available; will retry on subsequent port and subnet creation events.
2026-04-26 09:27:12.472 7 INFO neutron.db.ovn_revision_numbers_db [None req-c7cb553c-a5a2-44d3-912c-edd8a511f6b2 ce87efc174cc4417a1471200733371d8 07bbbfa534044daa9b83cdc50fd998f8 - - default default] Successfully bumped revision number for resource 49400725-10f0-4ccd-8832-044745377e89 (type: ports) to 1
2026-04-26 09:27:12.524 8 INFO neutron.plugins.ml2.drivers.ovn.mech_driver.mech_driver [None req-4e6aa548-c8ed-45e3-93ab-bdc2651cc0f9 - - - - - -] OVN reports status down for port: c19101ed-d461-48c0-91f8-d13afd71c2c8
2026-04-26 09:27:12.577 8 INFO neutron.db.ovn_revision_numbers_db [None req-fbc14e30-8daa-418f-b8f0-7541e370ee85 ce87efc174cc4417a1471200733371d8 07bbbfa534044daa9b83cdc50fd998f8 - - default default] Successfully bumped revision number for resource c19101ed-d461-48c0-91f8-d13afd71c2c8 (type: ports) to 1
2026-04-26 09:27:12.857 7 INFO neutron.plugins.ml2.drivers.ovn.mech_driver.ovsdb.extensions.qos [None req-c7cb553c-a5a2-44d3-912c-edd8a511f6b2 ce87efc174cc4417a1471200733371d8 07bbbfa534044daa9b83cdc50fd998f8 - - default default] Starting OVNClientQosExtension
2026-04-26 09:27:12.924 8 INFO neutron.plugins.ml2.drivers.ovn.mech_driver.ovsdb.extensions.qos [None req-fbc14e30-8daa-418f-b8f0-7541e370ee85 ce87efc174cc4417a1471200733371d8 07bbbfa534044daa9b83cdc50fd998f8 - - default default] Starting OVNClientQosExtension
2026-04-26 09:27:12.944 7 WARNING oslo_config.cfg [None req-c7cb553c-a5a2-44d3-912c-edd8a511f6b2 ce87efc174cc4417a1471200733371d8 07bbbfa534044daa9b83cdc50fd998f8 - - default default] Deprecated: Option "ovn_emit_need_to_frag" from group "ovn" is deprecated for removal (The option is useful only on very old Linux kernels (version < 5.2).). Its value may be silently ignored in the future.
2026-04-26 09:27:13.017 8 WARNING oslo_config.cfg [None req-fbc14e30-8daa-418f-b8f0-7541e370ee85 ce87efc174cc4417a1471200733371d8 07bbbfa534044daa9b83cdc50fd998f8 - - default default] Deprecated: Option "ovn_emit_need_to_frag" from group "ovn" is deprecated for removal (The option is useful only on very old Linux kernels (version < 5.2).). Its value may be silently ignored in the future.
2026-04-26 09:27:13.201 7 INFO neutron.plugins.ml2.drivers.ovn.mech_driver.ovsdb.commands [None req-924b48eb-fb95-4a83-8a10-74695bfc4724 - - - - - -] Schedule LRP lrp-49400725-10f0-4ccd-8832-044745377e89 on gateway 1bf682f7-757e-4efd-b210-6651ecbcd74c with priority 1
2026-04-26 09:27:13.213 7 INFO neutron.plugins.ml2.drivers.ovn.mech_driver.mech_driver [None req-d63bcfea-12e7-402a-8d2f-816de8a94f87 - - - - - -] OVN reports status up for port: 49400725-10f0-4ccd-8832-044745377e89
2026-04-26 09:27:13.249 8 INFO neutron.plugins.ml2.drivers.ovn.mech_driver.ovsdb.ovsdb_monitor [-] Router 372d33b1-d207-4157-a44d-4c48a91c3f83 is bound to host instance
2026-04-26 09:27:13.250 7 INFO neutron.plugins.ml2.plugin [None req-d63bcfea-12e7-402a-8d2f-816de8a94f87 - - - - - -] Attempt 1 to provision port 49400725-10f0-4ccd-8832-044745377e89
2026-04-26 09:27:13.272 7 INFO neutron.db.ovn_revision_numbers_db [None req-c7cb553c-a5a2-44d3-912c-edd8a511f6b2 ce87efc174cc4417a1471200733371d8 07bbbfa534044daa9b83cdc50fd998f8 - - default default] Successfully bumped revision number for resource 49400725-10f0-4ccd-8832-044745377e89 (type: router_ports) to 1
2026-04-26 09:27:13.360 8 INFO neutron.plugins.ml2.drivers.ovn.mech_driver.ovsdb.commands [None req-5d45c3b3-06f1-40c7-9e04-8ca94de1d212 - - - - - -] Schedule LRP lrp-c19101ed-d461-48c0-91f8-d13afd71c2c8 on gateway 1bf682f7-757e-4efd-b210-6651ecbcd74c with priority 1
2026-04-26 09:27:13.384 8 INFO neutron.plugins.ml2.drivers.ovn.mech_driver.mech_driver [None req-4e6aa548-c8ed-45e3-93ab-bdc2651cc0f9 - - - - - -] OVN reports status up for port: c19101ed-d461-48c0-91f8-d13afd71c2c8
2026-04-26 09:27:13.412 7 INFO neutron.db.ovn_revision_numbers_db [None req-c7cb553c-a5a2-44d3-912c-edd8a511f6b2 ce87efc174cc4417a1471200733371d8 07bbbfa534044daa9b83cdc50fd998f8 - - default default] Successfully bumped revision number for resource 372d33b1-d207-4157-a44d-4c48a91c3f83 (type: routers) to 2
2026-04-26 09:27:13.442 8 INFO neutron.plugins.ml2.plugin [None req-4e6aa548-c8ed-45e3-93ab-bdc2651cc0f9 - - - - - -] Attempt 1 to provision port c19101ed-d461-48c0-91f8-d13afd71c2c8
2026-04-26 09:27:13.445 8 INFO neutron.db.ovn_revision_numbers_db [None req-fbc14e30-8daa-418f-b8f0-7541e370ee85 ce87efc174cc4417a1471200733371d8 07bbbfa534044daa9b83cdc50fd998f8 - - default default] Successfully bumped revision number for resource c19101ed-d461-48c0-91f8-d13afd71c2c8 (type: router_ports) to 1 [pid: 7|app: 0|req: 117/227] 10.0.0.95 () {34 vars in 668 bytes} [Sun Apr 26 09:27:11 2026] POST /v2.0/routers => generated 974 bytes in 1632 msecs (HTTP/1.1 201) 4 headers in 162 bytes (1 switches on core 0)
2026-04-26 09:27:13.624 8 INFO neutron.db.ovn_revision_numbers_db [None req-fbc14e30-8daa-418f-b8f0-7541e370ee85 ce87efc174cc4417a1471200733371d8 07bbbfa534044daa9b83cdc50fd998f8 - - default default] Successfully bumped revision number for resource 4dbe7f21-1f1b-4666-b0c8-8daa64d8e246 (type: routers) to 2 [pid: 8|app: 0|req: 111/228] 10.0.0.95 () {34 vars in 668 bytes} [Sun Apr 26 09:27:11 2026] POST /v2.0/routers => generated 972 bytes in 1833 msecs (HTTP/1.1 201) 4 headers in 162 bytes (1 switches on core 0)
2026-04-26 09:27:13.853 7 WARNING neutron.scheduler.dhcp_agent_scheduler [None req-26428f0c-1b42-42d4-bc28-487753c755f9 ce87efc174cc4417a1471200733371d8 07bbbfa534044daa9b83cdc50fd998f8 - - default default] No more DHCP agents
2026-04-26 09:27:13.854 7 WARNING neutron.api.rpc.agentnotifiers.dhcp_rpc_agent_api [None req-26428f0c-1b42-42d4-bc28-487753c755f9 ce87efc174cc4417a1471200733371d8 07bbbfa534044daa9b83cdc50fd998f8 - - default default] Unable to schedule network 3b6c85f9-9abc-4b34-9297-d3f45762b51c: no agents available; will retry on subsequent port and subnet creation events.
2026-04-26 09:27:13.958 7 INFO neutron.db.ovn_revision_numbers_db [None req-26428f0c-1b42-42d4-bc28-487753c755f9 ce87efc174cc4417a1471200733371d8 07bbbfa534044daa9b83cdc50fd998f8 - - default default] Successfully bumped revision number for resource 6043d33a-d1a2-4ddc-bb70-0932625cb986 (type: ports) to 1
2026-04-26 09:27:14.478 8 WARNING neutron.scheduler.dhcp_agent_scheduler [None req-ef26bb76-ec89-499d-9743-5d9494930e46 ce87efc174cc4417a1471200733371d8 07bbbfa534044daa9b83cdc50fd998f8 - - default default] No more DHCP agents
2026-04-26 09:27:14.482 8 WARNING neutron.api.rpc.agentnotifiers.dhcp_rpc_agent_api [None req-ef26bb76-ec89-499d-9743-5d9494930e46 ce87efc174cc4417a1471200733371d8 07bbbfa534044daa9b83cdc50fd998f8 - - default default] Unable to schedule network 322fc924-17d4-43ef-876c-959b8bc71500: no agents available; will retry on subsequent port and subnet creation events.
2026-04-26 09:27:14.487 7 INFO neutron.plugins.ml2.drivers.ovn.mech_driver.ovsdb.commands [None req-924b48eb-fb95-4a83-8a10-74695bfc4724 - - - - - -] Schedule LRP lrp-6043d33a-d1a2-4ddc-bb70-0932625cb986 on gateway 1bf682f7-757e-4efd-b210-6651ecbcd74c with priority 1
2026-04-26 09:27:14.518 7 INFO neutron.plugins.ml2.drivers.ovn.mech_driver.ovsdb.ovsdb_monitor [-] Router cacb2d8a-f5fe-4cb1-b5ac-f67c90fa9aa3 is bound to host instance
2026-04-26 09:27:14.595 7 INFO neutron.db.ovn_revision_numbers_db [None req-26428f0c-1b42-42d4-bc28-487753c755f9 ce87efc174cc4417a1471200733371d8 07bbbfa534044daa9b83cdc50fd998f8 - - default default] Successfully bumped revision number for resource 6043d33a-d1a2-4ddc-bb70-0932625cb986 (type: router_ports) to 1
2026-04-26 09:27:14.715 7 INFO neutron.db.ovn_revision_numbers_db [None req-26428f0c-1b42-42d4-bc28-487753c755f9 ce87efc174cc4417a1471200733371d8 07bbbfa534044daa9b83cdc50fd998f8 - - default default] Successfully bumped revision number for resource cacb2d8a-f5fe-4cb1-b5ac-f67c90fa9aa3 (type: routers) to 2
2026-04-26 09:27:14.739 8 INFO neutron.db.ovn_revision_numbers_db [None req-ef26bb76-ec89-499d-9743-5d9494930e46 ce87efc174cc4417a1471200733371d8 07bbbfa534044daa9b83cdc50fd998f8 - - default default] Successfully bumped revision number for resource 9cddd68c-6995-483e-8153-4277f5178de5 (type: ports) to 1 [pid: 7|app: 0|req: 118/229] 10.0.0.95 () {34 vars in 668 bytes} [Sun Apr 26 09:27:13 2026] POST /v2.0/routers => generated 970 bytes in 1299 msecs (HTTP/1.1 201) 4 headers in 162 bytes (1 switches on core 0)
2026-04-26 09:27:15.194 7 INFO neutron.db.ovn_revision_numbers_db [None req-5d15c6b5-08e3-4941-aae6-0c652930c1df ce87efc174cc4417a1471200733371d8 07bbbfa534044daa9b83cdc50fd998f8 - - default default] Successfully bumped revision number for resource 410e9dd5-f941-4952-bc39-03e47f800d0d (type: security_groups) to 1
2026-04-26 09:27:15.213 7 INFO neutron.db.ovn_revision_numbers_db [None req-5d15c6b5-08e3-4941-aae6-0c652930c1df ce87efc174cc4417a1471200733371d8 07bbbfa534044daa9b83cdc50fd998f8 - - default default] Successfully bumped revision number for resource 29ea3115-0613-432e-a001-0d32e0dcaba3 (type: security_group_rules) to 0
2026-04-26 09:27:15.235 7 INFO neutron.db.ovn_revision_numbers_db [None req-5d15c6b5-08e3-4941-aae6-0c652930c1df ce87efc174cc4417a1471200733371d8 07bbbfa534044daa9b83cdc50fd998f8 - - default default] Successfully bumped revision number for resource b3f2ec80-327f-4c8b-a49b-6141f72b7159 (type: security_group_rules) to 0
2026-04-26 09:27:15.260 7 INFO neutron.db.ovn_revision_numbers_db [None req-5d15c6b5-08e3-4941-aae6-0c652930c1df ce87efc174cc4417a1471200733371d8 07bbbfa534044daa9b83cdc50fd998f8 - - default default] Successfully bumped revision number for resource be702882-b6d7-428c-8a2e-0c0f816377ef (type: security_group_rules) to 0
2026-04-26 09:27:15.265 8 INFO neutron.db.ovn_revision_numbers_db [None req-f040591b-c6b6-4584-8ef3-ece820e8eaa6 - - - - - -] Successfully bumped revision number for resource 49400725-10f0-4ccd-8832-044745377e89 (type: ports) to 4
2026-04-26 09:27:15.281 7 INFO neutron.db.ovn_revision_numbers_db [None req-5d15c6b5-08e3-4941-aae6-0c652930c1df ce87efc174cc4417a1471200733371d8 07bbbfa534044daa9b83cdc50fd998f8 - - default default] Successfully bumped revision number for resource d20987e1-5166-4744-b72d-9a3194b0009e (type: security_group_rules) to 0
2026-04-26 09:27:15.393 7 INFO neutron.db.segments_db [None req-5d15c6b5-08e3-4941-aae6-0c652930c1df ce87efc174cc4417a1471200733371d8 07bbbfa534044daa9b83cdc50fd998f8 - - default default] Added segment bffd6172-422c-4a02-ba99-3c60055b6a5a of type geneve for network ab6f143e-a7dd-4cbc-8b42-a00c540a7abb
2026-04-26 09:27:15.567 7 INFO neutron.db.ovn_revision_numbers_db [None req-5d15c6b5-08e3-4941-aae6-0c652930c1df ce87efc174cc4417a1471200733371d8 07bbbfa534044daa9b83cdc50fd998f8 - - default default] Successfully bumped revision number for resource ab6f143e-a7dd-4cbc-8b42-a00c540a7abb (type: networks) to 1
2026-04-26 09:27:15.646 7 INFO neutron.plugins.ml2.drivers.ovn.mech_driver.mech_driver [None req-d63bcfea-12e7-402a-8d2f-816de8a94f87 - - - - - -] OVN reports status down for port: 6043d33a-d1a2-4ddc-bb70-0932625cb986
2026-04-26 09:27:15.836 7 WARNING neutron.plugins.ml2.drivers.ovn.mech_driver.ovsdb.ovn_client [None req-d63bcfea-12e7-402a-8d2f-816de8a94f87 - - - - - -] Logical_Switch_Port %s host information not removed, the port state is up
2026-04-26 09:27:15.838 7 INFO neutron.plugins.ml2.drivers.ovn.mech_driver.mech_driver [None req-d63bcfea-12e7-402a-8d2f-816de8a94f87 - - - - - -] OVN reports status up for port: 6043d33a-d1a2-4ddc-bb70-0932625cb986
2026-04-26 09:27:15.898 7 INFO neutron.plugins.ml2.plugin [None req-d63bcfea-12e7-402a-8d2f-816de8a94f87 - - - - - -] Attempt 1 to provision port 6043d33a-d1a2-4ddc-bb70-0932625cb986
2026-04-26 09:27:15.939 8 INFO neutron.db.ovn_revision_numbers_db [None req-f040591b-c6b6-4584-8ef3-ece820e8eaa6 - - - - - -] Successfully bumped revision number for resource 49400725-10f0-4ccd-8832-044745377e89 (type: ports) to 5
2026-04-26 09:27:16.071 8 INFO neutron.plugins.ml2.drivers.ovn.mech_driver.ovsdb.ovsdb_monitor [None req-f040591b-c6b6-4584-8ef3-ece820e8eaa6 - - - - - -] Router 4dbe7f21-1f1b-4666-b0c8-8daa64d8e246 is bound to host instance
2026-04-26 09:27:16.313 7 WARNING neutron.scheduler.dhcp_agent_scheduler [None req-5d15c6b5-08e3-4941-aae6-0c652930c1df ce87efc174cc4417a1471200733371d8 07bbbfa534044daa9b83cdc50fd998f8 - - default default] No more DHCP agents
2026-04-26 09:27:16.319 7 WARNING neutron.api.rpc.agentnotifiers.dhcp_rpc_agent_api [None req-5d15c6b5-08e3-4941-aae6-0c652930c1df ce87efc174cc4417a1471200733371d8 07bbbfa534044daa9b83cdc50fd998f8 - - default default] Unable to schedule network ab6f143e-a7dd-4cbc-8b42-a00c540a7abb: no agents available; will retry on subsequent port and subnet creation events.
2026-04-26 09:27:16.332 7 INFO neutron.db.ovn_revision_numbers_db [None req-4f6feb3e-bd28-40fa-9f7e-3e5a86006fe4 - - - - - -] Successfully bumped revision number for resource 6043d33a-d1a2-4ddc-bb70-0932625cb986 (type: ports) to 4
2026-04-26 09:27:16.333 8 WARNING neutron.scheduler.dhcp_agent_scheduler [None req-ef26bb76-ec89-499d-9743-5d9494930e46 ce87efc174cc4417a1471200733371d8 07bbbfa534044daa9b83cdc50fd998f8 - - default default] No more DHCP agents
2026-04-26 09:27:16.335 8 WARNING neutron.api.rpc.agentnotifiers.dhcp_rpc_agent_api [None req-ef26bb76-ec89-499d-9743-5d9494930e46 ce87efc174cc4417a1471200733371d8 07bbbfa534044daa9b83cdc50fd998f8 - - default default] Unable to schedule network 322fc924-17d4-43ef-876c-959b8bc71500: no agents available; will retry on subsequent port and subnet creation events.
2026-04-26 09:27:16.509 7 INFO neutron.db.ovn_revision_numbers_db [None req-5d15c6b5-08e3-4941-aae6-0c652930c1df ce87efc174cc4417a1471200733371d8 07bbbfa534044daa9b83cdc50fd998f8 - - default default] Successfully bumped revision number for resource 44282926-95ff-4321-9e0f-aa6505759721 (type: ports) to 1 [pid: 7|app: 0|req: 119/230] 10.0.0.95 () {34 vars in 670 bytes} [Sun Apr 26 09:27:14 2026] POST /v2.0/networks => generated 773 bytes in 1794 msecs (HTTP/1.1 201) 4 headers in 162 bytes (1 switches on core 0)
2026-04-26 09:27:16.648 8 INFO neutron.plugins.ml2.drivers.ovn.mech_driver.mech_driver [None req-4e6aa548-c8ed-45e3-93ab-bdc2651cc0f9 - - - - - -] OVN reports status down for port: 44282926-95ff-4321-9e0f-aa6505759721
2026-04-26 09:27:16.924 7 INFO neutron.db.ovn_revision_numbers_db [None req-d63bcfea-12e7-402a-8d2f-816de8a94f87 - - - - - -] Successfully bumped revision number for resource 6043d33a-d1a2-4ddc-bb70-0932625cb986 (type: ports) to 5
2026-04-26 09:27:17.107 7 INFO neutron.plugins.ml2.drivers.ovn.mech_driver.mech_driver [None req-4375968c-7ccd-472a-bc75-2e2339dea6e1 - - - - - -] OVN reports status down for port: 9cddd68c-6995-483e-8153-4277f5178de5
2026-04-26 09:27:17.231 8 INFO neutron.db.ovn_revision_numbers_db [None req-ef26bb76-ec89-499d-9743-5d9494930e46 ce87efc174cc4417a1471200733371d8 07bbbfa534044daa9b83cdc50fd998f8 - - default default] Successfully bumped revision number for resource 9cddd68c-6995-483e-8153-4277f5178de5 (type: router_ports) to 1 [pid: 8|app: 0|req: 112/231] 10.0.0.95 () {34 vars in 782 bytes} [Sun Apr 26 09:27:13 2026] PUT /v2.0/routers/372d33b1-d207-4157-a44d-4c48a91c3f83/add_router_interface => generated 309 bytes in 3564 msecs (HTTP/1.1 200) 4 headers in 157 bytes (1 switches on core 0)
2026-04-26 09:27:17.376 7 WARNING neutron.plugins.ml2.drivers.ovn.mech_driver.ovsdb.ovn_client [None req-4375968c-7ccd-472a-bc75-2e2339dea6e1 - - - - - -] Logical_Switch_Port %s host information not removed, the port state is up
2026-04-26 09:27:17.377 7 INFO neutron.plugins.ml2.drivers.ovn.mech_driver.mech_driver [None req-4375968c-7ccd-472a-bc75-2e2339dea6e1 - - - - - -] OVN reports status up for port: 9cddd68c-6995-483e-8153-4277f5178de5
2026-04-26 09:27:17.413 7 INFO neutron.plugins.ml2.plugin [None req-4375968c-7ccd-472a-bc75-2e2339dea6e1 - - - - - -] Attempt 1 to provision port 9cddd68c-6995-483e-8153-4277f5178de5
2026-04-26 09:27:17.483 7 WARNING neutron.scheduler.dhcp_agent_scheduler [None req-76b21428-ce19-4964-9766-2b0c156f9159 ce87efc174cc4417a1471200733371d8 07bbbfa534044daa9b83cdc50fd998f8 - - default default] No more DHCP agents
2026-04-26 09:27:17.485 7 WARNING neutron.api.rpc.agentnotifiers.dhcp_rpc_agent_api [None req-76b21428-ce19-4964-9766-2b0c156f9159 ce87efc174cc4417a1471200733371d8 07bbbfa534044daa9b83cdc50fd998f8 - - default default] Unable to schedule network 731024c0-8af3-4fb3-bea2-08d5de2051aa: no agents available; will retry on subsequent port and subnet creation events.
2026-04-26 09:27:17.622 8 INFO neutron.db.ovn_revision_numbers_db [None req-6eb2f0d7-6e20-4f40-bc0e-9c9247982918 - - - - - -] Successfully bumped revision number for resource c19101ed-d461-48c0-91f8-d13afd71c2c8 (type: ports) to 4
2026-04-26 09:27:17.672 8 INFO neutron.plugins.ml2.drivers.ovn.mech_driver.mech_driver [None req-4e6aa548-c8ed-45e3-93ab-bdc2651cc0f9 - - - - - -] OVN reports status down for port: 52b4798a-32e1-431f-890f-45b24f0c1c3c
2026-04-26 09:27:17.714 7 INFO neutron.db.ovn_revision_numbers_db [None req-76b21428-ce19-4964-9766-2b0c156f9159 ce87efc174cc4417a1471200733371d8 07bbbfa534044daa9b83cdc50fd998f8 - - default default] Successfully bumped revision number for resource 52b4798a-32e1-431f-890f-45b24f0c1c3c (type: ports) to 1
2026-04-26 09:27:18.144 8 WARNING neutron.scheduler.dhcp_agent_scheduler [None req-af963467-bf6b-4813-aad7-49dec13c3b00 ce87efc174cc4417a1471200733371d8 07bbbfa534044daa9b83cdc50fd998f8 - - default default] No more DHCP agents
2026-04-26 09:27:18.150 8 WARNING neutron.api.rpc.agentnotifiers.dhcp_rpc_agent_api [None req-af963467-bf6b-4813-aad7-49dec13c3b00 ce87efc174cc4417a1471200733371d8 07bbbfa534044daa9b83cdc50fd998f8 - - default default] Unable to schedule network 267965d5-30aa-47f5-9b28-5c3a159bdc9c: no agents available; will retry on subsequent port and subnet creation events.
2026-04-26 09:27:18.172 7 INFO neutron.db.ovn_revision_numbers_db [None req-4375968c-7ccd-472a-bc75-2e2339dea6e1 - - - - - -] Successfully bumped revision number for resource 9cddd68c-6995-483e-8153-4277f5178de5 (type: ports) to 2
2026-04-26 09:27:18.327 8 INFO neutron.plugins.ml2.drivers.ovn.mech_driver.mech_driver [None req-4e6aa548-c8ed-45e3-93ab-bdc2651cc0f9 - - - - - -] OVN reports status down for port: ba9f267f-7813-490f-a5ec-1dd47c024a7d
