2026-04-26 09:30:26.995 7 INFO neutron.pecan_wsgi.hooks.translation [None req-8b19289b-1495-4dbe-b497-8c1389185315 2db9b73a207145c4ab7f3c19ebf5e6c3 66ee3e5f5b214d5bb99a825b9f963bbb - - default default] GET failed (client error): The resource could not be found. [pid: 7|app: 0|req: 859/1665] 10.0.0.95 () {32 vars in 716 bytes} [Sun Apr 26 09:30:26 2026] GET /v2.0/ports/011bdc14-3072-428e-a692-a6f03a3a7260 => generated 132 bytes in 19 msecs (HTTP/1.1 404) 4 headers in 164 bytes (1 switches on core 0) [pid: 8|app: 0|req: 807/1666] 10.0.0.95 () {32 vars in 723 bytes} [Sun Apr 26 09:30:27 2026] DELETE /v2.0/subnets/ba558929-0fb2-406a-8dcf-4b4222b8eb91 => generated 0 bytes in 172 msecs (HTTP/1.1 204) 3 headers in 131 bytes (1 switches on core 0)
2026-04-26 09:30:27.293 7 INFO neutron_taas.services.taas.taas_plugin [None req-0ab2a3ae-5674-4655-9448-76bb4a7d39f9 2db9b73a207145c4ab7f3c19ebf5e6c3 66ee3e5f5b214d5bb99a825b9f963bbb - - default default] TaaS: Handle Delete Port: a7ffeadd-ed36-4087-92a5-90e5e6002a12
2026-04-26 09:30:27.295 7 INFO neutron_taas.services.taas.tap_mirror_plugin [None req-0ab2a3ae-5674-4655-9448-76bb4a7d39f9 2db9b73a207145c4ab7f3c19ebf5e6c3 66ee3e5f5b214d5bb99a825b9f963bbb - - default default] Tap Mirror: Handle Delete Port: a7ffeadd-ed36-4087-92a5-90e5e6002a12
2026-04-26 09:30:27.486 7 INFO neutron.services.segments.plugin [-] Segment 0d5ba844-399e-4a18-a5bf-5f98e500305e resource provider aggregate not found
2026-04-26 09:30:27.487 7 INFO neutron.services.segments.plugin [-] Segment 0d5ba844-399e-4a18-a5bf-5f98e500305e resource provider aggregate not found
2026-04-26 09:30:27.510 7 INFO neutron.services.segments.plugin [-] Segment 0d5ba844-399e-4a18-a5bf-5f98e500305e resource provider not found; error: Placement Client Error (4xx): {"errors": [{"status": 404, "title": "Not Found", "detail": "The resource could not be found.\n\n No resource provider with uuid 0d5ba844-399e-4a18-a5bf-5f98e500305e found for delete ", "request_id": "req-529764cd-fbb9-439e-be72-4d7392b64ae7"}]}
2026-04-26 09:30:27.512 7 INFO neutron.services.segments.plugin [-] Segment 0d5ba844-399e-4a18-a5bf-5f98e500305e resource provider not found; error: Placement Client Error (4xx): {"errors": [{"status": 404, "title": "Not Found", "detail": "The resource could not be found.\n\n No resource provider with uuid 0d5ba844-399e-4a18-a5bf-5f98e500305e found for delete ", "request_id": "req-9bbdd5fc-eee3-4082-8ad0-380e80a0aa68"}]} [pid: 7|app: 0|req: 860/1667] 10.0.0.95 () {32 vars in 725 bytes} [Sun Apr 26 09:30:27 2026] DELETE /v2.0/networks/6e0ecfbf-5cd0-409b-a32d-f914b11c2578 => generated 0 bytes in 352 msecs (HTTP/1.1 204) 3 headers in 131 bytes (1 switches on core 0)
2026-04-26 09:30:27.627 8 INFO neutron.db.segments_db [None req-0edd9018-efcd-47dd-8c13-a96971882ea4 2db9b73a207145c4ab7f3c19ebf5e6c3 66ee3e5f5b214d5bb99a825b9f963bbb - - default default] Added segment cd413e63-eaeb-4618-857b-244016302625 of type geneve for network a8dab89b-0b2b-47a7-b684-a41e9819bc6f
2026-04-26 09:30:27.737 8 INFO neutron.db.ovn_revision_numbers_db [None req-0edd9018-efcd-47dd-8c13-a96971882ea4 2db9b73a207145c4ab7f3c19ebf5e6c3 66ee3e5f5b214d5bb99a825b9f963bbb - - default default] Successfully bumped revision number for resource a8dab89b-0b2b-47a7-b684-a41e9819bc6f (type: networks) to 1
2026-04-26 09:30:27.893 8 WARNING neutron.scheduler.dhcp_agent_scheduler [None req-0edd9018-efcd-47dd-8c13-a96971882ea4 2db9b73a207145c4ab7f3c19ebf5e6c3 66ee3e5f5b214d5bb99a825b9f963bbb - - default default] No more DHCP agents
2026-04-26 09:30:27.894 8 WARNING neutron.api.rpc.agentnotifiers.dhcp_rpc_agent_api [None req-0edd9018-efcd-47dd-8c13-a96971882ea4 2db9b73a207145c4ab7f3c19ebf5e6c3 66ee3e5f5b214d5bb99a825b9f963bbb - - default default] Unable to schedule network a8dab89b-0b2b-47a7-b684-a41e9819bc6f: no agents available; will retry on subsequent port and subnet creation events.
2026-04-26 09:30:27.945 8 INFO neutron.plugins.ml2.drivers.ovn.mech_driver.mech_driver [None req-9e1d5ea3-3376-44be-8158-f434eec9f8b9 - - - - - -] OVN reports status down for port: c754c6fc-1660-4c05-a33d-abb122fac916
2026-04-26 09:30:28.006 8 INFO neutron.db.ovn_revision_numbers_db [None req-0edd9018-efcd-47dd-8c13-a96971882ea4 2db9b73a207145c4ab7f3c19ebf5e6c3 66ee3e5f5b214d5bb99a825b9f963bbb - - default default] Successfully bumped revision number for resource c754c6fc-1660-4c05-a33d-abb122fac916 (type: ports) to 1 [pid: 8|app: 0|req: 808/1668] 10.0.0.95 () {34 vars in 669 bytes} [Sun Apr 26 09:30:27 2026] POST /v2.0/networks => generated 650 bytes in 520 msecs (HTTP/1.1 201) 4 headers in 162 bytes (1 switches on core 0)
2026-04-26 09:30:28.232 7 WARNING neutron.scheduler.dhcp_agent_scheduler [None req-c2bbb0a7-1170-448f-8ccb-f08396da309b 2db9b73a207145c4ab7f3c19ebf5e6c3 66ee3e5f5b214d5bb99a825b9f963bbb - - default default] No more DHCP agents
2026-04-26 09:30:28.234 7 WARNING neutron.api.rpc.agentnotifiers.dhcp_rpc_agent_api [None req-c2bbb0a7-1170-448f-8ccb-f08396da309b 2db9b73a207145c4ab7f3c19ebf5e6c3 66ee3e5f5b214d5bb99a825b9f963bbb - - default default] Unable to schedule network a8dab89b-0b2b-47a7-b684-a41e9819bc6f: no agents available; will retry on subsequent port and subnet creation events.
2026-04-26 09:30:28.638 7 INFO neutron.db.ovn_revision_numbers_db [None req-a13fe23e-62df-46ea-95b7-0d61ebc26d25 - - - - - -] Successfully bumped revision number for resource c754c6fc-1660-4c05-a33d-abb122fac916 (type: ports) to 2
2026-04-26 09:30:28.679 7 INFO neutron.db.ovn_revision_numbers_db [None req-a13fe23e-62df-46ea-95b7-0d61ebc26d25 - - - - - -] Successfully bumped revision number for resource 3b0c8101-5fbc-407b-861b-a5490df07e43 (type: subnets) to 0 [pid: 7|app: 0|req: 861/1669] 10.0.0.95 () {34 vars in 668 bytes} [Sun Apr 26 09:30:28 2026] POST /v2.0/subnets => generated 626 bytes in 632 msecs (HTTP/1.1 201) 4 headers in 162 bytes (1 switches on core 0)
2026-04-26 09:30:28.904 8 WARNING neutron.scheduler.dhcp_agent_scheduler [None req-f9f8d384-d821-440b-8997-2d4a6c927797 2db9b73a207145c4ab7f3c19ebf5e6c3 66ee3e5f5b214d5bb99a825b9f963bbb - - default default] No more DHCP agents
2026-04-26 09:30:28.906 8 WARNING neutron.api.rpc.agentnotifiers.dhcp_rpc_agent_api [None req-f9f8d384-d821-440b-8997-2d4a6c927797 2db9b73a207145c4ab7f3c19ebf5e6c3 66ee3e5f5b214d5bb99a825b9f963bbb - - default default] Unable to schedule network a8dab89b-0b2b-47a7-b684-a41e9819bc6f: no agents available; will retry on subsequent port and subnet creation events.
2026-04-26 09:30:29.005 7 INFO neutron.plugins.ml2.drivers.ovn.mech_driver.mech_driver [None req-02e6e462-504b-458b-88d6-135716f979f8 - - - - - -] OVN reports status down for port: c0465df2-8582-48e3-81f5-43619e4eeebc
2026-04-26 09:30:29.023 8 INFO neutron.db.ovn_revision_numbers_db [None req-f9f8d384-d821-440b-8997-2d4a6c927797 2db9b73a207145c4ab7f3c19ebf5e6c3 66ee3e5f5b214d5bb99a825b9f963bbb - - default default] Successfully bumped revision number for resource c0465df2-8582-48e3-81f5-43619e4eeebc (type: ports) to 1 [pid: 8|app: 0|req: 809/1670] 10.0.0.95 () {34 vars in 664 bytes} [Sun Apr 26 09:30:28 2026] POST /v2.0/ports => generated 916 bytes in 379 msecs (HTTP/1.1 201) 4 headers in 162 bytes (1 switches on core 0)
2026-04-26 09:30:29.189 7 INFO neutron.db.ovn_revision_numbers_db [None req-4458389c-de57-4f28-b9ea-0a84bf6dda54 0bcdd592e33e488d9ee26383bd9949fb fb6234c03d9a419fafcb20ccc9597b4a - - default default] Successfully bumped revision number for resource 12f8eb7c-7201-4e20-ad29-6a936e6ae32e (type: security_groups) to 1
2026-04-26 09:30:29.202 7 INFO neutron.db.ovn_revision_numbers_db [None req-4458389c-de57-4f28-b9ea-0a84bf6dda54 0bcdd592e33e488d9ee26383bd9949fb fb6234c03d9a419fafcb20ccc9597b4a - - default default] Successfully bumped revision number for resource 1948cbe0-275a-4e79-b119-264ea8284133 (type: security_group_rules) to 0
2026-04-26 09:30:29.202 8 INFO neutron_taas.services.taas.taas_plugin [None req-34b3a7ab-2b67-4063-8f5b-10e1b2c44c31 2db9b73a207145c4ab7f3c19ebf5e6c3 66ee3e5f5b214d5bb99a825b9f963bbb - - default default] TaaS: Handle Delete Port: c0465df2-8582-48e3-81f5-43619e4eeebc
2026-04-26 09:30:29.205 8 INFO neutron_taas.services.taas.tap_mirror_plugin [None req-34b3a7ab-2b67-4063-8f5b-10e1b2c44c31 2db9b73a207145c4ab7f3c19ebf5e6c3 66ee3e5f5b214d5bb99a825b9f963bbb - - default default] Tap Mirror: Handle Delete Port: c0465df2-8582-48e3-81f5-43619e4eeebc
2026-04-26 09:30:29.213 7 INFO neutron.db.ovn_revision_numbers_db [None req-4458389c-de57-4f28-b9ea-0a84bf6dda54 0bcdd592e33e488d9ee26383bd9949fb fb6234c03d9a419fafcb20ccc9597b4a - - default default] Successfully bumped revision number for resource 46275a05-d835-4a6b-b2e2-1c67a3f288ac (type: security_group_rules) to 0
2026-04-26 09:30:29.224 7 INFO neutron.db.ovn_revision_numbers_db [None req-4458389c-de57-4f28-b9ea-0a84bf6dda54 0bcdd592e33e488d9ee26383bd9949fb fb6234c03d9a419fafcb20ccc9597b4a - - default default] Successfully bumped revision number for resource 6bdc81de-037c-4ef7-998a-79e7446481a4 (type: security_group_rules) to 0
2026-04-26 09:30:29.235 7 INFO neutron.db.ovn_revision_numbers_db [None req-4458389c-de57-4f28-b9ea-0a84bf6dda54 0bcdd592e33e488d9ee26383bd9949fb fb6234c03d9a419fafcb20ccc9597b4a - - default default] Successfully bumped revision number for resource d2b5c809-f73f-4d3b-a29f-731a8761d6e3 (type: security_group_rules) to 0
2026-04-26 09:30:29.319 7 INFO neutron.db.segments_db [None req-4458389c-de57-4f28-b9ea-0a84bf6dda54 0bcdd592e33e488d9ee26383bd9949fb fb6234c03d9a419fafcb20ccc9597b4a - - default default] Added segment 60824e16-dc5a-4191-b608-f74140f792b9 of type geneve for network 3ea2114c-d241-4959-a4a7-66d5c2d8c48a [pid: 8|app: 0|req: 810/1671] 10.0.0.95 () {32 vars in 719 bytes} [Sun Apr 26 09:30:29 2026] DELETE /v2.0/ports/c0465df2-8582-48e3-81f5-43619e4eeebc => generated 0 bytes in 274 msecs (HTTP/1.1 204) 3 headers in 131 bytes (1 switches on core 0)
2026-04-26 09:30:29.377 8 INFO neutron.pecan_wsgi.hooks.translation [None req-ff96a159-2409-4f1c-89a1-31a5471c529c 2db9b73a207145c4ab7f3c19ebf5e6c3 66ee3e5f5b214d5bb99a825b9f963bbb - - default default] GET failed (client error): The resource could not be found. [pid: 8|app: 0|req: 811/1672] 10.0.0.95 () {32 vars in 716 bytes} [Sun Apr 26 09:30:29 2026] GET /v2.0/ports/c0465df2-8582-48e3-81f5-43619e4eeebc => generated 132 bytes in 17 msecs (HTTP/1.1 404) 4 headers in 164 bytes (1 switches on core 0)
2026-04-26 09:30:29.437 7 INFO neutron.db.ovn_revision_numbers_db [None req-4458389c-de57-4f28-b9ea-0a84bf6dda54 0bcdd592e33e488d9ee26383bd9949fb fb6234c03d9a419fafcb20ccc9597b4a - - default default] Successfully bumped revision number for resource 3ea2114c-d241-4959-a4a7-66d5c2d8c48a (type: networks) to 1 [pid: 8|app: 0|req: 812/1673] 10.0.0.95 () {32 vars in 723 bytes} [Sun Apr 26 09:30:29 2026] DELETE /v2.0/subnets/3b0c8101-5fbc-407b-861b-a5490df07e43 => generated 0 bytes in 139 msecs (HTTP/1.1 204) 3 headers in 131 bytes (1 switches on core 0)
2026-04-26 09:30:29.595 7 WARNING neutron.scheduler.dhcp_agent_scheduler [None req-4458389c-de57-4f28-b9ea-0a84bf6dda54 0bcdd592e33e488d9ee26383bd9949fb fb6234c03d9a419fafcb20ccc9597b4a - - default default] No more DHCP agents
2026-04-26 09:30:29.597 7 WARNING neutron.api.rpc.agentnotifiers.dhcp_rpc_agent_api [None req-4458389c-de57-4f28-b9ea-0a84bf6dda54 0bcdd592e33e488d9ee26383bd9949fb fb6234c03d9a419fafcb20ccc9597b4a - - default default] Unable to schedule network 3ea2114c-d241-4959-a4a7-66d5c2d8c48a: no agents available; will retry on subsequent port and subnet creation events.
2026-04-26 09:30:29.621 8 INFO neutron_taas.services.taas.taas_plugin [None req-0b041b48-0ae6-477e-ac34-a85f9873c997 2db9b73a207145c4ab7f3c19ebf5e6c3 66ee3e5f5b214d5bb99a825b9f963bbb - - default default] TaaS: Handle Delete Port: c754c6fc-1660-4c05-a33d-abb122fac916
2026-04-26 09:30:29.624 8 INFO neutron_taas.services.taas.tap_mirror_plugin [None req-0b041b48-0ae6-477e-ac34-a85f9873c997 2db9b73a207145c4ab7f3c19ebf5e6c3 66ee3e5f5b214d5bb99a825b9f963bbb - - default default] Tap Mirror: Handle Delete Port: c754c6fc-1660-4c05-a33d-abb122fac916
2026-04-26 09:30:29.686 8 INFO neutron.plugins.ml2.drivers.ovn.mech_driver.mech_driver [None req-9e1d5ea3-3376-44be-8158-f434eec9f8b9 - - - - - -] OVN reports status down for port: a117833d-acef-445e-98be-35eeac7626c5
2026-04-26 09:30:29.710 7 INFO neutron.db.ovn_revision_numbers_db [None req-4458389c-de57-4f28-b9ea-0a84bf6dda54 0bcdd592e33e488d9ee26383bd9949fb fb6234c03d9a419fafcb20ccc9597b4a - - default default] Successfully bumped revision number for resource a117833d-acef-445e-98be-35eeac7626c5 (type: ports) to 1 [pid: 7|app: 0|req: 862/1674] 10.0.0.95 () {34 vars in 669 bytes} [Sun Apr 26 09:30:28 2026] POST /v2.0/networks => generated 650 bytes in 895 msecs (HTTP/1.1 201) 4 headers in 162 bytes (1 switches on core 0)
2026-04-26 09:30:29.915 8 INFO neutron.services.segments.plugin [-] Segment cd413e63-eaeb-4618-857b-244016302625 resource provider aggregate not found
2026-04-26 09:30:29.919 8 INFO neutron.services.segments.plugin [-] Segment cd413e63-eaeb-4618-857b-244016302625 resource provider aggregate not found
2026-04-26 09:30:29.949 8 INFO neutron.services.segments.plugin [-] Segment cd413e63-eaeb-4618-857b-244016302625 resource provider not found; error: Placement Client Error (4xx): {"errors": [{"status": 404, "title": "Not Found", "detail": "The resource could not be found.\n\n No resource provider with uuid cd413e63-eaeb-4618-857b-244016302625 found for delete ", "request_id": "req-3a9c8763-5aeb-4e51-9f3b-4351d337161c"}]}
2026-04-26 09:30:29.951 8 INFO neutron.services.segments.plugin [-] Segment cd413e63-eaeb-4618-857b-244016302625 resource provider not found; error: Placement Client Error (4xx): {"errors": [{"status": 404, "title": "Not Found", "detail": "The resource could not be found.\n\n No resource provider with uuid cd413e63-eaeb-4618-857b-244016302625 found for delete ", "request_id": "req-71fb7d68-78e1-46b2-8fa8-026236872c2f"}]} [pid: 8|app: 0|req: 813/1675] 10.0.0.95 () {32 vars in 725 bytes} [Sun Apr 26 09:30:29 2026] DELETE /v2.0/networks/a8dab89b-0b2b-47a7-b684-a41e9819bc6f => generated 0 bytes in 448 msecs (HTTP/1.1 204) 3 headers in 131 bytes (1 switches on core 0)
2026-04-26 09:30:29.982 7 WARNING neutron.scheduler.dhcp_agent_scheduler [None req-e0a4f4b6-7446-4a92-b4e1-620bd2a70f63 0bcdd592e33e488d9ee26383bd9949fb fb6234c03d9a419fafcb20ccc9597b4a - - default default] No more DHCP agents
2026-04-26 09:30:29.983 7 WARNING neutron.api.rpc.agentnotifiers.dhcp_rpc_agent_api [None req-e0a4f4b6-7446-4a92-b4e1-620bd2a70f63 0bcdd592e33e488d9ee26383bd9949fb fb6234c03d9a419fafcb20ccc9597b4a - - default default] Unable to schedule network 3ea2114c-d241-4959-a4a7-66d5c2d8c48a: no agents available; will retry on subsequent port and subnet creation events. [pid: 8|app: 0|req: 814/1676] 10.0.0.79 () {28 vars in 582 bytes} [Sun Apr 26 09:30:29 2026] GET /v2.0/routers => generated 15 bytes in 171 msecs (HTTP/1.1 200) 4 headers in 156 bytes (1 switches on core 0)
2026-04-26 09:30:30.333 8 WARNING neutron.scheduler.dhcp_agent_scheduler [None req-614765c3-8c8e-445a-97ff-43574a1d3cf6 2db9b73a207145c4ab7f3c19ebf5e6c3 66ee3e5f5b214d5bb99a825b9f963bbb - - default default] No more DHCP agents
2026-04-26 09:30:30.345 8 WARNING neutron.api.rpc.agentnotifiers.dhcp_rpc_agent_api [None req-614765c3-8c8e-445a-97ff-43574a1d3cf6 2db9b73a207145c4ab7f3c19ebf5e6c3 66ee3e5f5b214d5bb99a825b9f963bbb - - default default] Unable to schedule network 52951131-9df6-4e10-910e-62e7e978aacb: no agents available; will retry on subsequent port and subnet creation events.
2026-04-26 09:30:30.375 7 INFO neutron.db.ovn_revision_numbers_db [None req-44a51e21-2c43-48dd-986f-6a727089ca51 - - - - - -] Successfully bumped revision number for resource a117833d-acef-445e-98be-35eeac7626c5 (type: ports) to 2
2026-04-26 09:30:30.423 7 INFO neutron.plugins.ml2.drivers.ovn.mech_driver.mech_driver [None req-02e6e462-504b-458b-88d6-135716f979f8 - - - - - -] OVN reports status down for port: 99d93ec1-cd98-4abc-8f58-e85b44d4a96e
2026-04-26 09:30:30.433 8 INFO neutron.db.ovn_revision_numbers_db [None req-614765c3-8c8e-445a-97ff-43574a1d3cf6 2db9b73a207145c4ab7f3c19ebf5e6c3 66ee3e5f5b214d5bb99a825b9f963bbb - - default default] Successfully bumped revision number for resource 99d93ec1-cd98-4abc-8f58-e85b44d4a96e (type: ports) to 1
2026-04-26 09:30:30.439 7 INFO neutron.db.ovn_revision_numbers_db [None req-44a51e21-2c43-48dd-986f-6a727089ca51 - - - - - -] Successfully bumped revision number for resource 7f053ffd-81e7-4ce3-bf6e-f08ebf9b41b7 (type: subnets) to 0 [pid: 7|app: 0|req: 863/1677] 10.0.0.95 () {34 vars in 668 bytes} [Sun Apr 26 09:30:29 2026] POST /v2.0/subnets => generated 626 bytes in 727 msecs (HTTP/1.1 201) 4 headers in 162 bytes (1 switches on core 0) [pid: 8|app: 0|req: 815/1678] 10.0.0.95 () {34 vars in 664 bytes} [Sun Apr 26 09:30:30 2026] POST /v2.0/ports => generated 773 bytes in 327 msecs (HTTP/1.1 201) 4 headers in 162 bytes (1 switches on core 0) /var/lib/openstack/lib/python3.12/site-packages/pycadf/identifier.py:70: UserWarning: Invalid uuid: neutron. To ensure interoperability, identifiers should be a valid uuid. warnings.warn(('Invalid uuid: %s. To ensure interoperability, ' [pid: 7|app: 0|req: 864/1679] 10.0.0.79 () {28 vars in 623 bytes} [Sun Apr 26 09:30:30 2026] GET /v2.0/agents?binary=ovn-controller => generated 416 bytes in 22 msecs (HTTP/1.1 200) 4 headers in 157 bytes (1 switches on core 0)
2026-04-26 09:30:30.556 8 INFO neutron.db.segments_db [None req-0f28d227-2e66-4a0a-bdc2-f8d26d314419 0bcdd592e33e488d9ee26383bd9949fb fb6234c03d9a419fafcb20ccc9597b4a - - default default] Added segment 0b5f3331-afc0-4151-ab48-7c64f94f0c77 of type geneve for network f4ecd896-0820-463b-b03f-b8549a522a6b
2026-04-26 09:30:30.663 8 INFO neutron.db.ovn_revision_numbers_db [None req-0f28d227-2e66-4a0a-bdc2-f8d26d314419 0bcdd592e33e488d9ee26383bd9949fb fb6234c03d9a419fafcb20ccc9597b4a - - default default] Successfully bumped revision number for resource f4ecd896-0820-463b-b03f-b8549a522a6b (type: networks) to 1
2026-04-26 09:30:30.746 7 INFO neutron.plugins.ml2.drivers.ovn.mech_driver.mech_driver [None req-02e6e462-504b-458b-88d6-135716f979f8 - - - - - -] OVN reports status down for port: 99d93ec1-cd98-4abc-8f58-e85b44d4a96e
2026-04-26 09:30:30.799 7 INFO neutron.db.ovn_revision_numbers_db [None req-993cee57-3506-4590-81e2-80a635a228d5 2db9b73a207145c4ab7f3c19ebf5e6c3 66ee3e5f5b214d5bb99a825b9f963bbb - - default default] Successfully bumped revision number for resource 99d93ec1-cd98-4abc-8f58-e85b44d4a96e (type: ports) to 2
2026-04-26 09:30:30.823 8 WARNING neutron.scheduler.dhcp_agent_scheduler [None req-0f28d227-2e66-4a0a-bdc2-f8d26d314419 0bcdd592e33e488d9ee26383bd9949fb fb6234c03d9a419fafcb20ccc9597b4a - - default default] No more DHCP agents
2026-04-26 09:30:30.825 8 WARNING neutron.api.rpc.agentnotifiers.dhcp_rpc_agent_api [None req-0f28d227-2e66-4a0a-bdc2-f8d26d314419 0bcdd592e33e488d9ee26383bd9949fb fb6234c03d9a419fafcb20ccc9597b4a - - default default] Unable to schedule network f4ecd896-0820-463b-b03f-b8549a522a6b: no agents available; will retry on subsequent port and subnet creation events. [pid: 7|app: 0|req: 865/1680] 10.0.0.95 () {34 vars in 736 bytes} [Sun Apr 26 09:30:30 2026] PUT /v2.0/ports/99d93ec1-cd98-4abc-8f58-e85b44d4a96e => generated 752 bytes in 397 msecs (HTTP/1.1 200) 4 headers in 157 bytes (1 switches on core 0) /var/lib/openstack/lib/python3.12/site-packages/pycadf/identifier.py:70: UserWarning: Invalid uuid: neutron. To ensure interoperability, identifiers should be a valid uuid. warnings.warn(('Invalid uuid: %s. To ensure interoperability, '
2026-04-26 09:30:30.898 7 INFO neutron.plugins.ml2.drivers.ovn.mech_driver.mech_driver [None req-02e6e462-504b-458b-88d6-135716f979f8 - - - - - -] OVN reports status down for port: 84d77a56-1541-4102-be49-a9a462a52f0a
2026-04-26 09:30:30.906 8 INFO neutron.db.ovn_revision_numbers_db [None req-0f28d227-2e66-4a0a-bdc2-f8d26d314419 0bcdd592e33e488d9ee26383bd9949fb fb6234c03d9a419fafcb20ccc9597b4a - - default default] Successfully bumped revision number for resource 84d77a56-1541-4102-be49-a9a462a52f0a (type: ports) to 1 [pid: 7|app: 0|req: 866/1681] 10.0.0.79 () {28 vars in 582 bytes} [Sun Apr 26 09:30:30 2026] GET /v2.0/subnets => generated 1942 bytes in 49 msecs (HTTP/1.1 200) 4 headers in 158 bytes (1 switches on core 0) [pid: 8|app: 0|req: 816/1682] 10.0.0.95 () {34 vars in 669 bytes} [Sun Apr 26 09:30:30 2026] POST /v2.0/networks => generated 650 bytes in 460 msecs (HTTP/1.1 201) 4 headers in 162 bytes (1 switches on core 0)
2026-04-26 09:30:31.037 8 INFO neutron_taas.services.taas.taas_plugin [None req-922d4fb9-f1e6-482c-b569-171ca8d9cd11 2db9b73a207145c4ab7f3c19ebf5e6c3 66ee3e5f5b214d5bb99a825b9f963bbb - - default default] TaaS: Handle Delete Port: 99d93ec1-cd98-4abc-8f58-e85b44d4a96e
2026-04-26 09:30:31.041 8 INFO neutron_taas.services.taas.tap_mirror_plugin [None req-922d4fb9-f1e6-482c-b569-171ca8d9cd11 2db9b73a207145c4ab7f3c19ebf5e6c3 66ee3e5f5b214d5bb99a825b9f963bbb - - default default] Tap Mirror: Handle Delete Port: 99d93ec1-cd98-4abc-8f58-e85b44d4a96e [pid: 8|app: 0|req: 817/1683] 10.0.0.95 () {32 vars in 719 bytes} [Sun Apr 26 09:30:30 2026] DELETE /v2.0/ports/99d93ec1-cd98-4abc-8f58-e85b44d4a96e => generated 0 bytes in 215 msecs (HTTP/1.1 204) 3 headers in 131 bytes (1 switches on core 0) [pid: 8|app: 0|req: 818/1684] 10.0.0.79 () {28 vars in 590 bytes} [Sun Apr 26 09:30:31 2026] GET /v2.0/subnetpools => generated 19 bytes in 17 msecs (HTTP/1.1 200) 4 headers in 156 bytes (1 switches on core 0)
2026-04-26 09:30:31.170 7 INFO neutron.db.ovn_revision_numbers_db [None req-c5787225-6928-4e7b-b420-1c5e6af9b157 b362d9ce3f93490bb272153aa1b3b2f3 57c33a1070a441aabb11cd05e91dad33 - - default default] Successfully bumped revision number for resource 3c50e3b7-701f-4dc1-8aec-2431ad041c9f (type: security_groups) to 1
2026-04-26 09:30:31.182 7 INFO neutron.db.ovn_revision_numbers_db [None req-c5787225-6928-4e7b-b420-1c5e6af9b157 b362d9ce3f93490bb272153aa1b3b2f3 57c33a1070a441aabb11cd05e91dad33 - - default default] Successfully bumped revision number for resource 2857b1f9-f005-47ed-a7a8-000132876372 (type: security_group_rules) to 0
2026-04-26 09:30:31.193 7 INFO neutron.db.ovn_revision_numbers_db [None req-c5787225-6928-4e7b-b420-1c5e6af9b157 b362d9ce3f93490bb272153aa1b3b2f3 57c33a1070a441aabb11cd05e91dad33 - - default default] Successfully bumped revision number for resource 59cf5d5f-4f71-4410-9c5d-61533cd734da (type: security_group_rules) to 0
2026-04-26 09:30:31.207 7 INFO neutron.db.ovn_revision_numbers_db [None req-c5787225-6928-4e7b-b420-1c5e6af9b157 b362d9ce3f93490bb272153aa1b3b2f3 57c33a1070a441aabb11cd05e91dad33 - - default default] Successfully bumped revision number for resource 865aed77-a217-450d-bbf4-57c226ca83f7 (type: security_group_rules) to 0
2026-04-26 09:30:31.224 7 INFO neutron.db.ovn_revision_numbers_db [None req-c5787225-6928-4e7b-b420-1c5e6af9b157 b362d9ce3f93490bb272153aa1b3b2f3 57c33a1070a441aabb11cd05e91dad33 - - default default] Successfully bumped revision number for resource c4e3a878-aa24-4134-86f8-2f26c0730372 (type: security_group_rules) to 0
2026-04-26 09:30:31.295 7 INFO neutron.db.segments_db [None req-c5787225-6928-4e7b-b420-1c5e6af9b157 b362d9ce3f93490bb272153aa1b3b2f3 57c33a1070a441aabb11cd05e91dad33 - - default default] Added segment 73a77795-1900-45f9-83c0-6f41cfddf63f of type geneve for network 2bc01264-5667-435e-a8fa-50c62e378efd
2026-04-26 09:30:31.343 8 WARNING neutron.scheduler.dhcp_agent_scheduler [None req-c5077da3-514e-4cb5-a672-0f335c9169aa 0bcdd592e33e488d9ee26383bd9949fb fb6234c03d9a419fafcb20ccc9597b4a - - default default] No more DHCP agents
2026-04-26 09:30:31.344 8 WARNING neutron.api.rpc.agentnotifiers.dhcp_rpc_agent_api [None req-c5077da3-514e-4cb5-a672-0f335c9169aa 0bcdd592e33e488d9ee26383bd9949fb fb6234c03d9a419fafcb20ccc9597b4a - - default default] Unable to schedule network f4ecd896-0820-463b-b03f-b8549a522a6b: no agents available; will retry on subsequent port and subnet creation events.
2026-04-26 09:30:31.393 7 INFO neutron.db.ovn_revision_numbers_db [None req-c5787225-6928-4e7b-b420-1c5e6af9b157 b362d9ce3f93490bb272153aa1b3b2f3 57c33a1070a441aabb11cd05e91dad33 - - default default] Successfully bumped revision number for resource 2bc01264-5667-435e-a8fa-50c62e378efd (type: networks) to 1
2026-04-26 09:30:31.550 7 WARNING neutron.scheduler.dhcp_agent_scheduler [None req-c5787225-6928-4e7b-b420-1c5e6af9b157 b362d9ce3f93490bb272153aa1b3b2f3 57c33a1070a441aabb11cd05e91dad33 - - default default] No more DHCP agents
2026-04-26 09:30:31.551 7 WARNING neutron.api.rpc.agentnotifiers.dhcp_rpc_agent_api [None req-c5787225-6928-4e7b-b420-1c5e6af9b157 b362d9ce3f93490bb272153aa1b3b2f3 57c33a1070a441aabb11cd05e91dad33 - - default default] Unable to schedule network 2bc01264-5667-435e-a8fa-50c62e378efd: no agents available; will retry on subsequent port and subnet creation events.
2026-04-26 09:30:31.613 7 INFO neutron.plugins.ml2.drivers.ovn.mech_driver.mech_driver [None req-02e6e462-504b-458b-88d6-135716f979f8 - - - - - -] OVN reports status down for port: c8ab5c9d-bd0e-4292-9daf-f925e3ae9994
2026-04-26 09:30:31.667 7 INFO neutron.db.ovn_revision_numbers_db [None req-c5787225-6928-4e7b-b420-1c5e6af9b157 b362d9ce3f93490bb272153aa1b3b2f3 57c33a1070a441aabb11cd05e91dad33 - - default default] Successfully bumped revision number for resource c8ab5c9d-bd0e-4292-9daf-f925e3ae9994 (type: ports) to 1 [pid: 7|app: 0|req: 867/1685] 10.0.0.95 () {34 vars in 669 bytes} [Sun Apr 26 09:30:30 2026] POST /v2.0/networks => generated 651 bytes in 772 msecs (HTTP/1.1 201) 4 headers in 162 bytes (1 switches on core 0) [pid: 7|app: 0|req: 868/1686] 10.0.0.95 () {32 vars in 642 bytes} [Sun Apr 26 09:30:31 2026] GET /v2.0/ports => generated 1533 bytes in 68 msecs (HTTP/1.1 200) 4 headers in 158 bytes (1 switches on core 0)
2026-04-26 09:30:31.773 8 INFO neutron.db.ovn_revision_numbers_db [None req-5f9159a6-58d0-4080-abe9-4c737bf7dbba - - - - - -] Successfully bumped revision number for resource 84d77a56-1541-4102-be49-a9a462a52f0a (type: ports) to 2
2026-04-26 09:30:31.804 8 INFO neutron.db.ovn_revision_numbers_db [None req-5f9159a6-58d0-4080-abe9-4c737bf7dbba - - - - - -] Successfully bumped revision number for resource 58343cfd-b2ee-49a4-b602-58600ec6d075 (type: subnets) to 0 [pid: 7|app: 0|req: 869/1687] 10.0.0.79 () {28 vars in 598 bytes} [Sun Apr 26 09:30:31 2026] GET /v2.0/security-groups => generated 26113 bytes in 39 msecs (HTTP/1.1 200) 4 headers in 159 bytes (1 switches on core 0) [pid: 8|app: 0|req: 819/1688] 10.0.0.95 () {34 vars in 668 bytes} [Sun Apr 26 09:30:31 2026] POST /v2.0/subnets => generated 629 bytes in 653 msecs (HTTP/1.1 201) 4 headers in 162 bytes (1 switches on core 0)
2026-04-26 09:30:31.847 8 INFO neutron.pecan_wsgi.hooks.translation [None req-1f13e2a2-6eef-4df6-875d-827e2971240d 2db9b73a207145c4ab7f3c19ebf5e6c3 66ee3e5f5b214d5bb99a825b9f963bbb - - default default] GET failed (client error): The resource could not be found. [pid: 8|app: 0|req: 820/1689] 10.0.0.95 () {32 vars in 716 bytes} [Sun Apr 26 09:30:31 2026] GET /v2.0/ports/99d93ec1-cd98-4abc-8f58-e85b44d4a96e => generated 132 bytes in 28 msecs (HTTP/1.1 404) 4 headers in 164 bytes (1 switches on core 0)
2026-04-26 09:30:31.887 7 INFO neutron.db.segments_db [None req-07b5ebe1-2c69-499c-915a-4d7530c33a2c b362d9ce3f93490bb272153aa1b3b2f3 57c33a1070a441aabb11cd05e91dad33 - - default default] Added segment c3c648e0-75a5-4f5f-a067-8b83d7f230b3 of type geneve for network 943c36fb-1280-4a8a-ae5c-69e7ffdd7147 [pid: 8|app: 0|req: 821/1690] 10.0.0.79 () {28 vars in 584 bytes} [Sun Apr 26 09:30:31 2026] GET /v2.0/networks => generated 5354 bytes in 58 msecs (HTTP/1.1 200) 4 headers in 158 bytes (1 switches on core 0)
2026-04-26 09:30:31.993 7 INFO neutron.db.ovn_revision_numbers_db [None req-07b5ebe1-2c69-499c-915a-4d7530c33a2c b362d9ce3f93490bb272153aa1b3b2f3 57c33a1070a441aabb11cd05e91dad33 - - default default] Successfully bumped revision number for resource 943c36fb-1280-4a8a-ae5c-69e7ffdd7147 (type: networks) to 1
2026-04-26 09:30:32.002 8 INFO neutron.db.segments_db [None req-5a60f445-b567-415b-8ef2-80c97e18c606 0bcdd592e33e488d9ee26383bd9949fb fb6234c03d9a419fafcb20ccc9597b4a - - default default] Added segment bd4f6ecf-1fb4-4740-8e94-13b580976151 of type geneve for network 287d5fcb-27fc-4278-988f-e8ea671ed0e8
2026-04-26 09:30:32.114 8 INFO neutron.db.ovn_revision_numbers_db [None req-5a60f445-b567-415b-8ef2-80c97e18c606 0bcdd592e33e488d9ee26383bd9949fb fb6234c03d9a419fafcb20ccc9597b4a - - default default] Successfully bumped revision number for resource 287d5fcb-27fc-4278-988f-e8ea671ed0e8 (type: networks) to 1
2026-04-26 09:30:32.166 7 WARNING neutron.scheduler.dhcp_agent_scheduler [None req-07b5ebe1-2c69-499c-915a-4d7530c33a2c b362d9ce3f93490bb272153aa1b3b2f3 57c33a1070a441aabb11cd05e91dad33 - - default default] No more DHCP agents
2026-04-26 09:30:32.167 7 WARNING neutron.api.rpc.agentnotifiers.dhcp_rpc_agent_api [None req-07b5ebe1-2c69-499c-915a-4d7530c33a2c b362d9ce3f93490bb272153aa1b3b2f3 57c33a1070a441aabb11cd05e91dad33 - - default default] Unable to schedule network 943c36fb-1280-4a8a-ae5c-69e7ffdd7147: no agents available; will retry on subsequent port and subnet creation events.
2026-04-26 09:30:32.236 8 INFO neutron.plugins.ml2.drivers.ovn.mech_driver.mech_driver [None req-9e1d5ea3-3376-44be-8158-f434eec9f8b9 - - - - - -] OVN reports status down for port: eae69569-5523-4f25-a5ac-67be37eddb45
2026-04-26 09:30:32.238 7 INFO neutron.db.ovn_revision_numbers_db [None req-07b5ebe1-2c69-499c-915a-4d7530c33a2c b362d9ce3f93490bb272153aa1b3b2f3 57c33a1070a441aabb11cd05e91dad33 - - default default] Successfully bumped revision number for resource eae69569-5523-4f25-a5ac-67be37eddb45 (type: ports) to 1 [pid: 7|app: 0|req: 870/1691] 10.0.0.95 () {34 vars in 669 bytes} [Sun Apr 26 09:30:31 2026] POST /v2.0/networks => generated 651 bytes in 447 msecs (HTTP/1.1 201) 4 headers in 162 bytes (1 switches on core 0) [pid: 7|app: 0|req: 871/1692] 10.0.0.95 () {32 vars in 642 bytes} [Sun Apr 26 09:30:32 2026] GET /v2.0/ports => generated 1533 bytes in 44 msecs (HTTP/1.1 200) 4 headers in 158 bytes (1 switches on core 0) [pid: 7|app: 0|req: 872/1693] 10.0.0.79 () {28 vars in 618 bytes} [Sun Apr 26 09:30:32 2026] GET /v2.0/network-ip-availabilities => generated 3018 bytes in 12 msecs (HTTP/1.1 200) 4 headers in 158 bytes (1 switches on core 0)
2026-04-26 09:30:32.325 8 WARNING neutron.scheduler.dhcp_agent_scheduler [None req-5a60f445-b567-415b-8ef2-80c97e18c606 0bcdd592e33e488d9ee26383bd9949fb fb6234c03d9a419fafcb20ccc9597b4a - - default default] No more DHCP agents
2026-04-26 09:30:32.328 8 WARNING neutron.api.rpc.agentnotifiers.dhcp_rpc_agent_api [None req-5a60f445-b567-415b-8ef2-80c97e18c606 0bcdd592e33e488d9ee26383bd9949fb fb6234c03d9a419fafcb20ccc9597b4a - - default default] Unable to schedule network 287d5fcb-27fc-4278-988f-e8ea671ed0e8: no agents available; will retry on subsequent port and subnet creation events.
2026-04-26 09:30:32.395 8 INFO neutron.plugins.ml2.drivers.ovn.mech_driver.mech_driver [None req-9e1d5ea3-3376-44be-8158-f434eec9f8b9 - - - - - -] OVN reports status down for port: 2cdb4e66-b9f8-4835-958c-cf44f96ce2a8
2026-04-26 09:30:32.400 7 INFO neutron.db.segments_db [None req-70855354-3b7e-4452-b28b-a62bf9d1f1bb b362d9ce3f93490bb272153aa1b3b2f3 57c33a1070a441aabb11cd05e91dad33 - - default default] Added segment 7973b3ee-ff8e-4294-b779-ada0ff8881dd of type geneve for network 2a6a0fb9-da5d-4ab4-a669-2f81c5636410
2026-04-26 09:30:32.450 8 INFO neutron.db.ovn_revision_numbers_db [None req-5a60f445-b567-415b-8ef2-80c97e18c606 0bcdd592e33e488d9ee26383bd9949fb fb6234c03d9a419fafcb20ccc9597b4a - - default default] Successfully bumped revision number for resource 2cdb4e66-b9f8-4835-958c-cf44f96ce2a8 (type: ports) to 1 [pid: 8|app: 0|req: 822/1696] 10.0.0.95 () {34 vars in 669 bytes} [Sun Apr 26 09:30:31 2026] POST /v2.0/networks => generated 651 bytes in 586 msecs (HTTP/1.1 201) 4 headers in 162 bytes (1 switches on core 0)
2026-04-26 09:30:32.506 7 INFO neutron.db.ovn_revision_numbers_db [None req-70855354-3b7e-4452-b28b-a62bf9d1f1bb b362d9ce3f93490bb272153aa1b3b2f3 57c33a1070a441aabb11cd05e91dad33 - - default default] Successfully bumped revision number for resource 2a6a0fb9-da5d-4ab4-a669-2f81c5636410 (type: networks) to 1 [pid: 8|app: 0|req: 823/1697] 10.0.0.95 () {32 vars in 716 bytes} [Sun Apr 26 09:30:32 2026] GET /v2.0/ports/9985863a-2dc1-4e22-a9f2-92b507e9936b => generated 774 bytes in 55 msecs (HTTP/1.1 200) 4 headers in 157 bytes (1 switches on core 0) [pid: 8|app: 0|req: 824/1698] 10.0.0.79 () {28 vars in 578 bytes} [Sun Apr 26 09:30:32 2026] GET /v2.0/ports => generated 11671 bytes in 71 msecs (HTTP/1.1 200) 4 headers in 159 bytes (1 switches on core 0)
2026-04-26 09:30:32.664 7 WARNING neutron.scheduler.dhcp_agent_scheduler [None req-70855354-3b7e-4452-b28b-a62bf9d1f1bb b362d9ce3f93490bb272153aa1b3b2f3 57c33a1070a441aabb11cd05e91dad33 - - default default] No more DHCP agents
2026-04-26 09:30:32.666 7 WARNING neutron.api.rpc.agentnotifiers.dhcp_rpc_agent_api [None req-70855354-3b7e-4452-b28b-a62bf9d1f1bb b362d9ce3f93490bb272153aa1b3b2f3 57c33a1070a441aabb11cd05e91dad33 - - default default] Unable to schedule network 2a6a0fb9-da5d-4ab4-a669-2f81c5636410: no agents available; will retry on subsequent port and subnet creation events.
2026-04-26 09:30:32.726 8 INFO neutron.plugins.ml2.drivers.ovn.mech_driver.mech_driver [None req-9e1d5ea3-3376-44be-8158-f434eec9f8b9 - - - - - -] OVN reports status down for port: f73bb36b-8fd5-41a4-8e60-f822b9cbfcdd
2026-04-26 09:30:32.758 7 INFO neutron.db.ovn_revision_numbers_db [None req-70855354-3b7e-4452-b28b-a62bf9d1f1bb b362d9ce3f93490bb272153aa1b3b2f3 57c33a1070a441aabb11cd05e91dad33 - - default default] Successfully bumped revision number for resource f73bb36b-8fd5-41a4-8e60-f822b9cbfcdd (type: ports) to 1 [pid: 7|app: 0|req: 875/1699] 10.0.0.95 () {34 vars in 669 bytes} [Sun Apr 26 09:30:32 2026] POST /v2.0/networks => generated 651 bytes in 462 msecs (HTTP/1.1 201) 4 headers in 162 bytes (1 switches on core 0)
2026-04-26 09:30:32.795 7 INFO neutron.pecan_wsgi.hooks.translation [None req-75d78179-d998-4cd8-ae45-b31031c4d054 2db9b73a207145c4ab7f3c19ebf5e6c3 66ee3e5f5b214d5bb99a825b9f963bbb - - default default] DELETE failed (client error): The resource could not be found. [pid: 7|app: 0|req: 876/1700] 10.0.0.95 () {32 vars in 719 bytes} [Sun Apr 26 09:30:32 2026] DELETE /v2.0/ports/c0465df2-8582-48e3-81f5-43619e4eeebc => generated 132 bytes in 15 msecs (HTTP/1.1 404) 4 headers in 164 bytes (1 switches on core 0) [pid: 7|app: 0|req: 877/1701] 10.0.0.79 () {28 vars in 582 bytes} [Sun Apr 26 09:30:32 2026] GET /v2.0/subnets => generated 2579 bytes in 28 msecs (HTTP/1.1 200) 4 headers in 158 bytes (1 switches on core 0)
2026-04-26 09:30:32.858 8 WARNING neutron.scheduler.dhcp_agent_scheduler [None req-484d07fe-d867-487b-8947-e6b071619a80 0bcdd592e33e488d9ee26383bd9949fb fb6234c03d9a419fafcb20ccc9597b4a - - default default] No more DHCP agents
2026-04-26 09:30:32.859 8 WARNING neutron.api.rpc.agentnotifiers.dhcp_rpc_agent_api [None req-484d07fe-d867-487b-8947-e6b071619a80 0bcdd592e33e488d9ee26383bd9949fb fb6234c03d9a419fafcb20ccc9597b4a - - default default] Unable to schedule network 287d5fcb-27fc-4278-988f-e8ea671ed0e8: no agents available; will retry on subsequent port and subnet creation events.
2026-04-26 09:30:32.902 7 INFO neutron.db.segments_db [None req-e7ace837-3547-4bfe-a9cc-4955bc57ee29 b362d9ce3f93490bb272153aa1b3b2f3 57c33a1070a441aabb11cd05e91dad33 - - default default] Added segment 6b49c38d-3e0e-4dc4-a90e-5d121ba41ad0 of type geneve for network e5b671df-1ecd-4906-bf76-6e1fe21f42f6
2026-04-26 09:30:32.999 7 INFO neutron.db.ovn_revision_numbers_db [None req-e7ace837-3547-4bfe-a9cc-4955bc57ee29 b362d9ce3f93490bb272153aa1b3b2f3 57c33a1070a441aabb11cd05e91dad33 - - default default] Successfully bumped revision number for resource e5b671df-1ecd-4906-bf76-6e1fe21f42f6 (type: networks) to 1
2026-04-26 09:30:33.155 7 WARNING neutron.scheduler.dhcp_agent_scheduler [None req-e7ace837-3547-4bfe-a9cc-4955bc57ee29 b362d9ce3f93490bb272153aa1b3b2f3 57c33a1070a441aabb11cd05e91dad33 - - default default] No more DHCP agents
2026-04-26 09:30:33.156 7 WARNING neutron.api.rpc.agentnotifiers.dhcp_rpc_agent_api [None req-e7ace837-3547-4bfe-a9cc-4955bc57ee29 b362d9ce3f93490bb272153aa1b3b2f3 57c33a1070a441aabb11cd05e91dad33 - - default default] Unable to schedule network e5b671df-1ecd-4906-bf76-6e1fe21f42f6: no agents available; will retry on subsequent port and subnet creation events.
2026-04-26 09:30:33.206 8 INFO neutron.plugins.ml2.drivers.ovn.mech_driver.mech_driver [None req-9e1d5ea3-3376-44be-8158-f434eec9f8b9 - - - - - -] OVN reports status down for port: b071ddd6-50ae-49fe-9d6e-ebe02b3a5c59
2026-04-26 09:30:33.242 7 INFO neutron.db.ovn_revision_numbers_db [None req-e7ace837-3547-4bfe-a9cc-4955bc57ee29 b362d9ce3f93490bb272153aa1b3b2f3 57c33a1070a441aabb11cd05e91dad33 - - default default] Successfully bumped revision number for resource b071ddd6-50ae-49fe-9d6e-ebe02b3a5c59 (type: ports) to 1 [pid: 7|app: 0|req: 878/1702] 10.0.0.95 () {34 vars in 669 bytes} [Sun Apr 26 09:30:32 2026] POST /v2.0/networks => generated 651 bytes in 439 msecs (HTTP/1.1 201) 4 headers in 162 bytes (1 switches on core 0)
2026-04-26 09:30:33.275 7 INFO neutron.pecan_wsgi.hooks.translation [None req-64b19a65-0716-4fed-9cc7-326cf8f14a7a 2db9b73a207145c4ab7f3c19ebf5e6c3 66ee3e5f5b214d5bb99a825b9f963bbb - - default default] DELETE failed (client error): The resource could not be found. [pid: 7|app: 0|req: 879/1703] 10.0.0.95 () {32 vars in 723 bytes} [Sun Apr 26 09:30:33 2026] DELETE /v2.0/subnets/3b0c8101-5fbc-407b-861b-a5490df07e43 => generated 136 bytes in 13 msecs (HTTP/1.1 404) 4 headers in 164 bytes (1 switches on core 0) [pid: 7|app: 0|req: 880/1704] 10.0.0.79 () {28 vars in 580 bytes} [Sun Apr 26 09:30:33 2026] GET /v2.0/agents => generated 1214 bytes in 8 msecs (HTTP/1.1 200) 4 headers in 158 bytes (1 switches on core 0)
2026-04-26 09:30:33.342 8 INFO neutron.db.ovn_revision_numbers_db [None req-f874dc9c-0eeb-4e84-8c7c-7deebc227e5a - - - - - -] Successfully bumped revision number for resource 2cdb4e66-b9f8-4835-958c-cf44f96ce2a8 (type: ports) to 2
2026-04-26 09:30:33.368 7 INFO neutron.db.segments_db [None req-3f7408ad-b173-40b2-a6a9-24a7f440b9db b362d9ce3f93490bb272153aa1b3b2f3 57c33a1070a441aabb11cd05e91dad33 - - default default] Added segment 2601dc2c-8290-4d79-a374-07a9e26a7d94 of type geneve for network 723d24cc-7897-49bd-a105-6d36ccbc46c1
2026-04-26 09:30:33.372 8 INFO neutron.db.ovn_revision_numbers_db [None req-f874dc9c-0eeb-4e84-8c7c-7deebc227e5a - - - - - -] Successfully bumped revision number for resource 81710e7a-98be-49ee-9d9e-c28f8503671c (type: subnets) to 0 [pid: 8|app: 0|req: 825/1705] 10.0.0.95 () {34 vars in 668 bytes} [Sun Apr 26 09:30:32 2026] POST /v2.0/subnets => generated 629 bytes in 764 msecs (HTTP/1.1 201) 4 headers in 162 bytes (1 switches on core 0)
2026-04-26 09:30:33.395 8 INFO neutron.pecan_wsgi.hooks.translation [None req-492db3cd-350d-4594-8227-f75a20166df5 2db9b73a207145c4ab7f3c19ebf5e6c3 66ee3e5f5b214d5bb99a825b9f963bbb - - default default] DELETE failed (client error): The resource could not be found. [pid: 8|app: 0|req: 826/1706] 10.0.0.95 () {32 vars in 723 bytes} [Sun Apr 26 09:30:33 2026] DELETE /v2.0/subnets/ba558929-0fb2-406a-8dcf-4b4222b8eb91 => generated 136 bytes in 12 msecs (HTTP/1.1 404) 4 headers in 164 bytes (1 switches on core 0) [pid: 8|app: 0|req: 827/1707] 10.0.0.79 () {28 vars in 590 bytes} [Sun Apr 26 09:30:33 2026] GET /v2.0/floatingips => generated 19 bytes in 12 msecs (HTTP/1.1 200) 4 headers in 156 bytes (1 switches on core 0)
2026-04-26 09:30:33.455 7 INFO neutron.db.ovn_revision_numbers_db [None req-3f7408ad-b173-40b2-a6a9-24a7f440b9db b362d9ce3f93490bb272153aa1b3b2f3 57c33a1070a441aabb11cd05e91dad33 - - default default] Successfully bumped revision number for resource 723d24cc-7897-49bd-a105-6d36ccbc46c1 (type: networks) to 1
2026-04-26 09:30:33.492 8 INFO neutron.db.segments_db [None req-de2bcb9f-e8a4-4315-87bc-4a4357adca76 0bcdd592e33e488d9ee26383bd9949fb fb6234c03d9a419fafcb20ccc9597b4a - - default default] Added segment 4ed14f3f-6b60-4274-b403-3aaad7e834ac of type geneve for network 3f7fe62a-ab43-4794-bc34-2be53efa0cc7
2026-04-26 09:30:33.593 8 INFO neutron.db.ovn_revision_numbers_db [None req-de2bcb9f-e8a4-4315-87bc-4a4357adca76 0bcdd592e33e488d9ee26383bd9949fb fb6234c03d9a419fafcb20ccc9597b4a - - default default] Successfully bumped revision number for resource 3f7fe62a-ab43-4794-bc34-2be53efa0cc7 (type: networks) to 1
2026-04-26 09:30:33.610 7 WARNING neutron.scheduler.dhcp_agent_scheduler [None req-3f7408ad-b173-40b2-a6a9-24a7f440b9db b362d9ce3f93490bb272153aa1b3b2f3 57c33a1070a441aabb11cd05e91dad33 - - default default] No more DHCP agents
2026-04-26 09:30:33.611 7 WARNING neutron.api.rpc.agentnotifiers.dhcp_rpc_agent_api [None req-3f7408ad-b173-40b2-a6a9-24a7f440b9db b362d9ce3f93490bb272153aa1b3b2f3 57c33a1070a441aabb11cd05e91dad33 - - default default] Unable to schedule network 723d24cc-7897-49bd-a105-6d36ccbc46c1: no agents available; will retry on subsequent port and subnet creation events.
2026-04-26 09:30:33.661 8 INFO neutron.plugins.ml2.drivers.ovn.mech_driver.mech_driver [None req-9e1d5ea3-3376-44be-8158-f434eec9f8b9 - - - - - -] OVN reports status down for port: 52a81ea2-c3e6-41fe-96ec-bda29553bb17
2026-04-26 09:30:33.681 7 INFO neutron.db.ovn_revision_numbers_db [None req-3f7408ad-b173-40b2-a6a9-24a7f440b9db b362d9ce3f93490bb272153aa1b3b2f3 57c33a1070a441aabb11cd05e91dad33 - - default default] Successfully bumped revision number for resource 52a81ea2-c3e6-41fe-96ec-bda29553bb17 (type: ports) to 1 [pid: 7|app: 0|req: 881/1708] 10.0.0.95 () {34 vars in 669 bytes} [Sun Apr 26 09:30:33 2026] POST /v2.0/networks => generated 650 bytes in 414 msecs (HTTP/1.1 201) 4 headers in 162 bytes (1 switches on core 0)
2026-04-26 09:30:33.809 8 WARNING neutron.scheduler.dhcp_agent_scheduler [None req-de2bcb9f-e8a4-4315-87bc-4a4357adca76 0bcdd592e33e488d9ee26383bd9949fb fb6234c03d9a419fafcb20ccc9597b4a - - default default] No more DHCP agents
2026-04-26 09:30:33.809 7 INFO neutron_taas.services.taas.taas_plugin [None req-83b59ba7-e229-4743-8156-39152b47140a 2db9b73a207145c4ab7f3c19ebf5e6c3 66ee3e5f5b214d5bb99a825b9f963bbb - - default default] TaaS: Handle Delete Port: 9985863a-2dc1-4e22-a9f2-92b507e9936b
2026-04-26 09:30:33.810 8 WARNING neutron.api.rpc.agentnotifiers.dhcp_rpc_agent_api [None req-de2bcb9f-e8a4-4315-87bc-4a4357adca76 0bcdd592e33e488d9ee26383bd9949fb fb6234c03d9a419fafcb20ccc9597b4a - - default default] Unable to schedule network 3f7fe62a-ab43-4794-bc34-2be53efa0cc7: no agents available; will retry on subsequent port and subnet creation events.
2026-04-26 09:30:33.813 7 INFO neutron_taas.services.taas.tap_mirror_plugin [None req-83b59ba7-e229-4743-8156-39152b47140a 2db9b73a207145c4ab7f3c19ebf5e6c3 66ee3e5f5b214d5bb99a825b9f963bbb - - default default] Tap Mirror: Handle Delete Port: 9985863a-2dc1-4e22-a9f2-92b507e9936b
2026-04-26 09:30:33.867 7 INFO neutron.plugins.ml2.drivers.ovn.mech_driver.mech_driver [None req-02e6e462-504b-458b-88d6-135716f979f8 - - - - - -] OVN reports status down for port: 20e18283-7679-4b96-b89c-398f82f90f33
2026-04-26 09:30:33.887 8 INFO neutron.db.ovn_revision_numbers_db [None req-de2bcb9f-e8a4-4315-87bc-4a4357adca76 0bcdd592e33e488d9ee26383bd9949fb fb6234c03d9a419fafcb20ccc9597b4a - - default default] Successfully bumped revision number for resource 20e18283-7679-4b96-b89c-398f82f90f33 (type: ports) to 1 [pid: 8|app: 0|req: 828/1709] 10.0.0.95 () {34 vars in 669 bytes} [Sun Apr 26 09:30:33 2026] POST /v2.0/networks => generated 651 bytes in 499 msecs (HTTP/1.1 201) 4 headers in 162 bytes (1 switches on core 0) [pid: 8|app: 0|req: 829/1710] 10.0.0.95 () {34 vars in 752 bytes} [Sun Apr 26 09:30:33 2026] PUT /v2.0/networks/2bc01264-5667-435e-a8fa-50c62e378efd/tags => generated 17 bytes in 68 msecs (HTTP/1.1 200) 4 headers in 156 bytes (1 switches on core 0) [pid: 7|app: 0|req: 882/1711] 10.0.0.95 () {32 vars in 719 bytes} [Sun Apr 26 09:30:33 2026] DELETE /v2.0/ports/9985863a-2dc1-4e22-a9f2-92b507e9936b => generated 0 bytes in 298 msecs (HTTP/1.1 204) 3 headers in 131 bytes (1 switches on core 0) [pid: 7|app: 0|req: 883/1712] 10.0.0.95 () {34 vars in 752 bytes} [Sun Apr 26 09:30:34 2026] PUT /v2.0/networks/943c36fb-1280-4a8a-ae5c-69e7ffdd7147/tags => generated 25 bytes in 63 msecs (HTTP/1.1 200) 4 headers in 156 bytes (1 switches on core 0)
2026-04-26 09:30:34.153 8 WARNING neutron.scheduler.dhcp_agent_scheduler [None req-4fb66be2-7196-4fdb-a376-6f13972583b7 0bcdd592e33e488d9ee26383bd9949fb fb6234c03d9a419fafcb20ccc9597b4a - - default default] No more DHCP agents
2026-04-26 09:30:34.154 8 WARNING neutron.api.rpc.agentnotifiers.dhcp_rpc_agent_api [None req-4fb66be2-7196-4fdb-a376-6f13972583b7 0bcdd592e33e488d9ee26383bd9949fb fb6234c03d9a419fafcb20ccc9597b4a - - default default] Unable to schedule network 3f7fe62a-ab43-4794-bc34-2be53efa0cc7: no agents available; will retry on subsequent port and subnet creation events.
2026-04-26 09:30:34.180 7 INFO neutron_taas.services.taas.taas_plugin [None req-fd650b6d-d6bb-4eb8-b9f5-bdee1f2b6d66 2db9b73a207145c4ab7f3c19ebf5e6c3 66ee3e5f5b214d5bb99a825b9f963bbb - - default default] TaaS: Handle Delete Port: a35527dd-0747-458c-8dae-b4b969ebf158
2026-04-26 09:30:34.183 7 INFO neutron_taas.services.taas.tap_mirror_plugin [None req-fd650b6d-d6bb-4eb8-b9f5-bdee1f2b6d66 2db9b73a207145c4ab7f3c19ebf5e6c3 66ee3e5f5b214d5bb99a825b9f963bbb - - default default] Tap Mirror: Handle Delete Port: a35527dd-0747-458c-8dae-b4b969ebf158
2026-04-26 09:30:34.350 7 INFO neutron.services.segments.plugin [-] Segment ee9d30aa-b636-4890-9156-0acf49b04543 resource provider aggregate not found
2026-04-26 09:30:34.358 7 INFO neutron.services.segments.plugin [-] Segment ee9d30aa-b636-4890-9156-0acf49b04543 resource provider aggregate not found
2026-04-26 09:30:34.368 7 INFO neutron.services.segments.plugin [-] Segment ee9d30aa-b636-4890-9156-0acf49b04543 resource provider not found; error: Placement Client Error (4xx): {"errors": [{"status": 404, "title": "Not Found", "detail": "The resource could not be found.\n\n No resource provider with uuid ee9d30aa-b636-4890-9156-0acf49b04543 found for delete ", "request_id": "req-706680c8-6a4b-4a45-95b9-70ed68296bbf"}]}
2026-04-26 09:30:34.377 7 INFO neutron.services.segments.plugin [-] Segment ee9d30aa-b636-4890-9156-0acf49b04543 resource provider not found; error: Placement Client Error (4xx): {"errors": [{"status": 404, "title": "Not Found", "detail": "The resource could not be found.\n\n No resource provider with uuid ee9d30aa-b636-4890-9156-0acf49b04543 found for delete ", "request_id": "req-9b83ea54-0084-48fb-8aff-553bfd93b3fa"}]} [pid: 7|app: 0|req: 884/1713] 10.0.0.95 () {32 vars in 725 bytes} [Sun Apr 26 09:30:34 2026] DELETE /v2.0/networks/52951131-9df6-4e10-910e-62e7e978aacb => generated 0 bytes in 339 msecs (HTTP/1.1 204) 3 headers in 131 bytes (1 switches on core 0) [pid: 7|app: 0|req: 885/1714] 10.0.0.95 () {34 vars in 752 bytes} [Sun Apr 26 09:30:34 2026] PUT /v2.0/networks/2a6a0fb9-da5d-4ab4-a669-2f81c5636410/tags => generated 34 bytes in 53 msecs (HTTP/1.1 200) 4 headers in 156 bytes (1 switches on core 0) [pid: 7|app: 0|req: 886/1715] 10.0.0.95 () {34 vars in 752 bytes} [Sun Apr 26 09:30:34 2026] PUT /v2.0/networks/e5b671df-1ecd-4906-bf76-6e1fe21f42f6/tags => generated 19 bytes in 52 msecs (HTTP/1.1 200) 4 headers in 156 bytes (1 switches on core 0) [pid: 7|app: 0|req: 887/1716] 10.0.0.95 () {32 vars in 665 bytes} [Sun Apr 26 09:30:34 2026] GET /v2.0/networks?tags=red => generated 1989 bytes in 90 msecs (HTTP/1.1 200) 4 headers in 158 bytes (1 switches on core 0)
2026-04-26 09:30:34.620 8 INFO neutron.db.ovn_revision_numbers_db [None req-33d130b8-18f7-4d4b-8586-488be000cb10 - - - - - -] Successfully bumped revision number for resource 20e18283-7679-4b96-b89c-398f82f90f33 (type: ports) to 2
2026-04-26 09:30:34.663 8 INFO neutron.db.ovn_revision_numbers_db [None req-33d130b8-18f7-4d4b-8586-488be000cb10 - - - - - -] Successfully bumped revision number for resource 7138191e-4444-42b0-b90f-b65599da3e84 (type: subnets) to 0 [pid: 7|app: 0|req: 888/1717] 10.0.0.95 () {32 vars in 679 bytes} [Sun Apr 26 09:30:34 2026] GET /v2.0/networks?tags=red%2Cblue => generated 1338 bytes in 62 msecs (HTTP/1.1 200) 4 headers in 158 bytes (1 switches on core 0) [pid: 8|app: 0|req: 830/1718] 10.0.0.95 () {34 vars in 668 bytes} [Sun Apr 26 09:30:33 2026] POST /v2.0/subnets => generated 629 bytes in 708 msecs (HTTP/1.1 201) 4 headers in 162 bytes (1 switches on core 0) [pid: 7|app: 0|req: 889/1719] 10.0.0.95 () {32 vars in 675 bytes} [Sun Apr 26 09:30:34 2026] GET /v2.0/networks?tags-any=blue => generated 1338 bytes in 48 msecs (HTTP/1.1 200) 4 headers in 158 bytes (1 switches on core 0)
2026-04-26 09:30:34.772 8 INFO neutron.db.segments_db [None req-bfed50a9-d917-4b5e-b49e-f1cc774a602d 0bcdd592e33e488d9ee26383bd9949fb fb6234c03d9a419fafcb20ccc9597b4a - - default default] Added segment e341cc40-11bd-41fa-8687-9d72d6d37722 of type geneve for network 7bd7face-9b1e-4e8c-b438-17d20136d92a [pid: 7|app: 0|req: 890/1720] 10.0.0.95 () {32 vars in 687 bytes} [Sun Apr 26 09:30:34 2026] GET /v2.0/networks?tags-any=red%2Cblue => generated 1989 bytes in 53 msecs (HTTP/1.1 200) 4 headers in 158 bytes (1 switches on core 0) [pid: 7|app: 0|req: 891/1721] 10.0.0.95 () {32 vars in 673 bytes} [Sun Apr 26 09:30:34 2026] GET /v2.0/networks?not-tags=red => generated 1987 bytes in 63 msecs (HTTP/1.1 200) 4 headers in 158 bytes (1 switches on core 0)
