2026-04-26 09:30:34.876 8 INFO neutron.db.ovn_revision_numbers_db [None req-bfed50a9-d917-4b5e-b49e-f1cc774a602d 0bcdd592e33e488d9ee26383bd9949fb fb6234c03d9a419fafcb20ccc9597b4a - - default default] Successfully bumped revision number for resource 7bd7face-9b1e-4e8c-b438-17d20136d92a (type: networks) to 1 [pid: 7|app: 0|req: 892/1722] 10.0.0.95 () {32 vars in 773 bytes} [Sun Apr 26 09:30:34 2026] GET /v2.0/security-groups?tenant_id=66ee3e5f5b214d5bb99a825b9f963bbb&name=default => generated 2925 bytes in 110 msecs (HTTP/1.1 200) 4 headers in 158 bytes (1 switches on core 0) [pid: 7|app: 0|req: 893/1723] 10.0.0.95 () {32 vars in 687 bytes} [Sun Apr 26 09:30:34 2026] GET /v2.0/networks?not-tags=red%2Cblue => generated 2638 bytes in 65 msecs (HTTP/1.1 200) 4 headers in 158 bytes (1 switches on core 0)
2026-04-26 09:30:35.047 8 WARNING neutron.scheduler.dhcp_agent_scheduler [None req-bfed50a9-d917-4b5e-b49e-f1cc774a602d 0bcdd592e33e488d9ee26383bd9949fb fb6234c03d9a419fafcb20ccc9597b4a - - default default] No more DHCP agents
2026-04-26 09:30:35.049 8 WARNING neutron.api.rpc.agentnotifiers.dhcp_rpc_agent_api [None req-bfed50a9-d917-4b5e-b49e-f1cc774a602d 0bcdd592e33e488d9ee26383bd9949fb fb6234c03d9a419fafcb20ccc9597b4a - - default default] Unable to schedule network 7bd7face-9b1e-4e8c-b438-17d20136d92a: no agents available; will retry on subsequent port and subnet creation events.
2026-04-26 09:30:35.099 8 INFO neutron.plugins.ml2.drivers.ovn.mech_driver.mech_driver [None req-9e1d5ea3-3376-44be-8158-f434eec9f8b9 - - - - - -] OVN reports status down for port: 0f157f92-cd43-4477-b861-ea9062bffefb
2026-04-26 09:30:35.159 8 INFO neutron.db.ovn_revision_numbers_db [None req-bfed50a9-d917-4b5e-b49e-f1cc774a602d 0bcdd592e33e488d9ee26383bd9949fb fb6234c03d9a419fafcb20ccc9597b4a - - default default] Successfully bumped revision number for resource 0f157f92-cd43-4477-b861-ea9062bffefb (type: ports) to 1 [pid: 8|app: 0|req: 831/1724] 10.0.0.95 () {34 vars in 669 bytes} [Sun Apr 26 09:30:34 2026] POST /v2.0/networks => generated 650 bytes in 510 msecs (HTTP/1.1 201) 4 headers in 162 bytes (1 switches on core 0) [pid: 8|app: 0|req: 832/1725] 10.0.0.95 () {32 vars in 683 bytes} [Sun Apr 26 09:30:35 2026] GET /v2.0/networks?not-tags-any=blue => generated 2638 bytes in 77 msecs (HTTP/1.1 200) 4 headers in 158 bytes (1 switches on core 0) [pid: 7|app: 0|req: 894/1726] 10.0.0.95 () {32 vars in 739 bytes} [Sun Apr 26 09:30:35 2026] DELETE /v2.0/security-groups/99e8507a-2ee6-487a-9411-a0b4cf134585 => generated 0 bytes in 249 msecs (HTTP/1.1 204) 2 headers in 112 bytes (1 switches on core 0) [pid: 7|app: 0|req: 895/1727] 10.0.0.95 () {32 vars in 695 bytes} [Sun Apr 26 09:30:35 2026] GET /v2.0/networks?not-tags-any=red%2Cblue => generated 1987 bytes in 54 msecs (HTTP/1.1 200) 4 headers in 158 bytes (1 switches on core 0)
2026-04-26 09:30:35.453 8 WARNING neutron.scheduler.dhcp_agent_scheduler [None req-472a6c7b-cabb-4e16-a3ff-943cf3db7f8b 0bcdd592e33e488d9ee26383bd9949fb fb6234c03d9a419fafcb20ccc9597b4a - - default default] No more DHCP agents
2026-04-26 09:30:35.455 8 WARNING neutron.api.rpc.agentnotifiers.dhcp_rpc_agent_api [None req-472a6c7b-cabb-4e16-a3ff-943cf3db7f8b 0bcdd592e33e488d9ee26383bd9949fb fb6234c03d9a419fafcb20ccc9597b4a - - default default] Unable to schedule network 7bd7face-9b1e-4e8c-b438-17d20136d92a: no agents available; will retry on subsequent port and subnet creation events.
2026-04-26 09:30:35.465 7 INFO neutron_taas.services.taas.taas_plugin [None req-9a0074d1-ef40-42be-937e-3ad7b917d829 b362d9ce3f93490bb272153aa1b3b2f3 57c33a1070a441aabb11cd05e91dad33 - - default default] TaaS: Handle Delete Port: c8ab5c9d-bd0e-4292-9daf-f925e3ae9994
2026-04-26 09:30:35.470 7 INFO neutron_taas.services.taas.tap_mirror_plugin [None req-9a0074d1-ef40-42be-937e-3ad7b917d829 b362d9ce3f93490bb272153aa1b3b2f3 57c33a1070a441aabb11cd05e91dad33 - - default default] Tap Mirror: Handle Delete Port: c8ab5c9d-bd0e-4292-9daf-f925e3ae9994 [pid: 7|app: 0|req: 896/1728] 10.0.0.95 () {32 vars in 725 bytes} [Sun Apr 26 09:30:35 2026] DELETE /v2.0/networks/2bc01264-5667-435e-a8fa-50c62e378efd => generated 0 bytes in 342 msecs (HTTP/1.1 204) 3 headers in 131 bytes (1 switches on core 0)
2026-04-26 09:30:35.804 7 INFO neutron_taas.services.taas.taas_plugin [None req-8fea36ce-4f39-41aa-907a-86602ebd0965 b362d9ce3f93490bb272153aa1b3b2f3 57c33a1070a441aabb11cd05e91dad33 - - default default] TaaS: Handle Delete Port: eae69569-5523-4f25-a5ac-67be37eddb45
2026-04-26 09:30:35.807 7 INFO neutron_taas.services.taas.tap_mirror_plugin [None req-8fea36ce-4f39-41aa-907a-86602ebd0965 b362d9ce3f93490bb272153aa1b3b2f3 57c33a1070a441aabb11cd05e91dad33 - - default default] Tap Mirror: Handle Delete Port: eae69569-5523-4f25-a5ac-67be37eddb45
2026-04-26 09:30:35.938 8 INFO neutron.db.ovn_revision_numbers_db [None req-ad5e0f41-f422-4077-a8be-dc629043574d - - - - - -] Successfully bumped revision number for resource 0f157f92-cd43-4477-b861-ea9062bffefb (type: ports) to 2
2026-04-26 09:30:35.971 8 INFO neutron.db.ovn_revision_numbers_db [None req-ad5e0f41-f422-4077-a8be-dc629043574d - - - - - -] Successfully bumped revision number for resource 853cac63-d3c3-4a4e-a93f-6f9198fc8f8b (type: subnets) to 0 [pid: 8|app: 0|req: 833/1729] 10.0.0.95 () {34 vars in 668 bytes} [Sun Apr 26 09:30:35 2026] POST /v2.0/subnets => generated 629 bytes in 704 msecs (HTTP/1.1 201) 4 headers in 162 bytes (1 switches on core 0) [pid: 7|app: 0|req: 897/1730] 10.0.0.95 () {32 vars in 725 bytes} [Sun Apr 26 09:30:35 2026] DELETE /v2.0/networks/943c36fb-1280-4a8a-ae5c-69e7ffdd7147 => generated 0 bytes in 339 msecs (HTTP/1.1 204) 3 headers in 131 bytes (1 switches on core 0) [pid: 8|app: 0|req: 834/1731] 10.0.0.95 () {34 vars in 750 bytes} [Sun Apr 26 09:30:35 2026] PUT /v2.0/subnets/7f053ffd-81e7-4ce3-bf6e-f08ebf9b41b7/tags => generated 17 bytes in 51 msecs (HTTP/1.1 200) 4 headers in 156 bytes (1 switches on core 0) [pid: 8|app: 0|req: 835/1732] 10.0.0.95 () {34 vars in 750 bytes} [Sun Apr 26 09:30:36 2026] PUT /v2.0/subnets/58343cfd-b2ee-49a4-b602-58600ec6d075/tags => generated 25 bytes in 45 msecs (HTTP/1.1 200) 4 headers in 156 bytes (1 switches on core 0) [pid: 8|app: 0|req: 836/1733] 10.0.0.95 () {34 vars in 750 bytes} [Sun Apr 26 09:30:36 2026] PUT /v2.0/subnets/81710e7a-98be-49ee-9d9e-c28f8503671c/tags => generated 34 bytes in 65 msecs (HTTP/1.1 200) 4 headers in 156 bytes (1 switches on core 0)
2026-04-26 09:30:36.168 7 INFO neutron_taas.services.taas.taas_plugin [None req-bef870b1-b386-4a01-8f11-9a9300e1c126 b362d9ce3f93490bb272153aa1b3b2f3 57c33a1070a441aabb11cd05e91dad33 - - default default] TaaS: Handle Delete Port: f73bb36b-8fd5-41a4-8e60-f822b9cbfcdd
2026-04-26 09:30:36.170 7 INFO neutron_taas.services.taas.tap_mirror_plugin [None req-bef870b1-b386-4a01-8f11-9a9300e1c126 b362d9ce3f93490bb272153aa1b3b2f3 57c33a1070a441aabb11cd05e91dad33 - - default default] Tap Mirror: Handle Delete Port: f73bb36b-8fd5-41a4-8e60-f822b9cbfcdd [pid: 8|app: 0|req: 837/1734] 10.0.0.95 () {34 vars in 750 bytes} [Sun Apr 26 09:30:36 2026] PUT /v2.0/subnets/7138191e-4444-42b0-b90f-b65599da3e84/tags => generated 19 bytes in 49 msecs (HTTP/1.1 200) 4 headers in 156 bytes (1 switches on core 0) [pid: 8|app: 0|req: 838/1735] 10.0.0.95 () {32 vars in 663 bytes} [Sun Apr 26 09:30:36 2026] GET /v2.0/subnets?tags=red => generated 1904 bytes in 60 msecs (HTTP/1.1 200) 4 headers in 158 bytes (1 switches on core 0) [pid: 8|app: 0|req: 839/1736] 10.0.0.95 () {32 vars in 677 bytes} [Sun Apr 26 09:30:36 2026] GET /v2.0/subnets?tags=red%2Cblue => generated 1283 bytes in 51 msecs (HTTP/1.1 200) 4 headers in 158 bytes (1 switches on core 0) [pid: 7|app: 0|req: 898/1737] 10.0.0.95 () {32 vars in 725 bytes} [Sun Apr 26 09:30:36 2026] DELETE /v2.0/networks/2a6a0fb9-da5d-4ab4-a669-2f81c5636410 => generated 0 bytes in 359 msecs (HTTP/1.1 204) 3 headers in 131 bytes (1 switches on core 0) [pid: 8|app: 0|req: 840/1738] 10.0.0.95 () {32 vars in 673 bytes} [Sun Apr 26 09:30:36 2026] GET /v2.0/subnets?tags-any=blue => generated 1283 bytes in 60 msecs (HTTP/1.1 200) 4 headers in 158 bytes (1 switches on core 0)
2026-04-26 09:30:36.407 7 INFO neutron.services.segments.plugin [-] Segment 73a77795-1900-45f9-83c0-6f41cfddf63f resource provider aggregate not found
2026-04-26 09:30:36.408 7 INFO neutron.services.segments.plugin [-] Segment 73a77795-1900-45f9-83c0-6f41cfddf63f resource provider aggregate not found
2026-04-26 09:30:36.433 7 INFO neutron.services.segments.plugin [-] Segment 73a77795-1900-45f9-83c0-6f41cfddf63f resource provider not found; error: Placement Client Error (4xx): {"errors": [{"status": 404, "title": "Not Found", "detail": "The resource could not be found.\n\n No resource provider with uuid 73a77795-1900-45f9-83c0-6f41cfddf63f found for delete ", "request_id": "req-26727ea8-ceef-4c4b-8426-77dc41f3389b"}]}
2026-04-26 09:30:36.449 7 INFO neutron.services.segments.plugin [-] Segment 73a77795-1900-45f9-83c0-6f41cfddf63f resource provider not found; error: Placement Client Error (4xx): {"errors": [{"status": 404, "title": "Not Found", "detail": "The resource could not be found.\n\n No resource provider with uuid 73a77795-1900-45f9-83c0-6f41cfddf63f found for delete ", "request_id": "req-c630f6b5-2d5d-4472-8fb5-499e486d7caf"}]} [pid: 8|app: 0|req: 841/1739] 10.0.0.95 () {32 vars in 685 bytes} [Sun Apr 26 09:30:36 2026] GET /v2.0/subnets?tags-any=red%2Cblue => generated 1904 bytes in 45 msecs (HTTP/1.1 200) 4 headers in 158 bytes (1 switches on core 0)
2026-04-26 09:30:36.459 7 INFO neutron.services.segments.plugin [-] Segment c3c648e0-75a5-4f5f-a067-8b83d7f230b3 resource provider aggregate not found
2026-04-26 09:30:36.478 7 INFO neutron.services.segments.plugin [-] Segment c3c648e0-75a5-4f5f-a067-8b83d7f230b3 resource provider not found; error: Placement Client Error (4xx): {"errors": [{"status": 404, "title": "Not Found", "detail": "The resource could not be found.\n\n No resource provider with uuid c3c648e0-75a5-4f5f-a067-8b83d7f230b3 found for delete ", "request_id": "req-6e1766a9-d679-4c54-aae1-cdb10f6d88f6"}]}
2026-04-26 09:30:36.481 7 INFO neutron.services.segments.plugin [-] Segment c3c648e0-75a5-4f5f-a067-8b83d7f230b3 resource provider aggregate not found
2026-04-26 09:30:36.499 7 INFO neutron.services.segments.plugin [-] Segment c3c648e0-75a5-4f5f-a067-8b83d7f230b3 resource provider not found; error: Placement Client Error (4xx): {"errors": [{"status": 404, "title": "Not Found", "detail": "The resource could not be found.\n\n No resource provider with uuid c3c648e0-75a5-4f5f-a067-8b83d7f230b3 found for delete ", "request_id": "req-ca10e824-8c7c-4b9a-9b28-59a45a9eab2b"}]}
2026-04-26 09:30:36.503 7 INFO neutron.services.segments.plugin [-] Segment 7973b3ee-ff8e-4294-b779-ada0ff8881dd resource provider aggregate not found
2026-04-26 09:30:36.517 7 INFO neutron.services.segments.plugin [-] Segment 7973b3ee-ff8e-4294-b779-ada0ff8881dd resource provider not found; error: Placement Client Error (4xx): {"errors": [{"status": 404, "title": "Not Found", "detail": "The resource could not be found.\n\n No resource provider with uuid 7973b3ee-ff8e-4294-b779-ada0ff8881dd found for delete ", "request_id": "req-df1da1a7-6be2-4b4f-8ace-5183d0bf881f"}]}
2026-04-26 09:30:36.517 7 INFO neutron.services.segments.plugin [-] Segment 7973b3ee-ff8e-4294-b779-ada0ff8881dd resource provider aggregate not found [pid: 8|app: 0|req: 842/1740] 10.0.0.95 () {32 vars in 671 bytes} [Sun Apr 26 09:30:36 2026] GET /v2.0/subnets?not-tags=red => generated 1894 bytes in 59 msecs (HTTP/1.1 200) 4 headers in 158 bytes (1 switches on core 0)
2026-04-26 09:30:36.536 7 INFO neutron.services.segments.plugin [-] Segment 7973b3ee-ff8e-4294-b779-ada0ff8881dd resource provider not found; error: Placement Client Error (4xx): {"errors": [{"status": 404, "title": "Not Found", "detail": "The resource could not be found.\n\n No resource provider with uuid 7973b3ee-ff8e-4294-b779-ada0ff8881dd found for delete ", "request_id": "req-8f3ab080-7515-4481-8b72-976d15782176"}]}
2026-04-26 09:30:36.570 7 INFO neutron_taas.services.taas.taas_plugin [None req-685f2b54-4d96-4d79-bf52-21ae60351cb6 b362d9ce3f93490bb272153aa1b3b2f3 57c33a1070a441aabb11cd05e91dad33 - - default default] TaaS: Handle Delete Port: b071ddd6-50ae-49fe-9d6e-ebe02b3a5c59 [pid: 8|app: 0|req: 843/1741] 10.0.0.95 () {32 vars in 685 bytes} [Sun Apr 26 09:30:36 2026] GET /v2.0/subnets?not-tags=red%2Cblue => generated 2515 bytes in 48 msecs (HTTP/1.1 200) 4 headers in 158 bytes (1 switches on core 0)
2026-04-26 09:30:36.572 7 INFO neutron_taas.services.taas.tap_mirror_plugin [None req-685f2b54-4d96-4d79-bf52-21ae60351cb6 b362d9ce3f93490bb272153aa1b3b2f3 57c33a1070a441aabb11cd05e91dad33 - - default default] Tap Mirror: Handle Delete Port: b071ddd6-50ae-49fe-9d6e-ebe02b3a5c59 [pid: 8|app: 0|req: 844/1742] 10.0.0.95 () {32 vars in 681 bytes} [Sun Apr 26 09:30:36 2026] GET /v2.0/subnets?not-tags-any=blue => generated 2515 bytes in 51 msecs (HTTP/1.1 200) 4 headers in 158 bytes (1 switches on core 0) [pid: 8|app: 0|req: 845/1743] 10.0.0.95 () {32 vars in 693 bytes} [Sun Apr 26 09:30:36 2026] GET /v2.0/subnets?not-tags-any=red%2Cblue => generated 1894 bytes in 39 msecs (HTTP/1.1 200) 4 headers in 158 bytes (1 switches on core 0) [pid: 7|app: 0|req: 899/1744] 10.0.0.95 () {32 vars in 725 bytes} [Sun Apr 26 09:30:36 2026] DELETE /v2.0/networks/e5b671df-1ecd-4906-bf76-6e1fe21f42f6 => generated 0 bytes in 357 msecs (HTTP/1.1 204) 3 headers in 131 bytes (1 switches on core 0) [pid: 8|app: 0|req: 846/1745] 10.0.0.95 () {32 vars in 723 bytes} [Sun Apr 26 09:30:36 2026] DELETE /v2.0/subnets/7f053ffd-81e7-4ce3-bf6e-f08ebf9b41b7 => generated 0 bytes in 130 msecs (HTTP/1.1 204) 3 headers in 131 bytes (1 switches on core 0)
2026-04-26 09:30:36.878 7 INFO neutron_taas.services.taas.taas_plugin [None req-0412225a-c3ca-4f3d-808b-36cfe00d7ad9 b362d9ce3f93490bb272153aa1b3b2f3 57c33a1070a441aabb11cd05e91dad33 - - default default] TaaS: Handle Delete Port: 52a81ea2-c3e6-41fe-96ec-bda29553bb17
2026-04-26 09:30:36.881 7 INFO neutron_taas.services.taas.tap_mirror_plugin [None req-0412225a-c3ca-4f3d-808b-36cfe00d7ad9 b362d9ce3f93490bb272153aa1b3b2f3 57c33a1070a441aabb11cd05e91dad33 - - default default] Tap Mirror: Handle Delete Port: 52a81ea2-c3e6-41fe-96ec-bda29553bb17 [pid: 8|app: 0|req: 847/1746] 10.0.0.95 () {32 vars in 723 bytes} [Sun Apr 26 09:30:36 2026] DELETE /v2.0/subnets/58343cfd-b2ee-49a4-b602-58600ec6d075 => generated 0 bytes in 148 msecs (HTTP/1.1 204) 3 headers in 131 bytes (1 switches on core 0) [pid: 7|app: 0|req: 900/1747] 10.0.0.95 () {32 vars in 725 bytes} [Sun Apr 26 09:30:36 2026] DELETE /v2.0/networks/723d24cc-7897-49bd-a105-6d36ccbc46c1 => generated 0 bytes in 325 msecs (HTTP/1.1 204) 3 headers in 131 bytes (1 switches on core 0)
2026-04-26 09:30:37.232 8 INFO neutron.db.ovn_revision_numbers_db [None req-b27bdb24-c303-4e39-9805-818cc1ca22e2 e9db274431dc4482bee1dd074124908d b7a383c0c51146f79aba2a09ba5bda9f - - default default] Successfully bumped revision number for resource 30cb772f-83ca-449b-bf6a-7bcb7e27b002 (type: security_groups) to 1
2026-04-26 09:30:37.247 8 INFO neutron.db.ovn_revision_numbers_db [None req-b27bdb24-c303-4e39-9805-818cc1ca22e2 e9db274431dc4482bee1dd074124908d b7a383c0c51146f79aba2a09ba5bda9f - - default default] Successfully bumped revision number for resource 22b0ed47-0d8b-4b71-bcfb-e6bc01c8f682 (type: security_group_rules) to 0 [pid: 7|app: 0|req: 901/1748] 10.0.0.95 () {32 vars in 723 bytes} [Sun Apr 26 09:30:37 2026] DELETE /v2.0/subnets/81710e7a-98be-49ee-9d9e-c28f8503671c => generated 0 bytes in 157 msecs (HTTP/1.1 204) 3 headers in 131 bytes (1 switches on core 0)
2026-04-26 09:30:37.261 8 INFO neutron.db.ovn_revision_numbers_db [None req-b27bdb24-c303-4e39-9805-818cc1ca22e2 e9db274431dc4482bee1dd074124908d b7a383c0c51146f79aba2a09ba5bda9f - - default default] Successfully bumped revision number for resource 2a5678f7-5935-4c4a-bdf1-e578337c9060 (type: security_group_rules) to 0
2026-04-26 09:30:37.274 8 INFO neutron.db.ovn_revision_numbers_db [None req-b27bdb24-c303-4e39-9805-818cc1ca22e2 e9db274431dc4482bee1dd074124908d b7a383c0c51146f79aba2a09ba5bda9f - - default default] Successfully bumped revision number for resource 2d25f4f2-5132-49e5-8f70-1900c0be751f (type: security_group_rules) to 0
2026-04-26 09:30:37.286 8 INFO neutron.db.ovn_revision_numbers_db [None req-b27bdb24-c303-4e39-9805-818cc1ca22e2 e9db274431dc4482bee1dd074124908d b7a383c0c51146f79aba2a09ba5bda9f - - default default] Successfully bumped revision number for resource d203b74b-f4ef-4116-b939-18dea59cbd05 (type: security_group_rules) to 0
2026-04-26 09:30:37.361 8 INFO neutron.db.segments_db [None req-b27bdb24-c303-4e39-9805-818cc1ca22e2 e9db274431dc4482bee1dd074124908d b7a383c0c51146f79aba2a09ba5bda9f - - default default] Added segment 253b7d67-bc71-43e0-b960-e4c9efddeff3 of type geneve for network 9f0b0a1d-f668-487b-9b5c-fbbb08156edd [pid: 7|app: 0|req: 902/1749] 10.0.0.95 () {32 vars in 723 bytes} [Sun Apr 26 09:30:37 2026] DELETE /v2.0/subnets/7138191e-4444-42b0-b90f-b65599da3e84 => generated 0 bytes in 159 msecs (HTTP/1.1 204) 3 headers in 131 bytes (1 switches on core 0)
2026-04-26 09:30:37.462 8 INFO neutron.db.ovn_revision_numbers_db [None req-b27bdb24-c303-4e39-9805-818cc1ca22e2 e9db274431dc4482bee1dd074124908d b7a383c0c51146f79aba2a09ba5bda9f - - default default] Successfully bumped revision number for resource 9f0b0a1d-f668-487b-9b5c-fbbb08156edd (type: networks) to 1 [pid: 7|app: 0|req: 903/1750] 10.0.0.95 () {32 vars in 723 bytes} [Sun Apr 26 09:30:37 2026] DELETE /v2.0/subnets/853cac63-d3c3-4a4e-a93f-6f9198fc8f8b => generated 0 bytes in 162 msecs (HTTP/1.1 204) 3 headers in 131 bytes (1 switches on core 0)
2026-04-26 09:30:37.637 8 WARNING neutron.scheduler.dhcp_agent_scheduler [None req-b27bdb24-c303-4e39-9805-818cc1ca22e2 e9db274431dc4482bee1dd074124908d b7a383c0c51146f79aba2a09ba5bda9f - - default default] No more DHCP agents
2026-04-26 09:30:37.638 8 WARNING neutron.api.rpc.agentnotifiers.dhcp_rpc_agent_api [None req-b27bdb24-c303-4e39-9805-818cc1ca22e2 e9db274431dc4482bee1dd074124908d b7a383c0c51146f79aba2a09ba5bda9f - - default default] Unable to schedule network 9f0b0a1d-f668-487b-9b5c-fbbb08156edd: no agents available; will retry on subsequent port and subnet creation events.
2026-04-26 09:30:37.700 8 INFO neutron.plugins.ml2.drivers.ovn.mech_driver.mech_driver [None req-9e1d5ea3-3376-44be-8158-f434eec9f8b9 - - - - - -] OVN reports status down for port: 364affb0-044f-4ebf-8429-5e1cb904b124
2026-04-26 09:30:37.703 7 INFO neutron_taas.services.taas.taas_plugin [None req-b11caf7c-7507-4026-aa41-17e4a3552892 0bcdd592e33e488d9ee26383bd9949fb fb6234c03d9a419fafcb20ccc9597b4a - - default default] TaaS: Handle Delete Port: a117833d-acef-445e-98be-35eeac7626c5
2026-04-26 09:30:37.706 7 INFO neutron_taas.services.taas.tap_mirror_plugin [None req-b11caf7c-7507-4026-aa41-17e4a3552892 0bcdd592e33e488d9ee26383bd9949fb fb6234c03d9a419fafcb20ccc9597b4a - - default default] Tap Mirror: Handle Delete Port: a117833d-acef-445e-98be-35eeac7626c5
2026-04-26 09:30:37.752 8 INFO neutron.db.ovn_revision_numbers_db [None req-b27bdb24-c303-4e39-9805-818cc1ca22e2 e9db274431dc4482bee1dd074124908d b7a383c0c51146f79aba2a09ba5bda9f - - default default] Successfully bumped revision number for resource 364affb0-044f-4ebf-8429-5e1cb904b124 (type: ports) to 1 [pid: 8|app: 0|req: 848/1751] 10.0.0.95 () {34 vars in 669 bytes} [Sun Apr 26 09:30:36 2026] POST /v2.0/networks => generated 652 bytes in 847 msecs (HTTP/1.1 201) 4 headers in 162 bytes (1 switches on core 0) [pid: 7|app: 0|req: 904/1752] 10.0.0.95 () {32 vars in 725 bytes} [Sun Apr 26 09:30:37 2026] DELETE /v2.0/networks/3ea2114c-d241-4959-a4a7-66d5c2d8c48a => generated 0 bytes in 304 msecs (HTTP/1.1 204) 3 headers in 131 bytes (1 switches on core 0)
2026-04-26 09:30:37.975 7 INFO neutron.db.segments_db [None req-ba3b3d62-e16b-4952-996a-87e00c9b9fd1 e9db274431dc4482bee1dd074124908d b7a383c0c51146f79aba2a09ba5bda9f - - default default] Added segment 59c05c36-01f5-4569-a3a8-ef81e5af6a02 of type geneve for network 4c9f04b2-9802-4668-92dd-368ce680bce9
2026-04-26 09:30:38.083 8 INFO neutron.db.ovn_revision_numbers_db [None req-09502de5-3198-451e-bdc6-494cf200049d ce87efc174cc4417a1471200733371d8 07bbbfa534044daa9b83cdc50fd998f8 - - default default] Successfully bumped revision number for resource 67284b2e-d715-4373-b401-78dee3245972 (type: security_groups) to 1
2026-04-26 09:30:38.095 8 INFO neutron.db.ovn_revision_numbers_db [None req-09502de5-3198-451e-bdc6-494cf200049d ce87efc174cc4417a1471200733371d8 07bbbfa534044daa9b83cdc50fd998f8 - - default default] Successfully bumped revision number for resource 0265aff0-8887-40da-bd7b-dd838a902956 (type: security_group_rules) to 0
2026-04-26 09:30:38.110 8 INFO neutron.db.ovn_revision_numbers_db [None req-09502de5-3198-451e-bdc6-494cf200049d ce87efc174cc4417a1471200733371d8 07bbbfa534044daa9b83cdc50fd998f8 - - default default] Successfully bumped revision number for resource 67b37fb9-a9e9-4335-9890-ab1929387ee7 (type: security_group_rules) to 0
2026-04-26 09:30:38.112 7 INFO neutron.db.ovn_revision_numbers_db [None req-ba3b3d62-e16b-4952-996a-87e00c9b9fd1 e9db274431dc4482bee1dd074124908d b7a383c0c51146f79aba2a09ba5bda9f - - default default] Successfully bumped revision number for resource 4c9f04b2-9802-4668-92dd-368ce680bce9 (type: networks) to 1
2026-04-26 09:30:38.123 8 INFO neutron.db.ovn_revision_numbers_db [None req-09502de5-3198-451e-bdc6-494cf200049d ce87efc174cc4417a1471200733371d8 07bbbfa534044daa9b83cdc50fd998f8 - - default default] Successfully bumped revision number for resource 8d193915-da69-4546-bb6c-4ae43dcd240f (type: security_group_rules) to 0
2026-04-26 09:30:38.135 8 INFO neutron.db.ovn_revision_numbers_db [None req-09502de5-3198-451e-bdc6-494cf200049d ce87efc174cc4417a1471200733371d8 07bbbfa534044daa9b83cdc50fd998f8 - - default default] Successfully bumped revision number for resource 8db0c21a-ff1a-4758-a289-3e56f4280813 (type: security_group_rules) to 0 [pid: 8|app: 0|req: 849/1753] 10.0.0.95 () {32 vars in 773 bytes} [Sun Apr 26 09:30:37 2026] GET /v2.0/security-groups?tenant_id=5442fa9a422c41cfa46c5f93230f7899&name=default => generated 2925 bytes in 361 msecs (HTTP/1.1 200) 4 headers in 158 bytes (1 switches on core 0)
2026-04-26 09:30:38.276 7 WARNING neutron.scheduler.dhcp_agent_scheduler [None req-ba3b3d62-e16b-4952-996a-87e00c9b9fd1 e9db274431dc4482bee1dd074124908d b7a383c0c51146f79aba2a09ba5bda9f - - default default] No more DHCP agents
2026-04-26 09:30:38.277 7 WARNING neutron.api.rpc.agentnotifiers.dhcp_rpc_agent_api [None req-ba3b3d62-e16b-4952-996a-87e00c9b9fd1 e9db274431dc4482bee1dd074124908d b7a383c0c51146f79aba2a09ba5bda9f - - default default] Unable to schedule network 4c9f04b2-9802-4668-92dd-368ce680bce9: no agents available; will retry on subsequent port and subnet creation events.
2026-04-26 09:30:38.290 8 INFO neutron_taas.services.taas.taas_plugin [None req-26d65476-d587-4862-be2a-dcc1cb34601a 0bcdd592e33e488d9ee26383bd9949fb fb6234c03d9a419fafcb20ccc9597b4a - - default default] TaaS: Handle Delete Port: 84d77a56-1541-4102-be49-a9a462a52f0a
2026-04-26 09:30:38.293 8 INFO neutron_taas.services.taas.tap_mirror_plugin [None req-26d65476-d587-4862-be2a-dcc1cb34601a 0bcdd592e33e488d9ee26383bd9949fb fb6234c03d9a419fafcb20ccc9597b4a - - default default] Tap Mirror: Handle Delete Port: 84d77a56-1541-4102-be49-a9a462a52f0a
2026-04-26 09:30:38.346 8 INFO neutron.plugins.ml2.drivers.ovn.mech_driver.mech_driver [None req-9e1d5ea3-3376-44be-8158-f434eec9f8b9 - - - - - -] OVN reports status down for port: 64dbcd90-f0c3-47e4-a520-5cc9079da847
2026-04-26 09:30:38.350 7 INFO neutron.db.ovn_revision_numbers_db [None req-ba3b3d62-e16b-4952-996a-87e00c9b9fd1 e9db274431dc4482bee1dd074124908d b7a383c0c51146f79aba2a09ba5bda9f - - default default] Successfully bumped revision number for resource 64dbcd90-f0c3-47e4-a520-5cc9079da847 (type: ports) to 1 [pid: 7|app: 0|req: 905/1754] 10.0.0.95 () {34 vars in 669 bytes} [Sun Apr 26 09:30:37 2026] POST /v2.0/networks => generated 653 bytes in 478 msecs (HTTP/1.1 201) 4 headers in 162 bytes (1 switches on core 0)
2026-04-26 09:30:38.527 8 INFO neutron.services.segments.plugin [-] Segment 0b5f3331-afc0-4151-ab48-7c64f94f0c77 resource provider aggregate not found
2026-04-26 09:30:38.537 7 INFO neutron.services.segments.plugin [-] Segment 6b49c38d-3e0e-4dc4-a90e-5d121ba41ad0 resource provider aggregate not found
2026-04-26 09:30:38.538 8 INFO neutron.services.segments.plugin [-] Segment 0b5f3331-afc0-4151-ab48-7c64f94f0c77 resource provider aggregate not found
2026-04-26 09:30:38.552 8 INFO neutron.services.segments.plugin [-] Segment 0b5f3331-afc0-4151-ab48-7c64f94f0c77 resource provider not found; error: Placement Client Error (4xx): {"errors": [{"status": 404, "title": "Not Found", "detail": "The resource could not be found.\n\n No resource provider with uuid 0b5f3331-afc0-4151-ab48-7c64f94f0c77 found for delete ", "request_id": "req-067bc411-e8da-46e9-bd7e-6cd0350fd3df"}]}
2026-04-26 09:30:38.559 8 INFO neutron.services.segments.plugin [-] Segment 0b5f3331-afc0-4151-ab48-7c64f94f0c77 resource provider not found; error: Placement Client Error (4xx): {"errors": [{"status": 404, "title": "Not Found", "detail": "The resource could not be found.\n\n No resource provider with uuid 0b5f3331-afc0-4151-ab48-7c64f94f0c77 found for delete ", "request_id": "req-7bc4a5dc-8d9b-4ba9-a9da-3e2f676ba8c6"}]}
2026-04-26 09:30:38.561 7 INFO neutron.services.segments.plugin [-] Segment 6b49c38d-3e0e-4dc4-a90e-5d121ba41ad0 resource provider not found; error: Placement Client Error (4xx): {"errors": [{"status": 404, "title": "Not Found", "detail": "The resource could not be found.\n\n No resource provider with uuid 6b49c38d-3e0e-4dc4-a90e-5d121ba41ad0 found for delete ", "request_id": "req-979da50c-8caa-40ef-aec9-d6aec2b65425"}]}
2026-04-26 09:30:38.571 7 INFO neutron.services.segments.plugin [-] Segment 6b49c38d-3e0e-4dc4-a90e-5d121ba41ad0 resource provider aggregate not found [pid: 8|app: 0|req: 850/1755] 10.0.0.95 () {32 vars in 725 bytes} [Sun Apr 26 09:30:38 2026] DELETE /v2.0/networks/f4ecd896-0820-463b-b03f-b8549a522a6b => generated 0 bytes in 395 msecs (HTTP/1.1 204) 3 headers in 131 bytes (1 switches on core 0)
2026-04-26 09:30:38.581 7 INFO neutron.services.segments.plugin [-] Segment 2601dc2c-8290-4d79-a374-07a9e26a7d94 resource provider aggregate not found
2026-04-26 09:30:38.586 7 INFO neutron.services.segments.plugin [-] Segment 6b49c38d-3e0e-4dc4-a90e-5d121ba41ad0 resource provider not found; error: Placement Client Error (4xx): {"errors": [{"status": 404, "title": "Not Found", "detail": "The resource could not be found.\n\n No resource provider with uuid 6b49c38d-3e0e-4dc4-a90e-5d121ba41ad0 found for delete ", "request_id": "req-de9edc2a-0cdf-4a61-a519-a8aac4e02231"}]}
2026-04-26 09:30:38.602 7 INFO neutron.services.segments.plugin [-] Segment 2601dc2c-8290-4d79-a374-07a9e26a7d94 resource provider not found; error: Placement Client Error (4xx): {"errors": [{"status": 404, "title": "Not Found", "detail": "The resource could not be found.\n\n No resource provider with uuid 2601dc2c-8290-4d79-a374-07a9e26a7d94 found for delete ", "request_id": "req-a4db2862-044e-4bd7-a7ae-f12b3fa9fa1c"}]}
2026-04-26 09:30:38.605 7 INFO neutron.services.segments.plugin [-] Segment 2601dc2c-8290-4d79-a374-07a9e26a7d94 resource provider aggregate not found
2026-04-26 09:30:38.620 7 INFO neutron.services.segments.plugin [-] Segment 60824e16-dc5a-4191-b608-f74140f792b9 resource provider aggregate not found
2026-04-26 09:30:38.623 7 INFO neutron.services.segments.plugin [-] Segment 2601dc2c-8290-4d79-a374-07a9e26a7d94 resource provider not found; error: Placement Client Error (4xx): {"errors": [{"status": 404, "title": "Not Found", "detail": "The resource could not be found.\n\n No resource provider with uuid 2601dc2c-8290-4d79-a374-07a9e26a7d94 found for delete ", "request_id": "req-6161cea5-1335-4a64-9228-df40eea30f30"}]}
2026-04-26 09:30:38.638 7 INFO neutron.services.segments.plugin [-] Segment 60824e16-dc5a-4191-b608-f74140f792b9 resource provider aggregate not found
2026-04-26 09:30:38.642 7 INFO neutron.services.segments.plugin [-] Segment 60824e16-dc5a-4191-b608-f74140f792b9 resource provider not found; error: Placement Client Error (4xx): {"errors": [{"status": 404, "title": "Not Found", "detail": "The resource could not be found.\n\n No resource provider with uuid 60824e16-dc5a-4191-b608-f74140f792b9 found for delete ", "request_id": "req-cf7f083a-88a9-4758-9390-689ae504a95d"}]} [pid: 7|app: 0|req: 906/1756] 10.0.0.95 () {32 vars in 739 bytes} [Sun Apr 26 09:30:38 2026] DELETE /v2.0/security-groups/67284b2e-d715-4373-b401-78dee3245972 => generated 0 bytes in 284 msecs (HTTP/1.1 204) 2 headers in 112 bytes (1 switches on core 0)
2026-04-26 09:30:38.659 7 INFO neutron.services.segments.plugin [-] Segment 60824e16-dc5a-4191-b608-f74140f792b9 resource provider not found; error: Placement Client Error (4xx): {"errors": [{"status": 404, "title": "Not Found", "detail": "The resource could not be found.\n\n No resource provider with uuid 60824e16-dc5a-4191-b608-f74140f792b9 found for delete ", "request_id": "req-10c15af4-e6d0-4f06-b548-223ad45e8ca9"}]}
2026-04-26 09:30:38.757 8 WARNING neutron.scheduler.dhcp_agent_scheduler [None req-dd358362-5182-447d-bb1b-7f4085349097 e9db274431dc4482bee1dd074124908d b7a383c0c51146f79aba2a09ba5bda9f - - default default] No more DHCP agents
2026-04-26 09:30:38.758 8 WARNING neutron.api.rpc.agentnotifiers.dhcp_rpc_agent_api [None req-dd358362-5182-447d-bb1b-7f4085349097 e9db274431dc4482bee1dd074124908d b7a383c0c51146f79aba2a09ba5bda9f - - default default] Unable to schedule network 9f0b0a1d-f668-487b-9b5c-fbbb08156edd: no agents available; will retry on subsequent port and subnet creation events.
2026-04-26 09:30:38.762 7 INFO neutron_taas.services.taas.taas_plugin [None req-213f0f3b-ef36-48d5-b0f7-a7eb622575d1 0bcdd592e33e488d9ee26383bd9949fb fb6234c03d9a419fafcb20ccc9597b4a - - default default] TaaS: Handle Delete Port: 2cdb4e66-b9f8-4835-958c-cf44f96ce2a8
2026-04-26 09:30:38.765 7 INFO neutron_taas.services.taas.tap_mirror_plugin [None req-213f0f3b-ef36-48d5-b0f7-a7eb622575d1 0bcdd592e33e488d9ee26383bd9949fb fb6234c03d9a419fafcb20ccc9597b4a - - default default] Tap Mirror: Handle Delete Port: 2cdb4e66-b9f8-4835-958c-cf44f96ce2a8
2026-04-26 09:30:38.794 8 INFO neutron.db.ovn_revision_numbers_db [None req-dd358362-5182-447d-bb1b-7f4085349097 e9db274431dc4482bee1dd074124908d b7a383c0c51146f79aba2a09ba5bda9f - - default default] Successfully bumped revision number for resource 5bcb5c38-7435-4e08-8133-209d2f01680c (type: subnets) to 0 [pid: 8|app: 0|req: 851/1757] 10.0.0.95 () {34 vars in 668 bytes} [Sun Apr 26 09:30:38 2026] POST /v2.0/subnets => generated 646 bytes in 236 msecs (HTTP/1.1 201) 4 headers in 162 bytes (1 switches on core 0)
2026-04-26 09:30:38.959 8 INFO neutron.db.ovn_revision_numbers_db [None req-aa7946dd-450f-4932-a654-7f9599a366b6 ce87efc174cc4417a1471200733371d8 07bbbfa534044daa9b83cdc50fd998f8 - - default default] Successfully bumped revision number for resource 64db89fe-9d33-4889-a579-ecd881b827d8 (type: security_groups) to 1 [pid: 7|app: 0|req: 907/1758] 10.0.0.95 () {32 vars in 725 bytes} [Sun Apr 26 09:30:38 2026] DELETE /v2.0/networks/287d5fcb-27fc-4278-988f-e8ea671ed0e8 => generated 0 bytes in 312 msecs (HTTP/1.1 204) 3 headers in 131 bytes (1 switches on core 0)
2026-04-26 09:30:38.972 8 INFO neutron.db.ovn_revision_numbers_db [None req-aa7946dd-450f-4932-a654-7f9599a366b6 ce87efc174cc4417a1471200733371d8 07bbbfa534044daa9b83cdc50fd998f8 - - default default] Successfully bumped revision number for resource 0748f0c5-dd81-4b47-8f9a-dc467327bd69 (type: security_group_rules) to 0
2026-04-26 09:30:38.983 8 INFO neutron.db.ovn_revision_numbers_db [None req-aa7946dd-450f-4932-a654-7f9599a366b6 ce87efc174cc4417a1471200733371d8 07bbbfa534044daa9b83cdc50fd998f8 - - default default] Successfully bumped revision number for resource 5befcf26-c99c-4127-bfd5-c8523f7c0352 (type: security_group_rules) to 0
2026-04-26 09:30:38.993 8 INFO neutron.db.ovn_revision_numbers_db [None req-aa7946dd-450f-4932-a654-7f9599a366b6 ce87efc174cc4417a1471200733371d8 07bbbfa534044daa9b83cdc50fd998f8 - - default default] Successfully bumped revision number for resource 798229c4-94f1-4944-939a-95fd1e1d479f (type: security_group_rules) to 0
2026-04-26 09:30:39.003 8 INFO neutron.db.ovn_revision_numbers_db [None req-aa7946dd-450f-4932-a654-7f9599a366b6 ce87efc174cc4417a1471200733371d8 07bbbfa534044daa9b83cdc50fd998f8 - - default default] Successfully bumped revision number for resource fdaaefd0-c1ed-45fd-94be-dda02bdda1f0 (type: security_group_rules) to 0 [pid: 8|app: 0|req: 852/1759] 10.0.0.95 () {32 vars in 773 bytes} [Sun Apr 26 09:30:38 2026] GET /v2.0/security-groups?tenant_id=a9896a22939d4eebbbe20a39a7d61615&name=default => generated 2925 bytes in 227 msecs (HTTP/1.1 200) 4 headers in 158 bytes (1 switches on core 0)
2026-04-26 09:30:39.143 8 INFO neutron_taas.services.taas.taas_plugin [None req-11bc1232-03de-4f31-b53c-7f852e4a1bcf 0bcdd592e33e488d9ee26383bd9949fb fb6234c03d9a419fafcb20ccc9597b4a - - default default] TaaS: Handle Delete Port: 20e18283-7679-4b96-b89c-398f82f90f33
2026-04-26 09:30:39.154 7 WARNING neutron.scheduler.dhcp_agent_scheduler [None req-2d118b29-99f3-4a73-a1d1-39b5875e744c e9db274431dc4482bee1dd074124908d b7a383c0c51146f79aba2a09ba5bda9f - - default default] No more DHCP agents
2026-04-26 09:30:39.156 7 WARNING neutron.api.rpc.agentnotifiers.dhcp_rpc_agent_api [None req-2d118b29-99f3-4a73-a1d1-39b5875e744c e9db274431dc4482bee1dd074124908d b7a383c0c51146f79aba2a09ba5bda9f - - default default] Unable to schedule network 4c9f04b2-9802-4668-92dd-368ce680bce9: no agents available; will retry on subsequent port and subnet creation events.
2026-04-26 09:30:39.156 8 INFO neutron_taas.services.taas.tap_mirror_plugin [None req-11bc1232-03de-4f31-b53c-7f852e4a1bcf 0bcdd592e33e488d9ee26383bd9949fb fb6234c03d9a419fafcb20ccc9597b4a - - default default] Tap Mirror: Handle Delete Port: 20e18283-7679-4b96-b89c-398f82f90f33
2026-04-26 09:30:39.180 7 INFO neutron.db.ovn_revision_numbers_db [None req-2d118b29-99f3-4a73-a1d1-39b5875e744c e9db274431dc4482bee1dd074124908d b7a383c0c51146f79aba2a09ba5bda9f - - default default] Successfully bumped revision number for resource 36c6c306-7f11-48a3-9ab4-28ff25d47360 (type: subnets) to 0 [pid: 7|app: 0|req: 908/1760] 10.0.0.95 () {34 vars in 668 bytes} [Sun Apr 26 09:30:38 2026] POST /v2.0/subnets => generated 655 bytes in 228 msecs (HTTP/1.1 201) 4 headers in 162 bytes (1 switches on core 0) [pid: 8|app: 0|req: 853/1761] 10.0.0.95 () {32 vars in 725 bytes} [Sun Apr 26 09:30:39 2026] DELETE /v2.0/networks/3f7fe62a-ab43-4794-bc34-2be53efa0cc7 => generated 0 bytes in 314 msecs (HTTP/1.1 204) 3 headers in 131 bytes (1 switches on core 0)
2026-04-26 09:30:39.463 8 INFO neutron.db.ovn_revision_numbers_db [None req-18b61a87-ffc4-4d9c-9db6-41185327bbe3 e9db274431dc4482bee1dd074124908d b7a383c0c51146f79aba2a09ba5bda9f - - default default] Successfully bumped revision number for resource e3003f04-b16a-4bc1-bab3-ebbd5cb72729 (type: routers) to 1 [pid: 8|app: 0|req: 854/1762] 10.0.0.95 () {34 vars in 668 bytes} [Sun Apr 26 09:30:39 2026] POST /v2.0/routers => generated 607 bytes in 125 msecs (HTTP/1.1 201) 4 headers in 162 bytes (1 switches on core 0)
2026-04-26 09:30:39.583 8 INFO neutron_taas.services.taas.taas_plugin [None req-87dc658c-a86c-48bc-a824-4a6900dd07a7 0bcdd592e33e488d9ee26383bd9949fb fb6234c03d9a419fafcb20ccc9597b4a - - default default] TaaS: Handle Delete Port: 0f157f92-cd43-4477-b861-ea9062bffefb
2026-04-26 09:30:39.586 8 INFO neutron_taas.services.taas.tap_mirror_plugin [None req-87dc658c-a86c-48bc-a824-4a6900dd07a7 0bcdd592e33e488d9ee26383bd9949fb fb6234c03d9a419fafcb20ccc9597b4a - - default default] Tap Mirror: Handle Delete Port: 0f157f92-cd43-4477-b861-ea9062bffefb [pid: 8|app: 0|req: 855/1763] 10.0.0.95 () {32 vars in 725 bytes} [Sun Apr 26 09:30:39 2026] DELETE /v2.0/networks/7bd7face-9b1e-4e8c-b438-17d20136d92a => generated 0 bytes in 326 msecs (HTTP/1.1 204) 3 headers in 131 bytes (1 switches on core 0) [pid: 7|app: 0|req: 909/1764] 10.0.0.95 () {32 vars in 739 bytes} [Sun Apr 26 09:30:39 2026] DELETE /v2.0/security-groups/64db89fe-9d33-4889-a579-ecd881b827d8 => generated 0 bytes in 648 msecs (HTTP/1.1 204) 2 headers in 112 bytes (1 switches on core 0) [pid: 7|app: 0|req: 910/1765] 10.0.0.95 () {32 vars in 773 bytes} [Sun Apr 26 09:30:39 2026] GET /v2.0/security-groups?tenant_id=57c33a1070a441aabb11cd05e91dad33&name=default => generated 2925 bytes in 28 msecs (HTTP/1.1 200) 4 headers in 158 bytes (1 switches on core 0)
2026-04-26 09:30:40.208 8 WARNING neutron.scheduler.dhcp_agent_scheduler [None req-e0a256a7-76b1-4667-80c0-97edbe9ddd5b e9db274431dc4482bee1dd074124908d b7a383c0c51146f79aba2a09ba5bda9f - - default default] No more DHCP agents
2026-04-26 09:30:40.209 8 WARNING neutron.api.rpc.agentnotifiers.dhcp_rpc_agent_api [None req-e0a256a7-76b1-4667-80c0-97edbe9ddd5b e9db274431dc4482bee1dd074124908d b7a383c0c51146f79aba2a09ba5bda9f - - default default] Unable to schedule network 9f0b0a1d-f668-487b-9b5c-fbbb08156edd: no agents available; will retry on subsequent port and subnet creation events. [pid: 7|app: 0|req: 911/1766] 10.0.0.95 () {32 vars in 739 bytes} [Sun Apr 26 09:30:40 2026] DELETE /v2.0/security-groups/3c50e3b7-701f-4dc1-8aec-2431ad041c9f => generated 0 bytes in 265 msecs (HTTP/1.1 204) 2 headers in 112 bytes (1 switches on core 0)
2026-04-26 09:30:40.291 7 INFO neutron.plugins.ml2.drivers.ovn.mech_driver.mech_driver [None req-02e6e462-504b-458b-88d6-135716f979f8 - - - - - -] OVN reports status down for port: e320bc32-ea4a-4574-b73b-e8e6be21423f
2026-04-26 09:30:40.322 8 INFO neutron.db.ovn_revision_numbers_db [None req-e0a256a7-76b1-4667-80c0-97edbe9ddd5b e9db274431dc4482bee1dd074124908d b7a383c0c51146f79aba2a09ba5bda9f - - default default] Successfully bumped revision number for resource e320bc32-ea4a-4574-b73b-e8e6be21423f (type: ports) to 1
2026-04-26 09:30:40.592 8 INFO neutron.services.segments.plugin [-] Segment 4ed14f3f-6b60-4274-b403-3aaad7e834ac resource provider aggregate not found
2026-04-26 09:30:40.597 8 INFO neutron.services.segments.plugin [-] Segment 4ed14f3f-6b60-4274-b403-3aaad7e834ac resource provider aggregate not found
2026-04-26 09:30:40.622 8 INFO neutron.services.segments.plugin [-] Segment 4ed14f3f-6b60-4274-b403-3aaad7e834ac resource provider not found; error: Placement Client Error (4xx): {"errors": [{"status": 404, "title": "Not Found", "detail": "The resource could not be found.\n\n No resource provider with uuid 4ed14f3f-6b60-4274-b403-3aaad7e834ac found for delete ", "request_id": "req-1923fb66-558d-4832-861e-d1ddfb263769"}]}
2026-04-26 09:30:40.623 8 INFO neutron.services.segments.plugin [-] Segment 4ed14f3f-6b60-4274-b403-3aaad7e834ac resource provider not found; error: Placement Client Error (4xx): {"errors": [{"status": 404, "title": "Not Found", "detail": "The resource could not be found.\n\n No resource provider with uuid 4ed14f3f-6b60-4274-b403-3aaad7e834ac found for delete ", "request_id": "req-88338634-f97c-4c24-89b7-980f07a77be9"}]}
2026-04-26 09:30:40.643 8 INFO neutron.services.segments.plugin [-] Segment e341cc40-11bd-41fa-8687-9d72d6d37722 resource provider aggregate not found
2026-04-26 09:30:40.651 8 INFO neutron.services.segments.plugin [-] Segment e341cc40-11bd-41fa-8687-9d72d6d37722 resource provider aggregate not found
2026-04-26 09:30:40.663 7 INFO neutron.services.segments.plugin [-] Segment bd4f6ecf-1fb4-4740-8e94-13b580976151 resource provider aggregate not found
2026-04-26 09:30:40.667 8 INFO neutron.services.segments.plugin [-] Segment e341cc40-11bd-41fa-8687-9d72d6d37722 resource provider not found; error: Placement Client Error (4xx): {"errors": [{"status": 404, "title": "Not Found", "detail": "The resource could not be found.\n\n No resource provider with uuid e341cc40-11bd-41fa-8687-9d72d6d37722 found for delete ", "request_id": "req-ba3fa925-794f-4f26-a1fb-23897c19df49"}]}
2026-04-26 09:30:40.679 7 INFO neutron.services.segments.plugin [-] Segment bd4f6ecf-1fb4-4740-8e94-13b580976151 resource provider aggregate not found
2026-04-26 09:30:40.685 8 INFO neutron.services.segments.plugin [-] Segment e341cc40-11bd-41fa-8687-9d72d6d37722 resource provider not found; error: Placement Client Error (4xx): {"errors": [{"status": 404, "title": "Not Found", "detail": "The resource could not be found.\n\n No resource provider with uuid e341cc40-11bd-41fa-8687-9d72d6d37722 found for delete ", "request_id": "req-eb1dec92-51c2-4dfd-a90c-73b71297c906"}]}
2026-04-26 09:30:40.688 7 INFO neutron.services.segments.plugin [-] Segment bd4f6ecf-1fb4-4740-8e94-13b580976151 resource provider not found; error: Placement Client Error (4xx): {"errors": [{"status": 404, "title": "Not Found", "detail": "The resource could not be found.\n\n No resource provider with uuid bd4f6ecf-1fb4-4740-8e94-13b580976151 found for delete ", "request_id": "req-dfa2a2d3-18fe-4920-a667-3e62fee42d6c"}]}
2026-04-26 09:30:40.694 7 INFO neutron.services.segments.plugin [-] Segment bd4f6ecf-1fb4-4740-8e94-13b580976151 resource provider not found; error: Placement Client Error (4xx): {"errors": [{"status": 404, "title": "Not Found", "detail": "The resource could not be found.\n\n No resource provider with uuid bd4f6ecf-1fb4-4740-8e94-13b580976151 found for delete ", "request_id": "req-aa19f106-167c-4ea0-86a2-e948b8870938"}]}
2026-04-26 09:30:40.799 7 INFO neutron.plugins.ml2.drivers.ovn.mech_driver.mech_driver [None req-02e6e462-504b-458b-88d6-135716f979f8 - - - - - -] OVN reports status up for port: e320bc32-ea4a-4574-b73b-e8e6be21423f
2026-04-26 09:30:40.821 7 INFO neutron.plugins.ml2.plugin [None req-02e6e462-504b-458b-88d6-135716f979f8 - - - - - -] Attempt 1 to provision port e320bc32-ea4a-4574-b73b-e8e6be21423f
2026-04-26 09:30:40.826 8 INFO neutron.plugins.ml2.plugin [None req-e0a256a7-76b1-4667-80c0-97edbe9ddd5b e9db274431dc4482bee1dd074124908d b7a383c0c51146f79aba2a09ba5bda9f - - default default] Attempt 1 to provision port e320bc32-ea4a-4574-b73b-e8e6be21423f
2026-04-26 09:30:40.834 7 INFO neutron.db.ovn_revision_numbers_db [None req-abee7d73-c14f-4bef-87f5-2d7cdec2ba6e ce87efc174cc4417a1471200733371d8 07bbbfa534044daa9b83cdc50fd998f8 - - default default] Successfully bumped revision number for resource c8b16161-4b68-4c88-bdd2-0a399eae5ee0 (type: security_groups) to 1
2026-04-26 09:30:40.855 7 INFO neutron.db.ovn_revision_numbers_db [None req-abee7d73-c14f-4bef-87f5-2d7cdec2ba6e ce87efc174cc4417a1471200733371d8 07bbbfa534044daa9b83cdc50fd998f8 - - default default] Successfully bumped revision number for resource 5697f207-5848-438b-bf75-8c3eb01b7f4b (type: security_group_rules) to 0
2026-04-26 09:30:40.874 7 INFO neutron.db.ovn_revision_numbers_db [None req-abee7d73-c14f-4bef-87f5-2d7cdec2ba6e ce87efc174cc4417a1471200733371d8 07bbbfa534044daa9b83cdc50fd998f8 - - default default] Successfully bumped revision number for resource 9e9a8dcc-7365-4842-a7a1-12fea14c6d52 (type: security_group_rules) to 0
2026-04-26 09:30:40.896 7 INFO neutron.db.ovn_revision_numbers_db [None req-abee7d73-c14f-4bef-87f5-2d7cdec2ba6e ce87efc174cc4417a1471200733371d8 07bbbfa534044daa9b83cdc50fd998f8 - - default default] Successfully bumped revision number for resource a65ab6d4-ca18-4227-82c8-5bc6e1741c7d (type: security_group_rules) to 0
2026-04-26 09:30:40.900 8 WARNING neutron.scheduler.dhcp_agent_scheduler [None req-e0a256a7-76b1-4667-80c0-97edbe9ddd5b e9db274431dc4482bee1dd074124908d b7a383c0c51146f79aba2a09ba5bda9f - - default default] No more DHCP agents
2026-04-26 09:30:40.901 8 WARNING neutron.api.rpc.agentnotifiers.dhcp_rpc_agent_api [None req-e0a256a7-76b1-4667-80c0-97edbe9ddd5b e9db274431dc4482bee1dd074124908d b7a383c0c51146f79aba2a09ba5bda9f - - default default] Unable to schedule network 9f0b0a1d-f668-487b-9b5c-fbbb08156edd: no agents available; will retry on subsequent port and subnet creation events.
2026-04-26 09:30:40.922 7 INFO neutron.db.ovn_revision_numbers_db [None req-abee7d73-c14f-4bef-87f5-2d7cdec2ba6e ce87efc174cc4417a1471200733371d8 07bbbfa534044daa9b83cdc50fd998f8 - - default default] Successfully bumped revision number for resource c7f8f33d-d48f-41ca-b647-af89d3b06d94 (type: security_group_rules) to 0 [pid: 7|app: 0|req: 912/1767] 10.0.0.95 () {32 vars in 773 bytes} [Sun Apr 26 09:30:40 2026] GET /v2.0/security-groups?tenant_id=1eabe1fd172341bd9d5669ad02ba52b1&name=default => generated 2925 bytes in 442 msecs (HTTP/1.1 200) 4 headers in 158 bytes (1 switches on core 0)
2026-04-26 09:30:41.067 8 INFO neutron.db.ovn_revision_numbers_db [None req-e0a256a7-76b1-4667-80c0-97edbe9ddd5b e9db274431dc4482bee1dd074124908d b7a383c0c51146f79aba2a09ba5bda9f - - default default] Successfully bumped revision number for resource e320bc32-ea4a-4574-b73b-e8e6be21423f (type: router_ports) to 1 [pid: 8|app: 0|req: 856/1768] 10.0.0.95 () {34 vars in 782 bytes} [Sun Apr 26 09:30:39 2026] PUT /v2.0/routers/e3003f04-b16a-4bc1-bab3-ebbd5cb72729/add_router_interface => generated 309 bytes in 1266 msecs (HTTP/1.1 200) 4 headers in 157 bytes (1 switches on core 0) [pid: 8|app: 0|req: 857/1769] 10.0.0.95 () {32 vars in 716 bytes} [Sun Apr 26 09:30:41 2026] GET /v2.0/ports/e320bc32-ea4a-4574-b73b-e8e6be21423f => generated 947 bytes in 27 msecs (HTTP/1.1 200) 4 headers in 157 bytes (1 switches on core 0)
2026-04-26 09:30:41.460 7 INFO neutron.db.ovn_revision_numbers_db [None req-02e6e462-504b-458b-88d6-135716f979f8 - - - - - -] Successfully bumped revision number for resource e320bc32-ea4a-4574-b73b-e8e6be21423f (type: ports) to 2 [pid: 7|app: 0|req: 913/1770] 10.0.0.95 () {32 vars in 739 bytes} [Sun Apr 26 09:30:40 2026] DELETE /v2.0/security-groups/c8b16161-4b68-4c88-bdd2-0a399eae5ee0 => generated 0 bytes in 468 msecs (HTTP/1.1 204) 2 headers in 112 bytes (1 switches on core 0)
2026-04-26 09:30:41.568 8 WARNING neutron.scheduler.dhcp_agent_scheduler [None req-d070888a-92f7-4099-9a72-a64bd3edbd64 e9db274431dc4482bee1dd074124908d b7a383c0c51146f79aba2a09ba5bda9f - - default default] No more DHCP agents
2026-04-26 09:30:41.571 8 WARNING neutron.api.rpc.agentnotifiers.dhcp_rpc_agent_api [None req-d070888a-92f7-4099-9a72-a64bd3edbd64 e9db274431dc4482bee1dd074124908d b7a383c0c51146f79aba2a09ba5bda9f - - default default] Unable to schedule network 4c9f04b2-9802-4668-92dd-368ce680bce9: no agents available; will retry on subsequent port and subnet creation events.
2026-04-26 09:30:41.642 8 INFO neutron.plugins.ml2.drivers.ovn.mech_driver.mech_driver [None req-9e1d5ea3-3376-44be-8158-f434eec9f8b9 - - - - - -] OVN reports status down for port: 3ebc1031-599b-44e0-8be8-05a38e1062f9
2026-04-26 09:30:41.704 8 INFO neutron.db.ovn_revision_numbers_db [None req-d070888a-92f7-4099-9a72-a64bd3edbd64 e9db274431dc4482bee1dd074124908d b7a383c0c51146f79aba2a09ba5bda9f - - default default] Successfully bumped revision number for resource 3ebc1031-599b-44e0-8be8-05a38e1062f9 (type: ports) to 1
2026-04-26 09:30:41.704 7 INFO neutron.db.ovn_revision_numbers_db [None req-bd1102a8-c192-419c-8776-64da20f80cd2 ce87efc174cc4417a1471200733371d8 07bbbfa534044daa9b83cdc50fd998f8 - - default default] Successfully bumped revision number for resource 92ab51e6-44f2-46c6-9552-3f3866374408 (type: security_groups) to 1
2026-04-26 09:30:41.716 7 INFO neutron.db.ovn_revision_numbers_db [None req-bd1102a8-c192-419c-8776-64da20f80cd2 ce87efc174cc4417a1471200733371d8 07bbbfa534044daa9b83cdc50fd998f8 - - default default] Successfully bumped revision number for resource 1515fc00-7512-4650-827d-b9280fb09a3f (type: security_group_rules) to 0
2026-04-26 09:30:41.730 7 INFO neutron.db.ovn_revision_numbers_db [None req-bd1102a8-c192-419c-8776-64da20f80cd2 ce87efc174cc4417a1471200733371d8 07bbbfa534044daa9b83cdc50fd998f8 - - default default] Successfully bumped revision number for resource 40dfadef-0731-4e81-bc55-3946bac4b790 (type: security_group_rules) to 0
2026-04-26 09:30:41.742 7 INFO neutron.db.ovn_revision_numbers_db [None req-bd1102a8-c192-419c-8776-64da20f80cd2 ce87efc174cc4417a1471200733371d8 07bbbfa534044daa9b83cdc50fd998f8 - - default default] Successfully bumped revision number for resource c1e0e5b4-1726-4d88-b8ce-689e11948776 (type: security_group_rules) to 0
2026-04-26 09:30:41.753 7 INFO neutron.db.ovn_revision_numbers_db [None req-bd1102a8-c192-419c-8776-64da20f80cd2 ce87efc174cc4417a1471200733371d8 07bbbfa534044daa9b83cdc50fd998f8 - - default default] Successfully bumped revision number for resource e507f49e-f536-481f-ac07-b63907dd169e (type: security_group_rules) to 0 [pid: 7|app: 0|req: 914/1771] 10.0.0.95 () {32 vars in 773 bytes} [Sun Apr 26 09:30:41 2026] GET /v2.0/security-groups?tenant_id=c18e0080df374f9aac9f2c0c5b23f297&name=default => generated 2925 bytes in 233 msecs (HTTP/1.1 200) 4 headers in 158 bytes (1 switches on core 0) [pid: 7|app: 0|req: 915/1772] 10.0.0.95 () {32 vars in 739 bytes} [Sun Apr 26 09:30:41 2026] DELETE /v2.0/security-groups/92ab51e6-44f2-46c6-9552-3f3866374408 => generated 0 bytes in 210 msecs (HTTP/1.1 204) 2 headers in 112 bytes (1 switches on core 0) [pid: 7|app: 0|req: 916/1773] 10.0.0.95 () {32 vars in 773 bytes} [Sun Apr 26 09:30:42 2026] GET /v2.0/security-groups?tenant_id=fb6234c03d9a419fafcb20ccc9597b4a&name=default => generated 2925 bytes in 28 msecs (HTTP/1.1 200) 4 headers in 158 bytes (1 switches on core 0)
2026-04-26 09:30:42.256 8 INFO neutron.plugins.ml2.drivers.ovn.mech_driver.mech_driver [None req-9e1d5ea3-3376-44be-8158-f434eec9f8b9 - - - - - -] OVN reports status up for port: 3ebc1031-599b-44e0-8be8-05a38e1062f9
2026-04-26 09:30:42.280 8 INFO neutron.plugins.ml2.plugin [None req-9e1d5ea3-3376-44be-8158-f434eec9f8b9 - - - - - -] Attempt 1 to provision port 3ebc1031-599b-44e0-8be8-05a38e1062f9
