2026-04-26 09:30:00.077 7 INFO neutron.services.segments.plugin [-] Segment 1682368d-edec-43f5-9f92-69eb114fd1ab resource provider not found; error: Placement Client Error (4xx): {"errors": [{"status": 404, "title": "Not Found", "detail": "The resource could not be found.\n\n No resource provider with uuid 1682368d-edec-43f5-9f92-69eb114fd1ab found for delete ", "request_id": "req-c4124933-673c-4b27-ad25-27fbe379b083"}]} [pid: 7|app: 0|req: 759/1487] 10.0.0.95 () {32 vars in 725 bytes} [Sun Apr 26 09:29:59 2026] DELETE /v2.0/networks/653f9f5f-74b5-4790-abe7-55f63988cf55 => generated 0 bytes in 271 msecs (HTTP/1.1 204) 3 headers in 131 bytes (1 switches on core 0) [pid: 8|app: 0|req: 729/1488] 10.0.0.95 () {32 vars in 730 bytes} [Sun Apr 26 09:30:00 2026] GET /v2.0/subnets/8bea7741-3b44-4819-b992-ca2098518265/tags => generated 37 bytes in 42 msecs (HTTP/1.1 200) 4 headers in 156 bytes (1 switches on core 0) [pid: 7|app: 0|req: 760/1489] 10.0.0.95 () {32 vars in 738 bytes} [Sun Apr 26 09:30:00 2026] GET /v2.0/subnets/8bea7741-3b44-4819-b992-ca2098518265/tags/red => generated 0 bytes in 71 msecs (HTTP/1.1 204) 2 headers in 112 bytes (1 switches on core 0)
2026-04-26 09:30:00.220 8 INFO neutron.api.v2.resource [None req-f49c754e-2464-4d62-a27b-f7503dafc07a 64a922949d204cc98184fa8a5164bce5 5c114edbc64f4744bdd0a94c63f1ebe5 - - default default] show failed (client error): The resource could not be found. [pid: 8|app: 0|req: 730/1490] 10.0.0.95 () {32 vars in 742 bytes} [Sun Apr 26 09:30:00 2026] GET /v2.0/subnets/8bea7741-3b44-4819-b992-ca2098518265/tags/green => generated 99 bytes in 38 msecs (HTTP/1.1 404) 4 headers in 163 bytes (1 switches on core 0) [pid: 7|app: 0|req: 761/1491] 10.0.0.95 () {32 vars in 741 bytes} [Sun Apr 26 09:30:00 2026] DELETE /v2.0/subnets/8bea7741-3b44-4819-b992-ca2098518265/tags/red => generated 0 bytes in 60 msecs (HTTP/1.1 204) 2 headers in 112 bytes (1 switches on core 0) [pid: 8|app: 0|req: 731/1492] 10.0.0.95 () {32 vars in 730 bytes} [Sun Apr 26 09:30:00 2026] GET /v2.0/subnets/8bea7741-3b44-4819-b992-ca2098518265/tags => generated 30 bytes in 35 msecs (HTTP/1.1 200) 4 headers in 156 bytes (1 switches on core 0)
2026-04-26 09:30:00.369 7 INFO neutron.api.v2.resource [None req-22ebe910-7a63-4b16-991d-4a947ebd8359 64a922949d204cc98184fa8a5164bce5 5c114edbc64f4744bdd0a94c63f1ebe5 - - default default] delete failed (client error): The resource could not be found. [pid: 7|app: 0|req: 762/1493] 10.0.0.95 () {32 vars in 745 bytes} [Sun Apr 26 09:30:00 2026] DELETE /v2.0/subnets/8bea7741-3b44-4819-b992-ca2098518265/tags/green => generated 99 bytes in 41 msecs (HTTP/1.1 404) 4 headers in 163 bytes (1 switches on core 0) [pid: 8|app: 0|req: 732/1494] 10.0.0.95 () {32 vars in 733 bytes} [Sun Apr 26 09:30:00 2026] DELETE /v2.0/subnets/8bea7741-3b44-4819-b992-ca2098518265/tags => generated 0 bytes in 87 msecs (HTTP/1.1 204) 2 headers in 112 bytes (1 switches on core 0) [pid: 7|app: 0|req: 763/1495] 10.0.0.95 () {32 vars in 730 bytes} [Sun Apr 26 09:30:00 2026] GET /v2.0/subnets/8bea7741-3b44-4819-b992-ca2098518265/tags => generated 12 bytes in 38 msecs (HTTP/1.1 200) 4 headers in 156 bytes (1 switches on core 0) [pid: 8|app: 0|req: 733/1496] 10.0.0.95 () {32 vars in 723 bytes} [Sun Apr 26 09:30:00 2026] DELETE /v2.0/subnets/8bea7741-3b44-4819-b992-ca2098518265 => generated 0 bytes in 168 msecs (HTTP/1.1 204) 3 headers in 131 bytes (1 switches on core 0) [pid: 7|app: 0|req: 764/1497] 10.0.0.95 () {32 vars in 773 bytes} [Sun Apr 26 09:30:00 2026] GET /v2.0/security-groups?tenant_id=ad7cc41506f6473db5c8f839a6c3ef8d&name=default => generated 2925 bytes in 217 msecs (HTTP/1.1 200) 4 headers in 158 bytes (1 switches on core 0)
2026-04-26 09:30:00.823 8 INFO neutron_taas.services.taas.taas_plugin [None req-e156feb4-5c09-4ac0-95e8-cbc9a2539965 64a922949d204cc98184fa8a5164bce5 5c114edbc64f4744bdd0a94c63f1ebe5 - - default default] TaaS: Handle Delete Port: 58c025a4-2b95-44e9-bc37-885abb77eb05
2026-04-26 09:30:00.825 8 INFO neutron_taas.services.taas.tap_mirror_plugin [None req-e156feb4-5c09-4ac0-95e8-cbc9a2539965 64a922949d204cc98184fa8a5164bce5 5c114edbc64f4744bdd0a94c63f1ebe5 - - default default] Tap Mirror: Handle Delete Port: 58c025a4-2b95-44e9-bc37-885abb77eb05
2026-04-26 09:30:01.060 8 INFO neutron.services.segments.plugin [-] Segment 6b111ab2-1c6f-4c2c-91bd-0c749a6fce8e resource provider aggregate not found [pid: 7|app: 0|req: 765/1498] 10.0.0.95 () {32 vars in 739 bytes} [Sun Apr 26 09:30:00 2026] DELETE /v2.0/security-groups/34343a17-9a2a-4a33-a4b3-2b2867931809 => generated 0 bytes in 273 msecs (HTTP/1.1 204) 2 headers in 112 bytes (1 switches on core 0)
2026-04-26 09:30:01.065 8 INFO neutron.services.segments.plugin [-] Segment 6b111ab2-1c6f-4c2c-91bd-0c749a6fce8e resource provider aggregate not found
2026-04-26 09:30:01.081 8 INFO neutron.services.segments.plugin [-] Segment 6b111ab2-1c6f-4c2c-91bd-0c749a6fce8e resource provider not found; error: Placement Client Error (4xx): {"errors": [{"status": 404, "title": "Not Found", "detail": "The resource could not be found.\n\n No resource provider with uuid 6b111ab2-1c6f-4c2c-91bd-0c749a6fce8e found for delete ", "request_id": "req-0a08c440-0928-4050-ba92-efe66193d8eb"}]}
2026-04-26 09:30:01.090 8 INFO neutron.services.segments.plugin [-] Segment 6b111ab2-1c6f-4c2c-91bd-0c749a6fce8e resource provider not found; error: Placement Client Error (4xx): {"errors": [{"status": 404, "title": "Not Found", "detail": "The resource could not be found.\n\n No resource provider with uuid 6b111ab2-1c6f-4c2c-91bd-0c749a6fce8e found for delete ", "request_id": "req-d764fcfb-bc6d-41a1-ae0f-5df58fe2bb8e"}]} [pid: 8|app: 0|req: 734/1499] 10.0.0.95 () {32 vars in 725 bytes} [Sun Apr 26 09:30:00 2026] DELETE /v2.0/networks/150c3d00-88dd-405f-9428-93c76b981295 => generated 0 bytes in 397 msecs (HTTP/1.1 204) 3 headers in 131 bytes (1 switches on core 0)
2026-04-26 09:30:01.602 8 WARNING neutron.plugins.ml2.drivers.ovn.mech_driver.ovsdb.ovn_client [None req-9e1d5ea3-3376-44be-8158-f434eec9f8b9 - - - - - -] No port found with ID 9e54b424-47ac-4ec3-ae5f-1ee299bd52be: RuntimeError: No port found with ID 9e54b424-47ac-4ec3-ae5f-1ee299bd52be
2026-04-26 09:30:01.612 8 INFO neutron.plugins.ml2.drivers.ovn.mech_driver.mech_driver [None req-9e1d5ea3-3376-44be-8158-f434eec9f8b9 - - - - - -] OVN reports status down for port: b9bfe19e-ba57-403a-9665-38936edad043
2026-04-26 09:30:01.626 8 INFO neutron.plugins.ml2.drivers.ovn.mech_driver.mech_driver [None req-9e1d5ea3-3376-44be-8158-f434eec9f8b9 - - - - - -] OVN reports status down for port: 3d79e5e3-bf07-431b-a817-6780166c5f75 /var/lib/openstack/lib/python3.12/site-packages/pycadf/identifier.py:70: UserWarning: Invalid uuid: neutron. To ensure interoperability, identifiers should be a valid uuid. warnings.warn(('Invalid uuid: %s. To ensure interoperability, ' [pid: 8|app: 0|req: 735/1500] 10.0.0.234 () {34 vars in 990 bytes} [Sun Apr 26 09:30:01 2026] GET /v2.0/ports?device_id=e045f4e0-1a2c-4197-9b55-534475d74b83 => generated 1010 bytes in 53 msecs (HTTP/1.1 200) 4 headers in 158 bytes (1 switches on core 0)
2026-04-26 09:30:02.003 7 INFO neutron.db.ovn_revision_numbers_db [None req-5b8771d0-6a3f-45b7-a51f-f780e5a4bdac ce87efc174cc4417a1471200733371d8 07bbbfa534044daa9b83cdc50fd998f8 - - default default] Successfully bumped revision number for resource 532ed154-8d50-426d-a569-5def3a9fd48b (type: security_groups) to 1
2026-04-26 09:30:02.013 7 INFO neutron.db.ovn_revision_numbers_db [None req-5b8771d0-6a3f-45b7-a51f-f780e5a4bdac ce87efc174cc4417a1471200733371d8 07bbbfa534044daa9b83cdc50fd998f8 - - default default] Successfully bumped revision number for resource 1f4c923d-2cf1-4f92-988a-30b50a2d1fe0 (type: security_group_rules) to 0
2026-04-26 09:30:02.026 7 INFO neutron.db.ovn_revision_numbers_db [None req-5b8771d0-6a3f-45b7-a51f-f780e5a4bdac ce87efc174cc4417a1471200733371d8 07bbbfa534044daa9b83cdc50fd998f8 - - default default] Successfully bumped revision number for resource 36daac14-f141-43f5-9c0f-e5bd0619424b (type: security_group_rules) to 0 [pid: 8|app: 0|req: 736/1501] 10.0.0.234 () {34 vars in 1120 bytes} [Sun Apr 26 09:30:01 2026] GET /v2.0/security-groups?id=5e7e779b-0502-403f-93ce-74c5433e8d73&id=25919130-a6ef-4f26-9556-844f356a0567&fields=id&fields=name => generated 206 bytes in 34 msecs (HTTP/1.1 200) 4 headers in 157 bytes (1 switches on core 0)
2026-04-26 09:30:02.055 7 INFO neutron.db.ovn_revision_numbers_db [None req-5b8771d0-6a3f-45b7-a51f-f780e5a4bdac ce87efc174cc4417a1471200733371d8 07bbbfa534044daa9b83cdc50fd998f8 - - default default] Successfully bumped revision number for resource 58fab5f9-9cf2-47d0-bd0f-4bdc761fe308 (type: security_group_rules) to 0
2026-04-26 09:30:02.071 7 INFO neutron.db.ovn_revision_numbers_db [None req-5b8771d0-6a3f-45b7-a51f-f780e5a4bdac ce87efc174cc4417a1471200733371d8 07bbbfa534044daa9b83cdc50fd998f8 - - default default] Successfully bumped revision number for resource ad8f687a-a92e-47f3-b6a3-c32b905203cc (type: security_group_rules) to 0 [pid: 7|app: 0|req: 766/1502] 10.0.0.95 () {32 vars in 773 bytes} [Sun Apr 26 09:30:01 2026] GET /v2.0/security-groups?tenant_id=26afd7a88f7546b8b1d296d51888ecdb&name=default => generated 2925 bytes in 410 msecs (HTTP/1.1 200) 4 headers in 158 bytes (1 switches on core 0) [pid: 8|app: 0|req: 737/1505] 10.0.0.95 () {32 vars in 739 bytes} [Sun Apr 26 09:30:02 2026] DELETE /v2.0/security-groups/532ed154-8d50-426d-a569-5def3a9fd48b => generated 0 bytes in 226 msecs (HTTP/1.1 204) 2 headers in 112 bytes (1 switches on core 0) [pid: 7|app: 0|req: 769/1506] 10.0.0.95 () {32 vars in 773 bytes} [Sun Apr 26 09:30:02 2026] GET /v2.0/security-groups?tenant_id=5c114edbc64f4744bdd0a94c63f1ebe5&name=default => generated 2925 bytes in 33 msecs (HTTP/1.1 200) 4 headers in 158 bytes (1 switches on core 0) [pid: 8|app: 0|req: 738/1507] 10.0.0.95 () {32 vars in 739 bytes} [Sun Apr 26 09:30:02 2026] DELETE /v2.0/security-groups/65ccce86-6f62-4ce2-880c-55bf20aacb74 => generated 0 bytes in 222 msecs (HTTP/1.1 204) 2 headers in 112 bytes (1 switches on core 0)
2026-04-26 09:30:02.974 7 INFO neutron.plugins.ml2.drivers.ovn.mech_driver.mech_driver [None req-ed55dfd2-d4af-4198-92dd-05dfae2f559e - - - - - -] OVN reports status down for port: b2a46d70-f47f-4852-924d-e6fd032539f8
2026-04-26 09:30:03.189 7 INFO neutron.notifiers.nova [-] Nova event matching ['req-00d3517d-773a-4bde-922e-db5cd316e7cf'] response: {'server_uuid': 'e045f4e0-1a2c-4197-9b55-534475d74b83', 'name': 'network-vif-unplugged', 'status': 'completed', 'tag': 'b2a46d70-f47f-4852-924d-e6fd032539f8', 'code': 200}
2026-04-26 09:30:03.194 8 INFO neutron.db.ovn_revision_numbers_db [None req-5683bf12-a7e0-4eb0-90cb-f6a56a159e1b 33d0c2972d934b0680d757713216f4b9 594a38a00a9542fa8588fd0834c26f6b - - default default] Successfully bumped revision number for resource fa9c10c3-6179-44d6-b72a-5d2cee2bdeea (type: security_groups) to 1
2026-04-26 09:30:03.214 8 INFO neutron.db.ovn_revision_numbers_db [None req-5683bf12-a7e0-4eb0-90cb-f6a56a159e1b 33d0c2972d934b0680d757713216f4b9 594a38a00a9542fa8588fd0834c26f6b - - default default] Successfully bumped revision number for resource 9759f2d2-5ec4-4a0a-9769-1bff36c20fc8 (type: security_group_rules) to 0
2026-04-26 09:30:03.233 8 INFO neutron.db.ovn_revision_numbers_db [None req-5683bf12-a7e0-4eb0-90cb-f6a56a159e1b 33d0c2972d934b0680d757713216f4b9 594a38a00a9542fa8588fd0834c26f6b - - default default] Successfully bumped revision number for resource a7880d13-5ce1-4839-937b-73768186c7fa (type: security_group_rules) to 0
2026-04-26 09:30:03.258 8 INFO neutron.db.ovn_revision_numbers_db [None req-5683bf12-a7e0-4eb0-90cb-f6a56a159e1b 33d0c2972d934b0680d757713216f4b9 594a38a00a9542fa8588fd0834c26f6b - - default default] Successfully bumped revision number for resource ad0cbedf-675a-41c2-b1e9-80b49960f715 (type: security_group_rules) to 0
2026-04-26 09:30:03.275 8 INFO neutron.db.ovn_revision_numbers_db [None req-5683bf12-a7e0-4eb0-90cb-f6a56a159e1b 33d0c2972d934b0680d757713216f4b9 594a38a00a9542fa8588fd0834c26f6b - - default default] Successfully bumped revision number for resource c501e04a-18bd-418f-af6e-761eda4bf9e0 (type: security_group_rules) to 0
2026-04-26 09:30:03.287 7 INFO neutron.db.ovn_revision_numbers_db [None req-7a5110b8-3791-45a5-a3d5-9b44123bdb60 79ce0bddb7d84d97ae2252985992eac0 9e169934ecdb4763b86cd43c6dfc38e5 - - default default] Successfully bumped revision number for resource e8a8d0aa-709a-4d29-ae03-0858a8621c0c (type: security_groups) to 1
2026-04-26 09:30:03.303 7 INFO neutron.db.ovn_revision_numbers_db [None req-7a5110b8-3791-45a5-a3d5-9b44123bdb60 79ce0bddb7d84d97ae2252985992eac0 9e169934ecdb4763b86cd43c6dfc38e5 - - default default] Successfully bumped revision number for resource 4e94f96c-2e01-4554-b7db-2269a1138ced (type: security_group_rules) to 0
2026-04-26 09:30:03.320 7 INFO neutron.db.ovn_revision_numbers_db [None req-7a5110b8-3791-45a5-a3d5-9b44123bdb60 79ce0bddb7d84d97ae2252985992eac0 9e169934ecdb4763b86cd43c6dfc38e5 - - default default] Successfully bumped revision number for resource a5360c26-1f8c-4ff4-b3e1-b26e46154fe4 (type: security_group_rules) to 0
2026-04-26 09:30:03.334 7 INFO neutron.db.ovn_revision_numbers_db [None req-7a5110b8-3791-45a5-a3d5-9b44123bdb60 79ce0bddb7d84d97ae2252985992eac0 9e169934ecdb4763b86cd43c6dfc38e5 - - default default] Successfully bumped revision number for resource b816fe39-2105-4ccf-b10d-678ef9caf6d8 (type: security_group_rules) to 0
2026-04-26 09:30:03.350 7 INFO neutron.db.ovn_revision_numbers_db [None req-7a5110b8-3791-45a5-a3d5-9b44123bdb60 79ce0bddb7d84d97ae2252985992eac0 9e169934ecdb4763b86cd43c6dfc38e5 - - default default] Successfully bumped revision number for resource e0395c81-6454-4490-86d0-2903ae9aee97 (type: security_group_rules) to 0
2026-04-26 09:30:03.366 8 INFO neutron.db.segments_db [None req-5683bf12-a7e0-4eb0-90cb-f6a56a159e1b 33d0c2972d934b0680d757713216f4b9 594a38a00a9542fa8588fd0834c26f6b - - default default] Added segment d52667fb-f5c9-43cf-bbad-50644c22bed1 of type geneve for network cc3c6ed0-f0f1-4fef-8a22-16f608fbfae3
2026-04-26 09:30:03.414 7 INFO neutron.db.ovn_revision_numbers_db [None req-ed55dfd2-d4af-4198-92dd-05dfae2f559e - - - - - -] Successfully bumped revision number for resource b2a46d70-f47f-4852-924d-e6fd032539f8 (type: ports) to 6
2026-04-26 09:30:03.479 8 INFO neutron.db.ovn_revision_numbers_db [None req-5683bf12-a7e0-4eb0-90cb-f6a56a159e1b 33d0c2972d934b0680d757713216f4b9 594a38a00a9542fa8588fd0834c26f6b - - default default] Successfully bumped revision number for resource cc3c6ed0-f0f1-4fef-8a22-16f608fbfae3 (type: networks) to 1
2026-04-26 09:30:03.485 7 INFO neutron.db.segments_db [None req-7a5110b8-3791-45a5-a3d5-9b44123bdb60 79ce0bddb7d84d97ae2252985992eac0 9e169934ecdb4763b86cd43c6dfc38e5 - - default default] Added segment b47ba27b-b3d5-4231-abc4-f9cc230b64f7 of type geneve for network 33df7539-85c4-4bc2-b4db-7e0e1eeeeec4
2026-04-26 09:30:03.599 7 INFO neutron.db.segments_db [None req-7a5110b8-3791-45a5-a3d5-9b44123bdb60 79ce0bddb7d84d97ae2252985992eac0 9e169934ecdb4763b86cd43c6dfc38e5 - - default default] Added segment 863d86e4-a821-48b1-b6ad-6a8c3af4d062 of type geneve for network ed197991-27e2-4f7d-89ad-109ce43de2cb
2026-04-26 09:30:03.667 8 WARNING neutron.scheduler.dhcp_agent_scheduler [None req-5683bf12-a7e0-4eb0-90cb-f6a56a159e1b 33d0c2972d934b0680d757713216f4b9 594a38a00a9542fa8588fd0834c26f6b - - default default] No more DHCP agents
2026-04-26 09:30:03.668 8 WARNING neutron.api.rpc.agentnotifiers.dhcp_rpc_agent_api [None req-5683bf12-a7e0-4eb0-90cb-f6a56a159e1b 33d0c2972d934b0680d757713216f4b9 594a38a00a9542fa8588fd0834c26f6b - - default default] Unable to schedule network cc3c6ed0-f0f1-4fef-8a22-16f608fbfae3: no agents available; will retry on subsequent port and subnet creation events.
2026-04-26 09:30:03.711 7 INFO neutron.db.ovn_revision_numbers_db [None req-7a5110b8-3791-45a5-a3d5-9b44123bdb60 79ce0bddb7d84d97ae2252985992eac0 9e169934ecdb4763b86cd43c6dfc38e5 - - default default] Successfully bumped revision number for resource 33df7539-85c4-4bc2-b4db-7e0e1eeeeec4 (type: networks) to 1
2026-04-26 09:30:03.745 7 INFO neutron.plugins.ml2.drivers.ovn.mech_driver.mech_driver [None req-02e6e462-504b-458b-88d6-135716f979f8 - - - - - -] OVN reports status down for port: 8042daf1-45da-4358-ba5d-ad9d672013b1
2026-04-26 09:30:03.762 8 INFO neutron.db.ovn_revision_numbers_db [None req-5683bf12-a7e0-4eb0-90cb-f6a56a159e1b 33d0c2972d934b0680d757713216f4b9 594a38a00a9542fa8588fd0834c26f6b - - default default] Successfully bumped revision number for resource 8042daf1-45da-4358-ba5d-ad9d672013b1 (type: ports) to 1 [pid: 8|app: 0|req: 739/1508] 10.0.0.95 () {34 vars in 669 bytes} [Sun Apr 26 09:30:02 2026] POST /v2.0/networks => generated 749 bytes in 797 msecs (HTTP/1.1 201) 4 headers in 162 bytes (1 switches on core 0) [pid: 8|app: 0|req: 740/1509] 10.0.0.234 () {34 vars in 990 bytes} [Sun Apr 26 09:30:03 2026] GET /v2.0/ports?device_id=e045f4e0-1a2c-4197-9b55-534475d74b83 => generated 1008 bytes in 67 msecs (HTTP/1.1 200) 4 headers in 158 bytes (1 switches on core 0)
2026-04-26 09:30:03.938 7 WARNING neutron.scheduler.dhcp_agent_scheduler [None req-7a5110b8-3791-45a5-a3d5-9b44123bdb60 79ce0bddb7d84d97ae2252985992eac0 9e169934ecdb4763b86cd43c6dfc38e5 - - default default] No more DHCP agents
2026-04-26 09:30:03.939 7 WARNING neutron.api.rpc.agentnotifiers.dhcp_rpc_agent_api [None req-7a5110b8-3791-45a5-a3d5-9b44123bdb60 79ce0bddb7d84d97ae2252985992eac0 9e169934ecdb4763b86cd43c6dfc38e5 - - default default] Unable to schedule network 33df7539-85c4-4bc2-b4db-7e0e1eeeeec4: no agents available; will retry on subsequent port and subnet creation events.
2026-04-26 09:30:03.987 7 INFO neutron.plugins.ml2.drivers.ovn.mech_driver.mech_driver [None req-02e6e462-504b-458b-88d6-135716f979f8 - - - - - -] OVN reports status down for port: 9fd77a69-12cf-489a-957b-7edba725a6e9
2026-04-26 09:30:03.999 8 WARNING neutron.scheduler.dhcp_agent_scheduler [None req-430a1f6d-8e33-4ec3-af60-303ab6ed335b 33d0c2972d934b0680d757713216f4b9 594a38a00a9542fa8588fd0834c26f6b - - default default] No more DHCP agents
2026-04-26 09:30:04.000 8 WARNING neutron.api.rpc.agentnotifiers.dhcp_rpc_agent_api [None req-430a1f6d-8e33-4ec3-af60-303ab6ed335b 33d0c2972d934b0680d757713216f4b9 594a38a00a9542fa8588fd0834c26f6b - - default default] Unable to schedule network cc3c6ed0-f0f1-4fef-8a22-16f608fbfae3: no agents available; will retry on subsequent port and subnet creation events.
2026-04-26 09:30:04.036 7 INFO neutron.db.ovn_revision_numbers_db [None req-7a5110b8-3791-45a5-a3d5-9b44123bdb60 79ce0bddb7d84d97ae2252985992eac0 9e169934ecdb4763b86cd43c6dfc38e5 - - default default] Successfully bumped revision number for resource 9fd77a69-12cf-489a-957b-7edba725a6e9 (type: ports) to 1
2026-04-26 09:30:04.119 7 INFO neutron.db.ovn_revision_numbers_db [None req-7a5110b8-3791-45a5-a3d5-9b44123bdb60 79ce0bddb7d84d97ae2252985992eac0 9e169934ecdb4763b86cd43c6dfc38e5 - - default default] Successfully bumped revision number for resource ed197991-27e2-4f7d-89ad-109ce43de2cb (type: networks) to 1
2026-04-26 09:30:04.253 7 WARNING neutron.scheduler.dhcp_agent_scheduler [None req-7a5110b8-3791-45a5-a3d5-9b44123bdb60 79ce0bddb7d84d97ae2252985992eac0 9e169934ecdb4763b86cd43c6dfc38e5 - - default default] No more DHCP agents
2026-04-26 09:30:04.254 7 WARNING neutron.api.rpc.agentnotifiers.dhcp_rpc_agent_api [None req-7a5110b8-3791-45a5-a3d5-9b44123bdb60 79ce0bddb7d84d97ae2252985992eac0 9e169934ecdb4763b86cd43c6dfc38e5 - - default default] Unable to schedule network ed197991-27e2-4f7d-89ad-109ce43de2cb: no agents available; will retry on subsequent port and subnet creation events.
2026-04-26 09:30:04.323 7 INFO neutron.db.ovn_revision_numbers_db [None req-7a5110b8-3791-45a5-a3d5-9b44123bdb60 79ce0bddb7d84d97ae2252985992eac0 9e169934ecdb4763b86cd43c6dfc38e5 - - default default] Successfully bumped revision number for resource 6664143b-229a-4bd4-a4b1-5e6848cbcbc3 (type: ports) to 1
2026-04-26 09:30:04.328 8 INFO neutron.plugins.ml2.drivers.ovn.mech_driver.mech_driver [None req-9e1d5ea3-3376-44be-8158-f434eec9f8b9 - - - - - -] OVN reports status down for port: 6664143b-229a-4bd4-a4b1-5e6848cbcbc3 [pid: 7|app: 0|req: 770/1510] 10.0.0.95 () {34 vars in 669 bytes} [Sun Apr 26 09:30:02 2026] POST /v2.0/networks => generated 1284 bytes in 1505 msecs (HTTP/1.1 201) 4 headers in 163 bytes (1 switches on core 0) /var/lib/openstack/lib/python3.12/site-packages/pycadf/identifier.py:70: UserWarning: Invalid uuid: neutron. To ensure interoperability, identifiers should be a valid uuid. warnings.warn(('Invalid uuid: %s. To ensure interoperability, ' [pid: 7|app: 0|req: 771/1511] 10.0.0.234 () {34 vars in 1120 bytes} [Sun Apr 26 09:30:04 2026] GET /v2.0/security-groups?id=5e7e779b-0502-403f-93ce-74c5433e8d73&id=25919130-a6ef-4f26-9556-844f356a0567&fields=id&fields=name => generated 206 bytes in 31 msecs (HTTP/1.1 200) 4 headers in 157 bytes (1 switches on core 0) [pid: 7|app: 0|req: 772/1512] 199.204.45.77 () {34 vars in 993 bytes} [Sun Apr 26 09:30:04 2026] GET /v2.0/ports?device_id=e045f4e0-1a2c-4197-9b55-534475d74b83 => generated 1008 bytes in 65 msecs (HTTP/1.1 200) 4 headers in 158 bytes (1 switches on core 0)
2026-04-26 09:30:04.516 8 INFO neutron.db.ovn_revision_numbers_db [None req-dbaeccf3-7c6c-45a7-8732-e269796e4d2d - - - - - -] Successfully bumped revision number for resource 8042daf1-45da-4358-ba5d-ad9d672013b1 (type: ports) to 2 [pid: 7|app: 0|req: 773/1513] 10.0.0.95 () {32 vars in 648 bytes} [Sun Apr 26 09:30:04 2026] GET /v2.0/networks => generated 1971 bytes in 66 msecs (HTTP/1.1 200) 4 headers in 158 bytes (1 switches on core 0)
2026-04-26 09:30:04.569 8 INFO neutron.db.ovn_revision_numbers_db [None req-dbaeccf3-7c6c-45a7-8732-e269796e4d2d - - - - - -] Successfully bumped revision number for resource b841d8e2-28ae-43ee-b644-a993cf6fa0b5 (type: subnets) to 0 [pid: 8|app: 0|req: 741/1514] 10.0.0.95 () {34 vars in 668 bytes} [Sun Apr 26 09:30:03 2026] POST /v2.0/subnets => generated 644 bytes in 729 msecs (HTTP/1.1 201) 4 headers in 162 bytes (1 switches on core 0)
2026-04-26 09:30:04.654 7 INFO neutron_taas.services.taas.taas_plugin [req-7be8d89b-d306-479c-a04a-66c2d5677b5e req-79f7cd37-fad4-43a7-ab43-a902f64e57b2 98e169107dff4f59a28e3088706c8f42 24198b88bc784836a622048197b504bc - - default default] TaaS: Handle Delete Port: b2a46d70-f47f-4852-924d-e6fd032539f8
2026-04-26 09:30:04.657 7 INFO neutron_taas.services.taas.tap_mirror_plugin [req-7be8d89b-d306-479c-a04a-66c2d5677b5e req-79f7cd37-fad4-43a7-ab43-a902f64e57b2 98e169107dff4f59a28e3088706c8f42 24198b88bc784836a622048197b504bc - - default default] Tap Mirror: Handle Delete Port: b2a46d70-f47f-4852-924d-e6fd032539f8
2026-04-26 09:30:04.703 8 INFO neutron_taas.services.taas.taas_plugin [None req-fd557c0c-fda3-40ff-824f-10609c9f78ed 79ce0bddb7d84d97ae2252985992eac0 9e169934ecdb4763b86cd43c6dfc38e5 - - default default] TaaS: Handle Delete Port: 9fd77a69-12cf-489a-957b-7edba725a6e9
2026-04-26 09:30:04.706 8 INFO neutron_taas.services.taas.tap_mirror_plugin [None req-fd557c0c-fda3-40ff-824f-10609c9f78ed 79ce0bddb7d84d97ae2252985992eac0 9e169934ecdb4763b86cd43c6dfc38e5 - - default default] Tap Mirror: Handle Delete Port: 9fd77a69-12cf-489a-957b-7edba725a6e9
2026-04-26 09:30:04.889 7 INFO neutron.db.l3_db [req-7be8d89b-d306-479c-a04a-66c2d5677b5e req-79f7cd37-fad4-43a7-ab43-a902f64e57b2 98e169107dff4f59a28e3088706c8f42 24198b88bc784836a622048197b504bc - - default default] Floating IP e668a332-07e4-4583-99f8-5a087ffca32b disassociated. External IP: 10.96.250.215, port: b2a46d70-f47f-4852-924d-e6fd032539f8.
2026-04-26 09:30:04.902 8 INFO neutron.services.segments.plugin [-] Segment b47ba27b-b3d5-4231-abc4-f9cc230b64f7 resource provider aggregate not found
2026-04-26 09:30:04.902 8 INFO neutron.services.segments.plugin [-] Segment b47ba27b-b3d5-4231-abc4-f9cc230b64f7 resource provider aggregate not found
2026-04-26 09:30:04.924 8 INFO neutron.services.segments.plugin [-] Segment b47ba27b-b3d5-4231-abc4-f9cc230b64f7 resource provider not found; error: Placement Client Error (4xx): {"errors": [{"status": 404, "title": "Not Found", "detail": "The resource could not be found.\n\n No resource provider with uuid b47ba27b-b3d5-4231-abc4-f9cc230b64f7 found for delete ", "request_id": "req-227f8556-2033-40d1-bd1a-2382d5e6fe9c"}]}
2026-04-26 09:30:04.926 8 INFO neutron.services.segments.plugin [-] Segment b47ba27b-b3d5-4231-abc4-f9cc230b64f7 resource provider not found; error: Placement Client Error (4xx): {"errors": [{"status": 404, "title": "Not Found", "detail": "The resource could not be found.\n\n No resource provider with uuid b47ba27b-b3d5-4231-abc4-f9cc230b64f7 found for delete ", "request_id": "req-0b3243d7-8e4b-4259-a197-0a1afb4ab5fe"}]} [pid: 8|app: 0|req: 742/1515] 10.0.0.95 () {32 vars in 725 bytes} [Sun Apr 26 09:30:04 2026] DELETE /v2.0/networks/33df7539-85c4-4bc2-b4db-7e0e1eeeeec4 => generated 0 bytes in 371 msecs (HTTP/1.1 204) 3 headers in 131 bytes (1 switches on core 0)
2026-04-26 09:30:04.962 8 WARNING neutron.api.v2.base [None req-a38f3c71-d8e4-4b30-9666-1975c86c1e24 33d0c2972d934b0680d757713216f4b9 594a38a00a9542fa8588fd0834c26f6b - - default default] An exception happened while processing the request body. The exception message is [Invalid input for target_tenant. Reason: 'None' is not a valid string.].: webob.exc.HTTPBadRequest: Invalid input for target_tenant. Reason: 'None' is not a valid string.
2026-04-26 09:30:04.963 8 INFO neutron.api.v2.resource [None req-a38f3c71-d8e4-4b30-9666-1975c86c1e24 33d0c2972d934b0680d757713216f4b9 594a38a00a9542fa8588fd0834c26f6b - - default default] create failed (client error): Invalid input for target_tenant. Reason: 'None' is not a valid string. [pid: 8|app: 0|req: 743/1516] 10.0.0.95 () {34 vars in 680 bytes} [Sun Apr 26 09:30:04 2026] POST /v2.0/rbac-policies => generated 143 bytes in 6 msecs (HTTP/1.1 400) 4 headers in 166 bytes (1 switches on core 0) [pid: 7|app: 0|req: 774/1517] 199.204.45.77 () {36 vars in 996 bytes} [Sun Apr 26 09:30:04 2026] DELETE /v2.0/ports/b2a46d70-f47f-4852-924d-e6fd032539f8 => generated 0 bytes in 516 msecs (HTTP/1.1 204) 3 headers in 131 bytes (1 switches on core 0) /var/lib/openstack/lib/python3.12/site-packages/pycadf/identifier.py:70: UserWarning: Invalid uuid: neutron. To ensure interoperability, identifiers should be a valid uuid. warnings.warn(('Invalid uuid: %s. To ensure interoperability, '
2026-04-26 09:30:05.102 8 INFO neutron_taas.services.taas.taas_plugin [None req-7276eb5d-532e-4ab0-90bb-8fb8d382581a 79ce0bddb7d84d97ae2252985992eac0 9e169934ecdb4763b86cd43c6dfc38e5 - - default default] TaaS: Handle Delete Port: 6664143b-229a-4bd4-a4b1-5e6848cbcbc3
2026-04-26 09:30:05.105 8 INFO neutron_taas.services.taas.tap_mirror_plugin [None req-7276eb5d-532e-4ab0-90bb-8fb8d382581a 79ce0bddb7d84d97ae2252985992eac0 9e169934ecdb4763b86cd43c6dfc38e5 - - default default] Tap Mirror: Handle Delete Port: 6664143b-229a-4bd4-a4b1-5e6848cbcbc3
2026-04-26 09:30:05.175 7 INFO neutron_taas.services.taas.taas_plugin [None req-fd149fab-e8ef-423a-8e56-b0965c7ef2b6 33d0c2972d934b0680d757713216f4b9 594a38a00a9542fa8588fd0834c26f6b - - default default] TaaS: Handle Delete Port: 8042daf1-45da-4358-ba5d-ad9d672013b1
2026-04-26 09:30:05.178 7 INFO neutron_taas.services.taas.tap_mirror_plugin [None req-fd149fab-e8ef-423a-8e56-b0965c7ef2b6 33d0c2972d934b0680d757713216f4b9 594a38a00a9542fa8588fd0834c26f6b - - default default] Tap Mirror: Handle Delete Port: 8042daf1-45da-4358-ba5d-ad9d672013b1
2026-04-26 09:30:05.234 7 INFO neutron.notifiers.nova [-] Nova event matching ['req-84bfc43b-8d87-44bb-bac6-c3a1cb881f62'] response: {'server_uuid': 'e045f4e0-1a2c-4197-9b55-534475d74b83', 'name': 'network-vif-unplugged', 'status': 'completed', 'tag': 'b2a46d70-f47f-4852-924d-e6fd032539f8', 'code': 200}
2026-04-26 09:30:05.234 7 INFO neutron.notifiers.nova [-] Nova event matching ['req-84bfc43b-8d87-44bb-bac6-c3a1cb881f62'] response: {'server_uuid': 'e045f4e0-1a2c-4197-9b55-534475d74b83', 'name': 'network-vif-deleted', 'tag': 'b2a46d70-f47f-4852-924d-e6fd032539f8', 'status': 'completed', 'code': 200} [pid: 8|app: 0|req: 744/1518] 10.0.0.95 () {32 vars in 725 bytes} [Sun Apr 26 09:30:04 2026] DELETE /v2.0/networks/ed197991-27e2-4f7d-89ad-109ce43de2cb => generated 0 bytes in 391 msecs (HTTP/1.1 204) 3 headers in 131 bytes (1 switches on core 0) [pid: 8|app: 0|req: 745/1519] 10.0.0.95 () {32 vars in 648 bytes} [Sun Apr 26 09:30:05 2026] GET /v2.0/networks => generated 689 bytes in 44 msecs (HTTP/1.1 200) 4 headers in 157 bytes (1 switches on core 0)
2026-04-26 09:30:05.509 8 INFO neutron.db.segments_db [None req-412b4b42-8453-4238-beea-b9519423adbd 79ce0bddb7d84d97ae2252985992eac0 9e169934ecdb4763b86cd43c6dfc38e5 - - default default] Added segment fa6e29df-d5f6-4c82-bc16-9b24a99751c0 of type geneve for network b37aae16-a17b-4966-9820-6431330f2237
2026-04-26 09:30:05.528 7 INFO neutron.services.segments.plugin [-] Segment d52667fb-f5c9-43cf-bbad-50644c22bed1 resource provider aggregate not found
2026-04-26 09:30:05.537 7 INFO neutron.services.segments.plugin [-] Segment d52667fb-f5c9-43cf-bbad-50644c22bed1 resource provider aggregate not found
2026-04-26 09:30:05.541 7 INFO neutron.services.segments.plugin [-] Segment d52667fb-f5c9-43cf-bbad-50644c22bed1 resource provider not found; error: Placement Client Error (4xx): {"errors": [{"status": 404, "title": "Not Found", "detail": "The resource could not be found.\n\n No resource provider with uuid d52667fb-f5c9-43cf-bbad-50644c22bed1 found for delete ", "request_id": "req-0d634d4a-031c-47b6-a1ae-c2c38379edf8"}]}
2026-04-26 09:30:05.555 7 INFO neutron.services.segments.plugin [-] Segment d52667fb-f5c9-43cf-bbad-50644c22bed1 resource provider not found; error: Placement Client Error (4xx): {"errors": [{"status": 404, "title": "Not Found", "detail": "The resource could not be found.\n\n No resource provider with uuid d52667fb-f5c9-43cf-bbad-50644c22bed1 found for delete ", "request_id": "req-22520ab8-6b11-4631-9f7a-b637e6e494d0"}]} [pid: 7|app: 0|req: 775/1520] 10.0.0.95 () {32 vars in 725 bytes} [Sun Apr 26 09:30:05 2026] DELETE /v2.0/networks/cc3c6ed0-f0f1-4fef-8a22-16f608fbfae3 => generated 0 bytes in 537 msecs (HTTP/1.1 204) 3 headers in 131 bytes (1 switches on core 0) [pid: 7|app: 0|req: 776/1521] 10.0.0.234 () {34 vars in 990 bytes} [Sun Apr 26 09:30:05 2026] GET /v2.0/ports?device_id=e045f4e0-1a2c-4197-9b55-534475d74b83 => generated 12 bytes in 38 msecs (HTTP/1.1 200) 4 headers in 156 bytes (1 switches on core 0)
2026-04-26 09:30:05.657 8 INFO neutron.db.ovn_revision_numbers_db [None req-412b4b42-8453-4238-beea-b9519423adbd 79ce0bddb7d84d97ae2252985992eac0 9e169934ecdb4763b86cd43c6dfc38e5 - - default default] Successfully bumped revision number for resource b37aae16-a17b-4966-9820-6431330f2237 (type: networks) to 1
2026-04-26 09:30:05.715 7 INFO neutron.db.segments_db [None req-2271d9c7-134f-4272-b648-8273bf6f9bb3 33d0c2972d934b0680d757713216f4b9 594a38a00a9542fa8588fd0834c26f6b - - default default] Added segment 9014f683-1430-4566-9323-8eef892fcf69 of type geneve for network 42d51855-09ca-43d2-ae55-9f9439a2c174
2026-04-26 09:30:05.833 7 INFO neutron.db.ovn_revision_numbers_db [None req-2271d9c7-134f-4272-b648-8273bf6f9bb3 33d0c2972d934b0680d757713216f4b9 594a38a00a9542fa8588fd0834c26f6b - - default default] Successfully bumped revision number for resource 42d51855-09ca-43d2-ae55-9f9439a2c174 (type: networks) to 1
2026-04-26 09:30:05.834 8 WARNING neutron.scheduler.dhcp_agent_scheduler [None req-412b4b42-8453-4238-beea-b9519423adbd 79ce0bddb7d84d97ae2252985992eac0 9e169934ecdb4763b86cd43c6dfc38e5 - - default default] No more DHCP agents
2026-04-26 09:30:05.835 8 WARNING neutron.api.rpc.agentnotifiers.dhcp_rpc_agent_api [None req-412b4b42-8453-4238-beea-b9519423adbd 79ce0bddb7d84d97ae2252985992eac0 9e169934ecdb4763b86cd43c6dfc38e5 - - default default] Unable to schedule network b37aae16-a17b-4966-9820-6431330f2237: no agents available; will retry on subsequent port and subnet creation events.
2026-04-26 09:30:05.916 8 INFO neutron.db.ovn_revision_numbers_db [None req-412b4b42-8453-4238-beea-b9519423adbd 79ce0bddb7d84d97ae2252985992eac0 9e169934ecdb4763b86cd43c6dfc38e5 - - default default] Successfully bumped revision number for resource 02dad714-176e-4bdc-ae36-27bd08637433 (type: ports) to 1
2026-04-26 09:30:05.925 7 INFO neutron.plugins.ml2.drivers.ovn.mech_driver.mech_driver [None req-02e6e462-504b-458b-88d6-135716f979f8 - - - - - -] OVN reports status down for port: 02dad714-176e-4bdc-ae36-27bd08637433 [pid: 8|app: 0|req: 746/1522] 10.0.0.95 () {34 vars in 669 bytes} [Sun Apr 26 09:30:05 2026] POST /v2.0/networks => generated 669 bytes in 523 msecs (HTTP/1.1 201) 4 headers in 162 bytes (1 switches on core 0)
2026-04-26 09:30:06.025 8 INFO neutron.db.segments_db [None req-b2544272-1ddd-42dc-b16a-912b0e986a4a 79ce0bddb7d84d97ae2252985992eac0 9e169934ecdb4763b86cd43c6dfc38e5 - - default default] Added segment 97a2c6b4-56a7-4b23-92e4-06c70f16a3bb of type geneve for network f98637be-5189-4a03-9495-fd963f3101cf
2026-04-26 09:30:06.070 7 WARNING neutron.scheduler.dhcp_agent_scheduler [None req-2271d9c7-134f-4272-b648-8273bf6f9bb3 33d0c2972d934b0680d757713216f4b9 594a38a00a9542fa8588fd0834c26f6b - - default default] No more DHCP agents
2026-04-26 09:30:06.072 7 WARNING neutron.api.rpc.agentnotifiers.dhcp_rpc_agent_api [None req-2271d9c7-134f-4272-b648-8273bf6f9bb3 33d0c2972d934b0680d757713216f4b9 594a38a00a9542fa8588fd0834c26f6b - - default default] Unable to schedule network 42d51855-09ca-43d2-ae55-9f9439a2c174: no agents available; will retry on subsequent port and subnet creation events.
2026-04-26 09:30:06.127 8 INFO neutron.plugins.ml2.drivers.ovn.mech_driver.mech_driver [None req-9e1d5ea3-3376-44be-8158-f434eec9f8b9 - - - - - -] OVN reports status down for port: 75055695-9d3e-4cfe-8528-7ed514fb0178
2026-04-26 09:30:06.154 7 INFO neutron.db.ovn_revision_numbers_db [None req-2271d9c7-134f-4272-b648-8273bf6f9bb3 33d0c2972d934b0680d757713216f4b9 594a38a00a9542fa8588fd0834c26f6b - - default default] Successfully bumped revision number for resource 75055695-9d3e-4cfe-8528-7ed514fb0178 (type: ports) to 1 [pid: 7|app: 0|req: 777/1523] 10.0.0.95 () {34 vars in 669 bytes} [Sun Apr 26 09:30:05 2026] POST /v2.0/networks => generated 748 bytes in 559 msecs (HTTP/1.1 201) 4 headers in 162 bytes (1 switches on core 0)
2026-04-26 09:30:06.172 8 INFO neutron.db.ovn_revision_numbers_db [None req-b2544272-1ddd-42dc-b16a-912b0e986a4a 79ce0bddb7d84d97ae2252985992eac0 9e169934ecdb4763b86cd43c6dfc38e5 - - default default] Successfully bumped revision number for resource f98637be-5189-4a03-9495-fd963f3101cf (type: networks) to 1
2026-04-26 09:30:06.338 7 WARNING neutron.scheduler.dhcp_agent_scheduler [None req-c356181d-791b-4475-af46-a89866f4b004 33d0c2972d934b0680d757713216f4b9 594a38a00a9542fa8588fd0834c26f6b - - default default] No more DHCP agents
2026-04-26 09:30:06.340 7 WARNING neutron.api.rpc.agentnotifiers.dhcp_rpc_agent_api [None req-c356181d-791b-4475-af46-a89866f4b004 33d0c2972d934b0680d757713216f4b9 594a38a00a9542fa8588fd0834c26f6b - - default default] Unable to schedule network 42d51855-09ca-43d2-ae55-9f9439a2c174: no agents available; will retry on subsequent port and subnet creation events.
2026-04-26 09:30:06.377 8 WARNING neutron.scheduler.dhcp_agent_scheduler [None req-b2544272-1ddd-42dc-b16a-912b0e986a4a 79ce0bddb7d84d97ae2252985992eac0 9e169934ecdb4763b86cd43c6dfc38e5 - - default default] No more DHCP agents
2026-04-26 09:30:06.378 8 WARNING neutron.api.rpc.agentnotifiers.dhcp_rpc_agent_api [None req-b2544272-1ddd-42dc-b16a-912b0e986a4a 79ce0bddb7d84d97ae2252985992eac0 9e169934ecdb4763b86cd43c6dfc38e5 - - default default] Unable to schedule network f98637be-5189-4a03-9495-fd963f3101cf: no agents available; will retry on subsequent port and subnet creation events.
2026-04-26 09:30:06.450 7 INFO neutron.plugins.ml2.drivers.ovn.mech_driver.mech_driver [None req-02e6e462-504b-458b-88d6-135716f979f8 - - - - - -] OVN reports status down for port: 97fccd20-6d62-4539-9c39-e353306d10b7
2026-04-26 09:30:06.474 8 INFO neutron.db.ovn_revision_numbers_db [None req-b2544272-1ddd-42dc-b16a-912b0e986a4a 79ce0bddb7d84d97ae2252985992eac0 9e169934ecdb4763b86cd43c6dfc38e5 - - default default] Successfully bumped revision number for resource 97fccd20-6d62-4539-9c39-e353306d10b7 (type: ports) to 1 [pid: 8|app: 0|req: 747/1524] 10.0.0.95 () {34 vars in 669 bytes} [Sun Apr 26 09:30:05 2026] POST /v2.0/networks => generated 669 bytes in 566 msecs (HTTP/1.1 201) 4 headers in 162 bytes (1 switches on core 0)
2026-04-26 09:30:06.910 7 INFO neutron.db.ovn_revision_numbers_db [None req-5fd4d715-a99b-41be-a737-953aa47c2065 - - - - - -] Successfully bumped revision number for resource 75055695-9d3e-4cfe-8528-7ed514fb0178 (type: ports) to 2
2026-04-26 09:30:06.946 7 INFO neutron.db.ovn_revision_numbers_db [None req-5fd4d715-a99b-41be-a737-953aa47c2065 - - - - - -] Successfully bumped revision number for resource b36a1046-f696-4799-886b-e3cf7e016ae6 (type: subnets) to 0 [pid: 7|app: 0|req: 778/1525] 10.0.0.95 () {34 vars in 668 bytes} [Sun Apr 26 09:30:06 2026] POST /v2.0/subnets => generated 647 bytes in 786 msecs (HTTP/1.1 201) 4 headers in 162 bytes (1 switches on core 0) [pid: 7|app: 0|req: 779/1526] 10.0.0.234 () {34 vars in 990 bytes} [Sun Apr 26 09:30:06 2026] GET /v2.0/ports?device_id=e045f4e0-1a2c-4197-9b55-534475d74b83 => generated 12 bytes in 20 msecs (HTTP/1.1 200) 4 headers in 156 bytes (1 switches on core 0)
2026-04-26 09:30:06.988 7 WARNING neutron.api.v2.base [None req-ef6ff31d-7e20-4ef9-a3bf-65122d2b1768 33d0c2972d934b0680d757713216f4b9 594a38a00a9542fa8588fd0834c26f6b - - default default] An exception happened while processing the request body. The exception message is [Invalid input for target_tenant. Reason: '1234123412341234123412341234123412341234123412341234123412341234123412341234123412341234123412341234123412341234123412341234123412341234123412341234123412341234123412341234123412341234123412341234123412341234123412341234123412341234123412341234123412341234123412341234123412341234123412341234123412341234123412341234123412341234123412341234123412341234123412341234123412341234123412341234123412341234' exceeds maximum length of 255.].: webob.exc.HTTPBadRequest: Invalid input for target_tenant. Reason: '1234123412341234123412341234123412341234123412341234123412341234123412341234123412341234123412341234123412341234123412341234123412341234123412341234123412341234123412341234123412341234123412341234123412341234123412341234123412341234123412341234123412341234123412341234123412341234123412341234123412341234123412341234123412341234123412341234123412341234123412341234123412341234123412341234123412341234' exceeds maximum length of 255.
2026-04-26 09:30:06.988 7 INFO neutron.api.v2.resource [None req-ef6ff31d-7e20-4ef9-a3bf-65122d2b1768 33d0c2972d934b0680d757713216f4b9 594a38a00a9542fa8588fd0834c26f6b - - default default] create failed (client error): Invalid input for target_tenant. Reason: '1234123412341234123412341234123412341234123412341234123412341234123412341234123412341234123412341234123412341234123412341234123412341234123412341234123412341234123412341234123412341234123412341234123412341234123412341234123412341234123412341234123412341234123412341234123412341234123412341234123412341234123412341234123412341234123412341234123412341234123412341234123412341234123412341234123412341234' exceeds maximum length of 255. [pid: 7|app: 0|req: 780/1527] 10.0.0.95 () {34 vars in 680 bytes} [Sun Apr 26 09:30:06 2026] POST /v2.0/rbac-policies => generated 547 bytes in 5 msecs (HTTP/1.1 400) 4 headers in 166 bytes (1 switches on core 0)
2026-04-26 09:30:07.107 7 INFO neutron_taas.services.taas.taas_plugin [None req-787ba693-64ef-4bb3-9087-9e192c4fe2e4 33d0c2972d934b0680d757713216f4b9 594a38a00a9542fa8588fd0834c26f6b - - default default] TaaS: Handle Delete Port: 75055695-9d3e-4cfe-8528-7ed514fb0178
2026-04-26 09:30:07.109 7 INFO neutron_taas.services.taas.tap_mirror_plugin [None req-787ba693-64ef-4bb3-9087-9e192c4fe2e4 33d0c2972d934b0680d757713216f4b9 594a38a00a9542fa8588fd0834c26f6b - - default default] Tap Mirror: Handle Delete Port: 75055695-9d3e-4cfe-8528-7ed514fb0178
2026-04-26 09:30:07.142 8 INFO neutron.services.segments.plugin [-] Segment 863d86e4-a821-48b1-b6ad-6a8c3af4d062 resource provider aggregate not found
2026-04-26 09:30:07.152 8 INFO neutron.services.segments.plugin [-] Segment 863d86e4-a821-48b1-b6ad-6a8c3af4d062 resource provider aggregate not found
2026-04-26 09:30:07.176 8 INFO neutron.services.segments.plugin [-] Segment 863d86e4-a821-48b1-b6ad-6a8c3af4d062 resource provider not found; error: Placement Client Error (4xx): {"errors": [{"status": 404, "title": "Not Found", "detail": "The resource could not be found.\n\n No resource provider with uuid 863d86e4-a821-48b1-b6ad-6a8c3af4d062 found for delete ", "request_id": "req-fca2711d-bbc7-411e-9bb9-b131ed624be8"}]}
2026-04-26 09:30:07.183 8 INFO neutron.services.segments.plugin [-] Segment 863d86e4-a821-48b1-b6ad-6a8c3af4d062 resource provider not found; error: Placement Client Error (4xx): {"errors": [{"status": 404, "title": "Not Found", "detail": "The resource could not be found.\n\n No resource provider with uuid 863d86e4-a821-48b1-b6ad-6a8c3af4d062 found for delete ", "request_id": "req-67ae0ca4-e6c5-43a8-94a3-1810a13a6a7e"}]}
2026-04-26 09:30:07.444 8 WARNING neutron.scheduler.dhcp_agent_scheduler [None req-91de1cc1-b1f2-4142-8162-b7d352c318ed 79ce0bddb7d84d97ae2252985992eac0 9e169934ecdb4763b86cd43c6dfc38e5 - - default default] No more DHCP agents
2026-04-26 09:30:07.446 8 WARNING neutron.api.rpc.agentnotifiers.dhcp_rpc_agent_api [None req-91de1cc1-b1f2-4142-8162-b7d352c318ed 79ce0bddb7d84d97ae2252985992eac0 9e169934ecdb4763b86cd43c6dfc38e5 - - default default] Unable to schedule network b37aae16-a17b-4966-9820-6431330f2237: no agents available; will retry on subsequent port and subnet creation events. [pid: 7|app: 0|req: 781/1528] 10.0.0.95 () {32 vars in 725 bytes} [Sun Apr 26 09:30:06 2026] DELETE /v2.0/networks/42d51855-09ca-43d2-ae55-9f9439a2c174 => generated 0 bytes in 462 msecs (HTTP/1.1 204) 3 headers in 131 bytes (1 switches on core 0)
2026-04-26 09:30:07.526 7 INFO neutron.plugins.ml2.drivers.ovn.mech_driver.mech_driver [None req-02e6e462-504b-458b-88d6-135716f979f8 - - - - - -] OVN reports status down for port: b719dcc7-9cb5-417a-9ea4-cba317943410
2026-04-26 09:30:07.545 8 INFO neutron.db.ovn_revision_numbers_db [None req-91de1cc1-b1f2-4142-8162-b7d352c318ed 79ce0bddb7d84d97ae2252985992eac0 9e169934ecdb4763b86cd43c6dfc38e5 - - default default] Successfully bumped revision number for resource b719dcc7-9cb5-417a-9ea4-cba317943410 (type: ports) to 1
2026-04-26 09:30:07.570 7 INFO neutron.services.segments.plugin [-] Segment 9014f683-1430-4566-9323-8eef892fcf69 resource provider aggregate not found
2026-04-26 09:30:07.572 7 INFO neutron.services.segments.plugin [-] Segment 9014f683-1430-4566-9323-8eef892fcf69 resource provider aggregate not found
2026-04-26 09:30:07.585 7 INFO neutron.db.segments_db [None req-a1ef9c4f-4110-43b0-b7b9-af06f681daa9 33d0c2972d934b0680d757713216f4b9 594a38a00a9542fa8588fd0834c26f6b - - default default] Added segment cbde50d2-20e7-401c-bcaa-02315518868f of type geneve for network 6fa92d16-ab02-4174-a30b-71f3c06b4baf
2026-04-26 09:30:07.598 8 WARNING neutron.scheduler.dhcp_agent_scheduler [None req-91de1cc1-b1f2-4142-8162-b7d352c318ed 79ce0bddb7d84d97ae2252985992eac0 9e169934ecdb4763b86cd43c6dfc38e5 - - default default] No more DHCP agents
2026-04-26 09:30:07.599 8 WARNING neutron.api.rpc.agentnotifiers.dhcp_rpc_agent_api [None req-91de1cc1-b1f2-4142-8162-b7d352c318ed 79ce0bddb7d84d97ae2252985992eac0 9e169934ecdb4763b86cd43c6dfc38e5 - - default default] Unable to schedule network f98637be-5189-4a03-9495-fd963f3101cf: no agents available; will retry on subsequent port and subnet creation events.
2026-04-26 09:30:07.599 7 INFO neutron.services.segments.plugin [-] Segment 9014f683-1430-4566-9323-8eef892fcf69 resource provider not found; error: Placement Client Error (4xx): {"errors": [{"status": 404, "title": "Not Found", "detail": "The resource could not be found.\n\n No resource provider with uuid 9014f683-1430-4566-9323-8eef892fcf69 found for delete ", "request_id": "req-cb0613f9-c232-4277-bcd9-f3d6c47b38e8"}]}
2026-04-26 09:30:07.602 7 INFO neutron.services.segments.plugin [-] Segment 9014f683-1430-4566-9323-8eef892fcf69 resource provider not found; error: Placement Client Error (4xx): {"errors": [{"status": 404, "title": "Not Found", "detail": "The resource could not be found.\n\n No resource provider with uuid 9014f683-1430-4566-9323-8eef892fcf69 found for delete ", "request_id": "req-c4737d8b-910d-4e2f-bfde-df85b6ac1804"}]}
2026-04-26 09:30:07.660 8 INFO neutron.plugins.ml2.drivers.ovn.mech_driver.mech_driver [None req-9e1d5ea3-3376-44be-8158-f434eec9f8b9 - - - - - -] OVN reports status down for port: 2370c2da-5097-4c72-8319-adb695d5c47d
2026-04-26 09:30:07.724 8 INFO neutron.db.ovn_revision_numbers_db [None req-91de1cc1-b1f2-4142-8162-b7d352c318ed 79ce0bddb7d84d97ae2252985992eac0 9e169934ecdb4763b86cd43c6dfc38e5 - - default default] Successfully bumped revision number for resource 2370c2da-5097-4c72-8319-adb695d5c47d (type: ports) to 1
2026-04-26 09:30:07.745 7 INFO neutron.db.ovn_revision_numbers_db [None req-a1ef9c4f-4110-43b0-b7b9-af06f681daa9 33d0c2972d934b0680d757713216f4b9 594a38a00a9542fa8588fd0834c26f6b - - default default] Successfully bumped revision number for resource 6fa92d16-ab02-4174-a30b-71f3c06b4baf (type: networks) to 1 [pid: 8|app: 0|req: 748/1529] 10.0.0.95 () {34 vars in 664 bytes} [Sun Apr 26 09:30:06 2026] POST /v2.0/ports => generated 1505 bytes in 1323 msecs (HTTP/1.1 201) 4 headers in 163 bytes (1 switches on core 0) /var/lib/openstack/lib/python3.12/site-packages/pycadf/identifier.py:70: UserWarning: Invalid uuid: neutron. To ensure interoperability, identifiers should be a valid uuid. warnings.warn(('Invalid uuid: %s. To ensure interoperability, ' [pid: 8|app: 0|req: 749/1530] 10.0.0.95 () {32 vars in 642 bytes} [Sun Apr 26 09:30:07 2026] GET /v2.0/ports => generated 3017 bytes in 43 msecs (HTTP/1.1 200) 4 headers in 158 bytes (1 switches on core 0)
2026-04-26 09:30:07.886 7 WARNING neutron.scheduler.dhcp_agent_scheduler [None req-a1ef9c4f-4110-43b0-b7b9-af06f681daa9 33d0c2972d934b0680d757713216f4b9 594a38a00a9542fa8588fd0834c26f6b - - default default] No more DHCP agents
2026-04-26 09:30:07.888 7 WARNING neutron.api.rpc.agentnotifiers.dhcp_rpc_agent_api [None req-a1ef9c4f-4110-43b0-b7b9-af06f681daa9 33d0c2972d934b0680d757713216f4b9 594a38a00a9542fa8588fd0834c26f6b - - default default] Unable to schedule network 6fa92d16-ab02-4174-a30b-71f3c06b4baf: no agents available; will retry on subsequent port and subnet creation events.
2026-04-26 09:30:07.941 7 INFO neutron.plugins.ml2.drivers.ovn.mech_driver.mech_driver [None req-02e6e462-504b-458b-88d6-135716f979f8 - - - - - -] OVN reports status down for port: d5f06345-af45-411e-86ff-51dcea0bf31c
2026-04-26 09:30:07.996 7 INFO neutron.db.ovn_revision_numbers_db [None req-a1ef9c4f-4110-43b0-b7b9-af06f681daa9 33d0c2972d934b0680d757713216f4b9 594a38a00a9542fa8588fd0834c26f6b - - default default] Successfully bumped revision number for resource d5f06345-af45-411e-86ff-51dcea0bf31c (type: ports) to 1
2026-04-26 09:30:08.009 8 INFO neutron_taas.services.taas.taas_plugin [None req-10b436b0-6f13-4b1a-8223-b15aac80a067 79ce0bddb7d84d97ae2252985992eac0 9e169934ecdb4763b86cd43c6dfc38e5 - - default default] TaaS: Handle Delete Port: b719dcc7-9cb5-417a-9ea4-cba317943410
2026-04-26 09:30:08.015 8 INFO neutron_taas.services.taas.tap_mirror_plugin [None req-10b436b0-6f13-4b1a-8223-b15aac80a067 79ce0bddb7d84d97ae2252985992eac0 9e169934ecdb4763b86cd43c6dfc38e5 - - default default] Tap Mirror: Handle Delete Port: b719dcc7-9cb5-417a-9ea4-cba317943410 [pid: 7|app: 0|req: 782/1531] 10.0.0.95 () {34 vars in 669 bytes} [Sun Apr 26 09:30:07 2026] POST /v2.0/networks => generated 748 bytes in 596 msecs (HTTP/1.1 201) 4 headers in 162 bytes (1 switches on core 0) [pid: 8|app: 0|req: 750/1532] 10.0.0.95 () {32 vars in 719 bytes} [Sun Apr 26 09:30:07 2026] DELETE /v2.0/ports/b719dcc7-9cb5-417a-9ea4-cba317943410 => generated 0 bytes in 237 msecs (HTTP/1.1 204) 3 headers in 131 bytes (1 switches on core 0) [pid: 8|app: 0|req: 751/1533] 10.0.0.234 () {34 vars in 990 bytes} [Sun Apr 26 09:30:08 2026] GET /v2.0/ports?device_id=e045f4e0-1a2c-4197-9b55-534475d74b83 => generated 12 bytes in 18 msecs (HTTP/1.1 200) 4 headers in 156 bytes (1 switches on core 0)
2026-04-26 09:30:08.193 7 WARNING neutron.scheduler.dhcp_agent_scheduler [None req-cf176f18-72a9-4d22-b234-78b8bda3f00a 33d0c2972d934b0680d757713216f4b9 594a38a00a9542fa8588fd0834c26f6b - - default default] No more DHCP agents
2026-04-26 09:30:08.194 7 WARNING neutron.api.rpc.agentnotifiers.dhcp_rpc_agent_api [None req-cf176f18-72a9-4d22-b234-78b8bda3f00a 33d0c2972d934b0680d757713216f4b9 594a38a00a9542fa8588fd0834c26f6b - - default default] Unable to schedule network 6fa92d16-ab02-4174-a30b-71f3c06b4baf: no agents available; will retry on subsequent port and subnet creation events.
2026-04-26 09:30:08.260 8 INFO neutron_taas.services.taas.taas_plugin [None req-94d27df8-44e4-4ecb-bea7-4ec10e11ac81 79ce0bddb7d84d97ae2252985992eac0 9e169934ecdb4763b86cd43c6dfc38e5 - - default default] TaaS: Handle Delete Port: 2370c2da-5097-4c72-8319-adb695d5c47d
