2026-06-08 04:49:51.344 7 INFO neutron_taas.services.taas.tap_mirror_plugin [None req-f5542922-e72b-4f83-9259-c8387405c1a1 aebc8db64662417ab0c1f2345468e7e1 c7b73a87c8a34311af35e607b96e761c - - default default] Tap Mirror: Handle Delete Port: b9acf6d9-e8d1-4719-aa53-6bfd9d6639c9 [pid: 8|app: 0|req: 848/1642] 10.0.0.104 () {32 vars in 643 bytes} [Mon Jun 8 04:49:51 2026] GET /v2.0/ports => generated 3018 bytes in 106 msecs (HTTP/1.1 200) 4 headers in 158 bytes (1 switches on core 0) [pid: 8|app: 0|req: 849/1643] 10.0.0.104 () {32 vars in 647 bytes} [Mon Jun 8 04:49:51 2026] GET /v2.0/routers => generated 960 bytes in 80 msecs (HTTP/1.1 200) 4 headers in 157 bytes (1 switches on core 0) [pid: 7|app: 0|req: 795/1644] 10.0.0.104 () {32 vars in 720 bytes} [Mon Jun 8 04:49:51 2026] DELETE /v2.0/ports/b9acf6d9-e8d1-4719-aa53-6bfd9d6639c9 => generated 0 bytes in 282 msecs (HTTP/1.1 204) 3 headers in 131 bytes (1 switches on core 0)
2026-06-08 04:49:51.519 8 WARNING neutron.plugins.ml2.drivers.ovn.mech_driver.ovsdb.ovn_client [None req-718c8f80-e940-4956-bf6e-2d65775de27e - - - - - -] No port found with ID c31a66c2-3f72-4199-8113-f8c2e9ccd836: RuntimeError: No port found with ID c31a66c2-3f72-4199-8113-f8c2e9ccd836
2026-06-08 04:49:51.557 8 INFO neutron.plugins.ml2.drivers.ovn.mech_driver.mech_driver [None req-718c8f80-e940-4956-bf6e-2d65775de27e - - - - - -] OVN reports status down for port: 9c0176e6-1537-4aed-9792-ed4387f2b6f9
2026-06-08 04:49:51.576 8 INFO neutron.plugins.ml2.drivers.ovn.mech_driver.mech_driver [None req-718c8f80-e940-4956-bf6e-2d65775de27e - - - - - -] OVN reports status down for port: 88a958a3-8183-4150-a28b-b42ac03a4076
2026-06-08 04:49:51.590 8 INFO neutron.plugins.ml2.drivers.ovn.mech_driver.mech_driver [None req-718c8f80-e940-4956-bf6e-2d65775de27e - - - - - -] OVN reports status down for port: b9ff70e6-ed8d-4e6f-a95a-de98ffdaea31
2026-06-08 04:49:51.666 8 INFO neutron_taas.services.taas.taas_plugin [None req-ec082564-83f5-45ba-8316-d3adab14c503 4c3e761df6904ffbb7a2a36642e246f1 b097c93166414941b6742dd18c2c8c9b - - default default] TaaS: Handle Delete Port: 0c19b4b7-41a2-4cb3-bf47-c4dfae24a7bd
2026-06-08 04:49:51.669 8 INFO neutron_taas.services.taas.tap_mirror_plugin [None req-ec082564-83f5-45ba-8316-d3adab14c503 4c3e761df6904ffbb7a2a36642e246f1 b097c93166414941b6742dd18c2c8c9b - - default default] Tap Mirror: Handle Delete Port: 0c19b4b7-41a2-4cb3-bf47-c4dfae24a7bd
2026-06-08 04:49:51.721 8 INFO neutron.plugins.ml2.drivers.ovn.mech_driver.mech_driver [None req-718c8f80-e940-4956-bf6e-2d65775de27e - - - - - -] OVN reports status down for port: b9acf6d9-e8d1-4719-aa53-6bfd9d6639c9
2026-06-08 04:49:51.739 8 INFO neutron.plugins.ml2.drivers.ovn.mech_driver.mech_driver [None req-718c8f80-e940-4956-bf6e-2d65775de27e - - - - - -] OVN reports status down for port: fd474edf-d9fb-4900-a85f-725848ab3d6e [pid: 8|app: 0|req: 850/1645] 10.0.0.104 () {32 vars in 720 bytes} [Mon Jun 8 04:49:51 2026] DELETE /v2.0/ports/0c19b4b7-41a2-4cb3-bf47-c4dfae24a7bd => generated 0 bytes in 417 msecs (HTTP/1.1 204) 3 headers in 131 bytes (1 switches on core 0)
2026-06-08 04:49:51.876 8 INFO neutron.pecan_wsgi.hooks.translation [None req-16068d3b-287f-4ded-af9c-4d2c9140c8b2 aebc8db64662417ab0c1f2345468e7e1 c7b73a87c8a34311af35e607b96e761c - - default default] DELETE failed (client error): The resource could not be found. [pid: 8|app: 0|req: 851/1646] 10.0.0.104 () {32 vars in 720 bytes} [Mon Jun 8 04:49:51 2026] DELETE /v2.0/ports/b9acf6d9-e8d1-4719-aa53-6bfd9d6639c9 => generated 132 bytes in 16 msecs (HTTP/1.1 404) 4 headers in 164 bytes (1 switches on core 0)
2026-06-08 04:49:51.957 7 INFO neutron.db.ovn_revision_numbers_db [None req-0ded56d8-70db-40af-98c9-9a98fc34cdb3 481a6e2f5c9542ed8b2a11a5e5ecf7cf 467a0dca174c4362ab7c76247964c6b1 - - default default] Successfully bumped revision number for resource 536f2a3d-b6bd-4970-bc2c-dc9c5979125b (type: routers) to 3 [pid: 7|app: 0|req: 796/1647] 10.0.0.104 () {34 vars in 741 bytes} [Mon Jun 8 04:49:51 2026] PUT /v2.0/routers/536f2a3d-b6bd-4970-bc2c-dc9c5979125b => generated 964 bytes in 464 msecs (HTTP/1.1 200) 4 headers in 157 bytes (1 switches on core 0)
2026-06-08 04:49:51.977 7 INFO neutron.pecan_wsgi.hooks.translation [None req-e3fd2893-c025-4af3-b3d6-0b16636055d0 aebc8db64662417ab0c1f2345468e7e1 c7b73a87c8a34311af35e607b96e761c - - default default] GET failed (client error): The resource could not be found. [pid: 7|app: 0|req: 797/1648] 10.0.0.104 () {32 vars in 717 bytes} [Mon Jun 8 04:49:51 2026] GET /v2.0/ports/b9acf6d9-e8d1-4719-aa53-6bfd9d6639c9 => generated 132 bytes in 14 msecs (HTTP/1.1 404) 4 headers in 164 bytes (1 switches on core 0)
2026-06-08 04:49:52.002 8 INFO neutron_taas.services.taas.taas_plugin [None req-f3fe522d-97dc-43bf-afba-396fbc189762 4c3e761df6904ffbb7a2a36642e246f1 b097c93166414941b6742dd18c2c8c9b - - default default] TaaS: Handle Delete Port: fd474edf-d9fb-4900-a85f-725848ab3d6e
2026-06-08 04:49:52.006 8 INFO neutron_taas.services.taas.tap_mirror_plugin [None req-f3fe522d-97dc-43bf-afba-396fbc189762 4c3e761df6904ffbb7a2a36642e246f1 b097c93166414941b6742dd18c2c8c9b - - default default] Tap Mirror: Handle Delete Port: fd474edf-d9fb-4900-a85f-725848ab3d6e [pid: 7|app: 0|req: 798/1649] 10.0.0.104 () {32 vars in 721 bytes} [Mon Jun 8 04:49:51 2026] GET /v2.0/routers/536f2a3d-b6bd-4970-bc2c-dc9c5979125b => generated 964 bytes in 59 msecs (HTTP/1.1 200) 4 headers in 157 bytes (1 switches on core 0) [pid: 8|app: 0|req: 852/1650] 10.0.0.104 () {32 vars in 720 bytes} [Mon Jun 8 04:49:51 2026] DELETE /v2.0/ports/fd474edf-d9fb-4900-a85f-725848ab3d6e => generated 0 bytes in 248 msecs (HTTP/1.1 204) 3 headers in 131 bytes (1 switches on core 0) [pid: 8|app: 0|req: 853/1651] 10.0.0.104 () {32 vars in 736 bytes} [Mon Jun 8 04:49:52 2026] GET /v2.0/ports?device_id=536f2a3d-b6bd-4970-bc2c-dc9c5979125b => generated 12 bytes in 14 msecs (HTTP/1.1 200) 4 headers in 156 bytes (1 switches on core 0) [pid: 8|app: 0|req: 854/1652] 10.0.0.104 () {32 vars in 643 bytes} [Mon Jun 8 04:49:52 2026] GET /v2.0/ports => generated 1523 bytes in 36 msecs (HTTP/1.1 200) 4 headers in 158 bytes (1 switches on core 0) [pid: 7|app: 0|req: 799/1653] 10.0.0.104 () {32 vars in 724 bytes} [Mon Jun 8 04:49:52 2026] DELETE /v2.0/subnets/8cf52cd2-8167-440c-8a57-7994c7614192 => generated 0 bytes in 172 msecs (HTTP/1.1 204) 3 headers in 131 bytes (1 switches on core 0)
2026-06-08 04:49:52.305 7 INFO neutron.db.segments_db [None req-ffadb27c-af02-4b4c-bf5e-b4b1829a6678 4c3e761df6904ffbb7a2a36642e246f1 b097c93166414941b6742dd18c2c8c9b - - default default] Added segment d53c1b36-56f6-4e28-b635-3e76d167b867 of type geneve for network 70e92f2c-ee4c-4733-aff8-2b106e465d8c
2026-06-08 04:49:52.442 7 INFO neutron.db.ovn_revision_numbers_db [None req-ffadb27c-af02-4b4c-bf5e-b4b1829a6678 4c3e761df6904ffbb7a2a36642e246f1 b097c93166414941b6742dd18c2c8c9b - - default default] Successfully bumped revision number for resource 70e92f2c-ee4c-4733-aff8-2b106e465d8c (type: networks) to 1
2026-06-08 04:49:52.532 8 INFO neutron_taas.services.taas.taas_plugin [None req-c03068b0-3e68-49d1-a1c5-cdb0e45416d1 481a6e2f5c9542ed8b2a11a5e5ecf7cf 467a0dca174c4362ab7c76247964c6b1 - - default default] TaaS: Handle Delete Port: 42d84ae1-6fe7-4614-b653-d7f6056f9c07
2026-06-08 04:49:52.534 8 INFO neutron_taas.services.taas.tap_mirror_plugin [None req-c03068b0-3e68-49d1-a1c5-cdb0e45416d1 481a6e2f5c9542ed8b2a11a5e5ecf7cf 467a0dca174c4362ab7c76247964c6b1 - - default default] Tap Mirror: Handle Delete Port: 42d84ae1-6fe7-4614-b653-d7f6056f9c07
2026-06-08 04:49:52.703 7 WARNING neutron.scheduler.dhcp_agent_scheduler [None req-ffadb27c-af02-4b4c-bf5e-b4b1829a6678 4c3e761df6904ffbb7a2a36642e246f1 b097c93166414941b6742dd18c2c8c9b - - default default] No more DHCP agents
2026-06-08 04:49:52.704 7 WARNING neutron.api.rpc.agentnotifiers.dhcp_rpc_agent_api [None req-ffadb27c-af02-4b4c-bf5e-b4b1829a6678 4c3e761df6904ffbb7a2a36642e246f1 b097c93166414941b6742dd18c2c8c9b - - default default] Unable to schedule network 70e92f2c-ee4c-4733-aff8-2b106e465d8c: no agents available; will retry on subsequent port and subnet creation events.
2026-06-08 04:49:52.855 7 INFO neutron.db.ovn_revision_numbers_db [None req-ffadb27c-af02-4b4c-bf5e-b4b1829a6678 4c3e761df6904ffbb7a2a36642e246f1 b097c93166414941b6742dd18c2c8c9b - - default default] Successfully bumped revision number for resource c35ceeae-084f-42a9-a9e3-2c4f84298f29 (type: ports) to 1 [pid: 7|app: 0|req: 800/1654] 10.0.0.104 () {34 vars in 670 bytes} [Mon Jun 8 04:49:52 2026] POST /v2.0/networks => generated 673 bytes in 697 msecs (HTTP/1.1 201) 4 headers in 162 bytes (1 switches on core 0)
2026-06-08 04:49:53.034 7 INFO neutron_taas.services.taas.taas_plugin [None req-349d0b66-b6e1-4f13-97b7-7c65e6e6d27f aebc8db64662417ab0c1f2345468e7e1 c7b73a87c8a34311af35e607b96e761c - - default default] TaaS: Handle Delete Port: b9ff70e6-ed8d-4e6f-a95a-de98ffdaea31
2026-06-08 04:49:53.038 7 INFO neutron_taas.services.taas.tap_mirror_plugin [None req-349d0b66-b6e1-4f13-97b7-7c65e6e6d27f aebc8db64662417ab0c1f2345468e7e1 c7b73a87c8a34311af35e607b96e761c - - default default] Tap Mirror: Handle Delete Port: b9ff70e6-ed8d-4e6f-a95a-de98ffdaea31 [pid: 8|app: 0|req: 855/1655] 10.0.0.104 () {32 vars in 724 bytes} [Mon Jun 8 04:49:52 2026] DELETE /v2.0/routers/536f2a3d-b6bd-4970-bc2c-dc9c5979125b => generated 0 bytes in 892 msecs (HTTP/1.1 204) 2 headers in 112 bytes (1 switches on core 0) [pid: 8|app: 0|req: 856/1656] 10.0.0.62 () {34 vars in 989 bytes} [Mon Jun 8 04:49:53 2026] GET /v2.0/ports?device_id=54f47081-9227-45ca-b33c-4bded2ef6398 => generated 973 bytes in 42 msecs (HTTP/1.1 200) 4 headers in 157 bytes (1 switches on core 0)
2026-06-08 04:49:53.217 8 INFO neutron.db.segments_db [None req-871e3d3b-654b-455a-b3a8-4f22013da653 4c3e761df6904ffbb7a2a36642e246f1 b097c93166414941b6742dd18c2c8c9b - - default default] Added segment 37c6d2bb-3f30-421a-be23-693f3ebebd5b of type geneve for network 57730ed9-8ff2-474e-934e-6729493ebc36
2026-06-08 04:49:53.241 7 INFO neutron.services.segments.plugin [-] Segment d66088be-5109-42fc-bad8-94adb8c783ca resource provider aggregate not found
2026-06-08 04:49:53.242 7 INFO neutron.services.segments.plugin [-] Segment d66088be-5109-42fc-bad8-94adb8c783ca resource provider aggregate not found
2026-06-08 04:49:53.258 7 INFO neutron.services.segments.plugin [-] Segment d66088be-5109-42fc-bad8-94adb8c783ca resource provider not found; error: Placement Client Error (4xx): {"errors": [{"status": 404, "title": "Not Found", "detail": "The resource could not be found.\n\n No resource provider with uuid d66088be-5109-42fc-bad8-94adb8c783ca found for delete ", "request_id": "req-d87855e3-6309-4d5b-91ad-ab69496e43bf"}]}
2026-06-08 04:49:53.262 7 INFO neutron.services.segments.plugin [-] Segment d66088be-5109-42fc-bad8-94adb8c783ca resource provider not found; error: Placement Client Error (4xx): {"errors": [{"status": 404, "title": "Not Found", "detail": "The resource could not be found.\n\n No resource provider with uuid d66088be-5109-42fc-bad8-94adb8c783ca found for delete ", "request_id": "req-1f5506df-2a86-45d0-b549-934e6f470978"}]} [pid: 7|app: 0|req: 801/1657] 10.0.0.104 () {32 vars in 726 bytes} [Mon Jun 8 04:49:52 2026] DELETE /v2.0/networks/53ae8bd1-328a-41d7-bf41-7035dc587209 => generated 0 bytes in 413 msecs (HTTP/1.1 204) 3 headers in 131 bytes (1 switches on core 0) [pid: 7|app: 0|req: 802/1658] 10.0.0.104 () {32 vars in 736 bytes} [Mon Jun 8 04:49:53 2026] GET /v2.0/ports?device_id=536f2a3d-b6bd-4970-bc2c-dc9c5979125b => generated 12 bytes in 23 msecs (HTTP/1.1 200) 4 headers in 156 bytes (1 switches on core 0) [pid: 7|app: 0|req: 803/1659] 10.0.0.62 () {34 vars in 1039 bytes} [Mon Jun 8 04:49:53 2026] GET /v2.0/security-groups?id=e92a0f4a-5c24-4443-8fe7-66b3a372e5bb&fields=id&fields=name => generated 113 bytes in 26 msecs (HTTP/1.1 200) 4 headers in 157 bytes (1 switches on core 0)
2026-06-08 04:49:53.406 8 INFO neutron.db.ovn_revision_numbers_db [None req-871e3d3b-654b-455a-b3a8-4f22013da653 4c3e761df6904ffbb7a2a36642e246f1 b097c93166414941b6742dd18c2c8c9b - - default default] Successfully bumped revision number for resource 57730ed9-8ff2-474e-934e-6729493ebc36 (type: networks) to 1
2026-06-08 04:49:53.499 7 INFO neutron.db.segments_db [None req-b8407e3e-da6b-4668-a75e-8b04f84cc456 aebc8db64662417ab0c1f2345468e7e1 c7b73a87c8a34311af35e607b96e761c - - default default] Added segment e494ba05-dc55-4163-8d09-45ede0738b73 of type geneve for network 74d6a8f8-e880-41c9-9761-06404d335c22
2026-06-08 04:49:53.611 8 WARNING neutron.scheduler.dhcp_agent_scheduler [None req-871e3d3b-654b-455a-b3a8-4f22013da653 4c3e761df6904ffbb7a2a36642e246f1 b097c93166414941b6742dd18c2c8c9b - - default default] No more DHCP agents
2026-06-08 04:49:53.614 8 WARNING neutron.api.rpc.agentnotifiers.dhcp_rpc_agent_api [None req-871e3d3b-654b-455a-b3a8-4f22013da653 4c3e761df6904ffbb7a2a36642e246f1 b097c93166414941b6742dd18c2c8c9b - - default default] Unable to schedule network 57730ed9-8ff2-474e-934e-6729493ebc36: no agents available; will retry on subsequent port and subnet creation events.
2026-06-08 04:49:53.659 7 INFO neutron.db.ovn_revision_numbers_db [None req-b8407e3e-da6b-4668-a75e-8b04f84cc456 aebc8db64662417ab0c1f2345468e7e1 c7b73a87c8a34311af35e607b96e761c - - default default] Successfully bumped revision number for resource 74d6a8f8-e880-41c9-9761-06404d335c22 (type: networks) to 1
2026-06-08 04:49:53.731 8 INFO neutron.db.ovn_revision_numbers_db [None req-871e3d3b-654b-455a-b3a8-4f22013da653 4c3e761df6904ffbb7a2a36642e246f1 b097c93166414941b6742dd18c2c8c9b - - default default] Successfully bumped revision number for resource ee5016da-8e84-4ce0-b897-c56125e098b0 (type: ports) to 1 [pid: 8|app: 0|req: 857/1660] 10.0.0.104 () {34 vars in 670 bytes} [Mon Jun 8 04:49:53 2026] POST /v2.0/networks => generated 671 bytes in 647 msecs (HTTP/1.1 201) 4 headers in 162 bytes (1 switches on core 0)
2026-06-08 04:49:53.777 8 INFO neutron.api.v2.resource [None req-686d70bc-455d-42d7-aaa2-5a789a8b10a7 481a6e2f5c9542ed8b2a11a5e5ecf7cf 467a0dca174c4362ab7c76247964c6b1 - - default default] delete failed (client error): The resource could not be found. [pid: 8|app: 0|req: 858/1661] 10.0.0.104 () {32 vars in 724 bytes} [Mon Jun 8 04:49:53 2026] DELETE /v2.0/routers/536f2a3d-b6bd-4970-bc2c-dc9c5979125b => generated 135 bytes in 17 msecs (HTTP/1.1 404) 4 headers in 164 bytes (1 switches on core 0) [pid: 8|app: 0|req: 859/1662] 10.0.0.104 () {32 vars in 736 bytes} [Mon Jun 8 04:49:53 2026] GET /v2.0/ports?device_id=74202e4f-32dc-4616-ae66-5a22e0cee319 => generated 12 bytes in 21 msecs (HTTP/1.1 200) 4 headers in 156 bytes (1 switches on core 0)
2026-06-08 04:49:53.834 8 INFO neutron.api.v2.resource [None req-c9af9012-d169-4d1d-b868-dee11de3b312 481a6e2f5c9542ed8b2a11a5e5ecf7cf 467a0dca174c4362ab7c76247964c6b1 - - default default] delete failed (client error): The resource could not be found. [pid: 8|app: 0|req: 860/1663] 10.0.0.104 () {32 vars in 724 bytes} [Mon Jun 8 04:49:53 2026] DELETE /v2.0/routers/74202e4f-32dc-4616-ae66-5a22e0cee319 => generated 135 bytes in 28 msecs (HTTP/1.1 404) 4 headers in 164 bytes (1 switches on core 0)
2026-06-08 04:49:53.927 7 WARNING neutron.scheduler.dhcp_agent_scheduler [None req-b8407e3e-da6b-4668-a75e-8b04f84cc456 aebc8db64662417ab0c1f2345468e7e1 c7b73a87c8a34311af35e607b96e761c - - default default] No more DHCP agents
2026-06-08 04:49:53.929 7 WARNING neutron.api.rpc.agentnotifiers.dhcp_rpc_agent_api [None req-b8407e3e-da6b-4668-a75e-8b04f84cc456 aebc8db64662417ab0c1f2345468e7e1 c7b73a87c8a34311af35e607b96e761c - - default default] Unable to schedule network 74d6a8f8-e880-41c9-9761-06404d335c22: no agents available; will retry on subsequent port and subnet creation events.
2026-06-08 04:49:54.068 7 INFO neutron.db.ovn_revision_numbers_db [None req-b8407e3e-da6b-4668-a75e-8b04f84cc456 aebc8db64662417ab0c1f2345468e7e1 c7b73a87c8a34311af35e607b96e761c - - default default] Successfully bumped revision number for resource 1df47671-a0c7-4f86-b094-d78ef9afbc9d (type: ports) to 1 [pid: 7|app: 0|req: 804/1664] 10.0.0.104 () {34 vars in 670 bytes} [Mon Jun 8 04:49:53 2026] POST /v2.0/networks => generated 651 bytes in 735 msecs (HTTP/1.1 201) 4 headers in 162 bytes (1 switches on core 0)
2026-06-08 04:49:54.324 7 WARNING neutron.scheduler.dhcp_agent_scheduler [None req-6a1f7a9e-2a6d-4b6e-bc42-cbcd3acda391 aebc8db64662417ab0c1f2345468e7e1 c7b73a87c8a34311af35e607b96e761c - - default default] No more DHCP agents
2026-06-08 04:49:54.325 7 WARNING neutron.api.rpc.agentnotifiers.dhcp_rpc_agent_api [None req-6a1f7a9e-2a6d-4b6e-bc42-cbcd3acda391 aebc8db64662417ab0c1f2345468e7e1 c7b73a87c8a34311af35e607b96e761c - - default default] Unable to schedule network 74d6a8f8-e880-41c9-9761-06404d335c22: no agents available; will retry on subsequent port and subnet creation events.
2026-06-08 04:49:54.457 8 INFO neutron.plugins.ml2.drivers.ovn.mech_driver.mech_driver [None req-718c8f80-e940-4956-bf6e-2d65775de27e - - - - - -] OVN reports status up for port: 8a11d9cb-d125-4723-a1b3-c67dee8a9ed3
2026-06-08 04:49:54.466 8 INFO neutron.pecan_wsgi.hooks.translation [None req-d058a935-ee49-4e8b-bd8b-2482405e1daa 481a6e2f5c9542ed8b2a11a5e5ecf7cf 467a0dca174c4362ab7c76247964c6b1 - - default default] DELETE failed (client error): The resource could not be found. [pid: 8|app: 0|req: 861/1665] 10.0.0.104 () {32 vars in 724 bytes} [Mon Jun 8 04:49:53 2026] DELETE /v2.0/subnets/bb2c8def-17a1-4704-b0f8-33096c9f28e9 => generated 136 bytes in 631 msecs (HTTP/1.1 404) 4 headers in 164 bytes (1 switches on core 0)
2026-06-08 04:49:54.508 8 INFO neutron.plugins.ml2.plugin [None req-718c8f80-e940-4956-bf6e-2d65775de27e - - - - - -] Attempt 1 to provision port 8a11d9cb-d125-4723-a1b3-c67dee8a9ed3
2026-06-08 04:49:54.694 8 INFO neutron.notifiers.nova [-] Nova event matching ['req-d5a8209a-dad7-4c1f-a9a9-7390b4b047ea'] response: {'server_uuid': '54f47081-9227-45ca-b33c-4bded2ef6398', 'name': 'network-vif-plugged', 'status': 'completed', 'tag': '8a11d9cb-d125-4723-a1b3-c67dee8a9ed3', 'code': 200}
2026-06-08 04:49:54.797 7 WARNING neutron.plugins.ml2.drivers.ovn.mech_driver.ovsdb.ovn_client [None req-c051bfd7-a1c2-4805-b77a-d37eb97548cd - - - - - -] No port found with ID 42d84ae1-6fe7-4614-b653-d7f6056f9c07: RuntimeError: No port found with ID 42d84ae1-6fe7-4614-b653-d7f6056f9c07
2026-06-08 04:49:54.798 7 INFO neutron.plugins.ml2.drivers.ovn.mech_driver.mech_driver [None req-c051bfd7-a1c2-4805-b77a-d37eb97548cd - - - - - -] OVN reports status down for port: 0c19b4b7-41a2-4cb3-bf47-c4dfae24a7bd
2026-06-08 04:49:54.815 7 INFO neutron.plugins.ml2.drivers.ovn.mech_driver.mech_driver [None req-c051bfd7-a1c2-4805-b77a-d37eb97548cd - - - - - -] OVN reports status down for port: c35ceeae-084f-42a9-a9e3-2c4f84298f29
2026-06-08 04:49:54.868 7 INFO neutron.db.ovn_revision_numbers_db [None req-40f96d77-60ef-4324-9350-9ec5253512f4 - - - - - -] Successfully bumped revision number for resource 1df47671-a0c7-4f86-b094-d78ef9afbc9d (type: ports) to 2
2026-06-08 04:49:54.934 7 INFO neutron.plugins.ml2.drivers.ovn.mech_driver.mech_driver [None req-c051bfd7-a1c2-4805-b77a-d37eb97548cd - - - - - -] OVN reports status down for port: ee5016da-8e84-4ce0-b897-c56125e098b0
2026-06-08 04:49:54.947 7 INFO neutron.db.ovn_revision_numbers_db [None req-40f96d77-60ef-4324-9350-9ec5253512f4 - - - - - -] Successfully bumped revision number for resource 576526cc-1ecc-40ab-987c-73019c311eb0 (type: subnets) to 0
2026-06-08 04:49:54.972 8 INFO neutron.db.ovn_revision_numbers_db [None req-718c8f80-e940-4956-bf6e-2d65775de27e - - - - - -] Successfully bumped revision number for resource 8a11d9cb-d125-4723-a1b3-c67dee8a9ed3 (type: ports) to 5 [pid: 7|app: 0|req: 805/1666] 10.0.0.104 () {34 vars in 669 bytes} [Mon Jun 8 04:49:54 2026] POST /v2.0/subnets => generated 626 bytes in 893 msecs (HTTP/1.1 201) 4 headers in 162 bytes (1 switches on core 0)
2026-06-08 04:49:55.070 7 INFO neutron.plugins.ml2.drivers.ovn.mech_driver.mech_driver [None req-c051bfd7-a1c2-4805-b77a-d37eb97548cd - - - - - -] OVN reports status down for port: 1df47671-a0c7-4f86-b094-d78ef9afbc9d
2026-06-08 04:49:55.093 8 WARNING neutron.scheduler.dhcp_agent_scheduler [None req-e0b7dda7-d2c2-4958-92c1-045f5a7ce651 4c3e761df6904ffbb7a2a36642e246f1 b097c93166414941b6742dd18c2c8c9b - - default default] No more DHCP agents
2026-06-08 04:49:55.094 8 WARNING neutron.api.rpc.agentnotifiers.dhcp_rpc_agent_api [None req-e0b7dda7-d2c2-4958-92c1-045f5a7ce651 4c3e761df6904ffbb7a2a36642e246f1 b097c93166414941b6742dd18c2c8c9b - - default default] Unable to schedule network 70e92f2c-ee4c-4733-aff8-2b106e465d8c: no agents available; will retry on subsequent port and subnet creation events. [pid: 7|app: 0|req: 806/1667] 10.0.0.62 () {34 vars in 989 bytes} [Mon Jun 8 04:49:55 2026] GET /v2.0/ports?device_id=54f47081-9227-45ca-b33c-4bded2ef6398 => generated 975 bytes in 137 msecs (HTTP/1.1 200) 4 headers in 157 bytes (1 switches on core 0)
2026-06-08 04:49:55.166 8 INFO neutron.db.ovn_revision_numbers_db [None req-e0b7dda7-d2c2-4958-92c1-045f5a7ce651 4c3e761df6904ffbb7a2a36642e246f1 b097c93166414941b6742dd18c2c8c9b - - default default] Successfully bumped revision number for resource dcb59d21-b564-4911-9b7e-05bb3dc7b1ae (type: subnets) to 0 [pid: 7|app: 0|req: 807/1668] 10.0.0.104 () {32 vars in 736 bytes} [Mon Jun 8 04:49:55 2026] GET /v2.0/ports?device_id=ecf1ccfa-4ab0-4cd4-bea9-cf57445f781d => generated 12 bytes in 23 msecs (HTTP/1.1 200) 4 headers in 156 bytes (1 switches on core 0)
2026-06-08 04:49:55.208 8 WARNING neutron.scheduler.dhcp_agent_scheduler [None req-e0b7dda7-d2c2-4958-92c1-045f5a7ce651 4c3e761df6904ffbb7a2a36642e246f1 b097c93166414941b6742dd18c2c8c9b - - default default] No more DHCP agents
2026-06-08 04:49:55.212 8 WARNING neutron.api.rpc.agentnotifiers.dhcp_rpc_agent_api [None req-e0b7dda7-d2c2-4958-92c1-045f5a7ce651 4c3e761df6904ffbb7a2a36642e246f1 b097c93166414941b6742dd18c2c8c9b - - default default] Unable to schedule network 57730ed9-8ff2-474e-934e-6729493ebc36: no agents available; will retry on subsequent port and subnet creation events.
2026-06-08 04:49:55.254 8 INFO neutron.db.ovn_revision_numbers_db [None req-e0b7dda7-d2c2-4958-92c1-045f5a7ce651 4c3e761df6904ffbb7a2a36642e246f1 b097c93166414941b6742dd18c2c8c9b - - default default] Successfully bumped revision number for resource c327f3bc-c783-4b0a-a886-fca4e6eead82 (type: subnets) to 0 [pid: 8|app: 0|req: 862/1669] 10.0.0.104 () {34 vars in 669 bytes} [Mon Jun 8 04:49:54 2026] POST /v2.0/subnets => generated 1324 bytes in 834 msecs (HTTP/1.1 201) 4 headers in 163 bytes (1 switches on core 0) /var/lib/openstack/lib/python3.12/site-packages/pycadf/identifier.py:70: UserWarning: Invalid uuid: neutron. To ensure interoperability, identifiers should be a valid uuid. warnings.warn(('Invalid uuid: %s. To ensure interoperability, ' [pid: 8|app: 0|req: 863/1670] 10.0.0.62 () {34 vars in 1039 bytes} [Mon Jun 8 04:49:55 2026] GET /v2.0/security-groups?id=e92a0f4a-5c24-4443-8fe7-66b3a372e5bb&fields=id&fields=name => generated 113 bytes in 38 msecs (HTTP/1.1 200) 4 headers in 157 bytes (1 switches on core 0)
2026-06-08 04:49:55.364 8 INFO neutron.api.v2.resource [None req-c623f1aa-ebc2-43ca-8e41-a8c90cdc1c2a 481a6e2f5c9542ed8b2a11a5e5ecf7cf 467a0dca174c4362ab7c76247964c6b1 - - default default] delete failed (client error): The resource could not be found. [pid: 8|app: 0|req: 864/1671] 10.0.0.104 () {32 vars in 724 bytes} [Mon Jun 8 04:49:55 2026] DELETE /v2.0/routers/ecf1ccfa-4ab0-4cd4-bea9-cf57445f781d => generated 135 bytes in 18 msecs (HTTP/1.1 404) 4 headers in 164 bytes (1 switches on core 0) [pid: 8|app: 0|req: 865/1672] 10.0.0.104 () {32 vars in 647 bytes} [Mon Jun 8 04:49:55 2026] GET /v2.0/subnets => generated 1960 bytes in 28 msecs (HTTP/1.1 200) 4 headers in 158 bytes (1 switches on core 0)
2026-06-08 04:49:55.406 8 INFO neutron.pecan_wsgi.hooks.translation [None req-23dbdccd-bded-447e-8060-3801eb8d7374 481a6e2f5c9542ed8b2a11a5e5ecf7cf 467a0dca174c4362ab7c76247964c6b1 - - default default] DELETE failed (client error): The resource could not be found. [pid: 8|app: 0|req: 866/1673] 10.0.0.104 () {32 vars in 724 bytes} [Mon Jun 8 04:49:55 2026] DELETE /v2.0/subnets/8deccef2-f70b-446b-86fd-4b6e931335cc => generated 136 bytes in 14 msecs (HTTP/1.1 404) 4 headers in 164 bytes (1 switches on core 0)
2026-06-08 04:49:55.469 7 WARNING neutron.scheduler.dhcp_agent_scheduler [None req-9ca86260-83d4-48fc-91a6-85bd4e48b61a aebc8db64662417ab0c1f2345468e7e1 c7b73a87c8a34311af35e607b96e761c - - default default] No more DHCP agents
2026-06-08 04:49:55.472 7 WARNING neutron.api.rpc.agentnotifiers.dhcp_rpc_agent_api [None req-9ca86260-83d4-48fc-91a6-85bd4e48b61a aebc8db64662417ab0c1f2345468e7e1 c7b73a87c8a34311af35e607b96e761c - - default default] Unable to schedule network 74d6a8f8-e880-41c9-9761-06404d335c22: no agents available; will retry on subsequent port and subnet creation events.
2026-06-08 04:49:55.636 7 INFO neutron.plugins.ml2.drivers.ovn.mech_driver.mech_driver [None req-c051bfd7-a1c2-4805-b77a-d37eb97548cd - - - - - -] OVN reports status down for port: cbd19db3-05f2-4fa7-80b9-3dfda64592ab [pid: 8|app: 0|req: 867/1674] 10.0.0.104 () {32 vars in 724 bytes} [Mon Jun 8 04:49:55 2026] DELETE /v2.0/subnets/dcb59d21-b564-4911-9b7e-05bb3dc7b1ae => generated 0 bytes in 244 msecs (HTTP/1.1 204) 3 headers in 131 bytes (1 switches on core 0) [pid: 8|app: 0|req: 868/1675] 10.0.0.104 () {32 vars in 736 bytes} [Mon Jun 8 04:49:55 2026] GET /v2.0/ports?device_id=4e679219-bd98-4e11-a83c-b10e1f892251 => generated 12 bytes in 20 msecs (HTTP/1.1 200) 4 headers in 156 bytes (1 switches on core 0)
2026-06-08 04:49:55.708 7 INFO neutron.db.ovn_revision_numbers_db [None req-9ca86260-83d4-48fc-91a6-85bd4e48b61a aebc8db64662417ab0c1f2345468e7e1 c7b73a87c8a34311af35e607b96e761c - - default default] Successfully bumped revision number for resource cbd19db3-05f2-4fa7-80b9-3dfda64592ab (type: ports) to 1 [pid: 7|app: 0|req: 808/1676] 10.0.0.104 () {34 vars in 665 bytes} [Mon Jun 8 04:49:55 2026] POST /v2.0/ports => generated 912 bytes in 587 msecs (HTTP/1.1 201) 4 headers in 162 bytes (1 switches on core 0)
2026-06-08 04:49:55.797 7 INFO neutron.api.v2.resource [None req-ce6da798-aaba-4e20-9d55-3850248fcad9 481a6e2f5c9542ed8b2a11a5e5ecf7cf 467a0dca174c4362ab7c76247964c6b1 - - default default] delete failed (client error): The resource could not be found. [pid: 7|app: 0|req: 809/1677] 10.0.0.104 () {32 vars in 724 bytes} [Mon Jun 8 04:49:55 2026] DELETE /v2.0/routers/4e679219-bd98-4e11-a83c-b10e1f892251 => generated 135 bytes in 42 msecs (HTTP/1.1 404) 4 headers in 164 bytes (1 switches on core 0) [pid: 8|app: 0|req: 869/1678] 10.0.0.104 () {32 vars in 724 bytes} [Mon Jun 8 04:49:55 2026] DELETE /v2.0/subnets/c327f3bc-c783-4b0a-a886-fca4e6eead82 => generated 0 bytes in 199 msecs (HTTP/1.1 204) 3 headers in 131 bytes (1 switches on core 0)
2026-06-08 04:49:55.883 8 INFO neutron.pecan_wsgi.hooks.translation [None req-0acb0933-1b87-4074-83fa-69db41ae966d 481a6e2f5c9542ed8b2a11a5e5ecf7cf 467a0dca174c4362ab7c76247964c6b1 - - default default] DELETE failed (client error): The resource could not be found. [pid: 8|app: 0|req: 870/1679] 10.0.0.104 () {32 vars in 724 bytes} [Mon Jun 8 04:49:55 2026] DELETE /v2.0/subnets/02fcc8a6-4e6a-4f0e-b5d3-15dc9a5059db => generated 136 bytes in 13 msecs (HTTP/1.1 404) 4 headers in 164 bytes (1 switches on core 0) [pid: 8|app: 0|req: 871/1680] 10.0.0.104 () {32 vars in 647 bytes} [Mon Jun 8 04:49:55 2026] GET /v2.0/subnets => generated 649 bytes in 28 msecs (HTTP/1.1 200) 4 headers in 157 bytes (1 switches on core 0)
2026-06-08 04:49:55.920 7 INFO neutron_taas.services.taas.taas_plugin [None req-a4795914-99f6-4bcb-afee-09ce79ee16d1 aebc8db64662417ab0c1f2345468e7e1 c7b73a87c8a34311af35e607b96e761c - - default default] TaaS: Handle Delete Port: cbd19db3-05f2-4fa7-80b9-3dfda64592ab
2026-06-08 04:49:55.923 7 INFO neutron_taas.services.taas.tap_mirror_plugin [None req-a4795914-99f6-4bcb-afee-09ce79ee16d1 aebc8db64662417ab0c1f2345468e7e1 c7b73a87c8a34311af35e607b96e761c - - default default] Tap Mirror: Handle Delete Port: cbd19db3-05f2-4fa7-80b9-3dfda64592ab
2026-06-08 04:49:55.925 8 INFO neutron.pecan_wsgi.hooks.translation [None req-c740c3ab-6f23-44e6-8e50-0161bd7bf682 481a6e2f5c9542ed8b2a11a5e5ecf7cf 467a0dca174c4362ab7c76247964c6b1 - - default default] DELETE failed (client error): The resource could not be found. [pid: 8|app: 0|req: 872/1681] 10.0.0.104 () {32 vars in 724 bytes} [Mon Jun 8 04:49:55 2026] DELETE /v2.0/subnets/4ef7d4b4-e63d-4c0f-a34b-c2b74f46261f => generated 136 bytes in 12 msecs (HTTP/1.1 404) 4 headers in 164 bytes (1 switches on core 0)
2026-06-08 04:49:56.055 8 INFO neutron_taas.services.taas.taas_plugin [None req-28dc06ca-a959-47dd-8e58-038af2638d5c 4c3e761df6904ffbb7a2a36642e246f1 b097c93166414941b6742dd18c2c8c9b - - default default] TaaS: Handle Delete Port: ee5016da-8e84-4ce0-b897-c56125e098b0
2026-06-08 04:49:56.057 8 INFO neutron_taas.services.taas.tap_mirror_plugin [None req-28dc06ca-a959-47dd-8e58-038af2638d5c 4c3e761df6904ffbb7a2a36642e246f1 b097c93166414941b6742dd18c2c8c9b - - default default] Tap Mirror: Handle Delete Port: ee5016da-8e84-4ce0-b897-c56125e098b0 [pid: 7|app: 0|req: 810/1682] 10.0.0.104 () {32 vars in 720 bytes} [Mon Jun 8 04:49:55 2026] DELETE /v2.0/ports/cbd19db3-05f2-4fa7-80b9-3dfda64592ab => generated 0 bytes in 303 msecs (HTTP/1.1 204) 3 headers in 131 bytes (1 switches on core 0)
2026-06-08 04:49:56.129 7 INFO neutron.pecan_wsgi.hooks.translation [None req-577620a8-7b66-4321-831e-31870b12aef8 aebc8db64662417ab0c1f2345468e7e1 c7b73a87c8a34311af35e607b96e761c - - default default] GET failed (client error): The resource could not be found. [pid: 7|app: 0|req: 811/1683] 10.0.0.104 () {32 vars in 717 bytes} [Mon Jun 8 04:49:56 2026] GET /v2.0/ports/cbd19db3-05f2-4fa7-80b9-3dfda64592ab => generated 132 bytes in 24 msecs (HTTP/1.1 404) 4 headers in 164 bytes (1 switches on core 0)
2026-06-08 04:49:56.265 8 INFO neutron.services.segments.plugin [-] Segment 37c6d2bb-3f30-421a-be23-693f3ebebd5b resource provider aggregate not found
2026-06-08 04:49:56.269 8 INFO neutron.services.segments.plugin [-] Segment 37c6d2bb-3f30-421a-be23-693f3ebebd5b resource provider aggregate not found
2026-06-08 04:49:56.283 8 INFO neutron.services.segments.plugin [-] Segment 37c6d2bb-3f30-421a-be23-693f3ebebd5b resource provider not found; error: Placement Client Error (4xx): {"errors": [{"status": 404, "title": "Not Found", "detail": "The resource could not be found.\n\n No resource provider with uuid 37c6d2bb-3f30-421a-be23-693f3ebebd5b found for delete ", "request_id": "req-eac630ee-af10-4f02-9854-7688b0f429d4"}]}
2026-06-08 04:49:56.286 8 INFO neutron.services.segments.plugin [-] Segment 37c6d2bb-3f30-421a-be23-693f3ebebd5b resource provider not found; error: Placement Client Error (4xx): {"errors": [{"status": 404, "title": "Not Found", "detail": "The resource could not be found.\n\n No resource provider with uuid 37c6d2bb-3f30-421a-be23-693f3ebebd5b found for delete ", "request_id": "req-82459c49-4346-49ea-b7fd-bc6fbe5288f7"}]} [pid: 8|app: 0|req: 873/1684] 10.0.0.104 () {32 vars in 726 bytes} [Mon Jun 8 04:49:55 2026] DELETE /v2.0/networks/57730ed9-8ff2-474e-934e-6729493ebc36 => generated 0 bytes in 396 msecs (HTTP/1.1 204) 3 headers in 131 bytes (1 switches on core 0) [pid: 7|app: 0|req: 812/1685] 10.0.0.104 () {32 vars in 724 bytes} [Mon Jun 8 04:49:56 2026] DELETE /v2.0/subnets/576526cc-1ecc-40ab-987c-73019c311eb0 => generated 0 bytes in 212 msecs (HTTP/1.1 204) 3 headers in 131 bytes (1 switches on core 0)
2026-06-08 04:49:56.446 8 INFO neutron_taas.services.taas.taas_plugin [None req-03613646-8126-4175-8d9c-966969723a03 4c3e761df6904ffbb7a2a36642e246f1 b097c93166414941b6742dd18c2c8c9b - - default default] TaaS: Handle Delete Port: c35ceeae-084f-42a9-a9e3-2c4f84298f29
2026-06-08 04:49:56.451 8 INFO neutron_taas.services.taas.tap_mirror_plugin [None req-03613646-8126-4175-8d9c-966969723a03 4c3e761df6904ffbb7a2a36642e246f1 b097c93166414941b6742dd18c2c8c9b - - default default] Tap Mirror: Handle Delete Port: c35ceeae-084f-42a9-a9e3-2c4f84298f29
2026-06-08 04:49:56.463 7 INFO neutron_taas.services.taas.taas_plugin [None req-3067052a-b5ea-4c06-9c6a-533550f042be aebc8db64662417ab0c1f2345468e7e1 c7b73a87c8a34311af35e607b96e761c - - default default] TaaS: Handle Delete Port: 1df47671-a0c7-4f86-b094-d78ef9afbc9d
2026-06-08 04:49:56.465 7 INFO neutron_taas.services.taas.tap_mirror_plugin [None req-3067052a-b5ea-4c06-9c6a-533550f042be aebc8db64662417ab0c1f2345468e7e1 c7b73a87c8a34311af35e607b96e761c - - default default] Tap Mirror: Handle Delete Port: 1df47671-a0c7-4f86-b094-d78ef9afbc9d
2026-06-08 04:49:56.682 7 INFO neutron.services.segments.plugin [-] Segment e494ba05-dc55-4163-8d09-45ede0738b73 resource provider aggregate not found
2026-06-08 04:49:56.693 7 INFO neutron.services.segments.plugin [-] Segment e494ba05-dc55-4163-8d09-45ede0738b73 resource provider aggregate not found
2026-06-08 04:49:56.704 7 INFO neutron.services.segments.plugin [-] Segment e494ba05-dc55-4163-8d09-45ede0738b73 resource provider not found; error: Placement Client Error (4xx): {"errors": [{"status": 404, "title": "Not Found", "detail": "The resource could not be found.\n\n No resource provider with uuid e494ba05-dc55-4163-8d09-45ede0738b73 found for delete ", "request_id": "req-0f8544ba-c5c3-4412-abad-46b872076e21"}]} [pid: 8|app: 0|req: 874/1686] 10.0.0.104 () {32 vars in 726 bytes} [Mon Jun 8 04:49:56 2026] DELETE /v2.0/networks/70e92f2c-ee4c-4733-aff8-2b106e465d8c => generated 0 bytes in 383 msecs (HTTP/1.1 204) 3 headers in 131 bytes (1 switches on core 0)
2026-06-08 04:49:56.713 7 INFO neutron.services.segments.plugin [-] Segment e494ba05-dc55-4163-8d09-45ede0738b73 resource provider not found; error: Placement Client Error (4xx): {"errors": [{"status": 404, "title": "Not Found", "detail": "The resource could not be found.\n\n No resource provider with uuid e494ba05-dc55-4163-8d09-45ede0738b73 found for delete ", "request_id": "req-c73085d4-2fde-4432-a42e-c27b835b8793"}]} [pid: 7|app: 0|req: 813/1687] 10.0.0.104 () {32 vars in 726 bytes} [Mon Jun 8 04:49:56 2026] DELETE /v2.0/networks/74d6a8f8-e880-41c9-9761-06404d335c22 => generated 0 bytes in 388 msecs (HTTP/1.1 204) 3 headers in 131 bytes (1 switches on core 0)
2026-06-08 04:49:56.743 8 INFO neutron.notifiers.nova [-] Nova event matching ['req-0e2beb74-2fb9-4ce8-b42a-9a9068a7ef2f'] response: {'server_uuid': '54f47081-9227-45ca-b33c-4bded2ef6398', 'name': 'network-vif-plugged', 'status': 'completed', 'tag': '8a11d9cb-d125-4723-a1b3-c67dee8a9ed3', 'code': 200} [pid: 8|app: 0|req: 875/1688] 10.0.0.62 () {34 vars in 989 bytes} [Mon Jun 8 04:49:56 2026] GET /v2.0/ports?device_id=54f47081-9227-45ca-b33c-4bded2ef6398 => generated 975 bytes in 96 msecs (HTTP/1.1 200) 4 headers in 157 bytes (1 switches on core 0) [pid: 7|app: 0|req: 814/1689] 10.0.0.104 () {32 vars in 774 bytes} [Mon Jun 8 04:49:56 2026] GET /v2.0/security-groups?tenant_id=467a0dca174c4362ab7c76247964c6b1&name=default => generated 2925 bytes in 114 msecs (HTTP/1.1 200) 4 headers in 158 bytes (1 switches on core 0)
2026-06-08 04:49:56.922 8 INFO neutron_taas.services.taas.taas_plugin [None req-6453eabe-410a-4568-aff5-3e8942d7bd53 4c3e761df6904ffbb7a2a36642e246f1 b097c93166414941b6742dd18c2c8c9b - - default default] TaaS: Handle Delete Port: de6a1faf-0421-4321-9951-7c91251a4f29
2026-06-08 04:49:56.924 8 INFO neutron_taas.services.taas.tap_mirror_plugin [None req-6453eabe-410a-4568-aff5-3e8942d7bd53 4c3e761df6904ffbb7a2a36642e246f1 b097c93166414941b6742dd18c2c8c9b - - default default] Tap Mirror: Handle Delete Port: de6a1faf-0421-4321-9951-7c91251a4f29
2026-06-08 04:49:57.108 7 WARNING neutron.scheduler.dhcp_agent_scheduler [None req-b7416674-9074-4a9e-8e48-ad55d3fe3e93 aebc8db64662417ab0c1f2345468e7e1 c7b73a87c8a34311af35e607b96e761c - - default default] No more DHCP agents
2026-06-08 04:49:57.110 7 WARNING neutron.api.rpc.agentnotifiers.dhcp_rpc_agent_api [None req-b7416674-9074-4a9e-8e48-ad55d3fe3e93 aebc8db64662417ab0c1f2345468e7e1 c7b73a87c8a34311af35e607b96e761c - - default default] Unable to schedule network ce25a938-01b0-4330-b334-3306d5f68ace: no agents available; will retry on subsequent port and subnet creation events. [pid: 8|app: 0|req: 876/1690] 10.0.0.104 () {32 vars in 726 bytes} [Mon Jun 8 04:49:56 2026] DELETE /v2.0/networks/7b2eadf2-04df-4e78-8f2a-ec5439ede016 => generated 0 bytes in 374 msecs (HTTP/1.1 204) 3 headers in 131 bytes (1 switches on core 0)
2026-06-08 04:49:57.201 7 INFO neutron.plugins.ml2.drivers.ovn.mech_driver.mech_driver [None req-c051bfd7-a1c2-4805-b77a-d37eb97548cd - - - - - -] OVN reports status down for port: 7a256dd6-a7a9-494b-86c6-efcd0deebccc [pid: 8|app: 0|req: 877/1691] 10.0.0.62 () {34 vars in 1039 bytes} [Mon Jun 8 04:49:57 2026] GET /v2.0/security-groups?id=e92a0f4a-5c24-4443-8fe7-66b3a372e5bb&fields=id&fields=name => generated 113 bytes in 68 msecs (HTTP/1.1 200) 4 headers in 157 bytes (1 switches on core 0)
2026-06-08 04:49:57.297 7 INFO neutron.db.ovn_revision_numbers_db [None req-b7416674-9074-4a9e-8e48-ad55d3fe3e93 aebc8db64662417ab0c1f2345468e7e1 c7b73a87c8a34311af35e607b96e761c - - default default] Successfully bumped revision number for resource 7a256dd6-a7a9-494b-86c6-efcd0deebccc (type: ports) to 1 [pid: 7|app: 0|req: 815/1692] 10.0.0.104 () {34 vars in 665 bytes} [Mon Jun 8 04:49:56 2026] POST /v2.0/ports => generated 774 bytes in 550 msecs (HTTP/1.1 201) 4 headers in 162 bytes (1 switches on core 0) /var/lib/openstack/lib/python3.12/site-packages/pycadf/identifier.py:70: UserWarning: Invalid uuid: neutron. To ensure interoperability, identifiers should be a valid uuid. warnings.warn(('Invalid uuid: %s. To ensure interoperability, ' [pid: 8|app: 0|req: 878/1693] 10.0.0.104 () {32 vars in 740 bytes} [Mon Jun 8 04:49:57 2026] DELETE /v2.0/security-groups/41d68c3a-b045-49af-a405-201c525bb16d => generated 0 bytes in 236 msecs (HTTP/1.1 204) 2 headers in 112 bytes (1 switches on core 0) [pid: 8|app: 0|req: 879/1694] 10.0.0.62 () {34 vars in 989 bytes} [Mon Jun 8 04:49:57 2026] GET /v2.0/ports?device_id=54f47081-9227-45ca-b33c-4bded2ef6398 => generated 975 bytes in 41 msecs (HTTP/1.1 200) 4 headers in 157 bytes (1 switches on core 0)
2026-06-08 04:49:57.580 7 INFO neutron_taas.services.taas.taas_plugin [None req-0cb7955f-4660-41dd-8541-acd25437d445 4c3e761df6904ffbb7a2a36642e246f1 b097c93166414941b6742dd18c2c8c9b - - default default] TaaS: Handle Delete Port: 0cc31993-e376-41d2-bf64-4c08ce1e5bc6
2026-06-08 04:49:57.583 7 INFO neutron_taas.services.taas.tap_mirror_plugin [None req-0cb7955f-4660-41dd-8541-acd25437d445 4c3e761df6904ffbb7a2a36642e246f1 b097c93166414941b6742dd18c2c8c9b - - default default] Tap Mirror: Handle Delete Port: 0cc31993-e376-41d2-bf64-4c08ce1e5bc6 [pid: 8|app: 0|req: 880/1695] 10.0.0.128 () {28 vars in 591 bytes} [Mon Jun 8 04:49:57 2026] GET /v2.0/floatingips => generated 19 bytes in 72 msecs (HTTP/1.1 200) 4 headers in 156 bytes (1 switches on core 0)
2026-06-08 04:49:57.878 7 INFO neutron.plugins.ml2.drivers.ovn.mech_driver.mech_driver [None req-c051bfd7-a1c2-4805-b77a-d37eb97548cd - - - - - -] OVN reports status down for port: 7a256dd6-a7a9-494b-86c6-efcd0deebccc
2026-06-08 04:49:57.910 8 INFO neutron.db.ovn_revision_numbers_db [None req-91215542-77db-47c9-8932-b06f4af71121 aebc8db64662417ab0c1f2345468e7e1 c7b73a87c8a34311af35e607b96e761c - - default default] Successfully bumped revision number for resource 7a256dd6-a7a9-494b-86c6-efcd0deebccc (type: ports) to 2 [pid: 8|app: 0|req: 881/1696] 10.0.0.104 () {34 vars in 737 bytes} [Mon Jun 8 04:49:57 2026] PUT /v2.0/ports/7a256dd6-a7a9-494b-86c6-efcd0deebccc => generated 752 bytes in 354 msecs (HTTP/1.1 200) 4 headers in 157 bytes (1 switches on core 0) /var/lib/openstack/lib/python3.12/site-packages/pycadf/identifier.py:70: UserWarning: Invalid uuid: neutron. To ensure interoperability, identifiers should be a valid uuid. warnings.warn(('Invalid uuid: %s. To ensure interoperability, ' [pid: 7|app: 0|req: 816/1697] 10.0.0.104 () {32 vars in 726 bytes} [Mon Jun 8 04:49:57 2026] DELETE /v2.0/networks/0974951f-30c6-4c6c-b888-32b7ea5b8d8b => generated 0 bytes in 562 msecs (HTTP/1.1 204) 3 headers in 131 bytes (1 switches on core 0) [pid: 8|app: 0|req: 882/1698] 10.0.0.62 () {34 vars in 1039 bytes} [Mon Jun 8 04:49:57 2026] GET /v2.0/security-groups?id=e92a0f4a-5c24-4443-8fe7-66b3a372e5bb&fields=id&fields=name => generated 113 bytes in 28 msecs (HTTP/1.1 200) 4 headers in 157 bytes (1 switches on core 0) [pid: 7|app: 0|req: 817/1699] 10.0.0.128 () {28 vars in 599 bytes} [Mon Jun 8 04:49:57 2026] GET /v2.0/security-groups => generated 31453 bytes in 47 msecs (HTTP/1.1 200) 4 headers in 159 bytes (1 switches on core 0) [pid: 7|app: 0|req: 818/1700] 10.0.0.104 () {32 vars in 736 bytes} [Mon Jun 8 04:49:58 2026] GET /v2.0/ports?device_id=54f47081-9227-45ca-b33c-4bded2ef6398 => generated 1213 bytes in 58 msecs (HTTP/1.1 200) 4 headers in 158 bytes (1 switches on core 0) [pid: 7|app: 0|req: 819/1701] 10.0.0.128 () {28 vars in 583 bytes} [Mon Jun 8 04:49:58 2026] GET /v2.0/subnets => generated 1973 bytes in 28 msecs (HTTP/1.1 200) 4 headers in 158 bytes (1 switches on core 0)
2026-06-08 04:49:58.120 8 INFO neutron_taas.services.taas.taas_plugin [None req-3f9b3374-a08f-4a4e-8ff0-c7600c58c170 aebc8db64662417ab0c1f2345468e7e1 c7b73a87c8a34311af35e607b96e761c - - default default] TaaS: Handle Delete Port: 7a256dd6-a7a9-494b-86c6-efcd0deebccc
2026-06-08 04:49:58.124 8 INFO neutron_taas.services.taas.tap_mirror_plugin [None req-3f9b3374-a08f-4a4e-8ff0-c7600c58c170 aebc8db64662417ab0c1f2345468e7e1 c7b73a87c8a34311af35e607b96e761c - - default default] Tap Mirror: Handle Delete Port: 7a256dd6-a7a9-494b-86c6-efcd0deebccc [pid: 8|app: 0|req: 883/1702] 10.0.0.104 () {32 vars in 720 bytes} [Mon Jun 8 04:49:57 2026] DELETE /v2.0/ports/7a256dd6-a7a9-494b-86c6-efcd0deebccc => generated 0 bytes in 302 msecs (HTTP/1.1 204) 3 headers in 131 bytes (1 switches on core 0)
2026-06-08 04:49:58.309 8 INFO neutron.services.segments.plugin [-] Segment d53c1b36-56f6-4e28-b635-3e76d167b867 resource provider aggregate not found
2026-06-08 04:49:58.320 8 INFO neutron.services.segments.plugin [-] Segment d53c1b36-56f6-4e28-b635-3e76d167b867 resource provider aggregate not found
2026-06-08 04:49:58.326 8 INFO neutron.services.segments.plugin [-] Segment d53c1b36-56f6-4e28-b635-3e76d167b867 resource provider not found; error: Placement Client Error (4xx): {"errors": [{"status": 404, "title": "Not Found", "detail": "The resource could not be found.\n\n No resource provider with uuid d53c1b36-56f6-4e28-b635-3e76d167b867 found for delete ", "request_id": "req-f5afa4bd-208b-4310-aa38-255371acefed"}]}
2026-06-08 04:49:58.343 8 INFO neutron.services.segments.plugin [-] Segment d53c1b36-56f6-4e28-b635-3e76d167b867 resource provider not found; error: Placement Client Error (4xx): {"errors": [{"status": 404, "title": "Not Found", "detail": "The resource could not be found.\n\n No resource provider with uuid d53c1b36-56f6-4e28-b635-3e76d167b867 found for delete ", "request_id": "req-4c902543-de2e-4ef3-8bd2-e3458e8bc831"}]}
2026-06-08 04:49:58.350 8 INFO neutron.services.segments.plugin [-] Segment b8f6f480-3ab1-4095-82ef-21c29bbff2b1 resource provider aggregate not found [pid: 8|app: 0|req: 884/1703] 10.0.0.128 () {28 vars in 583 bytes} [Mon Jun 8 04:49:58 2026] GET /v2.0/subnets => generated 1973 bytes in 66 msecs (HTTP/1.1 200) 4 headers in 158 bytes (1 switches on core 0)
2026-06-08 04:49:58.365 8 INFO neutron.services.segments.plugin [-] Segment b8f6f480-3ab1-4095-82ef-21c29bbff2b1 resource provider aggregate not found
2026-06-08 04:49:58.370 8 INFO neutron.services.segments.plugin [-] Segment b8f6f480-3ab1-4095-82ef-21c29bbff2b1 resource provider not found; error: Placement Client Error (4xx): {"errors": [{"status": 404, "title": "Not Found", "detail": "The resource could not be found.\n\n No resource provider with uuid b8f6f480-3ab1-4095-82ef-21c29bbff2b1 found for delete ", "request_id": "req-99b01cfd-ccef-426b-b803-5e4f0cbb7f50"}]}
2026-06-08 04:49:58.381 8 INFO neutron.services.segments.plugin [-] Segment b8f6f480-3ab1-4095-82ef-21c29bbff2b1 resource provider not found; error: Placement Client Error (4xx): {"errors": [{"status": 404, "title": "Not Found", "detail": "The resource could not be found.\n\n No resource provider with uuid b8f6f480-3ab1-4095-82ef-21c29bbff2b1 found for delete ", "request_id": "req-65589a9f-0507-47d0-93e5-f2a6bc40379c"}]} [pid: 8|app: 0|req: 887/1706] 10.0.0.104 () {32 vars in 643 bytes} [Mon Jun 8 04:49:58 2026] GET /v2.0/ports => generated 1533 bytes in 46 msecs (HTTP/1.1 200) 4 headers in 158 bytes (1 switches on core 0)
2026-06-08 04:49:58.408 7 WARNING neutron.scheduler.dhcp_agent_scheduler [None req-8039448c-d465-40c8-b276-eb3371fc1ec8 80a479842b04454e8d2d31c177235754 9ce770e8a4cc4b0b8cfa5992c6a11929 - - default default] No more DHCP agents
2026-06-08 04:49:58.410 7 WARNING neutron.api.rpc.agentnotifiers.dhcp_rpc_agent_api [None req-8039448c-d465-40c8-b276-eb3371fc1ec8 80a479842b04454e8d2d31c177235754 9ce770e8a4cc4b0b8cfa5992c6a11929 - - default default] Unable to schedule network 8fe18a57-027d-4f3c-9d3e-7a5108c851cd: no agents available; will retry on subsequent port and subnet creation events. [pid: 8|app: 0|req: 888/1707] 10.0.0.128 () {28 vars in 591 bytes} [Mon Jun 8 04:49:58 2026] GET /v2.0/subnetpools => generated 19 bytes in 10 msecs (HTTP/1.1 200) 4 headers in 156 bytes (1 switches on core 0)
2026-06-08 04:49:58.428 8 INFO neutron.pecan_wsgi.hooks.translation [None req-bc495c03-d78d-4777-bc1d-f7f1af68dfad aebc8db64662417ab0c1f2345468e7e1 c7b73a87c8a34311af35e607b96e761c - - default default] GET failed (client error): The resource could not be found. [pid: 8|app: 0|req: 889/1708] 10.0.0.104 () {32 vars in 717 bytes} [Mon Jun 8 04:49:58 2026] GET /v2.0/ports/7a256dd6-a7a9-494b-86c6-efcd0deebccc => generated 132 bytes in 14 msecs (HTTP/1.1 404) 4 headers in 164 bytes (1 switches on core 0) [pid: 8|app: 0|req: 890/1709] 10.0.0.104 () {32 vars in 774 bytes} [Mon Jun 8 04:49:58 2026] GET /v2.0/security-groups?tenant_id=b097c93166414941b6742dd18c2c8c9b&name=default => generated 2925 bytes in 256 msecs (HTTP/1.1 200) 4 headers in 158 bytes (1 switches on core 0)
2026-06-08 04:49:58.737 7 INFO neutron.services.segments.plugin [-] Segment ab557317-1d9f-4e15-9851-13729e7de3ec resource provider aggregate not found
2026-06-08 04:49:58.742 7 INFO neutron.services.segments.plugin [-] Segment ab557317-1d9f-4e15-9851-13729e7de3ec resource provider aggregate not found [pid: 8|app: 0|req: 891/1710] 10.0.0.128 () {28 vars in 585 bytes} [Mon Jun 8 04:49:58 2026] GET /v2.0/networks => generated 3827 bytes in 62 msecs (HTTP/1.1 200) 4 headers in 158 bytes (1 switches on core 0)
2026-06-08 04:49:58.754 7 INFO neutron.services.segments.plugin [-] Segment ab557317-1d9f-4e15-9851-13729e7de3ec resource provider not found; error: Placement Client Error (4xx): {"errors": [{"status": 404, "title": "Not Found", "detail": "The resource could not be found.\n\n No resource provider with uuid ab557317-1d9f-4e15-9851-13729e7de3ec found for delete ", "request_id": "req-8bd19350-0948-4719-aff6-336880e129d1"}]}
2026-06-08 04:49:58.759 7 INFO neutron.services.segments.plugin [-] Segment ab557317-1d9f-4e15-9851-13729e7de3ec resource provider not found; error: Placement Client Error (4xx): {"errors": [{"status": 404, "title": "Not Found", "detail": "The resource could not be found.\n\n No resource provider with uuid ab557317-1d9f-4e15-9851-13729e7de3ec found for delete ", "request_id": "req-88131a59-dffb-41d4-bbd2-3f4baf8c2f91"}]} [pid: 8|app: 0|req: 892/1711] 10.0.0.104 () {32 vars in 643 bytes} [Mon Jun 8 04:49:58 2026] GET /v2.0/ports => generated 1533 bytes in 38 msecs (HTTP/1.1 200) 4 headers in 158 bytes (1 switches on core 0) [pid: 8|app: 0|req: 893/1712] 10.0.0.104 () {32 vars in 740 bytes} [Mon Jun 8 04:49:58 2026] DELETE /v2.0/security-groups/6dd4fe7f-b593-49f7-8b44-c3a20cc6f6e0 => generated 0 bytes in 395 msecs (HTTP/1.1 204) 2 headers in 112 bytes (1 switches on core 0) [pid: 8|app: 0|req: 894/1713] 10.0.0.128 () {28 vars in 581 bytes} [Mon Jun 8 04:49:59 2026] GET /v2.0/agents => generated 1214 bytes in 21 msecs (HTTP/1.1 200) 4 headers in 158 bytes (1 switches on core 0) [pid: 8|app: 0|req: 895/1714] 10.0.0.104 () {32 vars in 717 bytes} [Mon Jun 8 04:49:59 2026] GET /v2.0/ports/a9a1b468-81fe-4998-bdc6-f6a5869e76dd => generated 774 bytes in 34 msecs (HTTP/1.1 200) 4 headers in 157 bytes (1 switches on core 0) [pid: 8|app: 0|req: 896/1715] 10.0.0.128 () {28 vars in 579 bytes} [Mon Jun 8 04:49:59 2026] GET /v2.0/ports => generated 12358 bytes in 71 msecs (HTTP/1.1 200) 4 headers in 159 bytes (1 switches on core 0)
2026-06-08 04:49:59.322 8 INFO neutron.pecan_wsgi.hooks.translation [None req-27898e7b-df83-409a-97c3-394bf0411917 aebc8db64662417ab0c1f2345468e7e1 c7b73a87c8a34311af35e607b96e761c - - default default] DELETE failed (client error): The resource could not be found. [pid: 8|app: 0|req: 897/1716] 10.0.0.104 () {32 vars in 720 bytes} [Mon Jun 8 04:49:59 2026] DELETE /v2.0/ports/cbd19db3-05f2-4fa7-80b9-3dfda64592ab => generated 132 bytes in 14 msecs (HTTP/1.1 404) 4 headers in 164 bytes (1 switches on core 0) [pid: 8|app: 0|req: 898/1717] 10.0.0.128 () {28 vars in 583 bytes} [Mon Jun 8 04:49:59 2026] GET /v2.0/routers => generated 975 bytes in 54 msecs (HTTP/1.1 200) 4 headers in 157 bytes (1 switches on core 0)
