2026-06-08 04:49:16.557 7 INFO neutron.pecan_wsgi.hooks.translation [None req-34906dac-3043-4773-bbb1-18300c6cc87b 5b54d7d0d04b42dd8b52cbbda6e6f51a 0577fcab64db47e0be19d2298a7b0622 - - default default] DELETE failed (client error): The resource could not be found. [pid: 7|app: 0|req: 693/1439] 10.0.0.104 () {32 vars in 720 bytes} [Mon Jun 8 04:49:16 2026] DELETE /v2.0/ports/70bbf4c0-4eae-47a8-b908-685dcf9ae322 => generated 132 bytes in 18 msecs (HTTP/1.1 404) 4 headers in 164 bytes (1 switches on core 0) [pid: 7|app: 0|req: 694/1440] 10.0.0.175 () {32 vars in 802 bytes} [Mon Jun 8 04:49:16 2026] GET /v2.0/extensions => generated 20541 bytes in 5 msecs (HTTP/1.1 200) 4 headers in 159 bytes (1 switches on core 0)
2026-06-08 04:49:16.706 8 INFO neutron_taas.services.taas.taas_plugin [None req-970af922-eb87-4047-a1ba-e464090882c1 fe1ac1a980474fed984c8e8409b0b73f bee3f67793e24189996e2c8f035a37cb - - default default] TaaS: Handle Delete Port: e97bcf44-506f-463c-8812-477272ff10d5
2026-06-08 04:49:16.709 8 INFO neutron_taas.services.taas.tap_mirror_plugin [None req-970af922-eb87-4047-a1ba-e464090882c1 fe1ac1a980474fed984c8e8409b0b73f bee3f67793e24189996e2c8f035a37cb - - default default] Tap Mirror: Handle Delete Port: e97bcf44-506f-463c-8812-477272ff10d5 [pid: 7|app: 0|req: 695/1441] 10.0.0.104 () {32 vars in 740 bytes} [Mon Jun 8 04:49:16 2026] DELETE /v2.0/security-groups/14ba89ab-4a4f-4b8d-9824-6dca195fe79a => generated 0 bytes in 253 msecs (HTTP/1.1 204) 2 headers in 112 bytes (1 switches on core 0)
2026-06-08 04:49:16.834 7 INFO neutron.pecan_wsgi.hooks.translation [None req-6869c08c-d927-41a5-87ed-f209bf7084e4 5b54d7d0d04b42dd8b52cbbda6e6f51a 0577fcab64db47e0be19d2298a7b0622 - - default default] GET failed (client error): The resource could not be found. [pid: 7|app: 0|req: 696/1442] 10.0.0.104 () {32 vars in 717 bytes} [Mon Jun 8 04:49:16 2026] GET /v2.0/ports/70bbf4c0-4eae-47a8-b908-685dcf9ae322 => generated 132 bytes in 17 msecs (HTTP/1.1 404) 4 headers in 164 bytes (1 switches on core 0) [pid: 7|app: 0|req: 697/1443] 10.0.0.175 () {30 vars in 724 bytes} [Mon Jun 8 04:49:16 2026] GET /v2.0/quotas/31a8a53256c74259bee82dbb9bc388a7/details => generated 847 bytes in 109 msecs (HTTP/1.1 200) 4 headers in 157 bytes (1 switches on core 0) [pid: 7|app: 0|req: 698/1444] 10.0.0.104 () {32 vars in 724 bytes} [Mon Jun 8 04:49:16 2026] DELETE /v2.0/subnets/96fb045e-86f9-4888-84c9-1ac028eba938 => generated 0 bytes in 141 msecs (HTTP/1.1 204) 3 headers in 131 bytes (1 switches on core 0) [pid: 8|app: 0|req: 747/1445] 10.0.0.104 () {32 vars in 724 bytes} [Mon Jun 8 04:49:16 2026] DELETE /v2.0/routers/7a45d8d4-f355-4672-b777-9b9cbb923571 => generated 0 bytes in 719 msecs (HTTP/1.1 204) 2 headers in 112 bytes (1 switches on core 0)
2026-06-08 04:49:17.204 7 INFO neutron_taas.services.taas.taas_plugin [None req-e49702dd-f6d6-4882-b20d-62bd5447f1bb 5b54d7d0d04b42dd8b52cbbda6e6f51a 0577fcab64db47e0be19d2298a7b0622 - - default default] TaaS: Handle Delete Port: 300c648c-58fb-409f-b76c-b27f5f44258d
2026-06-08 04:49:17.207 7 INFO neutron_taas.services.taas.tap_mirror_plugin [None req-e49702dd-f6d6-4882-b20d-62bd5447f1bb 5b54d7d0d04b42dd8b52cbbda6e6f51a 0577fcab64db47e0be19d2298a7b0622 - - default default] Tap Mirror: Handle Delete Port: 300c648c-58fb-409f-b76c-b27f5f44258d [pid: 8|app: 0|req: 748/1446] 10.0.0.104 () {32 vars in 724 bytes} [Mon Jun 8 04:49:17 2026] DELETE /v2.0/subnets/5dba1fac-bad3-4276-9163-3d1eb052df5e => generated 0 bytes in 158 msecs (HTTP/1.1 204) 3 headers in 131 bytes (1 switches on core 0)
2026-06-08 04:49:17.379 7 INFO neutron.services.segments.plugin [-] Segment 25596841-f531-4843-9db7-d3ebfa428f9d resource provider aggregate not found
2026-06-08 04:49:17.380 8 INFO neutron_taas.services.taas.taas_plugin [None req-74a96a35-7a9d-48dc-b95b-65e92550aa1d fe1ac1a980474fed984c8e8409b0b73f bee3f67793e24189996e2c8f035a37cb - - default default] TaaS: Handle Delete Port: c2982da0-2a2f-4b38-ad1d-655115562991
2026-06-08 04:49:17.382 8 INFO neutron_taas.services.taas.tap_mirror_plugin [None req-74a96a35-7a9d-48dc-b95b-65e92550aa1d fe1ac1a980474fed984c8e8409b0b73f bee3f67793e24189996e2c8f035a37cb - - default default] Tap Mirror: Handle Delete Port: c2982da0-2a2f-4b38-ad1d-655115562991
2026-06-08 04:49:17.387 7 INFO neutron.services.segments.plugin [-] Segment 25596841-f531-4843-9db7-d3ebfa428f9d resource provider aggregate not found
2026-06-08 04:49:17.395 7 INFO neutron.services.segments.plugin [-] Segment 25596841-f531-4843-9db7-d3ebfa428f9d resource provider not found; error: Placement Client Error (4xx): {"errors": [{"status": 404, "title": "Not Found", "detail": "The resource could not be found.\n\n No resource provider with uuid 25596841-f531-4843-9db7-d3ebfa428f9d found for delete ", "request_id": "req-ccb4a152-77ab-4a33-8553-ee07d0f24ba8"}]}
2026-06-08 04:49:17.404 7 INFO neutron.services.segments.plugin [-] Segment 25596841-f531-4843-9db7-d3ebfa428f9d resource provider not found; error: Placement Client Error (4xx): {"errors": [{"status": 404, "title": "Not Found", "detail": "The resource could not be found.\n\n No resource provider with uuid 25596841-f531-4843-9db7-d3ebfa428f9d found for delete ", "request_id": "req-f28d5903-1381-4f54-a927-4b34d193e1b0"}]} [pid: 7|app: 0|req: 699/1447] 10.0.0.104 () {32 vars in 726 bytes} [Mon Jun 8 04:49:17 2026] DELETE /v2.0/networks/362b161d-4baf-4732-81b4-02bf5e87ab4a => generated 0 bytes in 335 msecs (HTTP/1.1 204) 3 headers in 131 bytes (1 switches on core 0)
2026-06-08 04:49:17.548 7 INFO neutron.db.segments_db [None req-197f58ca-1ab1-4874-b880-ddf2912b451e 5b54d7d0d04b42dd8b52cbbda6e6f51a 0577fcab64db47e0be19d2298a7b0622 - - default default] Added segment d8d62ce5-af58-4990-9af5-1bd139700e9c of type geneve for network 41efe6ea-d290-4c23-8fb6-310e49e433e3
2026-06-08 04:49:17.601 8 INFO neutron.services.segments.plugin [-] Segment f5adab14-a306-40db-b71b-8795f94b86fd resource provider aggregate not found
2026-06-08 04:49:17.612 8 INFO neutron.services.segments.plugin [-] Segment f5adab14-a306-40db-b71b-8795f94b86fd resource provider aggregate not found
2026-06-08 04:49:17.617 8 INFO neutron.services.segments.plugin [-] Segment f5adab14-a306-40db-b71b-8795f94b86fd resource provider not found; error: Placement Client Error (4xx): {"errors": [{"status": 404, "title": "Not Found", "detail": "The resource could not be found.\n\n No resource provider with uuid f5adab14-a306-40db-b71b-8795f94b86fd found for delete ", "request_id": "req-77f691e9-1a1e-4ccd-9a48-333880e11cc6"}]}
2026-06-08 04:49:17.628 8 INFO neutron.services.segments.plugin [-] Segment f5adab14-a306-40db-b71b-8795f94b86fd resource provider not found; error: Placement Client Error (4xx): {"errors": [{"status": 404, "title": "Not Found", "detail": "The resource could not be found.\n\n No resource provider with uuid f5adab14-a306-40db-b71b-8795f94b86fd found for delete ", "request_id": "req-c20b1a26-706a-4ad8-98bc-2b4efe47b100"}]} [pid: 8|app: 0|req: 749/1448] 10.0.0.104 () {32 vars in 726 bytes} [Mon Jun 8 04:49:17 2026] DELETE /v2.0/networks/3d035a94-ff22-44d2-ad16-dfb6db4b35b3 => generated 0 bytes in 421 msecs (HTTP/1.1 204) 3 headers in 131 bytes (1 switches on core 0)
2026-06-08 04:49:17.725 7 INFO neutron.db.ovn_revision_numbers_db [None req-197f58ca-1ab1-4874-b880-ddf2912b451e 5b54d7d0d04b42dd8b52cbbda6e6f51a 0577fcab64db47e0be19d2298a7b0622 - - default default] Successfully bumped revision number for resource 41efe6ea-d290-4c23-8fb6-310e49e433e3 (type: networks) to 1 [pid: 8|app: 0|req: 750/1449] 10.0.0.104 () {32 vars in 774 bytes} [Mon Jun 8 04:49:17 2026] GET /v2.0/security-groups?tenant_id=0ac5c4c6b6cc436fb156e9675d8c1cd6&name=default => generated 2925 bytes in 36 msecs (HTTP/1.1 200) 4 headers in 158 bytes (1 switches on core 0)
2026-06-08 04:49:17.933 7 WARNING neutron.scheduler.dhcp_agent_scheduler [None req-197f58ca-1ab1-4874-b880-ddf2912b451e 5b54d7d0d04b42dd8b52cbbda6e6f51a 0577fcab64db47e0be19d2298a7b0622 - - default default] No more DHCP agents
2026-06-08 04:49:17.934 7 WARNING neutron.api.rpc.agentnotifiers.dhcp_rpc_agent_api [None req-197f58ca-1ab1-4874-b880-ddf2912b451e 5b54d7d0d04b42dd8b52cbbda6e6f51a 0577fcab64db47e0be19d2298a7b0622 - - default default] Unable to schedule network 41efe6ea-d290-4c23-8fb6-310e49e433e3: no agents available; will retry on subsequent port and subnet creation events.
2026-06-08 04:49:17.981 7 INFO neutron.plugins.ml2.drivers.ovn.mech_driver.mech_driver [None req-6d0b5853-ed93-483f-b801-c6f70092ec47 - - - - - -] OVN reports status down for port: f55c4bfc-4279-45d5-8178-01b3e0347861
2026-06-08 04:49:18.055 7 INFO neutron.db.ovn_revision_numbers_db [None req-197f58ca-1ab1-4874-b880-ddf2912b451e 5b54d7d0d04b42dd8b52cbbda6e6f51a 0577fcab64db47e0be19d2298a7b0622 - - default default] Successfully bumped revision number for resource f55c4bfc-4279-45d5-8178-01b3e0347861 (type: ports) to 1 [pid: 7|app: 0|req: 700/1450] 10.0.0.104 () {34 vars in 670 bytes} [Mon Jun 8 04:49:17 2026] POST /v2.0/networks => generated 654 bytes in 683 msecs (HTTP/1.1 201) 4 headers in 162 bytes (1 switches on core 0) [pid: 8|app: 0|req: 751/1451] 10.0.0.104 () {32 vars in 740 bytes} [Mon Jun 8 04:49:17 2026] DELETE /v2.0/security-groups/844767cc-f464-48f6-8802-2dd6e790cf62 => generated 0 bytes in 271 msecs (HTTP/1.1 204) 2 headers in 112 bytes (1 switches on core 0)
2026-06-08 04:49:18.330 7 WARNING neutron.scheduler.dhcp_agent_scheduler [None req-f4f2774d-c4a5-4022-9e25-24c59bba81e7 5b54d7d0d04b42dd8b52cbbda6e6f51a 0577fcab64db47e0be19d2298a7b0622 - - default default] No more DHCP agents
2026-06-08 04:49:18.331 7 WARNING neutron.api.rpc.agentnotifiers.dhcp_rpc_agent_api [None req-f4f2774d-c4a5-4022-9e25-24c59bba81e7 5b54d7d0d04b42dd8b52cbbda6e6f51a 0577fcab64db47e0be19d2298a7b0622 - - default default] Unable to schedule network 41efe6ea-d290-4c23-8fb6-310e49e433e3: no agents available; will retry on subsequent port and subnet creation events.
2026-06-08 04:49:18.360 7 INFO neutron.db.ovn_revision_numbers_db [None req-f4f2774d-c4a5-4022-9e25-24c59bba81e7 5b54d7d0d04b42dd8b52cbbda6e6f51a 0577fcab64db47e0be19d2298a7b0622 - - default default] Successfully bumped revision number for resource 6ab70ee3-1819-4a52-88c1-14022bcf8684 (type: subnets) to 0 [pid: 7|app: 0|req: 701/1452] 10.0.0.104 () {34 vars in 669 bytes} [Mon Jun 8 04:49:18 2026] POST /v2.0/subnets => generated 646 bytes in 256 msecs (HTTP/1.1 201) 4 headers in 162 bytes (1 switches on core 0)
2026-06-08 04:49:18.648 8 WARNING neutron.scheduler.dhcp_agent_scheduler [None req-bdfbdecd-35e6-4aa3-be38-3e07aba4ac0b 5b54d7d0d04b42dd8b52cbbda6e6f51a 0577fcab64db47e0be19d2298a7b0622 - - default default] No more DHCP agents
2026-06-08 04:49:18.649 8 WARNING neutron.api.rpc.agentnotifiers.dhcp_rpc_agent_api [None req-bdfbdecd-35e6-4aa3-be38-3e07aba4ac0b 5b54d7d0d04b42dd8b52cbbda6e6f51a 0577fcab64db47e0be19d2298a7b0622 - - default default] Unable to schedule network 41efe6ea-d290-4c23-8fb6-310e49e433e3: no agents available; will retry on subsequent port and subnet creation events.
2026-06-08 04:49:18.726 8 INFO neutron.plugins.ml2.drivers.ovn.mech_driver.mech_driver [None req-bf8f68ca-6e63-4726-a9f6-0b57fc5f2358 - - - - - -] OVN reports status down for port: 587f3c9b-8d2d-4320-b9a2-64ce606e743c
2026-06-08 04:49:18.785 8 INFO neutron.db.ovn_revision_numbers_db [None req-bdfbdecd-35e6-4aa3-be38-3e07aba4ac0b 5b54d7d0d04b42dd8b52cbbda6e6f51a 0577fcab64db47e0be19d2298a7b0622 - - default default] Successfully bumped revision number for resource 587f3c9b-8d2d-4320-b9a2-64ce606e743c (type: ports) to 1
2026-06-08 04:49:18.887 7 INFO neutron.db.ovn_revision_numbers_db [None req-749936ea-e0d5-4600-a828-f2cb2091efad 3c673a4221ce4d5dae9fc8fe7498bca9 de25d635abcf41f48f9774ad2dcdb182 - - default default] Successfully bumped revision number for resource 4b6ed3ae-87d4-4e06-af77-7a4b0423c3ac (type: security_groups) to 1
2026-06-08 04:49:18.897 7 INFO neutron.db.ovn_revision_numbers_db [None req-749936ea-e0d5-4600-a828-f2cb2091efad 3c673a4221ce4d5dae9fc8fe7498bca9 de25d635abcf41f48f9774ad2dcdb182 - - default default] Successfully bumped revision number for resource 0c10cd6d-b518-4c31-9ff9-d7d621b30d7a (type: security_group_rules) to 0 [pid: 8|app: 0|req: 752/1453] 10.0.0.104 () {34 vars in 665 bytes} [Mon Jun 8 04:49:18 2026] POST /v2.0/ports => generated 928 bytes in 530 msecs (HTTP/1.1 201) 4 headers in 162 bytes (1 switches on core 0)
2026-06-08 04:49:18.912 7 INFO neutron.db.ovn_revision_numbers_db [None req-749936ea-e0d5-4600-a828-f2cb2091efad 3c673a4221ce4d5dae9fc8fe7498bca9 de25d635abcf41f48f9774ad2dcdb182 - - default default] Successfully bumped revision number for resource 4f3d7bbc-c8be-4c39-8496-06adeea0c67d (type: security_group_rules) to 0
2026-06-08 04:49:18.923 7 INFO neutron.db.ovn_revision_numbers_db [None req-749936ea-e0d5-4600-a828-f2cb2091efad 3c673a4221ce4d5dae9fc8fe7498bca9 de25d635abcf41f48f9774ad2dcdb182 - - default default] Successfully bumped revision number for resource 882138d8-d146-469a-8093-770d0794fb0c (type: security_group_rules) to 0
2026-06-08 04:49:18.937 7 INFO neutron.db.ovn_revision_numbers_db [None req-749936ea-e0d5-4600-a828-f2cb2091efad 3c673a4221ce4d5dae9fc8fe7498bca9 de25d635abcf41f48f9774ad2dcdb182 - - default default] Successfully bumped revision number for resource e9a88960-6991-412d-a932-b84f73850680 (type: security_group_rules) to 0
2026-06-08 04:49:19.029 7 INFO neutron.db.segments_db [None req-749936ea-e0d5-4600-a828-f2cb2091efad 3c673a4221ce4d5dae9fc8fe7498bca9 de25d635abcf41f48f9774ad2dcdb182 - - default default] Added segment 98d0ffe2-83c7-4c2e-9f44-34ef578615e2 of type geneve for network 4b6d27f9-a33a-49ca-ab23-f0db25a4acdb
2026-06-08 04:49:19.071 8 INFO neutron_taas.services.taas.taas_plugin [None req-d564d617-6926-44ab-b6d0-8af4abf26807 5b54d7d0d04b42dd8b52cbbda6e6f51a 0577fcab64db47e0be19d2298a7b0622 - - default default] TaaS: Handle Delete Port: 587f3c9b-8d2d-4320-b9a2-64ce606e743c
2026-06-08 04:49:19.074 8 INFO neutron_taas.services.taas.tap_mirror_plugin [None req-d564d617-6926-44ab-b6d0-8af4abf26807 5b54d7d0d04b42dd8b52cbbda6e6f51a 0577fcab64db47e0be19d2298a7b0622 - - default default] Tap Mirror: Handle Delete Port: 587f3c9b-8d2d-4320-b9a2-64ce606e743c
2026-06-08 04:49:19.147 7 INFO neutron.db.segments_db [None req-749936ea-e0d5-4600-a828-f2cb2091efad 3c673a4221ce4d5dae9fc8fe7498bca9 de25d635abcf41f48f9774ad2dcdb182 - - default default] Added segment 081eede1-ab39-4099-b2b6-0769c5c739ef of type geneve for network 392685ce-3831-4ce2-b70c-04e2c965c413 [pid: 8|app: 0|req: 753/1454] 10.0.0.104 () {32 vars in 720 bytes} [Mon Jun 8 04:49:18 2026] DELETE /v2.0/ports/587f3c9b-8d2d-4320-b9a2-64ce606e743c => generated 0 bytes in 281 msecs (HTTP/1.1 204) 3 headers in 131 bytes (1 switches on core 0)
2026-06-08 04:49:19.232 8 INFO neutron.pecan_wsgi.hooks.translation [None req-6c828d8d-041b-4ddd-9fd1-3647a521210b 5b54d7d0d04b42dd8b52cbbda6e6f51a 0577fcab64db47e0be19d2298a7b0622 - - default default] GET failed (client error): The resource could not be found. [pid: 8|app: 0|req: 754/1455] 10.0.0.104 () {32 vars in 717 bytes} [Mon Jun 8 04:49:19 2026] GET /v2.0/ports/587f3c9b-8d2d-4320-b9a2-64ce606e743c => generated 132 bytes in 30 msecs (HTTP/1.1 404) 4 headers in 164 bytes (1 switches on core 0)
2026-06-08 04:49:19.280 7 INFO neutron.db.ovn_revision_numbers_db [None req-749936ea-e0d5-4600-a828-f2cb2091efad 3c673a4221ce4d5dae9fc8fe7498bca9 de25d635abcf41f48f9774ad2dcdb182 - - default default] Successfully bumped revision number for resource 4b6d27f9-a33a-49ca-ab23-f0db25a4acdb (type: networks) to 1 [pid: 8|app: 0|req: 755/1456] 10.0.0.104 () {32 vars in 724 bytes} [Mon Jun 8 04:49:19 2026] DELETE /v2.0/subnets/6ab70ee3-1819-4a52-88c1-14022bcf8684 => generated 0 bytes in 144 msecs (HTTP/1.1 204) 3 headers in 131 bytes (1 switches on core 0)
2026-06-08 04:49:19.448 7 WARNING neutron.scheduler.dhcp_agent_scheduler [None req-749936ea-e0d5-4600-a828-f2cb2091efad 3c673a4221ce4d5dae9fc8fe7498bca9 de25d635abcf41f48f9774ad2dcdb182 - - default default] No more DHCP agents
2026-06-08 04:49:19.450 7 WARNING neutron.api.rpc.agentnotifiers.dhcp_rpc_agent_api [None req-749936ea-e0d5-4600-a828-f2cb2091efad 3c673a4221ce4d5dae9fc8fe7498bca9 de25d635abcf41f48f9774ad2dcdb182 - - default default] Unable to schedule network 4b6d27f9-a33a-49ca-ab23-f0db25a4acdb: no agents available; will retry on subsequent port and subnet creation events.
2026-06-08 04:49:19.517 8 INFO neutron.plugins.ml2.drivers.ovn.mech_driver.mech_driver [None req-bf8f68ca-6e63-4726-a9f6-0b57fc5f2358 - - - - - -] OVN reports status down for port: dcb3bff8-d6cf-4510-8f47-334812a52139
2026-06-08 04:49:19.533 7 INFO neutron.db.ovn_revision_numbers_db [None req-749936ea-e0d5-4600-a828-f2cb2091efad 3c673a4221ce4d5dae9fc8fe7498bca9 de25d635abcf41f48f9774ad2dcdb182 - - default default] Successfully bumped revision number for resource dcb3bff8-d6cf-4510-8f47-334812a52139 (type: ports) to 1
2026-06-08 04:49:19.534 8 INFO neutron_taas.services.taas.taas_plugin [None req-ca9b8b69-7457-4ba7-b71a-970284d6273e 5b54d7d0d04b42dd8b52cbbda6e6f51a 0577fcab64db47e0be19d2298a7b0622 - - default default] TaaS: Handle Delete Port: f55c4bfc-4279-45d5-8178-01b3e0347861
2026-06-08 04:49:19.548 8 INFO neutron_taas.services.taas.tap_mirror_plugin [None req-ca9b8b69-7457-4ba7-b71a-970284d6273e 5b54d7d0d04b42dd8b52cbbda6e6f51a 0577fcab64db47e0be19d2298a7b0622 - - default default] Tap Mirror: Handle Delete Port: f55c4bfc-4279-45d5-8178-01b3e0347861
2026-06-08 04:49:19.610 7 INFO neutron.db.ovn_revision_numbers_db [None req-749936ea-e0d5-4600-a828-f2cb2091efad 3c673a4221ce4d5dae9fc8fe7498bca9 de25d635abcf41f48f9774ad2dcdb182 - - default default] Successfully bumped revision number for resource 392685ce-3831-4ce2-b70c-04e2c965c413 (type: networks) to 1
2026-06-08 04:49:19.783 7 WARNING neutron.scheduler.dhcp_agent_scheduler [None req-749936ea-e0d5-4600-a828-f2cb2091efad 3c673a4221ce4d5dae9fc8fe7498bca9 de25d635abcf41f48f9774ad2dcdb182 - - default default] No more DHCP agents
2026-06-08 04:49:19.785 7 WARNING neutron.api.rpc.agentnotifiers.dhcp_rpc_agent_api [None req-749936ea-e0d5-4600-a828-f2cb2091efad 3c673a4221ce4d5dae9fc8fe7498bca9 de25d635abcf41f48f9774ad2dcdb182 - - default default] Unable to schedule network 392685ce-3831-4ce2-b70c-04e2c965c413: no agents available; will retry on subsequent port and subnet creation events.
2026-06-08 04:49:19.800 8 INFO neutron.services.segments.plugin [-] Segment d8d62ce5-af58-4990-9af5-1bd139700e9c resource provider aggregate not found
2026-06-08 04:49:19.807 8 INFO neutron.services.segments.plugin [-] Segment d8d62ce5-af58-4990-9af5-1bd139700e9c resource provider aggregate not found
2026-06-08 04:49:19.833 8 INFO neutron.services.segments.plugin [-] Segment d8d62ce5-af58-4990-9af5-1bd139700e9c resource provider not found; error: Placement Client Error (4xx): {"errors": [{"status": 404, "title": "Not Found", "detail": "The resource could not be found.\n\n No resource provider with uuid d8d62ce5-af58-4990-9af5-1bd139700e9c found for delete ", "request_id": "req-dae8d12c-e88b-417c-b77b-043ac4c8a132"}]}
2026-06-08 04:49:19.834 7 INFO neutron.plugins.ml2.drivers.ovn.mech_driver.mech_driver [None req-6d0b5853-ed93-483f-b801-c6f70092ec47 - - - - - -] OVN reports status down for port: d1bf58f2-680e-4be8-903a-20462430b68f
2026-06-08 04:49:19.834 8 INFO neutron.services.segments.plugin [-] Segment d8d62ce5-af58-4990-9af5-1bd139700e9c resource provider not found; error: Placement Client Error (4xx): {"errors": [{"status": 404, "title": "Not Found", "detail": "The resource could not be found.\n\n No resource provider with uuid d8d62ce5-af58-4990-9af5-1bd139700e9c found for delete ", "request_id": "req-2b1b83f8-11fb-41eb-a178-1e01dffb8a33"}]} [pid: 8|app: 0|req: 756/1457] 10.0.0.104 () {32 vars in 726 bytes} [Mon Jun 8 04:49:19 2026] DELETE /v2.0/networks/41efe6ea-d290-4c23-8fb6-310e49e433e3 => generated 0 bytes in 496 msecs (HTTP/1.1 204) 3 headers in 131 bytes (1 switches on core 0)
2026-06-08 04:49:19.892 7 INFO neutron.db.ovn_revision_numbers_db [None req-749936ea-e0d5-4600-a828-f2cb2091efad 3c673a4221ce4d5dae9fc8fe7498bca9 de25d635abcf41f48f9774ad2dcdb182 - - default default] Successfully bumped revision number for resource d1bf58f2-680e-4be8-903a-20462430b68f (type: ports) to 1 [pid: 7|app: 0|req: 702/1458] 10.0.0.104 () {34 vars in 670 bytes} [Mon Jun 8 04:49:18 2026] POST /v2.0/networks => generated 1283 bytes in 1381 msecs (HTTP/1.1 201) 4 headers in 163 bytes (1 switches on core 0) [pid: 7|app: 0|req: 703/1459] 10.0.0.104 () {32 vars in 649 bytes} [Mon Jun 8 04:49:19 2026] GET /v2.0/networks => generated 1970 bytes in 68 msecs (HTTP/1.1 200) 4 headers in 158 bytes (1 switches on core 0)
2026-06-08 04:49:20.129 7 INFO neutron_taas.services.taas.taas_plugin [None req-8328ffcf-9204-4379-aa79-9da962af817f 3c673a4221ce4d5dae9fc8fe7498bca9 de25d635abcf41f48f9774ad2dcdb182 - - default default] TaaS: Handle Delete Port: dcb3bff8-d6cf-4510-8f47-334812a52139
2026-06-08 04:49:20.132 7 INFO neutron_taas.services.taas.tap_mirror_plugin [None req-8328ffcf-9204-4379-aa79-9da962af817f 3c673a4221ce4d5dae9fc8fe7498bca9 de25d635abcf41f48f9774ad2dcdb182 - - default default] Tap Mirror: Handle Delete Port: dcb3bff8-d6cf-4510-8f47-334812a52139
2026-06-08 04:49:20.132 8 WARNING neutron.scheduler.dhcp_agent_scheduler [None req-7ce3aec8-93b1-4f9a-ab88-6da872f0a3f1 5b54d7d0d04b42dd8b52cbbda6e6f51a 0577fcab64db47e0be19d2298a7b0622 - - default default] No more DHCP agents
2026-06-08 04:49:20.133 8 WARNING neutron.api.rpc.agentnotifiers.dhcp_rpc_agent_api [None req-7ce3aec8-93b1-4f9a-ab88-6da872f0a3f1 5b54d7d0d04b42dd8b52cbbda6e6f51a 0577fcab64db47e0be19d2298a7b0622 - - default default] Unable to schedule network ed9c695a-ab32-4802-939d-42b4530140bf: no agents available; will retry on subsequent port and subnet creation events.
2026-06-08 04:49:20.195 8 INFO neutron.plugins.ml2.drivers.ovn.mech_driver.mech_driver [None req-bf8f68ca-6e63-4726-a9f6-0b57fc5f2358 - - - - - -] OVN reports status down for port: 87f27790-9980-4d24-baec-c3835a7d7e85
2026-06-08 04:49:20.273 8 INFO neutron.db.ovn_revision_numbers_db [None req-7ce3aec8-93b1-4f9a-ab88-6da872f0a3f1 5b54d7d0d04b42dd8b52cbbda6e6f51a 0577fcab64db47e0be19d2298a7b0622 - - default default] Successfully bumped revision number for resource 87f27790-9980-4d24-baec-c3835a7d7e85 (type: ports) to 1
2026-06-08 04:49:20.344 7 INFO neutron.services.segments.plugin [-] Segment 98d0ffe2-83c7-4c2e-9f44-34ef578615e2 resource provider aggregate not found
2026-06-08 04:49:20.348 7 INFO neutron.services.segments.plugin [-] Segment 98d0ffe2-83c7-4c2e-9f44-34ef578615e2 resource provider aggregate not found [pid: 8|app: 0|req: 757/1460] 10.0.0.104 () {34 vars in 665 bytes} [Mon Jun 8 04:49:19 2026] POST /v2.0/ports => generated 778 bytes in 465 msecs (HTTP/1.1 201) 4 headers in 162 bytes (1 switches on core 0)
2026-06-08 04:49:20.372 7 INFO neutron.services.segments.plugin [-] Segment 98d0ffe2-83c7-4c2e-9f44-34ef578615e2 resource provider not found; error: Placement Client Error (4xx): {"errors": [{"status": 404, "title": "Not Found", "detail": "The resource could not be found.\n\n No resource provider with uuid 98d0ffe2-83c7-4c2e-9f44-34ef578615e2 found for delete ", "request_id": "req-39f40dd3-ad1c-4ef3-b4c4-5405af883bf5"}]}
2026-06-08 04:49:20.375 7 INFO neutron.services.segments.plugin [-] Segment 98d0ffe2-83c7-4c2e-9f44-34ef578615e2 resource provider not found; error: Placement Client Error (4xx): {"errors": [{"status": 404, "title": "Not Found", "detail": "The resource could not be found.\n\n No resource provider with uuid 98d0ffe2-83c7-4c2e-9f44-34ef578615e2 found for delete ", "request_id": "req-1dbe6238-36c9-4698-ad83-e3f615a694eb"}]} [pid: 7|app: 0|req: 704/1461] 10.0.0.104 () {32 vars in 726 bytes} [Mon Jun 8 04:49:20 2026] DELETE /v2.0/networks/4b6d27f9-a33a-49ca-ab23-f0db25a4acdb => generated 0 bytes in 388 msecs (HTTP/1.1 204) 3 headers in 131 bytes (1 switches on core 0) /var/lib/openstack/lib/python3.12/site-packages/pycadf/identifier.py:70: UserWarning: Invalid uuid: neutron. To ensure interoperability, identifiers should be a valid uuid. warnings.warn(('Invalid uuid: %s. To ensure interoperability, '
2026-06-08 04:49:20.637 8 INFO neutron.plugins.ml2.drivers.ovn.mech_driver.mech_driver [None req-bf8f68ca-6e63-4726-a9f6-0b57fc5f2358 - - - - - -] OVN reports status down for port: 87f27790-9980-4d24-baec-c3835a7d7e85
2026-06-08 04:49:20.650 7 INFO neutron.db.ovn_revision_numbers_db [None req-6a6b060c-21ae-40d8-a0a8-5c12ea320587 5b54d7d0d04b42dd8b52cbbda6e6f51a 0577fcab64db47e0be19d2298a7b0622 - - default default] Successfully bumped revision number for resource 87f27790-9980-4d24-baec-c3835a7d7e85 (type: ports) to 2 [pid: 7|app: 0|req: 705/1462] 10.0.0.104 () {34 vars in 737 bytes} [Mon Jun 8 04:49:20 2026] PUT /v2.0/ports/87f27790-9980-4d24-baec-c3835a7d7e85 => generated 752 bytes in 283 msecs (HTTP/1.1 200) 4 headers in 157 bytes (1 switches on core 0) /var/lib/openstack/lib/python3.12/site-packages/pycadf/identifier.py:70: UserWarning: Invalid uuid: neutron. To ensure interoperability, identifiers should be a valid uuid. warnings.warn(('Invalid uuid: %s. To ensure interoperability, '
2026-06-08 04:49:20.738 8 INFO neutron.db.ovn_revision_numbers_db [None req-fc0aef0a-367d-486d-9660-c8746aa1e1e0 fe1ac1a980474fed984c8e8409b0b73f bee3f67793e24189996e2c8f035a37cb - - default default] Successfully bumped revision number for resource ebfd8819-17cc-4ecb-b002-4aa0276cb055 (type: security_groups) to 1
2026-06-08 04:49:20.750 8 INFO neutron.db.ovn_revision_numbers_db [None req-fc0aef0a-367d-486d-9660-c8746aa1e1e0 fe1ac1a980474fed984c8e8409b0b73f bee3f67793e24189996e2c8f035a37cb - - default default] Successfully bumped revision number for resource b06666f6-2bee-4214-aa10-a0a549a2420b (type: security_group_rules) to 0
2026-06-08 04:49:20.763 8 INFO neutron.db.ovn_revision_numbers_db [None req-fc0aef0a-367d-486d-9660-c8746aa1e1e0 fe1ac1a980474fed984c8e8409b0b73f bee3f67793e24189996e2c8f035a37cb - - default default] Successfully bumped revision number for resource bd85370c-db18-4a1a-a7d9-a9ab42ca9377 (type: security_group_rules) to 0
2026-06-08 04:49:20.777 8 INFO neutron.db.ovn_revision_numbers_db [None req-fc0aef0a-367d-486d-9660-c8746aa1e1e0 fe1ac1a980474fed984c8e8409b0b73f bee3f67793e24189996e2c8f035a37cb - - default default] Successfully bumped revision number for resource d893a5b5-0709-45a6-a1a5-edabdc0074bb (type: security_group_rules) to 0
2026-06-08 04:49:20.797 8 INFO neutron.db.ovn_revision_numbers_db [None req-fc0aef0a-367d-486d-9660-c8746aa1e1e0 fe1ac1a980474fed984c8e8409b0b73f bee3f67793e24189996e2c8f035a37cb - - default default] Successfully bumped revision number for resource d9ab4800-3eb1-4cff-9543-4ded94cdca09 (type: security_group_rules) to 0
2026-06-08 04:49:20.805 7 INFO neutron_taas.services.taas.taas_plugin [None req-079d1d1b-b658-40fd-aaef-1acd6f511e5f 3c673a4221ce4d5dae9fc8fe7498bca9 de25d635abcf41f48f9774ad2dcdb182 - - default default] TaaS: Handle Delete Port: d1bf58f2-680e-4be8-903a-20462430b68f
2026-06-08 04:49:20.808 7 INFO neutron_taas.services.taas.tap_mirror_plugin [None req-079d1d1b-b658-40fd-aaef-1acd6f511e5f 3c673a4221ce4d5dae9fc8fe7498bca9 de25d635abcf41f48f9774ad2dcdb182 - - default default] Tap Mirror: Handle Delete Port: d1bf58f2-680e-4be8-903a-20462430b68f [pid: 8|app: 0|req: 758/1463] 10.0.0.104 () {32 vars in 774 bytes} [Mon Jun 8 04:49:20 2026] GET /v2.0/security-groups?tenant_id=31a8a53256c74259bee82dbb9bc388a7&name=default => generated 2925 bytes in 487 msecs (HTTP/1.1 200) 4 headers in 158 bytes (1 switches on core 0)
2026-06-08 04:49:20.969 8 INFO neutron_taas.services.taas.taas_plugin [None req-35a15469-b47b-45d1-8fe0-c9a775253382 5b54d7d0d04b42dd8b52cbbda6e6f51a 0577fcab64db47e0be19d2298a7b0622 - - default default] TaaS: Handle Delete Port: 87f27790-9980-4d24-baec-c3835a7d7e85
2026-06-08 04:49:20.971 8 INFO neutron_taas.services.taas.tap_mirror_plugin [None req-35a15469-b47b-45d1-8fe0-c9a775253382 5b54d7d0d04b42dd8b52cbbda6e6f51a 0577fcab64db47e0be19d2298a7b0622 - - default default] Tap Mirror: Handle Delete Port: 87f27790-9980-4d24-baec-c3835a7d7e85 [pid: 7|app: 0|req: 706/1464] 10.0.0.104 () {32 vars in 726 bytes} [Mon Jun 8 04:49:20 2026] DELETE /v2.0/networks/392685ce-3831-4ce2-b70c-04e2c965c413 => generated 0 bytes in 324 msecs (HTTP/1.1 204) 3 headers in 131 bytes (1 switches on core 0) [pid: 8|app: 0|req: 759/1465] 10.0.0.104 () {32 vars in 720 bytes} [Mon Jun 8 04:49:20 2026] DELETE /v2.0/ports/87f27790-9980-4d24-baec-c3835a7d7e85 => generated 0 bytes in 252 msecs (HTTP/1.1 204) 3 headers in 131 bytes (1 switches on core 0) [pid: 8|app: 0|req: 760/1466] 10.0.0.104 () {32 vars in 649 bytes} [Mon Jun 8 04:49:21 2026] GET /v2.0/networks => generated 689 bytes in 49 msecs (HTTP/1.1 200) 4 headers in 157 bytes (1 switches on core 0) [pid: 8|app: 0|req: 761/1467] 10.0.0.104 () {32 vars in 643 bytes} [Mon Jun 8 04:49:21 2026] GET /v2.0/ports => generated 1538 bytes in 76 msecs (HTTP/1.1 200) 4 headers in 158 bytes (1 switches on core 0) [pid: 7|app: 0|req: 707/1468] 10.0.0.104 () {32 vars in 740 bytes} [Mon Jun 8 04:49:21 2026] DELETE /v2.0/security-groups/ebfd8819-17cc-4ecb-b002-4aa0276cb055 => generated 0 bytes in 250 msecs (HTTP/1.1 204) 2 headers in 112 bytes (1 switches on core 0)
2026-06-08 04:49:21.285 7 INFO neutron.pecan_wsgi.hooks.translation [None req-3fd0814d-8596-4017-ba23-4f47e239d519 5b54d7d0d04b42dd8b52cbbda6e6f51a 0577fcab64db47e0be19d2298a7b0622 - - default default] GET failed (client error): The resource could not be found. [pid: 7|app: 0|req: 708/1469] 10.0.0.104 () {32 vars in 717 bytes} [Mon Jun 8 04:49:21 2026] GET /v2.0/ports/87f27790-9980-4d24-baec-c3835a7d7e85 => generated 132 bytes in 18 msecs (HTTP/1.1 404) 4 headers in 164 bytes (1 switches on core 0)
2026-06-08 04:49:21.310 8 INFO neutron.db.segments_db [None req-8575f69e-7f81-47e3-b173-42cb713f63f1 3c673a4221ce4d5dae9fc8fe7498bca9 de25d635abcf41f48f9774ad2dcdb182 - - default default] Added segment 6f21c2ee-8ee7-48d9-93ea-3f7fba586b67 of type geneve for network 2074126f-6e0e-4c5f-9115-3f9db8c832a1 [pid: 7|app: 0|req: 709/1470] 10.0.0.104 () {32 vars in 643 bytes} [Mon Jun 8 04:49:21 2026] GET /v2.0/ports => generated 1538 bytes in 63 msecs (HTTP/1.1 200) 4 headers in 158 bytes (1 switches on core 0) [pid: 7|app: 0|req: 710/1471] 10.0.0.104 () {32 vars in 717 bytes} [Mon Jun 8 04:49:21 2026] GET /v2.0/ports/9cdccb89-f904-4cb8-b2e8-bacb64ad302d => generated 779 bytes in 33 msecs (HTTP/1.1 200) 4 headers in 157 bytes (1 switches on core 0)
2026-06-08 04:49:21.423 7 INFO neutron.pecan_wsgi.hooks.translation [None req-d87d16de-e3c7-4847-aaa1-8513330b083e 5b54d7d0d04b42dd8b52cbbda6e6f51a 0577fcab64db47e0be19d2298a7b0622 - - default default] DELETE failed (client error): The resource could not be found.
2026-06-08 04:49:21.425 8 INFO neutron.db.ovn_revision_numbers_db [None req-8575f69e-7f81-47e3-b173-42cb713f63f1 3c673a4221ce4d5dae9fc8fe7498bca9 de25d635abcf41f48f9774ad2dcdb182 - - default default] Successfully bumped revision number for resource 2074126f-6e0e-4c5f-9115-3f9db8c832a1 (type: networks) to 1 [pid: 7|app: 0|req: 711/1472] 10.0.0.104 () {32 vars in 720 bytes} [Mon Jun 8 04:49:21 2026] DELETE /v2.0/ports/587f3c9b-8d2d-4320-b9a2-64ce606e743c => generated 132 bytes in 21 msecs (HTTP/1.1 404) 4 headers in 164 bytes (1 switches on core 0)
2026-06-08 04:49:21.442 7 INFO neutron.pecan_wsgi.hooks.translation [None req-a7eb53be-520d-4ae6-8701-7499e23ab448 5b54d7d0d04b42dd8b52cbbda6e6f51a 0577fcab64db47e0be19d2298a7b0622 - - default default] DELETE failed (client error): The resource could not be found. [pid: 7|app: 0|req: 712/1473] 10.0.0.104 () {32 vars in 724 bytes} [Mon Jun 8 04:49:21 2026] DELETE /v2.0/subnets/6ab70ee3-1819-4a52-88c1-14022bcf8684 => generated 136 bytes in 12 msecs (HTTP/1.1 404) 4 headers in 164 bytes (1 switches on core 0)
2026-06-08 04:49:21.456 7 INFO neutron.pecan_wsgi.hooks.translation [None req-aa749b32-515e-4ea9-87fe-90fc2bde74ea 5b54d7d0d04b42dd8b52cbbda6e6f51a 0577fcab64db47e0be19d2298a7b0622 - - default default] DELETE failed (client error): The resource could not be found. [pid: 7|app: 0|req: 713/1474] 10.0.0.104 () {32 vars in 724 bytes} [Mon Jun 8 04:49:21 2026] DELETE /v2.0/subnets/96fb045e-86f9-4888-84c9-1ac028eba938 => generated 136 bytes in 11 msecs (HTTP/1.1 404) 4 headers in 164 bytes (1 switches on core 0)
2026-06-08 04:49:21.623 7 INFO neutron_taas.services.taas.taas_plugin [None req-7c5e9631-a7ce-42fd-9c92-30d2e9ec763c 5b54d7d0d04b42dd8b52cbbda6e6f51a 0577fcab64db47e0be19d2298a7b0622 - - default default] TaaS: Handle Delete Port: 9cdccb89-f904-4cb8-b2e8-bacb64ad302d
2026-06-08 04:49:21.627 7 INFO neutron_taas.services.taas.tap_mirror_plugin [None req-7c5e9631-a7ce-42fd-9c92-30d2e9ec763c 5b54d7d0d04b42dd8b52cbbda6e6f51a 0577fcab64db47e0be19d2298a7b0622 - - default default] Tap Mirror: Handle Delete Port: 9cdccb89-f904-4cb8-b2e8-bacb64ad302d
2026-06-08 04:49:21.638 8 WARNING neutron.scheduler.dhcp_agent_scheduler [None req-8575f69e-7f81-47e3-b173-42cb713f63f1 3c673a4221ce4d5dae9fc8fe7498bca9 de25d635abcf41f48f9774ad2dcdb182 - - default default] No more DHCP agents
2026-06-08 04:49:21.640 8 WARNING neutron.api.rpc.agentnotifiers.dhcp_rpc_agent_api [None req-8575f69e-7f81-47e3-b173-42cb713f63f1 3c673a4221ce4d5dae9fc8fe7498bca9 de25d635abcf41f48f9774ad2dcdb182 - - default default] Unable to schedule network 2074126f-6e0e-4c5f-9115-3f9db8c832a1: no agents available; will retry on subsequent port and subnet creation events.
2026-06-08 04:49:21.696 8 INFO neutron.plugins.ml2.drivers.ovn.mech_driver.mech_driver [None req-bf8f68ca-6e63-4726-a9f6-0b57fc5f2358 - - - - - -] OVN reports status down for port: 85fe372b-2d54-4e7d-8960-b54551416843 [pid: 7|app: 0|req: 714/1475] 10.0.0.104 () {32 vars in 720 bytes} [Mon Jun 8 04:49:21 2026] DELETE /v2.0/ports/9cdccb89-f904-4cb8-b2e8-bacb64ad302d => generated 0 bytes in 297 msecs (HTTP/1.1 204) 3 headers in 131 bytes (1 switches on core 0)
2026-06-08 04:49:21.789 8 INFO neutron.db.ovn_revision_numbers_db [None req-8575f69e-7f81-47e3-b173-42cb713f63f1 3c673a4221ce4d5dae9fc8fe7498bca9 de25d635abcf41f48f9774ad2dcdb182 - - default default] Successfully bumped revision number for resource 85fe372b-2d54-4e7d-8960-b54551416843 (type: ports) to 1 [pid: 8|app: 0|req: 762/1476] 10.0.0.104 () {34 vars in 670 bytes} [Mon Jun 8 04:49:21 2026] POST /v2.0/networks => generated 669 bytes in 601 msecs (HTTP/1.1 201) 4 headers in 162 bytes (1 switches on core 0)
2026-06-08 04:49:21.880 7 INFO neutron_taas.services.taas.taas_plugin [None req-ad69c75d-1e54-4f14-a156-2a5f7d56d7d4 5b54d7d0d04b42dd8b52cbbda6e6f51a 0577fcab64db47e0be19d2298a7b0622 - - default default] TaaS: Handle Delete Port: c4e287a4-44ab-4189-99b5-1c174f179544
2026-06-08 04:49:21.882 7 INFO neutron_taas.services.taas.tap_mirror_plugin [None req-ad69c75d-1e54-4f14-a156-2a5f7d56d7d4 5b54d7d0d04b42dd8b52cbbda6e6f51a 0577fcab64db47e0be19d2298a7b0622 - - default default] Tap Mirror: Handle Delete Port: c4e287a4-44ab-4189-99b5-1c174f179544
2026-06-08 04:49:21.921 8 INFO neutron.db.segments_db [None req-64fce711-d447-482c-b151-51c44a8141a8 3c673a4221ce4d5dae9fc8fe7498bca9 de25d635abcf41f48f9774ad2dcdb182 - - default default] Added segment d607f08b-5734-4369-afdc-e082f767c91d of type geneve for network 46313f4c-f9c5-4402-aafd-82dbbffb8549
2026-06-08 04:49:22.070 8 INFO neutron.db.ovn_revision_numbers_db [None req-64fce711-d447-482c-b151-51c44a8141a8 3c673a4221ce4d5dae9fc8fe7498bca9 de25d635abcf41f48f9774ad2dcdb182 - - default default] Successfully bumped revision number for resource 46313f4c-f9c5-4402-aafd-82dbbffb8549 (type: networks) to 1 [pid: 7|app: 0|req: 715/1477] 10.0.0.104 () {32 vars in 726 bytes} [Mon Jun 8 04:49:21 2026] DELETE /v2.0/networks/ed9c695a-ab32-4802-939d-42b4530140bf => generated 0 bytes in 345 msecs (HTTP/1.1 204) 3 headers in 131 bytes (1 switches on core 0)
2026-06-08 04:49:22.255 8 WARNING neutron.scheduler.dhcp_agent_scheduler [None req-64fce711-d447-482c-b151-51c44a8141a8 3c673a4221ce4d5dae9fc8fe7498bca9 de25d635abcf41f48f9774ad2dcdb182 - - default default] No more DHCP agents
2026-06-08 04:49:22.257 8 WARNING neutron.api.rpc.agentnotifiers.dhcp_rpc_agent_api [None req-64fce711-d447-482c-b151-51c44a8141a8 3c673a4221ce4d5dae9fc8fe7498bca9 de25d635abcf41f48f9774ad2dcdb182 - - default default] Unable to schedule network 46313f4c-f9c5-4402-aafd-82dbbffb8549: no agents available; will retry on subsequent port and subnet creation events.
2026-06-08 04:49:22.313 8 INFO neutron.plugins.ml2.drivers.ovn.mech_driver.mech_driver [None req-bf8f68ca-6e63-4726-a9f6-0b57fc5f2358 - - - - - -] OVN reports status down for port: 65061241-9669-46a6-b1f0-3cf89aa38877
2026-06-08 04:49:22.364 8 INFO neutron.db.ovn_revision_numbers_db [None req-64fce711-d447-482c-b151-51c44a8141a8 3c673a4221ce4d5dae9fc8fe7498bca9 de25d635abcf41f48f9774ad2dcdb182 - - default default] Successfully bumped revision number for resource 65061241-9669-46a6-b1f0-3cf89aa38877 (type: ports) to 1
2026-06-08 04:49:22.394 7 INFO neutron.services.segments.plugin [-] Segment 081eede1-ab39-4099-b2b6-0769c5c739ef resource provider aggregate not found
2026-06-08 04:49:22.395 7 INFO neutron.services.segments.plugin [-] Segment 081eede1-ab39-4099-b2b6-0769c5c739ef resource provider aggregate not found [pid: 8|app: 0|req: 763/1478] 10.0.0.104 () {34 vars in 670 bytes} [Mon Jun 8 04:49:21 2026] POST /v2.0/networks => generated 668 bytes in 580 msecs (HTTP/1.1 201) 4 headers in 162 bytes (1 switches on core 0)
2026-06-08 04:49:22.412 7 INFO neutron.services.segments.plugin [-] Segment 081eede1-ab39-4099-b2b6-0769c5c739ef resource provider not found; error: Placement Client Error (4xx): {"errors": [{"status": 404, "title": "Not Found", "detail": "The resource could not be found.\n\n No resource provider with uuid 081eede1-ab39-4099-b2b6-0769c5c739ef found for delete ", "request_id": "req-ced07bcf-b0ba-40f3-a413-53d6b661c260"}]}
2026-06-08 04:49:22.416 7 INFO neutron.services.segments.plugin [-] Segment 081eede1-ab39-4099-b2b6-0769c5c739ef resource provider not found; error: Placement Client Error (4xx): {"errors": [{"status": 404, "title": "Not Found", "detail": "The resource could not be found.\n\n No resource provider with uuid 081eede1-ab39-4099-b2b6-0769c5c739ef found for delete ", "request_id": "req-437d6223-dda5-4b1d-8a65-6661b6dc8ab5"}]}
2026-06-08 04:49:22.435 7 INFO neutron.services.segments.plugin [-] Segment 0a7457bd-9257-4f36-a91a-4cf6d34e6336 resource provider aggregate not found
2026-06-08 04:49:22.448 7 INFO neutron.services.segments.plugin [-] Segment 0a7457bd-9257-4f36-a91a-4cf6d34e6336 resource provider aggregate not found
2026-06-08 04:49:22.476 7 INFO neutron.services.segments.plugin [-] Segment 0a7457bd-9257-4f36-a91a-4cf6d34e6336 resource provider not found; error: Placement Client Error (4xx): {"errors": [{"status": 404, "title": "Not Found", "detail": "The resource could not be found.\n\n No resource provider with uuid 0a7457bd-9257-4f36-a91a-4cf6d34e6336 found for delete ", "request_id": "req-f19376a6-437e-4299-b299-0d83dfcef42f"}]}
2026-06-08 04:49:22.478 7 INFO neutron.services.segments.plugin [-] Segment 0a7457bd-9257-4f36-a91a-4cf6d34e6336 resource provider not found; error: Placement Client Error (4xx): {"errors": [{"status": 404, "title": "Not Found", "detail": "The resource could not be found.\n\n No resource provider with uuid 0a7457bd-9257-4f36-a91a-4cf6d34e6336 found for delete ", "request_id": "req-eade0cab-386b-4cf0-b588-bdada926b9a1"}]} [pid: 8|app: 0|req: 764/1479] 10.0.0.104 () {32 vars in 774 bytes} [Mon Jun 8 04:49:22 2026] GET /v2.0/security-groups?tenant_id=0577fcab64db47e0be19d2298a7b0622&name=default => generated 2925 bytes in 128 msecs (HTTP/1.1 200) 4 headers in 158 bytes (1 switches on core 0)
2026-06-08 04:49:22.843 7 WARNING neutron.scheduler.dhcp_agent_scheduler [None req-f99ccc5f-8a8c-4cda-b05f-d896ff6121af 3c673a4221ce4d5dae9fc8fe7498bca9 de25d635abcf41f48f9774ad2dcdb182 - - default default] No more DHCP agents
2026-06-08 04:49:22.847 7 WARNING neutron.api.rpc.agentnotifiers.dhcp_rpc_agent_api [None req-f99ccc5f-8a8c-4cda-b05f-d896ff6121af 3c673a4221ce4d5dae9fc8fe7498bca9 de25d635abcf41f48f9774ad2dcdb182 - - default default] Unable to schedule network 2074126f-6e0e-4c5f-9115-3f9db8c832a1: no agents available; will retry on subsequent port and subnet creation events.
2026-06-08 04:49:22.884 8 INFO neutron.db.ovn_revision_numbers_db [None req-a5fff9b6-6bf8-4299-bd71-6c8083b3cc74 fe1ac1a980474fed984c8e8409b0b73f bee3f67793e24189996e2c8f035a37cb - - default default] Successfully bumped revision number for resource baa2878f-dbee-4311-9e0a-d015ad5a54cb (type: security_groups) to 1
2026-06-08 04:49:22.906 8 INFO neutron.db.ovn_revision_numbers_db [None req-a5fff9b6-6bf8-4299-bd71-6c8083b3cc74 fe1ac1a980474fed984c8e8409b0b73f bee3f67793e24189996e2c8f035a37cb - - default default] Successfully bumped revision number for resource 114fab90-acca-44ed-beef-a0d77e17cd4d (type: security_group_rules) to 0
2026-06-08 04:49:22.914 7 INFO neutron.plugins.ml2.drivers.ovn.mech_driver.mech_driver [None req-6d0b5853-ed93-483f-b801-c6f70092ec47 - - - - - -] OVN reports status down for port: f1ea903d-7307-4198-85ef-7e8fadb17c06
2026-06-08 04:49:22.922 8 INFO neutron.db.ovn_revision_numbers_db [None req-a5fff9b6-6bf8-4299-bd71-6c8083b3cc74 fe1ac1a980474fed984c8e8409b0b73f bee3f67793e24189996e2c8f035a37cb - - default default] Successfully bumped revision number for resource 2be8a842-444e-4927-85c9-84a099c9ef3e (type: security_group_rules) to 0
2026-06-08 04:49:22.934 8 INFO neutron.db.ovn_revision_numbers_db [None req-a5fff9b6-6bf8-4299-bd71-6c8083b3cc74 fe1ac1a980474fed984c8e8409b0b73f bee3f67793e24189996e2c8f035a37cb - - default default] Successfully bumped revision number for resource 6058bda5-d79d-47a4-8f10-0d26b8649a54 (type: security_group_rules) to 0
2026-06-08 04:49:22.945 8 INFO neutron.db.ovn_revision_numbers_db [None req-a5fff9b6-6bf8-4299-bd71-6c8083b3cc74 fe1ac1a980474fed984c8e8409b0b73f bee3f67793e24189996e2c8f035a37cb - - default default] Successfully bumped revision number for resource de7973f4-04a7-4adf-9708-25b87df67e3e (type: security_group_rules) to 0
2026-06-08 04:49:22.972 7 INFO neutron.db.ovn_revision_numbers_db [None req-f99ccc5f-8a8c-4cda-b05f-d896ff6121af 3c673a4221ce4d5dae9fc8fe7498bca9 de25d635abcf41f48f9774ad2dcdb182 - - default default] Successfully bumped revision number for resource f1ea903d-7307-4198-85ef-7e8fadb17c06 (type: ports) to 1 [pid: 8|app: 0|req: 765/1480] 10.0.0.104 () {32 vars in 774 bytes} [Mon Jun 8 04:49:22 2026] GET /v2.0/security-groups?tenant_id=bbe550cc1cb44d1195b4dec6df663534&name=default => generated 2925 bytes in 266 msecs (HTTP/1.1 200) 4 headers in 158 bytes (1 switches on core 0)
2026-06-08 04:49:23.040 7 WARNING neutron.scheduler.dhcp_agent_scheduler [None req-f99ccc5f-8a8c-4cda-b05f-d896ff6121af 3c673a4221ce4d5dae9fc8fe7498bca9 de25d635abcf41f48f9774ad2dcdb182 - - default default] No more DHCP agents
2026-06-08 04:49:23.041 7 WARNING neutron.api.rpc.agentnotifiers.dhcp_rpc_agent_api [None req-f99ccc5f-8a8c-4cda-b05f-d896ff6121af 3c673a4221ce4d5dae9fc8fe7498bca9 de25d635abcf41f48f9774ad2dcdb182 - - default default] Unable to schedule network 46313f4c-f9c5-4402-aafd-82dbbffb8549: no agents available; will retry on subsequent port and subnet creation events.
2026-06-08 04:49:23.104 8 INFO neutron.plugins.ml2.drivers.ovn.mech_driver.mech_driver [None req-bf8f68ca-6e63-4726-a9f6-0b57fc5f2358 - - - - - -] OVN reports status down for port: ab434406-ea82-4348-983e-e34b5cc18cc7
2026-06-08 04:49:23.130 7 INFO neutron.db.ovn_revision_numbers_db [None req-f99ccc5f-8a8c-4cda-b05f-d896ff6121af 3c673a4221ce4d5dae9fc8fe7498bca9 de25d635abcf41f48f9774ad2dcdb182 - - default default] Successfully bumped revision number for resource ab434406-ea82-4348-983e-e34b5cc18cc7 (type: ports) to 1 [pid: 7|app: 0|req: 716/1481] 10.0.0.104 () {34 vars in 665 bytes} [Mon Jun 8 04:49:22 2026] POST /v2.0/ports => generated 1505 bytes in 812 msecs (HTTP/1.1 201) 4 headers in 163 bytes (1 switches on core 0) /var/lib/openstack/lib/python3.12/site-packages/pycadf/identifier.py:70: UserWarning: Invalid uuid: neutron. To ensure interoperability, identifiers should be a valid uuid. warnings.warn(('Invalid uuid: %s. To ensure interoperability, ' [pid: 8|app: 0|req: 766/1482] 10.0.0.104 () {32 vars in 740 bytes} [Mon Jun 8 04:49:22 2026] DELETE /v2.0/security-groups/49faa42e-7a79-471f-87ec-f622c88b61bb => generated 0 bytes in 308 msecs (HTTP/1.1 204) 2 headers in 112 bytes (1 switches on core 0) [pid: 8|app: 0|req: 767/1483] 10.0.0.104 () {32 vars in 643 bytes} [Mon Jun 8 04:49:23 2026] GET /v2.0/ports => generated 3017 bytes in 142 msecs (HTTP/1.1 200) 4 headers in 158 bytes (1 switches on core 0) [pid: 7|app: 0|req: 717/1484] 10.0.0.104 () {32 vars in 740 bytes} [Mon Jun 8 04:49:23 2026] DELETE /v2.0/security-groups/baa2878f-dbee-4311-9e0a-d015ad5a54cb => generated 0 bytes in 240 msecs (HTTP/1.1 204) 2 headers in 112 bytes (1 switches on core 0)
2026-06-08 04:49:23.573 8 INFO neutron_taas.services.taas.taas_plugin [None req-2d962248-6228-46e1-9fd5-ee478ca8ba63 3c673a4221ce4d5dae9fc8fe7498bca9 de25d635abcf41f48f9774ad2dcdb182 - - default default] TaaS: Handle Delete Port: f1ea903d-7307-4198-85ef-7e8fadb17c06
2026-06-08 04:49:23.577 8 INFO neutron_taas.services.taas.tap_mirror_plugin [None req-2d962248-6228-46e1-9fd5-ee478ca8ba63 3c673a4221ce4d5dae9fc8fe7498bca9 de25d635abcf41f48f9774ad2dcdb182 - - default default] Tap Mirror: Handle Delete Port: f1ea903d-7307-4198-85ef-7e8fadb17c06 [pid: 8|app: 0|req: 768/1485] 10.0.0.104 () {32 vars in 720 bytes} [Mon Jun 8 04:49:23 2026] DELETE /v2.0/ports/f1ea903d-7307-4198-85ef-7e8fadb17c06 => generated 0 bytes in 260 msecs (HTTP/1.1 204) 3 headers in 131 bytes (1 switches on core 0)
2026-06-08 04:49:23.777 7 INFO neutron.db.ovn_revision_numbers_db [None req-e2048949-1ed3-47c8-86ff-ab9b4c6c17c9 fe1ac1a980474fed984c8e8409b0b73f bee3f67793e24189996e2c8f035a37cb - - default default] Successfully bumped revision number for resource ab893d82-c0e7-4a59-888f-fa5a9685c440 (type: security_groups) to 1
2026-06-08 04:49:23.788 7 INFO neutron.db.ovn_revision_numbers_db [None req-e2048949-1ed3-47c8-86ff-ab9b4c6c17c9 fe1ac1a980474fed984c8e8409b0b73f bee3f67793e24189996e2c8f035a37cb - - default default] Successfully bumped revision number for resource 57b3f5e6-c43a-4183-9108-c5922db5b8dd (type: security_group_rules) to 0
2026-06-08 04:49:23.801 7 INFO neutron.db.ovn_revision_numbers_db [None req-e2048949-1ed3-47c8-86ff-ab9b4c6c17c9 fe1ac1a980474fed984c8e8409b0b73f bee3f67793e24189996e2c8f035a37cb - - default default] Successfully bumped revision number for resource 783250a8-9495-43a5-a9d9-763117ec6950 (type: security_group_rules) to 0
2026-06-08 04:49:23.815 7 INFO neutron.db.ovn_revision_numbers_db [None req-e2048949-1ed3-47c8-86ff-ab9b4c6c17c9 fe1ac1a980474fed984c8e8409b0b73f bee3f67793e24189996e2c8f035a37cb - - default default] Successfully bumped revision number for resource 832526c2-0e4f-46f3-be2b-887f97953ff8 (type: security_group_rules) to 0
2026-06-08 04:49:23.826 7 INFO neutron.db.ovn_revision_numbers_db [None req-e2048949-1ed3-47c8-86ff-ab9b4c6c17c9 fe1ac1a980474fed984c8e8409b0b73f bee3f67793e24189996e2c8f035a37cb - - default default] Successfully bumped revision number for resource 8ec4b8d8-6672-4272-b4b0-2f33ce7a24d0 (type: security_group_rules) to 0
2026-06-08 04:49:23.826 8 INFO neutron_taas.services.taas.taas_plugin [None req-cf869761-89d7-4652-8262-4f44439f7b44 3c673a4221ce4d5dae9fc8fe7498bca9 de25d635abcf41f48f9774ad2dcdb182 - - default default] TaaS: Handle Delete Port: ab434406-ea82-4348-983e-e34b5cc18cc7
2026-06-08 04:49:23.830 8 INFO neutron_taas.services.taas.tap_mirror_plugin [None req-cf869761-89d7-4652-8262-4f44439f7b44 3c673a4221ce4d5dae9fc8fe7498bca9 de25d635abcf41f48f9774ad2dcdb182 - - default default] Tap Mirror: Handle Delete Port: ab434406-ea82-4348-983e-e34b5cc18cc7 [pid: 7|app: 0|req: 718/1486] 10.0.0.104 () {32 vars in 774 bytes} [Mon Jun 8 04:49:23 2026] GET /v2.0/security-groups?tenant_id=95af9761062e4fa0a34716702b5f813d&name=default => generated 2925 bytes in 237 msecs (HTTP/1.1 200) 4 headers in 158 bytes (1 switches on core 0) [pid: 8|app: 0|req: 769/1487] 10.0.0.104 () {32 vars in 720 bytes} [Mon Jun 8 04:49:23 2026] DELETE /v2.0/ports/ab434406-ea82-4348-983e-e34b5cc18cc7 => generated 0 bytes in 245 msecs (HTTP/1.1 204) 3 headers in 131 bytes (1 switches on core 0) [pid: 8|app: 0|req: 770/1488] 10.0.0.104 () {32 vars in 643 bytes} [Mon Jun 8 04:49:23 2026] GET /v2.0/ports => generated 1523 bytes in 49 msecs (HTTP/1.1 200) 4 headers in 158 bytes (1 switches on core 0) [pid: 7|app: 0|req: 719/1489] 10.0.0.104 () {32 vars in 740 bytes} [Mon Jun 8 04:49:23 2026] DELETE /v2.0/security-groups/ab893d82-c0e7-4a59-888f-fa5a9685c440 => generated 0 bytes in 228 msecs (HTTP/1.1 204) 2 headers in 112 bytes (1 switches on core 0)
2026-06-08 04:49:24.103 8 INFO neutron.db.segments_db [None req-7b85cec7-3d6b-4ffc-bd0b-816b63df6fe0 3c673a4221ce4d5dae9fc8fe7498bca9 de25d635abcf41f48f9774ad2dcdb182 - - default default] Added segment 257dd9d6-4559-4f56-8676-42d0df71e5ac of type geneve for network fded3961-b5fc-4abe-8925-51147ba16974
2026-06-08 04:49:24.227 8 INFO neutron.db.ovn_revision_numbers_db [None req-7b85cec7-3d6b-4ffc-bd0b-816b63df6fe0 3c673a4221ce4d5dae9fc8fe7498bca9 de25d635abcf41f48f9774ad2dcdb182 - - default default] Successfully bumped revision number for resource fded3961-b5fc-4abe-8925-51147ba16974 (type: networks) to 1
2026-06-08 04:49:24.371 8 WARNING neutron.scheduler.dhcp_agent_scheduler [None req-7b85cec7-3d6b-4ffc-bd0b-816b63df6fe0 3c673a4221ce4d5dae9fc8fe7498bca9 de25d635abcf41f48f9774ad2dcdb182 - - default default] No more DHCP agents
