2026-06-08 04:51:18.065 8 WARNING neutron.api.rpc.agentnotifiers.dhcp_rpc_agent_api [None req-c981a4a4-da56-48d8-aebe-ba0bdb488abc 0cd9ab6fc5db4417ad9e9402ae3f5e78 140aaa1257c9440082dba611e458bb2e - - default default] Unable to schedule network fd2fdfbd-2b00-42dd-94ee-45522772dcdf: no agents available; will retry on subsequent port and subnet creation events.
2026-06-08 04:51:18.118 7 INFO neutron.plugins.ml2.drivers.ovn.mech_driver.mech_driver [None req-b0b0e436-7f4e-4837-b5fe-8684dfae1c8c - - - - - -] OVN reports status down for port: e4314325-818f-46cf-a0f7-d74b4d2f41ad
2026-06-08 04:51:18.147 8 INFO neutron.db.ovn_revision_numbers_db [None req-c981a4a4-da56-48d8-aebe-ba0bdb488abc 0cd9ab6fc5db4417ad9e9402ae3f5e78 140aaa1257c9440082dba611e458bb2e - - default default] Successfully bumped revision number for resource e4314325-818f-46cf-a0f7-d74b4d2f41ad (type: ports) to 1 [pid: 8|app: 0|req: 1186/2242] 10.0.0.104 () {34 vars in 670 bytes} [Mon Jun 8 04:51:17 2026] POST /v2.0/networks => generated 659 bytes in 831 msecs (HTTP/1.1 201) 4 headers in 162 bytes (1 switches on core 0)
2026-06-08 04:51:18.331 8 INFO neutron.db.ovn_revision_numbers_db [None req-4f872648-767e-421e-b0f8-c53e3094d474 9b0e160335364e22a277796a48ab3269 808becb72da64fba805d0462d3007665 - - default default] Successfully bumped revision number for resource 01809ed2-f5a5-434f-98aa-fddc56134443 (type: security_group_rules) to 0 [pid: 7|app: 0|req: 1057/2243] 10.0.0.104 () {32 vars in 726 bytes} [Mon Jun 8 04:51:17 2026] DELETE /v2.0/networks/5a4bf203-ff7a-431f-92a0-eee624c4b28c => generated 0 bytes in 427 msecs (HTTP/1.1 204) 3 headers in 131 bytes (1 switches on core 0) [pid: 8|app: 0|req: 1187/2244] 10.0.0.104 () {34 vars in 695 bytes} [Mon Jun 8 04:51:18 2026] POST /v2.0/security-group-rules => generated 597 bytes in 179 msecs (HTTP/1.1 201) 4 headers in 162 bytes (1 switches on core 0)
2026-06-08 04:51:18.487 8 INFO neutron_taas.services.taas.taas_plugin [None req-876875fa-9f2f-46d3-a751-d3970d0aa058 068ca392e2a743dbbf90b7fcf0f01e7b 9c9284aae6ff49189053bb9cca0ffb37 - - default default] TaaS: Handle Delete Port: 4217bad1-0fdf-438b-8167-15b850cb0c96
2026-06-08 04:51:18.493 8 INFO neutron_taas.services.taas.tap_mirror_plugin [None req-876875fa-9f2f-46d3-a751-d3970d0aa058 068ca392e2a743dbbf90b7fcf0f01e7b 9c9284aae6ff49189053bb9cca0ffb37 - - default default] Tap Mirror: Handle Delete Port: 4217bad1-0fdf-438b-8167-15b850cb0c96
2026-06-08 04:51:18.584 7 WARNING neutron.scheduler.dhcp_agent_scheduler [None req-10a913a9-4698-47f3-9a86-abff5278a9ca 0cd9ab6fc5db4417ad9e9402ae3f5e78 140aaa1257c9440082dba611e458bb2e - - default default] No more DHCP agents
2026-06-08 04:51:18.586 7 WARNING neutron.api.rpc.agentnotifiers.dhcp_rpc_agent_api [None req-10a913a9-4698-47f3-9a86-abff5278a9ca 0cd9ab6fc5db4417ad9e9402ae3f5e78 140aaa1257c9440082dba611e458bb2e - - default default] Unable to schedule network fd2fdfbd-2b00-42dd-94ee-45522772dcdf: no agents available; will retry on subsequent port and subnet creation events.
2026-06-08 04:51:18.593 8 INFO neutron.services.segments.plugin [-] Segment ca1093db-8dd4-478a-a201-15224c4529d7 resource provider aggregate not found
2026-06-08 04:51:18.595 8 INFO neutron.services.segments.plugin [-] Segment ca1093db-8dd4-478a-a201-15224c4529d7 resource provider aggregate not found
2026-06-08 04:51:18.616 8 INFO neutron.services.segments.plugin [-] Segment ca1093db-8dd4-478a-a201-15224c4529d7 resource provider not found; error: Placement Client Error (4xx): {"errors": [{"status": 404, "title": "Not Found", "detail": "The resource could not be found.\n\n No resource provider with uuid ca1093db-8dd4-478a-a201-15224c4529d7 found for delete ", "request_id": "req-2fcddf7b-3165-4262-b4e7-468537229249"}]}
2026-06-08 04:51:18.617 8 INFO neutron.services.segments.plugin [-] Segment ca1093db-8dd4-478a-a201-15224c4529d7 resource provider not found; error: Placement Client Error (4xx): {"errors": [{"status": 404, "title": "Not Found", "detail": "The resource could not be found.\n\n No resource provider with uuid ca1093db-8dd4-478a-a201-15224c4529d7 found for delete ", "request_id": "req-86d6116b-39a0-412b-8f1b-c7d9b4178d04"}]} [pid: 8|app: 0|req: 1188/2245] 10.0.0.104 () {32 vars in 726 bytes} [Mon Jun 8 04:51:18 2026] DELETE /v2.0/networks/30059cb5-82a4-488f-a7e7-2d0a4423a992 => generated 0 bytes in 620 msecs (HTTP/1.1 204) 3 headers in 131 bytes (1 switches on core 0)
2026-06-08 04:51:19.257 7 INFO neutron.db.ovn_revision_numbers_db [None req-bc8d5b9c-74b9-42f5-a1b5-826d42a05c5c - - - - - -] Successfully bumped revision number for resource e4314325-818f-46cf-a0f7-d74b4d2f41ad (type: ports) to 2
2026-06-08 04:51:19.284 8 INFO neutron.db.ovn_revision_numbers_db [None req-4a4af85c-0025-4fdf-9434-97cacc7f76dc 9b0e160335364e22a277796a48ab3269 808becb72da64fba805d0462d3007665 - - default default] Successfully bumped revision number for resource f7f082cb-591b-4a4b-9b3d-59cd32141e1b (type: security_group_rules) to 0
2026-06-08 04:51:19.438 7 INFO neutron.db.ovn_revision_numbers_db [None req-bc8d5b9c-74b9-42f5-a1b5-826d42a05c5c - - - - - -] Successfully bumped revision number for resource cd9c195f-8bd1-4559-b7fc-ec0636d794b9 (type: subnets) to 0 [pid: 8|app: 0|req: 1189/2246] 10.0.0.104 () {34 vars in 695 bytes} [Mon Jun 8 04:51:18 2026] POST /v2.0/security-group-rules => generated 596 bytes in 459 msecs (HTTP/1.1 201) 4 headers in 162 bytes (1 switches on core 0) [pid: 7|app: 0|req: 1058/2247] 10.0.0.104 () {34 vars in 669 bytes} [Mon Jun 8 04:51:18 2026] POST /v2.0/subnets => generated 657 bytes in 1184 msecs (HTTP/1.1 201) 4 headers in 162 bytes (1 switches on core 0)
2026-06-08 04:51:19.699 7 INFO neutron.services.segments.plugin [-] Segment a19f1b21-9fda-4f23-af07-ee6e74e33edc resource provider aggregate not found
2026-06-08 04:51:19.714 7 INFO neutron.services.segments.plugin [-] Segment a19f1b21-9fda-4f23-af07-ee6e74e33edc resource provider aggregate not found
2026-06-08 04:51:19.718 7 INFO neutron.services.segments.plugin [-] Segment a19f1b21-9fda-4f23-af07-ee6e74e33edc resource provider not found; error: Placement Client Error (4xx): {"errors": [{"status": 404, "title": "Not Found", "detail": "The resource could not be found.\n\n No resource provider with uuid a19f1b21-9fda-4f23-af07-ee6e74e33edc found for delete ", "request_id": "req-ca84e8ec-8633-46d9-9490-55beadea7d2b"}]} [pid: 7|app: 0|req: 1059/2248] 10.0.0.104 () {32 vars in 722 bytes} [Mon Jun 8 04:51:19 2026] GET /v2.0/subnetpools?name=shared-default-subnetpool-v6 => generated 19 bytes in 184 msecs (HTTP/1.1 200) 4 headers in 156 bytes (1 switches on core 0)
2026-06-08 04:51:19.741 7 INFO neutron.services.segments.plugin [-] Segment a19f1b21-9fda-4f23-af07-ee6e74e33edc resource provider not found; error: Placement Client Error (4xx): {"errors": [{"status": 404, "title": "Not Found", "detail": "The resource could not be found.\n\n No resource provider with uuid a19f1b21-9fda-4f23-af07-ee6e74e33edc found for delete ", "request_id": "req-9bea0d9d-04c8-4b53-9c3c-8394c13883c4"}]}
2026-06-08 04:51:19.817 8 INFO neutron.db.ovn_revision_numbers_db [None req-a4c5aa4d-699d-4b96-aa59-91ca6c52969b 9b0e160335364e22a277796a48ab3269 808becb72da64fba805d0462d3007665 - - default default] Successfully bumped revision number for resource 6fe5bb0c-0203-456f-a7ac-6edec3f72818 (type: security_group_rules) to 0 [pid: 8|app: 0|req: 1190/2249] 10.0.0.104 () {34 vars in 695 bytes} [Mon Jun 8 04:51:19 2026] POST /v2.0/security-group-rules => generated 602 bytes in 490 msecs (HTTP/1.1 201) 4 headers in 162 bytes (1 switches on core 0)
2026-06-08 04:51:20.101 7 WARNING neutron.scheduler.dhcp_agent_scheduler [None req-8a823729-6fa8-49ff-be81-bb756dee0770 0cd9ab6fc5db4417ad9e9402ae3f5e78 140aaa1257c9440082dba611e458bb2e - - default default] No more DHCP agents
2026-06-08 04:51:20.108 7 WARNING neutron.api.rpc.agentnotifiers.dhcp_rpc_agent_api [None req-8a823729-6fa8-49ff-be81-bb756dee0770 0cd9ab6fc5db4417ad9e9402ae3f5e78 140aaa1257c9440082dba611e458bb2e - - default default] Unable to schedule network fd2fdfbd-2b00-42dd-94ee-45522772dcdf: no agents available; will retry on subsequent port and subnet creation events.
2026-06-08 04:51:20.190 7 INFO neutron.db.ovn_revision_numbers_db [None req-8a823729-6fa8-49ff-be81-bb756dee0770 0cd9ab6fc5db4417ad9e9402ae3f5e78 140aaa1257c9440082dba611e458bb2e - - default default] Successfully bumped revision number for resource 7d1caf2c-999d-4b3e-b385-5b5bbba24600 (type: subnets) to 0
2026-06-08 04:51:20.219 8 INFO neutron.db.ovn_revision_numbers_db [None req-9c2a0251-9e27-47ff-9178-cab578797edb 9b0e160335364e22a277796a48ab3269 808becb72da64fba805d0462d3007665 - - default default] Successfully bumped revision number for resource 743bd7d1-44c6-4251-84b0-3a8a1ae87cad (type: security_group_rules) to 0 [pid: 7|app: 0|req: 1060/2250] 10.0.0.104 () {34 vars in 669 bytes} [Mon Jun 8 04:51:19 2026] POST /v2.0/subnets => generated 731 bytes in 508 msecs (HTTP/1.1 201) 4 headers in 162 bytes (1 switches on core 0) [pid: 8|app: 0|req: 1191/2251] 10.0.0.104 () {34 vars in 695 bytes} [Mon Jun 8 04:51:19 2026] POST /v2.0/security-group-rules => generated 601 bytes in 329 msecs (HTTP/1.1 201) 4 headers in 162 bytes (1 switches on core 0)
2026-06-08 04:51:20.322 8 INFO neutron.db.securitygroups_db [None req-5c2a2482-1536-491f-9fcf-616dc2ddf9ba 9b0e160335364e22a277796a48ab3269 808becb72da64fba805d0462d3007665 - - default default] Project 808becb72da64fba805d0462d3007665 added a security group rule with legacy IPv6 ICMP protocol name icmp, ipv6-icmp should be used instead. It was automatically converted.
2026-06-08 04:51:20.361 7 INFO neutron.db.segments_db [None req-bf1d77aa-e7db-47e6-9d8b-c2a5b2a3f8d8 0cd9ab6fc5db4417ad9e9402ae3f5e78 140aaa1257c9440082dba611e458bb2e - - default default] Added segment f82a967c-deb2-441d-a9f4-8f60ec7db279 of type geneve for network 145f6d16-a9b2-4eb6-8cd4-b18cd3bdcfd4
2026-06-08 04:51:20.527 8 INFO neutron.db.ovn_revision_numbers_db [None req-5c2a2482-1536-491f-9fcf-616dc2ddf9ba 9b0e160335364e22a277796a48ab3269 808becb72da64fba805d0462d3007665 - - default default] Successfully bumped revision number for resource f1b98bf5-659e-4320-b184-4a302ab717b6 (type: security_group_rules) to 0 [pid: 8|app: 0|req: 1192/2252] 10.0.0.104 () {34 vars in 695 bytes} [Mon Jun 8 04:51:20 2026] POST /v2.0/security-group-rules => generated 607 bytes in 320 msecs (HTTP/1.1 201) 4 headers in 162 bytes (1 switches on core 0)
2026-06-08 04:51:20.610 7 INFO neutron.db.ovn_revision_numbers_db [None req-bf1d77aa-e7db-47e6-9d8b-c2a5b2a3f8d8 0cd9ab6fc5db4417ad9e9402ae3f5e78 140aaa1257c9440082dba611e458bb2e - - default default] Successfully bumped revision number for resource 145f6d16-a9b2-4eb6-8cd4-b18cd3bdcfd4 (type: networks) to 1
2026-06-08 04:51:20.634 8 INFO neutron.services.segments.plugin [-] Segment 420ef9b4-5200-42a1-9f3d-cb3eefdac911 resource provider aggregate not found
2026-06-08 04:51:20.636 8 INFO neutron.services.segments.plugin [-] Segment 420ef9b4-5200-42a1-9f3d-cb3eefdac911 resource provider aggregate not found
2026-06-08 04:51:20.652 8 INFO neutron.services.segments.plugin [-] Segment 420ef9b4-5200-42a1-9f3d-cb3eefdac911 resource provider not found; error: Placement Client Error (4xx): {"errors": [{"status": 404, "title": "Not Found", "detail": "The resource could not be found.\n\n No resource provider with uuid 420ef9b4-5200-42a1-9f3d-cb3eefdac911 found for delete ", "request_id": "req-ce86a173-b930-4117-90d7-3ac2b5776067"}]}
2026-06-08 04:51:20.653 8 INFO neutron.services.segments.plugin [-] Segment 420ef9b4-5200-42a1-9f3d-cb3eefdac911 resource provider not found; error: Placement Client Error (4xx): {"errors": [{"status": 404, "title": "Not Found", "detail": "The resource could not be found.\n\n No resource provider with uuid 420ef9b4-5200-42a1-9f3d-cb3eefdac911 found for delete ", "request_id": "req-6ec951d5-c427-4915-8461-a9acafe1f3a6"}]}
2026-06-08 04:51:20.832 7 WARNING neutron.scheduler.dhcp_agent_scheduler [None req-bf1d77aa-e7db-47e6-9d8b-c2a5b2a3f8d8 0cd9ab6fc5db4417ad9e9402ae3f5e78 140aaa1257c9440082dba611e458bb2e - - default default] No more DHCP agents
2026-06-08 04:51:20.834 7 WARNING neutron.api.rpc.agentnotifiers.dhcp_rpc_agent_api [None req-bf1d77aa-e7db-47e6-9d8b-c2a5b2a3f8d8 0cd9ab6fc5db4417ad9e9402ae3f5e78 140aaa1257c9440082dba611e458bb2e - - default default] Unable to schedule network 145f6d16-a9b2-4eb6-8cd4-b18cd3bdcfd4: no agents available; will retry on subsequent port and subnet creation events.
2026-06-08 04:51:20.861 8 INFO neutron.db.ovn_revision_numbers_db [None req-23320165-7593-4ea3-bdbf-9732ca32cb1b fe1ac1a980474fed984c8e8409b0b73f bee3f67793e24189996e2c8f035a37cb - - default default] Successfully bumped revision number for resource ad520c49-a050-42f9-88f8-21172bcab70d (type: security_groups) to 1
2026-06-08 04:51:20.880 8 INFO neutron.db.ovn_revision_numbers_db [None req-23320165-7593-4ea3-bdbf-9732ca32cb1b fe1ac1a980474fed984c8e8409b0b73f bee3f67793e24189996e2c8f035a37cb - - default default] Successfully bumped revision number for resource 081f5d60-4751-4997-8a24-4aa6cd30bfa1 (type: security_group_rules) to 0
2026-06-08 04:51:20.906 7 INFO neutron.plugins.ml2.drivers.ovn.mech_driver.mech_driver [None req-b0b0e436-7f4e-4837-b5fe-8684dfae1c8c - - - - - -] OVN reports status down for port: 71e67715-21db-479a-94a2-cd7b5149e60d
2026-06-08 04:51:20.933 8 INFO neutron.db.ovn_revision_numbers_db [None req-23320165-7593-4ea3-bdbf-9732ca32cb1b fe1ac1a980474fed984c8e8409b0b73f bee3f67793e24189996e2c8f035a37cb - - default default] Successfully bumped revision number for resource 17a66626-8598-4629-9cf1-58e9356d81c5 (type: security_group_rules) to 0
2026-06-08 04:51:20.965 8 INFO neutron.db.ovn_revision_numbers_db [None req-23320165-7593-4ea3-bdbf-9732ca32cb1b fe1ac1a980474fed984c8e8409b0b73f bee3f67793e24189996e2c8f035a37cb - - default default] Successfully bumped revision number for resource 2ea50924-8bed-4fd9-94da-b440d7d17ed4 (type: security_group_rules) to 0
2026-06-08 04:51:20.972 7 INFO neutron.db.ovn_revision_numbers_db [None req-bf1d77aa-e7db-47e6-9d8b-c2a5b2a3f8d8 0cd9ab6fc5db4417ad9e9402ae3f5e78 140aaa1257c9440082dba611e458bb2e - - default default] Successfully bumped revision number for resource 71e67715-21db-479a-94a2-cd7b5149e60d (type: ports) to 1
2026-06-08 04:51:21.005 8 INFO neutron.db.ovn_revision_numbers_db [None req-23320165-7593-4ea3-bdbf-9732ca32cb1b fe1ac1a980474fed984c8e8409b0b73f bee3f67793e24189996e2c8f035a37cb - - default default] Successfully bumped revision number for resource 4d5dfbb6-d424-49af-8e0e-2afee87fae06 (type: security_group_rules) to 0 [pid: 7|app: 0|req: 1061/2253] 10.0.0.104 () {34 vars in 670 bytes} [Mon Jun 8 04:51:20 2026] POST /v2.0/networks => generated 657 bytes in 783 msecs (HTTP/1.1 201) 4 headers in 162 bytes (1 switches on core 0) [pid: 8|app: 0|req: 1193/2254] 10.0.0.104 () {32 vars in 774 bytes} [Mon Jun 8 04:51:20 2026] GET /v2.0/security-groups?tenant_id=9ec03ea15ac8434e97170894fcc9b62e&name=default => generated 2925 bytes in 447 msecs (HTTP/1.1 200) 4 headers in 158 bytes (1 switches on core 0)
2026-06-08 04:51:21.096 7 INFO neutron.db.securitygroups_db [None req-ff4f97eb-f99a-4149-bae4-fbe91dba9aff 9b0e160335364e22a277796a48ab3269 808becb72da64fba805d0462d3007665 - - default default] Project 808becb72da64fba805d0462d3007665 added a security group rule with legacy IPv6 ICMP protocol name icmp, ipv6-icmp should be used instead. It was automatically converted.
2026-06-08 04:51:21.263 7 INFO neutron.db.ovn_revision_numbers_db [None req-ff4f97eb-f99a-4149-bae4-fbe91dba9aff 9b0e160335364e22a277796a48ab3269 808becb72da64fba805d0462d3007665 - - default default] Successfully bumped revision number for resource bc898e46-ed4b-4d10-913a-c0b6510817d9 (type: security_group_rules) to 0
2026-06-08 04:51:21.291 8 WARNING neutron.scheduler.dhcp_agent_scheduler [None req-9f6a5382-275a-4e92-b132-fcedf2d3e515 0cd9ab6fc5db4417ad9e9402ae3f5e78 140aaa1257c9440082dba611e458bb2e - - default default] No more DHCP agents
2026-06-08 04:51:21.292 8 WARNING neutron.api.rpc.agentnotifiers.dhcp_rpc_agent_api [None req-9f6a5382-275a-4e92-b132-fcedf2d3e515 0cd9ab6fc5db4417ad9e9402ae3f5e78 140aaa1257c9440082dba611e458bb2e - - default default] Unable to schedule network 145f6d16-a9b2-4eb6-8cd4-b18cd3bdcfd4: no agents available; will retry on subsequent port and subnet creation events. [pid: 7|app: 0|req: 1062/2255] 10.0.0.104 () {34 vars in 695 bytes} [Mon Jun 8 04:51:21 2026] POST /v2.0/security-group-rules => generated 606 bytes in 292 msecs (HTTP/1.1 201) 4 headers in 162 bytes (1 switches on core 0) [pid: 7|app: 0|req: 1063/2256] 10.0.0.104 () {32 vars in 740 bytes} [Mon Jun 8 04:51:21 2026] DELETE /v2.0/security-groups/ad520c49-a050-42f9-88f8-21172bcab70d => generated 0 bytes in 299 msecs (HTTP/1.1 204) 2 headers in 112 bytes (1 switches on core 0)
2026-06-08 04:51:21.821 8 INFO neutron.db.ovn_revision_numbers_db [None req-79800b05-34ba-4b73-a5e3-cd6442ef47b5 - - - - - -] Successfully bumped revision number for resource 71e67715-21db-479a-94a2-cd7b5149e60d (type: ports) to 2
2026-06-08 04:51:21.860 8 INFO neutron.db.ovn_revision_numbers_db [None req-79800b05-34ba-4b73-a5e3-cd6442ef47b5 - - - - - -] Successfully bumped revision number for resource 3ded8ccc-fbf8-4d8a-b41e-77d616f44038 (type: subnets) to 0 [pid: 8|app: 0|req: 1194/2257] 10.0.0.104 () {34 vars in 669 bytes} [Mon Jun 8 04:51:21 2026] POST /v2.0/subnets => generated 656 bytes in 837 msecs (HTTP/1.1 201) 4 headers in 162 bytes (1 switches on core 0)
2026-06-08 04:51:21.914 7 INFO neutron.db.ovn_revision_numbers_db [None req-a79ef571-11ce-4284-ac01-d590bdc75c46 fe1ac1a980474fed984c8e8409b0b73f bee3f67793e24189996e2c8f035a37cb - - default default] Successfully bumped revision number for resource a0aa9042-9f88-4dc1-88fa-6bb5f1362a18 (type: security_groups) to 1
2026-06-08 04:51:21.924 7 INFO neutron.db.ovn_revision_numbers_db [None req-a79ef571-11ce-4284-ac01-d590bdc75c46 fe1ac1a980474fed984c8e8409b0b73f bee3f67793e24189996e2c8f035a37cb - - default default] Successfully bumped revision number for resource 2126cda5-cfac-4600-ae57-8df4ef4ad836 (type: security_group_rules) to 0
2026-06-08 04:51:21.935 7 INFO neutron.db.ovn_revision_numbers_db [None req-a79ef571-11ce-4284-ac01-d590bdc75c46 fe1ac1a980474fed984c8e8409b0b73f bee3f67793e24189996e2c8f035a37cb - - default default] Successfully bumped revision number for resource 312907a0-6c45-4527-89d8-f523e83189ab (type: security_group_rules) to 0
2026-06-08 04:51:21.945 7 INFO neutron.db.ovn_revision_numbers_db [None req-a79ef571-11ce-4284-ac01-d590bdc75c46 fe1ac1a980474fed984c8e8409b0b73f bee3f67793e24189996e2c8f035a37cb - - default default] Successfully bumped revision number for resource 5ea4863b-d57d-4935-b224-ae4590f980ad (type: security_group_rules) to 0
2026-06-08 04:51:21.957 7 INFO neutron.db.ovn_revision_numbers_db [None req-a79ef571-11ce-4284-ac01-d590bdc75c46 fe1ac1a980474fed984c8e8409b0b73f bee3f67793e24189996e2c8f035a37cb - - default default] Successfully bumped revision number for resource b1d86733-f566-45df-8fb2-dad6fed55eaf (type: security_group_rules) to 0 [pid: 7|app: 0|req: 1064/2258] 10.0.0.104 () {32 vars in 774 bytes} [Mon Jun 8 04:51:21 2026] GET /v2.0/security-groups?tenant_id=3778bca029ec4a2bb693a03a29e845cc&name=default => generated 2925 bytes in 250 msecs (HTTP/1.1 200) 4 headers in 158 bytes (1 switches on core 0)
2026-06-08 04:51:22.011 8 INFO neutron.db.ovn_revision_numbers_db [None req-c0b34376-37f9-472e-9442-a005f50a425d 9b0e160335364e22a277796a48ab3269 808becb72da64fba805d0462d3007665 - - default default] Successfully bumped revision number for resource dc112161-cc92-4dad-8c00-541cfe14b252 (type: security_groups) to 1
2026-06-08 04:51:22.023 8 INFO neutron.db.ovn_revision_numbers_db [None req-c0b34376-37f9-472e-9442-a005f50a425d 9b0e160335364e22a277796a48ab3269 808becb72da64fba805d0462d3007665 - - default default] Successfully bumped revision number for resource 62b1b3e8-b5d9-4f4f-aff4-0dc1fa742f20 (type: security_group_rules) to 0
2026-06-08 04:51:22.036 8 INFO neutron.db.ovn_revision_numbers_db [None req-c0b34376-37f9-472e-9442-a005f50a425d 9b0e160335364e22a277796a48ab3269 808becb72da64fba805d0462d3007665 - - default default] Successfully bumped revision number for resource a9cbc2e5-0a71-45bd-986c-1259ee12c103 (type: security_group_rules) to 0 [pid: 8|app: 0|req: 1195/2259] 10.0.0.104 () {34 vars in 685 bytes} [Mon Jun 8 04:51:21 2026] POST /v2.0/security-groups => generated 1658 bytes in 190 msecs (HTTP/1.1 201) 4 headers in 163 bytes (1 switches on core 0)
2026-06-08 04:51:22.247 7 WARNING neutron.scheduler.dhcp_agent_scheduler [None req-675fc6e6-4963-4ed8-a979-58ad48d7d695 0cd9ab6fc5db4417ad9e9402ae3f5e78 140aaa1257c9440082dba611e458bb2e - - default default] No more DHCP agents
2026-06-08 04:51:22.248 7 WARNING neutron.api.rpc.agentnotifiers.dhcp_rpc_agent_api [None req-675fc6e6-4963-4ed8-a979-58ad48d7d695 0cd9ab6fc5db4417ad9e9402ae3f5e78 140aaa1257c9440082dba611e458bb2e - - default default] Unable to schedule network 145f6d16-a9b2-4eb6-8cd4-b18cd3bdcfd4: no agents available; will retry on subsequent port and subnet creation events.
2026-06-08 04:51:22.264 8 WARNING neutron.plugins.ml2.drivers.ovn.mech_driver.ovsdb.ovn_client [None req-4e241e8b-62cf-4168-9f53-fd5f65508d0c - - - - - -] No hosting information found for port 5585ddc0-d699-4b04-9fa0-368129d9b2e2: RuntimeError: No hosting information found for port 5585ddc0-d699-4b04-9fa0-368129d9b2e2
2026-06-08 04:51:22.280 7 INFO neutron.db.ovn_revision_numbers_db [None req-675fc6e6-4963-4ed8-a979-58ad48d7d695 0cd9ab6fc5db4417ad9e9402ae3f5e78 140aaa1257c9440082dba611e458bb2e - - default default] Successfully bumped revision number for resource 18778194-5eeb-405c-8a19-d270595855a5 (type: subnets) to 0 [pid: 7|app: 0|req: 1065/2260] 10.0.0.104 () {34 vars in 669 bytes} [Mon Jun 8 04:51:21 2026] POST /v2.0/subnets => generated 725 bytes in 309 msecs (HTTP/1.1 201) 4 headers in 162 bytes (1 switches on core 0) [pid: 8|app: 0|req: 1196/2261] 10.0.0.104 () {32 vars in 740 bytes} [Mon Jun 8 04:51:22 2026] DELETE /v2.0/security-groups/a0aa9042-9f88-4dc1-88fa-6bb5f1362a18 => generated 0 bytes in 279 msecs (HTTP/1.1 204) 2 headers in 112 bytes (1 switches on core 0)
2026-06-08 04:51:22.384 8 INFO neutron.db.ovn_revision_numbers_db [None req-4e241e8b-62cf-4168-9f53-fd5f65508d0c - - - - - -] Successfully bumped revision number for resource 5585ddc0-d699-4b04-9fa0-368129d9b2e2 (type: router_ports) to 2
2026-06-08 04:51:22.445 7 INFO neutron.db.ovn_revision_numbers_db [None req-41c111c2-6847-4698-b22e-aa176517a0a7 9b0e160335364e22a277796a48ab3269 808becb72da64fba805d0462d3007665 - - default default] Successfully bumped revision number for resource 9ce446ef-e3fa-4b7b-a711-496f8062a7e0 (type: security_group_rules) to 0
2026-06-08 04:51:22.478 8 INFO neutron.db.segments_db [None req-5dc6899c-437d-4f26-804a-1d91ac14eeed 0cd9ab6fc5db4417ad9e9402ae3f5e78 140aaa1257c9440082dba611e458bb2e - - default default] Added segment 7d0d4f05-6ca8-4a44-b76f-c03ae57b1a1f of type geneve for network f48a9d68-5a8d-43b6-a61f-e95bd1966c9a [pid: 7|app: 0|req: 1066/2262] 10.0.0.104 () {34 vars in 695 bytes} [Mon Jun 8 04:51:22 2026] POST /v2.0/security-group-rules => generated 597 bytes in 193 msecs (HTTP/1.1 201) 4 headers in 162 bytes (1 switches on core 0)
2026-06-08 04:51:22.654 8 INFO neutron.db.ovn_revision_numbers_db [None req-5dc6899c-437d-4f26-804a-1d91ac14eeed 0cd9ab6fc5db4417ad9e9402ae3f5e78 140aaa1257c9440082dba611e458bb2e - - default default] Successfully bumped revision number for resource f48a9d68-5a8d-43b6-a61f-e95bd1966c9a (type: networks) to 1
2026-06-08 04:51:22.690 7 INFO neutron.db.ovn_revision_numbers_db [None req-684aeaf7-e91a-4736-968e-7d79d046ebae 9b0e160335364e22a277796a48ab3269 808becb72da64fba805d0462d3007665 - - default default] Successfully bumped revision number for resource 574390af-702a-47e1-895b-d128556f5f04 (type: security_group_rules) to 0 [pid: 7|app: 0|req: 1067/2263] 10.0.0.104 () {34 vars in 695 bytes} [Mon Jun 8 04:51:22 2026] POST /v2.0/security-group-rules => generated 602 bytes in 215 msecs (HTTP/1.1 201) 4 headers in 162 bytes (1 switches on core 0) [pid: 7|app: 0|req: 1068/2264] 10.0.0.104 () {32 vars in 774 bytes} [Mon Jun 8 04:51:22 2026] GET /v2.0/security-groups?tenant_id=9c9284aae6ff49189053bb9cca0ffb37&name=default => generated 2925 bytes in 29 msecs (HTTP/1.1 200) 4 headers in 158 bytes (1 switches on core 0)
2026-06-08 04:51:22.817 8 WARNING neutron.scheduler.dhcp_agent_scheduler [None req-5dc6899c-437d-4f26-804a-1d91ac14eeed 0cd9ab6fc5db4417ad9e9402ae3f5e78 140aaa1257c9440082dba611e458bb2e - - default default] No more DHCP agents
2026-06-08 04:51:22.819 8 WARNING neutron.api.rpc.agentnotifiers.dhcp_rpc_agent_api [None req-5dc6899c-437d-4f26-804a-1d91ac14eeed 0cd9ab6fc5db4417ad9e9402ae3f5e78 140aaa1257c9440082dba611e458bb2e - - default default] Unable to schedule network f48a9d68-5a8d-43b6-a61f-e95bd1966c9a: no agents available; will retry on subsequent port and subnet creation events.
2026-06-08 04:51:22.887 7 INFO neutron.plugins.ml2.drivers.ovn.mech_driver.mech_driver [None req-b0b0e436-7f4e-4837-b5fe-8684dfae1c8c - - - - - -] OVN reports status down for port: eefbe785-5d14-4ca2-9c16-56717ba301e0
2026-06-08 04:51:22.894 8 INFO neutron.db.ovn_revision_numbers_db [None req-5dc6899c-437d-4f26-804a-1d91ac14eeed 0cd9ab6fc5db4417ad9e9402ae3f5e78 140aaa1257c9440082dba611e458bb2e - - default default] Successfully bumped revision number for resource eefbe785-5d14-4ca2-9c16-56717ba301e0 (type: ports) to 1 [pid: 8|app: 0|req: 1197/2265] 10.0.0.104 () {34 vars in 670 bytes} [Mon Jun 8 04:51:22 2026] POST /v2.0/networks => generated 654 bytes in 563 msecs (HTTP/1.1 201) 4 headers in 162 bytes (1 switches on core 0)
2026-06-08 04:51:23.043 7 WARNING neutron.scheduler.dhcp_agent_scheduler [None req-ff0cdafa-896c-40df-bafa-78e46206ae07 9b0e160335364e22a277796a48ab3269 808becb72da64fba805d0462d3007665 - - default default] No more DHCP agents
2026-06-08 04:51:23.045 7 WARNING neutron.api.rpc.agentnotifiers.dhcp_rpc_agent_api [None req-ff0cdafa-896c-40df-bafa-78e46206ae07 9b0e160335364e22a277796a48ab3269 808becb72da64fba805d0462d3007665 - - default default] Unable to schedule network 8fe18a57-027d-4f3c-9d3e-7a5108c851cd: no agents available; will retry on subsequent port and subnet creation events. [pid: 8|app: 0|req: 1198/2266] 10.0.0.104 () {32 vars in 740 bytes} [Mon Jun 8 04:51:22 2026] DELETE /v2.0/security-groups/b693b16b-2d78-4250-83f6-18001662b530 => generated 0 bytes in 243 msecs (HTTP/1.1 204) 2 headers in 112 bytes (1 switches on core 0) [pid: 7|app: 0|req: 1069/2267] 10.0.0.104 () {34 vars in 676 bytes} [Mon Jun 8 04:51:22 2026] POST /v2.0/floatingips => generated 552 bytes in 599 msecs (HTTP/1.1 201) 4 headers in 162 bytes (1 switches on core 0)
2026-06-08 04:51:23.369 8 WARNING neutron.scheduler.dhcp_agent_scheduler [None req-00a32d62-c60f-429d-927d-5257975d81df 0cd9ab6fc5db4417ad9e9402ae3f5e78 140aaa1257c9440082dba611e458bb2e - - default default] No more DHCP agents
2026-06-08 04:51:23.377 8 WARNING neutron.api.rpc.agentnotifiers.dhcp_rpc_agent_api [None req-00a32d62-c60f-429d-927d-5257975d81df 0cd9ab6fc5db4417ad9e9402ae3f5e78 140aaa1257c9440082dba611e458bb2e - - default default] Unable to schedule network f48a9d68-5a8d-43b6-a61f-e95bd1966c9a: no agents available; will retry on subsequent port and subnet creation events. [pid: 7|app: 0|req: 1070/2268] 10.0.0.62 () {34 vars in 1099 bytes} [Mon Jun 8 04:51:23 2026] GET /v2.0/security-groups?name=tempest-securitygroup--1573618547&fields=id&tenant_id=808becb72da64fba805d0462d3007665 => generated 69 bytes in 44 msecs (HTTP/1.1 200) 4 headers in 156 bytes (1 switches on core 0) [pid: 7|app: 0|req: 1071/2269] 10.0.0.62 () {34 vars in 1099 bytes} [Mon Jun 8 04:51:23 2026] GET /v2.0/security-groups?name=tempest-secgroup-smoke-1024855487&fields=id&tenant_id=808becb72da64fba805d0462d3007665 => generated 69 bytes in 40 msecs (HTTP/1.1 200) 4 headers in 156 bytes (1 switches on core 0) [pid: 7|app: 0|req: 1072/2270] 10.0.0.62 () {34 vars in 981 bytes} [Mon Jun 8 04:51:23 2026] GET /v2.0/networks?id=c73c2cef-9760-4ef0-8f3c-f2352d4db88b => generated 710 bytes in 50 msecs (HTTP/1.1 200) 4 headers in 157 bytes (1 switches on core 0) [pid: 7|app: 0|req: 1073/2271] 10.0.0.62 () {34 vars in 964 bytes} [Mon Jun 8 04:51:23 2026] GET /v2.0/quotas/808becb72da64fba805d0462d3007665 => generated 292 bytes in 11 msecs (HTTP/1.1 200) 4 headers in 157 bytes (1 switches on core 0) [pid: 7|app: 0|req: 1074/2272] 10.0.0.62 () {34 vars in 1001 bytes} [Mon Jun 8 04:51:23 2026] GET /v2.0/ports?tenant_id=808becb72da64fba805d0462d3007665&fields=id => generated 103 bytes in 73 msecs (HTTP/1.1 200) 4 headers in 157 bytes (1 switches on core 0) [pid: 7|app: 0|req: 1075/2273] 10.0.0.62 () {34 vars in 1007 bytes} [Mon Jun 8 04:51:23 2026] GET /v2.0/networks/c73c2cef-9760-4ef0-8f3c-f2352d4db88b?fields=segments => generated 14 bytes in 44 msecs (HTTP/1.1 200) 4 headers in 156 bytes (1 switches on core 0) [pid: 7|app: 0|req: 1076/2274] 10.0.0.62 () {34 vars in 1107 bytes} [Mon Jun 8 04:51:23 2026] GET /v2.0/networks/c73c2cef-9760-4ef0-8f3c-f2352d4db88b?fields=provider%3Aphysical_network&fields=provider%3Anetwork_type => generated 79 bytes in 45 msecs (HTTP/1.1 200) 4 headers in 156 bytes (1 switches on core 0)
2026-06-08 04:51:23.864 8 INFO neutron.db.ovn_revision_numbers_db [None req-8d9276e9-b0d3-4c1f-8e0c-ebc6070c3b97 - - - - - -] Successfully bumped revision number for resource eefbe785-5d14-4ca2-9c16-56717ba301e0 (type: ports) to 2
2026-06-08 04:51:23.905 8 INFO neutron.db.ovn_revision_numbers_db [None req-8d9276e9-b0d3-4c1f-8e0c-ebc6070c3b97 - - - - - -] Successfully bumped revision number for resource 6921ddc0-30be-4f7b-9e22-eaa7b1a4bb80 (type: subnets) to 0 [pid: 8|app: 0|req: 1199/2275] 10.0.0.104 () {34 vars in 669 bytes} [Mon Jun 8 04:51:23 2026] POST /v2.0/subnets => generated 655 bytes in 760 msecs (HTTP/1.1 201) 4 headers in 162 bytes (1 switches on core 0) [pid: 8|app: 0|req: 1200/2276] 10.0.0.62 () {34 vars in 989 bytes} [Mon Jun 8 04:51:23 2026] GET /v2.0/ports?device_id=4d9968a2-d454-4127-8104-3dcf1a9f1423 => generated 12 bytes in 21 msecs (HTTP/1.1 200) 4 headers in 156 bytes (1 switches on core 0)
2026-06-08 04:51:24.182 7 WARNING neutron.scheduler.dhcp_agent_scheduler [None req-cf1631ee-c887-4b59-98a0-3c3edf994fc9 0cd9ab6fc5db4417ad9e9402ae3f5e78 140aaa1257c9440082dba611e458bb2e - - default default] No more DHCP agents
2026-06-08 04:51:24.184 7 WARNING neutron.api.rpc.agentnotifiers.dhcp_rpc_agent_api [None req-cf1631ee-c887-4b59-98a0-3c3edf994fc9 0cd9ab6fc5db4417ad9e9402ae3f5e78 140aaa1257c9440082dba611e458bb2e - - default default] Unable to schedule network f48a9d68-5a8d-43b6-a61f-e95bd1966c9a: no agents available; will retry on subsequent port and subnet creation events.
2026-06-08 04:51:24.209 7 INFO neutron.db.ovn_revision_numbers_db [None req-cf1631ee-c887-4b59-98a0-3c3edf994fc9 0cd9ab6fc5db4417ad9e9402ae3f5e78 140aaa1257c9440082dba611e458bb2e - - default default] Successfully bumped revision number for resource 3d32f9d4-351f-45d8-8e76-db4c417977c8 (type: subnets) to 0 [pid: 7|app: 0|req: 1077/2277] 10.0.0.104 () {34 vars in 669 bytes} [Mon Jun 8 04:51:23 2026] POST /v2.0/subnets => generated 729 bytes in 293 msecs (HTTP/1.1 201) 4 headers in 162 bytes (1 switches on core 0)
2026-06-08 04:51:24.679 8 WARNING neutron.scheduler.dhcp_agent_scheduler [None req-f0181b76-d22f-4eb9-b981-3e22027593e1 0cd9ab6fc5db4417ad9e9402ae3f5e78 140aaa1257c9440082dba611e458bb2e - - default default] No more DHCP agents
2026-06-08 04:51:24.681 8 WARNING neutron.api.rpc.agentnotifiers.dhcp_rpc_agent_api [None req-f0181b76-d22f-4eb9-b981-3e22027593e1 0cd9ab6fc5db4417ad9e9402ae3f5e78 140aaa1257c9440082dba611e458bb2e - - default default] Unable to schedule network 8fe18a57-027d-4f3c-9d3e-7a5108c851cd: no agents available; will retry on subsequent port and subnet creation events.
2026-06-08 04:51:24.791 8 INFO neutron.plugins.ml2.drivers.ovn.mech_driver.mech_driver [None req-4e241e8b-62cf-4168-9f53-fd5f65508d0c - - - - - -] OVN reports status down for port: 76f5fe39-7901-48f2-a580-76ab1cb94cd1
2026-06-08 04:51:24.831 8 INFO neutron.db.ovn_revision_numbers_db [None req-f0181b76-d22f-4eb9-b981-3e22027593e1 0cd9ab6fc5db4417ad9e9402ae3f5e78 140aaa1257c9440082dba611e458bb2e - - default default] Successfully bumped revision number for resource 76f5fe39-7901-48f2-a580-76ab1cb94cd1 (type: ports) to 1 [pid: 7|app: 0|req: 1078/2278] 10.0.0.62 () {34 vars in 989 bytes} [Mon Jun 8 04:51:25 2026] GET /v2.0/ports?device_id=4d9968a2-d454-4127-8104-3dcf1a9f1423 => generated 12 bytes in 21 msecs (HTTP/1.1 200) 4 headers in 156 bytes (1 switches on core 0)
2026-06-08 04:51:25.460 8 INFO neutron.plugins.ml2.drivers.ovn.mech_driver.ovsdb.commands [None req-bc39bf19-73dc-4d88-b67a-eae98220b35d - - - - - -] Schedule LRP lrp-76f5fe39-7901-48f2-a580-76ab1cb94cd1 on gateway 6924878c-9112-4862-974f-dead0148f477 with priority 1
2026-06-08 04:51:25.485 7 INFO neutron.plugins.ml2.drivers.ovn.mech_driver.ovsdb.ovsdb_monitor [None req-560a1435-93ba-4793-afbb-d20d37805721 - - - - - -] Router da35b061-d436-4439-b1b1-705e4c995fa8 is bound to host instance
2026-06-08 04:51:25.541 8 INFO neutron.plugins.ml2.drivers.ovn.mech_driver.mech_driver [None req-4e241e8b-62cf-4168-9f53-fd5f65508d0c - - - - - -] OVN reports status up for port: 76f5fe39-7901-48f2-a580-76ab1cb94cd1
2026-06-08 04:51:25.595 8 INFO neutron.plugins.ml2.plugin [None req-4e241e8b-62cf-4168-9f53-fd5f65508d0c - - - - - -] Attempt 1 to provision port 76f5fe39-7901-48f2-a580-76ab1cb94cd1
2026-06-08 04:51:25.609 8 INFO neutron.db.ovn_revision_numbers_db [None req-f0181b76-d22f-4eb9-b981-3e22027593e1 0cd9ab6fc5db4417ad9e9402ae3f5e78 140aaa1257c9440082dba611e458bb2e - - default default] Successfully bumped revision number for resource 76f5fe39-7901-48f2-a580-76ab1cb94cd1 (type: router_ports) to 1
2026-06-08 04:51:25.715 8 INFO neutron.db.ovn_revision_numbers_db [None req-f0181b76-d22f-4eb9-b981-3e22027593e1 0cd9ab6fc5db4417ad9e9402ae3f5e78 140aaa1257c9440082dba611e458bb2e - - default default] Successfully bumped revision number for resource da35b061-d436-4439-b1b1-705e4c995fa8 (type: routers) to 2 [pid: 8|app: 0|req: 1201/2279] 10.0.0.104 () {34 vars in 669 bytes} [Mon Jun 8 04:51:24 2026] POST /v2.0/routers => generated 944 bytes in 1510 msecs (HTTP/1.1 201) 4 headers in 162 bytes (1 switches on core 0) [pid: 8|app: 0|req: 1202/2280] 10.0.0.62 () {34 vars in 989 bytes} [Mon Jun 8 04:51:26 2026] GET /v2.0/ports?device_id=4d9968a2-d454-4127-8104-3dcf1a9f1423 => generated 12 bytes in 21 msecs (HTTP/1.1 200) 4 headers in 156 bytes (1 switches on core 0)
2026-06-08 04:51:26.637 7 WARNING neutron.scheduler.dhcp_agent_scheduler [None req-ef0c30ff-8a42-4213-8bbe-a22484eb27b6 0cd9ab6fc5db4417ad9e9402ae3f5e78 140aaa1257c9440082dba611e458bb2e - - default default] No more DHCP agents
2026-06-08 04:51:26.640 7 WARNING neutron.api.rpc.agentnotifiers.dhcp_rpc_agent_api [None req-ef0c30ff-8a42-4213-8bbe-a22484eb27b6 0cd9ab6fc5db4417ad9e9402ae3f5e78 140aaa1257c9440082dba611e458bb2e - - default default] Unable to schedule network fd2fdfbd-2b00-42dd-94ee-45522772dcdf: no agents available; will retry on subsequent port and subnet creation events.
2026-06-08 04:51:26.861 7 INFO neutron.db.ovn_revision_numbers_db [None req-9a5b52ae-4ca0-4355-ad86-174ee6dc9599 - - - - - -] Successfully bumped revision number for resource 76f5fe39-7901-48f2-a580-76ab1cb94cd1 (type: ports) to 4
2026-06-08 04:51:26.920 7 INFO neutron.db.ovn_revision_numbers_db [None req-ef0c30ff-8a42-4213-8bbe-a22484eb27b6 0cd9ab6fc5db4417ad9e9402ae3f5e78 140aaa1257c9440082dba611e458bb2e - - default default] Successfully bumped revision number for resource 0756a51e-ce26-4418-a911-9dd36fe31208 (type: ports) to 1
2026-06-08 04:51:27.421 7 INFO neutron.db.ovn_revision_numbers_db [None req-9a5b52ae-4ca0-4355-ad86-174ee6dc9599 - - - - - -] Successfully bumped revision number for resource 76f5fe39-7901-48f2-a580-76ab1cb94cd1 (type: ports) to 5
2026-06-08 04:51:27.511 8 INFO neutron.db.ovn_revision_numbers_db [None req-d5e6e2a4-5dd5-41b7-bd68-85a76ec5fb83 838fca95de5845d694265a023e4ba6df 50d2b06bf3c24933bbde03831b67adfa - - default default] Successfully bumped revision number for resource 14eb38ed-a6ac-4dd4-adcc-d43ef7066a23 (type: security_groups) to 1
2026-06-08 04:51:27.535 8 INFO neutron.db.ovn_revision_numbers_db [None req-d5e6e2a4-5dd5-41b7-bd68-85a76ec5fb83 838fca95de5845d694265a023e4ba6df 50d2b06bf3c24933bbde03831b67adfa - - default default] Successfully bumped revision number for resource 120d59eb-6eb4-4944-b4d4-0c70ed47e060 (type: security_group_rules) to 0
2026-06-08 04:51:27.557 8 INFO neutron.db.ovn_revision_numbers_db [None req-d5e6e2a4-5dd5-41b7-bd68-85a76ec5fb83 838fca95de5845d694265a023e4ba6df 50d2b06bf3c24933bbde03831b67adfa - - default default] Successfully bumped revision number for resource 7eaa5e58-7413-4633-af53-ac75a77a3e3c (type: security_group_rules) to 0
2026-06-08 04:51:27.582 8 INFO neutron.db.ovn_revision_numbers_db [None req-d5e6e2a4-5dd5-41b7-bd68-85a76ec5fb83 838fca95de5845d694265a023e4ba6df 50d2b06bf3c24933bbde03831b67adfa - - default default] Successfully bumped revision number for resource 83a87bab-322e-402d-8b50-970c943f560e (type: security_group_rules) to 0
2026-06-08 04:51:27.638 8 INFO neutron.db.ovn_revision_numbers_db [None req-d5e6e2a4-5dd5-41b7-bd68-85a76ec5fb83 838fca95de5845d694265a023e4ba6df 50d2b06bf3c24933bbde03831b67adfa - - default default] Successfully bumped revision number for resource ae45b559-d4a1-4f30-9640-e7a998500b27 (type: security_group_rules) to 0
2026-06-08 04:51:27.725 8 INFO neutron.db.segments_db [None req-d5e6e2a4-5dd5-41b7-bd68-85a76ec5fb83 838fca95de5845d694265a023e4ba6df 50d2b06bf3c24933bbde03831b67adfa - - default default] Added segment 19c6b1e1-9cc4-4943-bbb3-ac5634116644 of type geneve for network e3c403ed-dd0c-4973-87c1-ce951000f388
2026-06-08 04:51:27.937 8 INFO neutron.db.ovn_revision_numbers_db [None req-d5e6e2a4-5dd5-41b7-bd68-85a76ec5fb83 838fca95de5845d694265a023e4ba6df 50d2b06bf3c24933bbde03831b67adfa - - default default] Successfully bumped revision number for resource e3c403ed-dd0c-4973-87c1-ce951000f388 (type: networks) to 1
2026-06-08 04:51:27.953 8 INFO neutron.plugins.ml2.drivers.ovn.mech_driver.mech_driver [None req-4e241e8b-62cf-4168-9f53-fd5f65508d0c - - - - - -] OVN reports status down for port: 0756a51e-ce26-4418-a911-9dd36fe31208
2026-06-08 04:51:27.998 7 WARNING neutron.scheduler.dhcp_agent_scheduler [None req-ef0c30ff-8a42-4213-8bbe-a22484eb27b6 0cd9ab6fc5db4417ad9e9402ae3f5e78 140aaa1257c9440082dba611e458bb2e - - default default] No more DHCP agents
2026-06-08 04:51:27.999 7 WARNING neutron.api.rpc.agentnotifiers.dhcp_rpc_agent_api [None req-ef0c30ff-8a42-4213-8bbe-a22484eb27b6 0cd9ab6fc5db4417ad9e9402ae3f5e78 140aaa1257c9440082dba611e458bb2e - - default default] Unable to schedule network fd2fdfbd-2b00-42dd-94ee-45522772dcdf: no agents available; will retry on subsequent port and subnet creation events.
2026-06-08 04:51:28.069 8 WARNING neutron.plugins.ml2.drivers.ovn.mech_driver.ovsdb.ovn_client [None req-4e241e8b-62cf-4168-9f53-fd5f65508d0c - - - - - -] Logical_Switch_Port %s host information not removed, the port state is up
2026-06-08 04:51:28.069 8 INFO neutron.plugins.ml2.drivers.ovn.mech_driver.mech_driver [None req-4e241e8b-62cf-4168-9f53-fd5f65508d0c - - - - - -] OVN reports status up for port: 0756a51e-ce26-4418-a911-9dd36fe31208
2026-06-08 04:51:28.098 8 INFO neutron.plugins.ml2.plugin [None req-4e241e8b-62cf-4168-9f53-fd5f65508d0c - - - - - -] Attempt 1 to provision port 0756a51e-ce26-4418-a911-9dd36fe31208
2026-06-08 04:51:28.183 8 WARNING neutron.scheduler.dhcp_agent_scheduler [None req-d5e6e2a4-5dd5-41b7-bd68-85a76ec5fb83 838fca95de5845d694265a023e4ba6df 50d2b06bf3c24933bbde03831b67adfa - - default default] No more DHCP agents
2026-06-08 04:51:28.186 8 WARNING neutron.api.rpc.agentnotifiers.dhcp_rpc_agent_api [None req-d5e6e2a4-5dd5-41b7-bd68-85a76ec5fb83 838fca95de5845d694265a023e4ba6df 50d2b06bf3c24933bbde03831b67adfa - - default default] Unable to schedule network e3c403ed-dd0c-4973-87c1-ce951000f388: no agents available; will retry on subsequent port and subnet creation events.
2026-06-08 04:51:28.254 7 INFO neutron.plugins.ml2.drivers.ovn.mech_driver.mech_driver [None req-b0b0e436-7f4e-4837-b5fe-8684dfae1c8c - - - - - -] OVN reports status down for port: b851ee40-9bc7-46cb-bb1c-2127439037ef
2026-06-08 04:51:28.378 7 INFO neutron.db.ovn_revision_numbers_db [None req-ef0c30ff-8a42-4213-8bbe-a22484eb27b6 0cd9ab6fc5db4417ad9e9402ae3f5e78 140aaa1257c9440082dba611e458bb2e - - default default] Successfully bumped revision number for resource 0756a51e-ce26-4418-a911-9dd36fe31208 (type: router_ports) to 1 [pid: 7|app: 0|req: 1079/2281] 10.0.0.104 () {34 vars in 783 bytes} [Mon Jun 8 04:51:25 2026] PUT /v2.0/routers/da35b061-d436-4439-b1b1-705e4c995fa8/add_router_interface => generated 309 bytes in 2642 msecs (HTTP/1.1 200) 4 headers in 157 bytes (1 switches on core 0) [pid: 7|app: 0|req: 1080/2282] 10.0.0.62 () {34 vars in 989 bytes} [Mon Jun 8 04:51:28 2026] GET /v2.0/ports?device_id=4d9968a2-d454-4127-8104-3dcf1a9f1423 => generated 12 bytes in 19 msecs (HTTP/1.1 200) 4 headers in 156 bytes (1 switches on core 0) [pid: 7|app: 0|req: 1083/2285] 199.204.45.4 () {34 vars in 984 bytes} [Mon Jun 8 04:51:28 2026] GET /v2.0/networks?id=c73c2cef-9760-4ef0-8f3c-f2352d4db88b => generated 710 bytes in 37 msecs (HTTP/1.1 200) 4 headers in 157 bytes (1 switches on core 0)
2026-06-08 04:51:28.883 8 INFO neutron.db.ovn_revision_numbers_db [None req-d5e6e2a4-5dd5-41b7-bd68-85a76ec5fb83 838fca95de5845d694265a023e4ba6df 50d2b06bf3c24933bbde03831b67adfa - - default default] Successfully bumped revision number for resource b851ee40-9bc7-46cb-bb1c-2127439037ef (type: ports) to 1 [pid: 8|app: 0|req: 1203/2286] 10.0.0.104 () {34 vars in 670 bytes} [Mon Jun 8 04:51:27 2026] POST /v2.0/networks => generated 650 bytes in 1792 msecs (HTTP/1.1 201) 4 headers in 162 bytes (1 switches on core 0)
2026-06-08 04:51:28.990 7 WARNING neutron.scheduler.dhcp_agent_scheduler [None req-2147f3a2-b099-4cc1-9f7a-82d27e3258f5 0cd9ab6fc5db4417ad9e9402ae3f5e78 140aaa1257c9440082dba611e458bb2e - - default default] No more DHCP agents
2026-06-08 04:51:28.995 7 WARNING neutron.api.rpc.agentnotifiers.dhcp_rpc_agent_api [None req-2147f3a2-b099-4cc1-9f7a-82d27e3258f5 0cd9ab6fc5db4417ad9e9402ae3f5e78 140aaa1257c9440082dba611e458bb2e - - default default] Unable to schedule network 145f6d16-a9b2-4eb6-8cd4-b18cd3bdcfd4: no agents available; will retry on subsequent port and subnet creation events. [pid: 8|app: 0|req: 1204/2287] 199.204.45.4 () {34 vars in 1048 bytes} [Mon Jun 8 04:51:28 2026] GET /v2.0/security-groups?fields=id&fields=name&tenant_id=808becb72da64fba805d0462d3007665 => generated 274 bytes in 78 msecs (HTTP/1.1 200) 4 headers in 157 bytes (1 switches on core 0)
2026-06-08 04:51:29.107 7 INFO neutron.plugins.ml2.drivers.ovn.mech_driver.mech_driver [None req-b0b0e436-7f4e-4837-b5fe-8684dfae1c8c - - - - - -] OVN reports status down for port: 36d7b2af-9088-4cd8-b963-bbffd02d8cae
2026-06-08 04:51:29.161 7 INFO neutron.db.ovn_revision_numbers_db [None req-2147f3a2-b099-4cc1-9f7a-82d27e3258f5 0cd9ab6fc5db4417ad9e9402ae3f5e78 140aaa1257c9440082dba611e458bb2e - - default default] Successfully bumped revision number for resource 36d7b2af-9088-4cd8-b963-bbffd02d8cae (type: ports) to 1
2026-06-08 04:51:29.449 8 INFO neutron.db.ovn_revision_numbers_db [None req-4e241e8b-62cf-4168-9f53-fd5f65508d0c - - - - - -] Successfully bumped revision number for resource 0756a51e-ce26-4418-a911-9dd36fe31208 (type: ports) to 2
2026-06-08 04:51:29.558 8 WARNING neutron.scheduler.dhcp_agent_scheduler [None req-23f737ae-c879-4fff-b1d3-d7d45bbe1ed7 838fca95de5845d694265a023e4ba6df 50d2b06bf3c24933bbde03831b67adfa - - default default] No more DHCP agents
2026-06-08 04:51:29.569 8 WARNING neutron.api.rpc.agentnotifiers.dhcp_rpc_agent_api [None req-23f737ae-c879-4fff-b1d3-d7d45bbe1ed7 838fca95de5845d694265a023e4ba6df 50d2b06bf3c24933bbde03831b67adfa - - default default] Unable to schedule network e3c403ed-dd0c-4973-87c1-ce951000f388: no agents available; will retry on subsequent port and subnet creation events.
2026-06-08 04:51:29.664 7 INFO neutron.plugins.ml2.drivers.ovn.mech_driver.mech_driver [None req-b0b0e436-7f4e-4837-b5fe-8684dfae1c8c - - - - - -] OVN reports status down for port: 903dc6c1-5c43-4b5a-90da-c1c887692546
2026-06-08 04:51:29.674 8 INFO neutron.db.ovn_revision_numbers_db [None req-23f737ae-c879-4fff-b1d3-d7d45bbe1ed7 838fca95de5845d694265a023e4ba6df 50d2b06bf3c24933bbde03831b67adfa - - default default] Successfully bumped revision number for resource 903dc6c1-5c43-4b5a-90da-c1c887692546 (type: ports) to 1 [pid: 8|app: 0|req: 1205/2288] 10.0.0.104 () {34 vars in 664 bytes} [Mon Jun 8 04:51:29 2026] POST /v2.0/ports => generated 743 bytes in 681 msecs (HTTP/1.1 201) 4 headers in 162 bytes (1 switches on core 0) /var/lib/openstack/lib/python3.12/site-packages/pycadf/identifier.py:70: UserWarning: Invalid uuid: neutron. To ensure interoperability, identifiers should be a valid uuid. warnings.warn(('Invalid uuid: %s. To ensure interoperability, '
2026-06-08 04:51:29.985 7 INFO neutron.plugins.ml2.drivers.ovn.mech_driver.mech_driver [None req-b0b0e436-7f4e-4837-b5fe-8684dfae1c8c - - - - - -] OVN reports status up for port: 36d7b2af-9088-4cd8-b963-bbffd02d8cae
2026-06-08 04:51:30.007 7 INFO neutron.plugins.ml2.plugin [None req-b0b0e436-7f4e-4837-b5fe-8684dfae1c8c - - - - - -] Attempt 1 to provision port 36d7b2af-9088-4cd8-b963-bbffd02d8cae
2026-06-08 04:51:30.080 8 WARNING neutron.scheduler.dhcp_agent_scheduler [req-bc2096eb-0862-4122-a3d6-20c405469478 req-0232ab59-c921-4c69-821f-56af97911234 9b0e160335364e22a277796a48ab3269 808becb72da64fba805d0462d3007665 - - default default] No more DHCP agents
2026-06-08 04:51:30.081 8 WARNING neutron.api.rpc.agentnotifiers.dhcp_rpc_agent_api [req-bc2096eb-0862-4122-a3d6-20c405469478 req-0232ab59-c921-4c69-821f-56af97911234 9b0e160335364e22a277796a48ab3269 808becb72da64fba805d0462d3007665 - - default default] Unable to schedule network c73c2cef-9760-4ef0-8f3c-f2352d4db88b: no agents available; will retry on subsequent port and subnet creation events.
2026-06-08 04:51:30.121 7 WARNING neutron.scheduler.dhcp_agent_scheduler [None req-2147f3a2-b099-4cc1-9f7a-82d27e3258f5 0cd9ab6fc5db4417ad9e9402ae3f5e78 140aaa1257c9440082dba611e458bb2e - - default default] No more DHCP agents
2026-06-08 04:51:30.125 7 WARNING neutron.api.rpc.agentnotifiers.dhcp_rpc_agent_api [None req-2147f3a2-b099-4cc1-9f7a-82d27e3258f5 0cd9ab6fc5db4417ad9e9402ae3f5e78 140aaa1257c9440082dba611e458bb2e - - default default] Unable to schedule network 145f6d16-a9b2-4eb6-8cd4-b18cd3bdcfd4: no agents available; will retry on subsequent port and subnet creation events.
2026-06-08 04:51:30.263 8 INFO neutron.db.ovn_revision_numbers_db [req-bc2096eb-0862-4122-a3d6-20c405469478 req-0232ab59-c921-4c69-821f-56af97911234 9b0e160335364e22a277796a48ab3269 808becb72da64fba805d0462d3007665 - - default default] Successfully bumped revision number for resource de490d99-8335-4542-a459-999aa6f0be6d (type: ports) to 1 [pid: 8|app: 0|req: 1206/2289] 199.204.45.4 () {38 vars in 953 bytes} [Mon Jun 8 04:51:29 2026] POST /v2.0/ports => generated 993 bytes in 617 msecs (HTTP/1.1 201) 4 headers in 162 bytes (1 switches on core 0) /var/lib/openstack/lib/python3.12/site-packages/pycadf/identifier.py:70: UserWarning: Invalid uuid: neutron. To ensure interoperability, identifiers should be a valid uuid. warnings.warn(('Invalid uuid: %s. To ensure interoperability, ' [pid: 8|app: 0|req: 1207/2290] 10.0.0.62 () {34 vars in 989 bytes} [Mon Jun 8 04:51:30 2026] GET /v2.0/ports?device_id=4d9968a2-d454-4127-8104-3dcf1a9f1423 => generated 996 bytes in 39 msecs (HTTP/1.1 200) 4 headers in 157 bytes (1 switches on core 0)
2026-06-08 04:51:30.489 8 INFO neutron.db.segments_db [None req-56226045-f601-4534-a83c-fb85d9bdf295 838fca95de5845d694265a023e4ba6df 50d2b06bf3c24933bbde03831b67adfa - - default default] Added segment 4bab57a5-a7c5-4f78-bf3a-bebb481f9639 of type geneve for network 9dcb5a6b-dbd9-46c3-91c1-08b6035931bb
2026-06-08 04:51:30.623 8 INFO neutron.db.ovn_revision_numbers_db [None req-56226045-f601-4534-a83c-fb85d9bdf295 838fca95de5845d694265a023e4ba6df 50d2b06bf3c24933bbde03831b67adfa - - default default] Successfully bumped revision number for resource 9dcb5a6b-dbd9-46c3-91c1-08b6035931bb (type: networks) to 1
2026-06-08 04:51:30.769 7 INFO neutron.db.ovn_revision_numbers_db [None req-b0b0e436-7f4e-4837-b5fe-8684dfae1c8c - - - - - -] Successfully bumped revision number for resource 36d7b2af-9088-4cd8-b963-bbffd02d8cae (type: ports) to 2
2026-06-08 04:51:30.848 8 WARNING neutron.scheduler.dhcp_agent_scheduler [None req-56226045-f601-4534-a83c-fb85d9bdf295 838fca95de5845d694265a023e4ba6df 50d2b06bf3c24933bbde03831b67adfa - - default default] No more DHCP agents
2026-06-08 04:51:30.850 8 WARNING neutron.api.rpc.agentnotifiers.dhcp_rpc_agent_api [None req-56226045-f601-4534-a83c-fb85d9bdf295 838fca95de5845d694265a023e4ba6df 50d2b06bf3c24933bbde03831b67adfa - - default default] Unable to schedule network 9dcb5a6b-dbd9-46c3-91c1-08b6035931bb: no agents available; will retry on subsequent port and subnet creation events.
