2026-08-19 21:40:31.514 7 INFO placement.requestlog [req-8a218f22-eb91-432e-b59f-fe030be87287 req-1f71824b-4d0b-4bcc-9c1d-12f2a4688e85 ac0170fa1bc445a49fe918e3d14db76e 13bfd4c561f94b78afed15edeeae0538 - - 6c63ae997808455e97ea92cd841a75e6 6c63ae997808455e97ea92cd841a75e6] 199.19.213.10 "GET /resource_providers/400c37b9-d06c-47e4-a611-30c7e02cb378/allocations" status: 200 len: 54 microversion: 1.0 [pid: 7|app: 0|req: 290/580] 199.19.213.10 () {32 vars in 855 bytes} [Wed Aug 19 21:40:31 2026] GET /resource_providers/400c37b9-d06c-47e4-a611-30c7e02cb378/allocations => generated 54 bytes in 81 msecs (HTTP/1.1 200) 6 headers in 223 bytes (1 switches on core 0)
2026-08-19 21:40:31.542 8 INFO placement.requestlog [req-8a218f22-eb91-432e-b59f-fe030be87287 req-e1fae698-4034-4c6a-9025-ca919e1661d3 ac0170fa1bc445a49fe918e3d14db76e 13bfd4c561f94b78afed15edeeae0538 - - 6c63ae997808455e97ea92cd841a75e6 6c63ae997808455e97ea92cd841a75e6] 199.19.213.10 "GET /resource_providers?in_tree=400c37b9-d06c-47e4-a611-30c7e02cb378" status: 200 len: 797 microversion: 1.14 [pid: 8|app: 0|req: 291/581] 199.19.213.10 () {34 vars in 890 bytes} [Wed Aug 19 21:40:31 2026] GET /resource_providers?in_tree=400c37b9-d06c-47e4-a611-30c7e02cb378 => generated 797 bytes in 20 msecs (HTTP/1.1 200) 6 headers in 225 bytes (1 switches on core 0)
2026-08-19 21:40:31.563 7 INFO placement.requestlog [req-8a218f22-eb91-432e-b59f-fe030be87287 req-739d210c-b1c5-4045-a791-17a9daf38e49 ac0170fa1bc445a49fe918e3d14db76e 13bfd4c561f94b78afed15edeeae0538 - - 6c63ae997808455e97ea92cd841a75e6 6c63ae997808455e97ea92cd841a75e6] 199.19.213.10 "GET /resource_providers/400c37b9-d06c-47e4-a611-30c7e02cb378/inventories" status: 200 len: 400 microversion: 1.0 [pid: 7|app: 0|req: 291/582] 199.19.213.10 () {32 vars in 855 bytes} [Wed Aug 19 21:40:31 2026] GET /resource_providers/400c37b9-d06c-47e4-a611-30c7e02cb378/inventories => generated 400 bytes in 15 msecs (HTTP/1.1 200) 6 headers in 224 bytes (1 switches on core 0)
2026-08-19 21:40:31.579 8 INFO placement.requestlog [req-8a218f22-eb91-432e-b59f-fe030be87287 req-f9311eb4-9308-45f0-bab3-5effa7d0839d ac0170fa1bc445a49fe918e3d14db76e 13bfd4c561f94b78afed15edeeae0538 - - 6c63ae997808455e97ea92cd841a75e6 6c63ae997808455e97ea92cd841a75e6] 199.19.213.10 "GET /resource_providers/400c37b9-d06c-47e4-a611-30c7e02cb378/aggregates" status: 200 len: 53 microversion: 1.19 [pid: 8|app: 0|req: 292/583] 199.19.213.10 () {34 vars in 897 bytes} [Wed Aug 19 21:40:31 2026] GET /resource_providers/400c37b9-d06c-47e4-a611-30c7e02cb378/aggregates => generated 53 bytes in 10 msecs (HTTP/1.1 200) 8 headers in 295 bytes (1 switches on core 0)
2026-08-19 21:40:31.604 7 INFO placement.requestlog [req-8a218f22-eb91-432e-b59f-fe030be87287 req-28cb2216-94a9-4b26-8434-89aebc1830b5 ac0170fa1bc445a49fe918e3d14db76e 13bfd4c561f94b78afed15edeeae0538 - - 6c63ae997808455e97ea92cd841a75e6 6c63ae997808455e97ea92cd841a75e6] 199.19.213.10 "GET /resource_providers/400c37b9-d06c-47e4-a611-30c7e02cb378/traits" status: 200 len: 1977 microversion: 1.6 [pid: 7|app: 0|req: 292/584] 199.19.213.10 () {34 vars in 888 bytes} [Wed Aug 19 21:40:31 2026] GET /resource_providers/400c37b9-d06c-47e4-a611-30c7e02cb378/traits => generated 1977 bytes in 21 msecs (HTTP/1.1 200) 6 headers in 225 bytes (1 switches on core 0)
2026-08-19 21:40:31.633 8 INFO placement.requestlog [req-8a218f22-eb91-432e-b59f-fe030be87287 req-e2acec6e-bae2-4ec2-8734-f7f0501c4c6a ac0170fa1bc445a49fe918e3d14db76e 13bfd4c561f94b78afed15edeeae0538 - - 6c63ae997808455e97ea92cd841a75e6 6c63ae997808455e97ea92cd841a75e6] 199.19.213.10 "GET /resource_providers/400c37b9-d06c-47e4-a611-30c7e02cb378/allocations" status: 200 len: 54 microversion: 1.0 [pid: 8|app: 0|req: 293/585] 199.19.213.10 () {32 vars in 855 bytes} [Wed Aug 19 21:40:31 2026] GET /resource_providers/400c37b9-d06c-47e4-a611-30c7e02cb378/allocations => generated 54 bytes in 25 msecs (HTTP/1.1 200) 6 headers in 223 bytes (1 switches on core 0)
2026-08-19 21:40:33.975 7 INFO placement.requestlog [None req-f30119f9-a62b-46ef-af2a-4e2ba973fa0f - - - - - -] 10.0.0.225 "GET /" status: 200 len: 136 microversion: 1.0
2026-08-19 21:40:33.976 8 INFO placement.requestlog [None req-3b3db9c2-aed5-4fe4-8396-e9fde7bd1029 - - - - - -] 10.0.0.225 "GET /" status: 200 len: 136 microversion: 1.0
2026-08-19 21:40:43.975 7 INFO placement.requestlog [None req-e3859b9c-aa9a-405e-b1b0-9a49addb2837 - - - - - -] 10.0.0.225 "GET /" status: 200 len: 136 microversion: 1.0
2026-08-19 21:40:43.975 8 INFO placement.requestlog [None req-58a85632-91e7-4a64-8502-1604cd17ca83 - - - - - -] 10.0.0.225 "GET /" status: 200 len: 136 microversion: 1.0
2026-08-19 21:40:53.975 8 INFO placement.requestlog [None req-d3ca01de-b684-40c6-a5f4-e1251d8b086b - - - - - -] 10.0.0.225 "GET /" status: 200 len: 136 microversion: 1.0
2026-08-19 21:40:53.975 7 INFO placement.requestlog [None req-3805600a-2784-43e5-be3f-6073e7c19650 - - - - - -] 10.0.0.225 "GET /" status: 200 len: 136 microversion: 1.0
2026-08-19 21:41:03.975 8 INFO placement.requestlog [None req-e9105270-e35c-465b-9dac-3122caa8afba - - - - - -] 10.0.0.225 "GET /" status: 200 len: 136 microversion: 1.0
2026-08-19 21:41:03.976 7 INFO placement.requestlog [None req-919cd2ba-04d0-4464-982d-9320771c761a - - - - - -] 10.0.0.225 "GET /" status: 200 len: 136 microversion: 1.0
2026-08-19 21:41:13.975 8 INFO placement.requestlog [None req-8b0c6fdb-c076-459e-9c36-1f942c830675 - - - - - -] 10.0.0.225 "GET /" status: 200 len: 136 microversion: 1.0
2026-08-19 21:41:13.975 7 INFO placement.requestlog [None req-7a144818-499b-4de9-ab41-55bbcdc61d08 - - - - - -] 10.0.0.225 "GET /" status: 200 len: 136 microversion: 1.0
2026-08-19 21:41:23.976 8 INFO placement.requestlog [None req-8b9cb0df-08f0-43fa-8415-c3da2d0d2e35 - - - - - -] 10.0.0.225 "GET /" status: 200 len: 136 microversion: 1.0
2026-08-19 21:41:23.976 7 INFO placement.requestlog [None req-c7a85bb4-50f9-45a4-8ca3-a99af9c81d73 - - - - - -] 10.0.0.225 "GET /" status: 200 len: 136 microversion: 1.0
2026-08-19 21:41:32.452 8 INFO placement.requestlog [req-31de0e9a-1acd-45b7-82b4-56ffe06b44ec req-6be2e8ef-37a4-4a98-810a-1878c56f4adb ac0170fa1bc445a49fe918e3d14db76e 13bfd4c561f94b78afed15edeeae0538 - - 6c63ae997808455e97ea92cd841a75e6 6c63ae997808455e97ea92cd841a75e6] 10.0.0.183 "GET /allocation_candidates?limit=1000&resources=DISK_GB%3A1%2CMEMORY_MB%3A512%2CVCPU%3A1&root_required=%21COMPUTE_STATUS_DISABLED" status: 200 len: 2442 microversion: 1.36 [pid: 8|app: 0|req: 300/598] 10.0.0.183 () {34 vars in 1011 bytes} [Wed Aug 19 21:41:32 2026] GET /allocation_candidates?limit=1000&resources=DISK_GB%3A1%2CMEMORY_MB%3A512%2CVCPU%3A1&root_required=%21COMPUTE_STATUS_DISABLED => generated 2442 bytes in 165 msecs (HTTP/1.1 200) 8 headers in 297 bytes (1 switches on core 0)
2026-08-19 21:41:32.511 7 INFO placement.requestlog [req-31de0e9a-1acd-45b7-82b4-56ffe06b44ec req-f7fa4a7f-8fbf-40da-9526-014f08047b6a ac0170fa1bc445a49fe918e3d14db76e 13bfd4c561f94b78afed15edeeae0538 - - 6c63ae997808455e97ea92cd841a75e6 6c63ae997808455e97ea92cd841a75e6] 10.0.0.183 "GET /allocations/74561ed1-2f41-40ba-be67-af052e9a0867" status: 200 len: 19 microversion: 1.28 [pid: 7|app: 0|req: 299/599] 10.0.0.183 () {34 vars in 860 bytes} [Wed Aug 19 21:41:32 2026] GET /allocations/74561ed1-2f41-40ba-be67-af052e9a0867 => generated 19 bytes in 19 msecs (HTTP/1.1 200) 8 headers in 295 bytes (1 switches on core 0)
2026-08-19 21:41:32.520 8 INFO placement.requestlog [req-c44e3388-e4bf-430c-b2ed-cd4719bc3f52 req-42cf13d9-83af-4163-bfc9-bf5a2daa9c69 ac0170fa1bc445a49fe918e3d14db76e 13bfd4c561f94b78afed15edeeae0538 - - 6c63ae997808455e97ea92cd841a75e6 6c63ae997808455e97ea92cd841a75e6] 199.19.213.10 "GET /resource_providers/400c37b9-d06c-47e4-a611-30c7e02cb378/allocations" status: 200 len: 54 microversion: 1.0 [pid: 8|app: 0|req: 301/600] 199.19.213.10 () {32 vars in 855 bytes} [Wed Aug 19 21:41:32 2026] GET /resource_providers/400c37b9-d06c-47e4-a611-30c7e02cb378/allocations => generated 54 bytes in 22 msecs (HTTP/1.1 200) 6 headers in 223 bytes (1 switches on core 0)
2026-08-19 21:41:32.547 8 INFO placement.requestlog [req-c44e3388-e4bf-430c-b2ed-cd4719bc3f52 req-c26df58c-7623-4bd1-971e-34649352f1f5 ac0170fa1bc445a49fe918e3d14db76e 13bfd4c561f94b78afed15edeeae0538 - - 6c63ae997808455e97ea92cd841a75e6 6c63ae997808455e97ea92cd841a75e6] 199.19.213.10 "GET /resource_providers/400c37b9-d06c-47e4-a611-30c7e02cb378/allocations" status: 200 len: 54 microversion: 1.0 [pid: 8|app: 0|req: 302/601] 199.19.213.10 () {32 vars in 855 bytes} [Wed Aug 19 21:41:32 2026] GET /resource_providers/400c37b9-d06c-47e4-a611-30c7e02cb378/allocations => generated 54 bytes in 24 msecs (HTTP/1.1 200) 6 headers in 223 bytes (1 switches on core 0)
2026-08-19 21:41:32.590 7 INFO placement.requestlog [req-31de0e9a-1acd-45b7-82b4-56ffe06b44ec req-e3358299-a8ed-479f-bb10-ccfcaaad06cc ac0170fa1bc445a49fe918e3d14db76e 13bfd4c561f94b78afed15edeeae0538 - - 6c63ae997808455e97ea92cd841a75e6 6c63ae997808455e97ea92cd841a75e6] 10.0.0.183 "PUT /allocations/74561ed1-2f41-40ba-be67-af052e9a0867" status: 204 len: 0 microversion: 1.36 [pid: 7|app: 0|req: 300/602] 10.0.0.183 () {38 vars in 913 bytes} [Wed Aug 19 21:41:32 2026] PUT /allocations/74561ed1-2f41-40ba-be67-af052e9a0867 => generated 0 bytes in 74 msecs (HTTP/1.1 204) 5 headers in 199 bytes (1 switches on core 0)
2026-08-19 21:41:33.759 8 INFO placement.requestlog [req-9198a306-e4e2-4226-87c2-e09bf8c8b72d req-75ef6942-872b-4e50-976b-ecb0c687eb44 ac0170fa1bc445a49fe918e3d14db76e 13bfd4c561f94b78afed15edeeae0538 - - 6c63ae997808455e97ea92cd841a75e6 6c63ae997808455e97ea92cd841a75e6] 10.0.0.183 "GET /allocation_candidates?limit=1000&resources=DISK_GB%3A1%2CMEMORY_MB%3A512%2CVCPU%3A1&root_required=%21COMPUTE_STATUS_DISABLED" status: 200 len: 2444 microversion: 1.36 [pid: 8|app: 0|req: 303/603] 10.0.0.183 () {34 vars in 1011 bytes} [Wed Aug 19 21:41:33 2026] GET /allocation_candidates?limit=1000&resources=DISK_GB%3A1%2CMEMORY_MB%3A512%2CVCPU%3A1&root_required=%21COMPUTE_STATUS_DISABLED => generated 2444 bytes in 48 msecs (HTTP/1.1 200) 8 headers in 297 bytes (1 switches on core 0)
2026-08-19 21:41:33.803 7 INFO placement.requestlog [req-9198a306-e4e2-4226-87c2-e09bf8c8b72d req-7df82cd6-e6d4-4698-8a33-ea8bd7edddd3 ac0170fa1bc445a49fe918e3d14db76e 13bfd4c561f94b78afed15edeeae0538 - - 6c63ae997808455e97ea92cd841a75e6 6c63ae997808455e97ea92cd841a75e6] 10.0.0.183 "GET /allocations/2708efc0-6067-4154-9631-7ddb43401566" status: 200 len: 19 microversion: 1.28 [pid: 7|app: 0|req: 301/604] 10.0.0.183 () {34 vars in 860 bytes} [Wed Aug 19 21:41:33 2026] GET /allocations/2708efc0-6067-4154-9631-7ddb43401566 => generated 19 bytes in 20 msecs (HTTP/1.1 200) 8 headers in 295 bytes (1 switches on core 0)
2026-08-19 21:41:33.914 8 INFO placement.requestlog [req-9198a306-e4e2-4226-87c2-e09bf8c8b72d req-eee887f1-6c9a-4df8-bc13-780f9792d767 ac0170fa1bc445a49fe918e3d14db76e 13bfd4c561f94b78afed15edeeae0538 - - 6c63ae997808455e97ea92cd841a75e6 6c63ae997808455e97ea92cd841a75e6] 10.0.0.183 "PUT /allocations/2708efc0-6067-4154-9631-7ddb43401566" status: 204 len: 0 microversion: 1.36 [pid: 8|app: 0|req: 304/605] 10.0.0.183 () {38 vars in 913 bytes} [Wed Aug 19 21:41:33 2026] PUT /allocations/2708efc0-6067-4154-9631-7ddb43401566 => generated 0 bytes in 104 msecs (HTTP/1.1 204) 5 headers in 199 bytes (1 switches on core 0)
2026-08-19 21:41:33.975 7 INFO placement.requestlog [None req-d995dcd9-d3c4-4e17-a29a-ca7f5ddbfa5c - - - - - -] 10.0.0.225 "GET /" status: 200 len: 136 microversion: 1.0
2026-08-19 21:41:33.976 8 INFO placement.requestlog [None req-22171746-5ca0-48b2-917e-300384b3b2ef - - - - - -] 10.0.0.225 "GET /" status: 200 len: 136 microversion: 1.0
2026-08-19 21:41:34.095 7 INFO placement.requestlog [req-31de0e9a-1acd-45b7-82b4-56ffe06b44ec req-5ea6be5f-4ef0-427b-815b-522dd1a5dfdb ac0170fa1bc445a49fe918e3d14db76e 13bfd4c561f94b78afed15edeeae0538 - - 6c63ae997808455e97ea92cd841a75e6 6c63ae997808455e97ea92cd841a75e6] 199.19.213.10 "GET /allocations/74561ed1-2f41-40ba-be67-af052e9a0867" status: 200 len: 257 microversion: 1.28 [pid: 7|app: 0|req: 303/608] 199.19.213.10 () {34 vars in 861 bytes} [Wed Aug 19 21:41:34 2026] GET /allocations/74561ed1-2f41-40ba-be67-af052e9a0867 => generated 257 bytes in 10 msecs (HTTP/1.1 200) 8 headers in 296 bytes (1 switches on core 0)
2026-08-19 21:41:35.128 8 INFO placement.requestlog [req-31de0e9a-1acd-45b7-82b4-56ffe06b44ec req-db2905fa-5456-4314-99f3-2a165bc13e98 ac0170fa1bc445a49fe918e3d14db76e 13bfd4c561f94b78afed15edeeae0538 - - 6c63ae997808455e97ea92cd841a75e6 6c63ae997808455e97ea92cd841a75e6] 199.19.213.10 "GET /resource_providers/400c37b9-d06c-47e4-a611-30c7e02cb378/allocations" status: 200 len: 252 microversion: 1.0 [pid: 8|app: 0|req: 306/609] 199.19.213.10 () {32 vars in 855 bytes} [Wed Aug 19 21:41:35 2026] GET /resource_providers/400c37b9-d06c-47e4-a611-30c7e02cb378/allocations => generated 252 bytes in 13 msecs (HTTP/1.1 200) 6 headers in 224 bytes (1 switches on core 0)
2026-08-19 21:41:35.146 7 INFO placement.requestlog [req-31de0e9a-1acd-45b7-82b4-56ffe06b44ec req-9fbc4ad7-f10f-4fa2-afd9-a3a91d86b67c ac0170fa1bc445a49fe918e3d14db76e 13bfd4c561f94b78afed15edeeae0538 - - 6c63ae997808455e97ea92cd841a75e6 6c63ae997808455e97ea92cd841a75e6] 199.19.213.10 "GET /allocations/74561ed1-2f41-40ba-be67-af052e9a0867" status: 200 len: 257 microversion: 1.28 [pid: 7|app: 0|req: 304/610] 199.19.213.10 () {34 vars in 861 bytes} [Wed Aug 19 21:41:35 2026] GET /allocations/74561ed1-2f41-40ba-be67-af052e9a0867 => generated 257 bytes in 12 msecs (HTTP/1.1 200) 8 headers in 296 bytes (1 switches on core 0)
2026-08-19 21:41:35.163 8 INFO placement.requestlog [req-31de0e9a-1acd-45b7-82b4-56ffe06b44ec req-cae6234a-c495-476e-90e3-5ad1fc6312d0 ac0170fa1bc445a49fe918e3d14db76e 13bfd4c561f94b78afed15edeeae0538 - - 6c63ae997808455e97ea92cd841a75e6 6c63ae997808455e97ea92cd841a75e6] 199.19.213.10 "GET /allocations/2708efc0-6067-4154-9631-7ddb43401566" status: 200 len: 257 microversion: 1.28 [pid: 8|app: 0|req: 307/611] 199.19.213.10 () {34 vars in 861 bytes} [Wed Aug 19 21:41:35 2026] GET /allocations/2708efc0-6067-4154-9631-7ddb43401566 => generated 257 bytes in 11 msecs (HTTP/1.1 200) 8 headers in 296 bytes (1 switches on core 0)
2026-08-19 21:41:35.329 7 INFO placement.requestlog [req-9198a306-e4e2-4226-87c2-e09bf8c8b72d req-fdd24b53-6c42-4083-b2a1-46ec18ac48b7 ac0170fa1bc445a49fe918e3d14db76e 13bfd4c561f94b78afed15edeeae0538 - - 6c63ae997808455e97ea92cd841a75e6 6c63ae997808455e97ea92cd841a75e6] 199.19.213.10 "GET /allocations/2708efc0-6067-4154-9631-7ddb43401566" status: 200 len: 257 microversion: 1.28 [pid: 7|app: 0|req: 305/612] 199.19.213.10 () {34 vars in 861 bytes} [Wed Aug 19 21:41:35 2026] GET /allocations/2708efc0-6067-4154-9631-7ddb43401566 => generated 257 bytes in 9 msecs (HTTP/1.1 200) 8 headers in 296 bytes (1 switches on core 0)
2026-08-19 21:41:35.938 8 INFO placement.requestlog [None req-0122e3ea-e7b4-4a75-ab0e-f7d3b5875669 57f71e8dc5f44be5a98551abbe9c0462 13bfd4c561f94b78afed15edeeae0538 - - 6c63ae997808455e97ea92cd841a75e6 6c63ae997808455e97ea92cd841a75e6] 10.0.0.99 "GET /resource_providers/0b7a7e17-1b85-4451-96d5-94ce05135c1c/aggregates" status: 404 len: 235 microversion: 1.1 [pid: 8|app: 0|req: 308/613] 10.0.0.99 () {32 vars in 814 bytes} [Wed Aug 19 21:41:35 2026] GET /resource_providers/0b7a7e17-1b85-4451-96d5-94ce05135c1c/aggregates => generated 235 bytes in 107 msecs (HTTP/1.1 404) 5 headers in 202 bytes (1 switches on core 0)
2026-08-19 21:41:35.974 8 INFO placement.requestlog [None req-7a4ff45d-c0bb-46d8-8183-516885ee1066 57f71e8dc5f44be5a98551abbe9c0462 13bfd4c561f94b78afed15edeeae0538 - - 6c63ae997808455e97ea92cd841a75e6 6c63ae997808455e97ea92cd841a75e6] 10.0.0.99 "DELETE /resource_providers/0b7a7e17-1b85-4451-96d5-94ce05135c1c" status: 404 len: 246 microversion: 1.1 [pid: 8|app: 0|req: 309/614] 10.0.0.99 () {34 vars in 814 bytes} [Wed Aug 19 21:41:35 2026] DELETE /resource_providers/0b7a7e17-1b85-4451-96d5-94ce05135c1c => generated 246 bytes in 9 msecs (HTTP/1.1 404) 6 headers in 231 bytes (1 switches on core 0)
2026-08-19 21:41:35.984 7 INFO placement.requestlog [None req-a51ee456-5fa6-499c-9da2-502a68a12301 57f71e8dc5f44be5a98551abbe9c0462 13bfd4c561f94b78afed15edeeae0538 - - 6c63ae997808455e97ea92cd841a75e6 6c63ae997808455e97ea92cd841a75e6] 10.0.0.99 "GET /resource_providers/0b7a7e17-1b85-4451-96d5-94ce05135c1c/aggregates" status: 404 len: 235 microversion: 1.1 [pid: 7|app: 0|req: 306/615] 10.0.0.99 () {32 vars in 814 bytes} [Wed Aug 19 21:41:35 2026] GET /resource_providers/0b7a7e17-1b85-4451-96d5-94ce05135c1c/aggregates => generated 235 bytes in 116 msecs (HTTP/1.1 404) 5 headers in 202 bytes (1 switches on core 0)
2026-08-19 21:41:36.003 8 INFO placement.requestlog [None req-a019178f-2685-41fb-9272-de0188afafa4 57f71e8dc5f44be5a98551abbe9c0462 13bfd4c561f94b78afed15edeeae0538 - - 6c63ae997808455e97ea92cd841a75e6 6c63ae997808455e97ea92cd841a75e6] 10.0.0.99 "DELETE /resource_providers/0b7a7e17-1b85-4451-96d5-94ce05135c1c" status: 404 len: 246 microversion: 1.1 [pid: 8|app: 0|req: 310/616] 10.0.0.99 () {34 vars in 814 bytes} [Wed Aug 19 21:41:35 2026] DELETE /resource_providers/0b7a7e17-1b85-4451-96d5-94ce05135c1c => generated 246 bytes in 9 msecs (HTTP/1.1 404) 6 headers in 231 bytes (1 switches on core 0)
2026-08-19 21:41:37.256 7 INFO placement.requestlog [req-9198a306-e4e2-4226-87c2-e09bf8c8b72d req-a43cbb2c-1814-426d-8fb2-b688a3b8d962 ac0170fa1bc445a49fe918e3d14db76e 13bfd4c561f94b78afed15edeeae0538 - - 6c63ae997808455e97ea92cd841a75e6 6c63ae997808455e97ea92cd841a75e6] 199.19.213.10 "GET /resource_providers/400c37b9-d06c-47e4-a611-30c7e02cb378/allocations" status: 200 len: 252 microversion: 1.0 [pid: 7|app: 0|req: 307/617] 199.19.213.10 () {32 vars in 855 bytes} [Wed Aug 19 21:41:37 2026] GET /resource_providers/400c37b9-d06c-47e4-a611-30c7e02cb378/allocations => generated 252 bytes in 16 msecs (HTTP/1.1 200) 6 headers in 224 bytes (1 switches on core 0)
2026-08-19 21:41:37.282 8 INFO placement.requestlog [req-9198a306-e4e2-4226-87c2-e09bf8c8b72d req-38cd21f7-871d-4197-880d-f3810a6390d6 ac0170fa1bc445a49fe918e3d14db76e 13bfd4c561f94b78afed15edeeae0538 - - 6c63ae997808455e97ea92cd841a75e6 6c63ae997808455e97ea92cd841a75e6] 199.19.213.10 "GET /allocations/74561ed1-2f41-40ba-be67-af052e9a0867" status: 200 len: 257 microversion: 1.28 [pid: 8|app: 0|req: 311/618] 199.19.213.10 () {34 vars in 861 bytes} [Wed Aug 19 21:41:37 2026] GET /allocations/74561ed1-2f41-40ba-be67-af052e9a0867 => generated 257 bytes in 19 msecs (HTTP/1.1 200) 8 headers in 296 bytes (1 switches on core 0)
2026-08-19 21:41:37.310 7 INFO placement.requestlog [req-9198a306-e4e2-4226-87c2-e09bf8c8b72d req-7f9c49d7-2e27-4ea2-9f40-6af64d6954d3 ac0170fa1bc445a49fe918e3d14db76e 13bfd4c561f94b78afed15edeeae0538 - - 6c63ae997808455e97ea92cd841a75e6 6c63ae997808455e97ea92cd841a75e6] 199.19.213.10 "GET /allocations/2708efc0-6067-4154-9631-7ddb43401566" status: 200 len: 257 microversion: 1.28 [pid: 7|app: 0|req: 308/619] 199.19.213.10 () {34 vars in 861 bytes} [Wed Aug 19 21:41:37 2026] GET /allocations/2708efc0-6067-4154-9631-7ddb43401566 => generated 257 bytes in 12 msecs (HTTP/1.1 200) 8 headers in 296 bytes (1 switches on core 0)
2026-08-19 21:41:37.994 8 INFO placement.requestlog [None req-63d0f4ec-7d56-49b3-9fdd-36bff0988e0c 57f71e8dc5f44be5a98551abbe9c0462 13bfd4c561f94b78afed15edeeae0538 - - 6c63ae997808455e97ea92cd841a75e6 6c63ae997808455e97ea92cd841a75e6] 10.0.0.99 "GET /resource_providers/1212a4e5-ec73-413a-9d13-69855c29084a/aggregates" status: 404 len: 235 microversion: 1.1 [pid: 8|app: 0|req: 312/620] 10.0.0.99 () {32 vars in 814 bytes} [Wed Aug 19 21:41:37 2026] GET /resource_providers/1212a4e5-ec73-413a-9d13-69855c29084a/aggregates => generated 235 bytes in 8 msecs (HTTP/1.1 404) 5 headers in 202 bytes (1 switches on core 0)
2026-08-19 21:41:38.013 7 INFO placement.requestlog [None req-c225f76a-4b51-4f09-8b2e-400e51742bc5 57f71e8dc5f44be5a98551abbe9c0462 13bfd4c561f94b78afed15edeeae0538 - - 6c63ae997808455e97ea92cd841a75e6 6c63ae997808455e97ea92cd841a75e6] 10.0.0.99 "DELETE /resource_providers/1212a4e5-ec73-413a-9d13-69855c29084a" status: 404 len: 246 microversion: 1.1 [pid: 7|app: 0|req: 309/621] 10.0.0.99 () {34 vars in 814 bytes} [Wed Aug 19 21:41:38 2026] DELETE /resource_providers/1212a4e5-ec73-413a-9d13-69855c29084a => generated 246 bytes in 11 msecs (HTTP/1.1 404) 6 headers in 231 bytes (1 switches on core 0)
2026-08-19 21:41:38.026 8 INFO placement.requestlog [None req-1a0c526d-e750-44d5-a12c-2ed19f760d9c 57f71e8dc5f44be5a98551abbe9c0462 13bfd4c561f94b78afed15edeeae0538 - - 6c63ae997808455e97ea92cd841a75e6 6c63ae997808455e97ea92cd841a75e6] 10.0.0.99 "GET /resource_providers/1212a4e5-ec73-413a-9d13-69855c29084a/aggregates" status: 404 len: 235 microversion: 1.1 [pid: 8|app: 0|req: 313/622] 10.0.0.99 () {32 vars in 814 bytes} [Wed Aug 19 21:41:38 2026] GET /resource_providers/1212a4e5-ec73-413a-9d13-69855c29084a/aggregates => generated 235 bytes in 8 msecs (HTTP/1.1 404) 5 headers in 202 bytes (1 switches on core 0)
2026-08-19 21:41:38.044 7 INFO placement.requestlog [None req-7d9c1429-4100-4122-97fb-a403d01cf39c 57f71e8dc5f44be5a98551abbe9c0462 13bfd4c561f94b78afed15edeeae0538 - - 6c63ae997808455e97ea92cd841a75e6 6c63ae997808455e97ea92cd841a75e6] 10.0.0.99 "DELETE /resource_providers/1212a4e5-ec73-413a-9d13-69855c29084a" status: 404 len: 246 microversion: 1.1 [pid: 7|app: 0|req: 310/623] 10.0.0.99 () {34 vars in 814 bytes} [Wed Aug 19 21:41:38 2026] DELETE /resource_providers/1212a4e5-ec73-413a-9d13-69855c29084a => generated 246 bytes in 13 msecs (HTTP/1.1 404) 6 headers in 231 bytes (1 switches on core 0)
2026-08-19 21:41:43.976 8 INFO placement.requestlog [None req-152dcda5-4ba0-4516-9a16-86f0ff6b19ef - - - - - -] 10.0.0.225 "GET /" status: 200 len: 136 microversion: 1.0
2026-08-19 21:41:43.977 7 INFO placement.requestlog [None req-8dc61e79-a76e-4a64-8bd0-017e9643d51a - - - - - -] 10.0.0.225 "GET /" status: 200 len: 136 microversion: 1.0
2026-08-19 21:41:53.542 8 INFO placement.requestlog [req-df72a5e8-24bd-424c-8635-51f4a7978df5 req-63fd5d9c-0e8e-4537-b57d-59b69b7e4f28 ac0170fa1bc445a49fe918e3d14db76e 13bfd4c561f94b78afed15edeeae0538 - - 6c63ae997808455e97ea92cd841a75e6 6c63ae997808455e97ea92cd841a75e6] 10.0.0.183 "GET /allocation_candidates?limit=1000&resources=MEMORY_MB%3A512%2CVCPU%3A1&root_required=%21COMPUTE_STATUS_DISABLED" status: 200 len: 2431 microversion: 1.36 [pid: 8|app: 0|req: 315/626] 10.0.0.183 () {34 vars in 983 bytes} [Wed Aug 19 21:41:53 2026] GET /allocation_candidates?limit=1000&resources=MEMORY_MB%3A512%2CVCPU%3A1&root_required=%21COMPUTE_STATUS_DISABLED => generated 2431 bytes in 55 msecs (HTTP/1.1 200) 8 headers in 297 bytes (1 switches on core 0)
2026-08-19 21:41:53.573 7 INFO placement.requestlog [req-df72a5e8-24bd-424c-8635-51f4a7978df5 req-7a14a1f5-b3e7-4080-8376-00e9bf6d3b61 ac0170fa1bc445a49fe918e3d14db76e 13bfd4c561f94b78afed15edeeae0538 - - 6c63ae997808455e97ea92cd841a75e6 6c63ae997808455e97ea92cd841a75e6] 10.0.0.183 "GET /allocations/7f627f65-bdff-4a0e-8b54-98ec4eb92499" status: 200 len: 19 microversion: 1.28 [pid: 7|app: 0|req: 312/627] 10.0.0.183 () {34 vars in 860 bytes} [Wed Aug 19 21:41:53 2026] GET /allocations/7f627f65-bdff-4a0e-8b54-98ec4eb92499 => generated 19 bytes in 11 msecs (HTTP/1.1 200) 8 headers in 295 bytes (1 switches on core 0)
2026-08-19 21:41:53.650 8 INFO placement.requestlog [req-df72a5e8-24bd-424c-8635-51f4a7978df5 req-51b8d05d-b35c-421a-8d0d-c8bea99a30db ac0170fa1bc445a49fe918e3d14db76e 13bfd4c561f94b78afed15edeeae0538 - - 6c63ae997808455e97ea92cd841a75e6 6c63ae997808455e97ea92cd841a75e6] 10.0.0.183 "PUT /allocations/7f627f65-bdff-4a0e-8b54-98ec4eb92499" status: 204 len: 0 microversion: 1.36 [pid: 8|app: 0|req: 316/628] 10.0.0.183 () {38 vars in 913 bytes} [Wed Aug 19 21:41:53 2026] PUT /allocations/7f627f65-bdff-4a0e-8b54-98ec4eb92499 => generated 0 bytes in 73 msecs (HTTP/1.1 204) 5 headers in 199 bytes (1 switches on core 0)
2026-08-19 21:41:53.976 7 INFO placement.requestlog [None req-fad8f1ee-6e55-406f-83c2-d605f991d5d8 - - - - - -] 10.0.0.225 "GET /" status: 200 len: 136 microversion: 1.0
2026-08-19 21:41:53.977 8 INFO placement.requestlog [None req-060f99ca-50b1-4533-97bf-a9a6f7aa2959 - - - - - -] 10.0.0.225 "GET /" status: 200 len: 136 microversion: 1.0
2026-08-19 21:41:55.235 7 INFO placement.requestlog [req-b1f31bc4-e754-42ac-9990-5e5a914c0fb3 req-d1b60948-23fe-4fec-91cf-e727fefdda2e ac0170fa1bc445a49fe918e3d14db76e 13bfd4c561f94b78afed15edeeae0538 - - 6c63ae997808455e97ea92cd841a75e6 6c63ae997808455e97ea92cd841a75e6] 199.19.213.10 "GET /resource_providers/400c37b9-d06c-47e4-a611-30c7e02cb378/allocations" status: 200 len: 338 microversion: 1.0 [pid: 7|app: 0|req: 314/631] 199.19.213.10 () {32 vars in 855 bytes} [Wed Aug 19 21:41:55 2026] GET /resource_providers/400c37b9-d06c-47e4-a611-30c7e02cb378/allocations => generated 338 bytes in 17 msecs (HTTP/1.1 200) 6 headers in 224 bytes (1 switches on core 0)
2026-08-19 21:41:55.258 7 INFO placement.requestlog [req-df72a5e8-24bd-424c-8635-51f4a7978df5 req-4d81f35c-e802-416a-acff-74e2d5e7b1be ac0170fa1bc445a49fe918e3d14db76e 13bfd4c561f94b78afed15edeeae0538 - - 6c63ae997808455e97ea92cd841a75e6 6c63ae997808455e97ea92cd841a75e6] 199.19.213.10 "GET /allocations/7f627f65-bdff-4a0e-8b54-98ec4eb92499" status: 200 len: 243 microversion: 1.28 [pid: 7|app: 0|req: 315/632] 199.19.213.10 () {34 vars in 861 bytes} [Wed Aug 19 21:41:55 2026] GET /allocations/7f627f65-bdff-4a0e-8b54-98ec4eb92499 => generated 243 bytes in 11 msecs (HTTP/1.1 200) 8 headers in 296 bytes (1 switches on core 0)
2026-08-19 21:41:55.263 8 INFO placement.requestlog [req-b1f31bc4-e754-42ac-9990-5e5a914c0fb3 req-5b46652b-5cc4-4a1c-b4da-9e7c6a191ff7 ac0170fa1bc445a49fe918e3d14db76e 13bfd4c561f94b78afed15edeeae0538 - - 6c63ae997808455e97ea92cd841a75e6 6c63ae997808455e97ea92cd841a75e6] 199.19.213.10 "GET /allocations/7f627f65-bdff-4a0e-8b54-98ec4eb92499" status: 200 len: 243 microversion: 1.28 [pid: 8|app: 0|req: 318/633] 199.19.213.10 () {34 vars in 861 bytes} [Wed Aug 19 21:41:55 2026] GET /allocations/7f627f65-bdff-4a0e-8b54-98ec4eb92499 => generated 243 bytes in 16 msecs (HTTP/1.1 200) 8 headers in 296 bytes (1 switches on core 0)
2026-08-19 21:41:55.279 7 INFO placement.requestlog [req-b1f31bc4-e754-42ac-9990-5e5a914c0fb3 req-6509a526-f7b2-44fb-9c69-556f912cd234 ac0170fa1bc445a49fe918e3d14db76e 13bfd4c561f94b78afed15edeeae0538 - - 6c63ae997808455e97ea92cd841a75e6 6c63ae997808455e97ea92cd841a75e6] 199.19.213.10 "GET /allocations/74561ed1-2f41-40ba-be67-af052e9a0867" status: 200 len: 257 microversion: 1.28 [pid: 7|app: 0|req: 316/634] 199.19.213.10 () {34 vars in 861 bytes} [Wed Aug 19 21:41:55 2026] GET /allocations/74561ed1-2f41-40ba-be67-af052e9a0867 => generated 257 bytes in 11 msecs (HTTP/1.1 200) 8 headers in 296 bytes (1 switches on core 0)
2026-08-19 21:41:55.300 8 INFO placement.requestlog [req-b1f31bc4-e754-42ac-9990-5e5a914c0fb3 req-424ad8e8-1ec4-4176-aded-09f72072adac ac0170fa1bc445a49fe918e3d14db76e 13bfd4c561f94b78afed15edeeae0538 - - 6c63ae997808455e97ea92cd841a75e6 6c63ae997808455e97ea92cd841a75e6] 199.19.213.10 "GET /allocations/2708efc0-6067-4154-9631-7ddb43401566" status: 200 len: 257 microversion: 1.28 [pid: 8|app: 0|req: 319/635] 199.19.213.10 () {34 vars in 861 bytes} [Wed Aug 19 21:41:55 2026] GET /allocations/2708efc0-6067-4154-9631-7ddb43401566 => generated 257 bytes in 14 msecs (HTTP/1.1 200) 8 headers in 296 bytes (1 switches on core 0)
2026-08-19 21:41:56.349 7 INFO placement.requestlog [req-b1f31bc4-e754-42ac-9990-5e5a914c0fb3 req-60e41e60-87dd-4afd-9f6e-b05b50cd0fe8 ac0170fa1bc445a49fe918e3d14db76e 13bfd4c561f94b78afed15edeeae0538 - - 6c63ae997808455e97ea92cd841a75e6 6c63ae997808455e97ea92cd841a75e6] 199.19.213.10 "DELETE /allocations/2708efc0-6067-4154-9631-7ddb43401566" status: 204 len: 0 microversion: 1.0 [pid: 7|app: 0|req: 317/636] 199.19.213.10 () {34 vars in 839 bytes} [Wed Aug 19 21:41:56 2026] DELETE /allocations/2708efc0-6067-4154-9631-7ddb43401566 => generated 0 bytes in 23 msecs (HTTP/1.1 204) 5 headers in 198 bytes (1 switches on core 0)
2026-08-19 21:41:57.365 8 INFO placement.requestlog [req-df72a5e8-24bd-424c-8635-51f4a7978df5 req-14c6ace6-88ef-4665-8731-898ee799b98d ac0170fa1bc445a49fe918e3d14db76e 13bfd4c561f94b78afed15edeeae0538 - - 6c63ae997808455e97ea92cd841a75e6 6c63ae997808455e97ea92cd841a75e6] 199.19.213.10 "GET /resource_providers/400c37b9-d06c-47e4-a611-30c7e02cb378/allocations" status: 200 len: 238 microversion: 1.0 [pid: 8|app: 0|req: 320/637] 199.19.213.10 () {32 vars in 855 bytes} [Wed Aug 19 21:41:57 2026] GET /resource_providers/400c37b9-d06c-47e4-a611-30c7e02cb378/allocations => generated 238 bytes in 20 msecs (HTTP/1.1 200) 6 headers in 224 bytes (1 switches on core 0)
2026-08-19 21:41:57.381 7 INFO placement.requestlog [req-df72a5e8-24bd-424c-8635-51f4a7978df5 req-6635621d-9e84-491b-8f67-97a0f033e5af ac0170fa1bc445a49fe918e3d14db76e 13bfd4c561f94b78afed15edeeae0538 - - 6c63ae997808455e97ea92cd841a75e6 6c63ae997808455e97ea92cd841a75e6] 199.19.213.10 "GET /allocations/7f627f65-bdff-4a0e-8b54-98ec4eb92499" status: 200 len: 243 microversion: 1.28 [pid: 7|app: 0|req: 318/638] 199.19.213.10 () {34 vars in 861 bytes} [Wed Aug 19 21:41:57 2026] GET /allocations/7f627f65-bdff-4a0e-8b54-98ec4eb92499 => generated 243 bytes in 10 msecs (HTTP/1.1 200) 8 headers in 296 bytes (1 switches on core 0)
2026-08-19 21:41:57.405 8 INFO placement.requestlog [req-df72a5e8-24bd-424c-8635-51f4a7978df5 req-5442da6d-1245-489a-887a-6109936536c4 ac0170fa1bc445a49fe918e3d14db76e 13bfd4c561f94b78afed15edeeae0538 - - 6c63ae997808455e97ea92cd841a75e6 6c63ae997808455e97ea92cd841a75e6] 199.19.213.10 "GET /allocations/74561ed1-2f41-40ba-be67-af052e9a0867" status: 200 len: 257 microversion: 1.28 [pid: 8|app: 0|req: 321/639] 199.19.213.10 () {34 vars in 861 bytes} [Wed Aug 19 21:41:57 2026] GET /allocations/74561ed1-2f41-40ba-be67-af052e9a0867 => generated 257 bytes in 17 msecs (HTTP/1.1 200) 8 headers in 296 bytes (1 switches on core 0)
2026-08-19 21:42:00.982 7 INFO placement.requestlog [None req-34f85b48-1e0a-4262-ad9d-4d208164c0d3 57f71e8dc5f44be5a98551abbe9c0462 13bfd4c561f94b78afed15edeeae0538 - - 6c63ae997808455e97ea92cd841a75e6 6c63ae997808455e97ea92cd841a75e6] 10.0.0.99 "GET /resource_providers/4c09ca20-5562-4862-8c03-f4fcd73e0928/aggregates" status: 404 len: 235 microversion: 1.1 [pid: 7|app: 0|req: 319/640] 10.0.0.99 () {32 vars in 814 bytes} [Wed Aug 19 21:42:00 2026] GET /resource_providers/4c09ca20-5562-4862-8c03-f4fcd73e0928/aggregates => generated 235 bytes in 12 msecs (HTTP/1.1 404) 5 headers in 202 bytes (1 switches on core 0)
2026-08-19 21:42:00.985 8 INFO placement.requestlog [None req-03fff111-bebc-4f0b-ab66-9ec089c6ca5d 57f71e8dc5f44be5a98551abbe9c0462 13bfd4c561f94b78afed15edeeae0538 - - 6c63ae997808455e97ea92cd841a75e6 6c63ae997808455e97ea92cd841a75e6] 10.0.0.99 "GET /resource_providers/4c09ca20-5562-4862-8c03-f4fcd73e0928/aggregates" status: 404 len: 235 microversion: 1.1 [pid: 8|app: 0|req: 322/641] 10.0.0.99 () {32 vars in 814 bytes} [Wed Aug 19 21:42:00 2026] GET /resource_providers/4c09ca20-5562-4862-8c03-f4fcd73e0928/aggregates => generated 235 bytes in 12 msecs (HTTP/1.1 404) 5 headers in 202 bytes (1 switches on core 0)
2026-08-19 21:42:01.016 7 INFO placement.requestlog [None req-2b873c7f-4f55-431b-898d-8c6c3e7f745c 57f71e8dc5f44be5a98551abbe9c0462 13bfd4c561f94b78afed15edeeae0538 - - 6c63ae997808455e97ea92cd841a75e6 6c63ae997808455e97ea92cd841a75e6] 10.0.0.99 "DELETE /resource_providers/4c09ca20-5562-4862-8c03-f4fcd73e0928" status: 404 len: 246 microversion: 1.1 [pid: 7|app: 0|req: 320/642] 10.0.0.99 () {34 vars in 814 bytes} [Wed Aug 19 21:42:01 2026] DELETE /resource_providers/4c09ca20-5562-4862-8c03-f4fcd73e0928 => generated 246 bytes in 15 msecs (HTTP/1.1 404) 6 headers in 231 bytes (1 switches on core 0)
2026-08-19 21:42:01.022 8 INFO placement.requestlog [None req-4fcb6aac-f2ef-4ee7-8ffd-4df01a6d16e7 57f71e8dc5f44be5a98551abbe9c0462 13bfd4c561f94b78afed15edeeae0538 - - 6c63ae997808455e97ea92cd841a75e6 6c63ae997808455e97ea92cd841a75e6] 10.0.0.99 "DELETE /resource_providers/4c09ca20-5562-4862-8c03-f4fcd73e0928" status: 404 len: 246 microversion: 1.1 [pid: 8|app: 0|req: 323/643] 10.0.0.99 () {34 vars in 814 bytes} [Wed Aug 19 21:42:01 2026] DELETE /resource_providers/4c09ca20-5562-4862-8c03-f4fcd73e0928 => generated 246 bytes in 15 msecs (HTTP/1.1 404) 6 headers in 231 bytes (1 switches on core 0)
2026-08-19 21:42:03.976 7 INFO placement.requestlog [None req-3dedff35-0686-45e1-b3c2-0cc46a1aaa27 - - - - - -] 10.0.0.225 "GET /" status: 200 len: 136 microversion: 1.0
2026-08-19 21:42:03.976 8 INFO placement.requestlog [None req-86bbfb23-25a2-4d63-b65b-7185a0ce522e - - - - - -] 10.0.0.225 "GET /" status: 200 len: 136 microversion: 1.0
2026-08-19 21:42:12.198 7 INFO placement.requestlog [req-a0d0212e-133d-456b-b2c2-1f6457573a6b req-09cfde3b-3acc-4a72-bf29-65bb658640bb ac0170fa1bc445a49fe918e3d14db76e 13bfd4c561f94b78afed15edeeae0538 - - 6c63ae997808455e97ea92cd841a75e6 6c63ae997808455e97ea92cd841a75e6] 10.0.0.183 "GET /allocation_candidates?limit=1000&resources=DISK_GB%3A1%2CMEMORY_MB%3A512%2CVCPU%3A1&root_required=%21COMPUTE_STATUS_DISABLED" status: 200 len: 2445 microversion: 1.36 [pid: 7|app: 0|req: 322/646] 10.0.0.183 () {34 vars in 1011 bytes} [Wed Aug 19 21:42:12 2026] GET /allocation_candidates?limit=1000&resources=DISK_GB%3A1%2CMEMORY_MB%3A512%2CVCPU%3A1&root_required=%21COMPUTE_STATUS_DISABLED => generated 2445 bytes in 59 msecs (HTTP/1.1 200) 8 headers in 297 bytes (1 switches on core 0)
2026-08-19 21:42:12.230 8 INFO placement.requestlog [req-a0d0212e-133d-456b-b2c2-1f6457573a6b req-cb1f2f7c-9a89-4b79-b172-8e0505b32210 ac0170fa1bc445a49fe918e3d14db76e 13bfd4c561f94b78afed15edeeae0538 - - 6c63ae997808455e97ea92cd841a75e6 6c63ae997808455e97ea92cd841a75e6] 10.0.0.183 "GET /allocations/67ca8c85-1416-45d4-bcde-a20edd9d8c3a" status: 200 len: 19 microversion: 1.28 [pid: 8|app: 0|req: 325/647] 10.0.0.183 () {34 vars in 860 bytes} [Wed Aug 19 21:42:12 2026] GET /allocations/67ca8c85-1416-45d4-bcde-a20edd9d8c3a => generated 19 bytes in 9 msecs (HTTP/1.1 200) 8 headers in 295 bytes (1 switches on core 0)
2026-08-19 21:42:12.305 7 INFO placement.requestlog [req-a0d0212e-133d-456b-b2c2-1f6457573a6b req-a5df2971-8915-4d95-8a8d-ab3ca7a84353 ac0170fa1bc445a49fe918e3d14db76e 13bfd4c561f94b78afed15edeeae0538 - - 6c63ae997808455e97ea92cd841a75e6 6c63ae997808455e97ea92cd841a75e6] 10.0.0.183 "PUT /allocations/67ca8c85-1416-45d4-bcde-a20edd9d8c3a" status: 204 len: 0 microversion: 1.36 [pid: 7|app: 0|req: 323/648] 10.0.0.183 () {38 vars in 913 bytes} [Wed Aug 19 21:42:12 2026] PUT /allocations/67ca8c85-1416-45d4-bcde-a20edd9d8c3a => generated 0 bytes in 67 msecs (HTTP/1.1 204) 5 headers in 199 bytes (1 switches on core 0)
2026-08-19 21:42:13.834 8 INFO placement.requestlog [req-a0d0212e-133d-456b-b2c2-1f6457573a6b req-83ed2937-b512-4db0-a167-fdb70f146b66 ac0170fa1bc445a49fe918e3d14db76e 13bfd4c561f94b78afed15edeeae0538 - - 6c63ae997808455e97ea92cd841a75e6 6c63ae997808455e97ea92cd841a75e6] 199.19.213.10 "GET /allocations/67ca8c85-1416-45d4-bcde-a20edd9d8c3a" status: 200 len: 257 microversion: 1.28 [pid: 8|app: 0|req: 326/649] 199.19.213.10 () {34 vars in 861 bytes} [Wed Aug 19 21:42:13 2026] GET /allocations/67ca8c85-1416-45d4-bcde-a20edd9d8c3a => generated 257 bytes in 21 msecs (HTTP/1.1 200) 8 headers in 296 bytes (1 switches on core 0)
2026-08-19 21:42:13.975 7 INFO placement.requestlog [None req-c90b9697-805d-43a1-b74e-fa7fd76c30e6 - - - - - -] 10.0.0.225 "GET /" status: 200 len: 136 microversion: 1.0
2026-08-19 21:42:13.975 8 INFO placement.requestlog [None req-8afc1264-8e54-4f0d-b992-2d1b1b3aab08 - - - - - -] 10.0.0.225 "GET /" status: 200 len: 136 microversion: 1.0
2026-08-19 21:42:14.881 7 INFO placement.requestlog [req-a0d0212e-133d-456b-b2c2-1f6457573a6b req-25ef9a23-0cbc-4373-b149-6483f1ec4907 ac0170fa1bc445a49fe918e3d14db76e 13bfd4c561f94b78afed15edeeae0538 - - 6c63ae997808455e97ea92cd841a75e6 6c63ae997808455e97ea92cd841a75e6] 199.19.213.10 "GET /resource_providers/400c37b9-d06c-47e4-a611-30c7e02cb378/allocations" status: 200 len: 338 microversion: 1.0 [pid: 7|app: 0|req: 325/652] 199.19.213.10 () {32 vars in 855 bytes} [Wed Aug 19 21:42:14 2026] GET /resource_providers/400c37b9-d06c-47e4-a611-30c7e02cb378/allocations => generated 338 bytes in 22 msecs (HTTP/1.1 200) 6 headers in 224 bytes (1 switches on core 0)
2026-08-19 21:42:14.907 8 INFO placement.requestlog [req-a0d0212e-133d-456b-b2c2-1f6457573a6b req-50f07dcd-cf13-4502-88dc-268e83dc6314 ac0170fa1bc445a49fe918e3d14db76e 13bfd4c561f94b78afed15edeeae0538 - - 6c63ae997808455e97ea92cd841a75e6 6c63ae997808455e97ea92cd841a75e6] 199.19.213.10 "GET /allocations/67ca8c85-1416-45d4-bcde-a20edd9d8c3a" status: 200 len: 257 microversion: 1.28 [pid: 8|app: 0|req: 328/653] 199.19.213.10 () {34 vars in 861 bytes} [Wed Aug 19 21:42:14 2026] GET /allocations/67ca8c85-1416-45d4-bcde-a20edd9d8c3a => generated 257 bytes in 20 msecs (HTTP/1.1 200) 8 headers in 296 bytes (1 switches on core 0)
2026-08-19 21:42:14.927 7 INFO placement.requestlog [req-a0d0212e-133d-456b-b2c2-1f6457573a6b req-ef22ccbe-42e8-4a6d-bcba-d5f296103dc6 ac0170fa1bc445a49fe918e3d14db76e 13bfd4c561f94b78afed15edeeae0538 - - 6c63ae997808455e97ea92cd841a75e6 6c63ae997808455e97ea92cd841a75e6] 199.19.213.10 "GET /allocations/7f627f65-bdff-4a0e-8b54-98ec4eb92499" status: 200 len: 243 microversion: 1.28 [pid: 7|app: 0|req: 326/654] 199.19.213.10 () {34 vars in 861 bytes} [Wed Aug 19 21:42:14 2026] GET /allocations/7f627f65-bdff-4a0e-8b54-98ec4eb92499 => generated 243 bytes in 15 msecs (HTTP/1.1 200) 8 headers in 296 bytes (1 switches on core 0)
2026-08-19 21:42:14.948 8 INFO placement.requestlog [req-a0d0212e-133d-456b-b2c2-1f6457573a6b req-e1adb474-6395-4cbb-863d-d0b0c66b183d ac0170fa1bc445a49fe918e3d14db76e 13bfd4c561f94b78afed15edeeae0538 - - 6c63ae997808455e97ea92cd841a75e6 6c63ae997808455e97ea92cd841a75e6] 199.19.213.10 "GET /allocations/74561ed1-2f41-40ba-be67-af052e9a0867" status: 200 len: 257 microversion: 1.28 [pid: 8|app: 0|req: 329/655] 199.19.213.10 () {34 vars in 861 bytes} [Wed Aug 19 21:42:14 2026] GET /allocations/74561ed1-2f41-40ba-be67-af052e9a0867 => generated 257 bytes in 15 msecs (HTTP/1.1 200) 8 headers in 296 bytes (1 switches on core 0)
2026-08-19 21:42:17.549 7 INFO placement.requestlog [req-c908e593-8811-40ea-afe1-8424d0599406 req-b549d336-5e50-4e2a-9126-4901e234386b ac0170fa1bc445a49fe918e3d14db76e 13bfd4c561f94b78afed15edeeae0538 - - 6c63ae997808455e97ea92cd841a75e6 6c63ae997808455e97ea92cd841a75e6] 199.19.213.10 "GET /resource_providers/400c37b9-d06c-47e4-a611-30c7e02cb378/allocations" status: 200 len: 338 microversion: 1.0 [pid: 7|app: 0|req: 327/656] 199.19.213.10 () {32 vars in 855 bytes} [Wed Aug 19 21:42:17 2026] GET /resource_providers/400c37b9-d06c-47e4-a611-30c7e02cb378/allocations => generated 338 bytes in 15 msecs (HTTP/1.1 200) 6 headers in 224 bytes (1 switches on core 0)
2026-08-19 21:42:17.570 8 INFO placement.requestlog [req-c908e593-8811-40ea-afe1-8424d0599406 req-30147074-309a-4444-b98e-aafdb9974ebe ac0170fa1bc445a49fe918e3d14db76e 13bfd4c561f94b78afed15edeeae0538 - - 6c63ae997808455e97ea92cd841a75e6 6c63ae997808455e97ea92cd841a75e6] 199.19.213.10 "GET /allocations/67ca8c85-1416-45d4-bcde-a20edd9d8c3a" status: 200 len: 257 microversion: 1.28 [pid: 8|app: 0|req: 330/657] 199.19.213.10 () {34 vars in 861 bytes} [Wed Aug 19 21:42:17 2026] GET /allocations/67ca8c85-1416-45d4-bcde-a20edd9d8c3a => generated 257 bytes in 12 msecs (HTTP/1.1 200) 8 headers in 296 bytes (1 switches on core 0)
2026-08-19 21:42:17.590 7 INFO placement.requestlog [req-c908e593-8811-40ea-afe1-8424d0599406 req-4f247df1-455b-4d64-9147-8b34a775a8c9 ac0170fa1bc445a49fe918e3d14db76e 13bfd4c561f94b78afed15edeeae0538 - - 6c63ae997808455e97ea92cd841a75e6 6c63ae997808455e97ea92cd841a75e6] 199.19.213.10 "GET /allocations/7f627f65-bdff-4a0e-8b54-98ec4eb92499" status: 200 len: 243 microversion: 1.28 [pid: 7|app: 0|req: 328/658] 199.19.213.10 () {34 vars in 861 bytes} [Wed Aug 19 21:42:17 2026] GET /allocations/7f627f65-bdff-4a0e-8b54-98ec4eb92499 => generated 243 bytes in 13 msecs (HTTP/1.1 200) 8 headers in 296 bytes (1 switches on core 0)
2026-08-19 21:42:17.608 8 INFO placement.requestlog [req-c908e593-8811-40ea-afe1-8424d0599406 req-cd8a7a37-3734-452b-8e1b-557e17ffdd82 ac0170fa1bc445a49fe918e3d14db76e 13bfd4c561f94b78afed15edeeae0538 - - 6c63ae997808455e97ea92cd841a75e6 6c63ae997808455e97ea92cd841a75e6] 199.19.213.10 "GET /allocations/74561ed1-2f41-40ba-be67-af052e9a0867" status: 200 len: 257 microversion: 1.28 [pid: 8|app: 0|req: 331/659] 199.19.213.10 () {34 vars in 861 bytes} [Wed Aug 19 21:42:17 2026] GET /allocations/74561ed1-2f41-40ba-be67-af052e9a0867 => generated 257 bytes in 11 msecs (HTTP/1.1 200) 8 headers in 296 bytes (1 switches on core 0)
2026-08-19 21:42:18.659 7 INFO placement.requestlog [req-c908e593-8811-40ea-afe1-8424d0599406 req-ea6c2840-7a1f-4cfc-befe-6df3c1cd4f6c ac0170fa1bc445a49fe918e3d14db76e 13bfd4c561f94b78afed15edeeae0538 - - 6c63ae997808455e97ea92cd841a75e6 6c63ae997808455e97ea92cd841a75e6] 199.19.213.10 "DELETE /allocations/7f627f65-bdff-4a0e-8b54-98ec4eb92499" status: 204 len: 0 microversion: 1.0 [pid: 7|app: 0|req: 329/660] 199.19.213.10 () {34 vars in 839 bytes} [Wed Aug 19 21:42:18 2026] DELETE /allocations/7f627f65-bdff-4a0e-8b54-98ec4eb92499 => generated 0 bytes in 20 msecs (HTTP/1.1 204) 5 headers in 198 bytes (1 switches on core 0)
2026-08-19 21:42:20.603 8 INFO placement.requestlog [req-876bdf00-88f8-4f31-8849-033724f7082e req-9a4a96aa-9997-40a0-b0a6-94c8a1a8634a ac0170fa1bc445a49fe918e3d14db76e 13bfd4c561f94b78afed15edeeae0538 - - 6c63ae997808455e97ea92cd841a75e6 6c63ae997808455e97ea92cd841a75e6] 199.19.213.10 "GET /resource_providers/400c37b9-d06c-47e4-a611-30c7e02cb378/allocations" status: 200 len: 252 microversion: 1.0 [pid: 8|app: 0|req: 332/661] 199.19.213.10 () {32 vars in 855 bytes} [Wed Aug 19 21:42:20 2026] GET /resource_providers/400c37b9-d06c-47e4-a611-30c7e02cb378/allocations => generated 252 bytes in 13 msecs (HTTP/1.1 200) 6 headers in 224 bytes (1 switches on core 0)
2026-08-19 21:42:20.625 7 INFO placement.requestlog [req-876bdf00-88f8-4f31-8849-033724f7082e req-50627bf0-a673-4c2b-bbf1-b45e03f5ba7e ac0170fa1bc445a49fe918e3d14db76e 13bfd4c561f94b78afed15edeeae0538 - - 6c63ae997808455e97ea92cd841a75e6 6c63ae997808455e97ea92cd841a75e6] 199.19.213.10 "GET /allocations/67ca8c85-1416-45d4-bcde-a20edd9d8c3a" status: 200 len: 257 microversion: 1.28 [pid: 7|app: 0|req: 330/662] 199.19.213.10 () {34 vars in 861 bytes} [Wed Aug 19 21:42:20 2026] GET /allocations/67ca8c85-1416-45d4-bcde-a20edd9d8c3a => generated 257 bytes in 17 msecs (HTTP/1.1 200) 8 headers in 296 bytes (1 switches on core 0)
2026-08-19 21:42:20.641 8 INFO placement.requestlog [req-876bdf00-88f8-4f31-8849-033724f7082e req-c31dbfaf-eacc-47a8-840f-26791830473b ac0170fa1bc445a49fe918e3d14db76e 13bfd4c561f94b78afed15edeeae0538 - - 6c63ae997808455e97ea92cd841a75e6 6c63ae997808455e97ea92cd841a75e6] 199.19.213.10 "GET /allocations/74561ed1-2f41-40ba-be67-af052e9a0867" status: 200 len: 257 microversion: 1.28 [pid: 8|app: 0|req: 333/663] 199.19.213.10 () {34 vars in 861 bytes} [Wed Aug 19 21:42:20 2026] GET /allocations/74561ed1-2f41-40ba-be67-af052e9a0867 => generated 257 bytes in 12 msecs (HTTP/1.1 200) 8 headers in 296 bytes (1 switches on core 0)
2026-08-19 21:42:21.686 7 INFO placement.requestlog [req-876bdf00-88f8-4f31-8849-033724f7082e req-b0c4c759-009e-4ec3-a7ed-370f7fc73c4b ac0170fa1bc445a49fe918e3d14db76e 13bfd4c561f94b78afed15edeeae0538 - - 6c63ae997808455e97ea92cd841a75e6 6c63ae997808455e97ea92cd841a75e6] 199.19.213.10 "DELETE /allocations/74561ed1-2f41-40ba-be67-af052e9a0867" status: 204 len: 0 microversion: 1.0 [pid: 7|app: 0|req: 331/664] 199.19.213.10 () {34 vars in 839 bytes} [Wed Aug 19 21:42:21 2026] DELETE /allocations/74561ed1-2f41-40ba-be67-af052e9a0867 => generated 0 bytes in 23 msecs (HTTP/1.1 204) 5 headers in 198 bytes (1 switches on core 0)
2026-08-19 21:42:23.642 8 INFO placement.requestlog [None req-35976619-b1d9-435d-90b6-92d8adb86d12 57f71e8dc5f44be5a98551abbe9c0462 13bfd4c561f94b78afed15edeeae0538 - - 6c63ae997808455e97ea92cd841a75e6 6c63ae997808455e97ea92cd841a75e6] 10.0.0.99 "GET /resource_providers/f08ae164-987b-4cb4-993d-00ce6bb8e9a5/aggregates" status: 404 len: 235 microversion: 1.1 [pid: 8|app: 0|req: 334/665] 10.0.0.99 () {32 vars in 814 bytes} [Wed Aug 19 21:42:23 2026] GET /resource_providers/f08ae164-987b-4cb4-993d-00ce6bb8e9a5/aggregates => generated 235 bytes in 124 msecs (HTTP/1.1 404) 5 headers in 202 bytes (1 switches on core 0)
2026-08-19 21:42:23.662 7 INFO placement.requestlog [None req-8e7dd28f-fdfc-4bec-98dc-a11a77360775 57f71e8dc5f44be5a98551abbe9c0462 13bfd4c561f94b78afed15edeeae0538 - - 6c63ae997808455e97ea92cd841a75e6 6c63ae997808455e97ea92cd841a75e6] 10.0.0.99 "GET /resource_providers/f08ae164-987b-4cb4-993d-00ce6bb8e9a5/aggregates" status: 404 len: 235 microversion: 1.1 [pid: 7|app: 0|req: 332/666] 10.0.0.99 () {32 vars in 814 bytes} [Wed Aug 19 21:42:23 2026] GET /resource_providers/f08ae164-987b-4cb4-993d-00ce6bb8e9a5/aggregates => generated 235 bytes in 120 msecs (HTTP/1.1 404) 5 headers in 202 bytes (1 switches on core 0)
2026-08-19 21:42:23.667 8 INFO placement.requestlog [None req-613a30a7-16ab-4fdb-b8f3-f4b019eda124 57f71e8dc5f44be5a98551abbe9c0462 13bfd4c561f94b78afed15edeeae0538 - - 6c63ae997808455e97ea92cd841a75e6 6c63ae997808455e97ea92cd841a75e6] 10.0.0.99 "DELETE /resource_providers/f08ae164-987b-4cb4-993d-00ce6bb8e9a5" status: 404 len: 246 microversion: 1.1 [pid: 8|app: 0|req: 335/667] 10.0.0.99 () {34 vars in 814 bytes} [Wed Aug 19 21:42:23 2026] DELETE /resource_providers/f08ae164-987b-4cb4-993d-00ce6bb8e9a5 => generated 246 bytes in 10 msecs (HTTP/1.1 404) 6 headers in 231 bytes (1 switches on core 0)
2026-08-19 21:42:23.694 7 INFO placement.requestlog [None req-f541da59-f0bf-4f3c-ab16-ead26bc1ce84 57f71e8dc5f44be5a98551abbe9c0462 13bfd4c561f94b78afed15edeeae0538 - - 6c63ae997808455e97ea92cd841a75e6 6c63ae997808455e97ea92cd841a75e6] 10.0.0.99 "DELETE /resource_providers/f08ae164-987b-4cb4-993d-00ce6bb8e9a5" status: 404 len: 246 microversion: 1.1 [pid: 7|app: 0|req: 333/668] 10.0.0.99 () {34 vars in 814 bytes} [Wed Aug 19 21:42:23 2026] DELETE /resource_providers/f08ae164-987b-4cb4-993d-00ce6bb8e9a5 => generated 246 bytes in 9 msecs (HTTP/1.1 404) 6 headers in 231 bytes (1 switches on core 0)
2026-08-19 21:42:23.975 8 INFO placement.requestlog [None req-510b1546-db30-4af7-b901-419492c988c3 - - - - - -] 10.0.0.225 "GET /" status: 200 len: 136 microversion: 1.0
2026-08-19 21:42:23.976 7 INFO placement.requestlog [None req-0ef366be-25ff-4238-b3e3-68c8b5b5f961 - - - - - -] 10.0.0.225 "GET /" status: 200 len: 136 microversion: 1.0
2026-08-19 21:42:26.924 8 INFO placement.requestlog [None req-736c4087-8871-4c51-9ae0-afec615fd94a 57f71e8dc5f44be5a98551abbe9c0462 13bfd4c561f94b78afed15edeeae0538 - - 6c63ae997808455e97ea92cd841a75e6 6c63ae997808455e97ea92cd841a75e6] 10.0.0.99 "GET /resource_providers/910bc581-c287-4275-b211-a835fc2eb23d/aggregates" status: 404 len: 235 microversion: 1.1 [pid: 8|app: 0|req: 337/671] 10.0.0.99 () {32 vars in 814 bytes} [Wed Aug 19 21:42:26 2026] GET /resource_providers/910bc581-c287-4275-b211-a835fc2eb23d/aggregates => generated 235 bytes in 9 msecs (HTTP/1.1 404) 5 headers in 202 bytes (1 switches on core 0)
2026-08-19 21:42:26.927 7 INFO placement.requestlog [None req-bb3f0d49-7483-42cd-a557-42e045cb4a3f 57f71e8dc5f44be5a98551abbe9c0462 13bfd4c561f94b78afed15edeeae0538 - - 6c63ae997808455e97ea92cd841a75e6 6c63ae997808455e97ea92cd841a75e6] 10.0.0.99 "GET /resource_providers/910bc581-c287-4275-b211-a835fc2eb23d/aggregates" status: 404 len: 235 microversion: 1.1 [pid: 7|app: 0|req: 335/672] 10.0.0.99 () {32 vars in 814 bytes} [Wed Aug 19 21:42:26 2026] GET /resource_providers/910bc581-c287-4275-b211-a835fc2eb23d/aggregates => generated 235 bytes in 12 msecs (HTTP/1.1 404) 5 headers in 202 bytes (1 switches on core 0)
2026-08-19 21:42:26.944 8 INFO placement.requestlog [None req-59e2acbf-fa7d-4399-b1bc-235ef1c37ac1 57f71e8dc5f44be5a98551abbe9c0462 13bfd4c561f94b78afed15edeeae0538 - - 6c63ae997808455e97ea92cd841a75e6 6c63ae997808455e97ea92cd841a75e6] 10.0.0.99 "DELETE /resource_providers/910bc581-c287-4275-b211-a835fc2eb23d" status: 404 len: 246 microversion: 1.1 [pid: 8|app: 0|req: 338/673] 10.0.0.99 () {34 vars in 814 bytes} [Wed Aug 19 21:42:26 2026] DELETE /resource_providers/910bc581-c287-4275-b211-a835fc2eb23d => generated 246 bytes in 6 msecs (HTTP/1.1 404) 6 headers in 231 bytes (1 switches on core 0)
2026-08-19 21:42:26.948 7 INFO placement.requestlog [None req-290184a5-67c2-456f-a0bf-fb9b1ed83e17 57f71e8dc5f44be5a98551abbe9c0462 13bfd4c561f94b78afed15edeeae0538 - - 6c63ae997808455e97ea92cd841a75e6 6c63ae997808455e97ea92cd841a75e6] 10.0.0.99 "DELETE /resource_providers/910bc581-c287-4275-b211-a835fc2eb23d" status: 404 len: 246 microversion: 1.1 [pid: 7|app: 0|req: 336/674] 10.0.0.99 () {34 vars in 814 bytes} [Wed Aug 19 21:42:26 2026] DELETE /resource_providers/910bc581-c287-4275-b211-a835fc2eb23d => generated 246 bytes in 10 msecs (HTTP/1.1 404) 6 headers in 231 bytes (1 switches on core 0)
2026-08-19 21:42:28.977 8 INFO placement.requestlog [None req-533c5640-c1da-433c-86a2-217a1c9c8fff 57f71e8dc5f44be5a98551abbe9c0462 13bfd4c561f94b78afed15edeeae0538 - - 6c63ae997808455e97ea92cd841a75e6 6c63ae997808455e97ea92cd841a75e6] 10.0.0.99 "GET /resource_providers/80833c2d-34db-4046-840d-8bee523f7854/aggregates" status: 404 len: 235 microversion: 1.1 [pid: 8|app: 0|req: 339/675] 10.0.0.99 () {32 vars in 814 bytes} [Wed Aug 19 21:42:28 2026] GET /resource_providers/80833c2d-34db-4046-840d-8bee523f7854/aggregates => generated 235 bytes in 11 msecs (HTTP/1.1 404) 5 headers in 202 bytes (1 switches on core 0)
