2026-08-19 21:46:02.586 7 INFO placement.requestlog [None req-79c791a4-f223-45b9-b84b-b3a9c906f08a 57f71e8dc5f44be5a98551abbe9c0462 13bfd4c561f94b78afed15edeeae0538 - - 6c63ae997808455e97ea92cd841a75e6 6c63ae997808455e97ea92cd841a75e6] 10.0.0.99 "DELETE /resource_providers/0c17d32c-202c-486b-82c8-91e93f2102de" status: 404 len: 246 microversion: 1.1 [pid: 7|app: 0|req: 513/1028] 10.0.0.99 () {34 vars in 814 bytes} [Wed Aug 19 21:46:02 2026] DELETE /resource_providers/0c17d32c-202c-486b-82c8-91e93f2102de => generated 246 bytes in 7 msecs (HTTP/1.1 404) 6 headers in 231 bytes (1 switches on core 0)
2026-08-19 21:46:03.975 8 INFO placement.requestlog [None req-5994f214-7f3c-47cf-b9cc-59edcd4e5ee4 - - - - - -] 10.0.0.225 "GET /" status: 200 len: 136 microversion: 1.0
2026-08-19 21:46:03.976 7 INFO placement.requestlog [None req-570ab74b-9ef1-4033-a403-961ae2a02a8d - - - - - -] 10.0.0.225 "GET /" status: 200 len: 136 microversion: 1.0
2026-08-19 21:46:11.756 8 INFO placement.requestlog [req-9677adda-592a-4bd2-82cc-28875653c97b req-5da58658-370c-4d36-80a7-a5d9e6549762 ac0170fa1bc445a49fe918e3d14db76e 13bfd4c561f94b78afed15edeeae0538 - - 6c63ae997808455e97ea92cd841a75e6 6c63ae997808455e97ea92cd841a75e6] 10.0.0.183 "GET /allocation_candidates?limit=1000&resources=DISK_GB%3A1%2CMEMORY_MB%3A512%2CVCPU%3A1&root_required=%21COMPUTE_STATUS_DISABLED" status: 200 len: 2442 microversion: 1.36 [pid: 8|app: 0|req: 517/1031] 10.0.0.183 () {34 vars in 1011 bytes} [Wed Aug 19 21:46:11 2026] GET /allocation_candidates?limit=1000&resources=DISK_GB%3A1%2CMEMORY_MB%3A512%2CVCPU%3A1&root_required=%21COMPUTE_STATUS_DISABLED => generated 2442 bytes in 42 msecs (HTTP/1.1 200) 8 headers in 297 bytes (1 switches on core 0)
2026-08-19 21:46:11.800 7 INFO placement.requestlog [req-9677adda-592a-4bd2-82cc-28875653c97b req-0d4bc6a2-b893-4404-8dd0-c24709afc947 ac0170fa1bc445a49fe918e3d14db76e 13bfd4c561f94b78afed15edeeae0538 - - 6c63ae997808455e97ea92cd841a75e6 6c63ae997808455e97ea92cd841a75e6] 10.0.0.183 "GET /allocations/228ed3e4-fa79-4e4f-9cfd-34f3a98f1fe3" status: 200 len: 19 microversion: 1.28 [pid: 7|app: 0|req: 515/1032] 10.0.0.183 () {34 vars in 860 bytes} [Wed Aug 19 21:46:11 2026] GET /allocations/228ed3e4-fa79-4e4f-9cfd-34f3a98f1fe3 => generated 19 bytes in 15 msecs (HTTP/1.1 200) 8 headers in 295 bytes (1 switches on core 0)
2026-08-19 21:46:11.864 8 INFO placement.requestlog [req-9677adda-592a-4bd2-82cc-28875653c97b req-ba0ea9d6-89b3-498e-86b1-42e4ae2cce8d ac0170fa1bc445a49fe918e3d14db76e 13bfd4c561f94b78afed15edeeae0538 - - 6c63ae997808455e97ea92cd841a75e6 6c63ae997808455e97ea92cd841a75e6] 10.0.0.183 "PUT /allocations/228ed3e4-fa79-4e4f-9cfd-34f3a98f1fe3" status: 204 len: 0 microversion: 1.36 [pid: 8|app: 0|req: 518/1033] 10.0.0.183 () {38 vars in 913 bytes} [Wed Aug 19 21:46:11 2026] PUT /allocations/228ed3e4-fa79-4e4f-9cfd-34f3a98f1fe3 => generated 0 bytes in 57 msecs (HTTP/1.1 204) 5 headers in 199 bytes (1 switches on core 0)
2026-08-19 21:46:13.357 7 INFO placement.requestlog [req-9677adda-592a-4bd2-82cc-28875653c97b req-7a9c034b-7882-44d8-adb3-a5fc6636cad9 ac0170fa1bc445a49fe918e3d14db76e 13bfd4c561f94b78afed15edeeae0538 - - 6c63ae997808455e97ea92cd841a75e6 6c63ae997808455e97ea92cd841a75e6] 199.19.213.10 "GET /allocations/228ed3e4-fa79-4e4f-9cfd-34f3a98f1fe3" status: 200 len: 258 microversion: 1.28 [pid: 7|app: 0|req: 516/1034] 199.19.213.10 () {34 vars in 861 bytes} [Wed Aug 19 21:46:13 2026] GET /allocations/228ed3e4-fa79-4e4f-9cfd-34f3a98f1fe3 => generated 258 bytes in 12 msecs (HTTP/1.1 200) 8 headers in 296 bytes (1 switches on core 0)
2026-08-19 21:46:13.976 8 INFO placement.requestlog [None req-c96cb639-063b-4139-a4a9-98d7c033c0a9 - - - - - -] 10.0.0.225 "GET /" status: 200 len: 136 microversion: 1.0
2026-08-19 21:46:13.976 7 INFO placement.requestlog [None req-eee5505c-60c7-40de-adf7-d136902d71ed - - - - - -] 10.0.0.225 "GET /" status: 200 len: 136 microversion: 1.0
2026-08-19 21:46:14.403 8 INFO placement.requestlog [req-9677adda-592a-4bd2-82cc-28875653c97b req-ace0953b-38b4-42e5-9278-68607c61a3c4 ac0170fa1bc445a49fe918e3d14db76e 13bfd4c561f94b78afed15edeeae0538 - - 6c63ae997808455e97ea92cd841a75e6 6c63ae997808455e97ea92cd841a75e6] 199.19.213.10 "GET /resource_providers/400c37b9-d06c-47e4-a611-30c7e02cb378/allocations" status: 200 len: 153 microversion: 1.0 [pid: 8|app: 0|req: 520/1037] 199.19.213.10 () {32 vars in 855 bytes} [Wed Aug 19 21:46:14 2026] GET /resource_providers/400c37b9-d06c-47e4-a611-30c7e02cb378/allocations => generated 153 bytes in 18 msecs (HTTP/1.1 200) 6 headers in 224 bytes (1 switches on core 0)
2026-08-19 21:46:14.423 7 INFO placement.requestlog [req-9677adda-592a-4bd2-82cc-28875653c97b req-04ce01af-0697-4d4f-8d8c-1851477ef9a8 ac0170fa1bc445a49fe918e3d14db76e 13bfd4c561f94b78afed15edeeae0538 - - 6c63ae997808455e97ea92cd841a75e6 6c63ae997808455e97ea92cd841a75e6] 199.19.213.10 "GET /allocations/228ed3e4-fa79-4e4f-9cfd-34f3a98f1fe3" status: 200 len: 258 microversion: 1.28 [pid: 7|app: 0|req: 518/1038] 199.19.213.10 () {34 vars in 861 bytes} [Wed Aug 19 21:46:14 2026] GET /allocations/228ed3e4-fa79-4e4f-9cfd-34f3a98f1fe3 => generated 258 bytes in 13 msecs (HTTP/1.1 200) 8 headers in 296 bytes (1 switches on core 0)
2026-08-19 21:46:23.975 8 INFO placement.requestlog [None req-cc831aae-9585-4639-b531-ae6baec70592 - - - - - -] 10.0.0.225 "GET /" status: 200 len: 136 microversion: 1.0
2026-08-19 21:46:23.976 7 INFO placement.requestlog [None req-35ad2f88-5876-4dff-bdd9-7fae772bc2c3 - - - - - -] 10.0.0.225 "GET /" status: 200 len: 136 microversion: 1.0
2026-08-19 21:46:29.113 8 INFO placement.requestlog [None req-63efa93e-ad1a-4a84-b800-bb0acf8fbf8d 57f71e8dc5f44be5a98551abbe9c0462 13bfd4c561f94b78afed15edeeae0538 - - 6c63ae997808455e97ea92cd841a75e6 6c63ae997808455e97ea92cd841a75e6] 10.0.0.99 "GET /resource_providers/5c9a7b4d-ec84-4480-92ea-4dd84cf6156f/aggregates" status: 404 len: 235 microversion: 1.1 [pid: 8|app: 0|req: 522/1041] 10.0.0.99 () {32 vars in 814 bytes} [Wed Aug 19 21:46:29 2026] GET /resource_providers/5c9a7b4d-ec84-4480-92ea-4dd84cf6156f/aggregates => generated 235 bytes in 10 msecs (HTTP/1.1 404) 5 headers in 202 bytes (1 switches on core 0)
2026-08-19 21:46:29.115 7 INFO placement.requestlog [None req-63fad2c8-8ef0-46b7-9a90-0aae98c868b8 57f71e8dc5f44be5a98551abbe9c0462 13bfd4c561f94b78afed15edeeae0538 - - 6c63ae997808455e97ea92cd841a75e6 6c63ae997808455e97ea92cd841a75e6] 10.0.0.99 "GET /resource_providers/5c9a7b4d-ec84-4480-92ea-4dd84cf6156f/aggregates" status: 404 len: 235 microversion: 1.1 [pid: 7|app: 0|req: 520/1042] 10.0.0.99 () {32 vars in 814 bytes} [Wed Aug 19 21:46:29 2026] GET /resource_providers/5c9a7b4d-ec84-4480-92ea-4dd84cf6156f/aggregates => generated 235 bytes in 12 msecs (HTTP/1.1 404) 5 headers in 202 bytes (1 switches on core 0)
2026-08-19 21:46:29.138 7 INFO placement.requestlog [None req-d827059d-3dcb-4efb-887a-e87e5ac754fa 57f71e8dc5f44be5a98551abbe9c0462 13bfd4c561f94b78afed15edeeae0538 - - 6c63ae997808455e97ea92cd841a75e6 6c63ae997808455e97ea92cd841a75e6] 10.0.0.99 "DELETE /resource_providers/5c9a7b4d-ec84-4480-92ea-4dd84cf6156f" status: 404 len: 246 microversion: 1.1
2026-08-19 21:46:29.139 8 INFO placement.requestlog [None req-cec04c42-defc-4e52-bfd8-ba8fb964275c 57f71e8dc5f44be5a98551abbe9c0462 13bfd4c561f94b78afed15edeeae0538 - - 6c63ae997808455e97ea92cd841a75e6 6c63ae997808455e97ea92cd841a75e6] 10.0.0.99 "DELETE /resource_providers/5c9a7b4d-ec84-4480-92ea-4dd84cf6156f" status: 404 len: 246 microversion: 1.1 [pid: 7|app: 0|req: 521/1043] 10.0.0.99 () {34 vars in 814 bytes} [Wed Aug 19 21:46:29 2026] DELETE /resource_providers/5c9a7b4d-ec84-4480-92ea-4dd84cf6156f => generated 246 bytes in 10 msecs (HTTP/1.1 404) 6 headers in 231 bytes (1 switches on core 0) [pid: 8|app: 0|req: 523/1044] 10.0.0.99 () {34 vars in 814 bytes} [Wed Aug 19 21:46:29 2026] DELETE /resource_providers/5c9a7b4d-ec84-4480-92ea-4dd84cf6156f => generated 246 bytes in 10 msecs (HTTP/1.1 404) 6 headers in 231 bytes (1 switches on core 0)
2026-08-19 21:46:29.477 8 INFO placement.requestlog [None req-d96508ec-bd0e-4c30-907f-d00a7dac3c36 57f71e8dc5f44be5a98551abbe9c0462 13bfd4c561f94b78afed15edeeae0538 - - 6c63ae997808455e97ea92cd841a75e6 6c63ae997808455e97ea92cd841a75e6] 10.0.0.99 "GET /resource_providers/902e64f0-1b08-447d-ba35-3fd64d110c7a/aggregates" status: 404 len: 235 microversion: 1.1 [pid: 8|app: 0|req: 524/1045] 10.0.0.99 () {32 vars in 814 bytes} [Wed Aug 19 21:46:29 2026] GET /resource_providers/902e64f0-1b08-447d-ba35-3fd64d110c7a/aggregates => generated 235 bytes in 12 msecs (HTTP/1.1 404) 5 headers in 202 bytes (1 switches on core 0)
2026-08-19 21:46:29.482 7 INFO placement.requestlog [None req-2d4a1202-431c-4817-a5a4-38f627962b70 57f71e8dc5f44be5a98551abbe9c0462 13bfd4c561f94b78afed15edeeae0538 - - 6c63ae997808455e97ea92cd841a75e6 6c63ae997808455e97ea92cd841a75e6] 10.0.0.99 "GET /resource_providers/902e64f0-1b08-447d-ba35-3fd64d110c7a/aggregates" status: 404 len: 235 microversion: 1.1 [pid: 7|app: 0|req: 522/1046] 10.0.0.99 () {32 vars in 814 bytes} [Wed Aug 19 21:46:29 2026] GET /resource_providers/902e64f0-1b08-447d-ba35-3fd64d110c7a/aggregates => generated 235 bytes in 19 msecs (HTTP/1.1 404) 5 headers in 202 bytes (1 switches on core 0)
2026-08-19 21:46:29.497 8 INFO placement.requestlog [None req-d053e5ea-95d8-4151-90e4-491ec0d8ac01 57f71e8dc5f44be5a98551abbe9c0462 13bfd4c561f94b78afed15edeeae0538 - - 6c63ae997808455e97ea92cd841a75e6 6c63ae997808455e97ea92cd841a75e6] 10.0.0.99 "DELETE /resource_providers/902e64f0-1b08-447d-ba35-3fd64d110c7a" status: 404 len: 246 microversion: 1.1 [pid: 8|app: 0|req: 525/1047] 10.0.0.99 () {34 vars in 814 bytes} [Wed Aug 19 21:46:29 2026] DELETE /resource_providers/902e64f0-1b08-447d-ba35-3fd64d110c7a => generated 246 bytes in 8 msecs (HTTP/1.1 404) 6 headers in 231 bytes (1 switches on core 0)
2026-08-19 21:46:29.502 7 INFO placement.requestlog [None req-97135f14-7980-4d8a-8949-bf97b6894f99 57f71e8dc5f44be5a98551abbe9c0462 13bfd4c561f94b78afed15edeeae0538 - - 6c63ae997808455e97ea92cd841a75e6 6c63ae997808455e97ea92cd841a75e6] 10.0.0.99 "DELETE /resource_providers/902e64f0-1b08-447d-ba35-3fd64d110c7a" status: 404 len: 246 microversion: 1.1 [pid: 7|app: 0|req: 523/1048] 10.0.0.99 () {34 vars in 814 bytes} [Wed Aug 19 21:46:29 2026] DELETE /resource_providers/902e64f0-1b08-447d-ba35-3fd64d110c7a => generated 246 bytes in 11 msecs (HTTP/1.1 404) 6 headers in 231 bytes (1 switches on core 0)
2026-08-19 21:46:29.872 8 INFO placement.requestlog [req-1691b9ee-69ad-4b14-ad81-f7f435595bdd req-5ca16180-5a6f-4f59-84a1-91fa3b47e7a3 ac0170fa1bc445a49fe918e3d14db76e 13bfd4c561f94b78afed15edeeae0538 - - 6c63ae997808455e97ea92cd841a75e6 6c63ae997808455e97ea92cd841a75e6] 199.19.213.10 "GET /resource_providers/400c37b9-d06c-47e4-a611-30c7e02cb378/allocations" status: 200 len: 153 microversion: 1.0 [pid: 8|app: 0|req: 526/1049] 199.19.213.10 () {32 vars in 855 bytes} [Wed Aug 19 21:46:29 2026] GET /resource_providers/400c37b9-d06c-47e4-a611-30c7e02cb378/allocations => generated 153 bytes in 23 msecs (HTTP/1.1 200) 6 headers in 224 bytes (1 switches on core 0)
2026-08-19 21:46:29.895 7 INFO placement.requestlog [req-1691b9ee-69ad-4b14-ad81-f7f435595bdd req-af3a5d90-21b8-4648-8828-5f1c891c209f ac0170fa1bc445a49fe918e3d14db76e 13bfd4c561f94b78afed15edeeae0538 - - 6c63ae997808455e97ea92cd841a75e6 6c63ae997808455e97ea92cd841a75e6] 199.19.213.10 "GET /allocations/228ed3e4-fa79-4e4f-9cfd-34f3a98f1fe3" status: 200 len: 258 microversion: 1.28 [pid: 7|app: 0|req: 524/1050] 199.19.213.10 () {34 vars in 861 bytes} [Wed Aug 19 21:46:29 2026] GET /allocations/228ed3e4-fa79-4e4f-9cfd-34f3a98f1fe3 => generated 258 bytes in 17 msecs (HTTP/1.1 200) 8 headers in 296 bytes (1 switches on core 0)
2026-08-19 21:46:30.958 8 INFO placement.requestlog [req-1691b9ee-69ad-4b14-ad81-f7f435595bdd req-c3d8e30f-4820-4fea-be38-6117b5ca552c ac0170fa1bc445a49fe918e3d14db76e 13bfd4c561f94b78afed15edeeae0538 - - 6c63ae997808455e97ea92cd841a75e6 6c63ae997808455e97ea92cd841a75e6] 199.19.213.10 "DELETE /allocations/228ed3e4-fa79-4e4f-9cfd-34f3a98f1fe3" status: 204 len: 0 microversion: 1.0 [pid: 8|app: 0|req: 527/1051] 199.19.213.10 () {34 vars in 839 bytes} [Wed Aug 19 21:46:30 2026] DELETE /allocations/228ed3e4-fa79-4e4f-9cfd-34f3a98f1fe3 => generated 0 bytes in 26 msecs (HTTP/1.1 204) 5 headers in 198 bytes (1 switches on core 0)
2026-08-19 21:46:31.160 8 INFO placement.requestlog [None req-ce51a109-dc90-482a-a138-bf552407aabf 57f71e8dc5f44be5a98551abbe9c0462 13bfd4c561f94b78afed15edeeae0538 - - 6c63ae997808455e97ea92cd841a75e6 6c63ae997808455e97ea92cd841a75e6] 10.0.0.99 "GET /resource_providers/d5d358e3-dda1-479f-ab49-c59fc36e8d8d/aggregates" status: 404 len: 235 microversion: 1.1 [pid: 8|app: 0|req: 528/1052] 10.0.0.99 () {32 vars in 814 bytes} [Wed Aug 19 21:46:31 2026] GET /resource_providers/d5d358e3-dda1-479f-ab49-c59fc36e8d8d/aggregates => generated 235 bytes in 7 msecs (HTTP/1.1 404) 5 headers in 202 bytes (1 switches on core 0)
2026-08-19 21:46:31.161 7 INFO placement.requestlog [None req-c905116c-1a12-4426-a6ad-fb2157742d4a 57f71e8dc5f44be5a98551abbe9c0462 13bfd4c561f94b78afed15edeeae0538 - - 6c63ae997808455e97ea92cd841a75e6 6c63ae997808455e97ea92cd841a75e6] 10.0.0.99 "GET /resource_providers/d5d358e3-dda1-479f-ab49-c59fc36e8d8d/aggregates" status: 404 len: 235 microversion: 1.1 [pid: 7|app: 0|req: 525/1053] 10.0.0.99 () {32 vars in 814 bytes} [Wed Aug 19 21:46:31 2026] GET /resource_providers/d5d358e3-dda1-479f-ab49-c59fc36e8d8d/aggregates => generated 235 bytes in 10 msecs (HTTP/1.1 404) 5 headers in 202 bytes (1 switches on core 0)
2026-08-19 21:46:31.176 8 INFO placement.requestlog [None req-400cbb8f-a78b-4677-85fa-a7631a88f17c 57f71e8dc5f44be5a98551abbe9c0462 13bfd4c561f94b78afed15edeeae0538 - - 6c63ae997808455e97ea92cd841a75e6 6c63ae997808455e97ea92cd841a75e6] 10.0.0.99 "DELETE /resource_providers/d5d358e3-dda1-479f-ab49-c59fc36e8d8d" status: 404 len: 246 microversion: 1.1 [pid: 8|app: 0|req: 529/1054] 10.0.0.99 () {34 vars in 814 bytes} [Wed Aug 19 21:46:31 2026] DELETE /resource_providers/d5d358e3-dda1-479f-ab49-c59fc36e8d8d => generated 246 bytes in 7 msecs (HTTP/1.1 404) 6 headers in 231 bytes (1 switches on core 0)
2026-08-19 21:46:31.183 7 INFO placement.requestlog [None req-9b936057-eb11-40b4-bc08-c154e1f7c49c 57f71e8dc5f44be5a98551abbe9c0462 13bfd4c561f94b78afed15edeeae0538 - - 6c63ae997808455e97ea92cd841a75e6 6c63ae997808455e97ea92cd841a75e6] 10.0.0.99 "DELETE /resource_providers/d5d358e3-dda1-479f-ab49-c59fc36e8d8d" status: 404 len: 246 microversion: 1.1 [pid: 7|app: 0|req: 526/1055] 10.0.0.99 () {34 vars in 814 bytes} [Wed Aug 19 21:46:31 2026] DELETE /resource_providers/d5d358e3-dda1-479f-ab49-c59fc36e8d8d => generated 246 bytes in 12 msecs (HTTP/1.1 404) 6 headers in 231 bytes (1 switches on core 0)
2026-08-19 21:46:31.190 8 INFO placement.requestlog [None req-15830644-dfcd-4065-88aa-4455d411ba86 57f71e8dc5f44be5a98551abbe9c0462 13bfd4c561f94b78afed15edeeae0538 - - 6c63ae997808455e97ea92cd841a75e6 6c63ae997808455e97ea92cd841a75e6] 10.0.0.99 "GET /resource_providers/33abf0be-aa99-4673-aab0-885622419ccf/aggregates" status: 404 len: 235 microversion: 1.1 [pid: 8|app: 0|req: 530/1056] 10.0.0.99 () {32 vars in 814 bytes} [Wed Aug 19 21:46:31 2026] GET /resource_providers/33abf0be-aa99-4673-aab0-885622419ccf/aggregates => generated 235 bytes in 9 msecs (HTTP/1.1 404) 5 headers in 202 bytes (1 switches on core 0)
2026-08-19 21:46:31.198 7 INFO placement.requestlog [None req-57e342f6-e86f-4c25-a672-edaac5124cdd 57f71e8dc5f44be5a98551abbe9c0462 13bfd4c561f94b78afed15edeeae0538 - - 6c63ae997808455e97ea92cd841a75e6 6c63ae997808455e97ea92cd841a75e6] 10.0.0.99 "GET /resource_providers/33abf0be-aa99-4673-aab0-885622419ccf/aggregates" status: 404 len: 235 microversion: 1.1 [pid: 7|app: 0|req: 527/1057] 10.0.0.99 () {32 vars in 814 bytes} [Wed Aug 19 21:46:31 2026] GET /resource_providers/33abf0be-aa99-4673-aab0-885622419ccf/aggregates => generated 235 bytes in 8 msecs (HTTP/1.1 404) 5 headers in 202 bytes (1 switches on core 0)
2026-08-19 21:46:31.206 8 INFO placement.requestlog [None req-54c09d5e-5944-4093-9262-bb0503e23988 57f71e8dc5f44be5a98551abbe9c0462 13bfd4c561f94b78afed15edeeae0538 - - 6c63ae997808455e97ea92cd841a75e6 6c63ae997808455e97ea92cd841a75e6] 10.0.0.99 "DELETE /resource_providers/33abf0be-aa99-4673-aab0-885622419ccf" status: 404 len: 246 microversion: 1.1 [pid: 8|app: 0|req: 531/1058] 10.0.0.99 () {34 vars in 814 bytes} [Wed Aug 19 21:46:31 2026] DELETE /resource_providers/33abf0be-aa99-4673-aab0-885622419ccf => generated 246 bytes in 12 msecs (HTTP/1.1 404) 6 headers in 231 bytes (1 switches on core 0)
2026-08-19 21:46:31.216 7 INFO placement.requestlog [None req-4361b834-10e4-440e-92ad-43776a934da8 57f71e8dc5f44be5a98551abbe9c0462 13bfd4c561f94b78afed15edeeae0538 - - 6c63ae997808455e97ea92cd841a75e6 6c63ae997808455e97ea92cd841a75e6] 10.0.0.99 "DELETE /resource_providers/33abf0be-aa99-4673-aab0-885622419ccf" status: 404 len: 246 microversion: 1.1 [pid: 7|app: 0|req: 528/1059] 10.0.0.99 () {34 vars in 814 bytes} [Wed Aug 19 21:46:31 2026] DELETE /resource_providers/33abf0be-aa99-4673-aab0-885622419ccf => generated 246 bytes in 10 msecs (HTTP/1.1 404) 6 headers in 231 bytes (1 switches on core 0)
2026-08-19 21:46:31.523 8 INFO placement.requestlog [None req-a3d722dc-33c5-4142-b596-b5965ab03a7c 57f71e8dc5f44be5a98551abbe9c0462 13bfd4c561f94b78afed15edeeae0538 - - 6c63ae997808455e97ea92cd841a75e6 6c63ae997808455e97ea92cd841a75e6] 10.0.0.99 "GET /resource_providers/e9b7e717-a3a7-497b-b12c-0276f736b35d/aggregates" status: 404 len: 235 microversion: 1.1 [pid: 8|app: 0|req: 532/1060] 10.0.0.99 () {32 vars in 814 bytes} [Wed Aug 19 21:46:31 2026] GET /resource_providers/e9b7e717-a3a7-497b-b12c-0276f736b35d/aggregates => generated 235 bytes in 13 msecs (HTTP/1.1 404) 5 headers in 202 bytes (1 switches on core 0)
2026-08-19 21:46:31.527 7 INFO placement.requestlog [None req-b69d22f9-1eeb-45e0-b11c-b915ca82581b 57f71e8dc5f44be5a98551abbe9c0462 13bfd4c561f94b78afed15edeeae0538 - - 6c63ae997808455e97ea92cd841a75e6 6c63ae997808455e97ea92cd841a75e6] 10.0.0.99 "GET /resource_providers/e9b7e717-a3a7-497b-b12c-0276f736b35d/aggregates" status: 404 len: 235 microversion: 1.1 [pid: 7|app: 0|req: 529/1061] 10.0.0.99 () {32 vars in 814 bytes} [Wed Aug 19 21:46:31 2026] GET /resource_providers/e9b7e717-a3a7-497b-b12c-0276f736b35d/aggregates => generated 235 bytes in 9 msecs (HTTP/1.1 404) 5 headers in 202 bytes (1 switches on core 0)
2026-08-19 21:46:31.542 8 INFO placement.requestlog [None req-1f2c4c30-20c9-40c8-9038-06126f42c194 57f71e8dc5f44be5a98551abbe9c0462 13bfd4c561f94b78afed15edeeae0538 - - 6c63ae997808455e97ea92cd841a75e6 6c63ae997808455e97ea92cd841a75e6] 10.0.0.99 "DELETE /resource_providers/e9b7e717-a3a7-497b-b12c-0276f736b35d" status: 404 len: 246 microversion: 1.1 [pid: 8|app: 0|req: 533/1062] 10.0.0.99 () {34 vars in 814 bytes} [Wed Aug 19 21:46:31 2026] DELETE /resource_providers/e9b7e717-a3a7-497b-b12c-0276f736b35d => generated 246 bytes in 9 msecs (HTTP/1.1 404) 6 headers in 231 bytes (1 switches on core 0)
2026-08-19 21:46:31.546 7 INFO placement.requestlog [None req-156738ab-d93f-4cca-8083-aa79a3d414f6 57f71e8dc5f44be5a98551abbe9c0462 13bfd4c561f94b78afed15edeeae0538 - - 6c63ae997808455e97ea92cd841a75e6 6c63ae997808455e97ea92cd841a75e6] 10.0.0.99 "DELETE /resource_providers/e9b7e717-a3a7-497b-b12c-0276f736b35d" status: 404 len: 246 microversion: 1.1 [pid: 7|app: 0|req: 530/1063] 10.0.0.99 () {34 vars in 814 bytes} [Wed Aug 19 21:46:31 2026] DELETE /resource_providers/e9b7e717-a3a7-497b-b12c-0276f736b35d => generated 246 bytes in 9 msecs (HTTP/1.1 404) 6 headers in 231 bytes (1 switches on core 0)
2026-08-19 21:46:33.975 8 INFO placement.requestlog [None req-12460714-44ef-4726-aeed-1cbdb57189e3 - - - - - -] 10.0.0.225 "GET /" status: 200 len: 136 microversion: 1.0
2026-08-19 21:46:33.975 7 INFO placement.requestlog [None req-902b9ded-dd03-49ad-bdb5-e880a2386ee0 - - - - - -] 10.0.0.225 "GET /" status: 200 len: 136 microversion: 1.0
2026-08-19 21:46:35.658 8 INFO placement.requestlog [None req-1a0078fd-251a-4f64-bf97-c66065d03f3a 57f71e8dc5f44be5a98551abbe9c0462 13bfd4c561f94b78afed15edeeae0538 - - 6c63ae997808455e97ea92cd841a75e6 6c63ae997808455e97ea92cd841a75e6] 10.0.0.99 "GET /resource_providers/30fef3af-2a6a-4396-8059-b977dadf3392/aggregates" status: 404 len: 235 microversion: 1.1 [pid: 8|app: 0|req: 535/1066] 10.0.0.99 () {32 vars in 814 bytes} [Wed Aug 19 21:46:35 2026] GET /resource_providers/30fef3af-2a6a-4396-8059-b977dadf3392/aggregates => generated 235 bytes in 14 msecs (HTTP/1.1 404) 5 headers in 202 bytes (1 switches on core 0)
2026-08-19 21:46:35.661 7 INFO placement.requestlog [None req-edad8cd8-b30a-4bcd-840e-58b06f1b4bed 57f71e8dc5f44be5a98551abbe9c0462 13bfd4c561f94b78afed15edeeae0538 - - 6c63ae997808455e97ea92cd841a75e6 6c63ae997808455e97ea92cd841a75e6] 10.0.0.99 "GET /resource_providers/30fef3af-2a6a-4396-8059-b977dadf3392/aggregates" status: 404 len: 235 microversion: 1.1 [pid: 7|app: 0|req: 532/1067] 10.0.0.99 () {32 vars in 814 bytes} [Wed Aug 19 21:46:35 2026] GET /resource_providers/30fef3af-2a6a-4396-8059-b977dadf3392/aggregates => generated 235 bytes in 11 msecs (HTTP/1.1 404) 5 headers in 202 bytes (1 switches on core 0)
2026-08-19 21:46:35.681 8 INFO placement.requestlog [None req-53a4bc00-dd4a-4f47-854a-729cfa3d83b1 57f71e8dc5f44be5a98551abbe9c0462 13bfd4c561f94b78afed15edeeae0538 - - 6c63ae997808455e97ea92cd841a75e6 6c63ae997808455e97ea92cd841a75e6] 10.0.0.99 "DELETE /resource_providers/30fef3af-2a6a-4396-8059-b977dadf3392" status: 404 len: 246 microversion: 1.1 [pid: 8|app: 0|req: 536/1068] 10.0.0.99 () {34 vars in 814 bytes} [Wed Aug 19 21:46:35 2026] DELETE /resource_providers/30fef3af-2a6a-4396-8059-b977dadf3392 => generated 246 bytes in 9 msecs (HTTP/1.1 404) 6 headers in 231 bytes (1 switches on core 0)
2026-08-19 21:46:35.684 7 INFO placement.requestlog [None req-5981d49f-5074-46ed-a7df-37b718a92525 57f71e8dc5f44be5a98551abbe9c0462 13bfd4c561f94b78afed15edeeae0538 - - 6c63ae997808455e97ea92cd841a75e6 6c63ae997808455e97ea92cd841a75e6] 10.0.0.99 "DELETE /resource_providers/30fef3af-2a6a-4396-8059-b977dadf3392" status: 404 len: 246 microversion: 1.1 [pid: 7|app: 0|req: 533/1069] 10.0.0.99 () {34 vars in 814 bytes} [Wed Aug 19 21:46:35 2026] DELETE /resource_providers/30fef3af-2a6a-4396-8059-b977dadf3392 => generated 246 bytes in 10 msecs (HTTP/1.1 404) 6 headers in 231 bytes (1 switches on core 0)
2026-08-19 21:46:39.539 8 INFO placement.requestlog [req-73e8223c-56a5-4b0c-a8bb-0fce1cd8d1d3 req-0fc76151-3d2f-4a3a-bb64-e57a45cd2899 ac0170fa1bc445a49fe918e3d14db76e 13bfd4c561f94b78afed15edeeae0538 - - 6c63ae997808455e97ea92cd841a75e6 6c63ae997808455e97ea92cd841a75e6] 199.19.213.10 "GET /resource_providers/400c37b9-d06c-47e4-a611-30c7e02cb378/allocations" status: 200 len: 55 microversion: 1.0 [pid: 8|app: 0|req: 537/1070] 199.19.213.10 () {32 vars in 855 bytes} [Wed Aug 19 21:46:39 2026] GET /resource_providers/400c37b9-d06c-47e4-a611-30c7e02cb378/allocations => generated 55 bytes in 19 msecs (HTTP/1.1 200) 6 headers in 223 bytes (1 switches on core 0)
2026-08-19 21:46:39.556 7 INFO placement.requestlog [req-73e8223c-56a5-4b0c-a8bb-0fce1cd8d1d3 req-f4391456-79b2-4997-a30b-850a39a02c8f ac0170fa1bc445a49fe918e3d14db76e 13bfd4c561f94b78afed15edeeae0538 - - 6c63ae997808455e97ea92cd841a75e6 6c63ae997808455e97ea92cd841a75e6] 199.19.213.10 "GET /resource_providers/400c37b9-d06c-47e4-a611-30c7e02cb378/allocations" status: 200 len: 55 microversion: 1.0 [pid: 7|app: 0|req: 534/1071] 199.19.213.10 () {32 vars in 855 bytes} [Wed Aug 19 21:46:39 2026] GET /resource_providers/400c37b9-d06c-47e4-a611-30c7e02cb378/allocations => generated 55 bytes in 12 msecs (HTTP/1.1 200) 6 headers in 223 bytes (1 switches on core 0)
2026-08-19 21:46:43.976 7 INFO placement.requestlog [None req-02911f6c-eacd-45b2-a2ce-67909fa0f98f - - - - - -] 10.0.0.225 "GET /" status: 200 len: 136 microversion: 1.0
2026-08-19 21:46:43.976 8 INFO placement.requestlog [None req-ddf6219c-a603-419d-8f9f-c1ac74306a04 - - - - - -] 10.0.0.225 "GET /" status: 200 len: 136 microversion: 1.0
2026-08-19 21:46:53.975 7 INFO placement.requestlog [None req-da57988a-d5cf-4699-8290-6c778fd186ca - - - - - -] 10.0.0.225 "GET /" status: 200 len: 136 microversion: 1.0
2026-08-19 21:46:53.976 8 INFO placement.requestlog [None req-bf036391-1e67-40ee-a52e-e844d06712d0 - - - - - -] 10.0.0.225 "GET /" status: 200 len: 136 microversion: 1.0
2026-08-19 21:47:03.976 8 INFO placement.requestlog [None req-d87809c7-9202-42ad-892c-3812b00063ee - - - - - -] 10.0.0.225 "GET /" status: 200 len: 136 microversion: 1.0
2026-08-19 21:47:03.976 7 INFO placement.requestlog [None req-b8f7d33c-1122-43d1-883f-029c68630d6d - - - - - -] 10.0.0.225 "GET /" status: 200 len: 136 microversion: 1.0
2026-08-19 21:47:05.604 8 INFO placement.requestlog [req-0f4e3d6d-4068-485b-aac0-3f324e6d635f req-cedff776-6a2d-4f5a-baa0-874779313b1a ac0170fa1bc445a49fe918e3d14db76e 13bfd4c561f94b78afed15edeeae0538 - - 6c63ae997808455e97ea92cd841a75e6 6c63ae997808455e97ea92cd841a75e6] 10.0.0.183 "GET /allocation_candidates?limit=1000&resources=DISK_GB%3A1%2CMEMORY_MB%3A512%2CVCPU%3A1&root_required=%21COMPUTE_STATUS_DISABLED" status: 200 len: 2442 microversion: 1.36 [pid: 8|app: 0|req: 541/1078] 10.0.0.183 () {34 vars in 1011 bytes} [Wed Aug 19 21:47:05 2026] GET /allocation_candidates?limit=1000&resources=DISK_GB%3A1%2CMEMORY_MB%3A512%2CVCPU%3A1&root_required=%21COMPUTE_STATUS_DISABLED => generated 2442 bytes in 143 msecs (HTTP/1.1 200) 8 headers in 297 bytes (1 switches on core 0)
2026-08-19 21:47:05.633 7 INFO placement.requestlog [req-0f4e3d6d-4068-485b-aac0-3f324e6d635f req-a6ea019b-cdc4-4186-a42d-b473344724bc ac0170fa1bc445a49fe918e3d14db76e 13bfd4c561f94b78afed15edeeae0538 - - 6c63ae997808455e97ea92cd841a75e6 6c63ae997808455e97ea92cd841a75e6] 10.0.0.183 "GET /allocations/2c99bc2e-b641-4a1d-b72e-f94030905e02" status: 200 len: 19 microversion: 1.28 [pid: 7|app: 0|req: 538/1079] 10.0.0.183 () {34 vars in 860 bytes} [Wed Aug 19 21:47:05 2026] GET /allocations/2c99bc2e-b641-4a1d-b72e-f94030905e02 => generated 19 bytes in 10 msecs (HTTP/1.1 200) 8 headers in 295 bytes (1 switches on core 0)
2026-08-19 21:47:05.693 8 INFO placement.requestlog [req-0f4e3d6d-4068-485b-aac0-3f324e6d635f req-31d173c5-badc-4e02-9641-89be1f40993f ac0170fa1bc445a49fe918e3d14db76e 13bfd4c561f94b78afed15edeeae0538 - - 6c63ae997808455e97ea92cd841a75e6 6c63ae997808455e97ea92cd841a75e6] 10.0.0.183 "PUT /allocations/2c99bc2e-b641-4a1d-b72e-f94030905e02" status: 204 len: 0 microversion: 1.36 [pid: 8|app: 0|req: 542/1080] 10.0.0.183 () {38 vars in 913 bytes} [Wed Aug 19 21:47:05 2026] PUT /allocations/2c99bc2e-b641-4a1d-b72e-f94030905e02 => generated 0 bytes in 54 msecs (HTTP/1.1 204) 5 headers in 199 bytes (1 switches on core 0)
2026-08-19 21:47:07.101 7 INFO placement.requestlog [req-0f4e3d6d-4068-485b-aac0-3f324e6d635f req-fbd6ad8b-119e-4e73-b7e5-3b078f8dfa0f ac0170fa1bc445a49fe918e3d14db76e 13bfd4c561f94b78afed15edeeae0538 - - 6c63ae997808455e97ea92cd841a75e6 6c63ae997808455e97ea92cd841a75e6] 199.19.213.10 "GET /allocations/2c99bc2e-b641-4a1d-b72e-f94030905e02" status: 200 len: 258 microversion: 1.28 [pid: 7|app: 0|req: 539/1081] 199.19.213.10 () {34 vars in 861 bytes} [Wed Aug 19 21:47:07 2026] GET /allocations/2c99bc2e-b641-4a1d-b72e-f94030905e02 => generated 258 bytes in 13 msecs (HTTP/1.1 200) 8 headers in 296 bytes (1 switches on core 0)
2026-08-19 21:47:08.144 8 INFO placement.requestlog [req-0f4e3d6d-4068-485b-aac0-3f324e6d635f req-82d5e787-b02c-48d2-8bd7-5f177c7b415b ac0170fa1bc445a49fe918e3d14db76e 13bfd4c561f94b78afed15edeeae0538 - - 6c63ae997808455e97ea92cd841a75e6 6c63ae997808455e97ea92cd841a75e6] 199.19.213.10 "GET /resource_providers/400c37b9-d06c-47e4-a611-30c7e02cb378/allocations" status: 200 len: 153 microversion: 1.0 [pid: 8|app: 0|req: 543/1082] 199.19.213.10 () {32 vars in 855 bytes} [Wed Aug 19 21:47:08 2026] GET /resource_providers/400c37b9-d06c-47e4-a611-30c7e02cb378/allocations => generated 153 bytes in 16 msecs (HTTP/1.1 200) 6 headers in 224 bytes (1 switches on core 0)
2026-08-19 21:47:08.165 7 INFO placement.requestlog [req-0f4e3d6d-4068-485b-aac0-3f324e6d635f req-2fda921a-da84-4650-ad26-877a80262587 ac0170fa1bc445a49fe918e3d14db76e 13bfd4c561f94b78afed15edeeae0538 - - 6c63ae997808455e97ea92cd841a75e6 6c63ae997808455e97ea92cd841a75e6] 199.19.213.10 "GET /allocations/2c99bc2e-b641-4a1d-b72e-f94030905e02" status: 200 len: 258 microversion: 1.28 [pid: 7|app: 0|req: 540/1083] 199.19.213.10 () {34 vars in 861 bytes} [Wed Aug 19 21:47:08 2026] GET /allocations/2c99bc2e-b641-4a1d-b72e-f94030905e02 => generated 258 bytes in 14 msecs (HTTP/1.1 200) 8 headers in 296 bytes (1 switches on core 0)
2026-08-19 21:47:13.974 8 INFO placement.requestlog [None req-8a09a92f-9242-4be9-9ed9-90364803a1b6 - - - - - -] 10.0.0.225 "GET /" status: 200 len: 136 microversion: 1.0
2026-08-19 21:47:13.975 7 INFO placement.requestlog [None req-01ad5484-b289-4c46-ab33-7ba1a165497a - - - - - -] 10.0.0.225 "GET /" status: 200 len: 136 microversion: 1.0
2026-08-19 21:47:23.763 8 INFO placement.requestlog [req-17b9788d-9884-45ae-83a6-39a99a853240 req-14e4ebcd-3b53-47b7-bb00-2477055c7b71 ac0170fa1bc445a49fe918e3d14db76e 13bfd4c561f94b78afed15edeeae0538 - - 6c63ae997808455e97ea92cd841a75e6 6c63ae997808455e97ea92cd841a75e6] 10.0.0.183 "GET /allocation_candidates?limit=1000&resources=DISK_GB%3A1%2CMEMORY_MB%3A512%2CVCPU%3A1&root_required=%21COMPUTE_STATUS_DISABLED" status: 200 len: 2444 microversion: 1.36 [pid: 8|app: 0|req: 545/1086] 10.0.0.183 () {34 vars in 1011 bytes} [Wed Aug 19 21:47:23 2026] GET /allocation_candidates?limit=1000&resources=DISK_GB%3A1%2CMEMORY_MB%3A512%2CVCPU%3A1&root_required=%21COMPUTE_STATUS_DISABLED => generated 2444 bytes in 52 msecs (HTTP/1.1 200) 8 headers in 297 bytes (1 switches on core 0)
2026-08-19 21:47:23.793 7 INFO placement.requestlog [req-17b9788d-9884-45ae-83a6-39a99a853240 req-709c4f14-fac1-4dac-addf-fd275c3c0906 ac0170fa1bc445a49fe918e3d14db76e 13bfd4c561f94b78afed15edeeae0538 - - 6c63ae997808455e97ea92cd841a75e6 6c63ae997808455e97ea92cd841a75e6] 10.0.0.183 "GET /allocations/7440efeb-9575-4223-8c11-b60b9487c494" status: 200 len: 19 microversion: 1.28 [pid: 7|app: 0|req: 542/1087] 10.0.0.183 () {34 vars in 860 bytes} [Wed Aug 19 21:47:23 2026] GET /allocations/7440efeb-9575-4223-8c11-b60b9487c494 => generated 19 bytes in 11 msecs (HTTP/1.1 200) 8 headers in 295 bytes (1 switches on core 0)
2026-08-19 21:47:23.854 8 INFO placement.requestlog [req-17b9788d-9884-45ae-83a6-39a99a853240 req-07829ee4-8078-4130-9693-5a4670588366 ac0170fa1bc445a49fe918e3d14db76e 13bfd4c561f94b78afed15edeeae0538 - - 6c63ae997808455e97ea92cd841a75e6 6c63ae997808455e97ea92cd841a75e6] 10.0.0.183 "PUT /allocations/7440efeb-9575-4223-8c11-b60b9487c494" status: 204 len: 0 microversion: 1.36 [pid: 8|app: 0|req: 546/1088] 10.0.0.183 () {38 vars in 913 bytes} [Wed Aug 19 21:47:23 2026] PUT /allocations/7440efeb-9575-4223-8c11-b60b9487c494 => generated 0 bytes in 57 msecs (HTTP/1.1 204) 5 headers in 199 bytes (1 switches on core 0)
2026-08-19 21:47:23.975 8 INFO placement.requestlog [None req-530969af-cb1c-4689-bfff-2a0027d56b6d - - - - - -] 10.0.0.225 "GET /" status: 200 len: 136 microversion: 1.0
2026-08-19 21:47:23.975 7 INFO placement.requestlog [None req-bf838a21-2983-4617-9fb1-6fb5caebf533 - - - - - -] 10.0.0.225 "GET /" status: 200 len: 136 microversion: 1.0
2026-08-19 21:47:25.340 8 INFO placement.requestlog [req-17b9788d-9884-45ae-83a6-39a99a853240 req-bc725ca0-7301-4ede-aa8b-d5048ee97218 ac0170fa1bc445a49fe918e3d14db76e 13bfd4c561f94b78afed15edeeae0538 - - 6c63ae997808455e97ea92cd841a75e6 6c63ae997808455e97ea92cd841a75e6] 199.19.213.10 "GET /allocations/7440efeb-9575-4223-8c11-b60b9487c494" status: 200 len: 258 microversion: 1.28 [pid: 8|app: 0|req: 548/1091] 199.19.213.10 () {34 vars in 861 bytes} [Wed Aug 19 21:47:25 2026] GET /allocations/7440efeb-9575-4223-8c11-b60b9487c494 => generated 258 bytes in 13 msecs (HTTP/1.1 200) 8 headers in 296 bytes (1 switches on core 0)
2026-08-19 21:47:26.382 7 INFO placement.requestlog [req-17b9788d-9884-45ae-83a6-39a99a853240 req-331ce9ad-909d-4c1a-ba68-3928f915239c ac0170fa1bc445a49fe918e3d14db76e 13bfd4c561f94b78afed15edeeae0538 - - 6c63ae997808455e97ea92cd841a75e6 6c63ae997808455e97ea92cd841a75e6] 199.19.213.10 "GET /resource_providers/400c37b9-d06c-47e4-a611-30c7e02cb378/allocations" status: 200 len: 253 microversion: 1.0 [pid: 7|app: 0|req: 544/1092] 199.19.213.10 () {32 vars in 855 bytes} [Wed Aug 19 21:47:26 2026] GET /resource_providers/400c37b9-d06c-47e4-a611-30c7e02cb378/allocations => generated 253 bytes in 18 msecs (HTTP/1.1 200) 6 headers in 224 bytes (1 switches on core 0)
2026-08-19 21:47:26.402 8 INFO placement.requestlog [req-17b9788d-9884-45ae-83a6-39a99a853240 req-3ced6272-b262-4901-bfde-c9a92452caac ac0170fa1bc445a49fe918e3d14db76e 13bfd4c561f94b78afed15edeeae0538 - - 6c63ae997808455e97ea92cd841a75e6 6c63ae997808455e97ea92cd841a75e6] 199.19.213.10 "GET /allocations/7440efeb-9575-4223-8c11-b60b9487c494" status: 200 len: 258 microversion: 1.28 [pid: 8|app: 0|req: 549/1093] 199.19.213.10 () {34 vars in 861 bytes} [Wed Aug 19 21:47:26 2026] GET /allocations/7440efeb-9575-4223-8c11-b60b9487c494 => generated 258 bytes in 13 msecs (HTTP/1.1 200) 8 headers in 296 bytes (1 switches on core 0)
2026-08-19 21:47:26.416 7 INFO placement.requestlog [req-17b9788d-9884-45ae-83a6-39a99a853240 req-ecdbf330-a1a0-4495-9f5c-052de8511625 ac0170fa1bc445a49fe918e3d14db76e 13bfd4c561f94b78afed15edeeae0538 - - 6c63ae997808455e97ea92cd841a75e6 6c63ae997808455e97ea92cd841a75e6] 199.19.213.10 "GET /allocations/2c99bc2e-b641-4a1d-b72e-f94030905e02" status: 200 len: 258 microversion: 1.28 [pid: 7|app: 0|req: 545/1094] 199.19.213.10 () {34 vars in 861 bytes} [Wed Aug 19 21:47:26 2026] GET /allocations/2c99bc2e-b641-4a1d-b72e-f94030905e02 => generated 258 bytes in 9 msecs (HTTP/1.1 200) 8 headers in 296 bytes (1 switches on core 0)
2026-08-19 21:47:33.975 8 INFO placement.requestlog [None req-31d865ea-a2ce-4741-aecb-76b3abf877eb - - - - - -] 10.0.0.225 "GET /" status: 200 len: 136 microversion: 1.0
2026-08-19 21:47:33.976 7 INFO placement.requestlog [None req-4000145c-0274-4a78-b3b2-1f0f2349452b - - - - - -] 10.0.0.225 "GET /" status: 200 len: 136 microversion: 1.0
2026-08-19 21:47:34.939 7 INFO placement.requestlog [None req-b4dc1c38-8088-4f55-aeee-df90a9f9a233 57f71e8dc5f44be5a98551abbe9c0462 13bfd4c561f94b78afed15edeeae0538 - - 6c63ae997808455e97ea92cd841a75e6 6c63ae997808455e97ea92cd841a75e6] 10.0.0.99 "GET /resource_providers/88b10081-8632-45dd-8888-529d266f0c00/aggregates" status: 404 len: 235 microversion: 1.1 [pid: 7|app: 0|req: 547/1097] 10.0.0.99 () {32 vars in 814 bytes} [Wed Aug 19 21:47:34 2026] GET /resource_providers/88b10081-8632-45dd-8888-529d266f0c00/aggregates => generated 235 bytes in 145 msecs (HTTP/1.1 404) 5 headers in 202 bytes (1 switches on core 0)
2026-08-19 21:47:34.950 8 INFO placement.requestlog [None req-63a10045-72a1-45be-b851-3dd91e36d327 57f71e8dc5f44be5a98551abbe9c0462 13bfd4c561f94b78afed15edeeae0538 - - 6c63ae997808455e97ea92cd841a75e6 6c63ae997808455e97ea92cd841a75e6] 10.0.0.99 "GET /resource_providers/88b10081-8632-45dd-8888-529d266f0c00/aggregates" status: 404 len: 235 microversion: 1.1 [pid: 8|app: 0|req: 551/1098] 10.0.0.99 () {32 vars in 814 bytes} [Wed Aug 19 21:47:34 2026] GET /resource_providers/88b10081-8632-45dd-8888-529d266f0c00/aggregates => generated 235 bytes in 158 msecs (HTTP/1.1 404) 5 headers in 202 bytes (1 switches on core 0)
2026-08-19 21:47:34.960 7 INFO placement.requestlog [None req-1ae0c6f4-19ff-4a7d-8447-448f014d00eb 57f71e8dc5f44be5a98551abbe9c0462 13bfd4c561f94b78afed15edeeae0538 - - 6c63ae997808455e97ea92cd841a75e6 6c63ae997808455e97ea92cd841a75e6] 10.0.0.99 "DELETE /resource_providers/88b10081-8632-45dd-8888-529d266f0c00" status: 404 len: 246 microversion: 1.1 [pid: 7|app: 0|req: 548/1099] 10.0.0.99 () {34 vars in 814 bytes} [Wed Aug 19 21:47:34 2026] DELETE /resource_providers/88b10081-8632-45dd-8888-529d266f0c00 => generated 246 bytes in 13 msecs (HTTP/1.1 404) 6 headers in 231 bytes (1 switches on core 0)
2026-08-19 21:47:34.967 8 INFO placement.requestlog [None req-fe1183a5-01a7-4315-a2c0-d8dfde8ccf92 57f71e8dc5f44be5a98551abbe9c0462 13bfd4c561f94b78afed15edeeae0538 - - 6c63ae997808455e97ea92cd841a75e6 6c63ae997808455e97ea92cd841a75e6] 10.0.0.99 "DELETE /resource_providers/88b10081-8632-45dd-8888-529d266f0c00" status: 404 len: 246 microversion: 1.1 [pid: 8|app: 0|req: 552/1100] 10.0.0.99 () {34 vars in 814 bytes} [Wed Aug 19 21:47:34 2026] DELETE /resource_providers/88b10081-8632-45dd-8888-529d266f0c00 => generated 246 bytes in 9 msecs (HTTP/1.1 404) 6 headers in 231 bytes (1 switches on core 0)
2026-08-19 21:47:43.333 7 INFO placement.requestlog [req-7b4ac112-bdee-4354-ad3a-3f9105194564 req-c225a8dd-debc-475b-b434-0984d71578aa ac0170fa1bc445a49fe918e3d14db76e 13bfd4c561f94b78afed15edeeae0538 - - 6c63ae997808455e97ea92cd841a75e6 6c63ae997808455e97ea92cd841a75e6] 199.19.213.10 "GET /resource_providers/400c37b9-d06c-47e4-a611-30c7e02cb378/allocations" status: 200 len: 253 microversion: 1.0 [pid: 7|app: 0|req: 549/1101] 199.19.213.10 () {32 vars in 855 bytes} [Wed Aug 19 21:47:43 2026] GET /resource_providers/400c37b9-d06c-47e4-a611-30c7e02cb378/allocations => generated 253 bytes in 19 msecs (HTTP/1.1 200) 6 headers in 224 bytes (1 switches on core 0)
2026-08-19 21:47:43.357 8 INFO placement.requestlog [req-7b4ac112-bdee-4354-ad3a-3f9105194564 req-bc14e730-50dc-40da-9c5e-d84591923629 ac0170fa1bc445a49fe918e3d14db76e 13bfd4c561f94b78afed15edeeae0538 - - 6c63ae997808455e97ea92cd841a75e6 6c63ae997808455e97ea92cd841a75e6] 199.19.213.10 "GET /resource_providers/400c37b9-d06c-47e4-a611-30c7e02cb378/allocations" status: 200 len: 253 microversion: 1.0 [pid: 8|app: 0|req: 553/1102] 199.19.213.10 () {32 vars in 855 bytes} [Wed Aug 19 21:47:43 2026] GET /resource_providers/400c37b9-d06c-47e4-a611-30c7e02cb378/allocations => generated 253 bytes in 17 msecs (HTTP/1.1 200) 6 headers in 224 bytes (1 switches on core 0)
2026-08-19 21:47:43.379 7 INFO placement.requestlog [req-7b4ac112-bdee-4354-ad3a-3f9105194564 req-4082c44e-2e4a-412a-b07d-433246f9fe38 ac0170fa1bc445a49fe918e3d14db76e 13bfd4c561f94b78afed15edeeae0538 - - 6c63ae997808455e97ea92cd841a75e6 6c63ae997808455e97ea92cd841a75e6] 199.19.213.10 "GET /allocations/7440efeb-9575-4223-8c11-b60b9487c494" status: 200 len: 258 microversion: 1.28 [pid: 7|app: 0|req: 550/1103] 199.19.213.10 () {34 vars in 861 bytes} [Wed Aug 19 21:47:43 2026] GET /allocations/7440efeb-9575-4223-8c11-b60b9487c494 => generated 258 bytes in 15 msecs (HTTP/1.1 200) 8 headers in 296 bytes (1 switches on core 0)
2026-08-19 21:47:43.402 8 INFO placement.requestlog [req-7b4ac112-bdee-4354-ad3a-3f9105194564 req-cc7ed475-976a-4d5f-bd04-51efe05c65b3 ac0170fa1bc445a49fe918e3d14db76e 13bfd4c561f94b78afed15edeeae0538 - - 6c63ae997808455e97ea92cd841a75e6 6c63ae997808455e97ea92cd841a75e6] 199.19.213.10 "GET /allocations/2c99bc2e-b641-4a1d-b72e-f94030905e02" status: 200 len: 258 microversion: 1.28 [pid: 8|app: 0|req: 554/1104] 199.19.213.10 () {34 vars in 861 bytes} [Wed Aug 19 21:47:43 2026] GET /allocations/2c99bc2e-b641-4a1d-b72e-f94030905e02 => generated 258 bytes in 14 msecs (HTTP/1.1 200) 8 headers in 296 bytes (1 switches on core 0)
2026-08-19 21:47:43.976 7 INFO placement.requestlog [None req-1a807d08-fc58-456f-bd09-b8df9d411101 - - - - - -] 10.0.0.225 "GET /" status: 200 len: 136 microversion: 1.0
2026-08-19 21:47:43.976 8 INFO placement.requestlog [None req-3a0eb3cc-62e2-4beb-b714-5e8bffb18742 - - - - - -] 10.0.0.225 "GET /" status: 200 len: 136 microversion: 1.0
2026-08-19 21:47:51.205 8 INFO placement.requestlog [None req-6a147782-8962-4857-887f-b6545317964c 57f71e8dc5f44be5a98551abbe9c0462 13bfd4c561f94b78afed15edeeae0538 - - 6c63ae997808455e97ea92cd841a75e6 6c63ae997808455e97ea92cd841a75e6] 10.0.0.99 "GET /resource_providers/a918a2bb-895f-47fc-b4a6-a65397e6b797/aggregates" status: 404 len: 235 microversion: 1.1 [pid: 8|app: 0|req: 556/1107] 10.0.0.99 () {32 vars in 814 bytes} [Wed Aug 19 21:47:51 2026] GET /resource_providers/a918a2bb-895f-47fc-b4a6-a65397e6b797/aggregates => generated 235 bytes in 49 msecs (HTTP/1.1 404) 5 headers in 202 bytes (1 switches on core 0)
2026-08-19 21:47:51.206 7 INFO placement.requestlog [None req-8c6b6902-aff2-4221-88c4-dc0623c9bae3 57f71e8dc5f44be5a98551abbe9c0462 13bfd4c561f94b78afed15edeeae0538 - - 6c63ae997808455e97ea92cd841a75e6 6c63ae997808455e97ea92cd841a75e6] 10.0.0.99 "GET /resource_providers/a918a2bb-895f-47fc-b4a6-a65397e6b797/aggregates" status: 404 len: 235 microversion: 1.1 [pid: 7|app: 0|req: 552/1108] 10.0.0.99 () {32 vars in 814 bytes} [Wed Aug 19 21:47:51 2026] GET /resource_providers/a918a2bb-895f-47fc-b4a6-a65397e6b797/aggregates => generated 235 bytes in 55 msecs (HTTP/1.1 404) 5 headers in 202 bytes (1 switches on core 0)
2026-08-19 21:47:51.230 8 INFO placement.requestlog [None req-71181f25-d966-4676-8892-03a6425f5609 57f71e8dc5f44be5a98551abbe9c0462 13bfd4c561f94b78afed15edeeae0538 - - 6c63ae997808455e97ea92cd841a75e6 6c63ae997808455e97ea92cd841a75e6] 10.0.0.99 "DELETE /resource_providers/a918a2bb-895f-47fc-b4a6-a65397e6b797" status: 404 len: 246 microversion: 1.1 [pid: 8|app: 0|req: 557/1109] 10.0.0.99 () {34 vars in 814 bytes} [Wed Aug 19 21:47:51 2026] DELETE /resource_providers/a918a2bb-895f-47fc-b4a6-a65397e6b797 => generated 246 bytes in 12 msecs (HTTP/1.1 404) 6 headers in 231 bytes (1 switches on core 0)
2026-08-19 21:47:51.232 7 INFO placement.requestlog [None req-135dca20-9a61-4ea3-b365-07669f89ea3e 57f71e8dc5f44be5a98551abbe9c0462 13bfd4c561f94b78afed15edeeae0538 - - 6c63ae997808455e97ea92cd841a75e6 6c63ae997808455e97ea92cd841a75e6] 10.0.0.99 "DELETE /resource_providers/a918a2bb-895f-47fc-b4a6-a65397e6b797" status: 404 len: 246 microversion: 1.1 [pid: 7|app: 0|req: 553/1110] 10.0.0.99 () {34 vars in 814 bytes} [Wed Aug 19 21:47:51 2026] DELETE /resource_providers/a918a2bb-895f-47fc-b4a6-a65397e6b797 => generated 246 bytes in 12 msecs (HTTP/1.1 404) 6 headers in 231 bytes (1 switches on core 0)
2026-08-19 21:47:53.976 8 INFO placement.requestlog [None req-36753f4d-9380-449b-b294-eed3112561e7 - - - - - -] 10.0.0.225 "GET /" status: 200 len: 136 microversion: 1.0
2026-08-19 21:47:53.976 7 INFO placement.requestlog [None req-15e1fbfa-a149-46f2-a667-5d21f5552bed - - - - - -] 10.0.0.225 "GET /" status: 200 len: 136 microversion: 1.0
2026-08-19 21:47:55.084 8 INFO placement.requestlog [None req-b41c8457-966c-4709-8584-066ffef8159e 57f71e8dc5f44be5a98551abbe9c0462 13bfd4c561f94b78afed15edeeae0538 - - 6c63ae997808455e97ea92cd841a75e6 6c63ae997808455e97ea92cd841a75e6] 10.0.0.99 "GET /resource_providers/8e8a46b7-a92f-4f75-8c5d-e8879db9714a/aggregates" status: 404 len: 235 microversion: 1.1 [pid: 8|app: 0|req: 559/1113] 10.0.0.99 () {32 vars in 814 bytes} [Wed Aug 19 21:47:55 2026] GET /resource_providers/8e8a46b7-a92f-4f75-8c5d-e8879db9714a/aggregates => generated 235 bytes in 10 msecs (HTTP/1.1 404) 5 headers in 202 bytes (1 switches on core 0)
2026-08-19 21:47:55.087 7 INFO placement.requestlog [None req-ddb93f3a-97a1-4096-b763-d44f84cacd6b 57f71e8dc5f44be5a98551abbe9c0462 13bfd4c561f94b78afed15edeeae0538 - - 6c63ae997808455e97ea92cd841a75e6 6c63ae997808455e97ea92cd841a75e6] 10.0.0.99 "GET /resource_providers/8e8a46b7-a92f-4f75-8c5d-e8879db9714a/aggregates" status: 404 len: 235 microversion: 1.1 [pid: 7|app: 0|req: 555/1114] 10.0.0.99 () {32 vars in 814 bytes} [Wed Aug 19 21:47:55 2026] GET /resource_providers/8e8a46b7-a92f-4f75-8c5d-e8879db9714a/aggregates => generated 235 bytes in 9 msecs (HTTP/1.1 404) 5 headers in 202 bytes (1 switches on core 0)
2026-08-19 21:47:55.112 8 INFO placement.requestlog [None req-16726311-4d92-4e8b-8e4a-40b89219bfb7 57f71e8dc5f44be5a98551abbe9c0462 13bfd4c561f94b78afed15edeeae0538 - - 6c63ae997808455e97ea92cd841a75e6 6c63ae997808455e97ea92cd841a75e6] 10.0.0.99 "DELETE /resource_providers/8e8a46b7-a92f-4f75-8c5d-e8879db9714a" status: 404 len: 246 microversion: 1.1 [pid: 8|app: 0|req: 560/1115] 10.0.0.99 () {34 vars in 814 bytes} [Wed Aug 19 21:47:55 2026] DELETE /resource_providers/8e8a46b7-a92f-4f75-8c5d-e8879db9714a => generated 246 bytes in 8 msecs (HTTP/1.1 404) 6 headers in 231 bytes (1 switches on core 0)
2026-08-19 21:47:55.116 7 INFO placement.requestlog [None req-330117a4-13a7-4471-b259-c6a5cc6174bc 57f71e8dc5f44be5a98551abbe9c0462 13bfd4c561f94b78afed15edeeae0538 - - 6c63ae997808455e97ea92cd841a75e6 6c63ae997808455e97ea92cd841a75e6] 10.0.0.99 "DELETE /resource_providers/8e8a46b7-a92f-4f75-8c5d-e8879db9714a" status: 404 len: 246 microversion: 1.1 [pid: 7|app: 0|req: 556/1116] 10.0.0.99 () {34 vars in 814 bytes} [Wed Aug 19 21:47:55 2026] DELETE /resource_providers/8e8a46b7-a92f-4f75-8c5d-e8879db9714a => generated 246 bytes in 12 msecs (HTTP/1.1 404) 6 headers in 231 bytes (1 switches on core 0)
2026-08-19 21:47:59.917 7 INFO placement.requestlog [None req-2a360ab1-e282-4ca2-95a8-1e8283802e75 57f71e8dc5f44be5a98551abbe9c0462 13bfd4c561f94b78afed15edeeae0538 - - 6c63ae997808455e97ea92cd841a75e6 6c63ae997808455e97ea92cd841a75e6] 10.0.0.99 "GET /resource_providers/d6344b4e-0af0-4ab3-8416-ff627e4b3168/aggregates" status: 404 len: 235 microversion: 1.1 [pid: 7|app: 0|req: 557/1117] 10.0.0.99 () {32 vars in 814 bytes} [Wed Aug 19 21:47:59 2026] GET /resource_providers/d6344b4e-0af0-4ab3-8416-ff627e4b3168/aggregates => generated 235 bytes in 15 msecs (HTTP/1.1 404) 5 headers in 202 bytes (1 switches on core 0)
2026-08-19 21:47:59.919 8 INFO placement.requestlog [None req-7f671415-bf5a-40a3-8fab-ca7308e4a4e2 57f71e8dc5f44be5a98551abbe9c0462 13bfd4c561f94b78afed15edeeae0538 - - 6c63ae997808455e97ea92cd841a75e6 6c63ae997808455e97ea92cd841a75e6] 10.0.0.99 "GET /resource_providers/d6344b4e-0af0-4ab3-8416-ff627e4b3168/aggregates" status: 404 len: 235 microversion: 1.1 [pid: 8|app: 0|req: 561/1118] 10.0.0.99 () {32 vars in 814 bytes} [Wed Aug 19 21:47:59 2026] GET /resource_providers/d6344b4e-0af0-4ab3-8416-ff627e4b3168/aggregates => generated 235 bytes in 19 msecs (HTTP/1.1 404) 5 headers in 202 bytes (1 switches on core 0)
2026-08-19 21:47:59.950 7 INFO placement.requestlog [None req-8c6fe8d2-6f59-4982-b66d-fcff94c276a9 57f71e8dc5f44be5a98551abbe9c0462 13bfd4c561f94b78afed15edeeae0538 - - 6c63ae997808455e97ea92cd841a75e6 6c63ae997808455e97ea92cd841a75e6] 10.0.0.99 "DELETE /resource_providers/d6344b4e-0af0-4ab3-8416-ff627e4b3168" status: 404 len: 246 microversion: 1.1 [pid: 7|app: 0|req: 558/1119] 10.0.0.99 () {34 vars in 814 bytes} [Wed Aug 19 21:47:59 2026] DELETE /resource_providers/d6344b4e-0af0-4ab3-8416-ff627e4b3168 => generated 246 bytes in 16 msecs (HTTP/1.1 404) 6 headers in 231 bytes (1 switches on core 0)
2026-08-19 21:47:59.950 8 INFO placement.requestlog [None req-1229f029-7807-4867-8730-0d3af353535c 57f71e8dc5f44be5a98551abbe9c0462 13bfd4c561f94b78afed15edeeae0538 - - 6c63ae997808455e97ea92cd841a75e6 6c63ae997808455e97ea92cd841a75e6] 10.0.0.99 "DELETE /resource_providers/d6344b4e-0af0-4ab3-8416-ff627e4b3168" status: 404 len: 246 microversion: 1.1 [pid: 8|app: 0|req: 562/1120] 10.0.0.99 () {34 vars in 814 bytes} [Wed Aug 19 21:47:59 2026] DELETE /resource_providers/d6344b4e-0af0-4ab3-8416-ff627e4b3168 => generated 246 bytes in 14 msecs (HTTP/1.1 404) 6 headers in 231 bytes (1 switches on core 0)
2026-08-19 21:48:03.976 7 INFO placement.requestlog [None req-b03aa908-0273-440e-8f36-34a59fd4de9a - - - - - -] 10.0.0.225 "GET /" status: 200 len: 136 microversion: 1.0
2026-08-19 21:48:03.976 8 INFO placement.requestlog [None req-60db6626-822b-4d69-8735-46b1079042de - - - - - -] 10.0.0.225 "GET /" status: 200 len: 136 microversion: 1.0
2026-08-19 21:48:04.436 7 INFO placement.requestlog [req-95a6f291-e1ef-4c60-b2bb-548e157f116c req-8371e8f3-953a-487a-aba7-af7fb6c6bd43 ac0170fa1bc445a49fe918e3d14db76e 13bfd4c561f94b78afed15edeeae0538 - - 6c63ae997808455e97ea92cd841a75e6 6c63ae997808455e97ea92cd841a75e6] 10.0.0.183 "GET /allocation_candidates?limit=1000&resources=MEMORY_MB%3A2048%2CVCPU%3A2&root_required=%21COMPUTE_STATUS_DISABLED" status: 200 len: 2432 microversion: 1.36 [pid: 7|app: 0|req: 560/1123] 10.0.0.183 () {34 vars in 985 bytes} [Wed Aug 19 21:48:04 2026] GET /allocation_candidates?limit=1000&resources=MEMORY_MB%3A2048%2CVCPU%3A2&root_required=%21COMPUTE_STATUS_DISABLED => generated 2432 bytes in 50 msecs (HTTP/1.1 200) 8 headers in 297 bytes (1 switches on core 0)
2026-08-19 21:48:04.468 8 INFO placement.requestlog [req-95a6f291-e1ef-4c60-b2bb-548e157f116c req-3be6e570-f7a3-40dd-81c9-9ef10d5872a1 ac0170fa1bc445a49fe918e3d14db76e 13bfd4c561f94b78afed15edeeae0538 - - 6c63ae997808455e97ea92cd841a75e6 6c63ae997808455e97ea92cd841a75e6] 10.0.0.183 "GET /allocations/38b203f4-310a-4364-9186-21680fd471f2" status: 200 len: 19 microversion: 1.28 [pid: 8|app: 0|req: 564/1124] 10.0.0.183 () {34 vars in 860 bytes} [Wed Aug 19 21:48:04 2026] GET /allocations/38b203f4-310a-4364-9186-21680fd471f2 => generated 19 bytes in 16 msecs (HTTP/1.1 200) 8 headers in 295 bytes (1 switches on core 0)
2026-08-19 21:48:04.534 7 INFO placement.requestlog [req-95a6f291-e1ef-4c60-b2bb-548e157f116c req-715fd4b0-98ac-491c-a235-b9b3539d338d ac0170fa1bc445a49fe918e3d14db76e 13bfd4c561f94b78afed15edeeae0538 - - 6c63ae997808455e97ea92cd841a75e6 6c63ae997808455e97ea92cd841a75e6] 10.0.0.183 "PUT /allocations/38b203f4-310a-4364-9186-21680fd471f2" status: 204 len: 0 microversion: 1.36 [pid: 7|app: 0|req: 561/1125] 10.0.0.183 () {38 vars in 913 bytes} [Wed Aug 19 21:48:04 2026] PUT /allocations/38b203f4-310a-4364-9186-21680fd471f2 => generated 0 bytes in 59 msecs (HTTP/1.1 204) 5 headers in 199 bytes (1 switches on core 0)
