Jun 18 01:08:25.086762 np0000181742 devstack@neutron-api.service[107213]: DEBUG neutron.api.extensions [None req-4dbc12eb-2718-4c4a-a242-3b47d58e7251 None None] Loading extension file: trunk.py {{(pid=107213) _load_all_extensions_from_path /opt/stack/neutron/neutron/api/extensions.py:449}}
Jun 18 01:08:25.086762 np0000181742 devstack@neutron-api.service[107213]: DEBUG neutron.api.extensions [None req-4dbc12eb-2718-4c4a-a242-3b47d58e7251 None None] Ext name="Trunk Extension" alias="trunk" description="Provides support for trunk ports" updated="2016-01-01T10:00:00-00:00" {{(pid=107213) _check_extension /opt/stack/neutron/neutron/api/extensions.py:415}}
Jun 18 01:08:25.086919 np0000181742 devstack@neutron-api.service[107214]: DEBUG neutron.api.extensions [None req-5c3c7b71-29c0-40a5-b12b-1b780e47fb5f None None] Extended resource: l3-agents {{(pid=107214) __init__ /opt/stack/neutron/neutron/api/extensions.py:156}}
Jun 18 01:08:25.086978 np0000181742 devstack@neutron-api.service[107213]: INFO neutron.api.extensions [None req-4dbc12eb-2718-4c4a-a242-3b47d58e7251 None None] Extension trunk not supported by any of loaded plugins
Jun 18 01:08:25.086978 np0000181742 devstack@neutron-api.service[107213]: DEBUG neutron.api.extensions [None req-4dbc12eb-2718-4c4a-a242-3b47d58e7251 None None] Loading extension file: trunk_details.py {{(pid=107213) _load_all_extensions_from_path /opt/stack/neutron/neutron/api/extensions.py:449}}
Jun 18 01:08:25.087057 np0000181742 devstack@neutron-api.service[107215]: DEBUG neutron.api.extensions [None req-9d0abeb5-5a10-41be-905c-d4d482bf14bc None None] Extended resource: tags {{(pid=107215) __init__ /opt/stack/neutron/neutron/api/extensions.py:156}}
Jun 18 01:08:25.087123 np0000181742 devstack@neutron-api.service[107213]: DEBUG neutron.api.extensions [None req-4dbc12eb-2718-4c4a-a242-3b47d58e7251 None None] Ext name="Trunk port details" alias="trunk-details" description="Expose trunk port details" updated="2016-01-01T10:00:00-00:00" {{(pid=107213) _check_extension /opt/stack/neutron/neutron/api/extensions.py:415}}
Jun 18 01:08:25.087123 np0000181742 devstack@neutron-api.service[107213]: INFO neutron.api.extensions [None req-4dbc12eb-2718-4c4a-a242-3b47d58e7251 None None] Extension trunk-details not supported by any of loaded plugins
Jun 18 01:08:25.087123 np0000181742 devstack@neutron-api.service[107213]: DEBUG neutron.api.extensions [None req-4dbc12eb-2718-4c4a-a242-3b47d58e7251 None None] Loading extension file: uplink_status_propagation.py {{(pid=107213) _load_all_extensions_from_path /opt/stack/neutron/neutron/api/extensions.py:449}}
Jun 18 01:08:25.087232 np0000181742 devstack@neutron-api.service[107214]: DEBUG neutron.api.extensions [None req-5c3c7b71-29c0-40a5-b12b-1b780e47fb5f None None] Extended resource: network-ip-availabilities {{(pid=107214) __init__ /opt/stack/neutron/neutron/api/extensions.py:156}}
Jun 18 01:08:25.087294 np0000181742 devstack@neutron-api.service[107213]: DEBUG neutron.api.extensions [None req-4dbc12eb-2718-4c4a-a242-3b47d58e7251 None None] Ext name="Uplink status propagation extension" alias="uplink-status-propagation" description="Provides ability to propagate port uplink status." updated="2018-05-31T18:00:00-00:00" {{(pid=107213) _check_extension /opt/stack/neutron/neutron/api/extensions.py:415}}
Jun 18 01:08:25.087294 np0000181742 devstack@neutron-api.service[107213]: INFO neutron.api.extensions [None req-4dbc12eb-2718-4c4a-a242-3b47d58e7251 None None] Extension uplink-status-propagation not supported by any of loaded plugins
Jun 18 01:08:25.087294 np0000181742 devstack@neutron-api.service[107213]: DEBUG neutron.api.extensions [None req-4dbc12eb-2718-4c4a-a242-3b47d58e7251 None None] Loading extension file: uplink_status_propagation_updatable.py {{(pid=107213) _load_all_extensions_from_path /opt/stack/neutron/neutron/api/extensions.py:449}}
Jun 18 01:08:25.087396 np0000181742 devstack@neutron-api.service[107215]: DEBUG neutron.api.extensions [None req-9d0abeb5-5a10-41be-905c-d4d482bf14bc None None] Extended resource: tags {{(pid=107215) __init__ /opt/stack/neutron/neutron/api/extensions.py:156}}
Jun 18 01:08:25.087454 np0000181742 devstack@neutron-api.service[107214]: DEBUG neutron.api.extensions [None req-5c3c7b71-29c0-40a5-b12b-1b780e47fb5f None None] Extended resource: network-ip-availabilities {{(pid=107214) __init__ /opt/stack/neutron/neutron/api/extensions.py:156}}
Jun 18 01:08:25.087518 np0000181742 devstack@neutron-api.service[107213]: DEBUG neutron.api.extensions [None req-4dbc12eb-2718-4c4a-a242-3b47d58e7251 None None] Ext name="Uplink status propagation updatable extension" alias="uplink-status-propagation-updatable" description="Provides ability to update the port uplink status." updated="2024-09-03T18:00:00-00:00" {{(pid=107213) _check_extension /opt/stack/neutron/neutron/api/extensions.py:415}}
Jun 18 01:08:25.087518 np0000181742 devstack@neutron-api.service[107213]: INFO neutron.api.extensions [None req-4dbc12eb-2718-4c4a-a242-3b47d58e7251 None None] Extension uplink-status-propagation-updatable not supported by any of loaded plugins
Jun 18 01:08:25.087518 np0000181742 devstack@neutron-api.service[107213]: DEBUG neutron.api.extensions [None req-4dbc12eb-2718-4c4a-a242-3b47d58e7251 None None] Loading extension file: vlantransparent.py {{(pid=107213) _load_all_extensions_from_path /opt/stack/neutron/neutron/api/extensions.py:449}}
Jun 18 01:08:25.087642 np0000181742 devstack@neutron-api.service[107214]: DEBUG neutron.api.extensions [None req-5c3c7b71-29c0-40a5-b12b-1b780e47fb5f None None] Extended resource: bindings {{(pid=107214) __init__ /opt/stack/neutron/neutron/api/extensions.py:156}}
Jun 18 01:08:25.087702 np0000181742 devstack@neutron-api.service[107213]: DEBUG neutron.api.extensions [None req-4dbc12eb-2718-4c4a-a242-3b47d58e7251 None None] Ext name="Vlantransparent" alias="vlan-transparent" description="Provides Vlan Transparent Networks" updated="2015-03-23T09:00:00-00:00" {{(pid=107213) _check_extension /opt/stack/neutron/neutron/api/extensions.py:415}}
Jun 18 01:08:25.087761 np0000181742 devstack@neutron-api.service[107215]: DEBUG neutron.api.extensions [None req-9d0abeb5-5a10-41be-905c-d4d482bf14bc None None] Extended resource: tags {{(pid=107215) __init__ /opt/stack/neutron/neutron/api/extensions.py:156}}
Jun 18 01:08:25.087819 np0000181742 devstack@neutron-api.service[107213]: INFO neutron.api.extensions [None req-4dbc12eb-2718-4c4a-a242-3b47d58e7251 None None] Loaded extension: vlan-transparent
Jun 18 01:08:25.087880 np0000181742 devstack@neutron-api.service[107215]: DEBUG neutron.api.extensions [None req-9d0abeb5-5a10-41be-905c-d4d482bf14bc None None] Extended resource: tags {{(pid=107215) __init__ /opt/stack/neutron/neutron/api/extensions.py:156}}
Jun 18 01:08:25.087939 np0000181742 devstack@neutron-api.service[107214]: DEBUG neutron.api.extensions [None req-5c3c7b71-29c0-40a5-b12b-1b780e47fb5f None None] Extended resource: quotas {{(pid=107214) __init__ /opt/stack/neutron/neutron/api/extensions.py:156}}
Jun 18 01:08:25.088007 np0000181742 devstack@neutron-api.service[107213]: INFO neutron.quota.resource_registry [None req-4dbc12eb-2718-4c4a-a242-3b47d58e7251 None None] Creating instance of TrackedResource for resource:network
Jun 18 01:08:25.088072 np0000181742 devstack@neutron-api.service[107214]: DEBUG neutron.api.extensions [None req-5c3c7b71-29c0-40a5-b12b-1b780e47fb5f None None] Extended resource: quotas {{(pid=107214) __init__ /opt/stack/neutron/neutron/api/extensions.py:156}}
Jun 18 01:08:25.088138 np0000181742 devstack@neutron-api.service[107213]: INFO neutron.quota.resource_registry [None req-4dbc12eb-2718-4c4a-a242-3b47d58e7251 None None] Creating instance of TrackedResource for resource:subnet
Jun 18 01:08:25.088138 np0000181742 devstack@neutron-api.service[107213]: INFO neutron.quota.resource_registry [None req-4dbc12eb-2718-4c4a-a242-3b47d58e7251 None None] Creating instance of TrackedResource for resource:subnetpool
Jun 18 01:08:25.088138 np0000181742 devstack@neutron-api.service[107213]: INFO neutron.quota.resource_registry [None req-4dbc12eb-2718-4c4a-a242-3b47d58e7251 None None] Creating instance of TrackedResource for resource:port
Jun 18 01:08:25.088266 np0000181742 devstack@neutron-api.service[107214]: DEBUG neutron.api.extensions [None req-5c3c7b71-29c0-40a5-b12b-1b780e47fb5f None None] Extended resource: rbac-policies {{(pid=107214) __init__ /opt/stack/neutron/neutron/api/extensions.py:156}}
Jun 18 01:08:25.088266 np0000181742 devstack@neutron-api.service[107214]: DEBUG neutron.api.extensions [None req-5c3c7b71-29c0-40a5-b12b-1b780e47fb5f None None] Extended resource: default-security-group-rules {{(pid=107214) __init__ /opt/stack/neutron/neutron/api/extensions.py:156}}
Jun 18 01:08:25.088359 np0000181742 devstack@neutron-api.service[107213]: DEBUG neutron.api.v2.resource_helper [None req-4dbc12eb-2718-4c4a-a242-3b47d58e7251 None None] Service L3_ROUTER_NAT assigned prefix: {{(pid=107213) build_resource_info /opt/stack/neutron/neutron/api/v2/resource_helper.py:77}}
Jun 18 01:08:25.088419 np0000181742 devstack@neutron-api.service[107214]: DEBUG neutron.api.extensions [None req-5c3c7b71-29c0-40a5-b12b-1b780e47fb5f None None] Extended resource: security-groups {{(pid=107214) __init__ /opt/stack/neutron/neutron/api/extensions.py:156}}
Jun 18 01:08:25.088479 np0000181742 devstack@neutron-api.service[107213]: DEBUG neutron.api.v2.resource_helper [None req-4dbc12eb-2718-4c4a-a242-3b47d58e7251 None None] Service FLAVORS assigned prefix: {{(pid=107213) build_resource_info /opt/stack/neutron/neutron/api/v2/resource_helper.py:77}}
Jun 18 01:08:25.088546 np0000181742 devstack@neutron-api.service[107214]: DEBUG neutron.api.extensions [None req-5c3c7b71-29c0-40a5-b12b-1b780e47fb5f None None] Extended resource: security-group-rules {{(pid=107214) __init__ /opt/stack/neutron/neutron/api/extensions.py:156}}
Jun 18 01:08:25.088546 np0000181742 devstack@neutron-api.service[107214]: DEBUG neutron.api.extensions [None req-5c3c7b71-29c0-40a5-b12b-1b780e47fb5f None None] Extended resource: service-providers {{(pid=107214) __init__ /opt/stack/neutron/neutron/api/extensions.py:156}}
Jun 18 01:08:25.088656 np0000181742 devstack@neutron-api.service[107213]: DEBUG neutron.api.v2.resource_helper [None req-4dbc12eb-2718-4c4a-a242-3b47d58e7251 None None] Service L3_ROUTER_NAT assigned prefix: {{(pid=107213) build_resource_info /opt/stack/neutron/neutron/api/v2/resource_helper.py:77}}
Jun 18 01:08:25.088713 np0000181742 devstack@neutron-api.service[107214]: DEBUG neutron.api.extensions [None req-5c3c7b71-29c0-40a5-b12b-1b780e47fb5f None None] Extended resource: subnetpools {{(pid=107214) __init__ /opt/stack/neutron/neutron/api/extensions.py:156}}
Jun 18 01:08:25.088836 np0000181742 devstack@neutron-api.service[107213]: DEBUG neutron.api.v2.resource_helper [None req-4dbc12eb-2718-4c4a-a242-3b47d58e7251 None None] Service L3_ROUTER_NAT assigned prefix: {{(pid=107213) build_resource_info /opt/stack/neutron/neutron/api/v2/resource_helper.py:77}}
Jun 18 01:08:25.088836 np0000181742 devstack@neutron-api.service[107213]: INFO neutron.quota.resource_registry [None req-4dbc12eb-2718-4c4a-a242-3b47d58e7251 None None] Creating instance of TrackedResource for resource:router
Jun 18 01:08:25.088925 np0000181742 devstack@neutron-api.service[107214]: DEBUG neutron.api.extensions [None req-5c3c7b71-29c0-40a5-b12b-1b780e47fb5f None None] Extended resource: subnetpools {{(pid=107214) __init__ /opt/stack/neutron/neutron/api/extensions.py:156}}
Jun 18 01:08:25.088987 np0000181742 devstack@neutron-api.service[107213]: INFO neutron.quota.resource_registry [None req-4dbc12eb-2718-4c4a-a242-3b47d58e7251 None None] Creating instance of TrackedResource for resource:floatingip
Jun 18 01:08:25.089046 np0000181742 devstack@neutron-api.service[107214]: DEBUG neutron.api.extensions [None req-5c3c7b71-29c0-40a5-b12b-1b780e47fb5f None None] Extended resource: tags {{(pid=107214) __init__ /opt/stack/neutron/neutron/api/extensions.py:156}}
Jun 18 01:08:25.089107 np0000181742 devstack@neutron-api.service[107213]: INFO neutron.quota.resource_registry [None req-4dbc12eb-2718-4c4a-a242-3b47d58e7251 None None] Creating instance of CountableResource for resource:rbac_policy
Jun 18 01:08:25.089160 np0000181742 devstack@neutron-api.service[107214]: DEBUG neutron.api.extensions [None req-5c3c7b71-29c0-40a5-b12b-1b780e47fb5f None None] Extended resource: tags {{(pid=107214) __init__ /opt/stack/neutron/neutron/api/extensions.py:156}}
Jun 18 01:08:25.089216 np0000181742 devstack@neutron-api.service[107213]: INFO neutron.quota.resource_registry [None req-4dbc12eb-2718-4c4a-a242-3b47d58e7251 None None] Creating instance of TrackedResource for resource:security_group
Jun 18 01:08:25.089216 np0000181742 devstack@neutron-api.service[107213]: INFO neutron.quota.resource_registry [None req-4dbc12eb-2718-4c4a-a242-3b47d58e7251 None None] Creating instance of TrackedResource for resource:security_group_rule
Jun 18 01:08:25.089303 np0000181742 devstack@neutron-api.service[107214]: DEBUG neutron.api.extensions [None req-5c3c7b71-29c0-40a5-b12b-1b780e47fb5f None None] Extended resource: tags {{(pid=107214) __init__ /opt/stack/neutron/neutron/api/extensions.py:156}}
Jun 18 01:08:25.089363 np0000181742 devstack@neutron-api.service[107213]: DEBUG neutron.api.v2.resource_helper [None req-4dbc12eb-2718-4c4a-a242-3b47d58e7251 None None] Service CORE assigned prefix: {{(pid=107213) build_resource_info /opt/stack/neutron/neutron/api/v2/resource_helper.py:77}}
Jun 18 01:08:25.089363 np0000181742 devstack@neutron-api.service[107213]: INFO neutron.quota.resource_registry [None req-4dbc12eb-2718-4c4a-a242-3b47d58e7251 None None] Creating instance of TrackedResource for resource:subnetpool
Jun 18 01:08:25.089363 np0000181742 devstack@neutron-api.service[107213]: WARNING neutron.quota.resource_registry [None req-4dbc12eb-2718-4c4a-a242-3b47d58e7251 None None] subnetpool is already registered
Jun 18 01:08:25.089464 np0000181742 devstack@neutron-api.service[107214]: DEBUG neutron.api.extensions [None req-5c3c7b71-29c0-40a5-b12b-1b780e47fb5f None None] Extended resource: tags {{(pid=107214) __init__ /opt/stack/neutron/neutron/api/extensions.py:156}}
Jun 18 01:08:25.089530 np0000181742 devstack@neutron-api.service[107213]: DEBUG neutron.api.v2.resource_helper [None req-4dbc12eb-2718-4c4a-a242-3b47d58e7251 None None] Service CORE assigned prefix: {{(pid=107213) build_resource_info /opt/stack/neutron/neutron/api/v2/resource_helper.py:77}}
Jun 18 01:08:25.089530 np0000181742 devstack@neutron-api.service[107213]: INFO neutron.quota.resource_registry [None req-4dbc12eb-2718-4c4a-a242-3b47d58e7251 None None] Creating instance of TrackedResource for resource:subnetpool
Jun 18 01:08:25.089625 np0000181742 devstack@neutron-api.service[107214]: DEBUG neutron.api.extensions [None req-5c3c7b71-29c0-40a5-b12b-1b780e47fb5f None None] Extended resource: tags {{(pid=107214) __init__ /opt/stack/neutron/neutron/api/extensions.py:156}}
Jun 18 01:08:25.089682 np0000181742 devstack@neutron-api.service[107213]: WARNING neutron.quota.resource_registry [None req-4dbc12eb-2718-4c4a-a242-3b47d58e7251 None None] subnetpool is already registered
Jun 18 01:08:25.089739 np0000181742 devstack@neutron-api.service[107215]: DEBUG neutron_lib.callbacks.manager [None req-9d0abeb5-5a10-41be-905c-d4d482bf14bc None None] Publish callbacks ['neutron.plugins.ml2.drivers.ovn.mech_driver.mech_driver.OVNMechanismDriver.pre_fork_initialize-4028638'] for process (None), before_spawn {{(pid=107215) _notify_loop /opt/stack/data/venv/lib/python3.12/site-packages/neutron_lib/callbacks/manager.py:184}}
Jun 18 01:08:25.089798 np0000181742 devstack@neutron-api.service[107214]: DEBUG neutron.api.extensions [None req-5c3c7b71-29c0-40a5-b12b-1b780e47fb5f None None] Extended resource: tags {{(pid=107214) __init__ /opt/stack/neutron/neutron/api/extensions.py:156}}
Jun 18 01:08:25.089855 np0000181742 devstack@neutron-api.service[107215]: DEBUG oslo_concurrency.processutils [None req-9d0abeb5-5a10-41be-905c-d4d482bf14bc None None] Running cmd (subprocess): ovsdb-client transact ssl:199.19.213.170:6641 --timeout 180 -p /opt/stack/data/CA/int-ca/private/devstack-cert.key -c /opt/stack/data/CA/int-ca/devstack-cert.crt -C /opt/stack/data/CA/int-ca/ca-chain.pem ["OVN_Northbound", {"op": "wait", "timeout": 0, "table": "Port_Group", "where": [["name", "==", "neutron_pg_drop"]], "until": "==", "rows": []}, {"op": "insert", "table": "ACL", "row": {"action": "drop", "direction": "to-lport", "match": "outport == @neutron_pg_drop && ip", "priority": 1001}, "uuid-name": "droptoport"}, {"op": "insert", "table": "ACL", "row": {"action": "drop", "direction": "from-lport", "match": "inport == @neutron_pg_drop && ip", "priority": 1001}, "uuid-name": "dropfromport"}, {"op": "insert", "table": "Port_Group", "row": {"name": "neutron_pg_drop", "acls": ["set", [["named-uuid", "droptoport"], ["named-uuid", "dropfromport"]]]}}] {{(pid=107215) execute /opt/stack/data/venv/lib/python3.12/site-packages/oslo_concurrency/processutils.py:440}}
Jun 18 01:08:25.089956 np0000181742 devstack@neutron-api.service[107214]: DEBUG neutron.api.extensions [None req-5c3c7b71-29c0-40a5-b12b-1b780e47fb5f None None] Extended resource: tags {{(pid=107214) __init__ /opt/stack/neutron/neutron/api/extensions.py:156}}
Jun 18 01:08:25.090018 np0000181742 devstack@neutron-api.service[107213]: DEBUG neutron.api.v2.resource_helper [None req-4dbc12eb-2718-4c4a-a242-3b47d58e7251 None None] Service L3_ROUTER_NAT assigned prefix: {{(pid=107213) build_resource_info /opt/stack/neutron/neutron/api/v2/resource_helper.py:77}}
Jun 18 01:08:25.090079 np0000181742 devstack@neutron-api.service[107214]: DEBUG neutron.api.extensions [None req-5c3c7b71-29c0-40a5-b12b-1b780e47fb5f None None] Extended resource: tags {{(pid=107214) __init__ /opt/stack/neutron/neutron/api/extensions.py:156}}
Jun 18 01:08:25.090176 np0000181742 devstack@neutron-api.service[107213]: DEBUG neutron.api.v2.resource_helper [None req-4dbc12eb-2718-4c4a-a242-3b47d58e7251 None None] Service FLAVORS assigned prefix: {{(pid=107213) build_resource_info /opt/stack/neutron/neutron/api/v2/resource_helper.py:77}}
Jun 18 01:08:25.090251 np0000181742 devstack@neutron-api.service[107214]: DEBUG neutron.api.extensions [None req-5c3c7b71-29c0-40a5-b12b-1b780e47fb5f None None] Extended resource: tags {{(pid=107214) __init__ /opt/stack/neutron/neutron/api/extensions.py:156}}
Jun 18 01:08:25.090308 np0000181742 devstack@neutron-api.service[107213]: DEBUG neutron.api.v2.resource_helper [None req-4dbc12eb-2718-4c4a-a242-3b47d58e7251 None None] Service L3_ROUTER_NAT assigned prefix: {{(pid=107213) build_resource_info /opt/stack/neutron/neutron/api/v2/resource_helper.py:77}}
Jun 18 01:08:25.090366 np0000181742 devstack@neutron-api.service[107214]: DEBUG neutron.api.extensions [None req-5c3c7b71-29c0-40a5-b12b-1b780e47fb5f None None] Extended resource: tags {{(pid=107214) __init__ /opt/stack/neutron/neutron/api/extensions.py:156}}
Jun 18 01:08:25.090426 np0000181742 devstack@neutron-api.service[107213]: DEBUG neutron.api.v2.resource_helper [None req-4dbc12eb-2718-4c4a-a242-3b47d58e7251 None None] Service L3_ROUTER_NAT assigned prefix: {{(pid=107213) build_resource_info /opt/stack/neutron/neutron/api/v2/resource_helper.py:77}}
Jun 18 01:08:25.090426 np0000181742 devstack@neutron-api.service[107213]: INFO neutron.quota.resource_registry [None req-4dbc12eb-2718-4c4a-a242-3b47d58e7251 None None] Creating instance of TrackedResource for resource:router
Jun 18 01:08:25.090426 np0000181742 devstack@neutron-api.service[107213]: WARNING neutron.quota.resource_registry [None req-4dbc12eb-2718-4c4a-a242-3b47d58e7251 None None] router is already registered
Jun 18 01:08:25.090426 np0000181742 devstack@neutron-api.service[107213]: INFO neutron.quota.resource_registry [None req-4dbc12eb-2718-4c4a-a242-3b47d58e7251 None None] Creating instance of TrackedResource for resource:floatingip
Jun 18 01:08:25.090426 np0000181742 devstack@neutron-api.service[107213]: WARNING neutron.quota.resource_registry [None req-4dbc12eb-2718-4c4a-a242-3b47d58e7251 None None] floatingip is already registered
Jun 18 01:08:25.090426 np0000181742 devstack@neutron-api.service[107213]: INFO neutron.quota.resource_registry [None req-4dbc12eb-2718-4c4a-a242-3b47d58e7251 None None] Creating instance of CountableResource for resource:rbac_policy
Jun 18 01:08:25.090426 np0000181742 devstack@neutron-api.service[107213]: WARNING neutron.quota.resource_registry [None req-4dbc12eb-2718-4c4a-a242-3b47d58e7251 None None] rbac_policy is already registered
Jun 18 01:08:25.090426 np0000181742 devstack@neutron-api.service[107213]: INFO neutron.quota.resource_registry [None req-4dbc12eb-2718-4c4a-a242-3b47d58e7251 None None] Creating instance of TrackedResource for resource:security_group
Jun 18 01:08:25.090426 np0000181742 devstack@neutron-api.service[107213]: WARNING neutron.quota.resource_registry [None req-4dbc12eb-2718-4c4a-a242-3b47d58e7251 None None] security_group is already registered
Jun 18 01:08:25.090426 np0000181742 devstack@neutron-api.service[107213]: INFO neutron.quota.resource_registry [None req-4dbc12eb-2718-4c4a-a242-3b47d58e7251 None None] Creating instance of TrackedResource for resource:security_group_rule
Jun 18 01:08:25.090426 np0000181742 devstack@neutron-api.service[107213]: WARNING neutron.quota.resource_registry [None req-4dbc12eb-2718-4c4a-a242-3b47d58e7251 None None] security_group_rule is already registered
Jun 18 01:08:25.090713 np0000181742 devstack@neutron-api.service[107213]: DEBUG neutron.api.v2.resource_helper [None req-4dbc12eb-2718-4c4a-a242-3b47d58e7251 None None] Service CORE assigned prefix: {{(pid=107213) build_resource_info /opt/stack/neutron/neutron/api/v2/resource_helper.py:77}}
Jun 18 01:08:25.090713 np0000181742 devstack@neutron-api.service[107213]: INFO neutron.quota.resource_registry [None req-4dbc12eb-2718-4c4a-a242-3b47d58e7251 None None] Creating instance of TrackedResource for resource:subnetpool
Jun 18 01:08:25.090713 np0000181742 devstack@neutron-api.service[107213]: WARNING neutron.quota.resource_registry [None req-4dbc12eb-2718-4c4a-a242-3b47d58e7251 None None] subnetpool is already registered
Jun 18 01:08:25.090713 np0000181742 devstack@neutron-api.service[107213]: DEBUG neutron.api.v2.resource_helper [None req-4dbc12eb-2718-4c4a-a242-3b47d58e7251 None None] Service CORE assigned prefix: {{(pid=107213) build_resource_info /opt/stack/neutron/neutron/api/v2/resource_helper.py:77}}
Jun 18 01:08:25.090713 np0000181742 devstack@neutron-api.service[107213]: INFO neutron.quota.resource_registry [None req-4dbc12eb-2718-4c4a-a242-3b47d58e7251 None None] Creating instance of TrackedResource for resource:subnetpool
Jun 18 01:08:25.090713 np0000181742 devstack@neutron-api.service[107213]: WARNING neutron.quota.resource_registry [None req-4dbc12eb-2718-4c4a-a242-3b47d58e7251 None None] subnetpool is already registered
Jun 18 01:08:25.090713 np0000181742 devstack@neutron-api.service[107213]: DEBUG neutron.api.extensions [None req-4dbc12eb-2718-4c4a-a242-3b47d58e7251 None None] Extended resource: extensions {{(pid=107213) __init__ /opt/stack/neutron/neutron/api/extensions.py:156}}
Jun 18 01:08:25.090713 np0000181742 devstack@neutron-api.service[107213]: DEBUG neutron.api.extensions [None req-4dbc12eb-2718-4c4a-a242-3b47d58e7251 None None] Extended resource: address-groups {{(pid=107213) __init__ /opt/stack/neutron/neutron/api/extensions.py:156}}
Jun 18 01:08:25.090713 np0000181742 devstack@neutron-api.service[107213]: DEBUG neutron.api.extensions [None req-4dbc12eb-2718-4c4a-a242-3b47d58e7251 None None] Extended resource: address-scopes {{(pid=107213) __init__ /opt/stack/neutron/neutron/api/extensions.py:156}}
Jun 18 01:08:25.090974 np0000181742 devstack@neutron-api.service[107213]: DEBUG neutron.api.extensions [None req-4dbc12eb-2718-4c4a-a242-3b47d58e7251 None None] Extended resource: agents {{(pid=107213) __init__ /opt/stack/neutron/neutron/api/extensions.py:156}}
Jun 18 01:08:25.090974 np0000181742 devstack@neutron-api.service[107213]: DEBUG neutron.api.extensions [None req-4dbc12eb-2718-4c4a-a242-3b47d58e7251 None None] Extended resource: auto-allocated-topology {{(pid=107213) __init__ /opt/stack/neutron/neutron/api/extensions.py:156}}
Jun 18 01:08:25.090974 np0000181742 devstack@neutron-api.service[107213]: DEBUG neutron.api.extensions [None req-4dbc12eb-2718-4c4a-a242-3b47d58e7251 None None] Extended resource: availability_zones {{(pid=107213) __init__ /opt/stack/neutron/neutron/api/extensions.py:156}}
Jun 18 01:08:25.091079 np0000181742 devstack@neutron-api.service[107214]: DEBUG neutron_lib.callbacks.manager [None req-5c3c7b71-29c0-40a5-b12b-1b780e47fb5f None None] Publish callbacks ['neutron.plugins.ml2.drivers.ovn.mech_driver.mech_driver.OVNMechanismDriver.pre_fork_initialize-4001376'] for process (None), before_spawn {{(pid=107214) _notify_loop /opt/stack/data/venv/lib/python3.12/site-packages/neutron_lib/callbacks/manager.py:184}}
Jun 18 01:08:25.091186 np0000181742 devstack@neutron-api.service[107213]: DEBUG neutron.api.extensions [None req-4dbc12eb-2718-4c4a-a242-3b47d58e7251 None None] Extended resource: dhcp-networks {{(pid=107213) __init__ /opt/stack/neutron/neutron/api/extensions.py:156}}
Jun 18 01:08:25.091251 np0000181742 devstack@neutron-api.service[107214]: DEBUG oslo_concurrency.processutils [None req-5c3c7b71-29c0-40a5-b12b-1b780e47fb5f None None] Running cmd (subprocess): ovsdb-client transact ssl:199.19.213.170:6641 --timeout 180 -p /opt/stack/data/CA/int-ca/private/devstack-cert.key -c /opt/stack/data/CA/int-ca/devstack-cert.crt -C /opt/stack/data/CA/int-ca/ca-chain.pem ["OVN_Northbound", {"op": "wait", "timeout": 0, "table": "Port_Group", "where": [["name", "==", "neutron_pg_drop"]], "until": "==", "rows": []}, {"op": "insert", "table": "ACL", "row": {"action": "drop", "direction": "to-lport", "match": "outport == @neutron_pg_drop && ip", "priority": 1001}, "uuid-name": "droptoport"}, {"op": "insert", "table": "ACL", "row": {"action": "drop", "direction": "from-lport", "match": "inport == @neutron_pg_drop && ip", "priority": 1001}, "uuid-name": "dropfromport"}, {"op": "insert", "table": "Port_Group", "row": {"name": "neutron_pg_drop", "acls": ["set", [["named-uuid", "droptoport"], ["named-uuid", "dropfromport"]]]}}] {{(pid=107214) execute /opt/stack/data/venv/lib/python3.12/site-packages/oslo_concurrency/processutils.py:440}}
Jun 18 01:08:25.091349 np0000181742 devstack@neutron-api.service[107213]: DEBUG neutron.api.extensions [None req-4dbc12eb-2718-4c4a-a242-3b47d58e7251 None None] Extended resource: dhcp-agents {{(pid=107213) __init__ /opt/stack/neutron/neutron/api/extensions.py:156}}
Jun 18 01:08:25.091349 np0000181742 devstack@neutron-api.service[107213]: DEBUG neutron.api.extensions [None req-4dbc12eb-2718-4c4a-a242-3b47d58e7251 None None] Extended resource: routers {{(pid=107213) __init__ /opt/stack/neutron/neutron/api/extensions.py:156}}
Jun 18 01:08:25.091349 np0000181742 devstack@neutron-api.service[107213]: DEBUG neutron.api.extensions [None req-4dbc12eb-2718-4c4a-a242-3b47d58e7251 None None] Extended resource: flavors {{(pid=107213) __init__ /opt/stack/neutron/neutron/api/extensions.py:156}}
Jun 18 01:08:25.091349 np0000181742 devstack@neutron-api.service[107213]: DEBUG neutron.api.extensions [None req-4dbc12eb-2718-4c4a-a242-3b47d58e7251 None None] Extended resource: service_profiles {{(pid=107213) __init__ /opt/stack/neutron/neutron/api/extensions.py:156}}
Jun 18 01:08:25.091349 np0000181742 devstack@neutron-api.service[107213]: DEBUG neutron.api.extensions [None req-4dbc12eb-2718-4c4a-a242-3b47d58e7251 None None] Extended resource: next_providers {{(pid=107213) __init__ /opt/stack/neutron/neutron/api/extensions.py:156}}
Jun 18 01:08:25.091349 np0000181742 devstack@neutron-api.service[107213]: DEBUG neutron.api.extensions [None req-4dbc12eb-2718-4c4a-a242-3b47d58e7251 None None] Extended resource: service_profiles {{(pid=107213) __init__ /opt/stack/neutron/neutron/api/extensions.py:156}}
Jun 18 01:08:25.091349 np0000181742 devstack@neutron-api.service[107213]: DEBUG neutron.api.extensions [None req-4dbc12eb-2718-4c4a-a242-3b47d58e7251 None None] Extended resource: floatingip-pools {{(pid=107213) __init__ /opt/stack/neutron/neutron/api/extensions.py:156}}
Jun 18 01:08:25.091349 np0000181742 devstack@neutron-api.service[107213]: DEBUG neutron.api.extensions [None req-4dbc12eb-2718-4c4a-a242-3b47d58e7251 None None] Extended resource: routers {{(pid=107213) __init__ /opt/stack/neutron/neutron/api/extensions.py:156}}
Jun 18 01:08:25.091575 np0000181742 devstack@neutron-api.service[107213]: DEBUG neutron.api.extensions [None req-4dbc12eb-2718-4c4a-a242-3b47d58e7251 None None] Extended resource: floatingips {{(pid=107213) __init__ /opt/stack/neutron/neutron/api/extensions.py:156}}
Jun 18 01:08:25.091575 np0000181742 devstack@neutron-api.service[107213]: DEBUG neutron.api.extensions [None req-4dbc12eb-2718-4c4a-a242-3b47d58e7251 None None] Extended resource: l3-routers {{(pid=107213) __init__ /opt/stack/neutron/neutron/api/extensions.py:156}}
Jun 18 01:08:25.091575 np0000181742 devstack@neutron-api.service[107213]: DEBUG neutron.api.extensions [None req-4dbc12eb-2718-4c4a-a242-3b47d58e7251 None None] Extended resource: l3-agents {{(pid=107213) __init__ /opt/stack/neutron/neutron/api/extensions.py:156}}
Jun 18 01:08:25.091575 np0000181742 devstack@neutron-api.service[107213]: DEBUG neutron.api.extensions [None req-4dbc12eb-2718-4c4a-a242-3b47d58e7251 None None] Extended resource: network-ip-availabilities {{(pid=107213) __init__ /opt/stack/neutron/neutron/api/extensions.py:156}}
Jun 18 01:08:25.091575 np0000181742 devstack@neutron-api.service[107213]: DEBUG neutron.api.extensions [None req-4dbc12eb-2718-4c4a-a242-3b47d58e7251 None None] Extended resource: network-ip-availabilities {{(pid=107213) __init__ /opt/stack/neutron/neutron/api/extensions.py:156}}
Jun 18 01:08:25.091575 np0000181742 devstack@neutron-api.service[107213]: DEBUG neutron.api.extensions [None req-4dbc12eb-2718-4c4a-a242-3b47d58e7251 None None] Extended resource: bindings {{(pid=107213) __init__ /opt/stack/neutron/neutron/api/extensions.py:156}}
Jun 18 01:08:25.091575 np0000181742 devstack@neutron-api.service[107213]: DEBUG neutron.api.extensions [None req-4dbc12eb-2718-4c4a-a242-3b47d58e7251 None None] Extended resource: quotas {{(pid=107213) __init__ /opt/stack/neutron/neutron/api/extensions.py:156}}
Jun 18 01:08:25.091575 np0000181742 devstack@neutron-api.service[107213]: DEBUG neutron.api.extensions [None req-4dbc12eb-2718-4c4a-a242-3b47d58e7251 None None] Extended resource: quotas {{(pid=107213) __init__ /opt/stack/neutron/neutron/api/extensions.py:156}}
Jun 18 01:08:25.091793 np0000181742 devstack@neutron-api.service[107213]: DEBUG neutron.api.extensions [None req-4dbc12eb-2718-4c4a-a242-3b47d58e7251 None None] Extended resource: rbac-policies {{(pid=107213) __init__ /opt/stack/neutron/neutron/api/extensions.py:156}}
Jun 18 01:08:25.091793 np0000181742 devstack@neutron-api.service[107213]: DEBUG neutron.api.extensions [None req-4dbc12eb-2718-4c4a-a242-3b47d58e7251 None None] Extended resource: default-security-group-rules {{(pid=107213) __init__ /opt/stack/neutron/neutron/api/extensions.py:156}}
Jun 18 01:08:25.091793 np0000181742 devstack@neutron-api.service[107213]: DEBUG neutron.api.extensions [None req-4dbc12eb-2718-4c4a-a242-3b47d58e7251 None None] Extended resource: security-groups {{(pid=107213) __init__ /opt/stack/neutron/neutron/api/extensions.py:156}}
Jun 18 01:08:25.091793 np0000181742 devstack@neutron-api.service[107213]: DEBUG neutron.api.extensions [None req-4dbc12eb-2718-4c4a-a242-3b47d58e7251 None None] Extended resource: security-group-rules {{(pid=107213) __init__ /opt/stack/neutron/neutron/api/extensions.py:156}}
Jun 18 01:08:25.091793 np0000181742 devstack@neutron-api.service[107213]: DEBUG neutron.api.extensions [None req-4dbc12eb-2718-4c4a-a242-3b47d58e7251 None None] Extended resource: service-providers {{(pid=107213) __init__ /opt/stack/neutron/neutron/api/extensions.py:156}}
Jun 18 01:08:25.091793 np0000181742 devstack@neutron-api.service[107213]: DEBUG neutron.api.extensions [None req-4dbc12eb-2718-4c4a-a242-3b47d58e7251 None None] Extended resource: subnetpools {{(pid=107213) __init__ /opt/stack/neutron/neutron/api/extensions.py:156}}
Jun 18 01:08:25.091793 np0000181742 devstack@neutron-api.service[107213]: DEBUG neutron.api.extensions [None req-4dbc12eb-2718-4c4a-a242-3b47d58e7251 None None] Extended resource: subnetpools {{(pid=107213) __init__ /opt/stack/neutron/neutron/api/extensions.py:156}}
Jun 18 01:08:25.091793 np0000181742 devstack@neutron-api.service[107213]: DEBUG neutron.api.extensions [None req-4dbc12eb-2718-4c4a-a242-3b47d58e7251 None None] Extended resource: tags {{(pid=107213) __init__ /opt/stack/neutron/neutron/api/extensions.py:156}}
Jun 18 01:08:25.091999 np0000181742 devstack@neutron-api.service[107213]: DEBUG neutron.api.extensions [None req-4dbc12eb-2718-4c4a-a242-3b47d58e7251 None None] Extended resource: tags {{(pid=107213) __init__ /opt/stack/neutron/neutron/api/extensions.py:156}}
Jun 18 01:08:25.091999 np0000181742 devstack@neutron-api.service[107213]: DEBUG neutron.api.extensions [None req-4dbc12eb-2718-4c4a-a242-3b47d58e7251 None None] Extended resource: tags {{(pid=107213) __init__ /opt/stack/neutron/neutron/api/extensions.py:156}}
Jun 18 01:08:25.091999 np0000181742 devstack@neutron-api.service[107213]: DEBUG neutron.api.extensions [None req-4dbc12eb-2718-4c4a-a242-3b47d58e7251 None None] Extended resource: tags {{(pid=107213) __init__ /opt/stack/neutron/neutron/api/extensions.py:156}}
Jun 18 01:08:25.091999 np0000181742 devstack@neutron-api.service[107213]: DEBUG neutron.api.extensions [None req-4dbc12eb-2718-4c4a-a242-3b47d58e7251 None None] Extended resource: tags {{(pid=107213) __init__ /opt/stack/neutron/neutron/api/extensions.py:156}}
Jun 18 01:08:25.091999 np0000181742 devstack@neutron-api.service[107213]: DEBUG neutron.api.extensions [None req-4dbc12eb-2718-4c4a-a242-3b47d58e7251 None None] Extended resource: tags {{(pid=107213) __init__ /opt/stack/neutron/neutron/api/extensions.py:156}}
Jun 18 01:08:25.091999 np0000181742 devstack@neutron-api.service[107213]: DEBUG neutron.api.extensions [None req-4dbc12eb-2718-4c4a-a242-3b47d58e7251 None None] Extended resource: tags {{(pid=107213) __init__ /opt/stack/neutron/neutron/api/extensions.py:156}}
Jun 18 01:08:25.091999 np0000181742 devstack@neutron-api.service[107213]: DEBUG neutron.api.extensions [None req-4dbc12eb-2718-4c4a-a242-3b47d58e7251 None None] Extended resource: tags {{(pid=107213) __init__ /opt/stack/neutron/neutron/api/extensions.py:156}}
Jun 18 01:08:25.091999 np0000181742 devstack@neutron-api.service[107213]: DEBUG neutron.api.extensions [None req-4dbc12eb-2718-4c4a-a242-3b47d58e7251 None None] Extended resource: tags {{(pid=107213) __init__ /opt/stack/neutron/neutron/api/extensions.py:156}}
Jun 18 01:08:25.091999 np0000181742 devstack@neutron-api.service[107213]: DEBUG neutron.api.extensions [None req-4dbc12eb-2718-4c4a-a242-3b47d58e7251 None None] Extended resource: tags {{(pid=107213) __init__ /opt/stack/neutron/neutron/api/extensions.py:156}}
Jun 18 01:08:25.094499 np0000181742 devstack@neutron-api.service[107215]: DEBUG oslo_concurrency.processutils [None req-9d0abeb5-5a10-41be-905c-d4d482bf14bc None None] CMD "ovsdb-client transact ssl:199.19.213.170:6641 --timeout 180 -p /opt/stack/data/CA/int-ca/private/devstack-cert.key -c /opt/stack/data/CA/int-ca/devstack-cert.crt -C /opt/stack/data/CA/int-ca/ca-chain.pem ["OVN_Northbound", {"op": "wait", "timeout": 0, "table": "Port_Group", "where": [["name", "==", "neutron_pg_drop"]], "until": "==", "rows": []}, {"op": "insert", "table": "ACL", "row": {"action": "drop", "direction": "to-lport", "match": "outport == @neutron_pg_drop && ip", "priority": 1001}, "uuid-name": "droptoport"}, {"op": "insert", "table": "ACL", "row": {"action": "drop", "direction": "from-lport", "match": "inport == @neutron_pg_drop && ip", "priority": 1001}, "uuid-name": "dropfromport"}, {"op": "insert", "table": "Port_Group", "row": {"name": "neutron_pg_drop", "acls": ["set", [["named-uuid", "droptoport"], ["named-uuid", "dropfromport"]]]}}]" returned: 0 in 0.042s {{(pid=107215) execute /opt/stack/data/venv/lib/python3.12/site-packages/oslo_concurrency/processutils.py:468}}
Jun 18 01:08:25.094933 np0000181742 devstack@neutron-api.service[107215]: DEBUG neutron_lib.callbacks.manager [None req-9d0abeb5-5a10-41be-905c-d4d482bf14bc None None] Publish callbacks ['neutron.plugins.ml2.drivers.ovn.mech_driver.mech_driver.OVNMechanismDriver.post_fork_initialize-4028726', 'neutron.services.pvlan.drivers.ovn.driver._initialize_pvlan_pg_drop-8470914871480', 'neutron.services.ovn_l3.plugin.OVNL3RouterPlugin._post_fork_initialize-10621'] for process (None), after_init {{(pid=107215) _notify_loop /opt/stack/data/venv/lib/python3.12/site-packages/neutron_lib/callbacks/manager.py:184}}
Jun 18 01:08:25.095273 np0000181742 devstack@neutron-api.service[107215]: DEBUG oslo_concurrency.lockutils [None req-9d0abeb5-5a10-41be-905c-d4d482bf14bc None None] Acquiring lock "singleton_lock" {{(pid=107215) lock /opt/stack/data/venv/lib/python3.12/site-packages/oslo_concurrency/lockutils.py:395}}
Jun 18 01:08:25.095378 np0000181742 devstack@neutron-api.service[107215]: DEBUG oslo_concurrency.lockutils [None req-9d0abeb5-5a10-41be-905c-d4d482bf14bc None None] Acquired lock "singleton_lock" {{(pid=107215) lock /opt/stack/data/venv/lib/python3.12/site-packages/oslo_concurrency/lockutils.py:398}}
Jun 18 01:08:25.095576 np0000181742 devstack@neutron-api.service[107215]: DEBUG oslo_concurrency.lockutils [None req-9d0abeb5-5a10-41be-905c-d4d482bf14bc None None] Releasing lock "singleton_lock" {{(pid=107215) lock /opt/stack/data/venv/lib/python3.12/site-packages/oslo_concurrency/lockutils.py:418}}
Jun 18 01:08:25.097361 np0000181742 devstack@neutron-api.service[107215]: DEBUG neutron.plugins.ml2.drivers.ovn.mech_driver.mech_driver [None req-9d0abeb5-5a10-41be-905c-d4d482bf14bc None None] Hash Ring setup using WSGI start time 2026-06-18 01:08:18+00:00 {{(pid=107215) _init_hash_ring /opt/stack/neutron/neutron/plugins/ml2/drivers/ovn/mech_driver/mech_driver.py:404}}
Jun 18 01:08:25.102519 np0000181742 devstack@neutron-api.service[107215]: INFO neutron.db.ovn_hash_ring_db [None req-9d0abeb5-5a10-41be-905c-d4d482bf14bc None None] Nodes from host "np0000181742" and group "mechanism_driver" removed from the Hash Ring created at 2026-06-18 01:08:18+00:00
Jun 18 01:08:25.103316 np0000181742 devstack@neutron-api.service[107213]: DEBUG neutron_lib.callbacks.manager [None req-4dbc12eb-2718-4c4a-a242-3b47d58e7251 None None] Publish callbacks ['neutron.plugins.ml2.drivers.ovn.mech_driver.mech_driver.OVNMechanismDriver.pre_fork_initialize-4058647'] for process (None), before_spawn {{(pid=107213) _notify_loop /opt/stack/data/venv/lib/python3.12/site-packages/neutron_lib/callbacks/manager.py:184}}
Jun 18 01:08:25.103759 np0000181742 devstack@neutron-api.service[107213]: DEBUG oslo_concurrency.processutils [None req-4dbc12eb-2718-4c4a-a242-3b47d58e7251 None None] Running cmd (subprocess): ovsdb-client transact ssl:199.19.213.170:6641 --timeout 180 -p /opt/stack/data/CA/int-ca/private/devstack-cert.key -c /opt/stack/data/CA/int-ca/devstack-cert.crt -C /opt/stack/data/CA/int-ca/ca-chain.pem ["OVN_Northbound", {"op": "wait", "timeout": 0, "table": "Port_Group", "where": [["name", "==", "neutron_pg_drop"]], "until": "==", "rows": []}, {"op": "insert", "table": "ACL", "row": {"action": "drop", "direction": "to-lport", "match": "outport == @neutron_pg_drop && ip", "priority": 1001}, "uuid-name": "droptoport"}, {"op": "insert", "table": "ACL", "row": {"action": "drop", "direction": "from-lport", "match": "inport == @neutron_pg_drop && ip", "priority": 1001}, "uuid-name": "dropfromport"}, {"op": "insert", "table": "Port_Group", "row": {"name": "neutron_pg_drop", "acls": ["set", [["named-uuid", "droptoport"], ["named-uuid", "dropfromport"]]]}}] {{(pid=107213) execute /opt/stack/data/venv/lib/python3.12/site-packages/oslo_concurrency/processutils.py:440}}
Jun 18 01:08:25.106143 np0000181742 devstack@neutron-api.service[107215]: INFO neutron.db.ovn_hash_ring_db [None req-9d0abeb5-5a10-41be-905c-d4d482bf14bc None None] Node f07a539cf4ab5761973d6acb539ea9aa from host "np0000181742" and group "mechanism_driver" added to the Hash Ring
Jun 18 01:08:25.115117 np0000181742 devstack@neutron-api.service[107215]: DEBUG neutron.plugins.ml2.drivers.ovn.mech_driver.mech_driver [None req-9d0abeb5-5a10-41be-905c-d4d482bf14bc None None] Hash Ring setup, this worker has detected 2 OVN hash ring registers in the database {{(pid=107215) _init_hash_ring /opt/stack/neutron/neutron/plugins/ml2/drivers/ovn/mech_driver/mech_driver.py:414}}
Jun 18 01:08:25.124820 np0000181742 devstack@neutron-api.service[107214]: DEBUG oslo_concurrency.processutils [None req-5c3c7b71-29c0-40a5-b12b-1b780e47fb5f None None] CMD "ovsdb-client transact ssl:199.19.213.170:6641 --timeout 180 -p /opt/stack/data/CA/int-ca/private/devstack-cert.key -c /opt/stack/data/CA/int-ca/devstack-cert.crt -C /opt/stack/data/CA/int-ca/ca-chain.pem ["OVN_Northbound", {"op": "wait", "timeout": 0, "table": "Port_Group", "where": [["name", "==", "neutron_pg_drop"]], "until": "==", "rows": []}, {"op": "insert", "table": "ACL", "row": {"action": "drop", "direction": "to-lport", "match": "outport == @neutron_pg_drop && ip", "priority": 1001}, "uuid-name": "droptoport"}, {"op": "insert", "table": "ACL", "row": {"action": "drop", "direction": "from-lport", "match": "inport == @neutron_pg_drop && ip", "priority": 1001}, "uuid-name": "dropfromport"}, {"op": "insert", "table": "Port_Group", "row": {"name": "neutron_pg_drop", "acls": ["set", [["named-uuid", "droptoport"], ["named-uuid", "dropfromport"]]]}}]" returned: 0 in 0.059s {{(pid=107214) execute /opt/stack/data/venv/lib/python3.12/site-packages/oslo_concurrency/processutils.py:468}}
Jun 18 01:08:25.126752 np0000181742 devstack@neutron-api.service[107214]: DEBUG neutron_lib.callbacks.manager [None req-5c3c7b71-29c0-40a5-b12b-1b780e47fb5f None None] Publish callbacks ['neutron.plugins.ml2.drivers.ovn.mech_driver.mech_driver.OVNMechanismDriver.post_fork_initialize-4001368', 'neutron.services.pvlan.drivers.ovn.driver._initialize_pvlan_pg_drop-8470914876076', 'neutron.services.ovn_l3.plugin.OVNL3RouterPlugin._post_fork_initialize-7264521'] for process (None), after_init {{(pid=107214) _notify_loop /opt/stack/data/venv/lib/python3.12/site-packages/neutron_lib/callbacks/manager.py:184}}
Jun 18 01:08:25.127037 np0000181742 devstack@neutron-api.service[107214]: DEBUG oslo_concurrency.lockutils [None req-5c3c7b71-29c0-40a5-b12b-1b780e47fb5f None None] Acquiring lock "singleton_lock" {{(pid=107214) lock /opt/stack/data/venv/lib/python3.12/site-packages/oslo_concurrency/lockutils.py:395}}
Jun 18 01:08:25.127134 np0000181742 devstack@neutron-api.service[107214]: DEBUG oslo_concurrency.lockutils [None req-5c3c7b71-29c0-40a5-b12b-1b780e47fb5f None None] Acquired lock "singleton_lock" {{(pid=107214) lock /opt/stack/data/venv/lib/python3.12/site-packages/oslo_concurrency/lockutils.py:398}}
Jun 18 01:08:25.127344 np0000181742 devstack@neutron-api.service[107214]: DEBUG oslo_concurrency.lockutils [None req-5c3c7b71-29c0-40a5-b12b-1b780e47fb5f None None] Releasing lock "singleton_lock" {{(pid=107214) lock /opt/stack/data/venv/lib/python3.12/site-packages/oslo_concurrency/lockutils.py:418}}
Jun 18 01:08:25.129323 np0000181742 devstack@neutron-api.service[107214]: DEBUG neutron.plugins.ml2.drivers.ovn.mech_driver.mech_driver [None req-5c3c7b71-29c0-40a5-b12b-1b780e47fb5f None None] Hash Ring setup using WSGI start time 2026-06-18 01:08:18+00:00 {{(pid=107214) _init_hash_ring /opt/stack/neutron/neutron/plugins/ml2/drivers/ovn/mech_driver/mech_driver.py:404}}
Jun 18 01:08:25.136162 np0000181742 devstack@neutron-api.service[107215]: DEBUG neutron.plugins.ml2.drivers.ovn.mech_driver.ovsdb.maintenance [None req-9d0abeb5-5a10-41be-905c-d4d482bf14bc None None] Periodic task found: HashRingHealthCheckPeriodics.touch_hash_ring_node {{(pid=107215) add_periodics /opt/stack/neutron/neutron/plugins/ml2/drivers/ovn/mech_driver/ovsdb/maintenance.py:146}}
Jun 18 01:08:25.138624 np0000181742 devstack@neutron-api.service[107214]: INFO neutron.db.ovn_hash_ring_db [None req-5c3c7b71-29c0-40a5-b12b-1b780e47fb5f None None] Nodes from host "np0000181742" and group "mechanism_driver" removed from the Hash Ring created at 2026-06-18 01:08:18+00:00
Jun 18 01:08:25.143354 np0000181742 devstack@neutron-api.service[107215]: INFO neutron.plugins.ml2.drivers.ovn.mech_driver.mech_driver [None req-9d0abeb5-5a10-41be-905c-d4d482bf14bc None None] Hash Ring probing thread for node f07a539cf4ab5761973d6acb539ea9aa has started
Jun 18 01:08:25.144075 np0000181742 devstack@neutron-api.service[107214]: INFO neutron.db.ovn_hash_ring_db [None req-5c3c7b71-29c0-40a5-b12b-1b780e47fb5f None None] Node ceecc39d205458cdb839223dc6da4290 from host "np0000181742" and group "mechanism_driver" added to the Hash Ring
Jun 18 01:08:25.144174 np0000181742 devstack@neutron-api.service[107215]: INFO neutron.plugins.ml2.drivers.ovn.mech_driver.ovsdb.impl_idl_ovn [None req-9d0abeb5-5a10-41be-905c-d4d482bf14bc None None] Getting OvsdbNbOvnIdl for WorkerService with retry
Jun 18 01:08:25.149609 np0000181742 devstack@neutron-api.service[107213]: DEBUG oslo_concurrency.processutils [None req-4dbc12eb-2718-4c4a-a242-3b47d58e7251 None None] CMD "ovsdb-client transact ssl:199.19.213.170:6641 --timeout 180 -p /opt/stack/data/CA/int-ca/private/devstack-cert.key -c /opt/stack/data/CA/int-ca/devstack-cert.crt -C /opt/stack/data/CA/int-ca/ca-chain.pem ["OVN_Northbound", {"op": "wait", "timeout": 0, "table": "Port_Group", "where": [["name", "==", "neutron_pg_drop"]], "until": "==", "rows": []}, {"op": "insert", "table": "ACL", "row": {"action": "drop", "direction": "to-lport", "match": "outport == @neutron_pg_drop && ip", "priority": 1001}, "uuid-name": "droptoport"}, {"op": "insert", "table": "ACL", "row": {"action": "drop", "direction": "from-lport", "match": "inport == @neutron_pg_drop && ip", "priority": 1001}, "uuid-name": "dropfromport"}, {"op": "insert", "table": "Port_Group", "row": {"name": "neutron_pg_drop", "acls": ["set", [["named-uuid", "droptoport"], ["named-uuid", "dropfromport"]]]}}]" returned: 0 in 0.045s {{(pid=107213) execute /opt/stack/data/venv/lib/python3.12/site-packages/oslo_concurrency/processutils.py:468}}
Jun 18 01:08:25.149933 np0000181742 devstack@neutron-api.service[107213]: DEBUG neutron_lib.callbacks.manager [None req-4dbc12eb-2718-4c4a-a242-3b47d58e7251 None None] Publish callbacks ['neutron.plugins.ml2.drivers.ovn.mech_driver.mech_driver.OVNMechanismDriver.post_fork_initialize-4058751', 'neutron.services.pvlan.drivers.ovn.driver._initialize_pvlan_pg_drop-8470914923030', 'neutron.services.ovn_l3.plugin.OVNL3RouterPlugin._post_fork_initialize-7246101'] for process (None), after_init {{(pid=107213) _notify_loop /opt/stack/data/venv/lib/python3.12/site-packages/neutron_lib/callbacks/manager.py:184}}
Jun 18 01:08:25.150337 np0000181742 devstack@neutron-api.service[107213]: DEBUG oslo_concurrency.lockutils [None req-4dbc12eb-2718-4c4a-a242-3b47d58e7251 None None] Acquiring lock "singleton_lock" {{(pid=107213) lock /opt/stack/data/venv/lib/python3.12/site-packages/oslo_concurrency/lockutils.py:395}}
Jun 18 01:08:25.150436 np0000181742 devstack@neutron-api.service[107214]: DEBUG neutron.plugins.ml2.drivers.ovn.mech_driver.mech_driver [None req-5c3c7b71-29c0-40a5-b12b-1b780e47fb5f None None] Hash Ring setup, this worker has detected 3 OVN hash ring registers in the database {{(pid=107214) _init_hash_ring /opt/stack/neutron/neutron/plugins/ml2/drivers/ovn/mech_driver/mech_driver.py:414}}
Jun 18 01:08:25.150493 np0000181742 devstack@neutron-api.service[107213]: DEBUG oslo_concurrency.lockutils [None req-4dbc12eb-2718-4c4a-a242-3b47d58e7251 None None] Acquired lock "singleton_lock" {{(pid=107213) lock /opt/stack/data/venv/lib/python3.12/site-packages/oslo_concurrency/lockutils.py:398}}
Jun 18 01:08:25.151632 np0000181742 devstack@neutron-api.service[107213]: DEBUG oslo_concurrency.lockutils [None req-4dbc12eb-2718-4c4a-a242-3b47d58e7251 None None] Releasing lock "singleton_lock" {{(pid=107213) lock /opt/stack/data/venv/lib/python3.12/site-packages/oslo_concurrency/lockutils.py:418}}
Jun 18 01:08:25.155656 np0000181742 devstack@neutron-api.service[107213]: DEBUG neutron.plugins.ml2.drivers.ovn.mech_driver.mech_driver [None req-4dbc12eb-2718-4c4a-a242-3b47d58e7251 None None] Hash Ring setup using WSGI start time 2026-06-18 01:08:18+00:00 {{(pid=107213) _init_hash_ring /opt/stack/neutron/neutron/plugins/ml2/drivers/ovn/mech_driver/mech_driver.py:404}}
Jun 18 01:08:25.157330 np0000181742 devstack@neutron-api.service[107214]: DEBUG neutron.plugins.ml2.drivers.ovn.mech_driver.ovsdb.maintenance [None req-5c3c7b71-29c0-40a5-b12b-1b780e47fb5f None None] Periodic task found: HashRingHealthCheckPeriodics.touch_hash_ring_node {{(pid=107214) add_periodics /opt/stack/neutron/neutron/plugins/ml2/drivers/ovn/mech_driver/ovsdb/maintenance.py:146}}
Jun 18 01:08:25.158958 np0000181742 devstack@neutron-api.service[107214]: INFO neutron.plugins.ml2.drivers.ovn.mech_driver.mech_driver [None req-5c3c7b71-29c0-40a5-b12b-1b780e47fb5f None None] Hash Ring probing thread for node ceecc39d205458cdb839223dc6da4290 has started
Jun 18 01:08:25.159806 np0000181742 devstack@neutron-api.service[107214]: INFO neutron.plugins.ml2.drivers.ovn.mech_driver.ovsdb.impl_idl_ovn [None req-5c3c7b71-29c0-40a5-b12b-1b780e47fb5f None None] Getting OvsdbNbOvnIdl for WorkerService with retry
