2026-07-02 12:26:16.206 7 INFO placement.requestlog [req-36de0878-b142-4c84-b829-9bff6c9f40ac req-2e541fca-c190-4866-920b-3ce57825ef0d 6c81038362264ab78f08c5b005bce7db f94b2041cab7414ba8cde20a9c5b1ac6 - - e8e15fc61b734514a5c17044de395912 e8e15fc61b734514a5c17044de395912] 199.204.45.89 "GET /allocations/3d7e83d7-fc5c-4265-b6ce-40d3c773b3aa" status: 200 len: 257 microversion: 1.28 [pid: 7|app: 0|req: 353/706] 199.204.45.89 () {34 vars in 862 bytes} [Thu Jul 2 12:26:16 2026] GET /allocations/3d7e83d7-fc5c-4265-b6ce-40d3c773b3aa => generated 257 bytes in 17 msecs (HTTP/1.1 200) 8 headers in 296 bytes (1 switches on core 0)
2026-07-02 12:26:16.325 7 INFO placement.requestlog [None req-de6cf6bb-94f4-4b5f-a433-28fcd01c9605 - - - - - -] 10.0.0.68 "GET /" status: 200 len: 136 microversion: 1.0
2026-07-02 12:26:16.325 8 INFO placement.requestlog [None req-ae7d100f-f5b3-40db-a29a-cb6bfa2b8192 - - - - - -] 10.0.0.68 "GET /" status: 200 len: 136 microversion: 1.0
2026-07-02 12:26:18.556 7 INFO placement.requestlog [None req-585f6e61-6390-4aed-9145-af71c422b657 09c41e21fe8341e98022182b95ac2f43 f94b2041cab7414ba8cde20a9c5b1ac6 - - e8e15fc61b734514a5c17044de395912 e8e15fc61b734514a5c17044de395912] 10.0.0.137 "GET /resource_providers/a189d2ab-8b11-4259-b357-9e1a2678a99d/aggregates" status: 404 len: 235 microversion: 1.1 [pid: 7|app: 0|req: 355/709] 10.0.0.137 () {32 vars in 825 bytes} [Thu Jul 2 12:26:18 2026] GET /resource_providers/a189d2ab-8b11-4259-b357-9e1a2678a99d/aggregates => generated 235 bytes in 13 msecs (HTTP/1.1 404) 5 headers in 202 bytes (1 switches on core 0)
2026-07-02 12:26:18.557 8 INFO placement.requestlog [None req-b6900b86-353a-410d-bc6b-154d78fd757e 09c41e21fe8341e98022182b95ac2f43 f94b2041cab7414ba8cde20a9c5b1ac6 - - e8e15fc61b734514a5c17044de395912 e8e15fc61b734514a5c17044de395912] 10.0.0.137 "GET /resource_providers/a189d2ab-8b11-4259-b357-9e1a2678a99d/aggregates" status: 404 len: 235 microversion: 1.1 [pid: 8|app: 0|req: 355/710] 10.0.0.137 () {32 vars in 825 bytes} [Thu Jul 2 12:26:18 2026] GET /resource_providers/a189d2ab-8b11-4259-b357-9e1a2678a99d/aggregates => generated 235 bytes in 15 msecs (HTTP/1.1 404) 5 headers in 202 bytes (1 switches on core 0)
2026-07-02 12:26:18.585 7 INFO placement.requestlog [None req-f57d650c-beff-4de7-98c4-ec586140b8f1 09c41e21fe8341e98022182b95ac2f43 f94b2041cab7414ba8cde20a9c5b1ac6 - - e8e15fc61b734514a5c17044de395912 e8e15fc61b734514a5c17044de395912] 10.0.0.137 "DELETE /resource_providers/a189d2ab-8b11-4259-b357-9e1a2678a99d" status: 404 len: 246 microversion: 1.1 [pid: 7|app: 0|req: 356/711] 10.0.0.137 () {34 vars in 825 bytes} [Thu Jul 2 12:26:18 2026] DELETE /resource_providers/a189d2ab-8b11-4259-b357-9e1a2678a99d => generated 246 bytes in 13 msecs (HTTP/1.1 404) 6 headers in 231 bytes (1 switches on core 0)
2026-07-02 12:26:18.589 8 INFO placement.requestlog [None req-15007b3c-db33-4349-ae6d-3d3f728fcd3b 09c41e21fe8341e98022182b95ac2f43 f94b2041cab7414ba8cde20a9c5b1ac6 - - e8e15fc61b734514a5c17044de395912 e8e15fc61b734514a5c17044de395912] 10.0.0.137 "DELETE /resource_providers/a189d2ab-8b11-4259-b357-9e1a2678a99d" status: 404 len: 246 microversion: 1.1 [pid: 8|app: 0|req: 356/712] 10.0.0.137 () {34 vars in 825 bytes} [Thu Jul 2 12:26:18 2026] DELETE /resource_providers/a189d2ab-8b11-4259-b357-9e1a2678a99d => generated 246 bytes in 13 msecs (HTTP/1.1 404) 6 headers in 231 bytes (1 switches on core 0)
2026-07-02 12:26:19.142 7 INFO placement.requestlog [req-64836cc5-ebae-4f6f-9611-7b04ba88e5a8 req-e5953672-00ab-4127-92b6-9060a17f29d0 6c81038362264ab78f08c5b005bce7db f94b2041cab7414ba8cde20a9c5b1ac6 - - e8e15fc61b734514a5c17044de395912 e8e15fc61b734514a5c17044de395912] 199.204.45.89 "GET /resource_providers/a4f3f936-b003-41fb-ae70-458097723c9c/allocations" status: 200 len: 252 microversion: 1.0 [pid: 7|app: 0|req: 357/713] 199.204.45.89 () {32 vars in 856 bytes} [Thu Jul 2 12:26:19 2026] GET /resource_providers/a4f3f936-b003-41fb-ae70-458097723c9c/allocations => generated 252 bytes in 19 msecs (HTTP/1.1 200) 6 headers in 224 bytes (1 switches on core 0)
2026-07-02 12:26:19.166 8 INFO placement.requestlog [req-64836cc5-ebae-4f6f-9611-7b04ba88e5a8 req-48f295ac-812f-4b7d-bcb0-7f3af24b2134 6c81038362264ab78f08c5b005bce7db f94b2041cab7414ba8cde20a9c5b1ac6 - - e8e15fc61b734514a5c17044de395912 e8e15fc61b734514a5c17044de395912] 199.204.45.89 "GET /allocations/43118c0b-f3bc-4d86-a1ef-56fb686a2aab" status: 200 len: 257 microversion: 1.28 [pid: 8|app: 0|req: 357/714] 199.204.45.89 () {34 vars in 862 bytes} [Thu Jul 2 12:26:19 2026] GET /allocations/43118c0b-f3bc-4d86-a1ef-56fb686a2aab => generated 257 bytes in 16 msecs (HTTP/1.1 200) 8 headers in 296 bytes (1 switches on core 0)
2026-07-02 12:26:19.195 7 INFO placement.requestlog [req-64836cc5-ebae-4f6f-9611-7b04ba88e5a8 req-5703b020-a28c-4b45-83f6-56a076f01ba5 6c81038362264ab78f08c5b005bce7db f94b2041cab7414ba8cde20a9c5b1ac6 - - e8e15fc61b734514a5c17044de395912 e8e15fc61b734514a5c17044de395912] 199.204.45.89 "GET /allocations/3d7e83d7-fc5c-4265-b6ce-40d3c773b3aa" status: 200 len: 257 microversion: 1.28 [pid: 7|app: 0|req: 358/715] 199.204.45.89 () {34 vars in 862 bytes} [Thu Jul 2 12:26:19 2026] GET /allocations/3d7e83d7-fc5c-4265-b6ce-40d3c773b3aa => generated 257 bytes in 16 msecs (HTTP/1.1 200) 8 headers in 296 bytes (1 switches on core 0)
2026-07-02 12:26:19.261 8 INFO placement.requestlog [req-64836cc5-ebae-4f6f-9611-7b04ba88e5a8 req-109d6b0e-a293-4bd2-814f-f19b3837ac2b 6c81038362264ab78f08c5b005bce7db f94b2041cab7414ba8cde20a9c5b1ac6 - - e8e15fc61b734514a5c17044de395912 e8e15fc61b734514a5c17044de395912] 199.204.45.89 "DELETE /allocations/3d7e83d7-fc5c-4265-b6ce-40d3c773b3aa" status: 204 len: 0 microversion: 1.0 [pid: 8|app: 0|req: 358/716] 199.204.45.89 () {34 vars in 840 bytes} [Thu Jul 2 12:26:19 2026] DELETE /allocations/3d7e83d7-fc5c-4265-b6ce-40d3c773b3aa => generated 0 bytes in 31 msecs (HTTP/1.1 204) 5 headers in 198 bytes (1 switches on core 0)
2026-07-02 12:26:21.429 8 INFO placement.requestlog [None req-5c0bf67f-6f2d-430c-88c3-445850a86785 09c41e21fe8341e98022182b95ac2f43 f94b2041cab7414ba8cde20a9c5b1ac6 - - e8e15fc61b734514a5c17044de395912 e8e15fc61b734514a5c17044de395912] 10.0.0.137 "GET /resource_providers/ea1346cc-6b5e-4049-82ab-6c372dd4d562/aggregates" status: 404 len: 235 microversion: 1.1 [pid: 8|app: 0|req: 359/717] 10.0.0.137 () {32 vars in 825 bytes} [Thu Jul 2 12:26:21 2026] GET /resource_providers/ea1346cc-6b5e-4049-82ab-6c372dd4d562/aggregates => generated 235 bytes in 11 msecs (HTTP/1.1 404) 5 headers in 202 bytes (1 switches on core 0)
2026-07-02 12:26:21.434 7 INFO placement.requestlog [None req-2aa8886f-c6e8-4d55-9efb-874b1bf263bc 09c41e21fe8341e98022182b95ac2f43 f94b2041cab7414ba8cde20a9c5b1ac6 - - e8e15fc61b734514a5c17044de395912 e8e15fc61b734514a5c17044de395912] 10.0.0.137 "GET /resource_providers/ea1346cc-6b5e-4049-82ab-6c372dd4d562/aggregates" status: 404 len: 235 microversion: 1.1 [pid: 7|app: 0|req: 359/718] 10.0.0.137 () {32 vars in 825 bytes} [Thu Jul 2 12:26:21 2026] GET /resource_providers/ea1346cc-6b5e-4049-82ab-6c372dd4d562/aggregates => generated 235 bytes in 16 msecs (HTTP/1.1 404) 5 headers in 202 bytes (1 switches on core 0)
2026-07-02 12:26:21.444 8 INFO placement.requestlog [None req-730a9a5f-e730-4c95-9370-51c501ebbdd3 09c41e21fe8341e98022182b95ac2f43 f94b2041cab7414ba8cde20a9c5b1ac6 - - e8e15fc61b734514a5c17044de395912 e8e15fc61b734514a5c17044de395912] 10.0.0.137 "DELETE /resource_providers/ea1346cc-6b5e-4049-82ab-6c372dd4d562" status: 404 len: 246 microversion: 1.1 [pid: 8|app: 0|req: 360/719] 10.0.0.137 () {34 vars in 825 bytes} [Thu Jul 2 12:26:21 2026] DELETE /resource_providers/ea1346cc-6b5e-4049-82ab-6c372dd4d562 => generated 246 bytes in 7 msecs (HTTP/1.1 404) 6 headers in 231 bytes (1 switches on core 0)
2026-07-02 12:26:21.452 7 INFO placement.requestlog [None req-3dc99d7e-fbed-4646-b9d8-bca8c86042cd 09c41e21fe8341e98022182b95ac2f43 f94b2041cab7414ba8cde20a9c5b1ac6 - - e8e15fc61b734514a5c17044de395912 e8e15fc61b734514a5c17044de395912] 10.0.0.137 "DELETE /resource_providers/ea1346cc-6b5e-4049-82ab-6c372dd4d562" status: 404 len: 246 microversion: 1.1 [pid: 7|app: 0|req: 360/720] 10.0.0.137 () {34 vars in 825 bytes} [Thu Jul 2 12:26:21 2026] DELETE /resource_providers/ea1346cc-6b5e-4049-82ab-6c372dd4d562 => generated 246 bytes in 10 msecs (HTTP/1.1 404) 6 headers in 231 bytes (1 switches on core 0)
2026-07-02 12:26:23.391 7 INFO placement.requestlog [None req-bb5fb73c-cadc-414c-9a57-fcff1eff8234 09c41e21fe8341e98022182b95ac2f43 f94b2041cab7414ba8cde20a9c5b1ac6 - - e8e15fc61b734514a5c17044de395912 e8e15fc61b734514a5c17044de395912] 10.0.0.137 "GET /resource_providers/b1224352-71af-4aec-bcbe-761ef91f1e11/aggregates" status: 404 len: 235 microversion: 1.1 [pid: 7|app: 0|req: 361/721] 10.0.0.137 () {32 vars in 825 bytes} [Thu Jul 2 12:26:23 2026] GET /resource_providers/b1224352-71af-4aec-bcbe-761ef91f1e11/aggregates => generated 235 bytes in 11 msecs (HTTP/1.1 404) 5 headers in 202 bytes (1 switches on core 0)
2026-07-02 12:26:23.392 8 INFO placement.requestlog [None req-589c5fbf-894f-4129-b282-578b648e8a27 09c41e21fe8341e98022182b95ac2f43 f94b2041cab7414ba8cde20a9c5b1ac6 - - e8e15fc61b734514a5c17044de395912 e8e15fc61b734514a5c17044de395912] 10.0.0.137 "GET /resource_providers/b1224352-71af-4aec-bcbe-761ef91f1e11/aggregates" status: 404 len: 235 microversion: 1.1 [pid: 8|app: 0|req: 361/722] 10.0.0.137 () {32 vars in 825 bytes} [Thu Jul 2 12:26:23 2026] GET /resource_providers/b1224352-71af-4aec-bcbe-761ef91f1e11/aggregates => generated 235 bytes in 11 msecs (HTTP/1.1 404) 5 headers in 202 bytes (1 switches on core 0)
2026-07-02 12:26:23.430 7 INFO placement.requestlog [None req-12bf3399-5643-4b11-9177-d95c228eca2e 09c41e21fe8341e98022182b95ac2f43 f94b2041cab7414ba8cde20a9c5b1ac6 - - e8e15fc61b734514a5c17044de395912 e8e15fc61b734514a5c17044de395912] 10.0.0.137 "DELETE /resource_providers/b1224352-71af-4aec-bcbe-761ef91f1e11" status: 404 len: 246 microversion: 1.1 [pid: 7|app: 0|req: 362/723] 10.0.0.137 () {34 vars in 825 bytes} [Thu Jul 2 12:26:23 2026] DELETE /resource_providers/b1224352-71af-4aec-bcbe-761ef91f1e11 => generated 246 bytes in 9 msecs (HTTP/1.1 404) 6 headers in 231 bytes (1 switches on core 0)
2026-07-02 12:26:23.433 8 INFO placement.requestlog [None req-8c962d69-6a04-4bec-b19f-6db27496c567 09c41e21fe8341e98022182b95ac2f43 f94b2041cab7414ba8cde20a9c5b1ac6 - - e8e15fc61b734514a5c17044de395912 e8e15fc61b734514a5c17044de395912] 10.0.0.137 "DELETE /resource_providers/b1224352-71af-4aec-bcbe-761ef91f1e11" status: 404 len: 246 microversion: 1.1 [pid: 8|app: 0|req: 362/724] 10.0.0.137 () {34 vars in 825 bytes} [Thu Jul 2 12:26:23 2026] DELETE /resource_providers/b1224352-71af-4aec-bcbe-761ef91f1e11 => generated 246 bytes in 12 msecs (HTTP/1.1 404) 6 headers in 231 bytes (1 switches on core 0)
2026-07-02 12:26:24.882 7 INFO placement.requestlog [None req-44d49295-6d03-4623-8897-8f35e50df895 09c41e21fe8341e98022182b95ac2f43 f94b2041cab7414ba8cde20a9c5b1ac6 - - e8e15fc61b734514a5c17044de395912 e8e15fc61b734514a5c17044de395912] 10.0.0.137 "GET /resource_providers/8cfd6886-b2e2-494e-8529-6c600fa8bb77/aggregates" status: 404 len: 235 microversion: 1.1 [pid: 7|app: 0|req: 363/725] 10.0.0.137 () {32 vars in 825 bytes} [Thu Jul 2 12:26:24 2026] GET /resource_providers/8cfd6886-b2e2-494e-8529-6c600fa8bb77/aggregates => generated 235 bytes in 11 msecs (HTTP/1.1 404) 5 headers in 202 bytes (1 switches on core 0)
2026-07-02 12:26:24.889 8 INFO placement.requestlog [None req-9fdd661e-f3c7-418d-986d-d792de3cecc5 09c41e21fe8341e98022182b95ac2f43 f94b2041cab7414ba8cde20a9c5b1ac6 - - e8e15fc61b734514a5c17044de395912 e8e15fc61b734514a5c17044de395912] 10.0.0.137 "GET /resource_providers/8cfd6886-b2e2-494e-8529-6c600fa8bb77/aggregates" status: 404 len: 235 microversion: 1.1 [pid: 8|app: 0|req: 363/726] 10.0.0.137 () {32 vars in 825 bytes} [Thu Jul 2 12:26:24 2026] GET /resource_providers/8cfd6886-b2e2-494e-8529-6c600fa8bb77/aggregates => generated 235 bytes in 14 msecs (HTTP/1.1 404) 5 headers in 202 bytes (1 switches on core 0)
2026-07-02 12:26:24.913 7 INFO placement.requestlog [None req-05c97b4b-5548-47f9-8afa-78346072933e 09c41e21fe8341e98022182b95ac2f43 f94b2041cab7414ba8cde20a9c5b1ac6 - - e8e15fc61b734514a5c17044de395912 e8e15fc61b734514a5c17044de395912] 10.0.0.137 "DELETE /resource_providers/8cfd6886-b2e2-494e-8529-6c600fa8bb77" status: 404 len: 246 microversion: 1.1 [pid: 7|app: 0|req: 364/727] 10.0.0.137 () {34 vars in 825 bytes} [Thu Jul 2 12:26:24 2026] DELETE /resource_providers/8cfd6886-b2e2-494e-8529-6c600fa8bb77 => generated 246 bytes in 12 msecs (HTTP/1.1 404) 6 headers in 231 bytes (1 switches on core 0)
2026-07-02 12:26:24.923 8 INFO placement.requestlog [None req-15e9eb1a-dcc1-41dc-9020-de27f1ec8ff6 09c41e21fe8341e98022182b95ac2f43 f94b2041cab7414ba8cde20a9c5b1ac6 - - e8e15fc61b734514a5c17044de395912 e8e15fc61b734514a5c17044de395912] 10.0.0.137 "DELETE /resource_providers/8cfd6886-b2e2-494e-8529-6c600fa8bb77" status: 404 len: 246 microversion: 1.1 [pid: 8|app: 0|req: 364/728] 10.0.0.137 () {34 vars in 825 bytes} [Thu Jul 2 12:26:24 2026] DELETE /resource_providers/8cfd6886-b2e2-494e-8529-6c600fa8bb77 => generated 246 bytes in 12 msecs (HTTP/1.1 404) 6 headers in 231 bytes (1 switches on core 0)
2026-07-02 12:26:25.609 7 INFO placement.requestlog [req-da513758-6ee5-44b7-88b6-f53e013a13ee req-90fc717b-3ae5-4097-80e9-0a3b8a8e37f7 6c81038362264ab78f08c5b005bce7db f94b2041cab7414ba8cde20a9c5b1ac6 - - e8e15fc61b734514a5c17044de395912 e8e15fc61b734514a5c17044de395912] 199.204.45.89 "GET /resource_providers/a4f3f936-b003-41fb-ae70-458097723c9c/allocations" status: 200 len: 152 microversion: 1.0 [pid: 7|app: 0|req: 365/729] 199.204.45.89 () {32 vars in 856 bytes} [Thu Jul 2 12:26:25 2026] GET /resource_providers/a4f3f936-b003-41fb-ae70-458097723c9c/allocations => generated 152 bytes in 26 msecs (HTTP/1.1 200) 6 headers in 224 bytes (1 switches on core 0)
2026-07-02 12:26:25.631 8 INFO placement.requestlog [req-da513758-6ee5-44b7-88b6-f53e013a13ee req-b576282e-468e-4b43-9415-eead266f8b5f 6c81038362264ab78f08c5b005bce7db f94b2041cab7414ba8cde20a9c5b1ac6 - - e8e15fc61b734514a5c17044de395912 e8e15fc61b734514a5c17044de395912] 199.204.45.89 "GET /allocations/43118c0b-f3bc-4d86-a1ef-56fb686a2aab" status: 200 len: 257 microversion: 1.28 [pid: 8|app: 0|req: 365/730] 199.204.45.89 () {34 vars in 862 bytes} [Thu Jul 2 12:26:25 2026] GET /allocations/43118c0b-f3bc-4d86-a1ef-56fb686a2aab => generated 257 bytes in 12 msecs (HTTP/1.1 200) 8 headers in 296 bytes (1 switches on core 0)
2026-07-02 12:26:25.689 7 INFO placement.requestlog [req-da513758-6ee5-44b7-88b6-f53e013a13ee req-e092ec2d-d37c-4797-bfe0-fbb1106f9d68 6c81038362264ab78f08c5b005bce7db f94b2041cab7414ba8cde20a9c5b1ac6 - - e8e15fc61b734514a5c17044de395912 e8e15fc61b734514a5c17044de395912] 199.204.45.89 "DELETE /allocations/43118c0b-f3bc-4d86-a1ef-56fb686a2aab" status: 204 len: 0 microversion: 1.0 [pid: 7|app: 0|req: 366/731] 199.204.45.89 () {34 vars in 840 bytes} [Thu Jul 2 12:26:25 2026] DELETE /allocations/43118c0b-f3bc-4d86-a1ef-56fb686a2aab => generated 0 bytes in 34 msecs (HTTP/1.1 204) 5 headers in 198 bytes (1 switches on core 0)
2026-07-02 12:26:26.325 7 INFO placement.requestlog [None req-e0d185a3-c6a6-48e1-84d1-8d3d8943cf9c - - - - - -] 10.0.0.68 "GET /" status: 200 len: 136 microversion: 1.0
2026-07-02 12:26:26.325 8 INFO placement.requestlog [None req-b5502dab-155c-4fc2-bae3-9e72185ef925 - - - - - -] 10.0.0.68 "GET /" status: 200 len: 136 microversion: 1.0
2026-07-02 12:26:29.839 7 INFO placement.requestlog [None req-526d6a0f-5738-4bff-bfd8-471a6868dc19 09c41e21fe8341e98022182b95ac2f43 f94b2041cab7414ba8cde20a9c5b1ac6 - - e8e15fc61b734514a5c17044de395912 e8e15fc61b734514a5c17044de395912] 10.0.0.137 "GET /resource_providers/c5f76c44-a89e-467d-82a9-f010944d26bb/aggregates" status: 404 len: 235 microversion: 1.1 [pid: 7|app: 0|req: 368/734] 10.0.0.137 () {32 vars in 825 bytes} [Thu Jul 2 12:26:29 2026] GET /resource_providers/c5f76c44-a89e-467d-82a9-f010944d26bb/aggregates => generated 235 bytes in 10 msecs (HTTP/1.1 404) 5 headers in 202 bytes (1 switches on core 0)
2026-07-02 12:26:29.846 8 INFO placement.requestlog [None req-e9f51147-cd05-4bbf-8c94-0404bb654a17 09c41e21fe8341e98022182b95ac2f43 f94b2041cab7414ba8cde20a9c5b1ac6 - - e8e15fc61b734514a5c17044de395912 e8e15fc61b734514a5c17044de395912] 10.0.0.137 "GET /resource_providers/c5f76c44-a89e-467d-82a9-f010944d26bb/aggregates" status: 404 len: 235 microversion: 1.1 [pid: 8|app: 0|req: 367/735] 10.0.0.137 () {32 vars in 825 bytes} [Thu Jul 2 12:26:29 2026] GET /resource_providers/c5f76c44-a89e-467d-82a9-f010944d26bb/aggregates => generated 235 bytes in 17 msecs (HTTP/1.1 404) 5 headers in 202 bytes (1 switches on core 0)
2026-07-02 12:26:29.877 8 INFO placement.requestlog [None req-95278ce5-96a5-4dce-ba95-90a5711ee42b 09c41e21fe8341e98022182b95ac2f43 f94b2041cab7414ba8cde20a9c5b1ac6 - - e8e15fc61b734514a5c17044de395912 e8e15fc61b734514a5c17044de395912] 10.0.0.137 "DELETE /resource_providers/c5f76c44-a89e-467d-82a9-f010944d26bb" status: 404 len: 246 microversion: 1.1 [pid: 8|app: 0|req: 368/736] 10.0.0.137 () {34 vars in 825 bytes} [Thu Jul 2 12:26:29 2026] DELETE /resource_providers/c5f76c44-a89e-467d-82a9-f010944d26bb => generated 246 bytes in 9 msecs (HTTP/1.1 404) 6 headers in 231 bytes (1 switches on core 0)
2026-07-02 12:26:29.881 7 INFO placement.requestlog [None req-38b84fd2-f312-4f95-b121-bc2969534ef8 09c41e21fe8341e98022182b95ac2f43 f94b2041cab7414ba8cde20a9c5b1ac6 - - e8e15fc61b734514a5c17044de395912 e8e15fc61b734514a5c17044de395912] 10.0.0.137 "DELETE /resource_providers/c5f76c44-a89e-467d-82a9-f010944d26bb" status: 404 len: 246 microversion: 1.1 [pid: 7|app: 0|req: 369/737] 10.0.0.137 () {34 vars in 825 bytes} [Thu Jul 2 12:26:29 2026] DELETE /resource_providers/c5f76c44-a89e-467d-82a9-f010944d26bb => generated 246 bytes in 14 msecs (HTTP/1.1 404) 6 headers in 231 bytes (1 switches on core 0)
2026-07-02 12:26:30.950 7 INFO placement.requestlog [None req-5557b58c-5020-4d03-931f-0f07d32ae131 09c41e21fe8341e98022182b95ac2f43 f94b2041cab7414ba8cde20a9c5b1ac6 - - e8e15fc61b734514a5c17044de395912 e8e15fc61b734514a5c17044de395912] 10.0.0.137 "GET /resource_providers/a66dcc3d-a7f2-41f0-98ef-3c6a34851607/aggregates" status: 404 len: 235 microversion: 1.1 [pid: 7|app: 0|req: 370/738] 10.0.0.137 () {32 vars in 825 bytes} [Thu Jul 2 12:26:30 2026] GET /resource_providers/a66dcc3d-a7f2-41f0-98ef-3c6a34851607/aggregates => generated 235 bytes in 14 msecs (HTTP/1.1 404) 5 headers in 202 bytes (1 switches on core 0)
2026-07-02 12:26:30.953 8 INFO placement.requestlog [None req-c1ed1b33-13fd-43aa-b7e5-501de5260db4 09c41e21fe8341e98022182b95ac2f43 f94b2041cab7414ba8cde20a9c5b1ac6 - - e8e15fc61b734514a5c17044de395912 e8e15fc61b734514a5c17044de395912] 10.0.0.137 "GET /resource_providers/a66dcc3d-a7f2-41f0-98ef-3c6a34851607/aggregates" status: 404 len: 235 microversion: 1.1 [pid: 8|app: 0|req: 369/739] 10.0.0.137 () {32 vars in 825 bytes} [Thu Jul 2 12:26:30 2026] GET /resource_providers/a66dcc3d-a7f2-41f0-98ef-3c6a34851607/aggregates => generated 235 bytes in 16 msecs (HTTP/1.1 404) 5 headers in 202 bytes (1 switches on core 0)
2026-07-02 12:26:30.986 7 INFO placement.requestlog [None req-c6b624e8-166f-42eb-a054-02acc892b57c 09c41e21fe8341e98022182b95ac2f43 f94b2041cab7414ba8cde20a9c5b1ac6 - - e8e15fc61b734514a5c17044de395912 e8e15fc61b734514a5c17044de395912] 10.0.0.137 "DELETE /resource_providers/a66dcc3d-a7f2-41f0-98ef-3c6a34851607" status: 404 len: 246 microversion: 1.1 [pid: 7|app: 0|req: 371/740] 10.0.0.137 () {34 vars in 825 bytes} [Thu Jul 2 12:26:30 2026] DELETE /resource_providers/a66dcc3d-a7f2-41f0-98ef-3c6a34851607 => generated 246 bytes in 18 msecs (HTTP/1.1 404) 6 headers in 231 bytes (1 switches on core 0)
2026-07-02 12:26:30.987 8 INFO placement.requestlog [None req-aec96090-baaf-4dc3-8130-046923acaa40 09c41e21fe8341e98022182b95ac2f43 f94b2041cab7414ba8cde20a9c5b1ac6 - - e8e15fc61b734514a5c17044de395912 e8e15fc61b734514a5c17044de395912] 10.0.0.137 "DELETE /resource_providers/a66dcc3d-a7f2-41f0-98ef-3c6a34851607" status: 404 len: 246 microversion: 1.1 [pid: 8|app: 0|req: 370/741] 10.0.0.137 () {34 vars in 825 bytes} [Thu Jul 2 12:26:30 2026] DELETE /resource_providers/a66dcc3d-a7f2-41f0-98ef-3c6a34851607 => generated 246 bytes in 19 msecs (HTTP/1.1 404) 6 headers in 231 bytes (1 switches on core 0)
2026-07-02 12:26:31.897 7 INFO placement.requestlog [None req-b1604428-2293-49f8-a009-22a4574b4e09 09c41e21fe8341e98022182b95ac2f43 f94b2041cab7414ba8cde20a9c5b1ac6 - - e8e15fc61b734514a5c17044de395912 e8e15fc61b734514a5c17044de395912] 10.0.0.137 "GET /resource_providers/618dfaeb-daaa-4cdc-afe6-86c81a7cf9fa/aggregates" status: 404 len: 235 microversion: 1.1 [pid: 7|app: 0|req: 372/742] 10.0.0.137 () {32 vars in 825 bytes} [Thu Jul 2 12:26:31 2026] GET /resource_providers/618dfaeb-daaa-4cdc-afe6-86c81a7cf9fa/aggregates => generated 235 bytes in 11 msecs (HTTP/1.1 404) 5 headers in 202 bytes (1 switches on core 0)
2026-07-02 12:26:31.930 8 INFO placement.requestlog [None req-46de57f6-2b6f-46ac-be78-f6d448b09ae7 09c41e21fe8341e98022182b95ac2f43 f94b2041cab7414ba8cde20a9c5b1ac6 - - e8e15fc61b734514a5c17044de395912 e8e15fc61b734514a5c17044de395912] 10.0.0.137 "GET /resource_providers/618dfaeb-daaa-4cdc-afe6-86c81a7cf9fa/aggregates" status: 404 len: 235 microversion: 1.1 [pid: 8|app: 0|req: 371/743] 10.0.0.137 () {32 vars in 825 bytes} [Thu Jul 2 12:26:31 2026] GET /resource_providers/618dfaeb-daaa-4cdc-afe6-86c81a7cf9fa/aggregates => generated 235 bytes in 18 msecs (HTTP/1.1 404) 5 headers in 202 bytes (1 switches on core 0)
2026-07-02 12:26:31.931 7 INFO placement.requestlog [None req-42b8000a-fa69-48e9-b9b8-559953ff4526 09c41e21fe8341e98022182b95ac2f43 f94b2041cab7414ba8cde20a9c5b1ac6 - - e8e15fc61b734514a5c17044de395912 e8e15fc61b734514a5c17044de395912] 10.0.0.137 "DELETE /resource_providers/618dfaeb-daaa-4cdc-afe6-86c81a7cf9fa" status: 404 len: 246 microversion: 1.1 [pid: 7|app: 0|req: 373/744] 10.0.0.137 () {34 vars in 825 bytes} [Thu Jul 2 12:26:31 2026] DELETE /resource_providers/618dfaeb-daaa-4cdc-afe6-86c81a7cf9fa => generated 246 bytes in 18 msecs (HTTP/1.1 404) 6 headers in 231 bytes (1 switches on core 0)
2026-07-02 12:26:31.958 8 INFO placement.requestlog [None req-658f0a5a-97fa-4f16-9fbd-d7e9fc8cbe9d 09c41e21fe8341e98022182b95ac2f43 f94b2041cab7414ba8cde20a9c5b1ac6 - - e8e15fc61b734514a5c17044de395912 e8e15fc61b734514a5c17044de395912] 10.0.0.137 "DELETE /resource_providers/618dfaeb-daaa-4cdc-afe6-86c81a7cf9fa" status: 404 len: 246 microversion: 1.1 [pid: 8|app: 0|req: 372/745] 10.0.0.137 () {34 vars in 825 bytes} [Thu Jul 2 12:26:31 2026] DELETE /resource_providers/618dfaeb-daaa-4cdc-afe6-86c81a7cf9fa => generated 246 bytes in 8 msecs (HTTP/1.1 404) 6 headers in 231 bytes (1 switches on core 0)
2026-07-02 12:26:34.967 8 INFO placement.requestlog [None req-1637a252-40a3-4f41-a4f9-a8d637a12e9b 09c41e21fe8341e98022182b95ac2f43 f94b2041cab7414ba8cde20a9c5b1ac6 - - e8e15fc61b734514a5c17044de395912 e8e15fc61b734514a5c17044de395912] 10.0.0.137 "GET /resource_providers/2a498fbc-f0e6-42f8-8cf4-e557c8df1aa0/aggregates" status: 404 len: 235 microversion: 1.1 [pid: 8|app: 0|req: 373/746] 10.0.0.137 () {32 vars in 825 bytes} [Thu Jul 2 12:26:34 2026] GET /resource_providers/2a498fbc-f0e6-42f8-8cf4-e557c8df1aa0/aggregates => generated 235 bytes in 17 msecs (HTTP/1.1 404) 5 headers in 202 bytes (1 switches on core 0)
2026-07-02 12:26:34.968 7 INFO placement.requestlog [None req-a2ca91b6-f45e-4db0-b773-86fd463024d8 09c41e21fe8341e98022182b95ac2f43 f94b2041cab7414ba8cde20a9c5b1ac6 - - e8e15fc61b734514a5c17044de395912 e8e15fc61b734514a5c17044de395912] 10.0.0.137 "GET /resource_providers/2a498fbc-f0e6-42f8-8cf4-e557c8df1aa0/aggregates" status: 404 len: 235 microversion: 1.1 [pid: 7|app: 0|req: 374/747] 10.0.0.137 () {32 vars in 825 bytes} [Thu Jul 2 12:26:34 2026] GET /resource_providers/2a498fbc-f0e6-42f8-8cf4-e557c8df1aa0/aggregates => generated 235 bytes in 19 msecs (HTTP/1.1 404) 5 headers in 202 bytes (1 switches on core 0)
2026-07-02 12:26:35.003 8 INFO placement.requestlog [None req-650ef61f-7c2f-42e8-bac0-c6e9ac76fd36 09c41e21fe8341e98022182b95ac2f43 f94b2041cab7414ba8cde20a9c5b1ac6 - - e8e15fc61b734514a5c17044de395912 e8e15fc61b734514a5c17044de395912] 10.0.0.137 "DELETE /resource_providers/2a498fbc-f0e6-42f8-8cf4-e557c8df1aa0" status: 404 len: 246 microversion: 1.1 [pid: 8|app: 0|req: 374/748] 10.0.0.137 () {34 vars in 825 bytes} [Thu Jul 2 12:26:34 2026] DELETE /resource_providers/2a498fbc-f0e6-42f8-8cf4-e557c8df1aa0 => generated 246 bytes in 19 msecs (HTTP/1.1 404) 6 headers in 231 bytes (1 switches on core 0)
2026-07-02 12:26:35.004 7 INFO placement.requestlog [None req-020a1b07-4907-4413-ac10-95747b6dd34d 09c41e21fe8341e98022182b95ac2f43 f94b2041cab7414ba8cde20a9c5b1ac6 - - e8e15fc61b734514a5c17044de395912 e8e15fc61b734514a5c17044de395912] 10.0.0.137 "DELETE /resource_providers/2a498fbc-f0e6-42f8-8cf4-e557c8df1aa0" status: 404 len: 246 microversion: 1.1 [pid: 7|app: 0|req: 375/749] 10.0.0.137 () {34 vars in 825 bytes} [Thu Jul 2 12:26:34 2026] DELETE /resource_providers/2a498fbc-f0e6-42f8-8cf4-e557c8df1aa0 => generated 246 bytes in 19 msecs (HTTP/1.1 404) 6 headers in 231 bytes (1 switches on core 0)
2026-07-02 12:26:35.540 7 INFO placement.requestlog [None req-0a088b9f-5362-409c-9fb2-d12341f07bb1 09c41e21fe8341e98022182b95ac2f43 f94b2041cab7414ba8cde20a9c5b1ac6 - - e8e15fc61b734514a5c17044de395912 e8e15fc61b734514a5c17044de395912] 10.0.0.137 "GET /resource_providers/2fc56f62-53ec-4c26-9116-9471fa52304b/aggregates" status: 404 len: 235 microversion: 1.1 [pid: 7|app: 0|req: 376/750] 10.0.0.137 () {32 vars in 825 bytes} [Thu Jul 2 12:26:35 2026] GET /resource_providers/2fc56f62-53ec-4c26-9116-9471fa52304b/aggregates => generated 235 bytes in 17 msecs (HTTP/1.1 404) 5 headers in 202 bytes (1 switches on core 0)
2026-07-02 12:26:35.541 8 INFO placement.requestlog [None req-a76a32f3-633f-422c-8a57-6169f24679f2 09c41e21fe8341e98022182b95ac2f43 f94b2041cab7414ba8cde20a9c5b1ac6 - - e8e15fc61b734514a5c17044de395912 e8e15fc61b734514a5c17044de395912] 10.0.0.137 "GET /resource_providers/2fc56f62-53ec-4c26-9116-9471fa52304b/aggregates" status: 404 len: 235 microversion: 1.1 [pid: 8|app: 0|req: 375/751] 10.0.0.137 () {32 vars in 825 bytes} [Thu Jul 2 12:26:35 2026] GET /resource_providers/2fc56f62-53ec-4c26-9116-9471fa52304b/aggregates => generated 235 bytes in 16 msecs (HTTP/1.1 404) 5 headers in 202 bytes (1 switches on core 0)
2026-07-02 12:26:35.572 7 INFO placement.requestlog [None req-b8e4e6c1-dc72-42b7-9ed2-7d4bfc03a90e 09c41e21fe8341e98022182b95ac2f43 f94b2041cab7414ba8cde20a9c5b1ac6 - - e8e15fc61b734514a5c17044de395912 e8e15fc61b734514a5c17044de395912] 10.0.0.137 "DELETE /resource_providers/2fc56f62-53ec-4c26-9116-9471fa52304b" status: 404 len: 246 microversion: 1.1 [pid: 7|app: 0|req: 377/752] 10.0.0.137 () {34 vars in 825 bytes} [Thu Jul 2 12:26:35 2026] DELETE /resource_providers/2fc56f62-53ec-4c26-9116-9471fa52304b => generated 246 bytes in 19 msecs (HTTP/1.1 404) 6 headers in 231 bytes (1 switches on core 0)
2026-07-02 12:26:35.574 8 INFO placement.requestlog [None req-81f3bb48-faba-40e3-bf87-b32da0a015e1 09c41e21fe8341e98022182b95ac2f43 f94b2041cab7414ba8cde20a9c5b1ac6 - - e8e15fc61b734514a5c17044de395912 e8e15fc61b734514a5c17044de395912] 10.0.0.137 "DELETE /resource_providers/2fc56f62-53ec-4c26-9116-9471fa52304b" status: 404 len: 246 microversion: 1.1 [pid: 8|app: 0|req: 376/753] 10.0.0.137 () {34 vars in 825 bytes} [Thu Jul 2 12:26:35 2026] DELETE /resource_providers/2fc56f62-53ec-4c26-9116-9471fa52304b => generated 246 bytes in 10 msecs (HTTP/1.1 404) 6 headers in 231 bytes (1 switches on core 0)
2026-07-02 12:26:36.325 7 INFO placement.requestlog [None req-0684c06d-13bd-4722-8625-2fa2d30f8e6e - - - - - -] 10.0.0.68 "GET /" status: 200 len: 136 microversion: 1.0
2026-07-02 12:26:36.327 8 INFO placement.requestlog [None req-9b49961b-c51c-4d5b-ae19-c3ebb974d038 - - - - - -] 10.0.0.68 "GET /" status: 200 len: 136 microversion: 1.0
2026-07-02 12:26:40.104 8 INFO placement.requestlog [None req-a91fdb49-9594-483d-b19d-016751aeccb5 09c41e21fe8341e98022182b95ac2f43 f94b2041cab7414ba8cde20a9c5b1ac6 - - e8e15fc61b734514a5c17044de395912 e8e15fc61b734514a5c17044de395912] 10.0.0.137 "GET /resource_providers/9ade6fa4-0e27-4633-878d-13e259b7a587/aggregates" status: 404 len: 235 microversion: 1.1 [pid: 8|app: 0|req: 378/756] 10.0.0.137 () {32 vars in 825 bytes} [Thu Jul 2 12:26:40 2026] GET /resource_providers/9ade6fa4-0e27-4633-878d-13e259b7a587/aggregates => generated 235 bytes in 14 msecs (HTTP/1.1 404) 5 headers in 202 bytes (1 switches on core 0)
2026-07-02 12:26:40.105 7 INFO placement.requestlog [None req-e2c29f2d-6e48-4c64-839f-ed0d9a42e612 09c41e21fe8341e98022182b95ac2f43 f94b2041cab7414ba8cde20a9c5b1ac6 - - e8e15fc61b734514a5c17044de395912 e8e15fc61b734514a5c17044de395912] 10.0.0.137 "GET /resource_providers/9ade6fa4-0e27-4633-878d-13e259b7a587/aggregates" status: 404 len: 235 microversion: 1.1 [pid: 7|app: 0|req: 379/757] 10.0.0.137 () {32 vars in 825 bytes} [Thu Jul 2 12:26:40 2026] GET /resource_providers/9ade6fa4-0e27-4633-878d-13e259b7a587/aggregates => generated 235 bytes in 22 msecs (HTTP/1.1 404) 5 headers in 202 bytes (1 switches on core 0)
2026-07-02 12:26:40.141 8 INFO placement.requestlog [None req-dddf37e7-e7c8-457d-8fff-cb7323cb66c8 09c41e21fe8341e98022182b95ac2f43 f94b2041cab7414ba8cde20a9c5b1ac6 - - e8e15fc61b734514a5c17044de395912 e8e15fc61b734514a5c17044de395912] 10.0.0.137 "DELETE /resource_providers/9ade6fa4-0e27-4633-878d-13e259b7a587" status: 404 len: 246 microversion: 1.1 [pid: 8|app: 0|req: 379/758] 10.0.0.137 () {34 vars in 825 bytes} [Thu Jul 2 12:26:40 2026] DELETE /resource_providers/9ade6fa4-0e27-4633-878d-13e259b7a587 => generated 246 bytes in 20 msecs (HTTP/1.1 404) 6 headers in 231 bytes (1 switches on core 0)
2026-07-02 12:26:40.144 7 INFO placement.requestlog [None req-ba44da5d-729b-4184-8b7a-4977c3ee9987 09c41e21fe8341e98022182b95ac2f43 f94b2041cab7414ba8cde20a9c5b1ac6 - - e8e15fc61b734514a5c17044de395912 e8e15fc61b734514a5c17044de395912] 10.0.0.137 "DELETE /resource_providers/9ade6fa4-0e27-4633-878d-13e259b7a587" status: 404 len: 246 microversion: 1.1 [pid: 7|app: 0|req: 380/759] 10.0.0.137 () {34 vars in 825 bytes} [Thu Jul 2 12:26:40 2026] DELETE /resource_providers/9ade6fa4-0e27-4633-878d-13e259b7a587 => generated 246 bytes in 9 msecs (HTTP/1.1 404) 6 headers in 231 bytes (1 switches on core 0)
2026-07-02 12:26:41.258 8 INFO placement.requestlog [None req-ca899d77-e42f-48f3-9b1f-e66d98d4fd45 09c41e21fe8341e98022182b95ac2f43 f94b2041cab7414ba8cde20a9c5b1ac6 - - e8e15fc61b734514a5c17044de395912 e8e15fc61b734514a5c17044de395912] 10.0.0.137 "GET /resource_providers/32caf539-8e06-4d63-81fe-671a98b6f69f/aggregates" status: 404 len: 235 microversion: 1.1 [pid: 8|app: 0|req: 380/760] 10.0.0.137 () {32 vars in 825 bytes} [Thu Jul 2 12:26:41 2026] GET /resource_providers/32caf539-8e06-4d63-81fe-671a98b6f69f/aggregates => generated 235 bytes in 14 msecs (HTTP/1.1 404) 5 headers in 202 bytes (1 switches on core 0)
2026-07-02 12:26:41.264 7 INFO placement.requestlog [None req-09d3c1cd-a0d8-4b92-a7c0-4d34f9e45d70 09c41e21fe8341e98022182b95ac2f43 f94b2041cab7414ba8cde20a9c5b1ac6 - - e8e15fc61b734514a5c17044de395912 e8e15fc61b734514a5c17044de395912] 10.0.0.137 "GET /resource_providers/32caf539-8e06-4d63-81fe-671a98b6f69f/aggregates" status: 404 len: 235 microversion: 1.1 [pid: 7|app: 0|req: 381/761] 10.0.0.137 () {32 vars in 825 bytes} [Thu Jul 2 12:26:41 2026] GET /resource_providers/32caf539-8e06-4d63-81fe-671a98b6f69f/aggregates => generated 235 bytes in 14 msecs (HTTP/1.1 404) 5 headers in 202 bytes (1 switches on core 0)
2026-07-02 12:26:41.296 7 INFO placement.requestlog [None req-17a70298-da20-433b-bb90-94c02e88770d 09c41e21fe8341e98022182b95ac2f43 f94b2041cab7414ba8cde20a9c5b1ac6 - - e8e15fc61b734514a5c17044de395912 e8e15fc61b734514a5c17044de395912] 10.0.0.137 "DELETE /resource_providers/32caf539-8e06-4d63-81fe-671a98b6f69f" status: 404 len: 246 microversion: 1.1 [pid: 7|app: 0|req: 382/762] 10.0.0.137 () {34 vars in 825 bytes} [Thu Jul 2 12:26:41 2026] DELETE /resource_providers/32caf539-8e06-4d63-81fe-671a98b6f69f => generated 246 bytes in 11 msecs (HTTP/1.1 404) 6 headers in 231 bytes (1 switches on core 0)
2026-07-02 12:26:41.299 8 INFO placement.requestlog [None req-5ba3c511-8e34-4776-bf25-296e357fc28a 09c41e21fe8341e98022182b95ac2f43 f94b2041cab7414ba8cde20a9c5b1ac6 - - e8e15fc61b734514a5c17044de395912 e8e15fc61b734514a5c17044de395912] 10.0.0.137 "DELETE /resource_providers/32caf539-8e06-4d63-81fe-671a98b6f69f" status: 404 len: 246 microversion: 1.1 [pid: 8|app: 0|req: 381/763] 10.0.0.137 () {34 vars in 825 bytes} [Thu Jul 2 12:26:41 2026] DELETE /resource_providers/32caf539-8e06-4d63-81fe-671a98b6f69f => generated 246 bytes in 15 msecs (HTTP/1.1 404) 6 headers in 231 bytes (1 switches on core 0)
2026-07-02 12:26:42.181 7 INFO placement.requestlog [None req-a89b4ba0-0e2a-43e5-9ebd-beec5de66b50 09c41e21fe8341e98022182b95ac2f43 f94b2041cab7414ba8cde20a9c5b1ac6 - - e8e15fc61b734514a5c17044de395912 e8e15fc61b734514a5c17044de395912] 10.0.0.137 "GET /resource_providers/468d9c71-1343-492c-b815-a490361e9237/aggregates" status: 404 len: 235 microversion: 1.1 [pid: 7|app: 0|req: 383/764] 10.0.0.137 () {32 vars in 825 bytes} [Thu Jul 2 12:26:42 2026] GET /resource_providers/468d9c71-1343-492c-b815-a490361e9237/aggregates => generated 235 bytes in 15 msecs (HTTP/1.1 404) 5 headers in 202 bytes (1 switches on core 0)
2026-07-02 12:26:42.185 8 INFO placement.requestlog [None req-beb13f2e-1905-4fdb-83f2-6ef833584b0a 09c41e21fe8341e98022182b95ac2f43 f94b2041cab7414ba8cde20a9c5b1ac6 - - e8e15fc61b734514a5c17044de395912 e8e15fc61b734514a5c17044de395912] 10.0.0.137 "GET /resource_providers/468d9c71-1343-492c-b815-a490361e9237/aggregates" status: 404 len: 235 microversion: 1.1 [pid: 8|app: 0|req: 382/765] 10.0.0.137 () {32 vars in 825 bytes} [Thu Jul 2 12:26:42 2026] GET /resource_providers/468d9c71-1343-492c-b815-a490361e9237/aggregates => generated 235 bytes in 10 msecs (HTTP/1.1 404) 5 headers in 202 bytes (1 switches on core 0)
2026-07-02 12:26:42.201 7 INFO placement.requestlog [None req-03195e6c-cbc1-4242-8f5a-62e7c9902e01 09c41e21fe8341e98022182b95ac2f43 f94b2041cab7414ba8cde20a9c5b1ac6 - - e8e15fc61b734514a5c17044de395912 e8e15fc61b734514a5c17044de395912] 10.0.0.137 "DELETE /resource_providers/468d9c71-1343-492c-b815-a490361e9237" status: 404 len: 246 microversion: 1.1 [pid: 7|app: 0|req: 384/766] 10.0.0.137 () {34 vars in 825 bytes} [Thu Jul 2 12:26:42 2026] DELETE /resource_providers/468d9c71-1343-492c-b815-a490361e9237 => generated 246 bytes in 10 msecs (HTTP/1.1 404) 6 headers in 231 bytes (1 switches on core 0)
2026-07-02 12:26:42.205 8 INFO placement.requestlog [None req-892055bc-85af-4d3a-85f9-5435163540b6 09c41e21fe8341e98022182b95ac2f43 f94b2041cab7414ba8cde20a9c5b1ac6 - - e8e15fc61b734514a5c17044de395912 e8e15fc61b734514a5c17044de395912] 10.0.0.137 "DELETE /resource_providers/468d9c71-1343-492c-b815-a490361e9237" status: 404 len: 246 microversion: 1.1 [pid: 8|app: 0|req: 383/767] 10.0.0.137 () {34 vars in 825 bytes} [Thu Jul 2 12:26:42 2026] DELETE /resource_providers/468d9c71-1343-492c-b815-a490361e9237 => generated 246 bytes in 10 msecs (HTTP/1.1 404) 6 headers in 231 bytes (1 switches on core 0)
2026-07-02 12:26:42.828 7 INFO placement.requestlog [req-d5b2099c-568a-4249-b68c-a10acb421183 req-542435b7-a64f-4d76-b2a6-4ef83fc814d9 6c81038362264ab78f08c5b005bce7db f94b2041cab7414ba8cde20a9c5b1ac6 - - e8e15fc61b734514a5c17044de395912 e8e15fc61b734514a5c17044de395912] 10.0.0.14 "GET /allocation_candidates?limit=1000&resources=MEMORY_MB%3A512%2CVCPU%3A1&root_required=%21COMPUTE_STATUS_DISABLED" status: 200 len: 2133 microversion: 1.36 [pid: 7|app: 0|req: 385/768] 10.0.0.14 () {34 vars in 983 bytes} [Thu Jul 2 12:26:42 2026] GET /allocation_candidates?limit=1000&resources=MEMORY_MB%3A512%2CVCPU%3A1&root_required=%21COMPUTE_STATUS_DISABLED => generated 2133 bytes in 38 msecs (HTTP/1.1 200) 8 headers in 297 bytes (1 switches on core 0)
2026-07-02 12:26:42.872 8 INFO placement.requestlog [req-d5b2099c-568a-4249-b68c-a10acb421183 req-06409e83-0b12-452d-8a8f-d31771c4f69d 6c81038362264ab78f08c5b005bce7db f94b2041cab7414ba8cde20a9c5b1ac6 - - e8e15fc61b734514a5c17044de395912 e8e15fc61b734514a5c17044de395912] 10.0.0.14 "GET /allocations/a190d4f8-acf8-4bbf-8e50-cb399cf87506" status: 200 len: 19 microversion: 1.28 [pid: 8|app: 0|req: 384/769] 10.0.0.14 () {34 vars in 860 bytes} [Thu Jul 2 12:26:42 2026] GET /allocations/a190d4f8-acf8-4bbf-8e50-cb399cf87506 => generated 19 bytes in 14 msecs (HTTP/1.1 200) 8 headers in 295 bytes (1 switches on core 0)
2026-07-02 12:26:42.944 7 INFO placement.requestlog [req-d5b2099c-568a-4249-b68c-a10acb421183 req-fb1bbcb2-a287-49a8-ba6b-5b5dac14dd51 6c81038362264ab78f08c5b005bce7db f94b2041cab7414ba8cde20a9c5b1ac6 - - e8e15fc61b734514a5c17044de395912 e8e15fc61b734514a5c17044de395912] 10.0.0.14 "PUT /allocations/a190d4f8-acf8-4bbf-8e50-cb399cf87506" status: 204 len: 0 microversion: 1.36 [pid: 7|app: 0|req: 386/770] 10.0.0.14 () {38 vars in 913 bytes} [Thu Jul 2 12:26:42 2026] PUT /allocations/a190d4f8-acf8-4bbf-8e50-cb399cf87506 => generated 0 bytes in 59 msecs (HTTP/1.1 204) 5 headers in 199 bytes (1 switches on core 0)
2026-07-02 12:26:43.328 7 INFO placement.requestlog [None req-ca5b8cb4-cefa-4e26-9f90-43da1fd89c0c 09c41e21fe8341e98022182b95ac2f43 f94b2041cab7414ba8cde20a9c5b1ac6 - - e8e15fc61b734514a5c17044de395912 e8e15fc61b734514a5c17044de395912] 10.0.0.137 "GET /resource_providers/18932498-750e-45c8-b3d5-2a86c08c5a34/aggregates" status: 404 len: 235 microversion: 1.1 [pid: 7|app: 0|req: 387/771] 10.0.0.137 () {32 vars in 825 bytes} [Thu Jul 2 12:26:43 2026] GET /resource_providers/18932498-750e-45c8-b3d5-2a86c08c5a34/aggregates => generated 235 bytes in 16 msecs (HTTP/1.1 404) 5 headers in 202 bytes (1 switches on core 0)
2026-07-02 12:26:43.329 8 INFO placement.requestlog [req-111d83be-80de-4f67-b9e9-930c4eed4a19 req-4b48371c-e503-4ca1-8f61-b399beda416a 6c81038362264ab78f08c5b005bce7db f94b2041cab7414ba8cde20a9c5b1ac6 - - e8e15fc61b734514a5c17044de395912 e8e15fc61b734514a5c17044de395912] 10.0.0.14 "GET /allocation_candidates?limit=1000&resources=DISK_GB%3A1%2CMEMORY_MB%3A512%2CVCPU%3A1&root_required=%21COMPUTE_STATUS_DISABLED" status: 200 len: 2149 microversion: 1.36 [pid: 8|app: 0|req: 385/772] 10.0.0.14 () {34 vars in 1011 bytes} [Thu Jul 2 12:26:43 2026] GET /allocation_candidates?limit=1000&resources=DISK_GB%3A1%2CMEMORY_MB%3A512%2CVCPU%3A1&root_required=%21COMPUTE_STATUS_DISABLED => generated 2149 bytes in 63 msecs (HTTP/1.1 200) 8 headers in 297 bytes (1 switches on core 0)
2026-07-02 12:26:43.340 7 INFO placement.requestlog [None req-00b1c0f6-b252-4ad9-adbb-16133ed81d82 09c41e21fe8341e98022182b95ac2f43 f94b2041cab7414ba8cde20a9c5b1ac6 - - e8e15fc61b734514a5c17044de395912 e8e15fc61b734514a5c17044de395912] 10.0.0.137 "GET /resource_providers/18932498-750e-45c8-b3d5-2a86c08c5a34/aggregates" status: 404 len: 235 microversion: 1.1 [pid: 7|app: 0|req: 388/773] 10.0.0.137 () {32 vars in 825 bytes} [Thu Jul 2 12:26:43 2026] GET /resource_providers/18932498-750e-45c8-b3d5-2a86c08c5a34/aggregates => generated 235 bytes in 12 msecs (HTTP/1.1 404) 5 headers in 202 bytes (1 switches on core 0)
2026-07-02 12:26:43.354 8 INFO placement.requestlog [None req-775bea5c-cfa5-409d-ada1-c71c0b30c516 09c41e21fe8341e98022182b95ac2f43 f94b2041cab7414ba8cde20a9c5b1ac6 - - e8e15fc61b734514a5c17044de395912 e8e15fc61b734514a5c17044de395912] 10.0.0.137 "DELETE /resource_providers/18932498-750e-45c8-b3d5-2a86c08c5a34" status: 404 len: 246 microversion: 1.1 [pid: 8|app: 0|req: 386/774] 10.0.0.137 () {34 vars in 825 bytes} [Thu Jul 2 12:26:43 2026] DELETE /resource_providers/18932498-750e-45c8-b3d5-2a86c08c5a34 => generated 246 bytes in 21 msecs (HTTP/1.1 404) 6 headers in 231 bytes (1 switches on core 0)
2026-07-02 12:26:43.356 7 INFO placement.requestlog [None req-9a156ce3-4578-47ec-97b6-a7fbe309c691 09c41e21fe8341e98022182b95ac2f43 f94b2041cab7414ba8cde20a9c5b1ac6 - - e8e15fc61b734514a5c17044de395912 e8e15fc61b734514a5c17044de395912] 10.0.0.137 "DELETE /resource_providers/18932498-750e-45c8-b3d5-2a86c08c5a34" status: 404 len: 246 microversion: 1.1 [pid: 7|app: 0|req: 389/775] 10.0.0.137 () {34 vars in 825 bytes} [Thu Jul 2 12:26:43 2026] DELETE /resource_providers/18932498-750e-45c8-b3d5-2a86c08c5a34 => generated 246 bytes in 8 msecs (HTTP/1.1 404) 6 headers in 231 bytes (1 switches on core 0)
2026-07-02 12:26:43.367 8 INFO placement.requestlog [req-111d83be-80de-4f67-b9e9-930c4eed4a19 req-694d7d7e-19c0-4076-a9fa-0efd8a428bed 6c81038362264ab78f08c5b005bce7db f94b2041cab7414ba8cde20a9c5b1ac6 - - e8e15fc61b734514a5c17044de395912 e8e15fc61b734514a5c17044de395912] 10.0.0.14 "GET /allocations/397558f2-8006-4485-8acd-b8ea31d92757" status: 200 len: 19 microversion: 1.28 [pid: 8|app: 0|req: 387/776] 10.0.0.14 () {34 vars in 860 bytes} [Thu Jul 2 12:26:43 2026] GET /allocations/397558f2-8006-4485-8acd-b8ea31d92757 => generated 19 bytes in 10 msecs (HTTP/1.1 200) 8 headers in 295 bytes (1 switches on core 0)
2026-07-02 12:26:43.433 8 INFO placement.requestlog [req-d5b2099c-568a-4249-b68c-a10acb421183 req-77141ce1-740d-4486-a823-0a747ffc0e1c 6c81038362264ab78f08c5b005bce7db f94b2041cab7414ba8cde20a9c5b1ac6 - - e8e15fc61b734514a5c17044de395912 e8e15fc61b734514a5c17044de395912] 199.204.45.89 "GET /allocations/a190d4f8-acf8-4bbf-8e50-cb399cf87506" status: 200 len: 243 microversion: 1.28 [pid: 8|app: 0|req: 388/777] 199.204.45.89 () {34 vars in 862 bytes} [Thu Jul 2 12:26:43 2026] GET /allocations/a190d4f8-acf8-4bbf-8e50-cb399cf87506 => generated 243 bytes in 29 msecs (HTTP/1.1 200) 8 headers in 296 bytes (1 switches on core 0)
2026-07-02 12:26:43.466 7 INFO placement.requestlog [req-111d83be-80de-4f67-b9e9-930c4eed4a19 req-626e746c-194d-4642-aae0-546a24042365 6c81038362264ab78f08c5b005bce7db f94b2041cab7414ba8cde20a9c5b1ac6 - - e8e15fc61b734514a5c17044de395912 e8e15fc61b734514a5c17044de395912] 10.0.0.14 "PUT /allocations/397558f2-8006-4485-8acd-b8ea31d92757" status: 204 len: 0 microversion: 1.36 [pid: 7|app: 0|req: 390/778] 10.0.0.14 () {38 vars in 913 bytes} [Thu Jul 2 12:26:43 2026] PUT /allocations/397558f2-8006-4485-8acd-b8ea31d92757 => generated 0 bytes in 81 msecs (HTTP/1.1 204) 5 headers in 199 bytes (1 switches on core 0)
2026-07-02 12:26:43.592 8 INFO placement.requestlog [req-d5b2099c-568a-4249-b68c-a10acb421183 req-e86a2a29-0abb-4af3-a249-f9dd7336745c 6c81038362264ab78f08c5b005bce7db f94b2041cab7414ba8cde20a9c5b1ac6 - - e8e15fc61b734514a5c17044de395912 e8e15fc61b734514a5c17044de395912] 199.204.45.89 "GET /resource_providers/a4f3f936-b003-41fb-ae70-458097723c9c/allocations" status: 200 len: 238 microversion: 1.0 [pid: 8|app: 0|req: 389/779] 199.204.45.89 () {32 vars in 856 bytes} [Thu Jul 2 12:26:43 2026] GET /resource_providers/a4f3f936-b003-41fb-ae70-458097723c9c/allocations => generated 238 bytes in 38 msecs (HTTP/1.1 200) 6 headers in 224 bytes (1 switches on core 0)
2026-07-02 12:26:43.618 7 INFO placement.requestlog [req-d5b2099c-568a-4249-b68c-a10acb421183 req-14b5521e-db99-46e7-a892-1748e1c3025b 6c81038362264ab78f08c5b005bce7db f94b2041cab7414ba8cde20a9c5b1ac6 - - e8e15fc61b734514a5c17044de395912 e8e15fc61b734514a5c17044de395912] 199.204.45.89 "GET /allocations/a190d4f8-acf8-4bbf-8e50-cb399cf87506" status: 200 len: 243 microversion: 1.28 [pid: 7|app: 0|req: 391/780] 199.204.45.89 () {34 vars in 862 bytes} [Thu Jul 2 12:26:43 2026] GET /allocations/a190d4f8-acf8-4bbf-8e50-cb399cf87506 => generated 243 bytes in 14 msecs (HTTP/1.1 200) 8 headers in 296 bytes (1 switches on core 0)
2026-07-02 12:26:43.638 8 INFO placement.requestlog [req-d5b2099c-568a-4249-b68c-a10acb421183 req-2133324c-ec4f-411b-8a9c-cba7d3496329 6c81038362264ab78f08c5b005bce7db f94b2041cab7414ba8cde20a9c5b1ac6 - - e8e15fc61b734514a5c17044de395912 e8e15fc61b734514a5c17044de395912] 199.204.45.89 "GET /allocations/397558f2-8006-4485-8acd-b8ea31d92757" status: 200 len: 257 microversion: 1.28 [pid: 8|app: 0|req: 390/781] 199.204.45.89 () {34 vars in 862 bytes} [Thu Jul 2 12:26:43 2026] GET /allocations/397558f2-8006-4485-8acd-b8ea31d92757 => generated 257 bytes in 11 msecs (HTTP/1.1 200) 8 headers in 296 bytes (1 switches on core 0)
2026-07-02 12:26:43.816 7 INFO placement.requestlog [req-111d83be-80de-4f67-b9e9-930c4eed4a19 req-52f2599a-b797-4646-8886-11f4e8343f10 6c81038362264ab78f08c5b005bce7db f94b2041cab7414ba8cde20a9c5b1ac6 - - e8e15fc61b734514a5c17044de395912 e8e15fc61b734514a5c17044de395912] 199.204.45.89 "GET /allocations/397558f2-8006-4485-8acd-b8ea31d92757" status: 200 len: 257 microversion: 1.28 [pid: 7|app: 0|req: 392/782] 199.204.45.89 () {34 vars in 862 bytes} [Thu Jul 2 12:26:43 2026] GET /allocations/397558f2-8006-4485-8acd-b8ea31d92757 => generated 257 bytes in 15 msecs (HTTP/1.1 200) 8 headers in 296 bytes (1 switches on core 0)
2026-07-02 12:26:44.144 8 INFO placement.requestlog [req-111d83be-80de-4f67-b9e9-930c4eed4a19 req-e022769f-83c6-4484-b15f-731104f3e13d 6c81038362264ab78f08c5b005bce7db f94b2041cab7414ba8cde20a9c5b1ac6 - - e8e15fc61b734514a5c17044de395912 e8e15fc61b734514a5c17044de395912] 199.204.45.89 "GET /resource_providers/a4f3f936-b003-41fb-ae70-458097723c9c/allocations" status: 200 len: 238 microversion: 1.0 [pid: 8|app: 0|req: 391/783] 199.204.45.89 () {32 vars in 856 bytes} [Thu Jul 2 12:26:44 2026] GET /resource_providers/a4f3f936-b003-41fb-ae70-458097723c9c/allocations => generated 238 bytes in 34 msecs (HTTP/1.1 200) 6 headers in 224 bytes (1 switches on core 0)
2026-07-02 12:26:44.169 7 INFO placement.requestlog [req-111d83be-80de-4f67-b9e9-930c4eed4a19 req-706482ef-5884-4540-bf36-47bff1d91602 6c81038362264ab78f08c5b005bce7db f94b2041cab7414ba8cde20a9c5b1ac6 - - e8e15fc61b734514a5c17044de395912 e8e15fc61b734514a5c17044de395912] 199.204.45.89 "GET /allocations/a190d4f8-acf8-4bbf-8e50-cb399cf87506" status: 200 len: 243 microversion: 1.28 [pid: 7|app: 0|req: 393/784] 199.204.45.89 () {34 vars in 862 bytes} [Thu Jul 2 12:26:44 2026] GET /allocations/a190d4f8-acf8-4bbf-8e50-cb399cf87506 => generated 243 bytes in 16 msecs (HTTP/1.1 200) 8 headers in 296 bytes (1 switches on core 0)
2026-07-02 12:26:44.190 8 INFO placement.requestlog [req-111d83be-80de-4f67-b9e9-930c4eed4a19 req-47cf7f42-f4b2-4e7d-a994-78d0cb6f5d01 6c81038362264ab78f08c5b005bce7db f94b2041cab7414ba8cde20a9c5b1ac6 - - e8e15fc61b734514a5c17044de395912 e8e15fc61b734514a5c17044de395912] 199.204.45.89 "GET /allocations/397558f2-8006-4485-8acd-b8ea31d92757" status: 200 len: 257 microversion: 1.28 [pid: 8|app: 0|req: 392/785] 199.204.45.89 () {34 vars in 862 bytes} [Thu Jul 2 12:26:44 2026] GET /allocations/397558f2-8006-4485-8acd-b8ea31d92757 => generated 257 bytes in 14 msecs (HTTP/1.1 200) 8 headers in 296 bytes (1 switches on core 0)
2026-07-02 12:26:44.234 7 INFO placement.requestlog [None req-8bdb1905-1b4d-4226-ae02-27bb6d13e6ac 09c41e21fe8341e98022182b95ac2f43 f94b2041cab7414ba8cde20a9c5b1ac6 - - e8e15fc61b734514a5c17044de395912 e8e15fc61b734514a5c17044de395912] 10.0.0.137 "GET /resource_providers/6e95e2fe-905b-45b7-b8e6-fc28d88d9e6d/aggregates" status: 404 len: 235 microversion: 1.1 [pid: 7|app: 0|req: 394/786] 10.0.0.137 () {32 vars in 825 bytes} [Thu Jul 2 12:26:44 2026] GET /resource_providers/6e95e2fe-905b-45b7-b8e6-fc28d88d9e6d/aggregates => generated 235 bytes in 17 msecs (HTTP/1.1 404) 5 headers in 202 bytes (1 switches on core 0)
2026-07-02 12:26:44.236 8 INFO placement.requestlog [None req-ee5c557c-cf01-4936-bb2b-d647416b6476 09c41e21fe8341e98022182b95ac2f43 f94b2041cab7414ba8cde20a9c5b1ac6 - - e8e15fc61b734514a5c17044de395912 e8e15fc61b734514a5c17044de395912] 10.0.0.137 "GET /resource_providers/6e95e2fe-905b-45b7-b8e6-fc28d88d9e6d/aggregates" status: 404 len: 235 microversion: 1.1 [pid: 8|app: 0|req: 393/787] 10.0.0.137 () {32 vars in 825 bytes} [Thu Jul 2 12:26:44 2026] GET /resource_providers/6e95e2fe-905b-45b7-b8e6-fc28d88d9e6d/aggregates => generated 235 bytes in 10 msecs (HTTP/1.1 404) 5 headers in 202 bytes (1 switches on core 0)
2026-07-02 12:26:44.260 7 INFO placement.requestlog [None req-fcee278c-d6ed-4e20-8ec1-ce5e7892c144 09c41e21fe8341e98022182b95ac2f43 f94b2041cab7414ba8cde20a9c5b1ac6 - - e8e15fc61b734514a5c17044de395912 e8e15fc61b734514a5c17044de395912] 10.0.0.137 "DELETE /resource_providers/6e95e2fe-905b-45b7-b8e6-fc28d88d9e6d" status: 404 len: 246 microversion: 1.1 [pid: 7|app: 0|req: 395/788] 10.0.0.137 () {34 vars in 825 bytes} [Thu Jul 2 12:26:44 2026] DELETE /resource_providers/6e95e2fe-905b-45b7-b8e6-fc28d88d9e6d => generated 246 bytes in 18 msecs (HTTP/1.1 404) 6 headers in 231 bytes (1 switches on core 0)
2026-07-02 12:26:44.269 8 INFO placement.requestlog [None req-d81e3db4-a2a9-46ec-a156-9c1d5bad3428 09c41e21fe8341e98022182b95ac2f43 f94b2041cab7414ba8cde20a9c5b1ac6 - - e8e15fc61b734514a5c17044de395912 e8e15fc61b734514a5c17044de395912] 10.0.0.137 "DELETE /resource_providers/6e95e2fe-905b-45b7-b8e6-fc28d88d9e6d" status: 404 len: 246 microversion: 1.1 [pid: 8|app: 0|req: 394/789] 10.0.0.137 () {34 vars in 825 bytes} [Thu Jul 2 12:26:44 2026] DELETE /resource_providers/6e95e2fe-905b-45b7-b8e6-fc28d88d9e6d => generated 246 bytes in 20 msecs (HTTP/1.1 404) 6 headers in 231 bytes (1 switches on core 0)
2026-07-02 12:26:46.325 8 INFO placement.requestlog [None req-3b2380ec-7e4c-4fac-b8ab-d2e1f415eab9 - - - - - -] 10.0.0.68 "GET /" status: 200 len: 136 microversion: 1.0
2026-07-02 12:26:46.325 7 INFO placement.requestlog [None req-8c0ebf70-3134-4f0f-aefb-aa57b0a63642 - - - - - -] 10.0.0.68 "GET /" status: 200 len: 136 microversion: 1.0
