2026-07-02 12:28:00.789 10 INFO neutron.db.ovn_revision_numbers_db [None req-c5c21f0b-f355-44cb-a4cb-7b2feefdf486 - - - - - -] Successfully bumped revision number for resource 766a991a-e331-442d-b29c-479764e546cc (type: ports) to 1
2026-07-02 12:28:00.805 9 WARNING neutron.scheduler.dhcp_agent_scheduler [None req-7e23dfeb-6da5-4b7d-8fb0-a9e927b41de4 6db263e20f2f4a4d8c7c3cccc392bab2 1fef74b8a9b44b0db968d26c57cf8916 - - default default] No more DHCP agents
2026-07-02 12:28:00.808 9 WARNING neutron.api.rpc.agentnotifiers.dhcp_rpc_agent_api [None req-7e23dfeb-6da5-4b7d-8fb0-a9e927b41de4 6db263e20f2f4a4d8c7c3cccc392bab2 1fef74b8a9b44b0db968d26c57cf8916 - - default default] Unable to schedule network f4bd0127-c8a6-416d-8e48-0e9b3084b40a: no agents available; will retry on subsequent port and subnet creation events.
2026-07-02 12:28:00.964 9 INFO neutron.db.ovn_revision_numbers_db [None req-7e23dfeb-6da5-4b7d-8fb0-a9e927b41de4 6db263e20f2f4a4d8c7c3cccc392bab2 1fef74b8a9b44b0db968d26c57cf8916 - - default default] Successfully bumped revision number for resource d63b2c9f-8fea-41c5-8499-6738f44c0c61 (type: ports) to 1
2026-07-02 12:28:01.058 10 INFO neutron.db.ovn_revision_numbers_db [None req-c5c21f0b-f355-44cb-a4cb-7b2feefdf486 - - - - - -] Successfully bumped revision number for resource 766a991a-e331-442d-b29c-479764e546cc (type: router_ports) to 3
2026-07-02 12:28:01.205 10 INFO neutron.db.ovn_revision_numbers_db [None req-c5c21f0b-f355-44cb-a4cb-7b2feefdf486 - - - - - -] Successfully bumped revision number for resource 766a991a-e331-442d-b29c-479764e546cc (type: ports) to 2
2026-07-02 12:28:01.431 9 INFO neutron.db.ovn_revision_numbers_db [None req-7e23dfeb-6da5-4b7d-8fb0-a9e927b41de4 6db263e20f2f4a4d8c7c3cccc392bab2 1fef74b8a9b44b0db968d26c57cf8916 - - default default] Successfully bumped revision number for resource d63b2c9f-8fea-41c5-8499-6738f44c0c61 (type: router_ports) to 2
2026-07-02 12:28:01.455 10 INFO neutron.db.ovn_revision_numbers_db [None req-c5c21f0b-f355-44cb-a4cb-7b2feefdf486 - - - - - -] Successfully bumped revision number for resource 766a991a-e331-442d-b29c-479764e546cc (type: ports) to 4
2026-07-02 12:28:01.523 10 INFO neutron.wsgi [req-449458fa-147a-4aa7-956c-1eaf0d2221d8 req-2fe9f731-f766-49a9-bd71-5b02d7f0a9a8 3fcaacc13cb742f08a34afdbd632bb50 9b7aa33331e946caac0034460bc14dcf - - default default] 10.0.0.189 "GET /v2.0/ports?device_id=28e43627-2129-4a2f-b1eb-ea68e345bb7c HTTP/1.1" status: 200 len: 1210 time: 0.1054547
2026-07-02 12:28:01.586 10 INFO neutron.wsgi [req-449458fa-147a-4aa7-956c-1eaf0d2221d8 req-b6f1e286-8f6b-4aa4-a7ba-c6d704d8e7cc 3fcaacc13cb742f08a34afdbd632bb50 9b7aa33331e946caac0034460bc14dcf - - default default] 10.0.0.189 "GET /v2.0/security-groups?id=d6642f0b-9242-4f42-94f8-39ee0c6a89c0&id=ac15180c-fc10-444b-b85d-318d15c14d67&fields=id&fields=name HTTP/1.1" status: 200 len: 404 time: 0.0531623
2026-07-02 12:28:01.610 9 INFO neutron.db.ovn_revision_numbers_db [None req-7e23dfeb-6da5-4b7d-8fb0-a9e927b41de4 6db263e20f2f4a4d8c7c3cccc392bab2 1fef74b8a9b44b0db968d26c57cf8916 - - default default] Successfully bumped revision number for resource d63b2c9f-8fea-41c5-8499-6738f44c0c61 (type: ports) to 2
2026-07-02 12:28:01.690 9 WARNING neutron.scheduler.dhcp_agent_scheduler [None req-7e23dfeb-6da5-4b7d-8fb0-a9e927b41de4 6db263e20f2f4a4d8c7c3cccc392bab2 1fef74b8a9b44b0db968d26c57cf8916 - - default default] No more DHCP agents
2026-07-02 12:28:01.692 9 WARNING neutron.api.rpc.agentnotifiers.dhcp_rpc_agent_api [None req-7e23dfeb-6da5-4b7d-8fb0-a9e927b41de4 6db263e20f2f4a4d8c7c3cccc392bab2 1fef74b8a9b44b0db968d26c57cf8916 - - default default] Unable to schedule network f4bd0127-c8a6-416d-8e48-0e9b3084b40a: no agents available; will retry on subsequent port and subnet creation events.
2026-07-02 12:28:01.728 10 INFO neutron.db.ovn_revision_numbers_db [None req-c5c21f0b-f355-44cb-a4cb-7b2feefdf486 - - - - - -] Successfully bumped revision number for resource 766a991a-e331-442d-b29c-479764e546cc (type: router_ports) to 4
2026-07-02 12:28:01.865 9 INFO neutron.wsgi [None req-af0066d9-d0bd-4b4f-8dd1-d26e63952182 3535de1d2910422b8e29bafefc4fd8e0 b09a0968f4454d03a42dcdf477aa25c7 - - default default] 10.0.0.190 "GET /v2.0/ports?device_id=28e43627-2129-4a2f-b1eb-ea68e345bb7c HTTP/1.1" status: 200 len: 1395 time: 0.2460456
2026-07-02 12:28:01.939 10 INFO neutron.wsgi [None req-d05be908-0e6a-4651-acbc-b640af555669 3fcaacc13cb742f08a34afdbd632bb50 9b7aa33331e946caac0034460bc14dcf - - default default] 10.0.0.190 "GET /v2.0/floatingips?floating_network_id=abd5729e-a23e-4d97-85a2-2dec0b36b810&port_id=696fef27-6555-4767-bb85-42cc7d8188a9 HTTP/1.1" status: 200 len: 1054 time: 0.0682311
2026-07-02 12:28:02.231 9 INFO neutron.wsgi [req-e709f480-e1a9-4eaa-bd2e-6ea6a12f9cb4 req-3b318eda-d2dc-427e-b48f-a8257bd430fa 09c41e21fe8341e98022182b95ac2f43 f94b2041cab7414ba8cde20a9c5b1ac6 - - e8e15fc61b734514a5c17044de395912 e8e15fc61b734514a5c17044de395912] 10.0.0.247 "GET /v2.0/ports?device_id=28e43627-2129-4a2f-b1eb-ea68e345bb7c HTTP/1.1" status: 200 len: 1400 time: 0.0502772
2026-07-02 12:28:02.423 10 INFO neutron.plugins.ml2.drivers.ovn.mech_driver.mech_driver [None req-00b75a60-2626-4e3a-a359-aee758f7fd89 - - - - - -] OVN reports status up for port: d63b2c9f-8fea-41c5-8499-6738f44c0c61
2026-07-02 12:28:02.433 10 INFO neutron.plugins.ml2.plugin [None req-00b75a60-2626-4e3a-a359-aee758f7fd89 - - - - - -] Attempt 1 to provision port d63b2c9f-8fea-41c5-8499-6738f44c0c61
2026-07-02 12:28:02.609 9 INFO neutron.wsgi [req-e709f480-e1a9-4eaa-bd2e-6ea6a12f9cb4 req-6bed28d0-926c-4cc2-ba91-bc416e8fdac4 09c41e21fe8341e98022182b95ac2f43 f94b2041cab7414ba8cde20a9c5b1ac6 - - e8e15fc61b734514a5c17044de395912 e8e15fc61b734514a5c17044de395912] 10.0.0.247 "GET /v2.0/security-groups?id=ac15180c-fc10-444b-b85d-318d15c14d67&id=d6642f0b-9242-4f42-94f8-39ee0c6a89c0&fields=id&fields=name HTTP/1.1" status: 200 len: 404 time: 0.3646879
2026-07-02 12:28:02.821 9 INFO neutron.db.ovn_revision_numbers_db [None req-7e23dfeb-6da5-4b7d-8fb0-a9e927b41de4 6db263e20f2f4a4d8c7c3cccc392bab2 1fef74b8a9b44b0db968d26c57cf8916 - - - -] Successfully bumped revision number for resource d63b2c9f-8fea-41c5-8499-6738f44c0c61 (type: router_ports) to 2
2026-07-02 12:28:02.823 9 INFO neutron.wsgi [None req-7e23dfeb-6da5-4b7d-8fb0-a9e927b41de4 6db263e20f2f4a4d8c7c3cccc392bab2 1fef74b8a9b44b0db968d26c57cf8916 - - - -] 10.0.0.190 "PUT /v2.0/routers/f2a192e9-ca81-4b96-9d4e-86a6c186cfcd/add_router_interface HTTP/1.1" status: 200 len: 503 time: 2.4722385
2026-07-02 12:28:02.899 10 INFO neutron.db.ovn_revision_numbers_db [None req-00b75a60-2626-4e3a-a359-aee758f7fd89 - - - - - -] Successfully bumped revision number for resource d63b2c9f-8fea-41c5-8499-6738f44c0c61 (type: ports) to 3
2026-07-02 12:28:03.054 10 INFO neutron.db.ovn_revision_numbers_db [None req-00b75a60-2626-4e3a-a359-aee758f7fd89 - - - - - -] Successfully bumped revision number for resource d63b2c9f-8fea-41c5-8499-6738f44c0c61 (type: router_ports) to 3
2026-07-02 12:28:03.497 9 INFO neutron.db.ovn_revision_numbers_db [None req-e63cc15a-3a62-4596-85e2-ccca2e646955 860f6f46920a4c798196d8f5fda188ad 6368b5bb38bd48a7ac1e9a91ca094842 - - - -] Successfully bumped revision number for resource ee823e05-a037-4858-a7b5-37965bc2c543 (type: security_groups) to 1
2026-07-02 12:28:03.549 9 INFO neutron.db.segments_db [None req-e63cc15a-3a62-4596-85e2-ccca2e646955 860f6f46920a4c798196d8f5fda188ad 6368b5bb38bd48a7ac1e9a91ca094842 - - - -] Added segment bf98e619-34aa-4134-8b80-f4b4fcbc4ef5 of type geneve for network f445af69-ea13-41e0-a01e-81f6e7c1955b
2026-07-02 12:28:03.670 9 INFO neutron.db.ovn_revision_numbers_db [None req-e63cc15a-3a62-4596-85e2-ccca2e646955 860f6f46920a4c798196d8f5fda188ad 6368b5bb38bd48a7ac1e9a91ca094842 - - - -] Successfully bumped revision number for resource f445af69-ea13-41e0-a01e-81f6e7c1955b (type: networks) to 1
2026-07-02 12:28:03.767 10 INFO neutron.wsgi [req-0d03c043-7643-4511-a242-64186d9658ca req-b2de5d05-f3f7-40f5-803d-f3bcc49d7827 e9ecdc9c723b4a9a92d08b42aeb8dc0e 6bdd5c585acc48ea8e32242f05bd83a6 - - default default] 10.0.0.189 "GET /v2.0/networks?id=f4bd0127-c8a6-416d-8e48-0e9b3084b40a HTTP/1.1" status: 200 len: 876 time: 0.0741971
2026-07-02 12:28:03.790 10 INFO neutron.wsgi [req-0d03c043-7643-4511-a242-64186d9658ca req-6599af62-f304-4886-9420-14a5c6c3cacb e9ecdc9c723b4a9a92d08b42aeb8dc0e 6bdd5c585acc48ea8e32242f05bd83a6 - - default default] 10.0.0.189 "GET /v2.0/quotas/6bdd5c585acc48ea8e32242f05bd83a6 HTTP/1.1" status: 200 len: 386 time: 0.0100093
2026-07-02 12:28:03.848 9 WARNING neutron.scheduler.dhcp_agent_scheduler [None req-e63cc15a-3a62-4596-85e2-ccca2e646955 860f6f46920a4c798196d8f5fda188ad 6368b5bb38bd48a7ac1e9a91ca094842 - - - -] No more DHCP agents
2026-07-02 12:28:03.850 9 WARNING neutron.api.rpc.agentnotifiers.dhcp_rpc_agent_api [None req-e63cc15a-3a62-4596-85e2-ccca2e646955 860f6f46920a4c798196d8f5fda188ad 6368b5bb38bd48a7ac1e9a91ca094842 - - - -] Unable to schedule network f445af69-ea13-41e0-a01e-81f6e7c1955b: no agents available; will retry on subsequent port and subnet creation events.
2026-07-02 12:28:03.902 10 INFO neutron.wsgi [req-0d03c043-7643-4511-a242-64186d9658ca req-23063bd5-19c1-4931-b589-0836fc4bfc68 e9ecdc9c723b4a9a92d08b42aeb8dc0e 6bdd5c585acc48ea8e32242f05bd83a6 - - default default] 10.0.0.189 "GET /v2.0/ports?tenant_id=6bdd5c585acc48ea8e32242f05bd83a6&fields=id HTTP/1.1" status: 200 len: 302 time: 0.1018457
2026-07-02 12:28:03.918 9 INFO neutron.db.ovn_revision_numbers_db [None req-e63cc15a-3a62-4596-85e2-ccca2e646955 860f6f46920a4c798196d8f5fda188ad 6368b5bb38bd48a7ac1e9a91ca094842 - - - -] Successfully bumped revision number for resource be8f4219-7660-4f84-ada1-4e11d60c92d3 (type: ports) to 1
2026-07-02 12:28:03.938 9 INFO neutron.wsgi [None req-e63cc15a-3a62-4596-85e2-ccca2e646955 860f6f46920a4c798196d8f5fda188ad 6368b5bb38bd48a7ac1e9a91ca094842 - - - -] 10.0.0.190 "POST /v2.0/networks HTTP/1.1" status: 201 len: 830 time: 0.6816077
2026-07-02 12:28:03.965 9 INFO neutron.wsgi [-] 10.0.0.68 "GET / HTTP/1.1" status: 200 len: 247 time: 0.0011799
2026-07-02 12:28:03.966 9 INFO neutron.wsgi [-] 10.0.0.68 "GET / HTTP/1.1" status: 200 len: 247 time: 0.0009191
2026-07-02 12:28:03.992 10 INFO neutron.wsgi [req-0d03c043-7643-4511-a242-64186d9658ca req-800394ca-9c2d-4b52-b49d-bb80a90edd79 09c41e21fe8341e98022182b95ac2f43 f94b2041cab7414ba8cde20a9c5b1ac6 - - e8e15fc61b734514a5c17044de395912 e8e15fc61b734514a5c17044de395912] 10.0.0.189 "GET /v2.0/networks/f4bd0127-c8a6-416d-8e48-0e9b3084b40a?fields=segments HTTP/1.1" status: 200 len: 212 time: 0.0772073
2026-07-02 12:28:04.036 9 INFO neutron.db.segments_db [None req-95eb13a5-2b26-4cfc-9f1a-76ebe35e5f3e 860f6f46920a4c798196d8f5fda188ad 6368b5bb38bd48a7ac1e9a91ca094842 - - - -] Added segment 54405669-38c0-4fa6-8fa5-24fa7ad6efff of type geneve for network 9aae1ab4-db83-41cf-9c7e-49a996dd649a
2026-07-02 12:28:04.101 10 INFO neutron.wsgi [req-0d03c043-7643-4511-a242-64186d9658ca req-aa80d73f-8794-49bf-abd8-eeef8632c0b3 09c41e21fe8341e98022182b95ac2f43 f94b2041cab7414ba8cde20a9c5b1ac6 - - e8e15fc61b734514a5c17044de395912 e8e15fc61b734514a5c17044de395912] 10.0.0.189 "GET /v2.0/networks/f4bd0127-c8a6-416d-8e48-0e9b3084b40a?fields=provider%3Aphysical_network&fields=provider%3Anetwork_type HTTP/1.1" status: 200 len: 277 time: 0.0975807
2026-07-02 12:28:04.169 9 INFO neutron.db.ovn_revision_numbers_db [None req-95eb13a5-2b26-4cfc-9f1a-76ebe35e5f3e 860f6f46920a4c798196d8f5fda188ad 6368b5bb38bd48a7ac1e9a91ca094842 - - - -] Successfully bumped revision number for resource 9aae1ab4-db83-41cf-9c7e-49a996dd649a (type: networks) to 1
2026-07-02 12:28:04.268 10 INFO neutron.wsgi [req-68424039-0274-4743-9db9-c94f6867cbe7 req-5f1cf1dc-7458-4fdf-a32c-1e08eeabb714 e9ecdc9c723b4a9a92d08b42aeb8dc0e 6bdd5c585acc48ea8e32242f05bd83a6 - - default default] 10.0.0.189 "GET /v2.0/ports?device_id=29bf5b0e-72d9-4d41-b192-e56ab0b94b6a HTTP/1.1" status: 200 len: 210 time: 0.0443563
2026-07-02 12:28:04.280 10 INFO neutron.wsgi [None req-f4dc74a6-5472-4ea6-9fcb-a112c55a82a8 6db263e20f2f4a4d8c7c3cccc392bab2 1fef74b8a9b44b0db968d26c57cf8916 - - - -] 10.0.0.190 "PUT /v2.0/routers/349ac302-e7da-431c-9adb-8b3a7ebf46b0/remove_router_interface HTTP/1.1" status: 200 len: 503 time: 1.3353026 /var/lib/openstack/lib/python3.10/site-packages/pycadf/identifier.py:71: UserWarning: Invalid uuid: neutron. To ensure interoperability, identifiers should be a valid uuid. warnings.warn(('Invalid uuid: %s. To ensure interoperability, '
2026-07-02 12:28:04.352 9 WARNING neutron.scheduler.dhcp_agent_scheduler [None req-95eb13a5-2b26-4cfc-9f1a-76ebe35e5f3e 860f6f46920a4c798196d8f5fda188ad 6368b5bb38bd48a7ac1e9a91ca094842 - - - -] No more DHCP agents
2026-07-02 12:28:04.354 9 WARNING neutron.api.rpc.agentnotifiers.dhcp_rpc_agent_api [None req-95eb13a5-2b26-4cfc-9f1a-76ebe35e5f3e 860f6f46920a4c798196d8f5fda188ad 6368b5bb38bd48a7ac1e9a91ca094842 - - - -] Unable to schedule network 9aae1ab4-db83-41cf-9c7e-49a996dd649a: no agents available; will retry on subsequent port and subnet creation events.
2026-07-02 12:28:04.431 9 INFO neutron.db.ovn_revision_numbers_db [None req-95eb13a5-2b26-4cfc-9f1a-76ebe35e5f3e 860f6f46920a4c798196d8f5fda188ad 6368b5bb38bd48a7ac1e9a91ca094842 - - - -] Successfully bumped revision number for resource 72686e65-e739-43b2-b530-73e396557928 (type: ports) to 1
2026-07-02 12:28:04.453 9 INFO neutron.wsgi [None req-95eb13a5-2b26-4cfc-9f1a-76ebe35e5f3e 860f6f46920a4c798196d8f5fda188ad 6368b5bb38bd48a7ac1e9a91ca094842 - - - -] 10.0.0.190 "POST /v2.0/networks HTTP/1.1" status: 201 len: 831 time: 0.5090148
2026-07-02 12:28:04.546 9 INFO neutron.db.segments_db [None req-8ed14324-4d1a-4f36-a1b9-6dd20065d50e 860f6f46920a4c798196d8f5fda188ad 6368b5bb38bd48a7ac1e9a91ca094842 - - - -] Added segment 6c9965bc-4fc3-44ac-8cdf-c00d8edfbfb6 of type geneve for network 235c3a91-508d-4c0e-a001-b443d27aa6cf
2026-07-02 12:28:04.685 9 INFO neutron.db.ovn_revision_numbers_db [None req-8ed14324-4d1a-4f36-a1b9-6dd20065d50e 860f6f46920a4c798196d8f5fda188ad 6368b5bb38bd48a7ac1e9a91ca094842 - - - -] Successfully bumped revision number for resource 235c3a91-508d-4c0e-a001-b443d27aa6cf (type: networks) to 1
2026-07-02 12:28:04.763 10 INFO neutron.wsgi [req-c4889462-568a-4366-a15a-1fd3aba041b4 req-803b1641-d998-4ad7-b88c-620376b091f1 3fcaacc13cb742f08a34afdbd632bb50 9b7aa33331e946caac0034460bc14dcf - - default default] 10.0.0.189 "GET /v2.0/ports?device_id=28e43627-2129-4a2f-b1eb-ea68e345bb7c HTTP/1.1" status: 200 len: 1210 time: 0.0479286
2026-07-02 12:28:04.838 10 INFO neutron.wsgi [req-c4889462-568a-4366-a15a-1fd3aba041b4 req-4363ddd4-811f-48bb-a814-f643008550b5 3fcaacc13cb742f08a34afdbd632bb50 9b7aa33331e946caac0034460bc14dcf - - default default] 10.0.0.189 "GET /v2.0/security-groups?id=d6642f0b-9242-4f42-94f8-39ee0c6a89c0&id=ac15180c-fc10-444b-b85d-318d15c14d67&fields=id&fields=name HTTP/1.1" status: 200 len: 404 time: 0.0673168
2026-07-02 12:28:04.910 9 WARNING neutron.scheduler.dhcp_agent_scheduler [None req-8ed14324-4d1a-4f36-a1b9-6dd20065d50e 860f6f46920a4c798196d8f5fda188ad 6368b5bb38bd48a7ac1e9a91ca094842 - - - -] No more DHCP agents
2026-07-02 12:28:04.921 9 WARNING neutron.api.rpc.agentnotifiers.dhcp_rpc_agent_api [None req-8ed14324-4d1a-4f36-a1b9-6dd20065d50e 860f6f46920a4c798196d8f5fda188ad 6368b5bb38bd48a7ac1e9a91ca094842 - - - -] Unable to schedule network 235c3a91-508d-4c0e-a001-b443d27aa6cf: no agents available; will retry on subsequent port and subnet creation events.
2026-07-02 12:28:05.013 9 INFO neutron.wsgi [req-0d03c043-7643-4511-a242-64186d9658ca req-1a3250c7-8f3b-4917-9803-0d00f42b4a0d e9ecdc9c723b4a9a92d08b42aeb8dc0e 6bdd5c585acc48ea8e32242f05bd83a6 - - default default] 199.204.45.89 "GET /v2.0/networks?id=f4bd0127-c8a6-416d-8e48-0e9b3084b40a HTTP/1.1" status: 200 len: 876 time: 0.1053534
2026-07-02 12:28:05.018 9 INFO neutron.db.ovn_revision_numbers_db [None req-8ed14324-4d1a-4f36-a1b9-6dd20065d50e 860f6f46920a4c798196d8f5fda188ad 6368b5bb38bd48a7ac1e9a91ca094842 - - - -] Successfully bumped revision number for resource 6d5a06dd-c4a9-4b1a-b344-3533bb2c2d95 (type: ports) to 1
2026-07-02 12:28:05.027 10 INFO neutron.wsgi [None req-8cd8ca04-0979-4425-9691-283509f6f7b7 6db263e20f2f4a4d8c7c3cccc392bab2 1fef74b8a9b44b0db968d26c57cf8916 - - - -] 10.0.0.190 "DELETE /v2.0/routers/349ac302-e7da-431c-9adb-8b3a7ebf46b0 HTTP/1.1" status: 204 len: 168 time: 0.7413688
2026-07-02 12:28:05.061 9 INFO neutron.wsgi [None req-8ed14324-4d1a-4f36-a1b9-6dd20065d50e 860f6f46920a4c798196d8f5fda188ad 6368b5bb38bd48a7ac1e9a91ca094842 - - - -] 10.0.0.190 "POST /v2.0/networks HTTP/1.1" status: 201 len: 830 time: 0.6014776
2026-07-02 12:28:05.170 9 INFO neutron.wsgi [req-8d09c03a-6088-4f70-a333-e1c5295edcfc req-2caa7542-67af-4864-8b53-6a9d8cda6b92 3fcaacc13cb742f08a34afdbd632bb50 9b7aa33331e946caac0034460bc14dcf - - default default] 199.204.45.89 "GET /v2.0/ports?device_id=28e43627-2129-4a2f-b1eb-ea68e345bb7c HTTP/1.1" status: 200 len: 1210 time: 0.1202126
2026-07-02 12:28:05.191 10 INFO neutron.db.segments_db [None req-1a3a0b1f-3254-420d-b8a0-245fa12c6271 860f6f46920a4c798196d8f5fda188ad 6368b5bb38bd48a7ac1e9a91ca094842 - - - -] Added segment d3af8622-1103-4a03-ad02-2e145ea800f8 of type geneve for network 830b49d9-ac02-4825-b296-2b0768109d5e
2026-07-02 12:28:05.291 10 INFO neutron.wsgi [None req-9bc61078-fdcc-44b4-bef9-f2b143f6dc03 6db263e20f2f4a4d8c7c3cccc392bab2 1fef74b8a9b44b0db968d26c57cf8916 - - - -] 10.0.0.190 "DELETE /v2.0/subnets/6b925a09-d95d-4ee1-a17f-5e101130145f HTTP/1.1" status: 204 len: 168 time: 0.2582235
2026-07-02 12:28:05.326 10 INFO neutron.db.ovn_revision_numbers_db [None req-1a3a0b1f-3254-420d-b8a0-245fa12c6271 860f6f46920a4c798196d8f5fda188ad 6368b5bb38bd48a7ac1e9a91ca094842 - - - -] Successfully bumped revision number for resource 830b49d9-ac02-4825-b296-2b0768109d5e (type: networks) to 1
2026-07-02 12:28:05.370 10 INFO neutron.wsgi [req-d345d976-070a-4613-ad48-585d302354cf req-ebc692fd-9e2e-4e35-9771-c45bc3f8bf10 e9ecdc9c723b4a9a92d08b42aeb8dc0e 6bdd5c585acc48ea8e32242f05bd83a6 - - default default] 10.0.0.189 "GET /v2.0/ports?device_id=29bf5b0e-72d9-4d41-b192-e56ab0b94b6a HTTP/1.1" status: 200 len: 210 time: 0.0286567
2026-07-02 12:28:05.500 9 WARNING neutron.scheduler.dhcp_agent_scheduler [None req-840120ad-c8f9-4ae0-9770-bde24fa5f5da e9ecdc9c723b4a9a92d08b42aeb8dc0e 6bdd5c585acc48ea8e32242f05bd83a6 - - - -] No more DHCP agents
2026-07-02 12:28:05.506 9 WARNING neutron.api.rpc.agentnotifiers.dhcp_rpc_agent_api [None req-840120ad-c8f9-4ae0-9770-bde24fa5f5da e9ecdc9c723b4a9a92d08b42aeb8dc0e 6bdd5c585acc48ea8e32242f05bd83a6 - - - -] Unable to schedule network f4bd0127-c8a6-416d-8e48-0e9b3084b40a: no agents available; will retry on subsequent port and subnet creation events.
2026-07-02 12:28:05.519 10 WARNING neutron.scheduler.dhcp_agent_scheduler [None req-1a3a0b1f-3254-420d-b8a0-245fa12c6271 860f6f46920a4c798196d8f5fda188ad 6368b5bb38bd48a7ac1e9a91ca094842 - - - -] No more DHCP agents
2026-07-02 12:28:05.521 10 WARNING neutron.api.rpc.agentnotifiers.dhcp_rpc_agent_api [None req-1a3a0b1f-3254-420d-b8a0-245fa12c6271 860f6f46920a4c798196d8f5fda188ad 6368b5bb38bd48a7ac1e9a91ca094842 - - - -] Unable to schedule network 830b49d9-ac02-4825-b296-2b0768109d5e: no agents available; will retry on subsequent port and subnet creation events.
2026-07-02 12:28:05.640 9 INFO neutron.db.l3_db [None req-735e2c54-cee4-425a-b465-a4110bf81471 3fcaacc13cb742f08a34afdbd632bb50 9b7aa33331e946caac0034460bc14dcf - - - -] Floating IP 7ca0f932-a874-4a72-b891-1443aa4941dd disassociated. External IP: 10.96.250.217, port: 696fef27-6555-4767-bb85-42cc7d8188a9.
2026-07-02 12:28:05.790 9 INFO neutron.db.ovn_revision_numbers_db [None req-840120ad-c8f9-4ae0-9770-bde24fa5f5da e9ecdc9c723b4a9a92d08b42aeb8dc0e 6bdd5c585acc48ea8e32242f05bd83a6 - - - -] Successfully bumped revision number for resource 2885e2b9-9799-43a5-b11d-f32b8e46ef79 (type: ports) to 1
2026-07-02 12:28:05.830 10 INFO neutron.db.ovn_revision_numbers_db [None req-1a3a0b1f-3254-420d-b8a0-245fa12c6271 860f6f46920a4c798196d8f5fda188ad 6368b5bb38bd48a7ac1e9a91ca094842 - - - -] Successfully bumped revision number for resource 11161425-58d2-4970-915b-14ea16ce1d7b (type: ports) to 1
2026-07-02 12:28:05.835 9 INFO neutron.wsgi [None req-840120ad-c8f9-4ae0-9770-bde24fa5f5da e9ecdc9c723b4a9a92d08b42aeb8dc0e 6bdd5c585acc48ea8e32242f05bd83a6 - - - -] 199.204.45.89 "POST /v2.0/ports HTTP/1.1" status: 201 len: 1162 time: 0.8147471 /var/lib/openstack/lib/python3.10/site-packages/pycadf/identifier.py:71: UserWarning: Invalid uuid: neutron. To ensure interoperability, identifiers should be a valid uuid. warnings.warn(('Invalid uuid: %s. To ensure interoperability, '
2026-07-02 12:28:05.866 10 INFO neutron.wsgi [None req-1a3a0b1f-3254-420d-b8a0-245fa12c6271 860f6f46920a4c798196d8f5fda188ad 6368b5bb38bd48a7ac1e9a91ca094842 - - - -] 10.0.0.190 "POST /v2.0/networks HTTP/1.1" status: 201 len: 831 time: 0.7941554
2026-07-02 12:28:05.927 10 INFO neutron.wsgi [req-e028a82d-17d9-4c14-bdd3-31c4d69fbfee req-a69d88b3-752a-49f6-b1f6-3c7739bf540e 3fcaacc13cb742f08a34afdbd632bb50 9b7aa33331e946caac0034460bc14dcf - - default default] 10.0.0.189 "GET /v2.0/ports?device_id=28e43627-2129-4a2f-b1eb-ea68e345bb7c HTTP/1.1" status: 200 len: 210 time: 0.0189893
2026-07-02 12:28:05.953 9 INFO neutron.wsgi [None req-735e2c54-cee4-425a-b465-a4110bf81471 3fcaacc13cb742f08a34afdbd632bb50 9b7aa33331e946caac0034460bc14dcf - - - -] 199.204.45.89 "DELETE /v2.0/ports/696fef27-6555-4767-bb85-42cc7d8188a9 HTTP/1.1" status: 204 len: 173 time: 0.7555273
2026-07-02 12:28:05.954 9 INFO neutron.services.segments.plugin [-] Segment 16cea9e0-19dc-44ff-ab0d-0d25331ed123 resource provider aggregate not found
2026-07-02 12:28:05.966 9 INFO neutron.services.segments.plugin [-] Segment 16cea9e0-19dc-44ff-ab0d-0d25331ed123 resource provider aggregate not found
2026-07-02 12:28:05.983 9 INFO neutron.services.segments.plugin [-] Segment 16cea9e0-19dc-44ff-ab0d-0d25331ed123 resource provider not found; error: Placement Client Error (4xx): {"errors": [{"status": 404, "title": "Not Found", "detail": "The resource could not be found.\n\n No resource provider with uuid 16cea9e0-19dc-44ff-ab0d-0d25331ed123 found for delete ", "request_id": "req-86439cf9-9381-4a04-8e3a-7a1f57a9bfa4"}]}
2026-07-02 12:28:05.985 10 INFO neutron.db.segments_db [None req-244b48a7-29a1-47f4-aa4c-982772ce389f 860f6f46920a4c798196d8f5fda188ad 6368b5bb38bd48a7ac1e9a91ca094842 - - - -] Added segment 7b839197-fcce-4e0b-a2e5-7584121f5914 of type geneve for network 42392cf6-2113-4a12-9973-76ce9a2a7126
2026-07-02 12:28:05.993 9 INFO neutron.notifiers.nova [-] Nova event matching ['req-cd788476-0789-4d70-981e-16464bcf3059'] response: {'server_uuid': '28e43627-2129-4a2f-b1eb-ea68e345bb7c', 'name': 'network-vif-deleted', 'tag': '696fef27-6555-4767-bb85-42cc7d8188a9', 'status': 'completed', 'code': 200}
2026-07-02 12:28:06.009 9 INFO neutron.services.segments.plugin [-] Segment 16cea9e0-19dc-44ff-ab0d-0d25331ed123 resource provider not found; error: Placement Client Error (4xx): {"errors": [{"status": 404, "title": "Not Found", "detail": "The resource could not be found.\n\n No resource provider with uuid 16cea9e0-19dc-44ff-ab0d-0d25331ed123 found for delete ", "request_id": "req-dcacd2df-c16c-4cb2-82bc-d33dc3414345"}]}
2026-07-02 12:28:06.033 9 INFO neutron.wsgi [None req-1ef89c38-5459-44bc-806c-2975c0ea35e0 6db263e20f2f4a4d8c7c3cccc392bab2 1fef74b8a9b44b0db968d26c57cf8916 - - - -] 10.0.0.190 "DELETE /v2.0/networks/97054d10-149d-4221-9a6f-65a4eeabcad7 HTTP/1.1" status: 204 len: 168 time: 0.7309060
2026-07-02 12:28:06.173 10 INFO neutron.db.ovn_revision_numbers_db [None req-244b48a7-29a1-47f4-aa4c-982772ce389f 860f6f46920a4c798196d8f5fda188ad 6368b5bb38bd48a7ac1e9a91ca094842 - - - -] Successfully bumped revision number for resource 42392cf6-2113-4a12-9973-76ce9a2a7126 (type: networks) to 1
2026-07-02 12:28:06.266 10 INFO neutron.wsgi [None req-395e72b7-2fc1-4d9d-a5e7-03c0ff4a4ebb 6db263e20f2f4a4d8c7c3cccc392bab2 1fef74b8a9b44b0db968d26c57cf8916 - - default default] 10.0.0.190 "GET /v2.0/security-groups?tenant_id=6b30a44bab57455fb39c94d2900546e5&name=default HTTP/1.1" status: 200 len: 2996 time: 0.0529482
2026-07-02 12:28:06.412 10 WARNING neutron.scheduler.dhcp_agent_scheduler [None req-244b48a7-29a1-47f4-aa4c-982772ce389f 860f6f46920a4c798196d8f5fda188ad 6368b5bb38bd48a7ac1e9a91ca094842 - - - -] No more DHCP agents
2026-07-02 12:28:06.414 10 WARNING neutron.api.rpc.agentnotifiers.dhcp_rpc_agent_api [None req-244b48a7-29a1-47f4-aa4c-982772ce389f 860f6f46920a4c798196d8f5fda188ad 6368b5bb38bd48a7ac1e9a91ca094842 - - - -] Unable to schedule network 42392cf6-2113-4a12-9973-76ce9a2a7126: no agents available; will retry on subsequent port and subnet creation events.
2026-07-02 12:28:06.494 10 INFO neutron.wsgi [req-b66dd605-4c05-4a0b-bae1-bc6647033e73 req-8eb4939d-7122-403f-9e3b-e5aae4d365f6 e9ecdc9c723b4a9a92d08b42aeb8dc0e 6bdd5c585acc48ea8e32242f05bd83a6 - - default default] 10.0.0.189 "GET /v2.0/ports?device_id=29bf5b0e-72d9-4d41-b192-e56ab0b94b6a HTTP/1.1" status: 200 len: 1172 time: 0.0542665
2026-07-02 12:28:06.519 10 INFO neutron.db.ovn_revision_numbers_db [None req-244b48a7-29a1-47f4-aa4c-982772ce389f 860f6f46920a4c798196d8f5fda188ad 6368b5bb38bd48a7ac1e9a91ca094842 - - - -] Successfully bumped revision number for resource 4e8684ca-6a5e-4256-ac89-08dcb7b9ff83 (type: ports) to 1
2026-07-02 12:28:06.549 10 INFO neutron.wsgi [req-b66dd605-4c05-4a0b-bae1-bc6647033e73 req-2e4eaf35-d481-46a6-b781-7190de53883a e9ecdc9c723b4a9a92d08b42aeb8dc0e 6bdd5c585acc48ea8e32242f05bd83a6 - - default default] 10.0.0.189 "GET /v2.0/security-groups?id=8b7bf0cb-f8f2-461b-9dfa-7b9e48cfa62a&fields=id&fields=name HTTP/1.1" status: 200 len: 286 time: 0.0484021
2026-07-02 12:28:06.551 10 INFO neutron.wsgi [None req-244b48a7-29a1-47f4-aa4c-982772ce389f 860f6f46920a4c798196d8f5fda188ad 6368b5bb38bd48a7ac1e9a91ca094842 - - - -] 10.0.0.190 "POST /v2.0/networks HTTP/1.1" status: 201 len: 831 time: 0.6807046
2026-07-02 12:28:06.609 10 INFO neutron.wsgi [None req-d468a902-fe2f-4ba6-ada2-02c4a5bb2df9 6db263e20f2f4a4d8c7c3cccc392bab2 1fef74b8a9b44b0db968d26c57cf8916 - - - -] 10.0.0.190 "DELETE /v2.0/security-groups/addb8662-d397-4590-add7-5336752024cd HTTP/1.1" status: 204 len: 168 time: 0.3339086
2026-07-02 12:28:06.611 10 INFO neutron.wsgi [None req-d49be07a-8f09-4c1c-b422-d26421d2dc44 860f6f46920a4c798196d8f5fda188ad 6368b5bb38bd48a7ac1e9a91ca094842 - - - -] 10.0.0.190 "PUT /v2.0/networks/f445af69-ea13-41e0-a01e-81f6e7c1955b/tags HTTP/1.1" status: 200 len: 210 time: 0.0522749
2026-07-02 12:28:06.642 9 INFO neutron.db.ovn_revision_numbers_db [None req-5af635b3-f828-431e-bd31-2ff2b17c1b40 09c41e21fe8341e98022182b95ac2f43 f94b2041cab7414ba8cde20a9c5b1ac6 - - - -] Successfully bumped revision number for resource 2885e2b9-9799-43a5-b11d-f32b8e46ef79 (type: ports) to 2
2026-07-02 12:28:06.663 10 INFO neutron.wsgi [None req-d619a487-dde1-4ec5-8ddc-b307995f36ab 860f6f46920a4c798196d8f5fda188ad 6368b5bb38bd48a7ac1e9a91ca094842 - - - -] 10.0.0.190 "PUT /v2.0/networks/9aae1ab4-db83-41cf-9c7e-49a996dd649a/tags HTTP/1.1" status: 200 len: 218 time: 0.0460105 /var/lib/openstack/lib/python3.10/site-packages/pycadf/identifier.py:71: UserWarning: Invalid uuid: neutron. To ensure interoperability, identifiers should be a valid uuid. warnings.warn(('Invalid uuid: %s. To ensure interoperability, '
2026-07-02 12:28:06.726 9 INFO neutron.wsgi [None req-e496d357-2ec6-40b3-8af8-4be8d0d02dff 860f6f46920a4c798196d8f5fda188ad 6368b5bb38bd48a7ac1e9a91ca094842 - - - -] 10.0.0.190 "PUT /v2.0/networks/235c3a91-508d-4c0e-a001-b443d27aa6cf/tags HTTP/1.1" status: 200 len: 227 time: 0.0568068
2026-07-02 12:28:06.791 10 INFO neutron.wsgi [None req-f2e86353-ac9f-41b4-8c04-8be613e0a887 860f6f46920a4c798196d8f5fda188ad 6368b5bb38bd48a7ac1e9a91ca094842 - - - -] 10.0.0.190 "PUT /v2.0/networks/830b49d9-ac02-4825-b296-2b0768109d5e/tags HTTP/1.1" status: 200 len: 212 time: 0.0592277
2026-07-02 12:28:06.830 9 INFO neutron.db.ovn_revision_numbers_db [None req-5af635b3-f828-431e-bd31-2ff2b17c1b40 09c41e21fe8341e98022182b95ac2f43 f94b2041cab7414ba8cde20a9c5b1ac6 - - - -] Successfully bumped revision number for resource 2885e2b9-9799-43a5-b11d-f32b8e46ef79 (type: ports) to 2
2026-07-02 12:28:06.845 9 INFO neutron.wsgi [None req-5af635b3-f828-431e-bd31-2ff2b17c1b40 09c41e21fe8341e98022182b95ac2f43 f94b2041cab7414ba8cde20a9c5b1ac6 - - - -] 199.204.45.89 "PUT /v2.0/ports/2885e2b9-9799-43a5-b11d-f32b8e46ef79 HTTP/1.1" status: 200 len: 1332 time: 1.0014586
2026-07-02 12:28:06.873 10 INFO neutron.wsgi [None req-69b4e5bb-1f20-4133-b737-c3fbaa9bec6e 860f6f46920a4c798196d8f5fda188ad 6368b5bb38bd48a7ac1e9a91ca094842 - - default default] 10.0.0.190 "GET /v2.0/networks?tags=red HTTP/1.1" status: 200 len: 2068 time: 0.0765564 /var/lib/openstack/lib/python3.10/site-packages/pycadf/identifier.py:71: UserWarning: Invalid uuid: neutron. To ensure interoperability, identifiers should be a valid uuid. warnings.warn(('Invalid uuid: %s. To ensure interoperability, '
2026-07-02 12:28:06.915 9 INFO neutron.wsgi [req-0d03c043-7643-4511-a242-64186d9658ca req-68f13b2c-6eeb-45af-9efc-c411681c1bf0 09c41e21fe8341e98022182b95ac2f43 f94b2041cab7414ba8cde20a9c5b1ac6 - - e8e15fc61b734514a5c17044de395912 e8e15fc61b734514a5c17044de395912] 199.204.45.89 "GET /v2.0/ports?tenant_id=6bdd5c585acc48ea8e32242f05bd83a6&device_id=29bf5b0e-72d9-4d41-b192-e56ab0b94b6a HTTP/1.1" status: 200 len: 1363 time: 0.0339184
2026-07-02 12:28:06.962 9 INFO neutron.wsgi [req-0d03c043-7643-4511-a242-64186d9658ca req-9c82e121-f968-4d9d-afc3-75faf9a08384 09c41e21fe8341e98022182b95ac2f43 f94b2041cab7414ba8cde20a9c5b1ac6 - - e8e15fc61b734514a5c17044de395912 e8e15fc61b734514a5c17044de395912] 199.204.45.89 "GET /v2.0/floatingips?fixed_ip_address=10.100.0.11&port_id=2885e2b9-9799-43a5-b11d-f32b8e46ef79 HTTP/1.1" status: 200 len: 217 time: 0.0416067
2026-07-02 12:28:06.971 10 INFO neutron.wsgi [None req-39ce4b0b-2d1e-48fe-a0a4-bb3b08401878 860f6f46920a4c798196d8f5fda188ad 6368b5bb38bd48a7ac1e9a91ca094842 - - default default] 10.0.0.190 "GET /v2.0/networks?tags=red%2Cblue HTTP/1.1" status: 200 len: 1456 time: 0.0915217
2026-07-02 12:28:07.004 9 INFO neutron.wsgi [req-0d03c043-7643-4511-a242-64186d9658ca req-f4cb7c89-56bd-4b97-9dd8-7cf3471c887a 09c41e21fe8341e98022182b95ac2f43 f94b2041cab7414ba8cde20a9c5b1ac6 - - e8e15fc61b734514a5c17044de395912 e8e15fc61b734514a5c17044de395912] 199.204.45.89 "GET /v2.0/subnets?id=ba5d2f3d-2e57-4584-a04f-561b9e2b8e36 HTTP/1.1" status: 200 len: 870 time: 0.0287073
2026-07-02 12:28:07.041 9 INFO neutron.wsgi [req-0d03c043-7643-4511-a242-64186d9658ca req-4fddfcf0-ec06-4510-acab-b747eed07b9d 09c41e21fe8341e98022182b95ac2f43 f94b2041cab7414ba8cde20a9c5b1ac6 - - e8e15fc61b734514a5c17044de395912 e8e15fc61b734514a5c17044de395912] 199.204.45.89 "GET /v2.0/ports?network_id=f4bd0127-c8a6-416d-8e48-0e9b3084b40a&device_owner=network%3Adhcp HTTP/1.1" status: 200 len: 210 time: 0.0280070
2026-07-02 12:28:07.072 10 INFO neutron.wsgi [None req-46ebd98c-3466-4fe8-8453-3789a093c89a 860f6f46920a4c798196d8f5fda188ad 6368b5bb38bd48a7ac1e9a91ca094842 - - default default] 10.0.0.190 "GET /v2.0/networks?tags-any=blue HTTP/1.1" status: 200 len: 1456 time: 0.0933750
2026-07-02 12:28:07.124 9 INFO neutron.wsgi [req-0d03c043-7643-4511-a242-64186d9658ca req-361096a3-e11b-4b09-9150-a937f71a800f 09c41e21fe8341e98022182b95ac2f43 f94b2041cab7414ba8cde20a9c5b1ac6 - - e8e15fc61b734514a5c17044de395912 e8e15fc61b734514a5c17044de395912] 199.204.45.89 "GET /v2.0/networks/f4bd0127-c8a6-416d-8e48-0e9b3084b40a?fields=segments HTTP/1.1" status: 200 len: 212 time: 0.0769162
2026-07-02 12:28:07.147 10 INFO neutron.wsgi [None req-caab8792-667d-40ce-bc88-a82c1aee1b56 860f6f46920a4c798196d8f5fda188ad 6368b5bb38bd48a7ac1e9a91ca094842 - - default default] 10.0.0.190 "GET /v2.0/networks?tags-any=red%2Cblue HTTP/1.1" status: 200 len: 2068 time: 0.0706067
2026-07-02 12:28:07.211 9 INFO neutron.wsgi [req-0d03c043-7643-4511-a242-64186d9658ca req-626ef96b-c15d-4199-95ee-1a512800cb23 09c41e21fe8341e98022182b95ac2f43 f94b2041cab7414ba8cde20a9c5b1ac6 - - e8e15fc61b734514a5c17044de395912 e8e15fc61b734514a5c17044de395912] 199.204.45.89 "GET /v2.0/networks/f4bd0127-c8a6-416d-8e48-0e9b3084b40a?fields=provider%3Aphysical_network&fields=provider%3Anetwork_type HTTP/1.1" status: 200 len: 277 time: 0.0766013
2026-07-02 12:28:07.251 9 INFO neutron.wsgi [None req-93c9dbad-5499-43e5-b93c-a36c89286302 3fcaacc13cb742f08a34afdbd632bb50 9b7aa33331e946caac0034460bc14dcf - - - -] 10.0.0.190 "DELETE /v2.0/security-groups/d6642f0b-9242-4f42-94f8-39ee0c6a89c0 HTTP/1.1" status: 204 len: 168 time: 0.1556640
2026-07-02 12:28:07.262 10 INFO neutron.wsgi [None req-2f705a13-e856-41bb-878f-ac9f1c2873fe 860f6f46920a4c798196d8f5fda188ad 6368b5bb38bd48a7ac1e9a91ca094842 - - default default] 10.0.0.190 "GET /v2.0/networks?not-tags=red HTTP/1.1" status: 200 len: 2069 time: 0.1101625
2026-07-02 12:28:07.272 9 INFO neutron.api.v2.resource [None req-612cfe06-171f-4557-b8b1-3ab317f9797a 3fcaacc13cb742f08a34afdbd632bb50 9b7aa33331e946caac0034460bc14dcf - - default default] show failed (client error): The resource could not be found.
2026-07-02 12:28:07.273 9 INFO neutron.wsgi [None req-612cfe06-171f-4557-b8b1-3ab317f9797a 3fcaacc13cb742f08a34afdbd632bb50 9b7aa33331e946caac0034460bc14dcf - - default default] 10.0.0.190 "GET /v2.0/security-groups/d6642f0b-9242-4f42-94f8-39ee0c6a89c0 HTTP/1.1" status: 404 len: 347 time: 0.0152349
2026-07-02 12:28:07.438 10 INFO neutron.wsgi [None req-958675ab-c797-4638-beea-4f9f85ac69aa 860f6f46920a4c798196d8f5fda188ad 6368b5bb38bd48a7ac1e9a91ca094842 - - default default] 10.0.0.190 "GET /v2.0/networks?not-tags=red%2Cblue HTTP/1.1" status: 200 len: 2681 time: 0.1728902
2026-07-02 12:28:07.576 10 INFO neutron.wsgi [None req-bac3175d-aab1-40d0-8613-04bfdff1fa14 860f6f46920a4c798196d8f5fda188ad 6368b5bb38bd48a7ac1e9a91ca094842 - - default default] 10.0.0.190 "GET /v2.0/networks?not-tags-any=blue HTTP/1.1" status: 200 len: 2681 time: 0.1336734
2026-07-02 12:28:07.654 10 INFO neutron.wsgi [None req-c1269de2-01cc-4e3f-9d65-c74ca2caa803 860f6f46920a4c798196d8f5fda188ad 6368b5bb38bd48a7ac1e9a91ca094842 - - default default] 10.0.0.190 "GET /v2.0/networks?not-tags-any=red%2Cblue HTTP/1.1" status: 200 len: 2069 time: 0.0699604
2026-07-02 12:28:07.721 9 INFO neutron.wsgi [None req-09187628-03da-4faf-b912-60ec1a004d64 3fcaacc13cb742f08a34afdbd632bb50 9b7aa33331e946caac0034460bc14dcf - - - -] 10.0.0.190 "DELETE /v2.0/floatingips/7ca0f932-a874-4a72-b891-1443aa4941dd HTTP/1.1" status: 204 len: 168 time: 0.4450347
2026-07-02 12:28:07.729 10 INFO neutron.wsgi [req-16f03fa5-502a-4548-ada0-ad69b72fcb5b req-4ccc4189-d4da-4d2d-b5aa-0293cbb253a3 e9ecdc9c723b4a9a92d08b42aeb8dc0e 6bdd5c585acc48ea8e32242f05bd83a6 - - default default] 10.0.0.189 "GET /v2.0/ports?device_id=29bf5b0e-72d9-4d41-b192-e56ab0b94b6a HTTP/1.1" status: 200 len: 1172 time: 0.0523026
2026-07-02 12:28:07.777 10 INFO neutron.wsgi [req-16f03fa5-502a-4548-ada0-ad69b72fcb5b req-cc5ed855-2c54-48c8-8735-578b0a79663e e9ecdc9c723b4a9a92d08b42aeb8dc0e 6bdd5c585acc48ea8e32242f05bd83a6 - - default default] 10.0.0.189 "GET /v2.0/security-groups?id=8b7bf0cb-f8f2-461b-9dfa-7b9e48cfa62a&fields=id&fields=name HTTP/1.1" status: 200 len: 286 time: 0.0375750
2026-07-02 12:28:07.855 9 INFO neutron.wsgi [None req-2b6d127e-a647-4ddd-a962-0e1135be3557 3fcaacc13cb742f08a34afdbd632bb50 9b7aa33331e946caac0034460bc14dcf - - - -] 10.0.0.190 "DELETE /v2.0/security-groups/ac15180c-fc10-444b-b85d-318d15c14d67 HTTP/1.1" status: 204 len: 168 time: 0.1281960
2026-07-02 12:28:08.039 9 INFO neutron.notifiers.nova [-] Nova event matching ['req-900e0c2e-3336-449c-adbf-09af2661be0f'] response: {'name': 'network-changed', 'server_uuid': '29bf5b0e-72d9-4d41-b192-e56ab0b94b6a', 'tag': '2885e2b9-9799-43a5-b11d-f32b8e46ef79', 'status': 'completed', 'code': 200}
2026-07-02 12:28:08.071 10 INFO neutron.services.segments.plugin [-] Segment bf98e619-34aa-4134-8b80-f4b4fcbc4ef5 resource provider aggregate not found
2026-07-02 12:28:08.086 10 INFO neutron.services.segments.plugin [-] Segment bf98e619-34aa-4134-8b80-f4b4fcbc4ef5 resource provider aggregate not found
2026-07-02 12:28:08.102 10 INFO neutron.services.segments.plugin [-] Segment bf98e619-34aa-4134-8b80-f4b4fcbc4ef5 resource provider not found; error: Placement Client Error (4xx): {"errors": [{"status": 404, "title": "Not Found", "detail": "The resource could not be found.\n\n No resource provider with uuid bf98e619-34aa-4134-8b80-f4b4fcbc4ef5 found for delete ", "request_id": "req-d0364327-f90a-4c0f-b474-cbbe819eb0f2"}]}
2026-07-02 12:28:08.108 9 INFO neutron.wsgi [req-6ae7e6ae-2806-4f43-89d9-63e4bb2a1093 req-24fcaa80-32f5-4ade-a131-a69d124ff8cb 09c41e21fe8341e98022182b95ac2f43 f94b2041cab7414ba8cde20a9c5b1ac6 - - e8e15fc61b734514a5c17044de395912 e8e15fc61b734514a5c17044de395912] 199.204.45.89 "GET /v2.0/ports?tenant_id=6bdd5c585acc48ea8e32242f05bd83a6&device_id=29bf5b0e-72d9-4d41-b192-e56ab0b94b6a HTTP/1.1" status: 200 len: 1363 time: 0.0434718
2026-07-02 12:28:08.124 10 INFO neutron.services.segments.plugin [-] Segment bf98e619-34aa-4134-8b80-f4b4fcbc4ef5 resource provider not found; error: Placement Client Error (4xx): {"errors": [{"status": 404, "title": "Not Found", "detail": "The resource could not be found.\n\n No resource provider with uuid bf98e619-34aa-4134-8b80-f4b4fcbc4ef5 found for delete ", "request_id": "req-3e13f040-bf71-4b85-b5e9-d9fb58ffe6db"}]}
2026-07-02 12:28:08.156 10 INFO neutron.wsgi [None req-6cbd827c-bb49-43aa-9773-bf39956fbd9d 860f6f46920a4c798196d8f5fda188ad 6368b5bb38bd48a7ac1e9a91ca094842 - - - -] 10.0.0.190 "DELETE /v2.0/networks/f445af69-ea13-41e0-a01e-81f6e7c1955b HTTP/1.1" status: 204 len: 168 time: 0.4953616
2026-07-02 12:28:08.179 9 INFO neutron.wsgi [req-6ae7e6ae-2806-4f43-89d9-63e4bb2a1093 req-cf056adf-c84f-4892-a521-5e3bf5b52dd3 09c41e21fe8341e98022182b95ac2f43 f94b2041cab7414ba8cde20a9c5b1ac6 - - e8e15fc61b734514a5c17044de395912 e8e15fc61b734514a5c17044de395912] 199.204.45.89 "GET /v2.0/networks?id=f4bd0127-c8a6-416d-8e48-0e9b3084b40a HTTP/1.1" status: 200 len: 975 time: 0.0654294
2026-07-02 12:28:08.210 9 INFO neutron.wsgi [req-6ae7e6ae-2806-4f43-89d9-63e4bb2a1093 req-ca2bb4f7-f059-4051-9f86-397989d0fe03 09c41e21fe8341e98022182b95ac2f43 f94b2041cab7414ba8cde20a9c5b1ac6 - - e8e15fc61b734514a5c17044de395912 e8e15fc61b734514a5c17044de395912] 199.204.45.89 "GET /v2.0/floatingips?fixed_ip_address=10.100.0.11&port_id=2885e2b9-9799-43a5-b11d-f32b8e46ef79 HTTP/1.1" status: 200 len: 217 time: 0.0240479
2026-07-02 12:28:08.259 9 INFO neutron.wsgi [req-6ae7e6ae-2806-4f43-89d9-63e4bb2a1093 req-9e905983-eb33-4110-8234-ab1b4691f1f5 09c41e21fe8341e98022182b95ac2f43 f94b2041cab7414ba8cde20a9c5b1ac6 - - e8e15fc61b734514a5c17044de395912 e8e15fc61b734514a5c17044de395912] 199.204.45.89 "GET /v2.0/subnets?id=ba5d2f3d-2e57-4584-a04f-561b9e2b8e36 HTTP/1.1" status: 200 len: 870 time: 0.0405087
2026-07-02 12:28:08.299 9 INFO neutron.wsgi [req-6ae7e6ae-2806-4f43-89d9-63e4bb2a1093 req-4b67350b-aac7-4813-ae87-ee6aa1776f78 09c41e21fe8341e98022182b95ac2f43 f94b2041cab7414ba8cde20a9c5b1ac6 - - e8e15fc61b734514a5c17044de395912 e8e15fc61b734514a5c17044de395912] 199.204.45.89 "GET /v2.0/ports?network_id=f4bd0127-c8a6-416d-8e48-0e9b3084b40a&device_owner=network%3Adhcp HTTP/1.1" status: 200 len: 210 time: 0.0346730
2026-07-02 12:28:08.381 9 INFO neutron.wsgi [req-6ae7e6ae-2806-4f43-89d9-63e4bb2a1093 req-6eabc3ab-7b31-49af-8bc9-93d819ad0a0b 09c41e21fe8341e98022182b95ac2f43 f94b2041cab7414ba8cde20a9c5b1ac6 - - e8e15fc61b734514a5c17044de395912 e8e15fc61b734514a5c17044de395912] 199.204.45.89 "GET /v2.0/networks/f4bd0127-c8a6-416d-8e48-0e9b3084b40a?fields=segments HTTP/1.1" status: 200 len: 212 time: 0.0606191
2026-07-02 12:28:08.458 9 INFO neutron.wsgi [req-6ae7e6ae-2806-4f43-89d9-63e4bb2a1093 req-28c8627a-34a7-4ca8-8804-a23ba6c2b93a 09c41e21fe8341e98022182b95ac2f43 f94b2041cab7414ba8cde20a9c5b1ac6 - - e8e15fc61b734514a5c17044de395912 e8e15fc61b734514a5c17044de395912] 199.204.45.89 "GET /v2.0/networks/f4bd0127-c8a6-416d-8e48-0e9b3084b40a?fields=provider%3Aphysical_network&fields=provider%3Anetwork_type HTTP/1.1" status: 200 len: 277 time: 0.0701635
2026-07-02 12:28:08.598 10 INFO neutron.wsgi [None req-64e66b7e-224b-472f-af66-9bc598edabfc 860f6f46920a4c798196d8f5fda188ad 6368b5bb38bd48a7ac1e9a91ca094842 - - - -] 10.0.0.190 "DELETE /v2.0/networks/9aae1ab4-db83-41cf-9c7e-49a996dd649a HTTP/1.1" status: 204 len: 168 time: 0.4316738
2026-07-02 12:28:08.747 10 WARNING neutron.plugins.ml2.drivers.ovn.mech_driver.ovsdb.ovn_client [None req-00b75a60-2626-4e3a-a359-aee758f7fd89 - - - - - -] No hosting information found for port d63b2c9f-8fea-41c5-8499-6738f44c0c61: RuntimeError: No hosting information found for port d63b2c9f-8fea-41c5-8499-6738f44c0c61
2026-07-02 12:28:08.748 10 INFO neutron.plugins.ml2.drivers.ovn.mech_driver.mech_driver [None req-00b75a60-2626-4e3a-a359-aee758f7fd89 - - - - - -] OVN reports status down for port: 696fef27-6555-4767-bb85-42cc7d8188a9
2026-07-02 12:28:08.784 10 INFO neutron.plugins.ml2.drivers.ovn.mech_driver.mech_driver [None req-00b75a60-2626-4e3a-a359-aee758f7fd89 - - - - - -] OVN reports status up for port: 2885e2b9-9799-43a5-b11d-f32b8e46ef79
2026-07-02 12:28:08.799 10 INFO neutron.plugins.ml2.plugin [None req-00b75a60-2626-4e3a-a359-aee758f7fd89 - - - - - -] Attempt 1 to provision port 2885e2b9-9799-43a5-b11d-f32b8e46ef79 /var/lib/openstack/lib/python3.10/site-packages/pycadf/identifier.py:71: UserWarning: Invalid uuid: neutron. To ensure interoperability, identifiers should be a valid uuid. warnings.warn(('Invalid uuid: %s. To ensure interoperability, '
2026-07-02 12:28:08.961 10 INFO neutron.notifiers.nova [-] Nova event matching ['req-268bb874-4c2f-426f-90f8-45bc70d963db'] response: {'server_uuid': '29bf5b0e-72d9-4d41-b192-e56ab0b94b6a', 'name': 'network-vif-plugged', 'status': 'completed', 'tag': '2885e2b9-9799-43a5-b11d-f32b8e46ef79', 'code': 200}
2026-07-02 12:28:09.128 9 INFO neutron.services.segments.plugin [-] Segment 6c9965bc-4fc3-44ac-8cdf-c00d8edfbfb6 resource provider aggregate not found
2026-07-02 12:28:09.137 9 INFO neutron.services.segments.plugin [-] Segment 6c9965bc-4fc3-44ac-8cdf-c00d8edfbfb6 resource provider aggregate not found
2026-07-02 12:28:09.161 9 INFO neutron.services.segments.plugin [-] Segment 6c9965bc-4fc3-44ac-8cdf-c00d8edfbfb6 resource provider not found; error: Placement Client Error (4xx): {"errors": [{"status": 404, "title": "Not Found", "detail": "The resource could not be found.\n\n No resource provider with uuid 6c9965bc-4fc3-44ac-8cdf-c00d8edfbfb6 found for delete ", "request_id": "req-bf714b3a-ee6d-4963-875b-10be5265e359"}]}
2026-07-02 12:28:09.190 9 INFO neutron.services.segments.plugin [-] Segment 6c9965bc-4fc3-44ac-8cdf-c00d8edfbfb6 resource provider not found; error: Placement Client Error (4xx): {"errors": [{"status": 404, "title": "Not Found", "detail": "The resource could not be found.\n\n No resource provider with uuid 6c9965bc-4fc3-44ac-8cdf-c00d8edfbfb6 found for delete ", "request_id": "req-b7365e4c-11fd-45f2-8be7-3cd6a4776580"}]}
2026-07-02 12:28:09.220 9 INFO neutron.wsgi [None req-6468c4fd-3169-4e83-b832-df835c55ac78 860f6f46920a4c798196d8f5fda188ad 6368b5bb38bd48a7ac1e9a91ca094842 - - - -] 10.0.0.190 "DELETE /v2.0/networks/235c3a91-508d-4c0e-a001-b443d27aa6cf HTTP/1.1" status: 204 len: 168 time: 0.6154964
2026-07-02 12:28:09.295 10 INFO neutron.wsgi [req-701ee2f0-30b0-416a-9f96-416a0925a063 req-34873bfb-31eb-45a8-8632-7549bc6edff6 e9ecdc9c723b4a9a92d08b42aeb8dc0e 6bdd5c585acc48ea8e32242f05bd83a6 - - default default] 10.0.0.189 "GET /v2.0/ports?device_id=29bf5b0e-72d9-4d41-b192-e56ab0b94b6a HTTP/1.1" status: 200 len: 1172 time: 0.4219420
2026-07-02 12:28:09.354 10 INFO neutron.wsgi [req-701ee2f0-30b0-416a-9f96-416a0925a063 req-579b22ac-7c40-496d-9b73-4d8ab6d520d9 e9ecdc9c723b4a9a92d08b42aeb8dc0e 6bdd5c585acc48ea8e32242f05bd83a6 - - default default] 10.0.0.189 "GET /v2.0/security-groups?id=8b7bf0cb-f8f2-461b-9dfa-7b9e48cfa62a&fields=id&fields=name HTTP/1.1" status: 200 len: 286 time: 0.0481062
2026-07-02 12:28:09.375 9 INFO neutron.wsgi [None req-e3e16265-ca84-4cc1-89f6-9e3dbfeb1606 6db263e20f2f4a4d8c7c3cccc392bab2 1fef74b8a9b44b0db968d26c57cf8916 - - - -] 10.0.0.190 "PUT /v2.0/routers/938a13e5-3467-46fd-976a-8e25b6b2af4a/remove_router_interface HTTP/1.1" status: 200 len: 503 time: 1.4765589 /var/lib/openstack/lib/python3.10/site-packages/pycadf/identifier.py:71: UserWarning: Invalid uuid: neutron. To ensure interoperability, identifiers should be a valid uuid. warnings.warn(('Invalid uuid: %s. To ensure interoperability, '
2026-07-02 12:28:09.421 10 INFO neutron.db.ovn_revision_numbers_db [None req-00b75a60-2626-4e3a-a359-aee758f7fd89 - - - - - -] Successfully bumped revision number for resource 2885e2b9-9799-43a5-b11d-f32b8e46ef79 (type: ports) to 4
2026-07-02 12:28:09.755 15 INFO neutron.plugins.ml2.drivers.ovn.mech_driver.ovsdb.maintenance [None req-7b278516-dfae-4017-b0a4-6fad552a9399 - - - - - -] Maintenance task: Synchronization finished (took 1.07 seconds)
2026-07-02 12:28:10.080 9 INFO neutron.wsgi [None req-487976ad-2c9d-4d99-8a82-7f66aebedeb2 860f6f46920a4c798196d8f5fda188ad 6368b5bb38bd48a7ac1e9a91ca094842 - - - -] 10.0.0.190 "DELETE /v2.0/networks/830b49d9-ac02-4825-b296-2b0768109d5e HTTP/1.1" status: 204 len: 168 time: 0.8526890 /var/lib/openstack/lib/python3.10/site-packages/pycadf/identifier.py:71: UserWarning: Invalid uuid: neutron. To ensure interoperability, identifiers should be a valid uuid. warnings.warn(('Invalid uuid: %s. To ensure interoperability, '
2026-07-02 12:28:10.140 10 INFO neutron.services.segments.plugin [-] Segment 54405669-38c0-4fa6-8fa5-24fa7ad6efff resource provider aggregate not found
2026-07-02 12:28:10.168 10 INFO neutron.services.segments.plugin [-] Segment 54405669-38c0-4fa6-8fa5-24fa7ad6efff resource provider aggregate not found
2026-07-02 12:28:10.172 10 INFO neutron.services.segments.plugin [-] Segment 54405669-38c0-4fa6-8fa5-24fa7ad6efff resource provider not found; error: Placement Client Error (4xx): {"errors": [{"status": 404, "title": "Not Found", "detail": "The resource could not be found.\n\n No resource provider with uuid 54405669-38c0-4fa6-8fa5-24fa7ad6efff found for delete ", "request_id": "req-34d95f59-a6ec-47ac-b4a6-194ba95676db"}]}
2026-07-02 12:28:10.189 10 INFO neutron.services.segments.plugin [-] Segment 54405669-38c0-4fa6-8fa5-24fa7ad6efff resource provider not found; error: Placement Client Error (4xx): {"errors": [{"status": 404, "title": "Not Found", "detail": "The resource could not be found.\n\n No resource provider with uuid 54405669-38c0-4fa6-8fa5-24fa7ad6efff found for delete ", "request_id": "req-716be912-2b4e-4029-bdb2-a98d3decdd6e"}]}
2026-07-02 12:28:10.470 10 INFO neutron.wsgi [req-07e9eb0e-55b7-4db5-a0a2-a317c9df67cc req-3672421a-c5d6-4bc1-a005-8529c81e01de e9ecdc9c723b4a9a92d08b42aeb8dc0e 6bdd5c585acc48ea8e32242f05bd83a6 - - default default] 10.0.0.189 "GET /v2.0/ports?device_id=29bf5b0e-72d9-4d41-b192-e56ab0b94b6a HTTP/1.1" status: 200 len: 1174 time: 0.0457342
2026-07-02 12:28:10.506 9 INFO neutron.wsgi [None req-4bb62f0c-ba77-4398-9c68-da5e28c1bc20 6db263e20f2f4a4d8c7c3cccc392bab2 1fef74b8a9b44b0db968d26c57cf8916 - - - -] 10.0.0.190 "DELETE /v2.0/routers/938a13e5-3467-46fd-976a-8e25b6b2af4a HTTP/1.1" status: 204 len: 168 time: 1.1252739
2026-07-02 12:28:10.530 10 INFO neutron.wsgi [req-07e9eb0e-55b7-4db5-a0a2-a317c9df67cc req-7649995f-73b4-4cdc-b6ed-d60eab19e2f0 e9ecdc9c723b4a9a92d08b42aeb8dc0e 6bdd5c585acc48ea8e32242f05bd83a6 - - default default] 10.0.0.189 "GET /v2.0/security-groups?id=8b7bf0cb-f8f2-461b-9dfa-7b9e48cfa62a&fields=id&fields=name HTTP/1.1" status: 200 len: 286 time: 0.0440712
2026-07-02 12:28:10.585 10 INFO neutron.wsgi [None req-c3ea821c-fd27-41ae-88b6-203657ebecb6 860f6f46920a4c798196d8f5fda188ad 6368b5bb38bd48a7ac1e9a91ca094842 - - - -] 10.0.0.190 "DELETE /v2.0/networks/42392cf6-2113-4a12-9973-76ce9a2a7126 HTTP/1.1" status: 204 len: 168 time: 0.4960382
2026-07-02 12:28:10.775 9 INFO neutron.wsgi [None req-ede2b2f0-72a2-467c-bbd0-3da10f3f2b32 6db263e20f2f4a4d8c7c3cccc392bab2 1fef74b8a9b44b0db968d26c57cf8916 - - - -] 10.0.0.190 "DELETE /v2.0/subnets/fbf1fc7b-d667-42c2-9e72-b3467988a33f HTTP/1.1" status: 204 len: 168 time: 0.2618451
2026-07-02 12:28:10.888 10 INFO neutron.plugins.ml2.drivers.ovn.mech_driver.mech_driver [None req-00b75a60-2626-4e3a-a359-aee758f7fd89 - - - - - -] OVN reports status down for port: 2885e2b9-9799-43a5-b11d-f32b8e46ef79
2026-07-02 12:28:10.945 10 INFO neutron.wsgi [req-37f20a3e-0548-46f6-8f19-c4ed1619f8db req-c4e3fac3-4a82-49bc-bf00-c30340e92777 e9ecdc9c723b4a9a92d08b42aeb8dc0e 6bdd5c585acc48ea8e32242f05bd83a6 - - default default] 10.0.0.189 "GET /v2.0/ports?device_id=29bf5b0e-72d9-4d41-b192-e56ab0b94b6a HTTP/1.1" status: 200 len: 1174 time: 0.0412126
2026-07-02 12:28:11.007 10 INFO neutron.wsgi [req-37f20a3e-0548-46f6-8f19-c4ed1619f8db req-90a9f26b-e0b3-4340-94c2-9feeb3686bd2 e9ecdc9c723b4a9a92d08b42aeb8dc0e 6bdd5c585acc48ea8e32242f05bd83a6 - - default default] 10.0.0.189 "GET /v2.0/security-groups?id=8b7bf0cb-f8f2-461b-9dfa-7b9e48cfa62a&fields=id&fields=name HTTP/1.1" status: 200 len: 286 time: 0.0564904
2026-07-02 12:28:11.031 10 INFO neutron.notifiers.nova [-] Nova event matching ['req-6403ca2d-8283-4cdf-b04f-5c3295f589aa'] response: {'server_uuid': '29bf5b0e-72d9-4d41-b192-e56ab0b94b6a', 'name': 'network-vif-plugged', 'status': 'completed', 'tag': '2885e2b9-9799-43a5-b11d-f32b8e46ef79', 'code': 200}
2026-07-02 12:28:11.201 9 INFO neutron.services.segments.plugin [-] Segment d3af8622-1103-4a03-ad02-2e145ea800f8 resource provider aggregate not found
