2026-07-02 12:26:28.293 9 INFO neutron.db.ovn_revision_numbers_db [None req-e7a5b251-51a6-49c1-8cf0-ab9ceb79e51b 1558875e38fe411bb9e6e6bcc17aa099 a5836db100554b5b9174331266eecbec - - default default] Successfully bumped revision number for resource c4165e80-0f2e-48a9-b901-34c486c4213f (type: ports) to 2
2026-07-02 12:26:28.362 9 WARNING neutron.scheduler.dhcp_agent_scheduler [None req-e7a5b251-51a6-49c1-8cf0-ab9ceb79e51b 1558875e38fe411bb9e6e6bcc17aa099 a5836db100554b5b9174331266eecbec - - default default] No more DHCP agents
2026-07-02 12:26:28.363 9 WARNING neutron.api.rpc.agentnotifiers.dhcp_rpc_agent_api [None req-e7a5b251-51a6-49c1-8cf0-ab9ceb79e51b 1558875e38fe411bb9e6e6bcc17aa099 a5836db100554b5b9174331266eecbec - - default default] Unable to schedule network fd677ced-ee6f-4fd6-84a7-d953e0a2987e: no agents available; will retry on subsequent port and subnet creation events.
2026-07-02 12:26:28.531 9 INFO neutron.db.ovn_revision_numbers_db [None req-e7a5b251-51a6-49c1-8cf0-ab9ceb79e51b 1558875e38fe411bb9e6e6bcc17aa099 a5836db100554b5b9174331266eecbec - - - -] Successfully bumped revision number for resource c4165e80-0f2e-48a9-b901-34c486c4213f (type: router_ports) to 2
2026-07-02 12:26:28.534 9 INFO neutron.wsgi [None req-e7a5b251-51a6-49c1-8cf0-ab9ceb79e51b 1558875e38fe411bb9e6e6bcc17aa099 a5836db100554b5b9174331266eecbec - - - -] 10.0.0.190 "PUT /v2.0/routers/c424bf4f-4bd4-4567-853c-14686328c2a4/add_router_interface HTTP/1.1" status: 200 len: 503 time: 1.4875281
2026-07-02 12:26:28.572 9 INFO neutron.wsgi [None req-d04e88bd-981b-458a-8b97-f0d32746c4b0 1558875e38fe411bb9e6e6bcc17aa099 a5836db100554b5b9174331266eecbec - - default default] 10.0.0.190 "GET /v2.0/ports/c4165e80-0f2e-48a9-b901-34c486c4213f HTTP/1.1" status: 200 len: 1141 time: 0.0323417
2026-07-02 12:26:28.672 10 WARNING neutron.scheduler.dhcp_agent_scheduler [None req-e865a939-aef1-476a-a5b6-3e4cf35548a1 6db263e20f2f4a4d8c7c3cccc392bab2 1fef74b8a9b44b0db968d26c57cf8916 - - - -] No more DHCP agents
2026-07-02 12:26:28.675 10 WARNING neutron.api.rpc.agentnotifiers.dhcp_rpc_agent_api [None req-e865a939-aef1-476a-a5b6-3e4cf35548a1 6db263e20f2f4a4d8c7c3cccc392bab2 1fef74b8a9b44b0db968d26c57cf8916 - - - -] Unable to schedule network 0c0283ca-55b6-4d11-8562-783d72a6d1f2: no agents available; will retry on subsequent port and subnet creation events.
2026-07-02 12:26:28.677 10 WARNING neutron.scheduler.dhcp_agent_scheduler [None req-9e28d98a-959b-4ad5-96ec-b4112c1d1e73 8e1387bf4a2a45ed840e4e459e97bba4 822320370e2d4217aae5d32e0d0cf39b - - - -] No more DHCP agents
2026-07-02 12:26:28.682 10 WARNING neutron.api.rpc.agentnotifiers.dhcp_rpc_agent_api [None req-9e28d98a-959b-4ad5-96ec-b4112c1d1e73 8e1387bf4a2a45ed840e4e459e97bba4 822320370e2d4217aae5d32e0d0cf39b - - - -] Unable to schedule network 9e671b32-66b3-4c4a-80c9-e120baa618bc: no agents available; will retry on subsequent port and subnet creation events.
2026-07-02 12:26:28.797 10 INFO neutron.wsgi [None req-55fa593d-d452-42fe-9ab4-b141db815d24 6db263e20f2f4a4d8c7c3cccc392bab2 1fef74b8a9b44b0db968d26c57cf8916 - - - -] 10.0.0.190 "PUT /v2.0/routers/f4b7264d-cf7c-42da-9725-5572674725f3/remove_router_interface HTTP/1.1" status: 200 len: 503 time: 1.8807070 /var/lib/openstack/lib/python3.10/site-packages/pycadf/identifier.py:71: UserWarning: Invalid uuid: neutron. To ensure interoperability, identifiers should be a valid uuid. warnings.warn(('Invalid uuid: %s. To ensure interoperability, '
2026-07-02 12:26:28.892 10 INFO neutron.db.ovn_revision_numbers_db [None req-e865a939-aef1-476a-a5b6-3e4cf35548a1 6db263e20f2f4a4d8c7c3cccc392bab2 1fef74b8a9b44b0db968d26c57cf8916 - - - -] Successfully bumped revision number for resource b87861a4-4b56-4b4c-a586-0631d9a1d3d6 (type: ports) to 1
2026-07-02 12:26:28.913 10 INFO neutron.db.ovn_revision_numbers_db [None req-9e28d98a-959b-4ad5-96ec-b4112c1d1e73 8e1387bf4a2a45ed840e4e459e97bba4 822320370e2d4217aae5d32e0d0cf39b - - - -] Successfully bumped revision number for resource 1f9de0c1-393f-49e0-ae10-0b058c9f0696 (type: ports) to 1
2026-07-02 12:26:28.920 10 INFO neutron.db.ovn_revision_numbers_db [None req-00b75a60-2626-4e3a-a359-aee758f7fd89 - - - - - -] Successfully bumped revision number for resource c4165e80-0f2e-48a9-b901-34c486c4213f (type: ports) to 3
2026-07-02 12:26:28.942 10 INFO neutron.wsgi [None req-e865a939-aef1-476a-a5b6-3e4cf35548a1 6db263e20f2f4a4d8c7c3cccc392bab2 1fef74b8a9b44b0db968d26c57cf8916 - - - -] 10.0.0.190 "POST /v2.0/networks HTTP/1.1" status: 201 len: 949 time: 1.6135294
2026-07-02 12:26:28.980 10 INFO neutron.wsgi [None req-9e28d98a-959b-4ad5-96ec-b4112c1d1e73 8e1387bf4a2a45ed840e4e459e97bba4 822320370e2d4217aae5d32e0d0cf39b - - - -] 10.0.0.190 "POST /v2.0/networks HTTP/1.1" status: 201 len: 1446 time: 2.3157847
2026-07-02 12:26:28.999 9 WARNING neutron.scheduler.dhcp_agent_scheduler [None req-c3caec96-521b-49af-8c4c-dd30941ecc22 1558875e38fe411bb9e6e6bcc17aa099 a5836db100554b5b9174331266eecbec - - default default] No more DHCP agents
2026-07-02 12:26:29.003 9 WARNING neutron.api.rpc.agentnotifiers.dhcp_rpc_agent_api [None req-c3caec96-521b-49af-8c4c-dd30941ecc22 1558875e38fe411bb9e6e6bcc17aa099 a5836db100554b5b9174331266eecbec - - default default] Unable to schedule network 6fbca313-d511-4752-a16e-b552f843cb0e: no agents available; will retry on subsequent port and subnet creation events.
2026-07-02 12:26:29.105 10 INFO neutron.wsgi [None req-dbcbd4e9-c272-4310-bd8e-2261554d8bfb 8e1387bf4a2a45ed840e4e459e97bba4 822320370e2d4217aae5d32e0d0cf39b - - default default] 10.0.0.190 "GET /v2.0/networks HTTP/1.1" status: 200 len: 2052 time: 0.1161013
2026-07-02 12:26:29.133 9 INFO neutron.db.ovn_revision_numbers_db [None req-c3caec96-521b-49af-8c4c-dd30941ecc22 1558875e38fe411bb9e6e6bcc17aa099 a5836db100554b5b9174331266eecbec - - default default] Successfully bumped revision number for resource 287f4fa5-9d50-4b9a-8c60-31d21cef8451 (type: ports) to 1
2026-07-02 12:26:29.181 9 WARNING neutron.scheduler.dhcp_agent_scheduler [None req-a0721af1-d736-400c-991f-04890a767cde 6db263e20f2f4a4d8c7c3cccc392bab2 1fef74b8a9b44b0db968d26c57cf8916 - - - -] No more DHCP agents
2026-07-02 12:26:29.181 10 INFO neutron.db.ovn_revision_numbers_db [None req-00b75a60-2626-4e3a-a359-aee758f7fd89 - - - - - -] Successfully bumped revision number for resource c4165e80-0f2e-48a9-b901-34c486c4213f (type: router_ports) to 3
2026-07-02 12:26:29.183 9 WARNING neutron.api.rpc.agentnotifiers.dhcp_rpc_agent_api [None req-a0721af1-d736-400c-991f-04890a767cde 6db263e20f2f4a4d8c7c3cccc392bab2 1fef74b8a9b44b0db968d26c57cf8916 - - - -] Unable to schedule network 0c0283ca-55b6-4d11-8562-783d72a6d1f2: no agents available; will retry on subsequent port and subnet creation events.
2026-07-02 12:26:29.717 9 INFO neutron.plugins.ml2.drivers.ovn.mech_driver.mech_driver [None req-d91f5667-52ea-4e8c-a045-8ec8b7dc1fc0 - - - - - -] OVN reports status up for port: 287f4fa5-9d50-4b9a-8c60-31d21cef8451
2026-07-02 12:26:29.731 9 INFO neutron.db.ovn_revision_numbers_db [None req-c3caec96-521b-49af-8c4c-dd30941ecc22 1558875e38fe411bb9e6e6bcc17aa099 a5836db100554b5b9174331266eecbec - - default default] Successfully bumped revision number for resource 287f4fa5-9d50-4b9a-8c60-31d21cef8451 (type: router_ports) to 2
2026-07-02 12:26:29.734 9 INFO neutron.plugins.ml2.plugin [None req-d91f5667-52ea-4e8c-a045-8ec8b7dc1fc0 - - - - - -] Attempt 1 to provision port 287f4fa5-9d50-4b9a-8c60-31d21cef8451
2026-07-02 12:26:29.785 9 INFO neutron.db.ovn_revision_numbers_db [None req-a0721af1-d736-400c-991f-04890a767cde 6db263e20f2f4a4d8c7c3cccc392bab2 1fef74b8a9b44b0db968d26c57cf8916 - - - -] Successfully bumped revision number for resource b87861a4-4b56-4b4c-a586-0631d9a1d3d6 (type: ports) to 2
2026-07-02 12:26:29.816 9 INFO neutron.db.ovn_revision_numbers_db [None req-a0721af1-d736-400c-991f-04890a767cde 6db263e20f2f4a4d8c7c3cccc392bab2 1fef74b8a9b44b0db968d26c57cf8916 - - - -] Successfully bumped revision number for resource 3ffe894f-cbc2-419b-9e7a-5e2a618d2ef4 (type: subnets) to 0
2026-07-02 12:26:29.843 9 INFO neutron.wsgi [None req-a0721af1-d736-400c-991f-04890a767cde 6db263e20f2f4a4d8c7c3cccc392bab2 1fef74b8a9b44b0db968d26c57cf8916 - - - -] 10.0.0.190 "POST /v2.0/subnets HTTP/1.1" status: 201 len: 870 time: 0.8925178
2026-07-02 12:26:29.849 10 INFO neutron.services.segments.plugin [-] Segment c5f76c44-a89e-467d-82a9-f010944d26bb resource provider aggregate not found
2026-07-02 12:26:29.863 10 INFO neutron.services.segments.plugin [-] Segment c5f76c44-a89e-467d-82a9-f010944d26bb resource provider aggregate not found
2026-07-02 12:26:29.878 10 INFO neutron.services.segments.plugin [-] Segment c5f76c44-a89e-467d-82a9-f010944d26bb resource provider not found; error: Placement Client Error (4xx): {"errors": [{"status": 404, "title": "Not Found", "detail": "The resource could not be found.\n\n No resource provider with uuid c5f76c44-a89e-467d-82a9-f010944d26bb found for delete ", "request_id": "req-95278ce5-96a5-4dce-ba95-90a5711ee42b"}]}
2026-07-02 12:26:29.882 9 INFO neutron.db.ovn_revision_numbers_db [None req-c3caec96-521b-49af-8c4c-dd30941ecc22 1558875e38fe411bb9e6e6bcc17aa099 a5836db100554b5b9174331266eecbec - - default default] Successfully bumped revision number for resource 287f4fa5-9d50-4b9a-8c60-31d21cef8451 (type: ports) to 2
2026-07-02 12:26:29.884 10 INFO neutron.services.segments.plugin [-] Segment c5f76c44-a89e-467d-82a9-f010944d26bb resource provider not found; error: Placement Client Error (4xx): {"errors": [{"status": 404, "title": "Not Found", "detail": "The resource could not be found.\n\n No resource provider with uuid c5f76c44-a89e-467d-82a9-f010944d26bb found for delete ", "request_id": "req-38b84fd2-f312-4f95-b121-bc2969534ef8"}]}
2026-07-02 12:26:29.938 10 INFO neutron.wsgi [None req-e2596e95-d818-4ee5-aa09-ea5ed0e423a9 8e1387bf4a2a45ed840e4e459e97bba4 822320370e2d4217aae5d32e0d0cf39b - - - -] 10.0.0.190 "DELETE /v2.0/networks/bf6fded9-e1d6-4c23-9c96-03772b1b0a90 HTTP/1.1" status: 204 len: 168 time: 0.8262250
2026-07-02 12:26:29.998 10 INFO neutron.wsgi [None req-c076bb46-a09c-4f03-a480-f5aceb5eb778 6db263e20f2f4a4d8c7c3cccc392bab2 1fef74b8a9b44b0db968d26c57cf8916 - - - -] 10.0.0.190 "DELETE /v2.0/routers/f4b7264d-cf7c-42da-9725-5572674725f3 HTTP/1.1" status: 204 len: 168 time: 1.1935909
2026-07-02 12:26:30.220 10 INFO neutron.wsgi [None req-d38eb1d2-510e-4699-bd6c-fd8daa8f00d5 6db263e20f2f4a4d8c7c3cccc392bab2 1fef74b8a9b44b0db968d26c57cf8916 - - - -] 10.0.0.190 "DELETE /v2.0/subnets/81edde3b-2631-44b5-bdf1-6fcb492f7f81 HTTP/1.1" status: 204 len: 168 time: 0.2162199
2026-07-02 12:26:30.278 9 WARNING neutron.scheduler.dhcp_agent_scheduler [None req-c3caec96-521b-49af-8c4c-dd30941ecc22 1558875e38fe411bb9e6e6bcc17aa099 a5836db100554b5b9174331266eecbec - - default default] No more DHCP agents
2026-07-02 12:26:30.295 9 WARNING neutron.api.rpc.agentnotifiers.dhcp_rpc_agent_api [None req-c3caec96-521b-49af-8c4c-dd30941ecc22 1558875e38fe411bb9e6e6bcc17aa099 a5836db100554b5b9174331266eecbec - - default default] Unable to schedule network 6fbca313-d511-4752-a16e-b552f843cb0e: no agents available; will retry on subsequent port and subnet creation events.
2026-07-02 12:26:30.549 9 INFO neutron.db.ovn_revision_numbers_db [None req-d91f5667-52ea-4e8c-a045-8ec8b7dc1fc0 - - - - - -] Successfully bumped revision number for resource 287f4fa5-9d50-4b9a-8c60-31d21cef8451 (type: ports) to 3
2026-07-02 12:26:30.574 10 INFO neutron.wsgi [None req-7f13a040-d2b8-4365-a769-635f4c9a9ddc 6db263e20f2f4a4d8c7c3cccc392bab2 1fef74b8a9b44b0db968d26c57cf8916 - - - -] 10.0.0.190 "DELETE /v2.0/networks/c0611c73-ef14-4e1e-a92c-1426864293eb HTTP/1.1" status: 204 len: 168 time: 0.3496590
2026-07-02 12:26:30.698 9 INFO neutron.db.ovn_revision_numbers_db [None req-c3caec96-521b-49af-8c4c-dd30941ecc22 1558875e38fe411bb9e6e6bcc17aa099 a5836db100554b5b9174331266eecbec - - - -] Successfully bumped revision number for resource 287f4fa5-9d50-4b9a-8c60-31d21cef8451 (type: router_ports) to 3
2026-07-02 12:26:30.700 9 INFO neutron.wsgi [None req-c3caec96-521b-49af-8c4c-dd30941ecc22 1558875e38fe411bb9e6e6bcc17aa099 a5836db100554b5b9174331266eecbec - - - -] 10.0.0.190 "PUT /v2.0/routers/c424bf4f-4bd4-4567-853c-14686328c2a4/add_router_interface HTTP/1.1" status: 200 len: 503 time: 2.1233742
2026-07-02 12:26:30.720 10 INFO neutron.wsgi [None req-a0414093-414f-4d44-8e85-29c77c054e34 6db263e20f2f4a4d8c7c3cccc392bab2 1fef74b8a9b44b0db968d26c57cf8916 - - default default] 10.0.0.190 "GET /v2.0/security-groups?tenant_id=456929476da24c7b819cafed5abdea95&name=default HTTP/1.1" status: 200 len: 2996 time: 0.0370126
2026-07-02 12:26:30.808 10 INFO neutron.wsgi [None req-46f30cb6-6465-42af-a2d8-71b34bb9478c 1558875e38fe411bb9e6e6bcc17aa099 a5836db100554b5b9174331266eecbec - - default default] 10.0.0.190 "GET /v2.0/ports/287f4fa5-9d50-4b9a-8c60-31d21cef8451 HTTP/1.1" status: 200 len: 1149 time: 0.0987558
2026-07-02 12:26:30.844 10 INFO neutron.wsgi [None req-4bfdcc7a-cc47-4e85-91be-087046096bec 1558875e38fe411bb9e6e6bcc17aa099 a5836db100554b5b9174331266eecbec - - default default] 10.0.0.190 "GET /v2.0/ports/287f4fa5-9d50-4b9a-8c60-31d21cef8451 HTTP/1.1" status: 200 len: 1149 time: 0.0305030
2026-07-02 12:26:30.960 9 INFO neutron.services.segments.plugin [-] Segment a66dcc3d-a7f2-41f0-98ef-3c6a34851607 resource provider aggregate not found
2026-07-02 12:26:30.964 9 INFO neutron.services.segments.plugin [-] Segment a66dcc3d-a7f2-41f0-98ef-3c6a34851607 resource provider aggregate not found
2026-07-02 12:26:30.990 9 INFO neutron.services.segments.plugin [-] Segment a66dcc3d-a7f2-41f0-98ef-3c6a34851607 resource provider not found; error: Placement Client Error (4xx): {"errors": [{"status": 404, "title": "Not Found", "detail": "The resource could not be found.\n\n No resource provider with uuid a66dcc3d-a7f2-41f0-98ef-3c6a34851607 found for delete ", "request_id": "req-c6b624e8-166f-42eb-a054-02acc892b57c"}]}
2026-07-02 12:26:30.990 9 INFO neutron.services.segments.plugin [-] Segment a66dcc3d-a7f2-41f0-98ef-3c6a34851607 resource provider not found; error: Placement Client Error (4xx): {"errors": [{"status": 404, "title": "Not Found", "detail": "The resource could not be found.\n\n No resource provider with uuid a66dcc3d-a7f2-41f0-98ef-3c6a34851607 found for delete ", "request_id": "req-aec96090-baaf-4dc3-8130-046923acaa40"}]}
2026-07-02 12:26:31.006 9 WARNING neutron.scheduler.dhcp_agent_scheduler [None req-f6102c9b-c769-43c1-a32d-e0fb255d3b52 6db263e20f2f4a4d8c7c3cccc392bab2 1fef74b8a9b44b0db968d26c57cf8916 - - - -] No more DHCP agents
2026-07-02 12:26:31.013 9 WARNING neutron.api.rpc.agentnotifiers.dhcp_rpc_agent_api [None req-f6102c9b-c769-43c1-a32d-e0fb255d3b52 6db263e20f2f4a4d8c7c3cccc392bab2 1fef74b8a9b44b0db968d26c57cf8916 - - - -] Unable to schedule network abd5729e-a23e-4d97-85a2-2dec0b36b810: no agents available; will retry on subsequent port and subnet creation events.
2026-07-02 12:26:31.062 9 INFO neutron.wsgi [None req-fae989f4-ad82-47a6-a158-ceb7bc8c9067 8e1387bf4a2a45ed840e4e459e97bba4 822320370e2d4217aae5d32e0d0cf39b - - - -] 10.0.0.190 "DELETE /v2.0/networks/9e671b32-66b3-4c4a-80c9-e120baa618bc HTTP/1.1" status: 204 len: 168 time: 1.1083953
2026-07-02 12:26:31.147 9 INFO neutron.wsgi [None req-7a20a8b7-fa06-4db3-84de-d6f17dbf9132 6db263e20f2f4a4d8c7c3cccc392bab2 1fef74b8a9b44b0db968d26c57cf8916 - - - -] 10.0.0.190 "DELETE /v2.0/security-groups/7a51e475-b9a0-4c1a-9bd1-61e1f9e9ae71 HTTP/1.1" status: 204 len: 168 time: 0.4174111
2026-07-02 12:26:31.169 9 INFO neutron.db.ovn_revision_numbers_db [None req-f6102c9b-c769-43c1-a32d-e0fb255d3b52 6db263e20f2f4a4d8c7c3cccc392bab2 1fef74b8a9b44b0db968d26c57cf8916 - - - -] Successfully bumped revision number for resource b25724d2-1037-4dd1-8c48-64eeb7fc7826 (type: ports) to 1
2026-07-02 12:26:31.179 10 INFO neutron.wsgi [None req-e193bb80-e80c-4bb5-8f39-5dba6a519e3b 8e1387bf4a2a45ed840e4e459e97bba4 822320370e2d4217aae5d32e0d0cf39b - - default default] 10.0.0.190 "GET /v2.0/networks HTTP/1.1" status: 200 len: 845 time: 0.1120148
2026-07-02 12:26:31.295 10 INFO neutron.db.segments_db [None req-faade17c-0dba-4cb7-b3ab-ef1336676476 8e1387bf4a2a45ed840e4e459e97bba4 822320370e2d4217aae5d32e0d0cf39b - - - -] Added segment 6e95e2fe-905b-45b7-b8e6-fc28d88d9e6d of type geneve for network 8c872dc0-2b2b-4caf-9101-9630fd5446d0
2026-07-02 12:26:31.422 10 INFO neutron.db.ovn_revision_numbers_db [None req-faade17c-0dba-4cb7-b3ab-ef1336676476 8e1387bf4a2a45ed840e4e459e97bba4 822320370e2d4217aae5d32e0d0cf39b - - - -] Successfully bumped revision number for resource 8c872dc0-2b2b-4caf-9101-9630fd5446d0 (type: networks) to 1
2026-07-02 12:26:31.657 10 INFO neutron.wsgi [None req-99102a66-184f-4556-9a76-2764a1cfe43d 1558875e38fe411bb9e6e6bcc17aa099 a5836db100554b5b9174331266eecbec - - - -] 10.0.0.190 "PUT /v2.0/routers/c424bf4f-4bd4-4567-853c-14686328c2a4/remove_router_interface HTTP/1.1" status: 200 len: 503 time: 0.8083041 /var/lib/openstack/lib/python3.10/site-packages/pycadf/identifier.py:71: UserWarning: Invalid uuid: neutron. To ensure interoperability, identifiers should be a valid uuid. warnings.warn(('Invalid uuid: %s. To ensure interoperability, '
2026-07-02 12:26:31.693 10 WARNING neutron.scheduler.dhcp_agent_scheduler [None req-faade17c-0dba-4cb7-b3ab-ef1336676476 8e1387bf4a2a45ed840e4e459e97bba4 822320370e2d4217aae5d32e0d0cf39b - - - -] No more DHCP agents
2026-07-02 12:26:31.702 10 WARNING neutron.api.rpc.agentnotifiers.dhcp_rpc_agent_api [None req-faade17c-0dba-4cb7-b3ab-ef1336676476 8e1387bf4a2a45ed840e4e459e97bba4 822320370e2d4217aae5d32e0d0cf39b - - - -] Unable to schedule network 8c872dc0-2b2b-4caf-9101-9630fd5446d0: no agents available; will retry on subsequent port and subnet creation events.
2026-07-02 12:26:31.793 10 INFO neutron.db.ovn_revision_numbers_db [None req-faade17c-0dba-4cb7-b3ab-ef1336676476 8e1387bf4a2a45ed840e4e459e97bba4 822320370e2d4217aae5d32e0d0cf39b - - - -] Successfully bumped revision number for resource 83723e2e-61d0-464a-a366-16b872657c51 (type: ports) to 1
2026-07-02 12:26:31.798 10 INFO neutron.wsgi [None req-0192db6c-99e0-43ad-84a9-6edc4e80dca3 1558875e38fe411bb9e6e6bcc17aa099 a5836db100554b5b9174331266eecbec - - default default] 10.0.0.190 "GET /v2.0/ports/c4165e80-0f2e-48a9-b901-34c486c4213f HTTP/1.1" status: 200 len: 1141 time: 0.1299655
2026-07-02 12:26:31.839 10 INFO neutron.wsgi [None req-faade17c-0dba-4cb7-b3ab-ef1336676476 8e1387bf4a2a45ed840e4e459e97bba4 822320370e2d4217aae5d32e0d0cf39b - - - -] 10.0.0.190 "POST /v2.0/networks HTTP/1.1" status: 201 len: 853 time: 0.6531856
2026-07-02 12:26:31.906 10 INFO neutron.services.segments.plugin [-] Segment 618dfaeb-daaa-4cdc-afe6-86c81a7cf9fa resource provider aggregate not found
2026-07-02 12:26:31.931 10 INFO neutron.services.segments.plugin [-] Segment 618dfaeb-daaa-4cdc-afe6-86c81a7cf9fa resource provider aggregate not found
2026-07-02 12:26:31.949 10 INFO neutron.services.segments.plugin [-] Segment 618dfaeb-daaa-4cdc-afe6-86c81a7cf9fa resource provider not found; error: Placement Client Error (4xx): {"errors": [{"status": 404, "title": "Not Found", "detail": "The resource could not be found.\n\n No resource provider with uuid 618dfaeb-daaa-4cdc-afe6-86c81a7cf9fa found for delete ", "request_id": "req-42b8000a-fa69-48e9-b9b8-559953ff4526"}]}
2026-07-02 12:26:31.960 10 INFO neutron.services.segments.plugin [-] Segment 618dfaeb-daaa-4cdc-afe6-86c81a7cf9fa resource provider not found; error: Placement Client Error (4xx): {"errors": [{"status": 404, "title": "Not Found", "detail": "The resource could not be found.\n\n No resource provider with uuid 618dfaeb-daaa-4cdc-afe6-86c81a7cf9fa found for delete ", "request_id": "req-658f0a5a-97fa-4f16-9fbd-d7e9fc8cbe9d"}]}
2026-07-02 12:26:31.968 10 INFO neutron.db.segments_db [None req-63f08201-3311-4ba6-8dc2-931a439f9c5b 8e1387bf4a2a45ed840e4e459e97bba4 822320370e2d4217aae5d32e0d0cf39b - - - -] Added segment 32caf539-8e06-4d63-81fe-671a98b6f69f of type geneve for network 1125c5c9-d968-4f85-b40d-b41fa1480b03
2026-07-02 12:26:32.022 9 INFO neutron.db.ovn_revision_numbers_db [None req-f6102c9b-c769-43c1-a32d-e0fb255d3b52 6db263e20f2f4a4d8c7c3cccc392bab2 1fef74b8a9b44b0db968d26c57cf8916 - - - -] Successfully bumped revision number for resource b25724d2-1037-4dd1-8c48-64eeb7fc7826 (type: router_ports) to 1
2026-07-02 12:26:32.033 10 INFO neutron.plugins.ml2.drivers.ovn.mech_driver.ovsdb.ovsdb_monitor [None req-c5c21f0b-f355-44cb-a4cb-7b2feefdf486 - - - - - -] Router 9b4ae0f8-3506-4c70-bee6-2ab89c91b226 is bound to host instance
2026-07-02 12:26:32.116 9 INFO neutron.db.ovn_revision_numbers_db [None req-f6102c9b-c769-43c1-a32d-e0fb255d3b52 6db263e20f2f4a4d8c7c3cccc392bab2 1fef74b8a9b44b0db968d26c57cf8916 - - - -] Successfully bumped revision number for resource 9b4ae0f8-3506-4c70-bee6-2ab89c91b226 (type: routers) to 3
2026-07-02 12:26:32.135 9 INFO neutron.wsgi [None req-f6102c9b-c769-43c1-a32d-e0fb255d3b52 6db263e20f2f4a4d8c7c3cccc392bab2 1fef74b8a9b44b0db968d26c57cf8916 - - - -] 10.0.0.190 "POST /v2.0/routers HTTP/1.1" status: 201 len: 881 time: 2.2770512
2026-07-02 12:26:32.460 10 INFO neutron.db.ovn_revision_numbers_db [None req-63f08201-3311-4ba6-8dc2-931a439f9c5b 8e1387bf4a2a45ed840e4e459e97bba4 822320370e2d4217aae5d32e0d0cf39b - - - -] Successfully bumped revision number for resource 1125c5c9-d968-4f85-b40d-b41fa1480b03 (type: networks) to 1
2026-07-02 12:26:32.616 9 WARNING neutron.scheduler.dhcp_agent_scheduler [None req-5b85917a-5270-4f42-8329-f24618154a21 6db263e20f2f4a4d8c7c3cccc392bab2 1fef74b8a9b44b0db968d26c57cf8916 - - default default] No more DHCP agents
2026-07-02 12:26:32.619 9 WARNING neutron.api.rpc.agentnotifiers.dhcp_rpc_agent_api [None req-5b85917a-5270-4f42-8329-f24618154a21 6db263e20f2f4a4d8c7c3cccc392bab2 1fef74b8a9b44b0db968d26c57cf8916 - - default default] Unable to schedule network 0c0283ca-55b6-4d11-8562-783d72a6d1f2: no agents available; will retry on subsequent port and subnet creation events.
2026-07-02 12:26:32.747 9 INFO neutron.db.ovn_revision_numbers_db [None req-5b85917a-5270-4f42-8329-f24618154a21 6db263e20f2f4a4d8c7c3cccc392bab2 1fef74b8a9b44b0db968d26c57cf8916 - - default default] Successfully bumped revision number for resource 92f50366-3d2d-49aa-a542-4f51736ddbf6 (type: ports) to 1
2026-07-02 12:26:32.863 10 WARNING neutron.scheduler.dhcp_agent_scheduler [None req-63f08201-3311-4ba6-8dc2-931a439f9c5b 8e1387bf4a2a45ed840e4e459e97bba4 822320370e2d4217aae5d32e0d0cf39b - - - -] No more DHCP agents
2026-07-02 12:26:32.876 10 WARNING neutron.api.rpc.agentnotifiers.dhcp_rpc_agent_api [None req-63f08201-3311-4ba6-8dc2-931a439f9c5b 8e1387bf4a2a45ed840e4e459e97bba4 822320370e2d4217aae5d32e0d0cf39b - - - -] Unable to schedule network 1125c5c9-d968-4f85-b40d-b41fa1480b03: no agents available; will retry on subsequent port and subnet creation events.
2026-07-02 12:26:32.995 10 INFO neutron.db.ovn_revision_numbers_db [None req-63f08201-3311-4ba6-8dc2-931a439f9c5b 8e1387bf4a2a45ed840e4e459e97bba4 822320370e2d4217aae5d32e0d0cf39b - - - -] Successfully bumped revision number for resource 8ea4b708-cc67-4b1a-9261-b9817dd5890d (type: ports) to 1
2026-07-02 12:26:33.076 10 INFO neutron.wsgi [None req-63f08201-3311-4ba6-8dc2-931a439f9c5b 8e1387bf4a2a45ed840e4e459e97bba4 822320370e2d4217aae5d32e0d0cf39b - - - -] 10.0.0.190 "POST /v2.0/networks HTTP/1.1" status: 201 len: 853 time: 1.2229166
2026-07-02 12:26:33.233 9 INFO neutron.db.ovn_revision_numbers_db [None req-5b85917a-5270-4f42-8329-f24618154a21 6db263e20f2f4a4d8c7c3cccc392bab2 1fef74b8a9b44b0db968d26c57cf8916 - - default default] Successfully bumped revision number for resource 92f50366-3d2d-49aa-a542-4f51736ddbf6 (type: router_ports) to 2
2026-07-02 12:26:33.255 10 INFO neutron.wsgi [None req-7e1cf986-5605-413e-93a2-387cf3aa997b 1558875e38fe411bb9e6e6bcc17aa099 a5836db100554b5b9174331266eecbec - - - -] 10.0.0.190 "PUT /v2.0/routers/c424bf4f-4bd4-4567-853c-14686328c2a4/remove_router_interface HTTP/1.1" status: 200 len: 503 time: 1.4492505 /var/lib/openstack/lib/python3.10/site-packages/pycadf/identifier.py:71: UserWarning: Invalid uuid: neutron. To ensure interoperability, identifiers should be a valid uuid. warnings.warn(('Invalid uuid: %s. To ensure interoperability, '
2026-07-02 12:26:33.296 10 INFO neutron.wsgi [None req-cc91beb5-28b7-4b4b-9b5f-8cf010c79ed1 1558875e38fe411bb9e6e6bcc17aa099 a5836db100554b5b9174331266eecbec - - default default] 10.0.0.190 "GET /v2.0/ports?device_id=c424bf4f-4bd4-4567-853c-14686328c2a4 HTTP/1.1" status: 200 len: 205 time: 0.0321138
2026-07-02 12:26:33.368 10 INFO neutron.db.ovn_revision_numbers_db [None req-29d123da-8c81-4641-ad07-27d91e723b04 6db263e20f2f4a4d8c7c3cccc392bab2 1fef74b8a9b44b0db968d26c57cf8916 - - - -] Successfully bumped revision number for resource 6e3352fb-4135-4792-9df3-a3edd85043b5 (type: security_groups) to 1
2026-07-02 12:26:33.441 10 INFO neutron.db.ovn_revision_numbers_db [None req-c5c21f0b-f355-44cb-a4cb-7b2feefdf486 - - - - - -] Successfully bumped revision number for resource b25724d2-1037-4dd1-8c48-64eeb7fc7826 (type: ports) to 1
2026-07-02 12:26:33.466 10 INFO neutron.db.segments_db [None req-29d123da-8c81-4641-ad07-27d91e723b04 6db263e20f2f4a4d8c7c3cccc392bab2 1fef74b8a9b44b0db968d26c57cf8916 - - - -] Added segment 9f704cda-f225-48b1-a80b-b7e204446c4f of type geneve for network e88cacb6-8389-4a6e-832b-b5a63c8c47da
2026-07-02 12:26:33.468 9 INFO neutron.db.ovn_revision_numbers_db [None req-5b85917a-5270-4f42-8329-f24618154a21 6db263e20f2f4a4d8c7c3cccc392bab2 1fef74b8a9b44b0db968d26c57cf8916 - - default default] Successfully bumped revision number for resource 92f50366-3d2d-49aa-a542-4f51736ddbf6 (type: ports) to 2
2026-07-02 12:26:33.551 9 WARNING neutron.scheduler.dhcp_agent_scheduler [None req-5b85917a-5270-4f42-8329-f24618154a21 6db263e20f2f4a4d8c7c3cccc392bab2 1fef74b8a9b44b0db968d26c57cf8916 - - default default] No more DHCP agents
2026-07-02 12:26:33.554 9 WARNING neutron.api.rpc.agentnotifiers.dhcp_rpc_agent_api [None req-5b85917a-5270-4f42-8329-f24618154a21 6db263e20f2f4a4d8c7c3cccc392bab2 1fef74b8a9b44b0db968d26c57cf8916 - - default default] Unable to schedule network 0c0283ca-55b6-4d11-8562-783d72a6d1f2: no agents available; will retry on subsequent port and subnet creation events.
2026-07-02 12:26:33.610 10 INFO neutron.wsgi [None req-7e403660-be75-49d1-90f3-3d3c3abc4f34 1558875e38fe411bb9e6e6bcc17aa099 a5836db100554b5b9174331266eecbec - - - -] 10.0.0.190 "DELETE /v2.0/routers/c424bf4f-4bd4-4567-853c-14686328c2a4 HTTP/1.1" status: 204 len: 168 time: 0.3079376
2026-07-02 12:26:33.694 9 WARNING neutron.scheduler.dhcp_agent_scheduler [None req-3e8c1993-3d71-4bbe-ba90-71c0df172331 8e1387bf4a2a45ed840e4e459e97bba4 822320370e2d4217aae5d32e0d0cf39b - - - -] No more DHCP agents
2026-07-02 12:26:33.697 9 WARNING neutron.api.rpc.agentnotifiers.dhcp_rpc_agent_api [None req-3e8c1993-3d71-4bbe-ba90-71c0df172331 8e1387bf4a2a45ed840e4e459e97bba4 822320370e2d4217aae5d32e0d0cf39b - - - -] Unable to schedule network 8c872dc0-2b2b-4caf-9101-9630fd5446d0: no agents available; will retry on subsequent port and subnet creation events.
2026-07-02 12:26:33.817 9 INFO neutron.db.ovn_revision_numbers_db [None req-3e8c1993-3d71-4bbe-ba90-71c0df172331 8e1387bf4a2a45ed840e4e459e97bba4 822320370e2d4217aae5d32e0d0cf39b - - - -] Successfully bumped revision number for resource da156a98-d063-4d35-8ecc-bf49ea1d8795 (type: ports) to 1
2026-07-02 12:26:33.889 9 WARNING neutron.scheduler.dhcp_agent_scheduler [None req-3e8c1993-3d71-4bbe-ba90-71c0df172331 8e1387bf4a2a45ed840e4e459e97bba4 822320370e2d4217aae5d32e0d0cf39b - - - -] No more DHCP agents
2026-07-02 12:26:33.906 9 WARNING neutron.api.rpc.agentnotifiers.dhcp_rpc_agent_api [None req-3e8c1993-3d71-4bbe-ba90-71c0df172331 8e1387bf4a2a45ed840e4e459e97bba4 822320370e2d4217aae5d32e0d0cf39b - - - -] Unable to schedule network 1125c5c9-d968-4f85-b40d-b41fa1480b03: no agents available; will retry on subsequent port and subnet creation events.
2026-07-02 12:26:33.922 10 INFO neutron.db.ovn_revision_numbers_db [None req-29d123da-8c81-4641-ad07-27d91e723b04 6db263e20f2f4a4d8c7c3cccc392bab2 1fef74b8a9b44b0db968d26c57cf8916 - - - -] Successfully bumped revision number for resource e88cacb6-8389-4a6e-832b-b5a63c8c47da (type: networks) to 1
2026-07-02 12:26:33.965 9 INFO neutron.wsgi [-] 10.0.0.68 "GET / HTTP/1.1" status: 200 len: 247 time: 0.0014203
2026-07-02 12:26:33.967 9 INFO neutron.wsgi [-] 10.0.0.68 "GET / HTTP/1.1" status: 200 len: 247 time: 0.0009260
2026-07-02 12:26:33.994 9 INFO neutron.db.ovn_revision_numbers_db [None req-3e8c1993-3d71-4bbe-ba90-71c0df172331 8e1387bf4a2a45ed840e4e459e97bba4 822320370e2d4217aae5d32e0d0cf39b - - - -] Successfully bumped revision number for resource ee623693-3e9e-4e4b-9ed7-db886539dba5 (type: ports) to 1
2026-07-02 12:26:34.032 9 INFO neutron.wsgi [None req-3e8c1993-3d71-4bbe-ba90-71c0df172331 8e1387bf4a2a45ed840e4e459e97bba4 822320370e2d4217aae5d32e0d0cf39b - - - -] 10.0.0.190 "POST /v2.0/ports HTTP/1.1" status: 201 len: 1705 time: 0.9496877 /var/lib/openstack/lib/python3.10/site-packages/pycadf/identifier.py:71: UserWarning: Invalid uuid: neutron. To ensure interoperability, identifiers should be a valid uuid. warnings.warn(('Invalid uuid: %s. To ensure interoperability, '
2026-07-02 12:26:34.240 10 INFO neutron.wsgi [None req-364065e3-dcc2-41d9-b521-d41f4b8cc311 1558875e38fe411bb9e6e6bcc17aa099 a5836db100554b5b9174331266eecbec - - - -] 10.0.0.190 "DELETE /v2.0/subnets/69af2467-d33a-4951-b015-9220e95a269f HTTP/1.1" status: 204 len: 168 time: 0.6231816
2026-07-02 12:26:34.255 10 INFO neutron.db.ovn_revision_numbers_db [None req-c5c21f0b-f355-44cb-a4cb-7b2feefdf486 - - - - - -] Successfully bumped revision number for resource b25724d2-1037-4dd1-8c48-64eeb7fc7826 (type: router_ports) to 3
2026-07-02 12:26:34.259 10 WARNING neutron.scheduler.dhcp_agent_scheduler [None req-29d123da-8c81-4641-ad07-27d91e723b04 6db263e20f2f4a4d8c7c3cccc392bab2 1fef74b8a9b44b0db968d26c57cf8916 - - - -] No more DHCP agents
2026-07-02 12:26:34.275 10 WARNING neutron.api.rpc.agentnotifiers.dhcp_rpc_agent_api [None req-29d123da-8c81-4641-ad07-27d91e723b04 6db263e20f2f4a4d8c7c3cccc392bab2 1fef74b8a9b44b0db968d26c57cf8916 - - - -] Unable to schedule network e88cacb6-8389-4a6e-832b-b5a63c8c47da: no agents available; will retry on subsequent port and subnet creation events.
2026-07-02 12:26:34.409 9 INFO neutron.wsgi [None req-2ddd7124-8b0f-416f-80f5-903e4e2bf914 8e1387bf4a2a45ed840e4e459e97bba4 822320370e2d4217aae5d32e0d0cf39b - - default default] 10.0.0.190 "GET /v2.0/ports HTTP/1.1" status: 200 len: 3212 time: 0.3696318
2026-07-02 12:26:34.421 9 INFO neutron.db.ovn_revision_numbers_db [None req-5b85917a-5270-4f42-8329-f24618154a21 6db263e20f2f4a4d8c7c3cccc392bab2 1fef74b8a9b44b0db968d26c57cf8916 - - - -] Successfully bumped revision number for resource 92f50366-3d2d-49aa-a542-4f51736ddbf6 (type: router_ports) to 2
2026-07-02 12:26:34.422 9 INFO neutron.wsgi [None req-5b85917a-5270-4f42-8329-f24618154a21 6db263e20f2f4a4d8c7c3cccc392bab2 1fef74b8a9b44b0db968d26c57cf8916 - - - -] 10.0.0.190 "PUT /v2.0/routers/9b4ae0f8-3506-4c70-bee6-2ab89c91b226/add_router_interface HTTP/1.1" status: 200 len: 503 time: 2.2820296
2026-07-02 12:26:34.431 10 INFO neutron.db.ovn_revision_numbers_db [None req-29d123da-8c81-4641-ad07-27d91e723b04 6db263e20f2f4a4d8c7c3cccc392bab2 1fef74b8a9b44b0db968d26c57cf8916 - - - -] Successfully bumped revision number for resource 5a5b2ffb-632f-4aa0-b3ae-85ac49ace69a (type: ports) to 1
2026-07-02 12:26:34.489 10 INFO neutron.wsgi [None req-29d123da-8c81-4641-ad07-27d91e723b04 6db263e20f2f4a4d8c7c3cccc392bab2 1fef74b8a9b44b0db968d26c57cf8916 - - - -] 10.0.0.190 "POST /v2.0/networks HTTP/1.1" status: 201 len: 946 time: 1.6365657
2026-07-02 12:26:34.509 10 INFO neutron.db.ovn_revision_numbers_db [None req-c5c21f0b-f355-44cb-a4cb-7b2feefdf486 - - - - - -] Successfully bumped revision number for resource b25724d2-1037-4dd1-8c48-64eeb7fc7826 (type: ports) to 2
2026-07-02 12:26:34.519 10 INFO neutron.wsgi [None req-f596afa2-15fe-444b-8c2e-126340445d1e 1558875e38fe411bb9e6e6bcc17aa099 a5836db100554b5b9174331266eecbec - - - -] 10.0.0.190 "DELETE /v2.0/subnets/771e6201-1bfd-4be9-b838-117d384e29cb HTTP/1.1" status: 204 len: 168 time: 0.2713795
2026-07-02 12:26:34.704 9 INFO neutron.wsgi [None req-0558cea4-0f98-4622-a18c-6115e6b12231 8e1387bf4a2a45ed840e4e459e97bba4 822320370e2d4217aae5d32e0d0cf39b - - - -] 10.0.0.190 "DELETE /v2.0/ports/da156a98-d063-4d35-8ecc-bf49ea1d8795 HTTP/1.1" status: 204 len: 168 time: 0.2893298
2026-07-02 12:26:34.719 9 WARNING neutron.scheduler.dhcp_agent_scheduler [None req-feda226e-f367-4f15-9bae-7a50a754dcb1 6db263e20f2f4a4d8c7c3cccc392bab2 1fef74b8a9b44b0db968d26c57cf8916 - - - -] No more DHCP agents
2026-07-02 12:26:34.731 9 WARNING neutron.api.rpc.agentnotifiers.dhcp_rpc_agent_api [None req-feda226e-f367-4f15-9bae-7a50a754dcb1 6db263e20f2f4a4d8c7c3cccc392bab2 1fef74b8a9b44b0db968d26c57cf8916 - - - -] Unable to schedule network e88cacb6-8389-4a6e-832b-b5a63c8c47da: no agents available; will retry on subsequent port and subnet creation events.
2026-07-02 12:26:34.816 10 INFO neutron.db.ovn_revision_numbers_db [None req-c5c21f0b-f355-44cb-a4cb-7b2feefdf486 - - - - - -] Successfully bumped revision number for resource b25724d2-1037-4dd1-8c48-64eeb7fc7826 (type: ports) to 4
2026-07-02 12:26:34.973 10 INFO neutron.services.segments.plugin [-] Segment 2a498fbc-f0e6-42f8-8cf4-e557c8df1aa0 resource provider aggregate not found
2026-07-02 12:26:34.981 10 INFO neutron.services.segments.plugin [-] Segment 2a498fbc-f0e6-42f8-8cf4-e557c8df1aa0 resource provider aggregate not found
2026-07-02 12:26:35.004 10 INFO neutron.services.segments.plugin [-] Segment 2a498fbc-f0e6-42f8-8cf4-e557c8df1aa0 resource provider not found; error: Placement Client Error (4xx): {"errors": [{"status": 404, "title": "Not Found", "detail": "The resource could not be found.\n\n No resource provider with uuid 2a498fbc-f0e6-42f8-8cf4-e557c8df1aa0 found for delete ", "request_id": "req-650ef61f-7c2f-42e8-bac0-c6e9ac76fd36"}]}
2026-07-02 12:26:35.006 10 INFO neutron.services.segments.plugin [-] Segment 2a498fbc-f0e6-42f8-8cf4-e557c8df1aa0 resource provider not found; error: Placement Client Error (4xx): {"errors": [{"status": 404, "title": "Not Found", "detail": "The resource could not be found.\n\n No resource provider with uuid 2a498fbc-f0e6-42f8-8cf4-e557c8df1aa0 found for delete ", "request_id": "req-020a1b07-4907-4413-ac10-95747b6dd34d"}]}
2026-07-02 12:26:35.046 10 INFO neutron.wsgi [None req-95bf498e-2df1-4e4c-8b19-8af2eddecb58 1558875e38fe411bb9e6e6bcc17aa099 a5836db100554b5b9174331266eecbec - - - -] 10.0.0.190 "DELETE /v2.0/networks/6fbca313-d511-4752-a16e-b552f843cb0e HTTP/1.1" status: 204 len: 168 time: 0.5172281
2026-07-02 12:26:35.064 10 WARNING neutron.plugins.ml2.drivers.ovn.mech_driver.ovsdb.ovn_client [None req-00b75a60-2626-4e3a-a359-aee758f7fd89 - - - - - -] No port found with ID c4165e80-0f2e-48a9-b901-34c486c4213f: RuntimeError: No port found with ID c4165e80-0f2e-48a9-b901-34c486c4213f
2026-07-02 12:26:35.064 10 INFO neutron.plugins.ml2.drivers.ovn.mech_driver.mech_driver [None req-00b75a60-2626-4e3a-a359-aee758f7fd89 - - - - - -] OVN reports status up for port: b25724d2-1037-4dd1-8c48-64eeb7fc7826
2026-07-02 12:26:35.067 9 INFO neutron.wsgi [None req-ecd27ba3-ba69-43ea-b69f-d6124f2e7b6c 8e1387bf4a2a45ed840e4e459e97bba4 822320370e2d4217aae5d32e0d0cf39b - - - -] 10.0.0.190 "DELETE /v2.0/ports/ee623693-3e9e-4e4b-9ed7-db886539dba5 HTTP/1.1" status: 204 len: 168 time: 0.3583531
2026-07-02 12:26:35.085 10 INFO neutron.plugins.ml2.plugin [None req-00b75a60-2626-4e3a-a359-aee758f7fd89 - - - - - -] Attempt 1 to provision port b25724d2-1037-4dd1-8c48-64eeb7fc7826
2026-07-02 12:26:35.158 9 INFO neutron.db.ovn_revision_numbers_db [None req-c1c51f75-f713-4718-a450-c54600fe9c35 baf4c63f58f54aa58086d13a52c2aa4d 1bc0bf804a034e8a8d62e222bcd4c6d6 - - - -] Successfully bumped revision number for resource d4097989-3a66-40a1-8d5a-e0b06100adf6 (type: security_groups) to 1
2026-07-02 12:26:35.188 10 INFO neutron.db.ovn_revision_numbers_db [None req-c5c21f0b-f355-44cb-a4cb-7b2feefdf486 - - - - - -] Successfully bumped revision number for resource b25724d2-1037-4dd1-8c48-64eeb7fc7826 (type: router_ports) to 4
2026-07-02 12:26:35.199 9 INFO neutron.wsgi [None req-c1c51f75-f713-4718-a450-c54600fe9c35 baf4c63f58f54aa58086d13a52c2aa4d 1bc0bf804a034e8a8d62e222bcd4c6d6 - - - -] 10.0.0.190 "POST /v2.0/security-groups HTTP/1.1" status: 201 len: 1795 time: 0.2540922
2026-07-02 12:26:35.248 10 INFO neutron.wsgi [None req-026929da-0ef5-41f3-a06e-ab985edb4ee4 8e1387bf4a2a45ed840e4e459e97bba4 822320370e2d4217aae5d32e0d0cf39b - - default default] 10.0.0.190 "GET /v2.0/ports HTTP/1.1" status: 200 len: 1718 time: 0.1734264
2026-07-02 12:26:35.253 10 INFO neutron.plugins.ml2.drivers.ovn.mech_driver.mech_driver [None req-00b75a60-2626-4e3a-a359-aee758f7fd89 - - - - - -] OVN reports status up for port: 92f50366-3d2d-49aa-a542-4f51736ddbf6
2026-07-02 12:26:35.277 10 INFO neutron.plugins.ml2.plugin [None req-00b75a60-2626-4e3a-a359-aee758f7fd89 - - - - - -] Attempt 1 to provision port 92f50366-3d2d-49aa-a542-4f51736ddbf6
2026-07-02 12:26:35.389 10 INFO neutron.db.segments_db [None req-e25b090b-e742-4d13-9e5e-a4ba56ea90c1 8e1387bf4a2a45ed840e4e459e97bba4 822320370e2d4217aae5d32e0d0cf39b - - - -] Added segment 468d9c71-1343-492c-b815-a490361e9237 of type geneve for network 61a7d276-5c34-4b5f-be09-97e63d3cb4d0
2026-07-02 12:26:35.410 9 INFO neutron.db.ovn_revision_numbers_db [None req-feda226e-f367-4f15-9bae-7a50a754dcb1 6db263e20f2f4a4d8c7c3cccc392bab2 1fef74b8a9b44b0db968d26c57cf8916 - - - -] Successfully bumped revision number for resource 5a5b2ffb-632f-4aa0-b3ae-85ac49ace69a (type: ports) to 2
2026-07-02 12:26:35.437 9 INFO neutron.db.ovn_revision_numbers_db [None req-feda226e-f367-4f15-9bae-7a50a754dcb1 6db263e20f2f4a4d8c7c3cccc392bab2 1fef74b8a9b44b0db968d26c57cf8916 - - - -] Successfully bumped revision number for resource 6824c79f-a40a-4d26-ae26-1860b23e9176 (type: subnets) to 0
2026-07-02 12:26:35.465 9 INFO neutron.wsgi [None req-feda226e-f367-4f15-9bae-7a50a754dcb1 6db263e20f2f4a4d8c7c3cccc392bab2 1fef74b8a9b44b0db968d26c57cf8916 - - - -] 10.0.0.190 "POST /v2.0/subnets HTTP/1.1" status: 201 len: 866 time: 0.9707725
2026-07-02 12:26:35.544 9 INFO neutron.services.segments.plugin [-] Segment 2fc56f62-53ec-4c26-9116-9471fa52304b resource provider aggregate not found
2026-07-02 12:26:35.550 9 INFO neutron.services.segments.plugin [-] Segment 2fc56f62-53ec-4c26-9116-9471fa52304b resource provider aggregate not found
2026-07-02 12:26:35.581 9 INFO neutron.services.segments.plugin [-] Segment 2fc56f62-53ec-4c26-9116-9471fa52304b resource provider not found; error: Placement Client Error (4xx): {"errors": [{"status": 404, "title": "Not Found", "detail": "The resource could not be found.\n\n No resource provider with uuid 2fc56f62-53ec-4c26-9116-9471fa52304b found for delete ", "request_id": "req-81f3bb48-faba-40e3-bf87-b32da0a015e1"}]}
2026-07-02 12:26:35.582 9 INFO neutron.services.segments.plugin [-] Segment 2fc56f62-53ec-4c26-9116-9471fa52304b resource provider not found; error: Placement Client Error (4xx): {"errors": [{"status": 404, "title": "Not Found", "detail": "The resource could not be found.\n\n No resource provider with uuid 2fc56f62-53ec-4c26-9116-9471fa52304b found for delete ", "request_id": "req-b8e4e6c1-dc72-42b7-9ed2-7d4bfc03a90e"}]}
2026-07-02 12:26:35.621 9 INFO neutron.wsgi [None req-94b4e95a-75dc-4e6f-9f81-b57d38a8723f 1558875e38fe411bb9e6e6bcc17aa099 a5836db100554b5b9174331266eecbec - - - -] 10.0.0.190 "DELETE /v2.0/networks/fd677ced-ee6f-4fd6-84a7-d953e0a2987e HTTP/1.1" status: 204 len: 168 time: 0.5670636
2026-07-02 12:26:35.654 9 WARNING neutron.plugins.ml2.drivers.ovn.mech_driver.ovsdb.ovn_client [None req-d91f5667-52ea-4e8c-a045-8ec8b7dc1fc0 - - - - - -] No port found with ID 287f4fa5-9d50-4b9a-8c60-31d21cef8451: RuntimeError: No port found with ID 287f4fa5-9d50-4b9a-8c60-31d21cef8451
2026-07-02 12:26:35.693 10 INFO neutron.db.ovn_revision_numbers_db [None req-fcc6a4d5-e07b-46b9-a693-62d822943fea baf4c63f58f54aa58086d13a52c2aa4d 1bc0bf804a034e8a8d62e222bcd4c6d6 - - - -] Successfully bumped revision number for resource fe80338e-466e-4cab-94f8-32938853e866 (type: security_group_rules) to 0
2026-07-02 12:26:35.760 10 INFO neutron.wsgi [None req-fcc6a4d5-e07b-46b9-a693-62d822943fea baf4c63f58f54aa58086d13a52c2aa4d 1bc0bf804a034e8a8d62e222bcd4c6d6 - - - -] 10.0.0.190 "POST /v2.0/security-group-rules HTTP/1.1" status: 201 len: 764 time: 0.5538585
2026-07-02 12:26:35.797 10 INFO neutron.db.segments_db [None req-2a9e0523-2ba5-46e1-b019-cb8031f43ec7 1558875e38fe411bb9e6e6bcc17aa099 a5836db100554b5b9174331266eecbec - - - -] Added segment 18932498-750e-45c8-b3d5-2a86c08c5a34 of type geneve for network f46781a9-8f76-4ad5-bd0d-f2e7acde2f63
2026-07-02 12:26:35.799 10 INFO neutron.db.ovn_revision_numbers_db [None req-e25b090b-e742-4d13-9e5e-a4ba56ea90c1 8e1387bf4a2a45ed840e4e459e97bba4 822320370e2d4217aae5d32e0d0cf39b - - - -] Successfully bumped revision number for resource 61a7d276-5c34-4b5f-be09-97e63d3cb4d0 (type: networks) to 1
2026-07-02 12:26:35.913 10 INFO neutron.db.ovn_revision_numbers_db [None req-00b75a60-2626-4e3a-a359-aee758f7fd89 - - - - - -] Successfully bumped revision number for resource 92f50366-3d2d-49aa-a542-4f51736ddbf6 (type: ports) to 3
2026-07-02 12:26:35.932 9 INFO neutron.db.ovn_revision_numbers_db [None req-5c846093-77a9-4984-830d-483a532ec478 baf4c63f58f54aa58086d13a52c2aa4d 1bc0bf804a034e8a8d62e222bcd4c6d6 - - - -] Successfully bumped revision number for resource 47dae080-ffc1-4025-be71-91b8d76d8a6e (type: security_group_rules) to 0
2026-07-02 12:26:35.966 9 INFO neutron.wsgi [None req-5c846093-77a9-4984-830d-483a532ec478 baf4c63f58f54aa58086d13a52c2aa4d 1bc0bf804a034e8a8d62e222bcd4c6d6 - - - -] 10.0.0.190 "POST /v2.0/security-group-rules HTTP/1.1" status: 201 len: 769 time: 0.1961164
2026-07-02 12:26:36.038 10 INFO neutron.db.ovn_revision_numbers_db [None req-2a9e0523-2ba5-46e1-b019-cb8031f43ec7 1558875e38fe411bb9e6e6bcc17aa099 a5836db100554b5b9174331266eecbec - - - -] Successfully bumped revision number for resource f46781a9-8f76-4ad5-bd0d-f2e7acde2f63 (type: networks) to 1
2026-07-02 12:26:36.097 9 WARNING neutron.scheduler.dhcp_agent_scheduler [None req-6d54a188-8e8f-4150-9404-d5a624a5a66e 6db263e20f2f4a4d8c7c3cccc392bab2 1fef74b8a9b44b0db968d26c57cf8916 - - - -] No more DHCP agents
2026-07-02 12:26:36.100 9 WARNING neutron.api.rpc.agentnotifiers.dhcp_rpc_agent_api [None req-6d54a188-8e8f-4150-9404-d5a624a5a66e 6db263e20f2f4a4d8c7c3cccc392bab2 1fef74b8a9b44b0db968d26c57cf8916 - - - -] Unable to schedule network abd5729e-a23e-4d97-85a2-2dec0b36b810: no agents available; will retry on subsequent port and subnet creation events.
2026-07-02 12:26:36.180 10 WARNING neutron.scheduler.dhcp_agent_scheduler [None req-e25b090b-e742-4d13-9e5e-a4ba56ea90c1 8e1387bf4a2a45ed840e4e459e97bba4 822320370e2d4217aae5d32e0d0cf39b - - - -] No more DHCP agents
2026-07-02 12:26:36.183 10 INFO neutron.db.ovn_revision_numbers_db [None req-00b75a60-2626-4e3a-a359-aee758f7fd89 - - - - - -] Successfully bumped revision number for resource 92f50366-3d2d-49aa-a542-4f51736ddbf6 (type: router_ports) to 3
2026-07-02 12:26:36.186 10 WARNING neutron.api.rpc.agentnotifiers.dhcp_rpc_agent_api [None req-e25b090b-e742-4d13-9e5e-a4ba56ea90c1 8e1387bf4a2a45ed840e4e459e97bba4 822320370e2d4217aae5d32e0d0cf39b - - - -] Unable to schedule network 61a7d276-5c34-4b5f-be09-97e63d3cb4d0: no agents available; will retry on subsequent port and subnet creation events.
2026-07-02 12:26:36.281 9 INFO neutron.db.ovn_revision_numbers_db [None req-6d54a188-8e8f-4150-9404-d5a624a5a66e 6db263e20f2f4a4d8c7c3cccc392bab2 1fef74b8a9b44b0db968d26c57cf8916 - - - -] Successfully bumped revision number for resource 02ec5368-50a9-47c7-ba9a-6673bdb17053 (type: ports) to 1
2026-07-02 12:26:36.331 10 INFO neutron.db.ovn_revision_numbers_db [None req-e25b090b-e742-4d13-9e5e-a4ba56ea90c1 8e1387bf4a2a45ed840e4e459e97bba4 822320370e2d4217aae5d32e0d0cf39b - - - -] Successfully bumped revision number for resource 9c99668a-b39e-430e-aa5e-4a95d12445f2 (type: ports) to 1
2026-07-02 12:26:36.336 9 WARNING neutron.scheduler.dhcp_agent_scheduler [None req-979a044b-fb95-457a-9d89-0962d4a072a7 baf4c63f58f54aa58086d13a52c2aa4d 1bc0bf804a034e8a8d62e222bcd4c6d6 - - - -] No more DHCP agents
2026-07-02 12:26:36.340 9 WARNING neutron.api.rpc.agentnotifiers.dhcp_rpc_agent_api [None req-979a044b-fb95-457a-9d89-0962d4a072a7 baf4c63f58f54aa58086d13a52c2aa4d 1bc0bf804a034e8a8d62e222bcd4c6d6 - - - -] Unable to schedule network abd5729e-a23e-4d97-85a2-2dec0b36b810: no agents available; will retry on subsequent port and subnet creation events.
2026-07-02 12:26:36.364 10 WARNING neutron.scheduler.dhcp_agent_scheduler [None req-2a9e0523-2ba5-46e1-b019-cb8031f43ec7 1558875e38fe411bb9e6e6bcc17aa099 a5836db100554b5b9174331266eecbec - - - -] No more DHCP agents
2026-07-02 12:26:36.367 10 INFO neutron.wsgi [None req-e25b090b-e742-4d13-9e5e-a4ba56ea90c1 8e1387bf4a2a45ed840e4e459e97bba4 822320370e2d4217aae5d32e0d0cf39b - - - -] 10.0.0.190 "POST /v2.0/networks HTTP/1.1" status: 201 len: 852 time: 1.1082833
2026-07-02 12:26:36.369 10 WARNING neutron.api.rpc.agentnotifiers.dhcp_rpc_agent_api [None req-2a9e0523-2ba5-46e1-b019-cb8031f43ec7 1558875e38fe411bb9e6e6bcc17aa099 a5836db100554b5b9174331266eecbec - - - -] Unable to schedule network f46781a9-8f76-4ad5-bd0d-f2e7acde2f63: no agents available; will retry on subsequent port and subnet creation events.
2026-07-02 12:26:36.451 10 INFO neutron.db.ovn_revision_numbers_db [None req-2a9e0523-2ba5-46e1-b019-cb8031f43ec7 1558875e38fe411bb9e6e6bcc17aa099 a5836db100554b5b9174331266eecbec - - - -] Successfully bumped revision number for resource 28a3375e-ea13-4c83-a97e-7492d84c73d8 (type: ports) to 1
2026-07-02 12:26:36.475 10 INFO neutron.wsgi [None req-2a9e0523-2ba5-46e1-b019-cb8031f43ec7 1558875e38fe411bb9e6e6bcc17aa099 a5836db100554b5b9174331266eecbec - - - -] 10.0.0.190 "POST /v2.0/networks HTTP/1.1" status: 201 len: 833 time: 0.8443456
2026-07-02 12:26:36.488 10 INFO neutron.db.segments_db [None req-6de13784-c544-4d95-891f-8cc5ab19f2e8 8e1387bf4a2a45ed840e4e459e97bba4 822320370e2d4217aae5d32e0d0cf39b - - - -] Added segment 9ade6fa4-0e27-4633-878d-13e259b7a587 of type geneve for network 774de6c0-c20b-45eb-9b8f-e422739c7524
2026-07-02 12:26:36.644 10 INFO neutron.db.ovn_revision_numbers_db [None req-6de13784-c544-4d95-891f-8cc5ab19f2e8 8e1387bf4a2a45ed840e4e459e97bba4 822320370e2d4217aae5d32e0d0cf39b - - - -] Successfully bumped revision number for resource 774de6c0-c20b-45eb-9b8f-e422739c7524 (type: networks) to 1
2026-07-02 12:26:36.826 10 WARNING neutron.scheduler.dhcp_agent_scheduler [None req-8150bd82-a15e-4ba7-8732-83a57565cb80 1558875e38fe411bb9e6e6bcc17aa099 a5836db100554b5b9174331266eecbec - - - -] No more DHCP agents
2026-07-02 12:26:36.829 10 WARNING neutron.api.rpc.agentnotifiers.dhcp_rpc_agent_api [None req-8150bd82-a15e-4ba7-8732-83a57565cb80 1558875e38fe411bb9e6e6bcc17aa099 a5836db100554b5b9174331266eecbec - - - -] Unable to schedule network f46781a9-8f76-4ad5-bd0d-f2e7acde2f63: no agents available; will retry on subsequent port and subnet creation events.
2026-07-02 12:26:36.847 10 INFO neutron.db.ovn_revision_numbers_db [None req-8150bd82-a15e-4ba7-8732-83a57565cb80 1558875e38fe411bb9e6e6bcc17aa099 a5836db100554b5b9174331266eecbec - - - -] Successfully bumped revision number for resource c1a4ac4f-4ec2-4056-bac2-29e518fa6076 (type: subnets) to 0
2026-07-02 12:26:36.870 10 WARNING neutron.scheduler.dhcp_agent_scheduler [None req-6de13784-c544-4d95-891f-8cc5ab19f2e8 8e1387bf4a2a45ed840e4e459e97bba4 822320370e2d4217aae5d32e0d0cf39b - - - -] No more DHCP agents
2026-07-02 12:26:36.874 10 INFO neutron.wsgi [None req-8150bd82-a15e-4ba7-8732-83a57565cb80 1558875e38fe411bb9e6e6bcc17aa099 a5836db100554b5b9174331266eecbec - - - -] 10.0.0.190 "POST /v2.0/subnets HTTP/1.1" status: 201 len: 821 time: 0.3922393
2026-07-02 12:26:36.875 10 WARNING neutron.api.rpc.agentnotifiers.dhcp_rpc_agent_api [None req-6de13784-c544-4d95-891f-8cc5ab19f2e8 8e1387bf4a2a45ed840e4e459e97bba4 822320370e2d4217aae5d32e0d0cf39b - - - -] Unable to schedule network 774de6c0-c20b-45eb-9b8f-e422739c7524: no agents available; will retry on subsequent port and subnet creation events.
2026-07-02 12:26:36.977 10 INFO neutron.db.ovn_revision_numbers_db [None req-6de13784-c544-4d95-891f-8cc5ab19f2e8 8e1387bf4a2a45ed840e4e459e97bba4 822320370e2d4217aae5d32e0d0cf39b - - - -] Successfully bumped revision number for resource 2a99e3e6-6c5b-424e-a29a-2c6aa1c62a96 (type: ports) to 1
2026-07-02 12:26:36.995 9 INFO neutron.db.ovn_revision_numbers_db [None req-979a044b-fb95-457a-9d89-0962d4a072a7 baf4c63f58f54aa58086d13a52c2aa4d 1bc0bf804a034e8a8d62e222bcd4c6d6 - - - -] Successfully bumped revision number for resource 9fe47b18-a72c-43cd-b4f5-cc3598b9aaa6 (type: floatingips) to 0
2026-07-02 12:26:37.022 10 INFO neutron.wsgi [None req-6de13784-c544-4d95-891f-8cc5ab19f2e8 8e1387bf4a2a45ed840e4e459e97bba4 822320370e2d4217aae5d32e0d0cf39b - - - -] 10.0.0.190 "POST /v2.0/networks HTTP/1.1" status: 201 len: 852 time: 0.6478524
2026-07-02 12:26:37.027 9 INFO neutron.wsgi [None req-979a044b-fb95-457a-9d89-0962d4a072a7 baf4c63f58f54aa58086d13a52c2aa4d 1bc0bf804a034e8a8d62e222bcd4c6d6 - - - -] 10.0.0.190 "POST /v2.0/floatingips HTTP/1.1" status: 201 len: 751 time: 1.0552499
2026-07-02 12:26:37.135 10 INFO neutron.db.ovn_revision_numbers_db [None req-69e75d26-4ab3-4bd6-a9da-497ee7b64a38 1558875e38fe411bb9e6e6bcc17aa099 a5836db100554b5b9174331266eecbec - - - -] Successfully bumped revision number for resource 6b34b5f3-003b-44a9-a5c1-ff5332d6b00f (type: routers) to 1
