2026-07-02 12:28:41.005 9 WARNING neutron.scheduler.dhcp_agent_scheduler [None req-bce8c9d2-6ba3-4ffd-88fe-c263b5a72efb fa2b63d4029641f89bed23466d74f693 939d91db3d0d4b9badc1c46a41bb8796 - - - -] No more DHCP agents
2026-07-02 12:28:41.007 9 WARNING neutron.api.rpc.agentnotifiers.dhcp_rpc_agent_api [None req-bce8c9d2-6ba3-4ffd-88fe-c263b5a72efb fa2b63d4029641f89bed23466d74f693 939d91db3d0d4b9badc1c46a41bb8796 - - - -] Unable to schedule network 4fb1a9dd-9346-4cbd-ad38-2a83c08a1012: no agents available; will retry on subsequent port and subnet creation events.
2026-07-02 12:28:41.082 9 INFO neutron.db.ovn_revision_numbers_db [None req-bce8c9d2-6ba3-4ffd-88fe-c263b5a72efb fa2b63d4029641f89bed23466d74f693 939d91db3d0d4b9badc1c46a41bb8796 - - - -] Successfully bumped revision number for resource 516587ae-ed18-4663-b95c-c8a576c15dcf (type: ports) to 1
2026-07-02 12:28:41.085 9 INFO neutron.wsgi [None req-d1d419f4-f4c3-4c16-a8d5-f4bdc06df5b2 6db263e20f2f4a4d8c7c3cccc392bab2 1fef74b8a9b44b0db968d26c57cf8916 - - default default] 10.0.0.190 "GET /v2.0/security-groups?tenant_id=aa61539c555d4937949fe869e81c12c0&name=default HTTP/1.1" status: 200 len: 2996 time: 0.0300512
2026-07-02 12:28:41.105 9 INFO neutron.wsgi [None req-bce8c9d2-6ba3-4ffd-88fe-c263b5a72efb fa2b63d4029641f89bed23466d74f693 939d91db3d0d4b9badc1c46a41bb8796 - - - -] 10.0.0.190 "POST /v2.0/networks HTTP/1.1" status: 201 len: 830 time: 0.4786742
2026-07-02 12:28:41.373 10 INFO neutron.wsgi [None req-35d22e9d-dbfe-4d9b-8300-61f87f7f8681 6db263e20f2f4a4d8c7c3cccc392bab2 1fef74b8a9b44b0db968d26c57cf8916 - - - -] 10.0.0.190 "DELETE /v2.0/security-groups/abc83f0c-26f7-4eb9-bb49-a113dd92b9ad HTTP/1.1" status: 204 len: 168 time: 0.2814033
2026-07-02 12:28:41.377 10 WARNING neutron.scheduler.dhcp_agent_scheduler [None req-6c194da4-5bb8-4546-bdda-0416aa878207 fa2b63d4029641f89bed23466d74f693 939d91db3d0d4b9badc1c46a41bb8796 - - - -] No more DHCP agents
2026-07-02 12:28:41.380 10 WARNING neutron.api.rpc.agentnotifiers.dhcp_rpc_agent_api [None req-6c194da4-5bb8-4546-bdda-0416aa878207 fa2b63d4029641f89bed23466d74f693 939d91db3d0d4b9badc1c46a41bb8796 - - - -] Unable to schedule network 4fb1a9dd-9346-4cbd-ad38-2a83c08a1012: no agents available; will retry on subsequent port and subnet creation events.
2026-07-02 12:28:41.409 9 INFO neutron.services.segments.plugin [-] Segment 6ae4e763-30c0-45e7-9caa-208d35277b01 resource provider aggregate not found
2026-07-02 12:28:41.414 9 INFO neutron.services.segments.plugin [-] Segment 6ae4e763-30c0-45e7-9caa-208d35277b01 resource provider aggregate not found
2026-07-02 12:28:41.431 9 INFO neutron.services.segments.plugin [-] Segment 6ae4e763-30c0-45e7-9caa-208d35277b01 resource provider not found; error: Placement Client Error (4xx): {"errors": [{"status": 404, "title": "Not Found", "detail": "The resource could not be found.\n\n No resource provider with uuid 6ae4e763-30c0-45e7-9caa-208d35277b01 found for delete ", "request_id": "req-cc2c3816-689d-44c6-bfa9-f81acbe3be5d"}]}
2026-07-02 12:28:41.432 9 INFO neutron.services.segments.plugin [-] Segment 6ae4e763-30c0-45e7-9caa-208d35277b01 resource provider not found; error: Placement Client Error (4xx): {"errors": [{"status": 404, "title": "Not Found", "detail": "The resource could not be found.\n\n No resource provider with uuid 6ae4e763-30c0-45e7-9caa-208d35277b01 found for delete ", "request_id": "req-e453e365-fcba-4858-8d1c-686327e8784d"}]}
2026-07-02 12:28:41.449 10 INFO neutron.db.ovn_revision_numbers_db [None req-6c194da4-5bb8-4546-bdda-0416aa878207 fa2b63d4029641f89bed23466d74f693 939d91db3d0d4b9badc1c46a41bb8796 - - - -] Successfully bumped revision number for resource 6492c348-93b7-4826-8d27-797c5c8845d0 (type: ports) to 1
2026-07-02 12:28:41.472 10 INFO neutron.wsgi [None req-6c194da4-5bb8-4546-bdda-0416aa878207 fa2b63d4029641f89bed23466d74f693 939d91db3d0d4b9badc1c46a41bb8796 - - - -] 10.0.0.190 "POST /v2.0/ports HTTP/1.1" status: 201 len: 942 time: 0.3553479 /var/lib/openstack/lib/python3.10/site-packages/pycadf/identifier.py:71: UserWarning: Invalid uuid: neutron. To ensure interoperability, identifiers should be a valid uuid. warnings.warn(('Invalid uuid: %s. To ensure interoperability, '
2026-07-02 12:28:41.608 10 INFO neutron.db.ovn_revision_numbers_db [None req-96b1c507-1015-4d72-bf56-131510983c54 6db263e20f2f4a4d8c7c3cccc392bab2 1fef74b8a9b44b0db968d26c57cf8916 - - default default] Successfully bumped revision number for resource 4ba5992b-ddb8-4d97-a44e-1ce0b56a5134 (type: security_groups) to 1
2026-07-02 12:28:41.646 10 INFO neutron.wsgi [None req-96b1c507-1015-4d72-bf56-131510983c54 6db263e20f2f4a4d8c7c3cccc392bab2 1fef74b8a9b44b0db968d26c57cf8916 - - default default] 10.0.0.190 "GET /v2.0/security-groups?tenant_id=d956a0f8a45b406f9c8b459e7c7c5ee9&name=default HTTP/1.1" status: 200 len: 2996 time: 0.1608727
2026-07-02 12:28:41.755 10 INFO neutron.wsgi [None req-a05c97c6-84bd-445a-8f23-a41798ff7863 fa2b63d4029641f89bed23466d74f693 939d91db3d0d4b9badc1c46a41bb8796 - - - -] 10.0.0.190 "POST /v2.0/trunks HTTP/1.1" status: 201 len: 608 time: 0.2781150
2026-07-02 12:28:41.840 10 INFO neutron.db.segments_db [None req-ff2119b7-3aa1-4419-9155-689908ea6e04 fa2b63d4029641f89bed23466d74f693 939d91db3d0d4b9badc1c46a41bb8796 - - - -] Added segment a54e25ed-6920-453e-a067-beb163c4759a of type geneve for network 6d04b329-a201-4eed-97e0-38c5636684bc
2026-07-02 12:28:41.886 9 INFO neutron.wsgi [None req-8d499708-ce93-4804-9411-4d74062e84da 6db263e20f2f4a4d8c7c3cccc392bab2 1fef74b8a9b44b0db968d26c57cf8916 - - - -] 10.0.0.190 "DELETE /v2.0/security-groups/4ba5992b-ddb8-4d97-a44e-1ce0b56a5134 HTTP/1.1" status: 204 len: 168 time: 0.2328792
2026-07-02 12:28:42.242 10 INFO neutron.db.ovn_revision_numbers_db [None req-ff2119b7-3aa1-4419-9155-689908ea6e04 fa2b63d4029641f89bed23466d74f693 939d91db3d0d4b9badc1c46a41bb8796 - - - -] Successfully bumped revision number for resource 6d04b329-a201-4eed-97e0-38c5636684bc (type: networks) to 1
2026-07-02 12:28:42.435 10 WARNING neutron.scheduler.dhcp_agent_scheduler [None req-ff2119b7-3aa1-4419-9155-689908ea6e04 fa2b63d4029641f89bed23466d74f693 939d91db3d0d4b9badc1c46a41bb8796 - - - -] No more DHCP agents
2026-07-02 12:28:42.444 10 WARNING neutron.api.rpc.agentnotifiers.dhcp_rpc_agent_api [None req-ff2119b7-3aa1-4419-9155-689908ea6e04 fa2b63d4029641f89bed23466d74f693 939d91db3d0d4b9badc1c46a41bb8796 - - - -] Unable to schedule network 6d04b329-a201-4eed-97e0-38c5636684bc: no agents available; will retry on subsequent port and subnet creation events.
2026-07-02 12:28:42.501 10 INFO neutron.db.ovn_revision_numbers_db [None req-ff2119b7-3aa1-4419-9155-689908ea6e04 fa2b63d4029641f89bed23466d74f693 939d91db3d0d4b9badc1c46a41bb8796 - - - -] Successfully bumped revision number for resource e82c0e61-d000-43de-bc58-4be7ce5816e6 (type: ports) to 1
2026-07-02 12:28:42.521 10 INFO neutron.wsgi [None req-ff2119b7-3aa1-4419-9155-689908ea6e04 fa2b63d4029641f89bed23466d74f693 939d91db3d0d4b9badc1c46a41bb8796 - - - -] 10.0.0.190 "POST /v2.0/networks HTTP/1.1" status: 201 len: 830 time: 0.7609849
2026-07-02 12:28:42.751 10 WARNING neutron.scheduler.dhcp_agent_scheduler [None req-15fac6ff-b236-4a5c-8fbc-1f79a27f24a5 fa2b63d4029641f89bed23466d74f693 939d91db3d0d4b9badc1c46a41bb8796 - - - -] No more DHCP agents
2026-07-02 12:28:42.755 10 WARNING neutron.api.rpc.agentnotifiers.dhcp_rpc_agent_api [None req-15fac6ff-b236-4a5c-8fbc-1f79a27f24a5 fa2b63d4029641f89bed23466d74f693 939d91db3d0d4b9badc1c46a41bb8796 - - - -] Unable to schedule network 6d04b329-a201-4eed-97e0-38c5636684bc: no agents available; will retry on subsequent port and subnet creation events.
2026-07-02 12:28:42.831 10 INFO neutron.db.ovn_revision_numbers_db [None req-15fac6ff-b236-4a5c-8fbc-1f79a27f24a5 fa2b63d4029641f89bed23466d74f693 939d91db3d0d4b9badc1c46a41bb8796 - - - -] Successfully bumped revision number for resource 1ef526bc-5cbb-46f4-826a-badf38cdc2ee (type: ports) to 1
2026-07-02 12:28:42.852 10 INFO neutron.wsgi [None req-15fac6ff-b236-4a5c-8fbc-1f79a27f24a5 fa2b63d4029641f89bed23466d74f693 939d91db3d0d4b9badc1c46a41bb8796 - - - -] 10.0.0.190 "POST /v2.0/ports HTTP/1.1" status: 201 len: 942 time: 0.3237383 /var/lib/openstack/lib/python3.10/site-packages/pycadf/identifier.py:71: UserWarning: Invalid uuid: neutron. To ensure interoperability, identifiers should be a valid uuid. warnings.warn(('Invalid uuid: %s. To ensure interoperability, '
2026-07-02 12:28:43.095 10 INFO neutron.wsgi [None req-7b32134c-505d-4f31-ba82-3784a3e2ee20 fa2b63d4029641f89bed23466d74f693 939d91db3d0d4b9badc1c46a41bb8796 - - - -] 10.0.0.190 "POST /v2.0/trunks HTTP/1.1" status: 201 len: 608 time: 0.2362449
2026-07-02 12:28:43.217 10 INFO neutron.db.segments_db [None req-6950ef65-b929-48e9-9264-2ec754e44ef0 fa2b63d4029641f89bed23466d74f693 939d91db3d0d4b9badc1c46a41bb8796 - - - -] Added segment 059a0573-9da6-4507-acf7-3daa37e372e8 of type geneve for network fd5bd802-3da4-477c-8b04-908c4b710140
2026-07-02 12:28:43.229 9 INFO neutron.db.ovn_revision_numbers_db [None req-f7441b9e-5f99-4fe5-9356-844313499c9c 6db263e20f2f4a4d8c7c3cccc392bab2 1fef74b8a9b44b0db968d26c57cf8916 - - default default] Successfully bumped revision number for resource b84b7f3e-a55e-4f65-94b4-729448fb1b4c (type: security_groups) to 1
2026-07-02 12:28:43.259 9 INFO neutron.wsgi [None req-f7441b9e-5f99-4fe5-9356-844313499c9c 6db263e20f2f4a4d8c7c3cccc392bab2 1fef74b8a9b44b0db968d26c57cf8916 - - default default] 10.0.0.190 "GET /v2.0/security-groups?tenant_id=13b8c21912604ed690c6ce3b6068f982&name=default HTTP/1.1" status: 200 len: 2996 time: 0.3926663
2026-07-02 12:28:43.368 10 INFO neutron.db.ovn_revision_numbers_db [None req-6950ef65-b929-48e9-9264-2ec754e44ef0 fa2b63d4029641f89bed23466d74f693 939d91db3d0d4b9badc1c46a41bb8796 - - - -] Successfully bumped revision number for resource fd5bd802-3da4-477c-8b04-908c4b710140 (type: networks) to 1
2026-07-02 12:28:43.442 9 INFO neutron.wsgi [None req-08dcf185-f80d-4d35-b315-fd04a382cd15 6db263e20f2f4a4d8c7c3cccc392bab2 1fef74b8a9b44b0db968d26c57cf8916 - - - -] 10.0.0.190 "DELETE /v2.0/security-groups/b84b7f3e-a55e-4f65-94b4-729448fb1b4c HTTP/1.1" status: 204 len: 168 time: 0.1783705
2026-07-02 12:28:43.558 10 INFO neutron.db.ovn_revision_numbers_db [None req-64b16f4c-ddc6-4148-8801-160f1f42a154 6db263e20f2f4a4d8c7c3cccc392bab2 1fef74b8a9b44b0db968d26c57cf8916 - - default default] Successfully bumped revision number for resource 24bd1330-e391-4a10-8186-b17262a6934e (type: security_groups) to 1
2026-07-02 12:28:43.598 10 INFO neutron.wsgi [None req-64b16f4c-ddc6-4148-8801-160f1f42a154 6db263e20f2f4a4d8c7c3cccc392bab2 1fef74b8a9b44b0db968d26c57cf8916 - - default default] 10.0.0.190 "GET /v2.0/security-groups?tenant_id=180f8577cc154e3a89c0ba44bced8087&name=default HTTP/1.1" status: 200 len: 2996 time: 0.3488803
2026-07-02 12:28:43.610 10 WARNING neutron.scheduler.dhcp_agent_scheduler [None req-6950ef65-b929-48e9-9264-2ec754e44ef0 fa2b63d4029641f89bed23466d74f693 939d91db3d0d4b9badc1c46a41bb8796 - - - -] No more DHCP agents
2026-07-02 12:28:43.612 10 WARNING neutron.api.rpc.agentnotifiers.dhcp_rpc_agent_api [None req-6950ef65-b929-48e9-9264-2ec754e44ef0 fa2b63d4029641f89bed23466d74f693 939d91db3d0d4b9badc1c46a41bb8796 - - - -] Unable to schedule network fd5bd802-3da4-477c-8b04-908c4b710140: no agents available; will retry on subsequent port and subnet creation events.
2026-07-02 12:28:43.675 10 INFO neutron.db.ovn_revision_numbers_db [None req-6950ef65-b929-48e9-9264-2ec754e44ef0 fa2b63d4029641f89bed23466d74f693 939d91db3d0d4b9badc1c46a41bb8796 - - - -] Successfully bumped revision number for resource 42be553c-4cf0-4a49-927b-89a4ce063492 (type: ports) to 1
2026-07-02 12:28:43.684 9 INFO neutron.db.ovn_revision_numbers_db [None req-24507fa7-0206-49cb-8569-031131937149 6db263e20f2f4a4d8c7c3cccc392bab2 1fef74b8a9b44b0db968d26c57cf8916 - - default default] Successfully bumped revision number for resource d29b999c-9ad4-4c45-87da-e1bd86c64821 (type: security_groups) to 1
2026-07-02 12:28:43.697 10 INFO neutron.wsgi [None req-6950ef65-b929-48e9-9264-2ec754e44ef0 fa2b63d4029641f89bed23466d74f693 939d91db3d0d4b9badc1c46a41bb8796 - - - -] 10.0.0.190 "POST /v2.0/networks HTTP/1.1" status: 201 len: 831 time: 0.5961983
2026-07-02 12:28:43.707 9 INFO neutron.wsgi [None req-24507fa7-0206-49cb-8569-031131937149 6db263e20f2f4a4d8c7c3cccc392bab2 1fef74b8a9b44b0db968d26c57cf8916 - - default default] 10.0.0.190 "GET /v2.0/security-groups?tenant_id=a012d9eccf954383b5dd7ca65f56503e&name=default HTTP/1.1" status: 200 len: 2996 time: 0.1328597
2026-07-02 12:28:43.819 9 INFO neutron.wsgi [None req-d6627022-0ab2-4ff4-95a9-c380c76db1c3 6db263e20f2f4a4d8c7c3cccc392bab2 1fef74b8a9b44b0db968d26c57cf8916 - - - -] 10.0.0.190 "DELETE /v2.0/security-groups/24bd1330-e391-4a10-8186-b17262a6934e HTTP/1.1" status: 204 len: 168 time: 0.2149158
2026-07-02 12:28:43.894 9 INFO neutron.wsgi [None req-7da838e5-5a75-4340-bbd8-7d6c7d5d492b 6db263e20f2f4a4d8c7c3cccc392bab2 1fef74b8a9b44b0db968d26c57cf8916 - - - -] 10.0.0.190 "DELETE /v2.0/security-groups/d29b999c-9ad4-4c45-87da-e1bd86c64821 HTTP/1.1" status: 204 len: 168 time: 0.1827199
2026-07-02 12:28:43.953 10 WARNING neutron.scheduler.dhcp_agent_scheduler [None req-84b88222-9c0e-4102-8cf6-5e6d26cab6b1 fa2b63d4029641f89bed23466d74f693 939d91db3d0d4b9badc1c46a41bb8796 - - - -] No more DHCP agents
2026-07-02 12:28:43.955 10 WARNING neutron.api.rpc.agentnotifiers.dhcp_rpc_agent_api [None req-84b88222-9c0e-4102-8cf6-5e6d26cab6b1 fa2b63d4029641f89bed23466d74f693 939d91db3d0d4b9badc1c46a41bb8796 - - - -] Unable to schedule network fd5bd802-3da4-477c-8b04-908c4b710140: no agents available; will retry on subsequent port and subnet creation events.
2026-07-02 12:28:44.023 10 INFO neutron.db.ovn_revision_numbers_db [None req-84b88222-9c0e-4102-8cf6-5e6d26cab6b1 fa2b63d4029641f89bed23466d74f693 939d91db3d0d4b9badc1c46a41bb8796 - - - -] Successfully bumped revision number for resource cbd971c0-ac3d-4a2e-b5b6-7d5c2d009672 (type: ports) to 1
2026-07-02 12:28:44.045 9 INFO neutron.db.ovn_revision_numbers_db [None req-c89ab9be-0a9b-4486-963f-002f638e01c8 6db263e20f2f4a4d8c7c3cccc392bab2 1fef74b8a9b44b0db968d26c57cf8916 - - default default] Successfully bumped revision number for resource f3d7761f-b437-4fd5-ad90-f3098038aa29 (type: security_groups) to 1
2026-07-02 12:28:44.047 10 INFO neutron.wsgi [None req-84b88222-9c0e-4102-8cf6-5e6d26cab6b1 fa2b63d4029641f89bed23466d74f693 939d91db3d0d4b9badc1c46a41bb8796 - - - -] 10.0.0.190 "POST /v2.0/ports HTTP/1.1" status: 201 len: 942 time: 0.3442268 /var/lib/openstack/lib/python3.10/site-packages/pycadf/identifier.py:71: UserWarning: Invalid uuid: neutron. To ensure interoperability, identifiers should be a valid uuid. warnings.warn(('Invalid uuid: %s. To ensure interoperability, '
2026-07-02 12:28:44.067 9 INFO neutron.wsgi [None req-c89ab9be-0a9b-4486-963f-002f638e01c8 6db263e20f2f4a4d8c7c3cccc392bab2 1fef74b8a9b44b0db968d26c57cf8916 - - default default] 10.0.0.190 "GET /v2.0/security-groups?tenant_id=3229c6bf6f0240a9a162e4638c2fe52f&name=default HTTP/1.1" status: 200 len: 2996 time: 0.1181908
2026-07-02 12:28:44.267 9 INFO neutron.wsgi [None req-5dc0ca67-4e55-452c-9ebb-31e8aef1a775 6db263e20f2f4a4d8c7c3cccc392bab2 1fef74b8a9b44b0db968d26c57cf8916 - - - -] 10.0.0.190 "DELETE /v2.0/security-groups/f3d7761f-b437-4fd5-ad90-f3098038aa29 HTTP/1.1" status: 204 len: 168 time: 0.1935992
2026-07-02 12:28:44.278 10 INFO neutron.wsgi [None req-cbde6bea-7c30-47be-b480-0a64e37c1426 fa2b63d4029641f89bed23466d74f693 939d91db3d0d4b9badc1c46a41bb8796 - - - -] 10.0.0.190 "POST /v2.0/trunks HTTP/1.1" status: 201 len: 608 time: 0.2238181
2026-07-02 12:28:44.349 9 INFO neutron.db.segments_db [None req-1ff92e0f-01b3-4a07-9f29-0b2226230a0c fa2b63d4029641f89bed23466d74f693 939d91db3d0d4b9badc1c46a41bb8796 - - - -] Added segment 9558a5ec-65f4-4130-9b96-24de25a52822 of type geneve for network 83b2f8db-057d-4c38-a2b1-9cba9a82bbe3
2026-07-02 12:28:44.454 9 INFO neutron.db.ovn_revision_numbers_db [None req-1ff92e0f-01b3-4a07-9f29-0b2226230a0c fa2b63d4029641f89bed23466d74f693 939d91db3d0d4b9badc1c46a41bb8796 - - - -] Successfully bumped revision number for resource 83b2f8db-057d-4c38-a2b1-9cba9a82bbe3 (type: networks) to 1
2026-07-02 12:28:44.640 9 WARNING neutron.scheduler.dhcp_agent_scheduler [None req-1ff92e0f-01b3-4a07-9f29-0b2226230a0c fa2b63d4029641f89bed23466d74f693 939d91db3d0d4b9badc1c46a41bb8796 - - - -] No more DHCP agents
2026-07-02 12:28:44.642 9 WARNING neutron.api.rpc.agentnotifiers.dhcp_rpc_agent_api [None req-1ff92e0f-01b3-4a07-9f29-0b2226230a0c fa2b63d4029641f89bed23466d74f693 939d91db3d0d4b9badc1c46a41bb8796 - - - -] Unable to schedule network 83b2f8db-057d-4c38-a2b1-9cba9a82bbe3: no agents available; will retry on subsequent port and subnet creation events.
2026-07-02 12:28:44.709 9 INFO neutron.db.ovn_revision_numbers_db [None req-1ff92e0f-01b3-4a07-9f29-0b2226230a0c fa2b63d4029641f89bed23466d74f693 939d91db3d0d4b9badc1c46a41bb8796 - - - -] Successfully bumped revision number for resource 04b18dd2-cd37-4d4a-9db7-19a93460bcb6 (type: ports) to 1
2026-07-02 12:28:44.733 9 INFO neutron.wsgi [None req-1ff92e0f-01b3-4a07-9f29-0b2226230a0c fa2b63d4029641f89bed23466d74f693 939d91db3d0d4b9badc1c46a41bb8796 - - - -] 10.0.0.190 "POST /v2.0/networks HTTP/1.1" status: 201 len: 830 time: 0.4501708
2026-07-02 12:28:44.973 9 WARNING neutron.scheduler.dhcp_agent_scheduler [None req-e6f7b0e1-dc77-4053-9e39-3824fc08ef69 fa2b63d4029641f89bed23466d74f693 939d91db3d0d4b9badc1c46a41bb8796 - - - -] No more DHCP agents
2026-07-02 12:28:44.975 9 WARNING neutron.api.rpc.agentnotifiers.dhcp_rpc_agent_api [None req-e6f7b0e1-dc77-4053-9e39-3824fc08ef69 fa2b63d4029641f89bed23466d74f693 939d91db3d0d4b9badc1c46a41bb8796 - - - -] Unable to schedule network 83b2f8db-057d-4c38-a2b1-9cba9a82bbe3: no agents available; will retry on subsequent port and subnet creation events.
2026-07-02 12:28:45.041 9 INFO neutron.db.ovn_revision_numbers_db [None req-e6f7b0e1-dc77-4053-9e39-3824fc08ef69 fa2b63d4029641f89bed23466d74f693 939d91db3d0d4b9badc1c46a41bb8796 - - - -] Successfully bumped revision number for resource 807cc862-54a9-4575-b34a-6930ad28fcd6 (type: ports) to 1
2026-07-02 12:28:45.072 9 INFO neutron.wsgi [None req-e6f7b0e1-dc77-4053-9e39-3824fc08ef69 fa2b63d4029641f89bed23466d74f693 939d91db3d0d4b9badc1c46a41bb8796 - - - -] 10.0.0.190 "POST /v2.0/ports HTTP/1.1" status: 201 len: 942 time: 0.3353248 /var/lib/openstack/lib/python3.10/site-packages/pycadf/identifier.py:71: UserWarning: Invalid uuid: neutron. To ensure interoperability, identifiers should be a valid uuid. warnings.warn(('Invalid uuid: %s. To ensure interoperability, '
2026-07-02 12:28:45.290 9 INFO neutron.wsgi [None req-2f092c22-7754-4b35-93d2-cc3b672eb9ac fa2b63d4029641f89bed23466d74f693 939d91db3d0d4b9badc1c46a41bb8796 - - - -] 10.0.0.190 "POST /v2.0/trunks HTTP/1.1" status: 201 len: 608 time: 0.2110465
2026-07-02 12:28:45.343 9 INFO neutron.wsgi [None req-394b4d87-56b9-49ed-9d5e-f748b555c577 fa2b63d4029641f89bed23466d74f693 939d91db3d0d4b9badc1c46a41bb8796 - - - -] 10.0.0.190 "PUT /v2.0/trunks/238c850f-08fd-4661-9ef3-5bdb438bf102/tags HTTP/1.1" status: 200 len: 210 time: 0.0368104
2026-07-02 12:28:45.372 9 INFO neutron.wsgi [None req-3e009235-b951-4e36-948b-f0b089a1a031 fa2b63d4029641f89bed23466d74f693 939d91db3d0d4b9badc1c46a41bb8796 - - - -] 10.0.0.190 "PUT /v2.0/trunks/699486eb-6e36-44df-9ff1-0796916123b5/tags HTTP/1.1" status: 200 len: 218 time: 0.0247056
2026-07-02 12:28:45.403 9 INFO neutron.wsgi [None req-4e814dce-d29a-4a7e-81d7-291a21ca7ed9 fa2b63d4029641f89bed23466d74f693 939d91db3d0d4b9badc1c46a41bb8796 - - - -] 10.0.0.190 "PUT /v2.0/trunks/6f5638b9-84bb-4293-87c4-d3217df69549/tags HTTP/1.1" status: 200 len: 227 time: 0.0261307
2026-07-02 12:28:45.446 10 INFO neutron.wsgi [None req-3a1b779c-4b84-4b1d-a2aa-1a075a452560 fa2b63d4029641f89bed23466d74f693 939d91db3d0d4b9badc1c46a41bb8796 - - - -] 10.0.0.190 "PUT /v2.0/trunks/edac0d66-f8cf-49c4-9c0f-a1b857e8b98b/tags HTTP/1.1" status: 200 len: 212 time: 0.0373092
2026-07-02 12:28:45.478 10 INFO neutron.wsgi [None req-c9625016-c8aa-4752-b735-28caaa85cb93 fa2b63d4029641f89bed23466d74f693 939d91db3d0d4b9badc1c46a41bb8796 - - default default] 10.0.0.190 "GET /v2.0/trunks?tags=red HTTP/1.1" status: 200 len: 1447 time: 0.0251980
2026-07-02 12:28:45.509 10 INFO neutron.wsgi [None req-bc1af86c-31bc-4c29-86d7-69e5345af1aa fa2b63d4029641f89bed23466d74f693 939d91db3d0d4b9badc1c46a41bb8796 - - default default] 10.0.0.190 "GET /v2.0/trunks?tags=red%2Cblue HTTP/1.1" status: 200 len: 1041 time: 0.0267158
2026-07-02 12:28:45.549 10 INFO neutron.wsgi [None req-1e7c8505-5ff2-4cc6-b216-94762070dcb4 fa2b63d4029641f89bed23466d74f693 939d91db3d0d4b9badc1c46a41bb8796 - - default default] 10.0.0.190 "GET /v2.0/trunks?tags-any=blue HTTP/1.1" status: 200 len: 1041 time: 0.0311155
2026-07-02 12:28:45.578 10 INFO neutron.wsgi [None req-48f9028f-2a94-4c01-80fb-59224c4ea82a fa2b63d4029641f89bed23466d74f693 939d91db3d0d4b9badc1c46a41bb8796 - - default default] 10.0.0.190 "GET /v2.0/trunks?tags-any=red%2Cblue HTTP/1.1" status: 200 len: 1447 time: 0.0243874
2026-07-02 12:28:45.604 10 INFO neutron.wsgi [None req-e4a1b77b-4fbf-47de-9997-a6ed7a1b0c1d fa2b63d4029641f89bed23466d74f693 939d91db3d0d4b9badc1c46a41bb8796 - - default default] 10.0.0.190 "GET /v2.0/trunks?not-tags=red HTTP/1.1" status: 200 len: 1013 time: 0.0222018
2026-07-02 12:28:45.639 9 INFO neutron.wsgi [None req-e8ba00e8-9542-4d92-a717-1d1c7693cd84 fa2b63d4029641f89bed23466d74f693 939d91db3d0d4b9badc1c46a41bb8796 - - default default] 10.0.0.190 "GET /v2.0/trunks?not-tags=red%2Cblue HTTP/1.1" status: 200 len: 1419 time: 0.0289783
2026-07-02 12:28:45.677 9 INFO neutron.wsgi [None req-42fad591-4bc6-4238-b598-2b7042cb80f5 fa2b63d4029641f89bed23466d74f693 939d91db3d0d4b9badc1c46a41bb8796 - - default default] 10.0.0.190 "GET /v2.0/trunks?not-tags-any=blue HTTP/1.1" status: 200 len: 1419 time: 0.0327904
2026-07-02 12:28:45.705 9 INFO neutron.wsgi [None req-08d3c7dc-f395-4e9e-935c-bbb9f5112a98 fa2b63d4029641f89bed23466d74f693 939d91db3d0d4b9badc1c46a41bb8796 - - default default] 10.0.0.190 "GET /v2.0/trunks?not-tags-any=red%2Cblue HTTP/1.1" status: 200 len: 1013 time: 0.0223217
2026-07-02 12:28:45.727 9 INFO neutron.wsgi [None req-70427f68-cd1e-4bf3-96d3-be76ba06a73c fa2b63d4029641f89bed23466d74f693 939d91db3d0d4b9badc1c46a41bb8796 - - default default] 10.0.0.190 "GET /v2.0/trunks/238c850f-08fd-4661-9ef3-5bdb438bf102 HTTP/1.1" status: 200 len: 608 time: 0.0160987
2026-07-02 12:28:45.847 9 INFO neutron.wsgi [None req-77de0c7a-a3d1-4b04-9cf0-ca342f6be2ae fa2b63d4029641f89bed23466d74f693 939d91db3d0d4b9badc1c46a41bb8796 - - default default] 10.0.0.190 "GET /v2.0/ports/49537633-015b-4a72-b3ce-af06ce7bb437 HTTP/1.1" status: 200 len: 1020 time: 0.1149752
2026-07-02 12:28:45.934 9 INFO neutron.wsgi [None req-af4f9391-960a-4b77-bdf4-17d26a082415 fa2b63d4029641f89bed23466d74f693 939d91db3d0d4b9badc1c46a41bb8796 - - - -] 10.0.0.190 "DELETE /v2.0/trunks/238c850f-08fd-4661-9ef3-5bdb438bf102 HTTP/1.1" status: 204 len: 168 time: 0.0814247
2026-07-02 12:28:45.957 9 INFO neutron.wsgi [None req-95a9ea90-3feb-46a1-83cb-cef2094c9c14 fa2b63d4029641f89bed23466d74f693 939d91db3d0d4b9badc1c46a41bb8796 - - default default] 10.0.0.190 "GET /v2.0/trunks/699486eb-6e36-44df-9ff1-0796916123b5 HTTP/1.1" status: 200 len: 616 time: 0.0148859
2026-07-02 12:28:46.318 9 INFO neutron.wsgi [None req-3fb08ae5-56b5-4862-aa93-3eada3715fd5 fa2b63d4029641f89bed23466d74f693 939d91db3d0d4b9badc1c46a41bb8796 - - default default] 10.0.0.190 "GET /v2.0/ports/6492c348-93b7-4826-8d27-797c5c8845d0 HTTP/1.1" status: 200 len: 1020 time: 0.3568995
2026-07-02 12:28:46.424 9 INFO neutron.wsgi [None req-3b846ad7-14eb-486f-bc13-867baf095b68 fa2b63d4029641f89bed23466d74f693 939d91db3d0d4b9badc1c46a41bb8796 - - - -] 10.0.0.190 "DELETE /v2.0/trunks/699486eb-6e36-44df-9ff1-0796916123b5 HTTP/1.1" status: 204 len: 168 time: 0.0999639
2026-07-02 12:28:46.447 9 INFO neutron.wsgi [None req-ff489e9d-96e5-49d8-8ee0-12bc8d95bfce fa2b63d4029641f89bed23466d74f693 939d91db3d0d4b9badc1c46a41bb8796 - - default default] 10.0.0.190 "GET /v2.0/trunks/6f5638b9-84bb-4293-87c4-d3217df69549 HTTP/1.1" status: 200 len: 625 time: 0.0184519
2026-07-02 12:28:46.538 9 INFO neutron.wsgi [None req-403b242b-8288-4e74-8515-5af910fd720d fa2b63d4029641f89bed23466d74f693 939d91db3d0d4b9badc1c46a41bb8796 - - default default] 10.0.0.190 "GET /v2.0/ports/1ef526bc-5cbb-46f4-826a-badf38cdc2ee HTTP/1.1" status: 200 len: 1020 time: 0.0858610
2026-07-02 12:28:46.639 9 INFO neutron.wsgi [None req-ad09a592-2891-4b3b-8ff7-7a3423a28cbe fa2b63d4029641f89bed23466d74f693 939d91db3d0d4b9badc1c46a41bb8796 - - - -] 10.0.0.190 "DELETE /v2.0/trunks/6f5638b9-84bb-4293-87c4-d3217df69549 HTTP/1.1" status: 204 len: 168 time: 0.0963514
2026-07-02 12:28:46.673 9 INFO neutron.wsgi [None req-8d43add2-0da5-4d0d-8d69-02af9563e422 fa2b63d4029641f89bed23466d74f693 939d91db3d0d4b9badc1c46a41bb8796 - - default default] 10.0.0.190 "GET /v2.0/trunks/edac0d66-f8cf-49c4-9c0f-a1b857e8b98b HTTP/1.1" status: 200 len: 610 time: 0.0268259
2026-07-02 12:28:46.770 9 INFO neutron.wsgi [None req-4d20ef81-c969-48a0-9d49-4ba4ad427f41 fa2b63d4029641f89bed23466d74f693 939d91db3d0d4b9badc1c46a41bb8796 - - default default] 10.0.0.190 "GET /v2.0/ports/cbd971c0-ac3d-4a2e-b5b6-7d5c2d009672 HTTP/1.1" status: 200 len: 1020 time: 0.0926707
2026-07-02 12:28:46.876 9 INFO neutron.wsgi [None req-598027b9-de6f-4cfc-a9a2-8678e9cbc0ea fa2b63d4029641f89bed23466d74f693 939d91db3d0d4b9badc1c46a41bb8796 - - - -] 10.0.0.190 "DELETE /v2.0/trunks/edac0d66-f8cf-49c4-9c0f-a1b857e8b98b HTTP/1.1" status: 204 len: 168 time: 0.1014185
2026-07-02 12:28:46.879 10 INFO neutron.db.ovn_revision_numbers_db [None req-8e129df4-cf55-4977-9310-8684d2ac7f7d a051b4fb63d140ec8965137bff48c013 37cd0680b68e4af4954287f7b838c3b0 - - - -] Successfully bumped revision number for resource b53d367d-c99c-493b-8a49-fe0e681d1f43 (type: security_groups) to 1
2026-07-02 12:28:46.909 9 INFO neutron.wsgi [None req-80e21636-4978-4c87-b98f-50ed57145947 fa2b63d4029641f89bed23466d74f693 939d91db3d0d4b9badc1c46a41bb8796 - - default default] 10.0.0.190 "GET /v2.0/trunks/2349014d-fb50-4900-a4af-6e4a7835e2d2 HTTP/1.1" status: 200 len: 603 time: 0.0191541
2026-07-02 12:28:46.948 10 INFO neutron.db.ovn_revision_numbers_db [None req-8e129df4-cf55-4977-9310-8684d2ac7f7d a051b4fb63d140ec8965137bff48c013 37cd0680b68e4af4954287f7b838c3b0 - - - -] Successfully bumped revision number for resource e3fc9485-77a2-4a29-a673-2b083034b934 (type: security_groups) to 1
2026-07-02 12:28:46.968 10 INFO neutron.wsgi [None req-8e129df4-cf55-4977-9310-8684d2ac7f7d a051b4fb63d140ec8965137bff48c013 37cd0680b68e4af4954287f7b838c3b0 - - - -] 10.0.0.190 "POST /v2.0/security-groups HTTP/1.1" status: 201 len: 1737 time: 0.4447930
2026-07-02 12:28:47.050 9 INFO neutron.wsgi [None req-2039091d-e928-41f3-b756-30466781dfc6 fa2b63d4029641f89bed23466d74f693 939d91db3d0d4b9badc1c46a41bb8796 - - default default] 10.0.0.190 "GET /v2.0/ports/807cc862-54a9-4575-b34a-6930ad28fcd6 HTTP/1.1" status: 200 len: 1020 time: 0.1356020
2026-07-02 12:28:47.088 10 INFO neutron.db.ovn_revision_numbers_db [None req-b53a2b22-dcd8-402d-a662-e95f520e6e57 a051b4fb63d140ec8965137bff48c013 37cd0680b68e4af4954287f7b838c3b0 - - - -] Successfully bumped revision number for resource 7c356d80-548a-452f-b95e-f1218d4b213c (type: security_groups) to 1
2026-07-02 12:28:47.114 10 INFO neutron.wsgi [None req-b53a2b22-dcd8-402d-a662-e95f520e6e57 a051b4fb63d140ec8965137bff48c013 37cd0680b68e4af4954287f7b838c3b0 - - - -] 10.0.0.190 "POST /v2.0/security-groups HTTP/1.1" status: 201 len: 1737 time: 0.1396244
2026-07-02 12:28:47.201 9 INFO neutron.wsgi [None req-a4517fa9-d93f-4afa-9b74-77a69a61cc3e fa2b63d4029641f89bed23466d74f693 939d91db3d0d4b9badc1c46a41bb8796 - - - -] 10.0.0.190 "DELETE /v2.0/trunks/2349014d-fb50-4900-a4af-6e4a7835e2d2 HTTP/1.1" status: 204 len: 168 time: 0.1454291
2026-07-02 12:28:47.245 10 INFO neutron.db.ovn_revision_numbers_db [None req-368d0769-f165-4a14-98e7-6a85c3765c80 a051b4fb63d140ec8965137bff48c013 37cd0680b68e4af4954287f7b838c3b0 - - - -] Successfully bumped revision number for resource f89406d9-b163-402b-8ef1-61109558e0ef (type: security_groups) to 1
2026-07-02 12:28:47.273 10 INFO neutron.wsgi [None req-368d0769-f165-4a14-98e7-6a85c3765c80 a051b4fb63d140ec8965137bff48c013 37cd0680b68e4af4954287f7b838c3b0 - - - -] 10.0.0.190 "POST /v2.0/security-groups HTTP/1.1" status: 201 len: 1737 time: 0.1532009
2026-07-02 12:28:47.471 10 INFO neutron.db.ovn_revision_numbers_db [None req-9c4cd44f-42c0-4be3-a22d-8f21a39e8471 a051b4fb63d140ec8965137bff48c013 37cd0680b68e4af4954287f7b838c3b0 - - - -] Successfully bumped revision number for resource 2e2340b8-3088-4cd7-9969-74d8e40a0115 (type: security_groups) to 1
2026-07-02 12:28:47.497 10 INFO neutron.wsgi [None req-9c4cd44f-42c0-4be3-a22d-8f21a39e8471 a051b4fb63d140ec8965137bff48c013 37cd0680b68e4af4954287f7b838c3b0 - - - -] 10.0.0.190 "POST /v2.0/security-groups HTTP/1.1" status: 201 len: 1737 time: 0.2194064
2026-07-02 12:28:47.500 10 INFO neutron.db.ovn_revision_numbers_db [None req-f00aae53-b1bc-46f1-8b93-946aa836455e 6db263e20f2f4a4d8c7c3cccc392bab2 1fef74b8a9b44b0db968d26c57cf8916 - - default default] Successfully bumped revision number for resource b7b41e2b-a3d0-43f3-8bc1-62787434918b (type: security_groups) to 1
2026-07-02 12:28:47.541 10 INFO neutron.wsgi [None req-f00aae53-b1bc-46f1-8b93-946aa836455e 6db263e20f2f4a4d8c7c3cccc392bab2 1fef74b8a9b44b0db968d26c57cf8916 - - default default] 10.0.0.190 "GET /v2.0/security-groups?tenant_id=479003aec6624469a38761e1046d3961&name=default HTTP/1.1" status: 200 len: 2996 time: 0.3781290
2026-07-02 12:28:47.554 10 INFO neutron.wsgi [None req-70725a80-5ff8-4bb2-a2b5-3d5e9a36694c fa2b63d4029641f89bed23466d74f693 939d91db3d0d4b9badc1c46a41bb8796 - - - -] 10.0.0.190 "DELETE /v2.0/ports/49537633-015b-4a72-b3ce-af06ce7bb437 HTTP/1.1" status: 204 len: 168 time: 0.3457019
2026-07-02 12:28:47.661 9 INFO neutron.db.ovn_revision_numbers_db [None req-7e3b0c2b-f9b7-42ce-bb2d-81bf66dde1e7 a051b4fb63d140ec8965137bff48c013 37cd0680b68e4af4954287f7b838c3b0 - - - -] Successfully bumped revision number for resource a448cb5b-8d8d-4eaf-a4eb-3e97d1604e5d (type: security_groups) to 1
2026-07-02 12:28:47.695 9 INFO neutron.wsgi [None req-7e3b0c2b-f9b7-42ce-bb2d-81bf66dde1e7 a051b4fb63d140ec8965137bff48c013 37cd0680b68e4af4954287f7b838c3b0 - - - -] 10.0.0.190 "POST /v2.0/security-groups HTTP/1.1" status: 201 len: 1737 time: 0.1877849
2026-07-02 12:28:47.730 10 INFO neutron.wsgi [None req-ba5eeb92-41d2-4b8a-955f-c5afeadd92bf a051b4fb63d140ec8965137bff48c013 37cd0680b68e4af4954287f7b838c3b0 - - - -] 10.0.0.190 "PUT /v2.0/security-groups/e3fc9485-77a2-4a29-a673-2b083034b934/tags HTTP/1.1" status: 200 len: 210 time: 0.0286684
2026-07-02 12:28:47.749 10 INFO neutron.wsgi [None req-ff3e54aa-1acd-4397-872f-e0cbc2c6a6c4 6db263e20f2f4a4d8c7c3cccc392bab2 1fef74b8a9b44b0db968d26c57cf8916 - - - -] 10.0.0.190 "DELETE /v2.0/security-groups/b7b41e2b-a3d0-43f3-8bc1-62787434918b HTTP/1.1" status: 204 len: 168 time: 0.2019198
2026-07-02 12:28:47.764 10 INFO neutron.wsgi [None req-9c0b80c9-7865-4507-958c-ad381f220a7e a051b4fb63d140ec8965137bff48c013 37cd0680b68e4af4954287f7b838c3b0 - - - -] 10.0.0.190 "PUT /v2.0/security-groups/7c356d80-548a-452f-b95e-f1218d4b213c/tags HTTP/1.1" status: 200 len: 218 time: 0.0288670
2026-07-02 12:28:47.804 10 INFO neutron.wsgi [None req-97960078-83c1-4b51-b434-7cedee69e022 a051b4fb63d140ec8965137bff48c013 37cd0680b68e4af4954287f7b838c3b0 - - - -] 10.0.0.190 "PUT /v2.0/security-groups/f89406d9-b163-402b-8ef1-61109558e0ef/tags HTTP/1.1" status: 200 len: 227 time: 0.0341585
2026-07-02 12:28:47.827 9 INFO neutron.wsgi [None req-c0f0a829-7d7a-430a-ada2-301be681322c fa2b63d4029641f89bed23466d74f693 939d91db3d0d4b9badc1c46a41bb8796 - - - -] 10.0.0.190 "DELETE /v2.0/ports/6492c348-93b7-4826-8d27-797c5c8845d0 HTTP/1.1" status: 204 len: 168 time: 0.2662554
2026-07-02 12:28:47.838 10 INFO neutron.wsgi [None req-70de4f10-ba92-4f86-8e1a-38701025507c a051b4fb63d140ec8965137bff48c013 37cd0680b68e4af4954287f7b838c3b0 - - - -] 10.0.0.190 "PUT /v2.0/security-groups/2e2340b8-3088-4cd7-9969-74d8e40a0115/tags HTTP/1.1" status: 200 len: 212 time: 0.0245306
2026-07-02 12:28:47.915 10 INFO neutron.wsgi [None req-b220a6a8-d379-4d32-affb-5d9dc73bb5e6 a051b4fb63d140ec8965137bff48c013 37cd0680b68e4af4954287f7b838c3b0 - - default default] 10.0.0.190 "GET /v2.0/security-groups?tags=red HTTP/1.1" status: 200 len: 4813 time: 0.0639567
2026-07-02 12:28:47.980 10 INFO neutron.wsgi [None req-8c05f8a6-c27b-42eb-827b-868ffe691d2f a051b4fb63d140ec8965137bff48c013 37cd0680b68e4af4954287f7b838c3b0 - - default default] 10.0.0.190 "GET /v2.0/security-groups?tags=red%2Cblue HTTP/1.1" status: 200 len: 3289 time: 0.0588415
2026-07-02 12:28:48.051 10 INFO neutron.wsgi [None req-70a7edf2-fe37-4462-82a1-3459b72cf704 a051b4fb63d140ec8965137bff48c013 37cd0680b68e4af4954287f7b838c3b0 - - default default] 10.0.0.190 "GET /v2.0/security-groups?tags-any=blue HTTP/1.1" status: 200 len: 3289 time: 0.0662777
2026-07-02 12:28:48.136 10 INFO neutron.wsgi [None req-085375d9-8ba0-4da5-a346-f33b1c284909 a051b4fb63d140ec8965137bff48c013 37cd0680b68e4af4954287f7b838c3b0 - - default default] 10.0.0.190 "GET /v2.0/security-groups?tags-any=red%2Cblue HTTP/1.1" status: 200 len: 4813 time: 0.0795326
2026-07-02 12:28:48.161 10 INFO neutron.wsgi [None req-bacdb51e-de29-4250-af6e-a1725a00e46f fa2b63d4029641f89bed23466d74f693 939d91db3d0d4b9badc1c46a41bb8796 - - - -] 10.0.0.190 "DELETE /v2.0/ports/1ef526bc-5cbb-46f4-826a-badf38cdc2ee HTTP/1.1" status: 204 len: 168 time: 0.3299770
2026-07-02 12:28:48.201 10 INFO neutron.wsgi [None req-4f9bc2d8-41d7-44d7-a3f3-af7587a2fe61 a051b4fb63d140ec8965137bff48c013 37cd0680b68e4af4954287f7b838c3b0 - - default default] 10.0.0.190 "GET /v2.0/security-groups?not-tags=red HTTP/1.1" status: 200 len: 6041 time: 0.0554764
2026-07-02 12:28:48.271 10 INFO neutron.wsgi [None req-b5224def-3caa-42a1-b9e9-825da43ee55a a051b4fb63d140ec8965137bff48c013 37cd0680b68e4af4954287f7b838c3b0 - - default default] 10.0.0.190 "GET /v2.0/security-groups?not-tags=red%2Cblue HTTP/1.1" status: 200 len: 7565 time: 0.0658627
2026-07-02 12:28:48.390 9 INFO neutron.wsgi [None req-103227c3-98d0-430d-9aa4-10d796631f8d a051b4fb63d140ec8965137bff48c013 37cd0680b68e4af4954287f7b838c3b0 - - default default] 10.0.0.190 "GET /v2.0/security-groups?not-tags-any=blue HTTP/1.1" status: 200 len: 7565 time: 0.1073806
2026-07-02 12:28:48.450 9 INFO neutron.wsgi [None req-c4e911c7-9711-429d-ac8d-b5e840f4d278 a051b4fb63d140ec8965137bff48c013 37cd0680b68e4af4954287f7b838c3b0 - - default default] 10.0.0.190 "GET /v2.0/security-groups?not-tags-any=red%2Cblue HTTP/1.1" status: 200 len: 6041 time: 0.0540118
2026-07-02 12:28:48.493 9 INFO neutron.wsgi [None req-2587ba11-d789-4734-a04c-aacdb20da8ad fa2b63d4029641f89bed23466d74f693 939d91db3d0d4b9badc1c46a41bb8796 - - - -] 10.0.0.190 "DELETE /v2.0/ports/cbd971c0-ac3d-4a2e-b5b6-7d5c2d009672 HTTP/1.1" status: 204 len: 168 time: 0.3248954
2026-07-02 12:28:48.592 10 INFO neutron.wsgi [None req-1c78c5eb-c800-458a-98af-d9eb5642adc2 a051b4fb63d140ec8965137bff48c013 37cd0680b68e4af4954287f7b838c3b0 - - - -] 10.0.0.190 "DELETE /v2.0/security-groups/e3fc9485-77a2-4a29-a673-2b083034b934 HTTP/1.1" status: 204 len: 168 time: 0.1348009
2026-07-02 12:28:48.738 10 INFO neutron.wsgi [None req-4a0b374e-ce6f-4f59-a0e1-f0c0b03de1b5 a051b4fb63d140ec8965137bff48c013 37cd0680b68e4af4954287f7b838c3b0 - - - -] 10.0.0.190 "DELETE /v2.0/security-groups/7c356d80-548a-452f-b95e-f1218d4b213c HTTP/1.1" status: 204 len: 168 time: 0.1417062
2026-07-02 12:28:48.832 9 INFO neutron.wsgi [None req-e70f77b4-caf6-4565-a4f0-746ef9d839da fa2b63d4029641f89bed23466d74f693 939d91db3d0d4b9badc1c46a41bb8796 - - - -] 10.0.0.190 "DELETE /v2.0/ports/807cc862-54a9-4575-b34a-6930ad28fcd6 HTTP/1.1" status: 204 len: 168 time: 0.3323629
2026-07-02 12:28:48.881 10 INFO neutron.wsgi [None req-10c16db3-4edf-4551-912a-b513212f4780 a051b4fb63d140ec8965137bff48c013 37cd0680b68e4af4954287f7b838c3b0 - - - -] 10.0.0.190 "DELETE /v2.0/security-groups/f89406d9-b163-402b-8ef1-61109558e0ef HTTP/1.1" status: 204 len: 168 time: 0.1377914
2026-07-02 12:28:48.966 10 INFO neutron.wsgi [-] 10.0.0.68 "GET / HTTP/1.1" status: 200 len: 247 time: 0.0019166
2026-07-02 12:28:48.968 10 INFO neutron.wsgi [-] 10.0.0.68 "GET / HTTP/1.1" status: 200 len: 247 time: 0.0011075
2026-07-02 12:28:49.003 10 INFO neutron.wsgi [None req-b1256129-ef52-4052-872a-5d8d58870191 a051b4fb63d140ec8965137bff48c013 37cd0680b68e4af4954287f7b838c3b0 - - - -] 10.0.0.190 "DELETE /v2.0/security-groups/2e2340b8-3088-4cd7-9969-74d8e40a0115 HTTP/1.1" status: 204 len: 168 time: 0.1167557
2026-07-02 12:28:49.129 10 INFO neutron.wsgi [None req-706c5e8a-4448-4066-b147-12d4cc2c71be a051b4fb63d140ec8965137bff48c013 37cd0680b68e4af4954287f7b838c3b0 - - - -] 10.0.0.190 "DELETE /v2.0/security-groups/a448cb5b-8d8d-4eaf-a4eb-3e97d1604e5d HTTP/1.1" status: 204 len: 168 time: 0.1213465
2026-07-02 12:28:49.262 9 INFO neutron.services.segments.plugin [-] Segment 27eaf3d6-4c20-49c4-bb65-0dd457a4f471 resource provider aggregate not found
2026-07-02 12:28:49.272 9 INFO neutron.services.segments.plugin [-] Segment 27eaf3d6-4c20-49c4-bb65-0dd457a4f471 resource provider aggregate not found
2026-07-02 12:28:49.293 9 INFO neutron.services.segments.plugin [-] Segment 27eaf3d6-4c20-49c4-bb65-0dd457a4f471 resource provider not found; error: Placement Client Error (4xx): {"errors": [{"status": 404, "title": "Not Found", "detail": "The resource could not be found.\n\n No resource provider with uuid 27eaf3d6-4c20-49c4-bb65-0dd457a4f471 found for delete ", "request_id": "req-0f57fdc6-355c-4e9b-807e-96f1b1c0e67f"}]}
2026-07-02 12:28:49.296 9 INFO neutron.services.segments.plugin [-] Segment 27eaf3d6-4c20-49c4-bb65-0dd457a4f471 resource provider not found; error: Placement Client Error (4xx): {"errors": [{"status": 404, "title": "Not Found", "detail": "The resource could not be found.\n\n No resource provider with uuid 27eaf3d6-4c20-49c4-bb65-0dd457a4f471 found for delete ", "request_id": "req-4920a824-b257-4be3-bfbf-7baf706144d7"}]}
2026-07-02 12:28:49.305 9 INFO neutron.wsgi [None req-eff75110-54bc-417e-904a-8fa37428ac46 fa2b63d4029641f89bed23466d74f693 939d91db3d0d4b9badc1c46a41bb8796 - - - -] 10.0.0.190 "DELETE /v2.0/networks/5acd958d-3244-4191-922d-bd32f9ab88b1 HTTP/1.1" status: 204 len: 168 time: 0.4424784
2026-07-02 12:28:49.761 10 INFO neutron.services.segments.plugin [-] Segment 02747f76-b926-4eed-894f-dcff7e77af78 resource provider aggregate not found
2026-07-02 12:28:49.768 10 INFO neutron.services.segments.plugin [-] Segment 02747f76-b926-4eed-894f-dcff7e77af78 resource provider aggregate not found
2026-07-02 12:28:49.791 10 INFO neutron.services.segments.plugin [-] Segment 02747f76-b926-4eed-894f-dcff7e77af78 resource provider not found; error: Placement Client Error (4xx): {"errors": [{"status": 404, "title": "Not Found", "detail": "The resource could not be found.\n\n No resource provider with uuid 02747f76-b926-4eed-894f-dcff7e77af78 found for delete ", "request_id": "req-4e40fb55-babe-4918-b3b3-f552b7825724"}]}
2026-07-02 12:28:49.792 10 INFO neutron.services.segments.plugin [-] Segment 02747f76-b926-4eed-894f-dcff7e77af78 resource provider not found; error: Placement Client Error (4xx): {"errors": [{"status": 404, "title": "Not Found", "detail": "The resource could not be found.\n\n No resource provider with uuid 02747f76-b926-4eed-894f-dcff7e77af78 found for delete ", "request_id": "req-a88dbf19-af7d-4364-a20e-ac2c3b2af2ff"}]}
2026-07-02 12:28:49.826 10 INFO neutron.wsgi [None req-3986e174-b1b0-4594-8b75-387d0d872fdf fa2b63d4029641f89bed23466d74f693 939d91db3d0d4b9badc1c46a41bb8796 - - - -] 10.0.0.190 "DELETE /v2.0/networks/4fb1a9dd-9346-4cbd-ad38-2a83c08a1012 HTTP/1.1" status: 204 len: 168 time: 0.5152807
2026-07-02 12:28:50.214 9 INFO neutron.wsgi [None req-2964bcde-cce5-4a54-bbe3-34ec847f9907 fa2b63d4029641f89bed23466d74f693 939d91db3d0d4b9badc1c46a41bb8796 - - - -] 10.0.0.190 "DELETE /v2.0/networks/6d04b329-a201-4eed-97e0-38c5636684bc HTTP/1.1" status: 204 len: 168 time: 0.3821716
2026-07-02 12:28:50.305 10 INFO neutron.wsgi [None req-2ed7ba16-4d8b-4297-898c-611c6d81ab90 6db263e20f2f4a4d8c7c3cccc392bab2 1fef74b8a9b44b0db968d26c57cf8916 - - default default] 10.0.0.190 "GET /v2.0/security-groups?tenant_id=37cd0680b68e4af4954287f7b838c3b0&name=default HTTP/1.1" status: 200 len: 2996 time: 0.1234727
2026-07-02 12:28:50.429 9 INFO neutron.db.ovn_revision_numbers_db [None req-1bde8e00-839c-493f-9504-f62dc3651bba 6db263e20f2f4a4d8c7c3cccc392bab2 1fef74b8a9b44b0db968d26c57cf8916 - - default default] Successfully bumped revision number for resource 36c2da31-cd9b-4767-940d-80b7f9968858 (type: security_groups) to 1
2026-07-02 12:28:50.460 9 INFO neutron.wsgi [None req-1bde8e00-839c-493f-9504-f62dc3651bba 6db263e20f2f4a4d8c7c3cccc392bab2 1fef74b8a9b44b0db968d26c57cf8916 - - default default] 10.0.0.190 "GET /v2.0/security-groups?tenant_id=5f7645f2a34e4cc998cffecc9bc102f2&name=default HTTP/1.1" status: 200 len: 2996 time: 0.2702706
2026-07-02 12:28:50.514 10 INFO neutron.wsgi [None req-575c7097-c3a9-4147-9522-a849ceee5fd3 6db263e20f2f4a4d8c7c3cccc392bab2 1fef74b8a9b44b0db968d26c57cf8916 - - - -] 10.0.0.190 "DELETE /v2.0/security-groups/b53d367d-c99c-493b-8a49-fe0e681d1f43 HTTP/1.1" status: 204 len: 168 time: 0.2034669
2026-07-02 12:28:50.646 9 INFO neutron.wsgi [None req-efed71bd-3af2-4370-a06d-26525c80b52a fa2b63d4029641f89bed23466d74f693 939d91db3d0d4b9badc1c46a41bb8796 - - - -] 10.0.0.190 "DELETE /v2.0/networks/fd5bd802-3da4-477c-8b04-908c4b710140 HTTP/1.1" status: 204 len: 168 time: 0.4226942
2026-07-02 12:28:50.711 9 INFO neutron.wsgi [None req-38bb7eb6-0b9b-416c-8821-e275f9f68dbc 6db263e20f2f4a4d8c7c3cccc392bab2 1fef74b8a9b44b0db968d26c57cf8916 - - - -] 10.0.0.190 "DELETE /v2.0/security-groups/36c2da31-cd9b-4767-940d-80b7f9968858 HTTP/1.1" status: 204 len: 168 time: 0.2438493
2026-07-02 12:28:50.759 10 INFO neutron.db.ovn_revision_numbers_db [None req-b6d10227-1d55-48dd-a3df-176aca581ada 6db263e20f2f4a4d8c7c3cccc392bab2 1fef74b8a9b44b0db968d26c57cf8916 - - default default] Successfully bumped revision number for resource 0b835ed7-8456-4d86-9247-552952195458 (type: security_groups) to 1
2026-07-02 12:28:50.786 10 INFO neutron.wsgi [None req-b6d10227-1d55-48dd-a3df-176aca581ada 6db263e20f2f4a4d8c7c3cccc392bab2 1fef74b8a9b44b0db968d26c57cf8916 - - default default] 10.0.0.190 "GET /v2.0/security-groups?tenant_id=f8b147bbcbff4f08aedb713c1692f92d&name=default HTTP/1.1" status: 200 len: 2996 time: 0.1682012
2026-07-02 12:28:51.013 9 INFO neutron.wsgi [None req-e6f331f3-05f2-4243-b6ec-efada3a31e23 6db263e20f2f4a4d8c7c3cccc392bab2 1fef74b8a9b44b0db968d26c57cf8916 - - - -] 10.0.0.190 "DELETE /v2.0/security-groups/0b835ed7-8456-4d86-9247-552952195458 HTTP/1.1" status: 204 len: 168 time: 0.2214797
2026-07-02 12:28:51.117 10 INFO neutron.wsgi [None req-c38ab628-f877-4fe3-b789-7a38686d28d9 fa2b63d4029641f89bed23466d74f693 939d91db3d0d4b9badc1c46a41bb8796 - - - -] 10.0.0.190 "DELETE /v2.0/networks/83b2f8db-057d-4c38-a2b1-9cba9a82bbe3 HTTP/1.1" status: 204 len: 168 time: 0.4622426
2026-07-02 12:28:51.311 9 INFO neutron.services.segments.plugin [-] Segment a54e25ed-6920-453e-a067-beb163c4759a resource provider aggregate not found
2026-07-02 12:28:51.319 9 INFO neutron.services.segments.plugin [-] Segment a54e25ed-6920-453e-a067-beb163c4759a resource provider aggregate not found
2026-07-02 12:28:51.323 9 INFO neutron.db.ovn_revision_numbers_db [None req-f83ef075-4a60-4b39-a5ad-21a6b7902ac8 6db263e20f2f4a4d8c7c3cccc392bab2 1fef74b8a9b44b0db968d26c57cf8916 - - default default] Successfully bumped revision number for resource 5ccc343a-7be2-405a-a56b-18d415bcf389 (type: security_groups) to 1
2026-07-02 12:28:51.328 9 INFO neutron.services.segments.plugin [-] Segment a54e25ed-6920-453e-a067-beb163c4759a resource provider not found; error: Placement Client Error (4xx): {"errors": [{"status": 404, "title": "Not Found", "detail": "The resource could not be found.\n\n No resource provider with uuid a54e25ed-6920-453e-a067-beb163c4759a found for delete ", "request_id": "req-6e588dfe-7bed-4616-8398-16be1b8d0854"}]}
2026-07-02 12:28:51.340 9 INFO neutron.services.segments.plugin [-] Segment a54e25ed-6920-453e-a067-beb163c4759a resource provider not found; error: Placement Client Error (4xx): {"errors": [{"status": 404, "title": "Not Found", "detail": "The resource could not be found.\n\n No resource provider with uuid a54e25ed-6920-453e-a067-beb163c4759a found for delete ", "request_id": "req-8eb91ff1-59d3-4475-b0c0-60a043414f9c"}]}
2026-07-02 12:28:51.349 9 INFO neutron.wsgi [None req-f83ef075-4a60-4b39-a5ad-21a6b7902ac8 6db263e20f2f4a4d8c7c3cccc392bab2 1fef74b8a9b44b0db968d26c57cf8916 - - default default] 10.0.0.190 "GET /v2.0/security-groups?tenant_id=b85b6801f33f4a528aa00cd5c0ec8274&name=default HTTP/1.1" status: 200 len: 2996 time: 0.1521814
2026-07-02 12:28:51.351 9 INFO neutron.services.segments.plugin [-] Segment 059a0573-9da6-4507-acf7-3daa37e372e8 resource provider aggregate not found
2026-07-02 12:28:51.364 9 INFO neutron.services.segments.plugin [-] Segment 059a0573-9da6-4507-acf7-3daa37e372e8 resource provider aggregate not found
2026-07-02 12:28:51.369 9 INFO neutron.services.segments.plugin [-] Segment 059a0573-9da6-4507-acf7-3daa37e372e8 resource provider not found; error: Placement Client Error (4xx): {"errors": [{"status": 404, "title": "Not Found", "detail": "The resource could not be found.\n\n No resource provider with uuid 059a0573-9da6-4507-acf7-3daa37e372e8 found for delete ", "request_id": "req-9ab91280-582d-4298-b0fa-83dd4898e83a"}]}
2026-07-02 12:28:51.387 9 INFO neutron.services.segments.plugin [-] Segment 059a0573-9da6-4507-acf7-3daa37e372e8 resource provider not found; error: Placement Client Error (4xx): {"errors": [{"status": 404, "title": "Not Found", "detail": "The resource could not be found.\n\n No resource provider with uuid 059a0573-9da6-4507-acf7-3daa37e372e8 found for delete ", "request_id": "req-b415e3ec-5267-43d3-b309-315889c07cc8"}]}
2026-07-02 12:28:51.561 10 INFO neutron.wsgi [None req-06fa382e-dbc8-41cf-9e10-0f27e2870779 6db263e20f2f4a4d8c7c3cccc392bab2 1fef74b8a9b44b0db968d26c57cf8916 - - - -] 10.0.0.190 "DELETE /v2.0/security-groups/5ccc343a-7be2-405a-a56b-18d415bcf389 HTTP/1.1" status: 204 len: 168 time: 0.2064538
2026-07-02 12:28:51.812 10 INFO neutron.services.segments.plugin [-] Segment 9558a5ec-65f4-4130-9b96-24de25a52822 resource provider aggregate not found
2026-07-02 12:28:51.819 10 INFO neutron.services.segments.plugin [-] Segment 9558a5ec-65f4-4130-9b96-24de25a52822 resource provider aggregate not found
2026-07-02 12:28:51.834 10 INFO neutron.services.segments.plugin [-] Segment 9558a5ec-65f4-4130-9b96-24de25a52822 resource provider not found; error: Placement Client Error (4xx): {"errors": [{"status": 404, "title": "Not Found", "detail": "The resource could not be found.\n\n No resource provider with uuid 9558a5ec-65f4-4130-9b96-24de25a52822 found for delete ", "request_id": "req-992e1ad9-3f7c-4488-b21f-095aa5c73f7d"}]}
2026-07-02 12:28:51.840 10 INFO neutron.services.segments.plugin [-] Segment 9558a5ec-65f4-4130-9b96-24de25a52822 resource provider not found; error: Placement Client Error (4xx): {"errors": [{"status": 404, "title": "Not Found", "detail": "The resource could not be found.\n\n No resource provider with uuid 9558a5ec-65f4-4130-9b96-24de25a52822 found for delete ", "request_id": "req-0ca70e2c-f469-427f-be6a-e3c7257738cf"}]}
2026-07-02 12:28:52.247 10 INFO neutron.db.ovn_revision_numbers_db [None req-9053604a-ddd9-49e9-9504-377e08723a7e 6db263e20f2f4a4d8c7c3cccc392bab2 1fef74b8a9b44b0db968d26c57cf8916 - - default default] Successfully bumped revision number for resource 5202cd78-fdde-45a5-93bd-dfeee9c0c48d (type: security_groups) to 1
2026-07-02 12:28:52.270 10 INFO neutron.wsgi [None req-9053604a-ddd9-49e9-9504-377e08723a7e 6db263e20f2f4a4d8c7c3cccc392bab2 1fef74b8a9b44b0db968d26c57cf8916 - - default default] 10.0.0.190 "GET /v2.0/security-groups?tenant_id=147bd36e4dd24bb5966dd67b1b0af9b0&name=default HTTP/1.1" status: 200 len: 2996 time: 0.2755702
2026-07-02 12:28:52.443 10 INFO neutron.wsgi [None req-45df8d4b-e66b-49db-aacb-14fc13584cf0 6db263e20f2f4a4d8c7c3cccc392bab2 1fef74b8a9b44b0db968d26c57cf8916 - - - -] 10.0.0.190 "DELETE /v2.0/security-groups/5202cd78-fdde-45a5-93bd-dfeee9c0c48d HTTP/1.1" status: 204 len: 168 time: 0.1674495
2026-07-02 12:28:52.623 10 INFO neutron.wsgi [None req-03df9393-c361-4478-b72c-53756ebe038d 6db263e20f2f4a4d8c7c3cccc392bab2 1fef74b8a9b44b0db968d26c57cf8916 - - default default] 10.0.0.190 "GET /v2.0/security-groups?tenant_id=939d91db3d0d4b9badc1c46a41bb8796&name=default HTTP/1.1" status: 200 len: 2996 time: 0.0272319
2026-07-02 12:28:52.799 10 INFO neutron.wsgi [None req-f94a38e1-519c-48f7-ad7d-6450f7dbf716 6db263e20f2f4a4d8c7c3cccc392bab2 1fef74b8a9b44b0db968d26c57cf8916 - - - -] 10.0.0.190 "DELETE /v2.0/security-groups/9a012e10-be03-4904-a098-244303e95f2a HTTP/1.1" status: 204 len: 168 time: 0.1713297
2026-07-02 12:28:53.038 9 INFO neutron.db.ovn_revision_numbers_db [None req-d959d4e6-0e25-4563-91fe-418f49dd70f2 6db263e20f2f4a4d8c7c3cccc392bab2 1fef74b8a9b44b0db968d26c57cf8916 - - default default] Successfully bumped revision number for resource f9040304-f96b-403f-b6c8-127901bfba92 (type: security_groups) to 1
2026-07-02 12:28:53.068 9 INFO neutron.wsgi [None req-d959d4e6-0e25-4563-91fe-418f49dd70f2 6db263e20f2f4a4d8c7c3cccc392bab2 1fef74b8a9b44b0db968d26c57cf8916 - - default default] 10.0.0.190 "GET /v2.0/security-groups?tenant_id=0a5a6c40c8e04a9e822bbd2223ccdeab&name=default HTTP/1.1" status: 200 len: 2996 time: 0.1299243
