2026-07-02 12:28:21.870 10 INFO neutron.wsgi [None req-746bc837-a06a-46f2-8de6-7814fd11387e 35a4d2452d694ddab5b79047dd3b9996 6c5ca7d594ba48e19cce888a1b5ee4ff - - - -] 10.0.0.190 "DELETE /v2.0/qos/policies/252f3244-2a29-4905-ba1a-db896b5fac30 HTTP/1.1" status: 204 len: 168 time: 0.0573375
2026-07-02 12:28:22.011 9 INFO neutron.db.ovn_revision_numbers_db [None req-242bb207-bd66-4781-b05f-554c04de3ed8 d600f6ff0f444ac2a4249d02729fff5f 3b6e74c09f9a406197e966531a10036e - - - -] Successfully bumped revision number for resource 19b29b94-44da-439a-bc87-90a0a30247b1 (type: ports) to 2
2026-07-02 12:28:22.029 9 INFO neutron.db.ovn_revision_numbers_db [None req-242bb207-bd66-4781-b05f-554c04de3ed8 d600f6ff0f444ac2a4249d02729fff5f 3b6e74c09f9a406197e966531a10036e - - - -] Successfully bumped revision number for resource be19fbe0-7738-45e3-86a3-a27e024e8d66 (type: subnets) to 0
2026-07-02 12:28:22.045 9 INFO neutron.wsgi [None req-242bb207-bd66-4781-b05f-554c04de3ed8 d600f6ff0f444ac2a4249d02729fff5f 3b6e74c09f9a406197e966531a10036e - - - -] 10.0.0.190 "POST /v2.0/subnets HTTP/1.1" status: 201 len: 804 time: 0.7962983
2026-07-02 12:28:22.154 9 INFO neutron.db.segments_db [None req-d5e78dc7-c93f-4e46-b505-e71a6b7d8ffc d600f6ff0f444ac2a4249d02729fff5f 3b6e74c09f9a406197e966531a10036e - - - -] Added segment 84372cef-874e-414a-b4b1-74d20d61b63f of type geneve for network 100afde8-27b8-4b5b-b92a-5d87584a4c30
2026-07-02 12:28:22.296 9 INFO neutron.db.ovn_revision_numbers_db [None req-d5e78dc7-c93f-4e46-b505-e71a6b7d8ffc d600f6ff0f444ac2a4249d02729fff5f 3b6e74c09f9a406197e966531a10036e - - - -] Successfully bumped revision number for resource 100afde8-27b8-4b5b-b92a-5d87584a4c30 (type: networks) to 1
2026-07-02 12:28:22.484 9 WARNING neutron.scheduler.dhcp_agent_scheduler [None req-d5e78dc7-c93f-4e46-b505-e71a6b7d8ffc d600f6ff0f444ac2a4249d02729fff5f 3b6e74c09f9a406197e966531a10036e - - - -] No more DHCP agents
2026-07-02 12:28:22.486 9 WARNING neutron.api.rpc.agentnotifiers.dhcp_rpc_agent_api [None req-d5e78dc7-c93f-4e46-b505-e71a6b7d8ffc d600f6ff0f444ac2a4249d02729fff5f 3b6e74c09f9a406197e966531a10036e - - - -] Unable to schedule network 100afde8-27b8-4b5b-b92a-5d87584a4c30: no agents available; will retry on subsequent port and subnet creation events.
2026-07-02 12:28:22.544 9 INFO neutron.db.ovn_revision_numbers_db [None req-d5e78dc7-c93f-4e46-b505-e71a6b7d8ffc d600f6ff0f444ac2a4249d02729fff5f 3b6e74c09f9a406197e966531a10036e - - - -] Successfully bumped revision number for resource c3e27c82-fc9e-49c1-ab51-bbd206082b72 (type: ports) to 1
2026-07-02 12:28:22.564 9 INFO neutron.wsgi [None req-d5e78dc7-c93f-4e46-b505-e71a6b7d8ffc d600f6ff0f444ac2a4249d02729fff5f 3b6e74c09f9a406197e966531a10036e - - - -] 10.0.0.190 "POST /v2.0/networks HTTP/1.1" status: 201 len: 831 time: 0.5102677
2026-07-02 12:28:22.579 9 WARNING keystonemiddleware.audit [None req-fc86d8b4-1482-4ece-977a-2dec8a3d38dd 6db263e20f2f4a4d8c7c3cccc392bab2 1fef74b8a9b44b0db968d26c57cf8916 - - default default] Skipping service tempest-service-987049412 as it have no endpoints.
2026-07-02 12:28:22.621 9 INFO neutron.wsgi [None req-abee3673-e01c-4f49-a65a-16151ea483a7 6db263e20f2f4a4d8c7c3cccc392bab2 1fef74b8a9b44b0db968d26c57cf8916 - - default default] 10.0.0.85 "GET /v2.0/routers HTTP/1.1" status: 200 len: 189 time: 0.3547060
2026-07-02 12:28:22.625 9 WARNING keystonemiddleware.audit [None req-abee3673-e01c-4f49-a65a-16151ea483a7 6db263e20f2f4a4d8c7c3cccc392bab2 1fef74b8a9b44b0db968d26c57cf8916 - - default default] Skipping service tempest-service-987049412 as it have no endpoints.
2026-07-02 12:28:22.653 9 INFO neutron.wsgi [None req-b647b125-d19f-4e5f-9a7d-4aef6029e8d9 6db263e20f2f4a4d8c7c3cccc392bab2 1fef74b8a9b44b0db968d26c57cf8916 - - default default] 10.0.0.85 "GET /v2.0/agents?binary=ovn-controller HTTP/1.1" status: 200 len: 591 time: 0.0314255
2026-07-02 12:28:22.658 9 WARNING keystonemiddleware.audit [None req-b647b125-d19f-4e5f-9a7d-4aef6029e8d9 6db263e20f2f4a4d8c7c3cccc392bab2 1fef74b8a9b44b0db968d26c57cf8916 - - default default] Skipping service tempest-service-987049412 as it have no endpoints.
2026-07-02 12:28:22.674 9 INFO neutron.wsgi [None req-901e4d83-151e-4486-b2a4-77d1b4aea559 6db263e20f2f4a4d8c7c3cccc392bab2 1fef74b8a9b44b0db968d26c57cf8916 - - default default] 10.0.0.85 "GET /v2.0/agents HTTP/1.1" status: 200 len: 997 time: 0.0181892
2026-07-02 12:28:22.677 9 WARNING keystonemiddleware.audit [None req-901e4d83-151e-4486-b2a4-77d1b4aea559 6db263e20f2f4a4d8c7c3cccc392bab2 1fef74b8a9b44b0db968d26c57cf8916 - - default default] Skipping service tempest-service-987049412 as it have no endpoints.
2026-07-02 12:28:22.727 9 INFO neutron.wsgi [None req-78d92ee0-6419-4c86-afe3-f5130b6f53c3 6db263e20f2f4a4d8c7c3cccc392bab2 1fef74b8a9b44b0db968d26c57cf8916 - - default default] 10.0.0.85 "GET /v2.0/subnets HTTP/1.1" status: 200 len: 2660 time: 0.0528564
2026-07-02 12:28:22.733 9 WARNING keystonemiddleware.audit [None req-78d92ee0-6419-4c86-afe3-f5130b6f53c3 6db263e20f2f4a4d8c7c3cccc392bab2 1fef74b8a9b44b0db968d26c57cf8916 - - default default] Skipping service tempest-service-987049412 as it have no endpoints.
2026-07-02 12:28:22.755 9 INFO neutron.wsgi [None req-8da8010d-a181-4b87-b1b5-74b962eaf1ef 6db263e20f2f4a4d8c7c3cccc392bab2 1fef74b8a9b44b0db968d26c57cf8916 - - default default] 10.0.0.85 "GET /v2.0/subnetpools HTTP/1.1" status: 200 len: 193 time: 0.0261893
2026-07-02 12:28:22.759 9 WARNING keystonemiddleware.audit [None req-8da8010d-a181-4b87-b1b5-74b962eaf1ef 6db263e20f2f4a4d8c7c3cccc392bab2 1fef74b8a9b44b0db968d26c57cf8916 - - default default] Skipping service tempest-service-987049412 as it have no endpoints.
2026-07-02 12:28:22.854 9 INFO neutron.wsgi [None req-4addbf51-43a3-49fb-8fff-f4a8a82f5a04 6db263e20f2f4a4d8c7c3cccc392bab2 1fef74b8a9b44b0db968d26c57cf8916 - - default default] 10.0.0.85 "GET /v2.0/security-groups HTTP/1.1" status: 200 len: 19583 time: 0.0958314
2026-07-02 12:28:22.860 9 WARNING keystonemiddleware.audit [None req-4addbf51-43a3-49fb-8fff-f4a8a82f5a04 6db263e20f2f4a4d8c7c3cccc392bab2 1fef74b8a9b44b0db968d26c57cf8916 - - default default] Skipping service tempest-service-987049412 as it have no endpoints.
2026-07-02 12:28:22.892 9 INFO neutron.wsgi [None req-a44c11d6-619b-4e5f-be66-a48c88af1e02 6db263e20f2f4a4d8c7c3cccc392bab2 1fef74b8a9b44b0db968d26c57cf8916 - - default default] 10.0.0.85 "GET /v2.0/subnets HTTP/1.1" status: 200 len: 2660 time: 0.0334148
2026-07-02 12:28:22.899 10 WARNING keystonemiddleware.audit [None req-1ead5214-cb13-4004-ad5d-21661e424897 - - - - - -] Skipping service tempest-service-987049412 as it have no endpoints.
2026-07-02 12:28:22.905 9 WARNING keystonemiddleware.audit [None req-a44c11d6-619b-4e5f-be66-a48c88af1e02 6db263e20f2f4a4d8c7c3cccc392bab2 1fef74b8a9b44b0db968d26c57cf8916 - - default default] Skipping service tempest-service-987049412 as it have no endpoints.
2026-07-02 12:28:22.978 9 INFO neutron.wsgi [None req-547d9ca5-04bc-4d29-88ba-19651429a394 6db263e20f2f4a4d8c7c3cccc392bab2 1fef74b8a9b44b0db968d26c57cf8916 - - default default] 10.0.0.85 "GET /v2.0/ports HTTP/1.1" status: 200 len: 8237 time: 0.0756402
2026-07-02 12:28:22.990 9 WARNING keystonemiddleware.audit [None req-547d9ca5-04bc-4d29-88ba-19651429a394 6db263e20f2f4a4d8c7c3cccc392bab2 1fef74b8a9b44b0db968d26c57cf8916 - - default default] Skipping service tempest-service-987049412 as it have no endpoints.
2026-07-02 12:28:22.995 10 INFO neutron.db.ovn_revision_numbers_db [None req-d2df4403-31ad-4853-9b75-78dd669b52ec 6db263e20f2f4a4d8c7c3cccc392bab2 1fef74b8a9b44b0db968d26c57cf8916 - - default default] Successfully bumped revision number for resource b81f7297-ada7-485c-8709-6f98cdfb7774 (type: security_groups) to 1
2026-07-02 12:28:23.004 9 INFO neutron.wsgi [None req-9062b4b5-e310-4153-921f-e96c239f07c9 6db263e20f2f4a4d8c7c3cccc392bab2 1fef74b8a9b44b0db968d26c57cf8916 - - default default] 10.0.0.85 "GET /v2.0/network-ip-availabilities HTTP/1.1" status: 200 len: 2379 time: 0.0173168
2026-07-02 12:28:23.007 9 WARNING keystonemiddleware.audit [None req-9062b4b5-e310-4153-921f-e96c239f07c9 6db263e20f2f4a4d8c7c3cccc392bab2 1fef74b8a9b44b0db968d26c57cf8916 - - default default] Skipping service tempest-service-987049412 as it have no endpoints.
2026-07-02 12:28:23.034 10 INFO neutron.wsgi [None req-d2df4403-31ad-4853-9b75-78dd669b52ec 6db263e20f2f4a4d8c7c3cccc392bab2 1fef74b8a9b44b0db968d26c57cf8916 - - default default] 10.0.0.190 "GET /v2.0/security-groups?tenant_id=6c5ca7d594ba48e19cce888a1b5ee4ff&name=default HTTP/1.1" status: 200 len: 2996 time: 0.3161290
2026-07-02 12:28:23.043 10 WARNING keystonemiddleware.audit [None req-da9e9a7c-3521-42eb-af67-c3002d151cb2 - - - - - -] Skipping service tempest-service-987049412 as it have no endpoints.
2026-07-02 12:28:23.079 9 WARNING neutron.scheduler.dhcp_agent_scheduler [None req-cf24ff54-acf7-43c7-82bd-0fe9d74aa773 d600f6ff0f444ac2a4249d02729fff5f 3b6e74c09f9a406197e966531a10036e - - - -] No more DHCP agents
2026-07-02 12:28:23.080 9 WARNING neutron.api.rpc.agentnotifiers.dhcp_rpc_agent_api [None req-cf24ff54-acf7-43c7-82bd-0fe9d74aa773 d600f6ff0f444ac2a4249d02729fff5f 3b6e74c09f9a406197e966531a10036e - - - -] Unable to schedule network 100afde8-27b8-4b5b-b92a-5d87584a4c30: no agents available; will retry on subsequent port and subnet creation events.
2026-07-02 12:28:23.168 9 INFO neutron.wsgi [None req-66a3b7be-bf65-4c28-95ff-63f15156f2a2 6db263e20f2f4a4d8c7c3cccc392bab2 1fef74b8a9b44b0db968d26c57cf8916 - - default default] 10.0.0.85 "GET /v2.0/networks HTTP/1.1" status: 200 len: 4584 time: 0.1629200
2026-07-02 12:28:23.173 9 WARNING keystonemiddleware.audit [None req-66a3b7be-bf65-4c28-95ff-63f15156f2a2 6db263e20f2f4a4d8c7c3cccc392bab2 1fef74b8a9b44b0db968d26c57cf8916 - - default default] Skipping service tempest-service-987049412 as it have no endpoints.
2026-07-02 12:28:23.212 9 INFO neutron.wsgi [None req-36f08374-8465-4291-aac2-7005bb9ed8b3 6db263e20f2f4a4d8c7c3cccc392bab2 1fef74b8a9b44b0db968d26c57cf8916 - - default default] 10.0.0.85 "GET /v2.0/floatingips HTTP/1.1" status: 200 len: 193 time: 0.0409658
2026-07-02 12:28:23.280 10 INFO neutron.wsgi [None req-89db5794-3335-49d6-a4bf-164f0486b33c 6db263e20f2f4a4d8c7c3cccc392bab2 1fef74b8a9b44b0db968d26c57cf8916 - - - -] 10.0.0.190 "DELETE /v2.0/security-groups/b81f7297-ada7-485c-8709-6f98cdfb7774 HTTP/1.1" status: 204 len: 168 time: 0.2385111
2026-07-02 12:28:23.404 10 WARNING keystonemiddleware.audit [None req-91cd97de-7ae9-4366-9d34-2c47f262d0d6 - - - - - -] Skipping service tempest-service-987049412 as it have no endpoints.
2026-07-02 12:28:23.493 10 INFO neutron.db.ovn_revision_numbers_db [None req-69810da8-fca1-4dc7-be53-b8080a61a4e0 6db263e20f2f4a4d8c7c3cccc392bab2 1fef74b8a9b44b0db968d26c57cf8916 - - default default] Successfully bumped revision number for resource b9b12e7d-6901-408a-9168-dc752a72525b (type: security_groups) to 1
2026-07-02 12:28:23.513 10 INFO neutron.wsgi [None req-69810da8-fca1-4dc7-be53-b8080a61a4e0 6db263e20f2f4a4d8c7c3cccc392bab2 1fef74b8a9b44b0db968d26c57cf8916 - - default default] 10.0.0.190 "GET /v2.0/security-groups?tenant_id=43948f030532417189ad6395533a9780&name=default HTTP/1.1" status: 200 len: 2996 time: 0.1191318
2026-07-02 12:28:23.520 10 WARNING keystonemiddleware.audit [None req-326949c2-2c3a-492e-8547-3c8bc2fc3bb5 - - - - - -] Skipping service tempest-service-987049412 as it have no endpoints.
2026-07-02 12:28:23.677 10 INFO neutron.wsgi [None req-fa8cc773-0f68-4387-aab5-ab35a96e0772 6db263e20f2f4a4d8c7c3cccc392bab2 1fef74b8a9b44b0db968d26c57cf8916 - - - -] 10.0.0.190 "DELETE /v2.0/security-groups/b9b12e7d-6901-408a-9168-dc752a72525b HTTP/1.1" status: 204 len: 168 time: 0.1587443
2026-07-02 12:28:23.797 9 INFO neutron.db.ovn_revision_numbers_db [None req-cf24ff54-acf7-43c7-82bd-0fe9d74aa773 d600f6ff0f444ac2a4249d02729fff5f 3b6e74c09f9a406197e966531a10036e - - - -] Successfully bumped revision number for resource c3e27c82-fc9e-49c1-ab51-bbd206082b72 (type: ports) to 2
2026-07-02 12:28:23.809 9 INFO neutron.db.ovn_revision_numbers_db [None req-cf24ff54-acf7-43c7-82bd-0fe9d74aa773 d600f6ff0f444ac2a4249d02729fff5f 3b6e74c09f9a406197e966531a10036e - - - -] Successfully bumped revision number for resource e784cf01-9162-49b9-9557-62473d35e156 (type: subnets) to 0
2026-07-02 12:28:23.827 9 INFO neutron.wsgi [None req-cf24ff54-acf7-43c7-82bd-0fe9d74aa773 d600f6ff0f444ac2a4249d02729fff5f 3b6e74c09f9a406197e966531a10036e - - - -] 10.0.0.190 "POST /v2.0/subnets HTTP/1.1" status: 201 len: 804 time: 1.2586343
2026-07-02 12:28:23.831 10 WARNING keystonemiddleware.audit [None req-dbea22ed-a137-4a01-ac07-c6aa9ba9905c - - - - - -] Skipping service tempest-service-987049412 as it have no endpoints.
2026-07-02 12:28:23.924 10 INFO neutron.db.ovn_revision_numbers_db [None req-ca243fca-3eae-4613-b25c-f5357dce01c6 6db263e20f2f4a4d8c7c3cccc392bab2 1fef74b8a9b44b0db968d26c57cf8916 - - default default] Successfully bumped revision number for resource 1aadea81-44fc-4126-81c8-c1bd917c19d3 (type: security_groups) to 1
2026-07-02 12:28:23.924 9 INFO neutron.db.segments_db [None req-eb80cc3c-3eea-47f4-82b7-8d67900d4eae d600f6ff0f444ac2a4249d02729fff5f 3b6e74c09f9a406197e966531a10036e - - - -] Added segment ef87f935-edb7-415b-b092-22be6996a5bb of type geneve for network bc61cbd5-d282-4a17-89ab-c905823334a2
2026-07-02 12:28:23.951 10 INFO neutron.wsgi [None req-ca243fca-3eae-4613-b25c-f5357dce01c6 6db263e20f2f4a4d8c7c3cccc392bab2 1fef74b8a9b44b0db968d26c57cf8916 - - default default] 10.0.0.190 "GET /v2.0/security-groups?tenant_id=d9e55d2a94a54b45b8e2de9285e2fde6&name=default HTTP/1.1" status: 200 len: 2996 time: 0.1238880
2026-07-02 12:28:23.959 10 WARNING keystonemiddleware.audit [None req-8f635dc4-053c-485a-bed8-3e47447be1aa - - - - - -] Skipping service tempest-service-987049412 as it have no endpoints.
2026-07-02 12:28:24.085 9 INFO neutron.db.ovn_revision_numbers_db [None req-eb80cc3c-3eea-47f4-82b7-8d67900d4eae d600f6ff0f444ac2a4249d02729fff5f 3b6e74c09f9a406197e966531a10036e - - - -] Successfully bumped revision number for resource bc61cbd5-d282-4a17-89ab-c905823334a2 (type: networks) to 1
2026-07-02 12:28:24.178 10 INFO neutron.wsgi [None req-1e2cf8d1-9262-47c1-9488-2a43da8a4566 6db263e20f2f4a4d8c7c3cccc392bab2 1fef74b8a9b44b0db968d26c57cf8916 - - - -] 10.0.0.190 "DELETE /v2.0/security-groups/1aadea81-44fc-4126-81c8-c1bd917c19d3 HTTP/1.1" status: 204 len: 168 time: 0.2212648
2026-07-02 12:28:24.224 10 INFO neutron.db.ovn_revision_numbers_db [None req-6c4a97a0-59ed-4a3c-a681-f47ba59b5821 6db263e20f2f4a4d8c7c3cccc392bab2 1fef74b8a9b44b0db968d26c57cf8916 - - default default] Successfully bumped revision number for resource 26d5dfe0-6e90-4939-99d3-bf4ecc564406 (type: security_groups) to 1
2026-07-02 12:28:24.247 10 INFO neutron.wsgi [None req-6c4a97a0-59ed-4a3c-a681-f47ba59b5821 6db263e20f2f4a4d8c7c3cccc392bab2 1fef74b8a9b44b0db968d26c57cf8916 - - default default] 10.0.0.190 "GET /v2.0/security-groups?tenant_id=50ffa0c5db2e4473a4cde3e95fb54fa9&name=default HTTP/1.1" status: 200 len: 2996 time: 0.2637622
2026-07-02 12:28:24.318 9 WARNING neutron.scheduler.dhcp_agent_scheduler [None req-eb80cc3c-3eea-47f4-82b7-8d67900d4eae d600f6ff0f444ac2a4249d02729fff5f 3b6e74c09f9a406197e966531a10036e - - - -] No more DHCP agents
2026-07-02 12:28:24.322 9 WARNING neutron.api.rpc.agentnotifiers.dhcp_rpc_agent_api [None req-eb80cc3c-3eea-47f4-82b7-8d67900d4eae d600f6ff0f444ac2a4249d02729fff5f 3b6e74c09f9a406197e966531a10036e - - - -] Unable to schedule network bc61cbd5-d282-4a17-89ab-c905823334a2: no agents available; will retry on subsequent port and subnet creation events.
2026-07-02 12:28:24.385 9 INFO neutron.db.ovn_revision_numbers_db [None req-eb80cc3c-3eea-47f4-82b7-8d67900d4eae d600f6ff0f444ac2a4249d02729fff5f 3b6e74c09f9a406197e966531a10036e - - - -] Successfully bumped revision number for resource a01b052a-d592-4794-bd01-0ec2cc03525f (type: ports) to 1
2026-07-02 12:28:24.409 9 INFO neutron.wsgi [None req-eb80cc3c-3eea-47f4-82b7-8d67900d4eae d600f6ff0f444ac2a4249d02729fff5f 3b6e74c09f9a406197e966531a10036e - - - -] 10.0.0.190 "POST /v2.0/networks HTTP/1.1" status: 201 len: 831 time: 0.5763576
2026-07-02 12:28:24.438 10 INFO neutron.wsgi [None req-a00d08dd-cc6f-40eb-b205-d4dd73b3d482 6db263e20f2f4a4d8c7c3cccc392bab2 1fef74b8a9b44b0db968d26c57cf8916 - - - -] 10.0.0.190 "DELETE /v2.0/security-groups/26d5dfe0-6e90-4939-99d3-bf4ecc564406 HTTP/1.1" status: 204 len: 168 time: 0.1857069
2026-07-02 12:28:24.664 9 WARNING neutron.scheduler.dhcp_agent_scheduler [None req-147287de-ac91-447e-affb-1966f57dc6b2 d600f6ff0f444ac2a4249d02729fff5f 3b6e74c09f9a406197e966531a10036e - - - -] No more DHCP agents
2026-07-02 12:28:24.666 9 WARNING neutron.api.rpc.agentnotifiers.dhcp_rpc_agent_api [None req-147287de-ac91-447e-affb-1966f57dc6b2 d600f6ff0f444ac2a4249d02729fff5f 3b6e74c09f9a406197e966531a10036e - - - -] Unable to schedule network bc61cbd5-d282-4a17-89ab-c905823334a2: no agents available; will retry on subsequent port and subnet creation events.
2026-07-02 12:28:24.715 10 INFO neutron.db.ovn_revision_numbers_db [None req-b1e053f3-62f9-4876-984c-fed9b990d7c7 6db263e20f2f4a4d8c7c3cccc392bab2 1fef74b8a9b44b0db968d26c57cf8916 - - default default] Successfully bumped revision number for resource 6b3275e7-6640-471b-8efd-440fd2225522 (type: security_groups) to 1
2026-07-02 12:28:24.734 10 INFO neutron.wsgi [None req-b1e053f3-62f9-4876-984c-fed9b990d7c7 6db263e20f2f4a4d8c7c3cccc392bab2 1fef74b8a9b44b0db968d26c57cf8916 - - default default] 10.0.0.190 "GET /v2.0/security-groups?tenant_id=031739a56c224e879f947433e3b93006&name=default HTTP/1.1" status: 200 len: 2996 time: 0.1127481
2026-07-02 12:28:24.908 10 INFO neutron.wsgi [None req-9d86cd8d-0649-4a8a-a8d0-e4295319059b 6db263e20f2f4a4d8c7c3cccc392bab2 1fef74b8a9b44b0db968d26c57cf8916 - - - -] 10.0.0.190 "DELETE /v2.0/security-groups/6b3275e7-6640-471b-8efd-440fd2225522 HTTP/1.1" status: 204 len: 168 time: 0.1691761
2026-07-02 12:28:25.124 9 INFO neutron.db.ovn_revision_numbers_db [None req-147287de-ac91-447e-affb-1966f57dc6b2 d600f6ff0f444ac2a4249d02729fff5f 3b6e74c09f9a406197e966531a10036e - - - -] Successfully bumped revision number for resource a01b052a-d592-4794-bd01-0ec2cc03525f (type: ports) to 2
2026-07-02 12:28:25.147 9 INFO neutron.db.ovn_revision_numbers_db [None req-147287de-ac91-447e-affb-1966f57dc6b2 d600f6ff0f444ac2a4249d02729fff5f 3b6e74c09f9a406197e966531a10036e - - - -] Successfully bumped revision number for resource 0558ddce-74d5-43cf-8948-1e72cf35d9b6 (type: subnets) to 0
2026-07-02 12:28:25.164 9 INFO neutron.wsgi [None req-147287de-ac91-447e-affb-1966f57dc6b2 d600f6ff0f444ac2a4249d02729fff5f 3b6e74c09f9a406197e966531a10036e - - - -] 10.0.0.190 "POST /v2.0/subnets HTTP/1.1" status: 201 len: 804 time: 0.7440157
2026-07-02 12:28:25.249 9 INFO neutron.db.segments_db [None req-a8c2d626-3a18-43a4-952d-3a0405b4bcb5 d600f6ff0f444ac2a4249d02729fff5f 3b6e74c09f9a406197e966531a10036e - - - -] Added segment 3bea7c33-f89a-43a6-847c-72c3c4d40cb9 of type geneve for network 9596af74-c897-4da2-b002-1ec36cc8ca18
2026-07-02 12:28:25.376 9 INFO neutron.db.ovn_revision_numbers_db [None req-a8c2d626-3a18-43a4-952d-3a0405b4bcb5 d600f6ff0f444ac2a4249d02729fff5f 3b6e74c09f9a406197e966531a10036e - - - -] Successfully bumped revision number for resource 9596af74-c897-4da2-b002-1ec36cc8ca18 (type: networks) to 1
2026-07-02 12:28:25.571 9 WARNING neutron.scheduler.dhcp_agent_scheduler [None req-a8c2d626-3a18-43a4-952d-3a0405b4bcb5 d600f6ff0f444ac2a4249d02729fff5f 3b6e74c09f9a406197e966531a10036e - - - -] No more DHCP agents
2026-07-02 12:28:25.575 9 WARNING neutron.api.rpc.agentnotifiers.dhcp_rpc_agent_api [None req-a8c2d626-3a18-43a4-952d-3a0405b4bcb5 d600f6ff0f444ac2a4249d02729fff5f 3b6e74c09f9a406197e966531a10036e - - - -] Unable to schedule network 9596af74-c897-4da2-b002-1ec36cc8ca18: no agents available; will retry on subsequent port and subnet creation events.
2026-07-02 12:28:25.657 9 INFO neutron.db.ovn_revision_numbers_db [None req-a8c2d626-3a18-43a4-952d-3a0405b4bcb5 d600f6ff0f444ac2a4249d02729fff5f 3b6e74c09f9a406197e966531a10036e - - - -] Successfully bumped revision number for resource 46e40840-baa5-4359-b80c-0c082782fe9d (type: ports) to 1
2026-07-02 12:28:25.680 9 INFO neutron.wsgi [None req-a8c2d626-3a18-43a4-952d-3a0405b4bcb5 d600f6ff0f444ac2a4249d02729fff5f 3b6e74c09f9a406197e966531a10036e - - - -] 10.0.0.190 "POST /v2.0/networks HTTP/1.1" status: 201 len: 831 time: 0.5109873
2026-07-02 12:28:25.958 9 WARNING neutron.scheduler.dhcp_agent_scheduler [None req-bc0268fb-97d6-4cc5-a4eb-1410c1ddda29 d600f6ff0f444ac2a4249d02729fff5f 3b6e74c09f9a406197e966531a10036e - - - -] No more DHCP agents
2026-07-02 12:28:25.960 9 WARNING neutron.api.rpc.agentnotifiers.dhcp_rpc_agent_api [None req-bc0268fb-97d6-4cc5-a4eb-1410c1ddda29 d600f6ff0f444ac2a4249d02729fff5f 3b6e74c09f9a406197e966531a10036e - - - -] Unable to schedule network 9596af74-c897-4da2-b002-1ec36cc8ca18: no agents available; will retry on subsequent port and subnet creation events.
2026-07-02 12:28:26.426 9 INFO neutron.db.ovn_revision_numbers_db [None req-bc0268fb-97d6-4cc5-a4eb-1410c1ddda29 d600f6ff0f444ac2a4249d02729fff5f 3b6e74c09f9a406197e966531a10036e - - - -] Successfully bumped revision number for resource 46e40840-baa5-4359-b80c-0c082782fe9d (type: ports) to 2
2026-07-02 12:28:26.438 9 INFO neutron.db.ovn_revision_numbers_db [None req-bc0268fb-97d6-4cc5-a4eb-1410c1ddda29 d600f6ff0f444ac2a4249d02729fff5f 3b6e74c09f9a406197e966531a10036e - - - -] Successfully bumped revision number for resource dc07766b-c09c-4868-a5ab-7499ed40b1b5 (type: subnets) to 0
2026-07-02 12:28:26.456 9 INFO neutron.wsgi [None req-bc0268fb-97d6-4cc5-a4eb-1410c1ddda29 d600f6ff0f444ac2a4249d02729fff5f 3b6e74c09f9a406197e966531a10036e - - - -] 10.0.0.190 "POST /v2.0/subnets HTTP/1.1" status: 201 len: 804 time: 0.7673385
2026-07-02 12:28:26.519 9 INFO neutron.wsgi [None req-b19cab62-110e-4108-a880-32eaef64841a d600f6ff0f444ac2a4249d02729fff5f 3b6e74c09f9a406197e966531a10036e - - - -] 10.0.0.190 "PUT /v2.0/subnets/47d4e94d-6cdb-4b8e-a5a6-cec7b8a44395/tags HTTP/1.1" status: 200 len: 210 time: 0.0584221
2026-07-02 12:28:26.596 10 INFO neutron.wsgi [None req-31f1633f-52ff-4ffb-b8d6-4b2ed39a2b21 d600f6ff0f444ac2a4249d02729fff5f 3b6e74c09f9a406197e966531a10036e - - - -] 10.0.0.190 "PUT /v2.0/subnets/be19fbe0-7738-45e3-86a3-a27e024e8d66/tags HTTP/1.1" status: 200 len: 218 time: 0.0729871
2026-07-02 12:28:26.646 9 INFO neutron.wsgi [None req-9b94a625-fe12-489e-a052-bec64c2592fc d600f6ff0f444ac2a4249d02729fff5f 3b6e74c09f9a406197e966531a10036e - - - -] 10.0.0.190 "PUT /v2.0/subnets/e784cf01-9162-49b9-9557-62473d35e156/tags HTTP/1.1" status: 200 len: 227 time: 0.0439980
2026-07-02 12:28:26.672 9 INFO neutron.db.ovn_revision_numbers_db [None req-c65d7638-9b1f-4e03-8b2c-fd7fe9714a6b 23dd5fc0a6794b5d89a2cd5c313bd77b aa61539c555d4937949fe869e81c12c0 - - - -] Successfully bumped revision number for resource abc83f0c-26f7-4eb9-bb49-a113dd92b9ad (type: security_groups) to 1
2026-07-02 12:28:26.697 9 INFO neutron.wsgi [None req-d82f867a-0f69-4ad1-a1da-82ad4110e161 d600f6ff0f444ac2a4249d02729fff5f 3b6e74c09f9a406197e966531a10036e - - - -] 10.0.0.190 "PUT /v2.0/subnets/0558ddce-74d5-43cf-8948-1e72cf35d9b6/tags HTTP/1.1" status: 200 len: 212 time: 0.0408549
2026-07-02 12:28:26.740 9 INFO neutron.db.segments_db [None req-c65d7638-9b1f-4e03-8b2c-fd7fe9714a6b 23dd5fc0a6794b5d89a2cd5c313bd77b aa61539c555d4937949fe869e81c12c0 - - - -] Added segment ddcc7b5b-6228-46fe-bf14-eeb6891a1e3c of type geneve for network a3619722-5a7e-4fb4-9b34-bd7faded7e3c
2026-07-02 12:28:26.764 9 INFO neutron.wsgi [None req-13f83b9c-5bf6-4f71-9565-bd893922e525 d600f6ff0f444ac2a4249d02729fff5f 3b6e74c09f9a406197e966531a10036e - - default default] 10.0.0.190 "GET /v2.0/subnets?tags=red HTTP/1.1" status: 200 len: 2027 time: 0.0625370
2026-07-02 12:28:26.832 9 INFO neutron.wsgi [None req-b76a4565-cdfe-4c43-acae-ac0378d63bb6 d600f6ff0f444ac2a4249d02729fff5f 3b6e74c09f9a406197e966531a10036e - - default default] 10.0.0.190 "GET /v2.0/subnets?tags=red%2Cblue HTTP/1.1" status: 200 len: 1430 time: 0.0629327
2026-07-02 12:28:26.900 10 INFO neutron.wsgi [None req-4bc70ede-8b18-43b4-936e-8ff9449bf1f3 d600f6ff0f444ac2a4249d02729fff5f 3b6e74c09f9a406197e966531a10036e - - default default] 10.0.0.190 "GET /v2.0/subnets?tags-any=blue HTTP/1.1" status: 200 len: 1430 time: 0.0589108
2026-07-02 12:28:26.910 9 INFO neutron.db.ovn_revision_numbers_db [None req-c65d7638-9b1f-4e03-8b2c-fd7fe9714a6b 23dd5fc0a6794b5d89a2cd5c313bd77b aa61539c555d4937949fe869e81c12c0 - - - -] Successfully bumped revision number for resource a3619722-5a7e-4fb4-9b34-bd7faded7e3c (type: networks) to 1
2026-07-02 12:28:26.948 10 INFO neutron.wsgi [None req-76685fec-8fe6-4a4d-bd92-b43d629ab121 d600f6ff0f444ac2a4249d02729fff5f 3b6e74c09f9a406197e966531a10036e - - default default] 10.0.0.190 "GET /v2.0/subnets?tags-any=red%2Cblue HTTP/1.1" status: 200 len: 2027 time: 0.0416968
2026-07-02 12:28:27.010 10 INFO neutron.wsgi [None req-4a369be1-d629-45db-9931-aa996f0eb98b d600f6ff0f444ac2a4249d02729fff5f 3b6e74c09f9a406197e966531a10036e - - default default] 10.0.0.190 "GET /v2.0/subnets?not-tags=red HTTP/1.1" status: 200 len: 2018 time: 0.0582974
2026-07-02 12:28:27.083 10 INFO neutron.wsgi [None req-7631e065-b5f2-412b-a154-1b08e8c9236e d600f6ff0f444ac2a4249d02729fff5f 3b6e74c09f9a406197e966531a10036e - - default default] 10.0.0.190 "GET /v2.0/subnets?not-tags=red%2Cblue HTTP/1.1" status: 200 len: 2615 time: 0.0655489
2026-07-02 12:28:27.118 9 WARNING neutron.scheduler.dhcp_agent_scheduler [None req-c65d7638-9b1f-4e03-8b2c-fd7fe9714a6b 23dd5fc0a6794b5d89a2cd5c313bd77b aa61539c555d4937949fe869e81c12c0 - - - -] No more DHCP agents
2026-07-02 12:28:27.122 9 WARNING neutron.api.rpc.agentnotifiers.dhcp_rpc_agent_api [None req-c65d7638-9b1f-4e03-8b2c-fd7fe9714a6b 23dd5fc0a6794b5d89a2cd5c313bd77b aa61539c555d4937949fe869e81c12c0 - - - -] Unable to schedule network a3619722-5a7e-4fb4-9b34-bd7faded7e3c: no agents available; will retry on subsequent port and subnet creation events.
2026-07-02 12:28:27.155 10 INFO neutron.wsgi [None req-71dee566-8cd3-40aa-b4e8-68025a8f434b d600f6ff0f444ac2a4249d02729fff5f 3b6e74c09f9a406197e966531a10036e - - default default] 10.0.0.190 "GET /v2.0/subnets?not-tags-any=blue HTTP/1.1" status: 200 len: 2615 time: 0.0648267
2026-07-02 12:28:27.188 9 INFO neutron.db.ovn_revision_numbers_db [None req-c65d7638-9b1f-4e03-8b2c-fd7fe9714a6b 23dd5fc0a6794b5d89a2cd5c313bd77b aa61539c555d4937949fe869e81c12c0 - - - -] Successfully bumped revision number for resource 080d502a-58a5-449a-bacb-5ed58ef4e51e (type: ports) to 1
2026-07-02 12:28:27.209 9 INFO neutron.wsgi [None req-c65d7638-9b1f-4e03-8b2c-fd7fe9714a6b 23dd5fc0a6794b5d89a2cd5c313bd77b aa61539c555d4937949fe869e81c12c0 - - - -] 10.0.0.190 "POST /v2.0/networks HTTP/1.1" status: 201 len: 830 time: 0.8981423
2026-07-02 12:28:27.391 10 INFO neutron.wsgi [None req-e7778b55-6524-4d77-846e-f4385ba22f00 d600f6ff0f444ac2a4249d02729fff5f 3b6e74c09f9a406197e966531a10036e - - default default] 10.0.0.190 "GET /v2.0/subnets?not-tags-any=red%2Cblue HTTP/1.1" status: 200 len: 2018 time: 0.2321157
2026-07-02 12:28:27.471 9 WARNING neutron.scheduler.dhcp_agent_scheduler [None req-dbb220d6-f152-48aa-8c41-4b1a2bc3e9a2 23dd5fc0a6794b5d89a2cd5c313bd77b aa61539c555d4937949fe869e81c12c0 - - - -] No more DHCP agents
2026-07-02 12:28:27.482 9 WARNING neutron.api.rpc.agentnotifiers.dhcp_rpc_agent_api [None req-dbb220d6-f152-48aa-8c41-4b1a2bc3e9a2 23dd5fc0a6794b5d89a2cd5c313bd77b aa61539c555d4937949fe869e81c12c0 - - - -] Unable to schedule network a3619722-5a7e-4fb4-9b34-bd7faded7e3c: no agents available; will retry on subsequent port and subnet creation events.
2026-07-02 12:28:27.535 9 INFO neutron.db.ovn_revision_numbers_db [None req-7a7aa067-2952-476f-ad62-5b0aaa18b7fe 6db263e20f2f4a4d8c7c3cccc392bab2 1fef74b8a9b44b0db968d26c57cf8916 - - default default] Successfully bumped revision number for resource 956e0ae6-16ee-46ea-95b0-e1b79d5af89d (type: security_groups) to 1
2026-07-02 12:28:27.557 9 INFO neutron.db.ovn_revision_numbers_db [None req-dbb220d6-f152-48aa-8c41-4b1a2bc3e9a2 23dd5fc0a6794b5d89a2cd5c313bd77b aa61539c555d4937949fe869e81c12c0 - - - -] Successfully bumped revision number for resource e906e507-f3f3-4747-98d1-27b7cf3c3ecb (type: ports) to 1
2026-07-02 12:28:27.560 9 INFO neutron.wsgi [None req-7a7aa067-2952-476f-ad62-5b0aaa18b7fe 6db263e20f2f4a4d8c7c3cccc392bab2 1fef74b8a9b44b0db968d26c57cf8916 - - default default] 10.0.0.190 "GET /v2.0/security-groups?tenant_id=2c4b9a7a3878469781ac47fcf59dcb48&name=default HTTP/1.1" status: 200 len: 2996 time: 0.3466849
2026-07-02 12:28:27.580 9 INFO neutron.wsgi [None req-dbb220d6-f152-48aa-8c41-4b1a2bc3e9a2 23dd5fc0a6794b5d89a2cd5c313bd77b aa61539c555d4937949fe869e81c12c0 - - - -] 10.0.0.190 "POST /v2.0/ports HTTP/1.1" status: 201 len: 942 time: 0.3660443 /var/lib/openstack/lib/python3.10/site-packages/pycadf/identifier.py:71: UserWarning: Invalid uuid: neutron. To ensure interoperability, identifiers should be a valid uuid. warnings.warn(('Invalid uuid: %s. To ensure interoperability, '
2026-07-02 12:28:27.640 10 INFO neutron.wsgi [None req-9b831396-7f2c-46af-9e66-69d86df45370 d600f6ff0f444ac2a4249d02729fff5f 3b6e74c09f9a406197e966531a10036e - - - -] 10.0.0.190 "DELETE /v2.0/subnets/47d4e94d-6cdb-4b8e-a5a6-cec7b8a44395 HTTP/1.1" status: 204 len: 168 time: 0.2409406
2026-07-02 12:28:27.676 9 INFO neutron.db.segments_db [None req-d6101d26-5e1b-4dba-94fa-556ca1f54d5f 23dd5fc0a6794b5d89a2cd5c313bd77b aa61539c555d4937949fe869e81c12c0 - - - -] Added segment e70c8921-f737-4cc6-8db7-9a99fb96a745 of type geneve for network ba36f866-679a-4ed7-8759-5ae622b017d4
2026-07-02 12:28:27.757 10 INFO neutron.wsgi [None req-09f08009-b3c8-4da0-b901-32d3c51cb688 6db263e20f2f4a4d8c7c3cccc392bab2 1fef74b8a9b44b0db968d26c57cf8916 - - - -] 10.0.0.190 "DELETE /v2.0/security-groups/956e0ae6-16ee-46ea-95b0-e1b79d5af89d HTTP/1.1" status: 204 len: 168 time: 0.1887214
2026-07-02 12:28:28.064 9 INFO neutron.db.ovn_revision_numbers_db [None req-d6101d26-5e1b-4dba-94fa-556ca1f54d5f 23dd5fc0a6794b5d89a2cd5c313bd77b aa61539c555d4937949fe869e81c12c0 - - - -] Successfully bumped revision number for resource ba36f866-679a-4ed7-8759-5ae622b017d4 (type: networks) to 1
2026-07-02 12:28:28.171 9 INFO neutron.wsgi [None req-9cdfc47c-1b61-4be9-8437-f15d76a5e387 d600f6ff0f444ac2a4249d02729fff5f 3b6e74c09f9a406197e966531a10036e - - - -] 10.0.0.190 "DELETE /v2.0/subnets/be19fbe0-7738-45e3-86a3-a27e024e8d66 HTTP/1.1" status: 204 len: 168 time: 0.5242603
2026-07-02 12:28:28.270 9 WARNING neutron.scheduler.dhcp_agent_scheduler [None req-d6101d26-5e1b-4dba-94fa-556ca1f54d5f 23dd5fc0a6794b5d89a2cd5c313bd77b aa61539c555d4937949fe869e81c12c0 - - - -] No more DHCP agents
2026-07-02 12:28:28.280 9 WARNING neutron.api.rpc.agentnotifiers.dhcp_rpc_agent_api [None req-d6101d26-5e1b-4dba-94fa-556ca1f54d5f 23dd5fc0a6794b5d89a2cd5c313bd77b aa61539c555d4937949fe869e81c12c0 - - - -] Unable to schedule network ba36f866-679a-4ed7-8759-5ae622b017d4: no agents available; will retry on subsequent port and subnet creation events.
2026-07-02 12:28:28.351 9 INFO neutron.db.ovn_revision_numbers_db [None req-d6101d26-5e1b-4dba-94fa-556ca1f54d5f 23dd5fc0a6794b5d89a2cd5c313bd77b aa61539c555d4937949fe869e81c12c0 - - - -] Successfully bumped revision number for resource aeaf1894-fc58-4220-8c96-bfccc622bebc (type: ports) to 1
2026-07-02 12:28:28.377 9 INFO neutron.wsgi [None req-d6101d26-5e1b-4dba-94fa-556ca1f54d5f 23dd5fc0a6794b5d89a2cd5c313bd77b aa61539c555d4937949fe869e81c12c0 - - - -] 10.0.0.190 "POST /v2.0/networks HTTP/1.1" status: 201 len: 830 time: 0.7892811
2026-07-02 12:28:28.397 10 INFO neutron.wsgi [None req-5f7cecf5-b39e-4892-99eb-30dee8337e28 d600f6ff0f444ac2a4249d02729fff5f 3b6e74c09f9a406197e966531a10036e - - - -] 10.0.0.190 "DELETE /v2.0/subnets/e784cf01-9162-49b9-9557-62473d35e156 HTTP/1.1" status: 204 len: 168 time: 0.2202218
2026-07-02 12:28:28.597 9 WARNING neutron.scheduler.dhcp_agent_scheduler [None req-27b44cb9-2ac3-42c9-bd80-7966298cdd33 23dd5fc0a6794b5d89a2cd5c313bd77b aa61539c555d4937949fe869e81c12c0 - - - -] No more DHCP agents
2026-07-02 12:28:28.600 9 WARNING neutron.api.rpc.agentnotifiers.dhcp_rpc_agent_api [None req-27b44cb9-2ac3-42c9-bd80-7966298cdd33 23dd5fc0a6794b5d89a2cd5c313bd77b aa61539c555d4937949fe869e81c12c0 - - - -] Unable to schedule network ba36f866-679a-4ed7-8759-5ae622b017d4: no agents available; will retry on subsequent port and subnet creation events.
2026-07-02 12:28:28.604 10 INFO neutron.wsgi [None req-700b073c-be30-4be1-964b-694cb0f2260b d600f6ff0f444ac2a4249d02729fff5f 3b6e74c09f9a406197e966531a10036e - - - -] 10.0.0.190 "DELETE /v2.0/subnets/0558ddce-74d5-43cf-8948-1e72cf35d9b6 HTTP/1.1" status: 204 len: 168 time: 0.2023785
2026-07-02 12:28:28.670 9 INFO neutron.db.ovn_revision_numbers_db [None req-27b44cb9-2ac3-42c9-bd80-7966298cdd33 23dd5fc0a6794b5d89a2cd5c313bd77b aa61539c555d4937949fe869e81c12c0 - - - -] Successfully bumped revision number for resource 56149422-2ba8-4e62-95e8-a5215fd65f61 (type: ports) to 1
2026-07-02 12:28:28.693 9 INFO neutron.wsgi [None req-27b44cb9-2ac3-42c9-bd80-7966298cdd33 23dd5fc0a6794b5d89a2cd5c313bd77b aa61539c555d4937949fe869e81c12c0 - - - -] 10.0.0.190 "POST /v2.0/ports HTTP/1.1" status: 201 len: 942 time: 0.3111858 /var/lib/openstack/lib/python3.10/site-packages/pycadf/identifier.py:71: UserWarning: Invalid uuid: neutron. To ensure interoperability, identifiers should be a valid uuid. warnings.warn(('Invalid uuid: %s. To ensure interoperability, '
2026-07-02 12:28:28.787 9 INFO neutron.db.segments_db [None req-8b6ba421-2975-464c-97aa-e9ef7b46beee 23dd5fc0a6794b5d89a2cd5c313bd77b aa61539c555d4937949fe869e81c12c0 - - - -] Added segment a58a98c7-a2b8-45bf-a145-14d05fdb44a0 of type geneve for network 22a98369-dca4-49ea-92f8-647587867bdf
2026-07-02 12:28:28.820 10 INFO neutron.wsgi [None req-e6dc08f6-de20-4a50-8742-b6e5a1d16f6a d600f6ff0f444ac2a4249d02729fff5f 3b6e74c09f9a406197e966531a10036e - - - -] 10.0.0.190 "DELETE /v2.0/subnets/dc07766b-c09c-4868-a5ab-7499ed40b1b5 HTTP/1.1" status: 204 len: 168 time: 0.2091746
2026-07-02 12:28:28.972 9 INFO neutron.db.ovn_revision_numbers_db [None req-8b6ba421-2975-464c-97aa-e9ef7b46beee 23dd5fc0a6794b5d89a2cd5c313bd77b aa61539c555d4937949fe869e81c12c0 - - - -] Successfully bumped revision number for resource 22a98369-dca4-49ea-92f8-647587867bdf (type: networks) to 1
2026-07-02 12:28:28.996 10 INFO neutron.db.ovn_revision_numbers_db [None req-9b365713-d2e6-4602-a7e5-94cf49b90c01 6ae75c9eed2a405999f453ca077dbbcf 92ac3c2fd6014c51aba378ef874cd392 - - - -] Successfully bumped revision number for resource 54c0a7fa-6102-43b3-9180-87da579d815e (type: routers) to 1
2026-07-02 12:28:29.015 10 INFO neutron.wsgi [None req-9b365713-d2e6-4602-a7e5-94cf49b90c01 6ae75c9eed2a405999f453ca077dbbcf 92ac3c2fd6014c51aba378ef874cd392 - - - -] 10.0.0.190 "POST /v2.0/routers HTTP/1.1" status: 201 len: 654 time: 0.4910324
2026-07-02 12:28:29.198 10 INFO neutron.db.ovn_revision_numbers_db [None req-4d0c8be1-2460-4d23-a5eb-683772e74a05 6ae75c9eed2a405999f453ca077dbbcf 92ac3c2fd6014c51aba378ef874cd392 - - - -] Successfully bumped revision number for resource f1ded8fd-a16f-4e11-9c3f-33425ff4fa63 (type: routers) to 1
2026-07-02 12:28:29.213 10 INFO neutron.wsgi [None req-4d0c8be1-2460-4d23-a5eb-683772e74a05 6ae75c9eed2a405999f453ca077dbbcf 92ac3c2fd6014c51aba378ef874cd392 - - - -] 10.0.0.190 "POST /v2.0/routers HTTP/1.1" status: 201 len: 654 time: 0.1937773
2026-07-02 12:28:29.239 9 WARNING neutron.scheduler.dhcp_agent_scheduler [None req-8b6ba421-2975-464c-97aa-e9ef7b46beee 23dd5fc0a6794b5d89a2cd5c313bd77b aa61539c555d4937949fe869e81c12c0 - - - -] No more DHCP agents
2026-07-02 12:28:29.246 9 WARNING neutron.api.rpc.agentnotifiers.dhcp_rpc_agent_api [None req-8b6ba421-2975-464c-97aa-e9ef7b46beee 23dd5fc0a6794b5d89a2cd5c313bd77b aa61539c555d4937949fe869e81c12c0 - - - -] Unable to schedule network 22a98369-dca4-49ea-92f8-647587867bdf: no agents available; will retry on subsequent port and subnet creation events.
2026-07-02 12:28:29.348 9 INFO neutron.db.ovn_revision_numbers_db [None req-8b6ba421-2975-464c-97aa-e9ef7b46beee 23dd5fc0a6794b5d89a2cd5c313bd77b aa61539c555d4937949fe869e81c12c0 - - - -] Successfully bumped revision number for resource 69add166-70b6-45ba-ae15-9a3f446338c2 (type: ports) to 1
2026-07-02 12:28:29.360 9 INFO neutron.services.segments.plugin [-] Segment 94e0edb5-5266-43ad-bceb-dd84bf400b8d resource provider aggregate not found
2026-07-02 12:28:29.364 9 INFO neutron.services.segments.plugin [-] Segment 94e0edb5-5266-43ad-bceb-dd84bf400b8d resource provider aggregate not found
2026-07-02 12:28:29.382 9 INFO neutron.services.segments.plugin [-] Segment 94e0edb5-5266-43ad-bceb-dd84bf400b8d resource provider not found; error: Placement Client Error (4xx): {"errors": [{"status": 404, "title": "Not Found", "detail": "The resource could not be found.\n\n No resource provider with uuid 94e0edb5-5266-43ad-bceb-dd84bf400b8d found for delete ", "request_id": "req-5cbd6eae-1ed8-433c-8c0b-62dfe701bc88"}]}
2026-07-02 12:28:29.382 9 INFO neutron.services.segments.plugin [-] Segment 94e0edb5-5266-43ad-bceb-dd84bf400b8d resource provider not found; error: Placement Client Error (4xx): {"errors": [{"status": 404, "title": "Not Found", "detail": "The resource could not be found.\n\n No resource provider with uuid 94e0edb5-5266-43ad-bceb-dd84bf400b8d found for delete ", "request_id": "req-54cce25c-21d8-45db-9e61-00e50e0b747e"}]}
2026-07-02 12:28:29.391 9 INFO neutron.wsgi [None req-8b6ba421-2975-464c-97aa-e9ef7b46beee 23dd5fc0a6794b5d89a2cd5c313bd77b aa61539c555d4937949fe869e81c12c0 - - - -] 10.0.0.190 "POST /v2.0/networks HTTP/1.1" status: 201 len: 831 time: 0.6932437
2026-07-02 12:28:29.407 10 INFO neutron.db.ovn_revision_numbers_db [None req-c04baf66-affe-4daa-b091-83e1f5bdd851 6ae75c9eed2a405999f453ca077dbbcf 92ac3c2fd6014c51aba378ef874cd392 - - - -] Successfully bumped revision number for resource 5ded0917-3093-485d-94f5-78f240e373b2 (type: routers) to 1
2026-07-02 12:28:29.421 10 INFO neutron.wsgi [None req-c04baf66-affe-4daa-b091-83e1f5bdd851 6ae75c9eed2a405999f453ca077dbbcf 92ac3c2fd6014c51aba378ef874cd392 - - - -] 10.0.0.190 "POST /v2.0/routers HTTP/1.1" status: 201 len: 654 time: 0.2034287
2026-07-02 12:28:29.427 9 INFO neutron.wsgi [None req-17aa8682-21ca-4dc5-be45-d9206cc52bb3 d600f6ff0f444ac2a4249d02729fff5f 3b6e74c09f9a406197e966531a10036e - - - -] 10.0.0.190 "DELETE /v2.0/networks/6fc537e4-2f1e-49a2-8b3b-46d9b82e4b74 HTTP/1.1" status: 204 len: 168 time: 0.6031442
2026-07-02 12:28:29.639 10 INFO neutron.db.ovn_revision_numbers_db [None req-97335aa9-ee88-4865-941c-b594eb7635b0 6ae75c9eed2a405999f453ca077dbbcf 92ac3c2fd6014c51aba378ef874cd392 - - - -] Successfully bumped revision number for resource de020cae-33a8-4c8c-bbb2-d9a8847e7830 (type: routers) to 1
2026-07-02 12:28:29.657 10 INFO neutron.wsgi [None req-97335aa9-ee88-4865-941c-b594eb7635b0 6ae75c9eed2a405999f453ca077dbbcf 92ac3c2fd6014c51aba378ef874cd392 - - - -] 10.0.0.190 "POST /v2.0/routers HTTP/1.1" status: 201 len: 654 time: 0.2304010
2026-07-02 12:28:29.760 10 INFO neutron.db.ovn_revision_numbers_db [None req-97e2594b-c053-49a7-9ad2-7a2e3f820307 e6da603f58ea433c97a927fd9e4ba01b 2886b44843ed480195b5e2c992b66bcf - - - -] Successfully bumped revision number for resource 35849ab3-a781-4931-8b47-fcf649bced94 (type: security_groups) to 1
2026-07-02 12:28:29.786 9 WARNING neutron.scheduler.dhcp_agent_scheduler [None req-70b8f33d-5e48-4d48-a5fb-6ce3561ee8fb 23dd5fc0a6794b5d89a2cd5c313bd77b aa61539c555d4937949fe869e81c12c0 - - - -] No more DHCP agents
2026-07-02 12:28:29.787 9 WARNING neutron.api.rpc.agentnotifiers.dhcp_rpc_agent_api [None req-70b8f33d-5e48-4d48-a5fb-6ce3561ee8fb 23dd5fc0a6794b5d89a2cd5c313bd77b aa61539c555d4937949fe869e81c12c0 - - - -] Unable to schedule network 22a98369-dca4-49ea-92f8-647587867bdf: no agents available; will retry on subsequent port and subnet creation events.
2026-07-02 12:28:29.819 10 INFO neutron.db.segments_db [None req-97e2594b-c053-49a7-9ad2-7a2e3f820307 e6da603f58ea433c97a927fd9e4ba01b 2886b44843ed480195b5e2c992b66bcf - - - -] Added segment e36535b1-e0b9-41a7-bebd-93d611c0c2da of type geneve for network 8ea35549-ceca-4848-9df0-28d689777fc2
2026-07-02 12:28:29.875 10 INFO neutron.db.ovn_revision_numbers_db [None req-f8c54196-f23f-4fa9-8b77-71847104b3e1 6ae75c9eed2a405999f453ca077dbbcf 92ac3c2fd6014c51aba378ef874cd392 - - - -] Successfully bumped revision number for resource 6bc97602-fc8d-4a2b-96b8-ae6d5d284792 (type: routers) to 1
2026-07-02 12:28:29.877 9 INFO neutron.db.ovn_revision_numbers_db [None req-70b8f33d-5e48-4d48-a5fb-6ce3561ee8fb 23dd5fc0a6794b5d89a2cd5c313bd77b aa61539c555d4937949fe869e81c12c0 - - - -] Successfully bumped revision number for resource 3ccd7aed-5506-45f9-9fc7-7fcf338934ae (type: ports) to 1
2026-07-02 12:28:29.900 10 INFO neutron.wsgi [None req-f8c54196-f23f-4fa9-8b77-71847104b3e1 6ae75c9eed2a405999f453ca077dbbcf 92ac3c2fd6014c51aba378ef874cd392 - - - -] 10.0.0.190 "POST /v2.0/routers HTTP/1.1" status: 201 len: 654 time: 0.2391105
2026-07-02 12:28:29.912 9 INFO neutron.wsgi [None req-70b8f33d-5e48-4d48-a5fb-6ce3561ee8fb 23dd5fc0a6794b5d89a2cd5c313bd77b aa61539c555d4937949fe869e81c12c0 - - - -] 10.0.0.190 "POST /v2.0/ports HTTP/1.1" status: 201 len: 942 time: 0.5135903 /var/lib/openstack/lib/python3.10/site-packages/pycadf/identifier.py:71: UserWarning: Invalid uuid: neutron. To ensure interoperability, identifiers should be a valid uuid. warnings.warn(('Invalid uuid: %s. To ensure interoperability, '
2026-07-02 12:28:29.983 10 INFO neutron.db.ovn_revision_numbers_db [None req-97e2594b-c053-49a7-9ad2-7a2e3f820307 e6da603f58ea433c97a927fd9e4ba01b 2886b44843ed480195b5e2c992b66bcf - - - -] Successfully bumped revision number for resource 8ea35549-ceca-4848-9df0-28d689777fc2 (type: networks) to 1
2026-07-02 12:28:29.994 9 INFO neutron.wsgi [None req-fa807143-e4f9-4659-b195-9a40a2043e6d d600f6ff0f444ac2a4249d02729fff5f 3b6e74c09f9a406197e966531a10036e - - - -] 10.0.0.190 "DELETE /v2.0/networks/3b4f10a6-1219-49b7-95e7-d0af2702dcb5 HTTP/1.1" status: 204 len: 168 time: 0.5626040
2026-07-02 12:28:29.996 9 INFO neutron.wsgi [None req-f9835295-b6bb-4a2b-9482-897558678310 6ae75c9eed2a405999f453ca077dbbcf 92ac3c2fd6014c51aba378ef874cd392 - - - -] 10.0.0.190 "PUT /v2.0/routers/54c0a7fa-6102-43b3-9180-87da579d815e/tags HTTP/1.1" status: 200 len: 210 time: 0.0889788
2026-07-02 12:28:30.037 10 INFO neutron.db.segments_db [None req-3bff1f77-8954-430c-be08-e281d20ef4bb 23dd5fc0a6794b5d89a2cd5c313bd77b aa61539c555d4937949fe869e81c12c0 - - - -] Added segment ea76640d-fae1-49a9-ac07-ea623aa87f84 of type geneve for network d19212a3-948b-4724-9ea7-b9466b1b356b
2026-07-02 12:28:30.057 9 INFO neutron.wsgi [None req-b3cc277b-d263-4cbb-bee5-5bab1e415774 6ae75c9eed2a405999f453ca077dbbcf 92ac3c2fd6014c51aba378ef874cd392 - - - -] 10.0.0.190 "PUT /v2.0/routers/f1ded8fd-a16f-4e11-9c3f-33425ff4fa63/tags HTTP/1.1" status: 200 len: 218 time: 0.0552702
2026-07-02 12:28:30.122 9 INFO neutron.wsgi [None req-6f409829-8214-4b57-94c1-dcd45289b9b3 6ae75c9eed2a405999f453ca077dbbcf 92ac3c2fd6014c51aba378ef874cd392 - - - -] 10.0.0.190 "PUT /v2.0/routers/5ded0917-3093-485d-94f5-78f240e373b2/tags HTTP/1.1" status: 200 len: 227 time: 0.0581553
2026-07-02 12:28:30.180 9 INFO neutron.wsgi [None req-a01d37eb-a2ef-4e7a-9ffc-1aa4fe671717 6ae75c9eed2a405999f453ca077dbbcf 92ac3c2fd6014c51aba378ef874cd392 - - - -] 10.0.0.190 "PUT /v2.0/routers/de020cae-33a8-4c8c-bbb2-d9a8847e7830/tags HTTP/1.1" status: 200 len: 212 time: 0.0539486
2026-07-02 12:28:30.253 9 INFO neutron.wsgi [None req-7feff1ab-db3c-4b4b-999b-9db5d7ce732d 6ae75c9eed2a405999f453ca077dbbcf 92ac3c2fd6014c51aba378ef874cd392 - - default default] 10.0.0.190 "GET /v2.0/routers?tags=red HTTP/1.1" status: 200 len: 1601 time: 0.0684836
2026-07-02 12:28:30.539 10 INFO neutron.db.ovn_revision_numbers_db [None req-3bff1f77-8954-430c-be08-e281d20ef4bb 23dd5fc0a6794b5d89a2cd5c313bd77b aa61539c555d4937949fe869e81c12c0 - - - -] Successfully bumped revision number for resource d19212a3-948b-4724-9ea7-b9466b1b356b (type: networks) to 1
2026-07-02 12:28:30.562 9 INFO neutron.wsgi [None req-05c162d6-7fd1-459b-9889-32559592920a 6ae75c9eed2a405999f453ca077dbbcf 92ac3c2fd6014c51aba378ef874cd392 - - default default] 10.0.0.190 "GET /v2.0/routers?tags=red%2Cblue HTTP/1.1" status: 200 len: 1144 time: 0.3047705
2026-07-02 12:28:30.566 10 WARNING neutron.scheduler.dhcp_agent_scheduler [None req-97e2594b-c053-49a7-9ad2-7a2e3f820307 e6da603f58ea433c97a927fd9e4ba01b 2886b44843ed480195b5e2c992b66bcf - - - -] No more DHCP agents
2026-07-02 12:28:30.594 10 WARNING neutron.api.rpc.agentnotifiers.dhcp_rpc_agent_api [None req-97e2594b-c053-49a7-9ad2-7a2e3f820307 e6da603f58ea433c97a927fd9e4ba01b 2886b44843ed480195b5e2c992b66bcf - - - -] Unable to schedule network 8ea35549-ceca-4848-9df0-28d689777fc2: no agents available; will retry on subsequent port and subnet creation events.
2026-07-02 12:28:30.643 9 INFO neutron.wsgi [None req-3dc1e3f3-d118-4a60-8e38-ee82a6cf2a67 6ae75c9eed2a405999f453ca077dbbcf 92ac3c2fd6014c51aba378ef874cd392 - - default default] 10.0.0.190 "GET /v2.0/routers?tags-any=blue HTTP/1.1" status: 200 len: 1144 time: 0.0737767
2026-07-02 12:28:30.709 9 INFO neutron.wsgi [None req-4673faab-0f91-4e2e-80f7-09d30180558f 6ae75c9eed2a405999f453ca077dbbcf 92ac3c2fd6014c51aba378ef874cd392 - - default default] 10.0.0.190 "GET /v2.0/routers?tags-any=red%2Cblue HTTP/1.1" status: 200 len: 1601 time: 0.0613265
2026-07-02 12:28:30.724 10 INFO neutron.db.ovn_revision_numbers_db [None req-97e2594b-c053-49a7-9ad2-7a2e3f820307 e6da603f58ea433c97a927fd9e4ba01b 2886b44843ed480195b5e2c992b66bcf - - - -] Successfully bumped revision number for resource c2f6ee98-71d8-4fe2-9c37-cda7c5d5e49c (type: ports) to 1
2026-07-02 12:28:30.783 10 INFO neutron.wsgi [None req-97e2594b-c053-49a7-9ad2-7a2e3f820307 e6da603f58ea433c97a927fd9e4ba01b 2886b44843ed480195b5e2c992b66bcf - - - -] 10.0.0.190 "POST /v2.0/networks HTTP/1.1" status: 201 len: 847 time: 1.3410814
2026-07-02 12:28:30.795 9 INFO neutron.wsgi [None req-2384d9e3-8998-4a33-ae09-732946dc318f 6ae75c9eed2a405999f453ca077dbbcf 92ac3c2fd6014c51aba378ef874cd392 - - default default] 10.0.0.190 "GET /v2.0/routers?not-tags=red HTTP/1.1" status: 200 len: 1116 time: 0.0798254
2026-07-02 12:28:30.854 10 WARNING neutron.scheduler.dhcp_agent_scheduler [None req-3bff1f77-8954-430c-be08-e281d20ef4bb 23dd5fc0a6794b5d89a2cd5c313bd77b aa61539c555d4937949fe869e81c12c0 - - - -] No more DHCP agents
2026-07-02 12:28:30.857 10 WARNING neutron.api.rpc.agentnotifiers.dhcp_rpc_agent_api [None req-3bff1f77-8954-430c-be08-e281d20ef4bb 23dd5fc0a6794b5d89a2cd5c313bd77b aa61539c555d4937949fe869e81c12c0 - - - -] Unable to schedule network d19212a3-948b-4724-9ea7-b9466b1b356b: no agents available; will retry on subsequent port and subnet creation events.
2026-07-02 12:28:30.875 9 INFO neutron.wsgi [None req-e9ebbf95-17fc-48d5-a945-1926663a094b 6ae75c9eed2a405999f453ca077dbbcf 92ac3c2fd6014c51aba378ef874cd392 - - default default] 10.0.0.190 "GET /v2.0/routers?not-tags=red%2Cblue HTTP/1.1" status: 200 len: 1573 time: 0.0741878
2026-07-02 12:28:30.950 9 INFO neutron.wsgi [None req-ca5e9de0-c5e1-4ff3-8b85-b07f55e1aa3a 6ae75c9eed2a405999f453ca077dbbcf 92ac3c2fd6014c51aba378ef874cd392 - - default default] 10.0.0.190 "GET /v2.0/routers?not-tags-any=blue HTTP/1.1" status: 200 len: 1573 time: 0.0711601
2026-07-02 12:28:30.968 10 INFO neutron.services.segments.plugin [-] Segment 84372cef-874e-414a-b4b1-74d20d61b63f resource provider aggregate not found
2026-07-02 12:28:30.973 10 INFO neutron.services.segments.plugin [-] Segment 84372cef-874e-414a-b4b1-74d20d61b63f resource provider aggregate not found
2026-07-02 12:28:30.987 10 INFO neutron.db.ovn_revision_numbers_db [None req-3bff1f77-8954-430c-be08-e281d20ef4bb 23dd5fc0a6794b5d89a2cd5c313bd77b aa61539c555d4937949fe869e81c12c0 - - - -] Successfully bumped revision number for resource c60fbd2e-aa34-4382-8e65-a35d635241eb (type: ports) to 1
2026-07-02 12:28:30.989 10 INFO neutron.services.segments.plugin [-] Segment 84372cef-874e-414a-b4b1-74d20d61b63f resource provider not found; error: Placement Client Error (4xx): {"errors": [{"status": 404, "title": "Not Found", "detail": "The resource could not be found.\n\n No resource provider with uuid 84372cef-874e-414a-b4b1-74d20d61b63f found for delete ", "request_id": "req-fa867646-a75c-4a7e-bb14-21905f9518e6"}]}
2026-07-02 12:28:30.994 10 INFO neutron.services.segments.plugin [-] Segment 84372cef-874e-414a-b4b1-74d20d61b63f resource provider not found; error: Placement Client Error (4xx): {"errors": [{"status": 404, "title": "Not Found", "detail": "The resource could not be found.\n\n No resource provider with uuid 84372cef-874e-414a-b4b1-74d20d61b63f found for delete ", "request_id": "req-8fdb3e51-0222-4e68-8fb1-17e902b864a9"}]}
2026-07-02 12:28:31.003 9 INFO neutron.wsgi [None req-4351d31c-e4ea-4d49-a81a-d16eb1a2a0a2 6ae75c9eed2a405999f453ca077dbbcf 92ac3c2fd6014c51aba378ef874cd392 - - default default] 10.0.0.190 "GET /v2.0/routers?not-tags-any=red%2Cblue HTTP/1.1" status: 200 len: 1116 time: 0.0483890
2026-07-02 12:28:31.008 10 INFO neutron.wsgi [None req-f78264c1-0485-4cae-b030-e347de29451f d600f6ff0f444ac2a4249d02729fff5f 3b6e74c09f9a406197e966531a10036e - - - -] 10.0.0.190 "DELETE /v2.0/networks/100afde8-27b8-4b5b-b92a-5d87584a4c30 HTTP/1.1" status: 204 len: 168 time: 1.0088885
2026-07-02 12:28:31.027 10 INFO neutron.wsgi [None req-3bff1f77-8954-430c-be08-e281d20ef4bb 23dd5fc0a6794b5d89a2cd5c313bd77b aa61539c555d4937949fe869e81c12c0 - - - -] 10.0.0.190 "POST /v2.0/networks HTTP/1.1" status: 201 len: 830 time: 1.1069808
