2026-07-02 12:28:31.084 9 INFO neutron.wsgi [None req-bea59177-3fb0-40a3-baab-b8d7e33da172 6ae75c9eed2a405999f453ca077dbbcf 92ac3c2fd6014c51aba378ef874cd392 - - default default] 10.0.0.190 "GET /v2.0/routers/54c0a7fa-6102-43b3-9180-87da579d815e HTTP/1.1" status: 200 len: 660 time: 0.0703645
2026-07-02 12:28:31.402 9 INFO neutron.services.segments.plugin [-] Segment 54c0d8e8-9a21-4a5c-bc68-e32f855cfe4d resource provider aggregate not found
2026-07-02 12:28:31.419 9 INFO neutron.services.segments.plugin [-] Segment 54c0d8e8-9a21-4a5c-bc68-e32f855cfe4d resource provider not found; error: Placement Client Error (4xx): {"errors": [{"status": 404, "title": "Not Found", "detail": "The resource could not be found.\n\n No resource provider with uuid 54c0d8e8-9a21-4a5c-bc68-e32f855cfe4d found for delete ", "request_id": "req-c7a3b989-6f33-48b7-9391-10d1562211f2"}]}
2026-07-02 12:28:31.423 9 INFO neutron.services.segments.plugin [-] Segment 54c0d8e8-9a21-4a5c-bc68-e32f855cfe4d resource provider aggregate not found
2026-07-02 12:28:31.443 9 INFO neutron.services.segments.plugin [-] Segment 54c0d8e8-9a21-4a5c-bc68-e32f855cfe4d resource provider not found; error: Placement Client Error (4xx): {"errors": [{"status": 404, "title": "Not Found", "detail": "The resource could not be found.\n\n No resource provider with uuid 54c0d8e8-9a21-4a5c-bc68-e32f855cfe4d found for delete ", "request_id": "req-83990b08-a841-44fa-af85-ab00a0109e07"}]}
2026-07-02 12:28:31.449 9 INFO neutron.services.segments.plugin [-] Segment ef87f935-edb7-415b-b092-22be6996a5bb resource provider aggregate not found
2026-07-02 12:28:31.466 9 INFO neutron.wsgi [None req-2abdc051-46a8-4386-a73a-2c6b46fdc62f d600f6ff0f444ac2a4249d02729fff5f 3b6e74c09f9a406197e966531a10036e - - - -] 10.0.0.190 "DELETE /v2.0/networks/bc61cbd5-d282-4a17-89ab-c905823334a2 HTTP/1.1" status: 204 len: 168 time: 0.4443867
2026-07-02 12:28:31.468 9 INFO neutron.services.segments.plugin [-] Segment ef87f935-edb7-415b-b092-22be6996a5bb resource provider not found; error: Placement Client Error (4xx): {"errors": [{"status": 404, "title": "Not Found", "detail": "The resource could not be found.\n\n No resource provider with uuid ef87f935-edb7-415b-b092-22be6996a5bb found for delete ", "request_id": "req-f6ecd429-d457-4cfb-a955-07a513e7a14b"}]}
2026-07-02 12:28:31.475 9 INFO neutron.services.segments.plugin [-] Segment ef87f935-edb7-415b-b092-22be6996a5bb resource provider aggregate not found
2026-07-02 12:28:31.502 9 INFO neutron.services.segments.plugin [-] Segment ef87f935-edb7-415b-b092-22be6996a5bb resource provider not found; error: Placement Client Error (4xx): {"errors": [{"status": 404, "title": "Not Found", "detail": "The resource could not be found.\n\n No resource provider with uuid ef87f935-edb7-415b-b092-22be6996a5bb found for delete ", "request_id": "req-95f3e07e-6bdf-45b9-8a83-d4e72367d3d4"}]}
2026-07-02 12:28:31.540 10 WARNING neutron.scheduler.dhcp_agent_scheduler [None req-fc7e83fa-363a-4b98-9365-3a853b58a615 23dd5fc0a6794b5d89a2cd5c313bd77b aa61539c555d4937949fe869e81c12c0 - - - -] No more DHCP agents
2026-07-02 12:28:31.569 10 WARNING neutron.api.rpc.agentnotifiers.dhcp_rpc_agent_api [None req-fc7e83fa-363a-4b98-9365-3a853b58a615 23dd5fc0a6794b5d89a2cd5c313bd77b aa61539c555d4937949fe869e81c12c0 - - - -] Unable to schedule network d19212a3-948b-4724-9ea7-b9466b1b356b: no agents available; will retry on subsequent port and subnet creation events.
2026-07-02 12:28:31.829 9 INFO neutron.wsgi [None req-061583df-55ea-40db-8f8b-0da67665b740 d600f6ff0f444ac2a4249d02729fff5f 3b6e74c09f9a406197e966531a10036e - - - -] 10.0.0.190 "DELETE /v2.0/networks/9596af74-c897-4da2-b002-1ec36cc8ca18 HTTP/1.1" status: 204 len: 168 time: 0.3499801
2026-07-02 12:28:31.940 10 INFO neutron.db.ovn_revision_numbers_db [None req-fc7e83fa-363a-4b98-9365-3a853b58a615 23dd5fc0a6794b5d89a2cd5c313bd77b aa61539c555d4937949fe869e81c12c0 - - - -] Successfully bumped revision number for resource d18920fc-fb41-45b6-a1e4-fd8e8714d45d (type: ports) to 1
2026-07-02 12:28:31.999 10 INFO neutron.db.ovn_revision_numbers_db [None req-03fd335d-efaf-46d0-bec9-ab510564d8d4 6ae75c9eed2a405999f453ca077dbbcf 92ac3c2fd6014c51aba378ef874cd392 - - - -] Successfully bumped revision number for resource 54c0a7fa-6102-43b3-9180-87da579d815e (type: routers) to 4
2026-07-02 12:28:32.002 10 INFO neutron.wsgi [None req-03fd335d-efaf-46d0-bec9-ab510564d8d4 6ae75c9eed2a405999f453ca077dbbcf 92ac3c2fd6014c51aba378ef874cd392 - - - -] 10.0.0.190 "PUT /v2.0/routers/54c0a7fa-6102-43b3-9180-87da579d815e HTTP/1.1" status: 200 len: 660 time: 0.9101863
2026-07-02 12:28:32.006 10 INFO neutron.wsgi [None req-fc7e83fa-363a-4b98-9365-3a853b58a615 23dd5fc0a6794b5d89a2cd5c313bd77b aa61539c555d4937949fe869e81c12c0 - - - -] 10.0.0.190 "POST /v2.0/ports HTTP/1.1" status: 201 len: 942 time: 0.9754188 /var/lib/openstack/lib/python3.10/site-packages/pycadf/identifier.py:71: UserWarning: Invalid uuid: neutron. To ensure interoperability, identifiers should be a valid uuid. warnings.warn(('Invalid uuid: %s. To ensure interoperability, '
2026-07-02 12:28:32.022 10 WARNING neutron.scheduler.dhcp_agent_scheduler [None req-5f813f95-8e48-4ba6-8e32-8894470d78a4 e6da603f58ea433c97a927fd9e4ba01b 2886b44843ed480195b5e2c992b66bcf - - - -] No more DHCP agents
2026-07-02 12:28:32.030 10 WARNING neutron.api.rpc.agentnotifiers.dhcp_rpc_agent_api [None req-5f813f95-8e48-4ba6-8e32-8894470d78a4 e6da603f58ea433c97a927fd9e4ba01b 2886b44843ed480195b5e2c992b66bcf - - - -] Unable to schedule network 8ea35549-ceca-4848-9df0-28d689777fc2: no agents available; will retry on subsequent port and subnet creation events.
2026-07-02 12:28:32.034 10 INFO neutron.wsgi [None req-dbe81ae8-f884-402c-a12a-6018770e47e2 6ae75c9eed2a405999f453ca077dbbcf 92ac3c2fd6014c51aba378ef874cd392 - - default default] 10.0.0.190 "GET /v2.0/ports?device_id=54c0a7fa-6102-43b3-9180-87da579d815e HTTP/1.1" status: 200 len: 205 time: 0.0241635
2026-07-02 12:28:32.046 10 INFO neutron.db.ovn_revision_numbers_db [None req-5f813f95-8e48-4ba6-8e32-8894470d78a4 e6da603f58ea433c97a927fd9e4ba01b 2886b44843ed480195b5e2c992b66bcf - - - -] Successfully bumped revision number for resource ffd4f581-55d6-434f-a5d0-4c550bb642bb (type: subnets) to 0
2026-07-02 12:28:32.063 10 INFO neutron.wsgi [None req-5f813f95-8e48-4ba6-8e32-8894470d78a4 e6da603f58ea433c97a927fd9e4ba01b 2886b44843ed480195b5e2c992b66bcf - - - -] 10.0.0.190 "POST /v2.0/subnets HTTP/1.1" status: 201 len: 848 time: 0.7986095
2026-07-02 12:28:32.170 9 INFO neutron.db.segments_db [None req-5c391dbd-eba7-4a7d-84d1-c618de31aab0 23dd5fc0a6794b5d89a2cd5c313bd77b aa61539c555d4937949fe869e81c12c0 - - - -] Added segment 6ae4e763-30c0-45e7-9caa-208d35277b01 of type geneve for network c92646fe-84ad-42d9-a7ce-83817b21dbbe
2026-07-02 12:28:32.215 9 INFO neutron.db.segments_db [None req-7348e8a1-e1b7-460d-958d-bfda79f2718f e6da603f58ea433c97a927fd9e4ba01b 2886b44843ed480195b5e2c992b66bcf - - - -] Added segment 49cf0d83-c72c-4224-a388-260f7e24aab2 of type geneve for network af1c95a6-f6d5-4b96-9926-6fd4a9adb65d
2026-07-02 12:28:32.356 9 INFO neutron.wsgi [None req-bfb4e916-0af6-49c8-8cde-92d8ca36f6f4 6ae75c9eed2a405999f453ca077dbbcf 92ac3c2fd6014c51aba378ef874cd392 - - - -] 10.0.0.190 "DELETE /v2.0/routers/54c0a7fa-6102-43b3-9180-87da579d815e HTTP/1.1" status: 204 len: 168 time: 0.3159676
2026-07-02 12:28:32.412 10 INFO neutron.wsgi [None req-e5d70aee-952a-4cac-98b8-52c5d650d141 6ae75c9eed2a405999f453ca077dbbcf 92ac3c2fd6014c51aba378ef874cd392 - - default default] 10.0.0.190 "GET /v2.0/routers/f1ded8fd-a16f-4e11-9c3f-33425ff4fa63 HTTP/1.1" status: 200 len: 668 time: 0.0510855
2026-07-02 12:28:32.655 9 INFO neutron.db.ovn_revision_numbers_db [None req-5c391dbd-eba7-4a7d-84d1-c618de31aab0 23dd5fc0a6794b5d89a2cd5c313bd77b aa61539c555d4937949fe869e81c12c0 - - - -] Successfully bumped revision number for resource c92646fe-84ad-42d9-a7ce-83817b21dbbe (type: networks) to 1
2026-07-02 12:28:32.713 9 INFO neutron.db.ovn_revision_numbers_db [None req-7348e8a1-e1b7-460d-958d-bfda79f2718f e6da603f58ea433c97a927fd9e4ba01b 2886b44843ed480195b5e2c992b66bcf - - - -] Successfully bumped revision number for resource af1c95a6-f6d5-4b96-9926-6fd4a9adb65d (type: networks) to 1
2026-07-02 12:28:32.894 10 INFO neutron.wsgi [None req-20a7cc4c-57a2-47e8-8f76-eefe965379e1 6db263e20f2f4a4d8c7c3cccc392bab2 1fef74b8a9b44b0db968d26c57cf8916 - - default default] 10.0.0.190 "GET /v2.0/security-groups?tenant_id=3b6e74c09f9a406197e966531a10036e&name=default HTTP/1.1" status: 200 len: 2996 time: 0.2139878
2026-07-02 12:28:32.922 10 INFO neutron.db.ovn_revision_numbers_db [None req-f16a1d1d-8510-4378-ae2b-90002a9c0388 6ae75c9eed2a405999f453ca077dbbcf 92ac3c2fd6014c51aba378ef874cd392 - - - -] Successfully bumped revision number for resource f1ded8fd-a16f-4e11-9c3f-33425ff4fa63 (type: routers) to 4
2026-07-02 12:28:32.927 10 INFO neutron.wsgi [None req-f16a1d1d-8510-4378-ae2b-90002a9c0388 6ae75c9eed2a405999f453ca077dbbcf 92ac3c2fd6014c51aba378ef874cd392 - - - -] 10.0.0.190 "PUT /v2.0/routers/f1ded8fd-a16f-4e11-9c3f-33425ff4fa63 HTTP/1.1" status: 200 len: 668 time: 0.5090744
2026-07-02 12:28:32.953 10 INFO neutron.wsgi [None req-39fe72df-cc5c-44fc-8895-f57b99beca1a 6ae75c9eed2a405999f453ca077dbbcf 92ac3c2fd6014c51aba378ef874cd392 - - default default] 10.0.0.190 "GET /v2.0/ports?device_id=f1ded8fd-a16f-4e11-9c3f-33425ff4fa63 HTTP/1.1" status: 200 len: 205 time: 0.0177834
2026-07-02 12:28:32.959 9 WARNING neutron.scheduler.dhcp_agent_scheduler [None req-5c391dbd-eba7-4a7d-84d1-c618de31aab0 23dd5fc0a6794b5d89a2cd5c313bd77b aa61539c555d4937949fe869e81c12c0 - - - -] No more DHCP agents
2026-07-02 12:28:32.965 9 WARNING neutron.api.rpc.agentnotifiers.dhcp_rpc_agent_api [None req-5c391dbd-eba7-4a7d-84d1-c618de31aab0 23dd5fc0a6794b5d89a2cd5c313bd77b aa61539c555d4937949fe869e81c12c0 - - - -] Unable to schedule network c92646fe-84ad-42d9-a7ce-83817b21dbbe: no agents available; will retry on subsequent port and subnet creation events.
2026-07-02 12:28:33.063 9 WARNING neutron.scheduler.dhcp_agent_scheduler [None req-7348e8a1-e1b7-460d-958d-bfda79f2718f e6da603f58ea433c97a927fd9e4ba01b 2886b44843ed480195b5e2c992b66bcf - - - -] No more DHCP agents
2026-07-02 12:28:33.070 9 WARNING neutron.api.rpc.agentnotifiers.dhcp_rpc_agent_api [None req-7348e8a1-e1b7-460d-958d-bfda79f2718f e6da603f58ea433c97a927fd9e4ba01b 2886b44843ed480195b5e2c992b66bcf - - - -] Unable to schedule network af1c95a6-f6d5-4b96-9926-6fd4a9adb65d: no agents available; will retry on subsequent port and subnet creation events.
2026-07-02 12:28:33.091 9 INFO neutron.db.ovn_revision_numbers_db [None req-5c391dbd-eba7-4a7d-84d1-c618de31aab0 23dd5fc0a6794b5d89a2cd5c313bd77b aa61539c555d4937949fe869e81c12c0 - - - -] Successfully bumped revision number for resource c789f033-2006-4fbc-807a-96e8072b2208 (type: ports) to 1
2026-07-02 12:28:33.147 9 INFO neutron.wsgi [None req-5c391dbd-eba7-4a7d-84d1-c618de31aab0 23dd5fc0a6794b5d89a2cd5c313bd77b aa61539c555d4937949fe869e81c12c0 - - - -] 10.0.0.190 "POST /v2.0/networks HTTP/1.1" status: 201 len: 831 time: 1.1354167
2026-07-02 12:28:33.174 9 INFO neutron.db.ovn_revision_numbers_db [None req-7348e8a1-e1b7-460d-958d-bfda79f2718f e6da603f58ea433c97a927fd9e4ba01b 2886b44843ed480195b5e2c992b66bcf - - - -] Successfully bumped revision number for resource 20db4b33-657d-4b2a-aedc-2615af1124ca (type: ports) to 1
2026-07-02 12:28:33.203 10 INFO neutron.wsgi [None req-dc3dd083-271f-4dea-bd3e-becf52f92ec3 6ae75c9eed2a405999f453ca077dbbcf 92ac3c2fd6014c51aba378ef874cd392 - - - -] 10.0.0.190 "DELETE /v2.0/routers/f1ded8fd-a16f-4e11-9c3f-33425ff4fa63 HTTP/1.1" status: 204 len: 168 time: 0.2407722
2026-07-02 12:28:33.212 9 INFO neutron.wsgi [None req-7348e8a1-e1b7-460d-958d-bfda79f2718f e6da603f58ea433c97a927fd9e4ba01b 2886b44843ed480195b5e2c992b66bcf - - - -] 10.0.0.190 "POST /v2.0/networks HTTP/1.1" status: 201 len: 846 time: 1.1419475
2026-07-02 12:28:33.263 10 INFO neutron.wsgi [None req-acc84db1-8bca-4000-847b-fb87e74db561 6ae75c9eed2a405999f453ca077dbbcf 92ac3c2fd6014c51aba378ef874cd392 - - default default] 10.0.0.190 "GET /v2.0/routers/5ded0917-3093-485d-94f5-78f240e373b2 HTTP/1.1" status: 200 len: 677 time: 0.0556045
2026-07-02 12:28:33.350 9 INFO neutron.wsgi [None req-b93a70d7-955e-4f3f-a86c-710b1dfc8f7e 6db263e20f2f4a4d8c7c3cccc392bab2 1fef74b8a9b44b0db968d26c57cf8916 - - - -] 10.0.0.190 "DELETE /v2.0/security-groups/619a4c2c-967c-4950-83b0-02031c8bb3c9 HTTP/1.1" status: 204 len: 168 time: 0.4485934 /var/lib/openstack/lib/python3.10/site-packages/pycadf/identifier.py:71: UserWarning: Invalid uuid: neutron. To ensure interoperability, identifiers should be a valid uuid. warnings.warn(('Invalid uuid: %s. To ensure interoperability, '
2026-07-02 12:28:33.473 9 INFO neutron.db.ovn_revision_numbers_db [None req-7931882d-65bb-419a-9ff5-7136f6076046 e6da603f58ea433c97a927fd9e4ba01b 2886b44843ed480195b5e2c992b66bcf - - - -] Successfully bumped revision number for resource af1c95a6-f6d5-4b96-9926-6fd4a9adb65d (type: networks) to 2
2026-07-02 12:28:33.477 9 INFO neutron.wsgi [None req-7931882d-65bb-419a-9ff5-7136f6076046 e6da603f58ea433c97a927fd9e4ba01b 2886b44843ed480195b5e2c992b66bcf - - - -] 10.0.0.190 "PUT /v2.0/networks/af1c95a6-f6d5-4b96-9926-6fd4a9adb65d HTTP/1.1" status: 200 len: 792 time: 0.2578366
2026-07-02 12:28:33.484 9 WARNING neutron.scheduler.dhcp_agent_scheduler [None req-ae111ed5-e52b-4249-908b-ec77357e9814 23dd5fc0a6794b5d89a2cd5c313bd77b aa61539c555d4937949fe869e81c12c0 - - - -] No more DHCP agents
2026-07-02 12:28:33.495 9 INFO neutron.services.segments.plugin [-] Segment 3bea7c33-f89a-43a6-847c-72c3c4d40cb9 resource provider aggregate not found
2026-07-02 12:28:33.500 9 WARNING neutron.api.rpc.agentnotifiers.dhcp_rpc_agent_api [None req-ae111ed5-e52b-4249-908b-ec77357e9814 23dd5fc0a6794b5d89a2cd5c313bd77b aa61539c555d4937949fe869e81c12c0 - - - -] Unable to schedule network c92646fe-84ad-42d9-a7ce-83817b21dbbe: no agents available; will retry on subsequent port and subnet creation events.
2026-07-02 12:28:33.523 9 INFO neutron.services.segments.plugin [-] Segment 3bea7c33-f89a-43a6-847c-72c3c4d40cb9 resource provider not found; error: Placement Client Error (4xx): {"errors": [{"status": 404, "title": "Not Found", "detail": "The resource could not be found.\n\n No resource provider with uuid 3bea7c33-f89a-43a6-847c-72c3c4d40cb9 found for delete ", "request_id": "req-ac4239b9-18b5-4b9b-94e4-be2b8cdc21cf"}]}
2026-07-02 12:28:33.527 9 INFO neutron.services.segments.plugin [-] Segment 3bea7c33-f89a-43a6-847c-72c3c4d40cb9 resource provider aggregate not found
2026-07-02 12:28:33.553 9 INFO neutron.services.segments.plugin [-] Segment 3bea7c33-f89a-43a6-847c-72c3c4d40cb9 resource provider not found; error: Placement Client Error (4xx): {"errors": [{"status": 404, "title": "Not Found", "detail": "The resource could not be found.\n\n No resource provider with uuid 3bea7c33-f89a-43a6-847c-72c3c4d40cb9 found for delete ", "request_id": "req-039ab27a-1c67-4b83-a982-ed3e53ba2392"}]}
2026-07-02 12:28:33.620 9 INFO neutron.db.ovn_revision_numbers_db [None req-ae111ed5-e52b-4249-908b-ec77357e9814 23dd5fc0a6794b5d89a2cd5c313bd77b aa61539c555d4937949fe869e81c12c0 - - - -] Successfully bumped revision number for resource 47568a54-dde8-410e-ac73-cd742b730490 (type: ports) to 1
2026-07-02 12:28:33.663 9 INFO neutron.db.ovn_revision_numbers_db [None req-07bd1ff6-66a2-420e-a348-0f12be337a73 6db263e20f2f4a4d8c7c3cccc392bab2 1fef74b8a9b44b0db968d26c57cf8916 - - default default] Successfully bumped revision number for resource dd767df9-b076-477c-b86b-ee2601a388bc (type: security_groups) to 1
2026-07-02 12:28:33.670 9 INFO neutron.wsgi [None req-ae111ed5-e52b-4249-908b-ec77357e9814 23dd5fc0a6794b5d89a2cd5c313bd77b aa61539c555d4937949fe869e81c12c0 - - - -] 10.0.0.190 "POST /v2.0/ports HTTP/1.1" status: 201 len: 942 time: 0.5176153
2026-07-02 12:28:33.694 9 INFO neutron.wsgi [None req-07bd1ff6-66a2-420e-a348-0f12be337a73 6db263e20f2f4a4d8c7c3cccc392bab2 1fef74b8a9b44b0db968d26c57cf8916 - - default default] 10.0.0.190 "GET /v2.0/security-groups?tenant_id=62c8c4cc9bd542e08125265ce451d69c&name=default HTTP/1.1" status: 200 len: 2996 time: 0.2354162 /var/lib/openstack/lib/python3.10/site-packages/pycadf/identifier.py:71: UserWarning: Invalid uuid: neutron. To ensure interoperability, identifiers should be a valid uuid. warnings.warn(('Invalid uuid: %s. To ensure interoperability, '
2026-07-02 12:28:33.847 9 WARNING neutron.scheduler.dhcp_agent_scheduler [None req-9262180a-a015-4860-b3a6-45846af9c10f e6da603f58ea433c97a927fd9e4ba01b 2886b44843ed480195b5e2c992b66bcf - - - -] No more DHCP agents
2026-07-02 12:28:33.850 9 WARNING neutron.api.rpc.agentnotifiers.dhcp_rpc_agent_api [None req-9262180a-a015-4860-b3a6-45846af9c10f e6da603f58ea433c97a927fd9e4ba01b 2886b44843ed480195b5e2c992b66bcf - - - -] Unable to schedule network af1c95a6-f6d5-4b96-9926-6fd4a9adb65d: no agents available; will retry on subsequent port and subnet creation events.
2026-07-02 12:28:33.870 9 INFO neutron.db.ovn_revision_numbers_db [None req-9262180a-a015-4860-b3a6-45846af9c10f e6da603f58ea433c97a927fd9e4ba01b 2886b44843ed480195b5e2c992b66bcf - - - -] Successfully bumped revision number for resource fd80db72-f655-4efa-a0e9-01eb2eca2f0b (type: subnets) to 0
2026-07-02 12:28:33.886 9 INFO neutron.wsgi [None req-9262180a-a015-4860-b3a6-45846af9c10f e6da603f58ea433c97a927fd9e4ba01b 2886b44843ed480195b5e2c992b66bcf - - - -] 10.0.0.190 "POST /v2.0/subnets HTTP/1.1" status: 201 len: 821 time: 0.3994846
2026-07-02 12:28:33.965 9 INFO neutron.wsgi [None req-69d8e50f-c958-46dc-af0c-8e92e1e33c20 6db263e20f2f4a4d8c7c3cccc392bab2 1fef74b8a9b44b0db968d26c57cf8916 - - - -] 10.0.0.190 "DELETE /v2.0/security-groups/dd767df9-b076-477c-b86b-ee2601a388bc HTTP/1.1" status: 204 len: 168 time: 0.2570376
2026-07-02 12:28:33.966 10 INFO neutron.wsgi [-] 10.0.0.68 "GET / HTTP/1.1" status: 200 len: 247 time: 0.0012808
2026-07-02 12:28:33.968 10 INFO neutron.wsgi [-] 10.0.0.68 "GET / HTTP/1.1" status: 200 len: 247 time: 0.0008936
2026-07-02 12:28:33.987 10 INFO neutron.wsgi [None req-1e419663-5502-433b-b2a9-e366c10bbc69 23dd5fc0a6794b5d89a2cd5c313bd77b aa61539c555d4937949fe869e81c12c0 - - - -] 10.0.0.190 "PUT /v2.0/ports/e906e507-f3f3-4747-98d1-27b7cf3c3ecb/tags HTTP/1.1" status: 200 len: 210 time: 0.3107228
2026-07-02 12:28:34.050 10 INFO neutron.db.ovn_revision_numbers_db [None req-388ae91c-d6f9-49a3-adc2-1f4843800726 6ae75c9eed2a405999f453ca077dbbcf 92ac3c2fd6014c51aba378ef874cd392 - - - -] Successfully bumped revision number for resource 5ded0917-3093-485d-94f5-78f240e373b2 (type: routers) to 4
2026-07-02 12:28:34.052 10 INFO neutron.wsgi [None req-388ae91c-d6f9-49a3-adc2-1f4843800726 6ae75c9eed2a405999f453ca077dbbcf 92ac3c2fd6014c51aba378ef874cd392 - - - -] 10.0.0.190 "PUT /v2.0/routers/5ded0917-3093-485d-94f5-78f240e373b2 HTTP/1.1" status: 200 len: 677 time: 0.7840297
2026-07-02 12:28:34.066 10 INFO neutron.wsgi [None req-fc945d97-c2ed-46be-bc76-65996e3434bb 23dd5fc0a6794b5d89a2cd5c313bd77b aa61539c555d4937949fe869e81c12c0 - - - -] 10.0.0.190 "PUT /v2.0/ports/56149422-2ba8-4e62-95e8-a5215fd65f61/tags HTTP/1.1" status: 200 len: 218 time: 0.0738769
2026-07-02 12:28:34.076 10 INFO neutron.wsgi [None req-6c1a25e3-23ac-4104-b78f-450bdb0126c3 6ae75c9eed2a405999f453ca077dbbcf 92ac3c2fd6014c51aba378ef874cd392 - - default default] 10.0.0.190 "GET /v2.0/ports?device_id=5ded0917-3093-485d-94f5-78f240e373b2 HTTP/1.1" status: 200 len: 205 time: 0.0195076
2026-07-02 12:28:34.163 9 INFO neutron.wsgi [None req-50e742a2-e843-4df8-895f-a688a265aca9 23dd5fc0a6794b5d89a2cd5c313bd77b aa61539c555d4937949fe869e81c12c0 - - - -] 10.0.0.190 "PUT /v2.0/ports/3ccd7aed-5506-45f9-9fc7-7fcf338934ae/tags HTTP/1.1" status: 200 len: 227 time: 0.0895593
2026-07-02 12:28:34.226 10 INFO neutron.wsgi [None req-e4bcb52f-f2ea-4029-9b94-4b5bc4b715ae 23dd5fc0a6794b5d89a2cd5c313bd77b aa61539c555d4937949fe869e81c12c0 - - - -] 10.0.0.190 "PUT /v2.0/ports/d18920fc-fb41-45b6-a1e4-fd8e8714d45d/tags HTTP/1.1" status: 200 len: 212 time: 0.0592487
2026-07-02 12:28:34.267 9 INFO neutron.db.ovn_revision_numbers_db [None req-5faccf84-52d3-4dc7-8f5f-877d2b4b8242 6db263e20f2f4a4d8c7c3cccc392bab2 1fef74b8a9b44b0db968d26c57cf8916 - - default default] Successfully bumped revision number for resource 1eff571c-5601-4f50-b49e-ae6315742025 (type: security_groups) to 1
2026-07-02 12:28:34.296 9 INFO neutron.wsgi [None req-5faccf84-52d3-4dc7-8f5f-877d2b4b8242 6db263e20f2f4a4d8c7c3cccc392bab2 1fef74b8a9b44b0db968d26c57cf8916 - - default default] 10.0.0.190 "GET /v2.0/security-groups?tenant_id=dbbb298ac70d453a9895b16788852e4b&name=default HTTP/1.1" status: 200 len: 2996 time: 0.1754816
2026-07-02 12:28:34.381 10 INFO neutron.wsgi [None req-cca496c7-6b8e-4a96-843a-c86dee8d4744 6ae75c9eed2a405999f453ca077dbbcf 92ac3c2fd6014c51aba378ef874cd392 - - - -] 10.0.0.190 "DELETE /v2.0/routers/5ded0917-3093-485d-94f5-78f240e373b2 HTTP/1.1" status: 204 len: 168 time: 0.3011208
2026-07-02 12:28:34.441 9 INFO neutron.wsgi [None req-ad5284b3-3fdd-4bc4-88e8-e0de4080bea4 6ae75c9eed2a405999f453ca077dbbcf 92ac3c2fd6014c51aba378ef874cd392 - - default default] 10.0.0.190 "GET /v2.0/routers/de020cae-33a8-4c8c-bbb2-d9a8847e7830 HTTP/1.1" status: 200 len: 662 time: 0.0488732
2026-07-02 12:28:34.470 10 INFO neutron.wsgi [None req-0d882bbd-c194-41dc-b389-437aa709689b 23dd5fc0a6794b5d89a2cd5c313bd77b aa61539c555d4937949fe869e81c12c0 - - default default] 10.0.0.190 "GET /v2.0/ports?tags=red HTTP/1.1" status: 200 len: 2448 time: 0.2359831
2026-07-02 12:28:34.528 10 INFO neutron.wsgi [None req-7f12f735-0983-4e8d-93f2-2cfcc34a7d85 23dd5fc0a6794b5d89a2cd5c313bd77b aa61539c555d4937949fe869e81c12c0 - - default default] 10.0.0.190 "GET /v2.0/ports?tags=red%2Cblue HTTP/1.1" status: 200 len: 1708 time: 0.0539873
2026-07-02 12:28:34.586 10 INFO neutron.wsgi [None req-fc1c615d-7029-48d7-9008-8cc37fba35b7 23dd5fc0a6794b5d89a2cd5c313bd77b aa61539c555d4937949fe869e81c12c0 - - default default] 10.0.0.190 "GET /v2.0/ports?tags-any=blue HTTP/1.1" status: 200 len: 1708 time: 0.0520411
2026-07-02 12:28:34.634 10 INFO neutron.wsgi [None req-b0d9eb03-30b1-4abe-b68b-aa8ef9a3f766 23dd5fc0a6794b5d89a2cd5c313bd77b aa61539c555d4937949fe869e81c12c0 - - default default] 10.0.0.190 "GET /v2.0/ports?tags-any=red%2Cblue HTTP/1.1" status: 200 len: 2448 time: 0.0435412
2026-07-02 12:28:34.688 10 INFO neutron.wsgi [None req-aa3bd654-9d3b-432f-b644-2343e6f38d87 6db263e20f2f4a4d8c7c3cccc392bab2 1fef74b8a9b44b0db968d26c57cf8916 - - - -] 10.0.0.190 "DELETE /v2.0/security-groups/1eff571c-5601-4f50-b49e-ae6315742025 HTTP/1.1" status: 204 len: 168 time: 0.3855002
2026-07-02 12:28:34.786 10 INFO neutron.wsgi [None req-9c59c314-5a8d-4d14-986d-6b3cb78800cd 23dd5fc0a6794b5d89a2cd5c313bd77b aa61539c555d4937949fe869e81c12c0 - - default default] 10.0.0.190 "GET /v2.0/ports?not-tags=red HTTP/1.1" status: 200 len: 5463 time: 0.1334438
2026-07-02 12:28:34.861 9 INFO neutron.db.ovn_revision_numbers_db [None req-967a2a68-2237-4840-b214-5514e50dc9be e6da603f58ea433c97a927fd9e4ba01b 2886b44843ed480195b5e2c992b66bcf - - - -] Successfully bumped revision number for resource 20db4b33-657d-4b2a-aedc-2615af1124ca (type: ports) to 2
2026-07-02 12:28:34.869 10 INFO neutron.wsgi [None req-c5d6cf3b-a9c8-4b3e-aa26-5e8c9a6a3206 23dd5fc0a6794b5d89a2cd5c313bd77b aa61539c555d4937949fe869e81c12c0 - - default default] 10.0.0.190 "GET /v2.0/ports?not-tags=red%2Cblue HTTP/1.1" status: 200 len: 6203 time: 0.0772524
2026-07-02 12:28:34.895 9 INFO neutron.db.ovn_revision_numbers_db [None req-967a2a68-2237-4840-b214-5514e50dc9be e6da603f58ea433c97a927fd9e4ba01b 2886b44843ed480195b5e2c992b66bcf - - - -] Successfully bumped revision number for resource fd80db72-f655-4efa-a0e9-01eb2eca2f0b (type: subnets) to 1
2026-07-02 12:28:34.898 9 INFO neutron.wsgi [None req-967a2a68-2237-4840-b214-5514e50dc9be e6da603f58ea433c97a927fd9e4ba01b 2886b44843ed480195b5e2c992b66bcf - - - -] 10.0.0.190 "PUT /v2.0/subnets/fd80db72-f655-4efa-a0e9-01eb2eca2f0b HTTP/1.1" status: 200 len: 826 time: 1.0062706
2026-07-02 12:28:34.956 10 INFO neutron.wsgi [None req-630f95aa-b635-4e77-85be-f1b24c650e7b 23dd5fc0a6794b5d89a2cd5c313bd77b aa61539c555d4937949fe869e81c12c0 - - default default] 10.0.0.190 "GET /v2.0/ports?not-tags-any=blue HTTP/1.1" status: 200 len: 6203 time: 0.0809033
2026-07-02 12:28:35.030 10 INFO neutron.wsgi [None req-5d0838dd-8aed-417b-a80b-aba727505a71 23dd5fc0a6794b5d89a2cd5c313bd77b aa61539c555d4937949fe869e81c12c0 - - default default] 10.0.0.190 "GET /v2.0/ports?not-tags-any=red%2Cblue HTTP/1.1" status: 200 len: 5463 time: 0.0582967
2026-07-02 12:28:35.252 9 INFO neutron.db.ovn_revision_numbers_db [None req-fccf2e77-16d8-4b09-a385-4a138bf8518b 6ae75c9eed2a405999f453ca077dbbcf 92ac3c2fd6014c51aba378ef874cd392 - - - -] Successfully bumped revision number for resource de020cae-33a8-4c8c-bbb2-d9a8847e7830 (type: routers) to 4
2026-07-02 12:28:35.254 9 INFO neutron.wsgi [None req-fccf2e77-16d8-4b09-a385-4a138bf8518b 6ae75c9eed2a405999f453ca077dbbcf 92ac3c2fd6014c51aba378ef874cd392 - - - -] 10.0.0.190 "PUT /v2.0/routers/de020cae-33a8-4c8c-bbb2-d9a8847e7830 HTTP/1.1" status: 200 len: 662 time: 0.8074572
2026-07-02 12:28:35.289 9 INFO neutron.wsgi [None req-72531adb-f7dd-436e-9ac7-9be4881cb32a 6ae75c9eed2a405999f453ca077dbbcf 92ac3c2fd6014c51aba378ef874cd392 - - default default] 10.0.0.190 "GET /v2.0/ports?device_id=de020cae-33a8-4c8c-bbb2-d9a8847e7830 HTTP/1.1" status: 200 len: 205 time: 0.0281024
2026-07-02 12:28:35.525 9 INFO neutron.wsgi [None req-117fc609-b483-4056-a48f-5a95f2dbd4d8 6ae75c9eed2a405999f453ca077dbbcf 92ac3c2fd6014c51aba378ef874cd392 - - - -] 10.0.0.190 "DELETE /v2.0/routers/de020cae-33a8-4c8c-bbb2-d9a8847e7830 HTTP/1.1" status: 204 len: 168 time: 0.2315218
2026-07-02 12:28:35.564 10 INFO neutron.wsgi [None req-722069e3-6c78-4a9d-b8b9-fc506fca6e7e 23dd5fc0a6794b5d89a2cd5c313bd77b aa61539c555d4937949fe869e81c12c0 - - - -] 10.0.0.190 "DELETE /v2.0/ports/e906e507-f3f3-4747-98d1-27b7cf3c3ecb HTTP/1.1" status: 204 len: 168 time: 0.5263238
2026-07-02 12:28:35.577 9 INFO neutron.wsgi [None req-1bad1241-ac95-414f-b3ca-c818cf7d9992 6ae75c9eed2a405999f453ca077dbbcf 92ac3c2fd6014c51aba378ef874cd392 - - default default] 10.0.0.190 "GET /v2.0/routers/6bc97602-fc8d-4a2b-96b8-ae6d5d284792 HTTP/1.1" status: 200 len: 655 time: 0.0485966
2026-07-02 12:28:35.831 10 INFO neutron.services.segments.plugin [-] Segment 49cf0d83-c72c-4224-a388-260f7e24aab2 resource provider aggregate not found
2026-07-02 12:28:35.835 10 INFO neutron.services.segments.plugin [-] Segment 49cf0d83-c72c-4224-a388-260f7e24aab2 resource provider aggregate not found
2026-07-02 12:28:35.874 10 INFO neutron.services.segments.plugin [-] Segment 49cf0d83-c72c-4224-a388-260f7e24aab2 resource provider not found; error: Placement Client Error (4xx): {"errors": [{"status": 404, "title": "Not Found", "detail": "The resource could not be found.\n\n No resource provider with uuid 49cf0d83-c72c-4224-a388-260f7e24aab2 found for delete ", "request_id": "req-7d8e7314-99fd-4e0f-b53c-db6f8b37ef9e"}]}
2026-07-02 12:28:35.876 10 INFO neutron.services.segments.plugin [-] Segment 49cf0d83-c72c-4224-a388-260f7e24aab2 resource provider not found; error: Placement Client Error (4xx): {"errors": [{"status": 404, "title": "Not Found", "detail": "The resource could not be found.\n\n No resource provider with uuid 49cf0d83-c72c-4224-a388-260f7e24aab2 found for delete ", "request_id": "req-95eff806-e188-4175-bc0b-bb79677c9961"}]}
2026-07-02 12:28:35.882 10 INFO neutron.wsgi [None req-f3d9d915-fefc-4686-a892-d8cff1a5db78 23dd5fc0a6794b5d89a2cd5c313bd77b aa61539c555d4937949fe869e81c12c0 - - - -] 10.0.0.190 "DELETE /v2.0/ports/56149422-2ba8-4e62-95e8-a5215fd65f61 HTTP/1.1" status: 204 len: 168 time: 0.3137617
2026-07-02 12:28:35.888 10 INFO neutron.wsgi [None req-c086d4f5-7c42-43ce-8556-ce13202ad789 e6da603f58ea433c97a927fd9e4ba01b 2886b44843ed480195b5e2c992b66bcf - - - -] 10.0.0.190 "DELETE /v2.0/networks/af1c95a6-f6d5-4b96-9926-6fd4a9adb65d HTTP/1.1" status: 204 len: 168 time: 0.9837079
2026-07-02 12:28:35.929 9 INFO neutron.pecan_wsgi.hooks.translation [None req-247f09b3-d30d-425d-9517-835e4c9a27de e6da603f58ea433c97a927fd9e4ba01b 2886b44843ed480195b5e2c992b66bcf - - - -] DELETE failed (client error): The resource could not be found.
2026-07-02 12:28:35.932 9 INFO neutron.wsgi [None req-247f09b3-d30d-425d-9517-835e4c9a27de e6da603f58ea433c97a927fd9e4ba01b 2886b44843ed480195b5e2c992b66bcf - - - -] 10.0.0.190 "DELETE /v2.0/networks/af1c95a6-f6d5-4b96-9926-6fd4a9adb65d HTTP/1.1" status: 404 len: 339 time: 0.0385897
2026-07-02 12:28:36.049 10 INFO neutron.wsgi [None req-68295f36-6f7d-4583-b688-a6ac9b8da3d9 e6da603f58ea433c97a927fd9e4ba01b 2886b44843ed480195b5e2c992b66bcf - - default default] 10.0.0.190 "GET /v2.0/networks?router%3Aexternal=True HTTP/1.1" status: 200 len: 845 time: 0.1106026
2026-07-02 12:28:36.106 10 INFO neutron.wsgi [None req-faac87ce-b48b-4014-9451-ab0c51b5958b e6da603f58ea433c97a927fd9e4ba01b 2886b44843ed480195b5e2c992b66bcf - - default default] 10.0.0.190 "GET /v2.0/subnets?network_id=abd5729e-a23e-4d97-85a2-2dec0b36b810 HTTP/1.1" status: 200 len: 820 time: 0.0512261
2026-07-02 12:28:36.120 10 INFO neutron.wsgi [None req-a4ee8ded-432b-4d90-be43-350fcbda541e e6da603f58ea433c97a927fd9e4ba01b 2886b44843ed480195b5e2c992b66bcf - - default default] 10.0.0.190 "GET /v2.0/extensions HTTP/1.1" status: 200 len: 16520 time: 0.0067992
2026-07-02 12:28:36.163 9 INFO neutron.db.ovn_revision_numbers_db [None req-7fefb3ab-a15b-4511-a102-df229b149fe2 6ae75c9eed2a405999f453ca077dbbcf 92ac3c2fd6014c51aba378ef874cd392 - - - -] Successfully bumped revision number for resource 6bc97602-fc8d-4a2b-96b8-ae6d5d284792 (type: routers) to 3
2026-07-02 12:28:36.166 9 INFO neutron.wsgi [None req-7fefb3ab-a15b-4511-a102-df229b149fe2 6ae75c9eed2a405999f453ca077dbbcf 92ac3c2fd6014c51aba378ef874cd392 - - - -] 10.0.0.190 "PUT /v2.0/routers/6bc97602-fc8d-4a2b-96b8-ae6d5d284792 HTTP/1.1" status: 200 len: 655 time: 0.5852005
2026-07-02 12:28:36.211 10 INFO neutron.wsgi [None req-9c7b18bc-11a2-4561-9f3a-cccccf8efdc1 6ae75c9eed2a405999f453ca077dbbcf 92ac3c2fd6014c51aba378ef874cd392 - - default default] 10.0.0.190 "GET /v2.0/ports?device_id=6bc97602-fc8d-4a2b-96b8-ae6d5d284792 HTTP/1.1" status: 200 len: 205 time: 0.0374019
2026-07-02 12:28:36.231 10 INFO neutron.wsgi [None req-f97eeedb-a56e-4901-b52b-bb0c497077ea e6da603f58ea433c97a927fd9e4ba01b 2886b44843ed480195b5e2c992b66bcf - - default default] 10.0.0.190 "GET /v2.0/networks HTTP/1.1" status: 200 len: 1508 time: 0.1061256
2026-07-02 12:28:36.293 10 INFO neutron.wsgi [None req-0a01ed9e-a60c-4e22-9b6a-8fdb912745b7 e6da603f58ea433c97a927fd9e4ba01b 2886b44843ed480195b5e2c992b66bcf - - default default] 10.0.0.190 "GET /v2.0/subnets HTTP/1.1" status: 200 len: 1460 time: 0.0552070
2026-07-02 12:28:36.294 9 INFO neutron.wsgi [None req-c919fe4a-b2b7-4911-9636-1be269ddd789 23dd5fc0a6794b5d89a2cd5c313bd77b aa61539c555d4937949fe869e81c12c0 - - - -] 10.0.0.190 "DELETE /v2.0/ports/3ccd7aed-5506-45f9-9fc7-7fcf338934ae HTTP/1.1" status: 204 len: 168 time: 0.4076800
2026-07-02 12:28:36.424 9 INFO neutron.wsgi [None req-ad4233a2-6d64-44a8-8407-f2d51899d3ce e6da603f58ea433c97a927fd9e4ba01b 2886b44843ed480195b5e2c992b66bcf - - default default] 10.0.0.190 "GET /v2.0/networks/8ea35549-ceca-4848-9df0-28d689777fc2 HTTP/1.1" status: 200 len: 867 time: 0.1176009
2026-07-02 12:28:36.477 9 INFO neutron.wsgi [None req-ee619381-572e-4243-9f0e-98492aa15894 e6da603f58ea433c97a927fd9e4ba01b 2886b44843ed480195b5e2c992b66bcf - - default default] 10.0.0.190 "GET /v2.0/subnets/ffd4f581-55d6-434f-a5d0-4c550bb642bb HTTP/1.1" status: 200 len: 843 time: 0.0478551
2026-07-02 12:28:36.484 9 INFO neutron.wsgi [None req-408ae6d4-5d4e-49b3-af3d-c1142d734f60 6ae75c9eed2a405999f453ca077dbbcf 92ac3c2fd6014c51aba378ef874cd392 - - - -] 10.0.0.190 "DELETE /v2.0/routers/6bc97602-fc8d-4a2b-96b8-ae6d5d284792 HTTP/1.1" status: 204 len: 168 time: 0.2672482
2026-07-02 12:28:36.500 10 INFO neutron.pecan_wsgi.hooks.translation [None req-41e7952f-9ac7-4634-be64-ec55edbdc1a0 e6da603f58ea433c97a927fd9e4ba01b 2886b44843ed480195b5e2c992b66bcf - - - -] DELETE failed (client error): The resource could not be found.
2026-07-02 12:28:36.502 10 INFO neutron.wsgi [None req-41e7952f-9ac7-4634-be64-ec55edbdc1a0 e6da603f58ea433c97a927fd9e4ba01b 2886b44843ed480195b5e2c992b66bcf - - - -] 10.0.0.190 "DELETE /v2.0/subnets/fd80db72-f655-4efa-a0e9-01eb2eca2f0b HTTP/1.1" status: 404 len: 337 time: 0.0193291
2026-07-02 12:28:36.518 10 INFO neutron.pecan_wsgi.hooks.translation [None req-45480909-f853-4b96-8fe4-72dbc41ff0c6 e6da603f58ea433c97a927fd9e4ba01b 2886b44843ed480195b5e2c992b66bcf - - - -] DELETE failed (client error): The resource could not be found.
2026-07-02 12:28:36.521 10 INFO neutron.wsgi [None req-45480909-f853-4b96-8fe4-72dbc41ff0c6 e6da603f58ea433c97a927fd9e4ba01b 2886b44843ed480195b5e2c992b66bcf - - - -] 10.0.0.190 "DELETE /v2.0/networks/af1c95a6-f6d5-4b96-9926-6fd4a9adb65d HTTP/1.1" status: 404 len: 339 time: 0.0149705
2026-07-02 12:28:36.560 10 INFO neutron.wsgi [None req-d01ab707-6081-4068-a408-32a9cdb89c6a 23dd5fc0a6794b5d89a2cd5c313bd77b aa61539c555d4937949fe869e81c12c0 - - - -] 10.0.0.190 "DELETE /v2.0/ports/d18920fc-fb41-45b6-a1e4-fd8e8714d45d HTTP/1.1" status: 204 len: 168 time: 0.2594769
2026-07-02 12:28:36.721 9 INFO neutron.wsgi [None req-82dd841c-9e9a-485e-8f10-f635f258ec4a e6da603f58ea433c97a927fd9e4ba01b 2886b44843ed480195b5e2c992b66bcf - - - -] 10.0.0.190 "DELETE /v2.0/subnets/ffd4f581-55d6-434f-a5d0-4c550bb642bb HTTP/1.1" status: 204 len: 168 time: 0.1955590
2026-07-02 12:28:36.822 10 INFO neutron.wsgi [None req-6f364478-2d27-4cba-9918-934906848bcf 23dd5fc0a6794b5d89a2cd5c313bd77b aa61539c555d4937949fe869e81c12c0 - - - -] 10.0.0.190 "DELETE /v2.0/ports/47568a54-dde8-410e-ac73-cd742b730490 HTTP/1.1" status: 204 len: 168 time: 0.2559085
2026-07-02 12:28:37.168 9 INFO neutron.services.segments.plugin [-] Segment e36535b1-e0b9-41a7-bebd-93d611c0c2da resource provider aggregate not found
2026-07-02 12:28:37.174 9 INFO neutron.services.segments.plugin [-] Segment e36535b1-e0b9-41a7-bebd-93d611c0c2da resource provider aggregate not found
2026-07-02 12:28:37.196 9 INFO neutron.services.segments.plugin [-] Segment e36535b1-e0b9-41a7-bebd-93d611c0c2da resource provider not found; error: Placement Client Error (4xx): {"errors": [{"status": 404, "title": "Not Found", "detail": "The resource could not be found.\n\n No resource provider with uuid e36535b1-e0b9-41a7-bebd-93d611c0c2da found for delete ", "request_id": "req-b28a5ce3-4588-4ae1-b959-7cc208bb61bd"}]}
2026-07-02 12:28:37.197 9 INFO neutron.services.segments.plugin [-] Segment e36535b1-e0b9-41a7-bebd-93d611c0c2da resource provider not found; error: Placement Client Error (4xx): {"errors": [{"status": 404, "title": "Not Found", "detail": "The resource could not be found.\n\n No resource provider with uuid e36535b1-e0b9-41a7-bebd-93d611c0c2da found for delete ", "request_id": "req-94f0c227-3c66-4d60-83d0-36d91ba47031"}]}
2026-07-02 12:28:37.218 9 INFO neutron.wsgi [None req-5962fc3c-ca4d-4d62-b0a5-ada4b557e35c e6da603f58ea433c97a927fd9e4ba01b 2886b44843ed480195b5e2c992b66bcf - - - -] 10.0.0.190 "DELETE /v2.0/networks/8ea35549-ceca-4848-9df0-28d689777fc2 HTTP/1.1" status: 204 len: 168 time: 0.4923820
2026-07-02 12:28:37.323 9 INFO neutron.wsgi [None req-18fa6910-880e-499b-a533-30f17cab6b04 23dd5fc0a6794b5d89a2cd5c313bd77b aa61539c555d4937949fe869e81c12c0 - - - -] 10.0.0.190 "DELETE /v2.0/networks/a3619722-5a7e-4fb4-9b34-bd7faded7e3c HTTP/1.1" status: 204 len: 168 time: 0.4966097
2026-07-02 12:28:37.653 10 INFO neutron.db.ovn_revision_numbers_db [None req-ebefebc9-0b41-4f9b-8865-5e0bc5ab1e61 6db263e20f2f4a4d8c7c3cccc392bab2 1fef74b8a9b44b0db968d26c57cf8916 - - default default] Successfully bumped revision number for resource 321f924d-2495-4683-a66d-223d4dd2f9bd (type: security_groups) to 1
2026-07-02 12:28:37.676 10 INFO neutron.wsgi [None req-ebefebc9-0b41-4f9b-8865-5e0bc5ab1e61 6db263e20f2f4a4d8c7c3cccc392bab2 1fef74b8a9b44b0db968d26c57cf8916 - - default default] 10.0.0.190 "GET /v2.0/security-groups?tenant_id=51254bbb2f6b46aa89c16be3bcab860f&name=default HTTP/1.1" status: 200 len: 2996 time: 0.3531358
2026-07-02 12:28:37.879 10 INFO neutron.wsgi [None req-7b86ab5a-4156-40ec-8ccb-a22a0f36d22e 6db263e20f2f4a4d8c7c3cccc392bab2 1fef74b8a9b44b0db968d26c57cf8916 - - default default] 10.0.0.190 "GET /v2.0/security-groups?tenant_id=2886b44843ed480195b5e2c992b66bcf&name=default HTTP/1.1" status: 200 len: 2996 time: 0.1475151
2026-07-02 12:28:37.902 10 INFO neutron.wsgi [None req-c81644cc-7d3c-4a75-8c33-8765ee4dea75 6db263e20f2f4a4d8c7c3cccc392bab2 1fef74b8a9b44b0db968d26c57cf8916 - - - -] 10.0.0.190 "DELETE /v2.0/security-groups/321f924d-2495-4683-a66d-223d4dd2f9bd HTTP/1.1" status: 204 len: 168 time: 0.2173359
2026-07-02 12:28:37.999 9 INFO neutron.wsgi [None req-33314c02-ddb1-4fa2-9548-5a6714dd47dd 23dd5fc0a6794b5d89a2cd5c313bd77b aa61539c555d4937949fe869e81c12c0 - - - -] 10.0.0.190 "DELETE /v2.0/networks/ba36f866-679a-4ed7-8759-5ae622b017d4 HTTP/1.1" status: 204 len: 168 time: 0.6677516
2026-07-02 12:28:38.168 10 INFO neutron.db.ovn_revision_numbers_db [None req-8c7ddcf3-83cf-4d2a-b4b8-be95ee976f93 6db263e20f2f4a4d8c7c3cccc392bab2 1fef74b8a9b44b0db968d26c57cf8916 - - default default] Successfully bumped revision number for resource b5f03d97-79de-4740-bc20-6f8109bbe5ac (type: security_groups) to 1
2026-07-02 12:28:38.172 10 INFO neutron.wsgi [None req-528a53fe-6d87-42b9-818d-41de26031124 6db263e20f2f4a4d8c7c3cccc392bab2 1fef74b8a9b44b0db968d26c57cf8916 - - - -] 10.0.0.190 "DELETE /v2.0/security-groups/35849ab3-a781-4931-8b47-fcf649bced94 HTTP/1.1" status: 204 len: 168 time: 0.2864876
2026-07-02 12:28:38.205 10 INFO neutron.wsgi [None req-8c7ddcf3-83cf-4d2a-b4b8-be95ee976f93 6db263e20f2f4a4d8c7c3cccc392bab2 1fef74b8a9b44b0db968d26c57cf8916 - - default default] 10.0.0.190 "GET /v2.0/security-groups?tenant_id=92ac3c2fd6014c51aba378ef874cd392&name=default HTTP/1.1" status: 200 len: 2996 time: 0.2072053
2026-07-02 12:28:38.494 10 INFO neutron.services.segments.plugin [-] Segment a58a98c7-a2b8-45bf-a145-14d05fdb44a0 resource provider aggregate not found
2026-07-02 12:28:38.498 10 INFO neutron.services.segments.plugin [-] Segment a58a98c7-a2b8-45bf-a145-14d05fdb44a0 resource provider aggregate not found
2026-07-02 12:28:38.523 10 INFO neutron.services.segments.plugin [-] Segment a58a98c7-a2b8-45bf-a145-14d05fdb44a0 resource provider not found; error: Placement Client Error (4xx): {"errors": [{"status": 404, "title": "Not Found", "detail": "The resource could not be found.\n\n No resource provider with uuid a58a98c7-a2b8-45bf-a145-14d05fdb44a0 found for delete ", "request_id": "req-0cde7909-d44b-4cc7-86f4-703f9e6f2a81"}]}
2026-07-02 12:28:38.524 10 INFO neutron.services.segments.plugin [-] Segment a58a98c7-a2b8-45bf-a145-14d05fdb44a0 resource provider not found; error: Placement Client Error (4xx): {"errors": [{"status": 404, "title": "Not Found", "detail": "The resource could not be found.\n\n No resource provider with uuid a58a98c7-a2b8-45bf-a145-14d05fdb44a0 found for delete ", "request_id": "req-52eaba31-1581-453f-9f4d-3aa0008d13d4"}]}
2026-07-02 12:28:38.526 10 INFO neutron.wsgi [None req-f042b295-6f78-4988-99de-74ed73b517f2 6db263e20f2f4a4d8c7c3cccc392bab2 1fef74b8a9b44b0db968d26c57cf8916 - - - -] 10.0.0.190 "DELETE /v2.0/security-groups/b5f03d97-79de-4740-bc20-6f8109bbe5ac HTTP/1.1" status: 204 len: 168 time: 0.3160620
2026-07-02 12:28:38.540 10 INFO neutron.wsgi [None req-62445ddb-a0a1-4e5e-bd5b-a85422c39ef8 23dd5fc0a6794b5d89a2cd5c313bd77b aa61539c555d4937949fe869e81c12c0 - - - -] 10.0.0.190 "DELETE /v2.0/networks/22a98369-dca4-49ea-92f8-647587867bdf HTTP/1.1" status: 204 len: 168 time: 0.5348508
2026-07-02 12:28:38.909 10 INFO neutron.db.ovn_revision_numbers_db [None req-5fba011c-e7ff-4b27-b294-39110326a1cd 6db263e20f2f4a4d8c7c3cccc392bab2 1fef74b8a9b44b0db968d26c57cf8916 - - default default] Successfully bumped revision number for resource 7ec9b185-1a1d-40d3-985f-a53ff558ee46 (type: security_groups) to 1
2026-07-02 12:28:38.945 10 INFO neutron.wsgi [None req-5fba011c-e7ff-4b27-b294-39110326a1cd 6db263e20f2f4a4d8c7c3cccc392bab2 1fef74b8a9b44b0db968d26c57cf8916 - - default default] 10.0.0.190 "GET /v2.0/security-groups?tenant_id=d16db92ea0054e5fa9d3a996caa88609&name=default HTTP/1.1" status: 200 len: 2996 time: 0.1537354
2026-07-02 12:28:39.072 9 INFO neutron.wsgi [None req-3ea11f0d-eb2e-4b89-a9af-71a349f70fd3 23dd5fc0a6794b5d89a2cd5c313bd77b aa61539c555d4937949fe869e81c12c0 - - - -] 10.0.0.190 "DELETE /v2.0/networks/d19212a3-948b-4724-9ea7-b9466b1b356b HTTP/1.1" status: 204 len: 168 time: 0.5267069
2026-07-02 12:28:39.223 10 INFO neutron.wsgi [None req-fbb1b0c8-eaa3-46d5-831b-cc8b49b3f24c 6db263e20f2f4a4d8c7c3cccc392bab2 1fef74b8a9b44b0db968d26c57cf8916 - - - -] 10.0.0.190 "DELETE /v2.0/security-groups/7ec9b185-1a1d-40d3-985f-a53ff558ee46 HTTP/1.1" status: 204 len: 168 time: 0.2670486
2026-07-02 12:28:39.231 9 INFO neutron.services.segments.plugin [-] Segment ddcc7b5b-6228-46fe-bf14-eeb6891a1e3c resource provider aggregate not found
2026-07-02 12:28:39.237 9 INFO neutron.services.segments.plugin [-] Segment ddcc7b5b-6228-46fe-bf14-eeb6891a1e3c resource provider aggregate not found
2026-07-02 12:28:39.273 9 INFO neutron.services.segments.plugin [-] Segment ddcc7b5b-6228-46fe-bf14-eeb6891a1e3c resource provider not found; error: Placement Client Error (4xx): {"errors": [{"status": 404, "title": "Not Found", "detail": "The resource could not be found.\n\n No resource provider with uuid ddcc7b5b-6228-46fe-bf14-eeb6891a1e3c found for delete ", "request_id": "req-4438658d-c861-4bac-88c5-2e9e433e497c"}]}
2026-07-02 12:28:39.278 9 INFO neutron.services.segments.plugin [-] Segment ddcc7b5b-6228-46fe-bf14-eeb6891a1e3c resource provider not found; error: Placement Client Error (4xx): {"errors": [{"status": 404, "title": "Not Found", "detail": "The resource could not be found.\n\n No resource provider with uuid ddcc7b5b-6228-46fe-bf14-eeb6891a1e3c found for delete ", "request_id": "req-ba287211-f7cb-410a-8c3f-fa2d9c78945d"}]}
2026-07-02 12:28:39.297 9 INFO neutron.services.segments.plugin [-] Segment e70c8921-f737-4cc6-8db7-9a99fb96a745 resource provider aggregate not found
2026-07-02 12:28:39.304 9 INFO neutron.services.segments.plugin [-] Segment e70c8921-f737-4cc6-8db7-9a99fb96a745 resource provider aggregate not found
2026-07-02 12:28:39.313 9 INFO neutron.services.segments.plugin [-] Segment e70c8921-f737-4cc6-8db7-9a99fb96a745 resource provider not found; error: Placement Client Error (4xx): {"errors": [{"status": 404, "title": "Not Found", "detail": "The resource could not be found.\n\n No resource provider with uuid e70c8921-f737-4cc6-8db7-9a99fb96a745 found for delete ", "request_id": "req-0e85fef5-5dac-4487-aebb-0e39691321b4"}]}
2026-07-02 12:28:39.326 9 INFO neutron.services.segments.plugin [-] Segment e70c8921-f737-4cc6-8db7-9a99fb96a745 resource provider not found; error: Placement Client Error (4xx): {"errors": [{"status": 404, "title": "Not Found", "detail": "The resource could not be found.\n\n No resource provider with uuid e70c8921-f737-4cc6-8db7-9a99fb96a745 found for delete ", "request_id": "req-15c37f2c-6d7c-4312-b92d-844b8c607b3e"}]}
2026-07-02 12:28:39.356 9 INFO neutron.services.segments.plugin [-] Segment ea76640d-fae1-49a9-ac07-ea623aa87f84 resource provider aggregate not found
2026-07-02 12:28:39.362 9 INFO neutron.services.segments.plugin [-] Segment ea76640d-fae1-49a9-ac07-ea623aa87f84 resource provider aggregate not found
2026-07-02 12:28:39.379 9 INFO neutron.services.segments.plugin [-] Segment ea76640d-fae1-49a9-ac07-ea623aa87f84 resource provider not found; error: Placement Client Error (4xx): {"errors": [{"status": 404, "title": "Not Found", "detail": "The resource could not be found.\n\n No resource provider with uuid ea76640d-fae1-49a9-ac07-ea623aa87f84 found for delete ", "request_id": "req-fd88c257-da1e-4946-8005-7fa395bd5716"}]}
2026-07-02 12:28:39.383 9 INFO neutron.services.segments.plugin [-] Segment ea76640d-fae1-49a9-ac07-ea623aa87f84 resource provider not found; error: Placement Client Error (4xx): {"errors": [{"status": 404, "title": "Not Found", "detail": "The resource could not be found.\n\n No resource provider with uuid ea76640d-fae1-49a9-ac07-ea623aa87f84 found for delete ", "request_id": "req-e1021e22-e8bb-451c-a51a-a641f8be3031"}]}
2026-07-02 12:28:39.516 9 INFO neutron.db.ovn_revision_numbers_db [None req-fa53f9aa-a475-4978-8703-8bb80696f307 fa2b63d4029641f89bed23466d74f693 939d91db3d0d4b9badc1c46a41bb8796 - - - -] Successfully bumped revision number for resource 9a012e10-be03-4904-a098-244303e95f2a (type: security_groups) to 1
2026-07-02 12:28:39.570 9 INFO neutron.db.segments_db [None req-fa53f9aa-a475-4978-8703-8bb80696f307 fa2b63d4029641f89bed23466d74f693 939d91db3d0d4b9badc1c46a41bb8796 - - - -] Added segment 27eaf3d6-4c20-49c4-bb65-0dd457a4f471 of type geneve for network 5acd958d-3244-4191-922d-bd32f9ab88b1
2026-07-02 12:28:39.712 9 INFO neutron.wsgi [None req-eb8d8857-027c-46ea-b8c7-f6857d514765 23dd5fc0a6794b5d89a2cd5c313bd77b aa61539c555d4937949fe869e81c12c0 - - - -] 10.0.0.190 "DELETE /v2.0/networks/c92646fe-84ad-42d9-a7ce-83817b21dbbe HTTP/1.1" status: 204 len: 168 time: 0.6343007
2026-07-02 12:28:39.714 9 INFO neutron.db.ovn_revision_numbers_db [None req-fa53f9aa-a475-4978-8703-8bb80696f307 fa2b63d4029641f89bed23466d74f693 939d91db3d0d4b9badc1c46a41bb8796 - - - -] Successfully bumped revision number for resource 5acd958d-3244-4191-922d-bd32f9ab88b1 (type: networks) to 1
2026-07-02 12:28:39.925 9 WARNING neutron.scheduler.dhcp_agent_scheduler [None req-fa53f9aa-a475-4978-8703-8bb80696f307 fa2b63d4029641f89bed23466d74f693 939d91db3d0d4b9badc1c46a41bb8796 - - - -] No more DHCP agents
2026-07-02 12:28:39.927 9 WARNING neutron.api.rpc.agentnotifiers.dhcp_rpc_agent_api [None req-fa53f9aa-a475-4978-8703-8bb80696f307 fa2b63d4029641f89bed23466d74f693 939d91db3d0d4b9badc1c46a41bb8796 - - - -] Unable to schedule network 5acd958d-3244-4191-922d-bd32f9ab88b1: no agents available; will retry on subsequent port and subnet creation events.
2026-07-02 12:28:39.992 9 INFO neutron.db.ovn_revision_numbers_db [None req-fa53f9aa-a475-4978-8703-8bb80696f307 fa2b63d4029641f89bed23466d74f693 939d91db3d0d4b9badc1c46a41bb8796 - - - -] Successfully bumped revision number for resource f7cf9796-c0fd-4529-b33b-3aa2765145e3 (type: ports) to 1
2026-07-02 12:28:40.017 9 INFO neutron.wsgi [None req-fa53f9aa-a475-4978-8703-8bb80696f307 fa2b63d4029641f89bed23466d74f693 939d91db3d0d4b9badc1c46a41bb8796 - - - -] 10.0.0.190 "POST /v2.0/networks HTTP/1.1" status: 201 len: 830 time: 1.0065067
2026-07-02 12:28:40.303 9 WARNING neutron.scheduler.dhcp_agent_scheduler [None req-d84c8143-2653-4480-905e-905f23911fcf fa2b63d4029641f89bed23466d74f693 939d91db3d0d4b9badc1c46a41bb8796 - - - -] No more DHCP agents
2026-07-02 12:28:40.307 9 WARNING neutron.api.rpc.agentnotifiers.dhcp_rpc_agent_api [None req-d84c8143-2653-4480-905e-905f23911fcf fa2b63d4029641f89bed23466d74f693 939d91db3d0d4b9badc1c46a41bb8796 - - - -] Unable to schedule network 5acd958d-3244-4191-922d-bd32f9ab88b1: no agents available; will retry on subsequent port and subnet creation events.
2026-07-02 12:28:40.368 9 INFO neutron.db.ovn_revision_numbers_db [None req-d84c8143-2653-4480-905e-905f23911fcf fa2b63d4029641f89bed23466d74f693 939d91db3d0d4b9badc1c46a41bb8796 - - - -] Successfully bumped revision number for resource 49537633-015b-4a72-b3ce-af06ce7bb437 (type: ports) to 1
2026-07-02 12:28:40.390 9 INFO neutron.wsgi [None req-d84c8143-2653-4480-905e-905f23911fcf fa2b63d4029641f89bed23466d74f693 939d91db3d0d4b9badc1c46a41bb8796 - - - -] 10.0.0.190 "POST /v2.0/ports HTTP/1.1" status: 201 len: 942 time: 0.3681850 /var/lib/openstack/lib/python3.10/site-packages/pycadf/identifier.py:71: UserWarning: Invalid uuid: neutron. To ensure interoperability, identifiers should be a valid uuid. warnings.warn(('Invalid uuid: %s. To ensure interoperability, '
2026-07-02 12:28:40.617 9 INFO neutron.wsgi [None req-f8ec063d-978f-40c7-a607-e9a2902276cf fa2b63d4029641f89bed23466d74f693 939d91db3d0d4b9badc1c46a41bb8796 - - - -] 10.0.0.190 "POST /v2.0/trunks HTTP/1.1" status: 201 len: 608 time: 0.2180376
2026-07-02 12:28:40.708 10 INFO neutron.db.ovn_revision_numbers_db [None req-53d54a5d-f7cb-4b32-89ac-9311a8598193 6db263e20f2f4a4d8c7c3cccc392bab2 1fef74b8a9b44b0db968d26c57cf8916 - - default default] Successfully bumped revision number for resource 511cf1ba-cfe7-4091-822f-e2864975d5ab (type: security_groups) to 1
2026-07-02 12:28:40.712 9 INFO neutron.db.segments_db [None req-bce8c9d2-6ba3-4ffd-88fe-c263b5a72efb fa2b63d4029641f89bed23466d74f693 939d91db3d0d4b9badc1c46a41bb8796 - - - -] Added segment 02747f76-b926-4eed-894f-dcff7e77af78 of type geneve for network 4fb1a9dd-9346-4cbd-ad38-2a83c08a1012
2026-07-02 12:28:40.728 10 INFO neutron.wsgi [None req-53d54a5d-f7cb-4b32-89ac-9311a8598193 6db263e20f2f4a4d8c7c3cccc392bab2 1fef74b8a9b44b0db968d26c57cf8916 - - default default] 10.0.0.190 "GET /v2.0/security-groups?tenant_id=6d64d41667e94ee29a24b77e720e93d8&name=default HTTP/1.1" status: 200 len: 2996 time: 0.2262926
2026-07-02 12:28:40.824 9 INFO neutron.db.ovn_revision_numbers_db [None req-bce8c9d2-6ba3-4ffd-88fe-c263b5a72efb fa2b63d4029641f89bed23466d74f693 939d91db3d0d4b9badc1c46a41bb8796 - - - -] Successfully bumped revision number for resource 4fb1a9dd-9346-4cbd-ad38-2a83c08a1012 (type: networks) to 1
2026-07-02 12:28:40.904 10 INFO neutron.wsgi [None req-15f11b2c-a170-4484-bb69-e011b834084e 6db263e20f2f4a4d8c7c3cccc392bab2 1fef74b8a9b44b0db968d26c57cf8916 - - - -] 10.0.0.190 "DELETE /v2.0/security-groups/511cf1ba-cfe7-4091-822f-e2864975d5ab HTTP/1.1" status: 204 len: 168 time: 0.1714671
