2026-07-02 12:25:56.685 9 INFO neutron.wsgi [req-cf9fd65e-8934-4a04-beaf-0ed86c6ab5fa req-0fbedd21-2f87-4b47-89cf-75e13a4ec11d 09c41e21fe8341e98022182b95ac2f43 f94b2041cab7414ba8cde20a9c5b1ac6 - - e8e15fc61b734514a5c17044de395912 e8e15fc61b734514a5c17044de395912] 199.204.45.89 "GET /v2.0/networks?id=4ce5a8e4-5278-487e-b5b8-11adb3be70df HTTP/1.1" status: 200 len: 980 time: 0.2808976
2026-07-02 12:25:56.797 9 WARNING neutron.scheduler.dhcp_agent_scheduler [None req-605dcf05-d8e6-4108-bac6-82a46bb56358 19542148674b47f1ad50cc1da44d9e89 5dba52a70318496a9ff184dd96db9c14 - - - -] No more DHCP agents
2026-07-02 12:25:56.804 9 INFO neutron.wsgi [req-cf9fd65e-8934-4a04-beaf-0ed86c6ab5fa req-7d23ffba-c2ef-4c7e-abab-505e6da679dc 09c41e21fe8341e98022182b95ac2f43 f94b2041cab7414ba8cde20a9c5b1ac6 - - e8e15fc61b734514a5c17044de395912 e8e15fc61b734514a5c17044de395912] 199.204.45.89 "GET /v2.0/floatingips?fixed_ip_address=10.100.0.5&port_id=ead80508-f78f-4aaa-84f6-8c6ea75eb30a HTTP/1.1" status: 200 len: 1059 time: 0.1028876
2026-07-02 12:25:56.805 9 WARNING neutron.api.rpc.agentnotifiers.dhcp_rpc_agent_api [None req-605dcf05-d8e6-4108-bac6-82a46bb56358 19542148674b47f1ad50cc1da44d9e89 5dba52a70318496a9ff184dd96db9c14 - - - -] Unable to schedule network cd892a6b-5027-4cec-af0d-ccad7355ac50: no agents available; will retry on subsequent port and subnet creation events.
2026-07-02 12:25:56.888 9 INFO neutron.db.ovn_revision_numbers_db [None req-721c9a27-bc02-4f2e-bce6-8cc73e4cc420 6db263e20f2f4a4d8c7c3cccc392bab2 1fef74b8a9b44b0db968d26c57cf8916 - - default default] Successfully bumped revision number for resource e5273a03-508a-423d-b77a-621b174cf3d0 (type: ports) to 2
2026-07-02 12:25:56.895 9 INFO neutron.wsgi [req-cf9fd65e-8934-4a04-beaf-0ed86c6ab5fa req-65894c70-4a9b-4309-aefa-9bf0030ce7c5 09c41e21fe8341e98022182b95ac2f43 f94b2041cab7414ba8cde20a9c5b1ac6 - - e8e15fc61b734514a5c17044de395912 e8e15fc61b734514a5c17044de395912] 199.204.45.89 "GET /v2.0/subnets?id=eb25bd3b-8ba6-4a12-8a20-7ca55fe72df1 HTTP/1.1" status: 200 len: 875 time: 0.0790710
2026-07-02 12:25:56.951 9 INFO neutron.wsgi [req-cf9fd65e-8934-4a04-beaf-0ed86c6ab5fa req-0d4a5719-21c3-4e44-b27f-ac77e5eaefed 09c41e21fe8341e98022182b95ac2f43 f94b2041cab7414ba8cde20a9c5b1ac6 - - e8e15fc61b734514a5c17044de395912 e8e15fc61b734514a5c17044de395912] 199.204.45.89 "GET /v2.0/ports?network_id=4ce5a8e4-5278-487e-b5b8-11adb3be70df&device_owner=network%3Adhcp HTTP/1.1" status: 200 len: 210 time: 0.0429397
2026-07-02 12:25:56.959 9 INFO neutron.db.ovn_revision_numbers_db [None req-605dcf05-d8e6-4108-bac6-82a46bb56358 19542148674b47f1ad50cc1da44d9e89 5dba52a70318496a9ff184dd96db9c14 - - - -] Successfully bumped revision number for resource 66eb6c1c-d162-457c-8d1f-18234f6deee4 (type: ports) to 1
2026-07-02 12:25:57.106 9 INFO neutron.db.ovn_revision_numbers_db [None req-605dcf05-d8e6-4108-bac6-82a46bb56358 19542148674b47f1ad50cc1da44d9e89 5dba52a70318496a9ff184dd96db9c14 - - - -] Successfully bumped revision number for resource 3882040e-77b6-4033-bb5d-151b6d8a49a9 (type: networks) to 1
2026-07-02 12:25:57.108 9 WARNING neutron.scheduler.dhcp_agent_scheduler [None req-721c9a27-bc02-4f2e-bce6-8cc73e4cc420 6db263e20f2f4a4d8c7c3cccc392bab2 1fef74b8a9b44b0db968d26c57cf8916 - - default default] No more DHCP agents
2026-07-02 12:25:57.113 9 INFO neutron.wsgi [req-cf9fd65e-8934-4a04-beaf-0ed86c6ab5fa req-e801aae4-f426-4ece-9b35-b103d0d70f42 09c41e21fe8341e98022182b95ac2f43 f94b2041cab7414ba8cde20a9c5b1ac6 - - e8e15fc61b734514a5c17044de395912 e8e15fc61b734514a5c17044de395912] 199.204.45.89 "GET /v2.0/networks/4ce5a8e4-5278-487e-b5b8-11adb3be70df?fields=segments HTTP/1.1" status: 200 len: 212 time: 0.1502650
2026-07-02 12:25:57.123 9 WARNING neutron.api.rpc.agentnotifiers.dhcp_rpc_agent_api [None req-721c9a27-bc02-4f2e-bce6-8cc73e4cc420 6db263e20f2f4a4d8c7c3cccc392bab2 1fef74b8a9b44b0db968d26c57cf8916 - - default default] Unable to schedule network 590ff9fd-5737-4d48-aedd-aba32b642f58: no agents available; will retry on subsequent port and subnet creation events.
2026-07-02 12:25:57.151 9 INFO neutron.db.ovn_revision_numbers_db [None req-d91f5667-52ea-4e8c-a045-8ec8b7dc1fc0 - - - - - -] Successfully bumped revision number for resource e5273a03-508a-423d-b77a-621b174cf3d0 (type: ports) to 3
2026-07-02 12:25:57.285 9 INFO neutron.wsgi [req-cf9fd65e-8934-4a04-beaf-0ed86c6ab5fa req-4cc651fd-516a-4323-9478-190721abb496 09c41e21fe8341e98022182b95ac2f43 f94b2041cab7414ba8cde20a9c5b1ac6 - - e8e15fc61b734514a5c17044de395912 e8e15fc61b734514a5c17044de395912] 199.204.45.89 "GET /v2.0/networks/4ce5a8e4-5278-487e-b5b8-11adb3be70df?fields=provider%3Aphysical_network&fields=provider%3Anetwork_type HTTP/1.1" status: 200 len: 277 time: 0.1608012
2026-07-02 12:25:57.560 9 INFO neutron.db.ovn_revision_numbers_db [None req-d91f5667-52ea-4e8c-a045-8ec8b7dc1fc0 - - - - - -] Successfully bumped revision number for resource e5273a03-508a-423d-b77a-621b174cf3d0 (type: router_ports) to 3
2026-07-02 12:25:57.602 9 WARNING neutron.scheduler.dhcp_agent_scheduler [None req-605dcf05-d8e6-4108-bac6-82a46bb56358 19542148674b47f1ad50cc1da44d9e89 5dba52a70318496a9ff184dd96db9c14 - - - -] No more DHCP agents
2026-07-02 12:25:57.605 9 WARNING neutron.api.rpc.agentnotifiers.dhcp_rpc_agent_api [None req-605dcf05-d8e6-4108-bac6-82a46bb56358 19542148674b47f1ad50cc1da44d9e89 5dba52a70318496a9ff184dd96db9c14 - - - -] Unable to schedule network 3882040e-77b6-4033-bb5d-151b6d8a49a9: no agents available; will retry on subsequent port and subnet creation events.
2026-07-02 12:25:57.716 9 INFO neutron.db.ovn_revision_numbers_db [None req-605dcf05-d8e6-4108-bac6-82a46bb56358 19542148674b47f1ad50cc1da44d9e89 5dba52a70318496a9ff184dd96db9c14 - - - -] Successfully bumped revision number for resource accb19f2-de5b-4bd8-bfd9-0a28cffc35e4 (type: ports) to 1
2026-07-02 12:25:57.744 9 INFO neutron.wsgi [None req-605dcf05-d8e6-4108-bac6-82a46bb56358 19542148674b47f1ad50cc1da44d9e89 5dba52a70318496a9ff184dd96db9c14 - - - -] 10.0.0.190 "POST /v2.0/networks HTTP/1.1" status: 201 len: 1446 time: 2.8101404
2026-07-02 12:25:57.880 10 INFO neutron.wsgi [None req-2ca989a4-345a-4c2e-b468-4a235e8344e0 19542148674b47f1ad50cc1da44d9e89 5dba52a70318496a9ff184dd96db9c14 - - default default] 10.0.0.190 "GET /v2.0/networks HTTP/1.1" status: 200 len: 2052 time: 0.1301439
2026-07-02 12:25:57.999 9 INFO neutron.db.ovn_revision_numbers_db [None req-721c9a27-bc02-4f2e-bce6-8cc73e4cc420 6db263e20f2f4a4d8c7c3cccc392bab2 1fef74b8a9b44b0db968d26c57cf8916 - - - -] Successfully bumped revision number for resource e5273a03-508a-423d-b77a-621b174cf3d0 (type: router_ports) to 3
2026-07-02 12:25:58.001 9 INFO neutron.wsgi [None req-721c9a27-bc02-4f2e-bce6-8cc73e4cc420 6db263e20f2f4a4d8c7c3cccc392bab2 1fef74b8a9b44b0db968d26c57cf8916 - - - -] 10.0.0.190 "PUT /v2.0/routers/39fc5dbf-eeea-4ec1-8adb-5a3d3a5aec9b/add_router_interface HTTP/1.1" status: 200 len: 503 time: 3.6920877
2026-07-02 12:25:58.553 10 INFO neutron.wsgi [None req-5f787281-764b-4233-bdd4-06974f82d606 19542148674b47f1ad50cc1da44d9e89 5dba52a70318496a9ff184dd96db9c14 - - - -] 10.0.0.190 "DELETE /v2.0/networks/cd892a6b-5027-4cec-af0d-ccad7355ac50 HTTP/1.1" status: 204 len: 168 time: 0.6667154
2026-07-02 12:25:58.709 10 INFO neutron.db.ovn_revision_numbers_db [None req-789eee93-f894-4296-a0dc-7e67a35431c7 46a182191faa4e1ca3afedb8724f9621 4619a2626f454267973eeb9a528d2eb6 - - - -] Successfully bumped revision number for resource 3ec1b215-bd13-4619-9c41-72c336e2818b (type: security_groups) to 1
2026-07-02 12:25:58.731 10 INFO neutron.wsgi [None req-789eee93-f894-4296-a0dc-7e67a35431c7 46a182191faa4e1ca3afedb8724f9621 4619a2626f454267973eeb9a528d2eb6 - - - -] 10.0.0.189 "POST /v2.0/security-groups HTTP/1.1" status: 201 len: 1822 time: 0.1177132
2026-07-02 12:25:58.844 10 INFO neutron.db.ovn_revision_numbers_db [None req-3dbcbdf5-d9c1-4467-8e26-19209b0eba48 46a182191faa4e1ca3afedb8724f9621 4619a2626f454267973eeb9a528d2eb6 - - - -] Successfully bumped revision number for resource e033bbab-3d63-4210-9c03-33ea74a1ed3a (type: security_groups) to 1
2026-07-02 12:25:58.886 10 INFO neutron.wsgi [None req-3dbcbdf5-d9c1-4467-8e26-19209b0eba48 46a182191faa4e1ca3afedb8724f9621 4619a2626f454267973eeb9a528d2eb6 - - - -] 10.0.0.189 "POST /v2.0/security-groups HTTP/1.1" status: 201 len: 1821 time: 0.1304324
2026-07-02 12:25:58.962 9 INFO neutron.wsgi [None req-d79cd477-4009-4e64-b33a-77c022b82eba 19542148674b47f1ad50cc1da44d9e89 5dba52a70318496a9ff184dd96db9c14 - - - -] 10.0.0.190 "DELETE /v2.0/networks/3882040e-77b6-4033-bb5d-151b6d8a49a9 HTTP/1.1" status: 204 len: 168 time: 0.4044719
2026-07-02 12:25:59.050 10 INFO neutron.wsgi [None req-c87538b1-057c-4e40-a87f-e641f7dff167 19542148674b47f1ad50cc1da44d9e89 5dba52a70318496a9ff184dd96db9c14 - - default default] 10.0.0.190 "GET /v2.0/networks HTTP/1.1" status: 200 len: 845 time: 0.0830405
2026-07-02 12:25:59.051 10 INFO neutron.db.ovn_revision_numbers_db [None req-151dcb8f-1e3b-4935-b278-f56923cbb5c2 46a182191faa4e1ca3afedb8724f9621 4619a2626f454267973eeb9a528d2eb6 - - - -] Successfully bumped revision number for resource e2ccca43-b0da-4975-9fa4-0996a72dd288 (type: security_groups) to 1
2026-07-02 12:25:59.073 10 INFO neutron.wsgi [None req-151dcb8f-1e3b-4935-b278-f56923cbb5c2 46a182191faa4e1ca3afedb8724f9621 4619a2626f454267973eeb9a528d2eb6 - - - -] 10.0.0.189 "POST /v2.0/security-groups HTTP/1.1" status: 201 len: 1822 time: 0.1659713
2026-07-02 12:25:59.146 9 INFO neutron.db.segments_db [None req-8ff0745e-c8de-4734-9e33-a5ddff16ce92 19542148674b47f1ad50cc1da44d9e89 5dba52a70318496a9ff184dd96db9c14 - - - -] Added segment b4686f6f-7cc7-41b8-bed3-e419dd0ea57d of type geneve for network 2b5f32e2-99b7-4257-93ad-09348d1466d6
2026-07-02 12:25:59.184 10 INFO neutron.wsgi [req-029b102d-21ec-4a1e-b3f0-67c2495cb644 req-cb3e7ad6-95ab-4a0d-a204-f574a26af9ec 46a182191faa4e1ca3afedb8724f9621 4619a2626f454267973eeb9a528d2eb6 - - default default] 10.0.0.189 "GET /v2.0/security-groups?tenant_id=4619a2626f454267973eeb9a528d2eb6 HTTP/1.1" status: 200 len: 7797 time: 0.0855904
2026-07-02 12:25:59.187 10 INFO neutron.services.segments.plugin [-] Segment c41343fc-2cf2-4c6e-84e5-f1d35d8ac6b4 resource provider aggregate not found
2026-07-02 12:25:59.209 9 INFO neutron.services.segments.plugin [-] Segment 90fc9e10-ed9b-4146-98f0-9c65f35f2afe resource provider aggregate not found
2026-07-02 12:25:59.217 9 INFO neutron.services.segments.plugin [-] Segment 90fc9e10-ed9b-4146-98f0-9c65f35f2afe resource provider aggregate not found
2026-07-02 12:25:59.226 10 INFO neutron.services.segments.plugin [-] Segment c41343fc-2cf2-4c6e-84e5-f1d35d8ac6b4 resource provider not found; error: Placement Client Error (4xx): {"errors": [{"status": 404, "title": "Not Found", "detail": "The resource could not be found.\n\n No resource provider with uuid c41343fc-2cf2-4c6e-84e5-f1d35d8ac6b4 found for delete ", "request_id": "req-808533da-e16f-4262-94d8-8c212a071161"}]}
2026-07-02 12:25:59.227 10 INFO neutron.services.segments.plugin [-] Segment c41343fc-2cf2-4c6e-84e5-f1d35d8ac6b4 resource provider aggregate not found
2026-07-02 12:25:59.236 10 INFO neutron.wsgi [req-029b102d-21ec-4a1e-b3f0-67c2495cb644 req-5f4e45a0-9199-47a5-9650-938c33ba8609 46a182191faa4e1ca3afedb8724f9621 4619a2626f454267973eeb9a528d2eb6 - - default default] 10.0.0.189 "GET /v2.0/security-groups/36764274-eef6-4e84-84c5-1bc8fade8ce3 HTTP/1.1" status: 200 len: 2998 time: 0.0413411
2026-07-02 12:25:59.238 9 INFO neutron.services.segments.plugin [-] Segment 90fc9e10-ed9b-4146-98f0-9c65f35f2afe resource provider not found; error: Placement Client Error (4xx): {"errors": [{"status": 404, "title": "Not Found", "detail": "The resource could not be found.\n\n No resource provider with uuid 90fc9e10-ed9b-4146-98f0-9c65f35f2afe found for delete ", "request_id": "req-2407d056-8491-4f51-9e60-8b032baebb01"}]}
2026-07-02 12:25:59.240 9 INFO neutron.services.segments.plugin [-] Segment 90fc9e10-ed9b-4146-98f0-9c65f35f2afe resource provider not found; error: Placement Client Error (4xx): {"errors": [{"status": 404, "title": "Not Found", "detail": "The resource could not be found.\n\n No resource provider with uuid 90fc9e10-ed9b-4146-98f0-9c65f35f2afe found for delete ", "request_id": "req-d77f4b8f-bd20-4b59-a9ee-958991b9e50f"}]}
2026-07-02 12:25:59.242 10 INFO neutron.services.segments.plugin [-] Segment c41343fc-2cf2-4c6e-84e5-f1d35d8ac6b4 resource provider not found; error: Placement Client Error (4xx): {"errors": [{"status": 404, "title": "Not Found", "detail": "The resource could not be found.\n\n No resource provider with uuid c41343fc-2cf2-4c6e-84e5-f1d35d8ac6b4 found for delete ", "request_id": "req-40e1f734-8f25-4513-ad66-ae5c2b7f00e1"}]}
2026-07-02 12:25:59.280 10 INFO neutron.wsgi [req-029b102d-21ec-4a1e-b3f0-67c2495cb644 req-be6543b6-8dc8-4287-a86f-d5b14150f5f6 46a182191faa4e1ca3afedb8724f9621 4619a2626f454267973eeb9a528d2eb6 - - default default] 10.0.0.189 "GET /v2.0/security-groups/36764274-eef6-4e84-84c5-1bc8fade8ce3 HTTP/1.1" status: 200 len: 2998 time: 0.0343978
2026-07-02 12:25:59.283 9 INFO neutron.db.ovn_revision_numbers_db [None req-8ff0745e-c8de-4734-9e33-a5ddff16ce92 19542148674b47f1ad50cc1da44d9e89 5dba52a70318496a9ff184dd96db9c14 - - - -] Successfully bumped revision number for resource 2b5f32e2-99b7-4257-93ad-09348d1466d6 (type: networks) to 1
2026-07-02 12:25:59.349 10 INFO neutron.wsgi [req-57c64ae9-d95a-433a-8474-1ecc327f4406 req-17b677a0-e372-464b-b6ff-c7d121dce72b 46a182191faa4e1ca3afedb8724f9621 4619a2626f454267973eeb9a528d2eb6 - - default default] 10.0.0.189 "GET /v2.0/security-groups/3ec1b215-bd13-4619-9c41-72c336e2818b HTTP/1.1" status: 200 len: 1817 time: 0.0349848
2026-07-02 12:25:59.480 9 WARNING neutron.scheduler.dhcp_agent_scheduler [None req-8ff0745e-c8de-4734-9e33-a5ddff16ce92 19542148674b47f1ad50cc1da44d9e89 5dba52a70318496a9ff184dd96db9c14 - - - -] No more DHCP agents
2026-07-02 12:25:59.483 9 WARNING neutron.api.rpc.agentnotifiers.dhcp_rpc_agent_api [None req-8ff0745e-c8de-4734-9e33-a5ddff16ce92 19542148674b47f1ad50cc1da44d9e89 5dba52a70318496a9ff184dd96db9c14 - - - -] Unable to schedule network 2b5f32e2-99b7-4257-93ad-09348d1466d6: no agents available; will retry on subsequent port and subnet creation events.
2026-07-02 12:25:59.495 10 INFO neutron.wsgi [None req-e74d0b56-309e-40b5-a2d0-f509005bc4bf 46a182191faa4e1ca3afedb8724f9621 4619a2626f454267973eeb9a528d2eb6 - - - -] 10.0.0.189 "DELETE /v2.0/security-groups/3ec1b215-bd13-4619-9c41-72c336e2818b HTTP/1.1" status: 204 len: 173 time: 0.1366858
2026-07-02 12:25:59.523 10 INFO neutron.api.v2.resource [req-f3a3e516-b3ed-40a3-99b4-f429b41cb050 req-71ac0e50-a047-4547-945a-e84f1e6971cd 46a182191faa4e1ca3afedb8724f9621 4619a2626f454267973eeb9a528d2eb6 - - default default] show failed (client error): The resource could not be found.
2026-07-02 12:25:59.524 10 INFO neutron.wsgi [req-f3a3e516-b3ed-40a3-99b4-f429b41cb050 req-71ac0e50-a047-4547-945a-e84f1e6971cd 46a182191faa4e1ca3afedb8724f9621 4619a2626f454267973eeb9a528d2eb6 - - default default] 10.0.0.189 "GET /v2.0/security-groups/3ec1b215-bd13-4619-9c41-72c336e2818b HTTP/1.1" status: 404 len: 352 time: 0.0118527
2026-07-02 12:25:59.565 9 INFO neutron.db.ovn_revision_numbers_db [None req-8ff0745e-c8de-4734-9e33-a5ddff16ce92 19542148674b47f1ad50cc1da44d9e89 5dba52a70318496a9ff184dd96db9c14 - - - -] Successfully bumped revision number for resource bea438c2-fdb8-4be5-ad75-96d71e18c7c5 (type: ports) to 1
2026-07-02 12:25:59.588 10 INFO neutron.wsgi [req-07f94b10-9d15-4dae-9088-d348928f0abe req-1c6cab95-dd47-4374-91a4-bf4931449903 46a182191faa4e1ca3afedb8724f9621 4619a2626f454267973eeb9a528d2eb6 - - default default] 10.0.0.189 "GET /v2.0/security-groups/e033bbab-3d63-4210-9c03-33ea74a1ed3a HTTP/1.1" status: 200 len: 1816 time: 0.0341494
2026-07-02 12:25:59.599 9 INFO neutron.wsgi [None req-8ff0745e-c8de-4734-9e33-a5ddff16ce92 19542148674b47f1ad50cc1da44d9e89 5dba52a70318496a9ff184dd96db9c14 - - - -] 10.0.0.190 "POST /v2.0/networks HTTP/1.1" status: 201 len: 848 time: 0.5411742
2026-07-02 12:25:59.680 9 INFO neutron.db.segments_db [None req-f66ef96e-4408-4a8a-9dbf-0b67503b4043 19542148674b47f1ad50cc1da44d9e89 5dba52a70318496a9ff184dd96db9c14 - - - -] Added segment d755f7af-5164-4be5-86af-29a9dc0ac5f9 of type geneve for network 075730be-5c62-4dc0-8f20-ee08b517dfd4
2026-07-02 12:25:59.723 10 INFO neutron.db.ovn_revision_numbers_db [None req-9b243686-ecc7-4d63-b19f-d742db0337aa 6db263e20f2f4a4d8c7c3cccc392bab2 1fef74b8a9b44b0db968d26c57cf8916 - - default default] Successfully bumped revision number for resource 63694c68-0318-4620-993a-7271c5eef77f (type: security_groups) to 1
2026-07-02 12:25:59.742 10 INFO neutron.wsgi [None req-190b3052-d5ea-49ea-b6a4-3e550b9c7889 46a182191faa4e1ca3afedb8724f9621 4619a2626f454267973eeb9a528d2eb6 - - - -] 10.0.0.189 "DELETE /v2.0/security-groups/e033bbab-3d63-4210-9c03-33ea74a1ed3a HTTP/1.1" status: 204 len: 173 time: 0.1443920
2026-07-02 12:25:59.751 10 INFO neutron.wsgi [None req-9b243686-ecc7-4d63-b19f-d742db0337aa 6db263e20f2f4a4d8c7c3cccc392bab2 1fef74b8a9b44b0db968d26c57cf8916 - - default default] 10.0.0.190 "GET /v2.0/security-groups?tenant_id=49c6569704c84215b940756ae46c560d&name=default HTTP/1.1" status: 200 len: 2996 time: 0.2870884
2026-07-02 12:25:59.786 10 INFO neutron.api.v2.resource [req-78ed2bd2-6310-4f50-932b-26812cb8525c req-e47ec47a-3552-410e-b6a1-fa5a7eba9b32 46a182191faa4e1ca3afedb8724f9621 4619a2626f454267973eeb9a528d2eb6 - - default default] show failed (client error): The resource could not be found.
2026-07-02 12:25:59.787 10 INFO neutron.wsgi [req-78ed2bd2-6310-4f50-932b-26812cb8525c req-e47ec47a-3552-410e-b6a1-fa5a7eba9b32 46a182191faa4e1ca3afedb8724f9621 4619a2626f454267973eeb9a528d2eb6 - - default default] 10.0.0.189 "GET /v2.0/security-groups/e033bbab-3d63-4210-9c03-33ea74a1ed3a HTTP/1.1" status: 404 len: 352 time: 0.0170496
2026-07-02 12:25:59.799 9 INFO neutron.db.ovn_revision_numbers_db [None req-f66ef96e-4408-4a8a-9dbf-0b67503b4043 19542148674b47f1ad50cc1da44d9e89 5dba52a70318496a9ff184dd96db9c14 - - - -] Successfully bumped revision number for resource 075730be-5c62-4dc0-8f20-ee08b517dfd4 (type: networks) to 1
2026-07-02 12:25:59.847 10 INFO neutron.wsgi [req-b623e5c4-ff71-4ded-a2f7-afc56e03b015 req-2e587d60-f672-4632-8b09-f8f6c0354840 46a182191faa4e1ca3afedb8724f9621 4619a2626f454267973eeb9a528d2eb6 - - default default] 10.0.0.189 "GET /v2.0/security-groups/e2ccca43-b0da-4975-9fa4-0996a72dd288 HTTP/1.1" status: 200 len: 1817 time: 0.0396340
2026-07-02 12:25:59.976 10 INFO neutron.wsgi [None req-87938e77-e198-4e88-8888-cea760553b43 6db263e20f2f4a4d8c7c3cccc392bab2 1fef74b8a9b44b0db968d26c57cf8916 - - - -] 10.0.0.190 "DELETE /v2.0/security-groups/63694c68-0318-4620-993a-7271c5eef77f HTTP/1.1" status: 204 len: 168 time: 0.2188315
2026-07-02 12:25:59.988 9 WARNING neutron.scheduler.dhcp_agent_scheduler [None req-f66ef96e-4408-4a8a-9dbf-0b67503b4043 19542148674b47f1ad50cc1da44d9e89 5dba52a70318496a9ff184dd96db9c14 - - - -] No more DHCP agents
2026-07-02 12:25:59.990 9 WARNING neutron.api.rpc.agentnotifiers.dhcp_rpc_agent_api [None req-f66ef96e-4408-4a8a-9dbf-0b67503b4043 19542148674b47f1ad50cc1da44d9e89 5dba52a70318496a9ff184dd96db9c14 - - - -] Unable to schedule network 075730be-5c62-4dc0-8f20-ee08b517dfd4: no agents available; will retry on subsequent port and subnet creation events.
2026-07-02 12:25:59.994 10 INFO neutron.wsgi [None req-056a7097-4ab3-41d1-b88d-6b16de0c6d9c 46a182191faa4e1ca3afedb8724f9621 4619a2626f454267973eeb9a528d2eb6 - - - -] 10.0.0.189 "DELETE /v2.0/security-groups/e2ccca43-b0da-4975-9fa4-0996a72dd288 HTTP/1.1" status: 204 len: 173 time: 0.1396186
2026-07-02 12:26:00.034 10 INFO neutron.api.v2.resource [req-a60395e1-a815-41ec-9ab1-dc7b10890b5e req-9f962206-a614-4960-bfe4-ed3671499392 46a182191faa4e1ca3afedb8724f9621 4619a2626f454267973eeb9a528d2eb6 - - default default] show failed (client error): The resource could not be found.
2026-07-02 12:26:00.037 10 INFO neutron.wsgi [req-a60395e1-a815-41ec-9ab1-dc7b10890b5e req-9f962206-a614-4960-bfe4-ed3671499392 46a182191faa4e1ca3afedb8724f9621 4619a2626f454267973eeb9a528d2eb6 - - default default] 10.0.0.189 "GET /v2.0/security-groups/e2ccca43-b0da-4975-9fa4-0996a72dd288 HTTP/1.1" status: 404 len: 352 time: 0.0199099
2026-07-02 12:26:00.052 9 INFO neutron.db.ovn_revision_numbers_db [None req-f66ef96e-4408-4a8a-9dbf-0b67503b4043 19542148674b47f1ad50cc1da44d9e89 5dba52a70318496a9ff184dd96db9c14 - - - -] Successfully bumped revision number for resource 41e9f322-94c8-45be-93ad-f1f47e0c82e1 (type: ports) to 1
2026-07-02 12:26:00.080 9 INFO neutron.wsgi [None req-f66ef96e-4408-4a8a-9dbf-0b67503b4043 19542148674b47f1ad50cc1da44d9e89 5dba52a70318496a9ff184dd96db9c14 - - - -] 10.0.0.190 "POST /v2.0/networks HTTP/1.1" status: 201 len: 849 time: 0.4767783
2026-07-02 12:26:00.122 10 INFO neutron.wsgi [req-56f115e0-dffa-4c51-a6a8-14f7cf4e74e2 req-b9278c64-8fb7-4be7-8f44-e315894f40f0 46a182191faa4e1ca3afedb8724f9621 4619a2626f454267973eeb9a528d2eb6 - - default default] 10.0.0.189 "GET /v2.0/security-groups?tenant_id=4619a2626f454267973eeb9a528d2eb6 HTTP/1.1" status: 200 len: 3001 time: 0.0642502
2026-07-02 12:26:00.180 9 INFO neutron.db.ovn_revision_numbers_db [None req-6bde0876-b02f-4593-bd82-2e40caf6b6f6 6db263e20f2f4a4d8c7c3cccc392bab2 1fef74b8a9b44b0db968d26c57cf8916 - - default default] Successfully bumped revision number for resource bc49b04c-7ec4-4f24-a9dd-84522ee8b84c (type: security_groups) to 1
2026-07-02 12:26:00.184 10 INFO neutron.wsgi [req-56f115e0-dffa-4c51-a6a8-14f7cf4e74e2 req-2a64c507-0c2f-4fc3-b385-f4e3304cec56 46a182191faa4e1ca3afedb8724f9621 4619a2626f454267973eeb9a528d2eb6 - - default default] 10.0.0.189 "GET /v2.0/security-groups/36764274-eef6-4e84-84c5-1bc8fade8ce3 HTTP/1.1" status: 200 len: 2998 time: 0.0548887
2026-07-02 12:26:00.207 9 INFO neutron.wsgi [None req-6bde0876-b02f-4593-bd82-2e40caf6b6f6 6db263e20f2f4a4d8c7c3cccc392bab2 1fef74b8a9b44b0db968d26c57cf8916 - - default default] 10.0.0.190 "GET /v2.0/security-groups?tenant_id=7d5955d51fe34b5bbf400c74e1fc361e&name=default HTTP/1.1" status: 200 len: 2996 time: 0.1240754
2026-07-02 12:26:00.262 10 INFO neutron.wsgi [req-56f115e0-dffa-4c51-a6a8-14f7cf4e74e2 req-0a43a6b5-cc1f-4494-a20a-905c6350017d 46a182191faa4e1ca3afedb8724f9621 4619a2626f454267973eeb9a528d2eb6 - - default default] 10.0.0.189 "GET /v2.0/security-groups/36764274-eef6-4e84-84c5-1bc8fade8ce3 HTTP/1.1" status: 200 len: 2998 time: 0.0706627
2026-07-02 12:26:00.326 10 INFO neutron.api.v2.resource [req-4bf7bc7d-1922-4cff-8c93-a2f290c0ff68 req-03e9450a-4318-4b46-ade4-2a04c69b747f 46a182191faa4e1ca3afedb8724f9621 4619a2626f454267973eeb9a528d2eb6 - - default default] show failed (client error): The resource could not be found.
2026-07-02 12:26:00.327 10 INFO neutron.wsgi [req-4bf7bc7d-1922-4cff-8c93-a2f290c0ff68 req-03e9450a-4318-4b46-ade4-2a04c69b747f 46a182191faa4e1ca3afedb8724f9621 4619a2626f454267973eeb9a528d2eb6 - - default default] 10.0.0.189 "GET /v2.0/security-groups/e2ccca43-b0da-4975-9fa4-0996a72dd288 HTTP/1.1" status: 404 len: 352 time: 0.0386453
2026-07-02 12:26:00.377 10 INFO neutron.api.v2.resource [req-ff19ea41-e0d0-416e-a156-63106f59b3cb req-d7167ca0-41d8-451b-ac9a-fb7a3ad8184f 46a182191faa4e1ca3afedb8724f9621 4619a2626f454267973eeb9a528d2eb6 - - default default] show failed (client error): The resource could not be found.
2026-07-02 12:26:00.378 10 INFO neutron.wsgi [req-ff19ea41-e0d0-416e-a156-63106f59b3cb req-d7167ca0-41d8-451b-ac9a-fb7a3ad8184f 46a182191faa4e1ca3afedb8724f9621 4619a2626f454267973eeb9a528d2eb6 - - default default] 10.0.0.189 "GET /v2.0/security-groups/e033bbab-3d63-4210-9c03-33ea74a1ed3a HTTP/1.1" status: 404 len: 352 time: 0.0314291
2026-07-02 12:26:00.429 10 INFO neutron.api.v2.resource [req-fabe94e9-33d8-4a51-b006-bddf65645eca req-bb29d31a-8161-4600-aa8b-236693720770 46a182191faa4e1ca3afedb8724f9621 4619a2626f454267973eeb9a528d2eb6 - - default default] show failed (client error): The resource could not be found.
2026-07-02 12:26:00.430 10 INFO neutron.wsgi [req-fabe94e9-33d8-4a51-b006-bddf65645eca req-bb29d31a-8161-4600-aa8b-236693720770 46a182191faa4e1ca3afedb8724f9621 4619a2626f454267973eeb9a528d2eb6 - - default default] 10.0.0.189 "GET /v2.0/security-groups/3ec1b215-bd13-4619-9c41-72c336e2818b HTTP/1.1" status: 404 len: 352 time: 0.0233195
2026-07-02 12:26:00.614 10 INFO neutron.wsgi [None req-57df13d1-b1b8-4bf8-9b91-4f787897c2ba 6db263e20f2f4a4d8c7c3cccc392bab2 1fef74b8a9b44b0db968d26c57cf8916 - - - -] 10.0.0.190 "DELETE /v2.0/security-groups/bc49b04c-7ec4-4f24-a9dd-84522ee8b84c HTTP/1.1" status: 204 len: 168 time: 0.4015923
2026-07-02 12:26:00.771 10 WARNING neutron.scheduler.dhcp_agent_scheduler [None req-74056eba-8651-4ae3-9d50-9ceb469bf7d7 19542148674b47f1ad50cc1da44d9e89 5dba52a70318496a9ff184dd96db9c14 - - - -] No more DHCP agents
2026-07-02 12:26:00.772 10 WARNING neutron.api.rpc.agentnotifiers.dhcp_rpc_agent_api [None req-74056eba-8651-4ae3-9d50-9ceb469bf7d7 19542148674b47f1ad50cc1da44d9e89 5dba52a70318496a9ff184dd96db9c14 - - - -] Unable to schedule network 2b5f32e2-99b7-4257-93ad-09348d1466d6: no agents available; will retry on subsequent port and subnet creation events.
2026-07-02 12:26:01.001 10 INFO neutron.db.ovn_revision_numbers_db [None req-74056eba-8651-4ae3-9d50-9ceb469bf7d7 19542148674b47f1ad50cc1da44d9e89 5dba52a70318496a9ff184dd96db9c14 - - - -] Successfully bumped revision number for resource b2193d84-ac9c-472f-83a6-6fad7e9eed23 (type: ports) to 1
2026-07-02 12:26:01.050 10 WARNING neutron.scheduler.dhcp_agent_scheduler [None req-74056eba-8651-4ae3-9d50-9ceb469bf7d7 19542148674b47f1ad50cc1da44d9e89 5dba52a70318496a9ff184dd96db9c14 - - - -] No more DHCP agents
2026-07-02 12:26:01.053 10 WARNING neutron.api.rpc.agentnotifiers.dhcp_rpc_agent_api [None req-74056eba-8651-4ae3-9d50-9ceb469bf7d7 19542148674b47f1ad50cc1da44d9e89 5dba52a70318496a9ff184dd96db9c14 - - - -] Unable to schedule network 075730be-5c62-4dc0-8f20-ee08b517dfd4: no agents available; will retry on subsequent port and subnet creation events.
2026-07-02 12:26:01.150 10 INFO neutron.db.ovn_revision_numbers_db [None req-74056eba-8651-4ae3-9d50-9ceb469bf7d7 19542148674b47f1ad50cc1da44d9e89 5dba52a70318496a9ff184dd96db9c14 - - - -] Successfully bumped revision number for resource 1f0c4511-f110-4a93-86f8-f04d6bf4df6e (type: ports) to 1
2026-07-02 12:26:01.175 10 INFO neutron.wsgi [None req-74056eba-8651-4ae3-9d50-9ceb469bf7d7 19542148674b47f1ad50cc1da44d9e89 5dba52a70318496a9ff184dd96db9c14 - - - -] 10.0.0.190 "POST /v2.0/ports HTTP/1.1" status: 201 len: 1706 time: 1.0891955 /var/lib/openstack/lib/python3.10/site-packages/pycadf/identifier.py:71: UserWarning: Invalid uuid: neutron. To ensure interoperability, identifiers should be a valid uuid. warnings.warn(('Invalid uuid: %s. To ensure interoperability, '
2026-07-02 12:26:01.335 10 INFO neutron.wsgi [None req-c723900b-32fa-4744-a035-a4fa6c11513f 19542148674b47f1ad50cc1da44d9e89 5dba52a70318496a9ff184dd96db9c14 - - default default] 10.0.0.190 "GET /v2.0/ports HTTP/1.1" status: 200 len: 3213 time: 0.1460431
2026-07-02 12:26:01.642 9 INFO neutron.wsgi [None req-a07b1d61-d2e7-40bb-920d-94d0fdd13766 19542148674b47f1ad50cc1da44d9e89 5dba52a70318496a9ff184dd96db9c14 - - - -] 10.0.0.190 "DELETE /v2.0/ports/b2193d84-ac9c-472f-83a6-6fad7e9eed23 HTTP/1.1" status: 204 len: 168 time: 0.2995081
2026-07-02 12:26:01.883 10 INFO neutron.wsgi [None req-ee15cc52-f21c-4ca9-b2ad-96f184e428f1 6db263e20f2f4a4d8c7c3cccc392bab2 1fef74b8a9b44b0db968d26c57cf8916 - - - -] 10.0.0.190 "PUT /v2.0/routers/39fc5dbf-eeea-4ec1-8adb-5a3d3a5aec9b/remove_router_interface HTTP/1.1" status: 200 len: 503 time: 1.4365718
2026-07-02 12:26:01.965 10 INFO neutron.wsgi [None req-2f431afe-b9d1-464e-ad90-f2bb1fcad45a 19542148674b47f1ad50cc1da44d9e89 5dba52a70318496a9ff184dd96db9c14 - - - -] 10.0.0.190 "DELETE /v2.0/ports/1f0c4511-f110-4a93-86f8-f04d6bf4df6e HTTP/1.1" status: 204 len: 168 time: 0.3167572 /var/lib/openstack/lib/python3.10/site-packages/pycadf/identifier.py:71: UserWarning: Invalid uuid: neutron. To ensure interoperability, identifiers should be a valid uuid. warnings.warn(('Invalid uuid: %s. To ensure interoperability, '
2026-07-02 12:26:02.014 10 INFO neutron.wsgi [None req-9af61422-d392-42b9-942d-0554f59362da 19542148674b47f1ad50cc1da44d9e89 5dba52a70318496a9ff184dd96db9c14 - - default default] 10.0.0.190 "GET /v2.0/ports HTTP/1.1" status: 200 len: 1718 time: 0.0431077
2026-07-02 12:26:02.122 10 INFO neutron.db.segments_db [None req-cbb8c279-6839-4793-a317-8849bfe6730c 19542148674b47f1ad50cc1da44d9e89 5dba52a70318496a9ff184dd96db9c14 - - - -] Added segment 7ec889d4-b6ed-40c4-869d-f854dea2fe88 of type geneve for network 657b8d85-0762-472d-8c11-a9889905936d
2026-07-02 12:26:02.261 10 INFO neutron.db.ovn_revision_numbers_db [None req-cbb8c279-6839-4793-a317-8849bfe6730c 19542148674b47f1ad50cc1da44d9e89 5dba52a70318496a9ff184dd96db9c14 - - - -] Successfully bumped revision number for resource 657b8d85-0762-472d-8c11-a9889905936d (type: networks) to 1
2026-07-02 12:26:02.451 10 WARNING neutron.scheduler.dhcp_agent_scheduler [None req-cbb8c279-6839-4793-a317-8849bfe6730c 19542148674b47f1ad50cc1da44d9e89 5dba52a70318496a9ff184dd96db9c14 - - - -] No more DHCP agents
2026-07-02 12:26:02.453 10 WARNING neutron.api.rpc.agentnotifiers.dhcp_rpc_agent_api [None req-cbb8c279-6839-4793-a317-8849bfe6730c 19542148674b47f1ad50cc1da44d9e89 5dba52a70318496a9ff184dd96db9c14 - - - -] Unable to schedule network 657b8d85-0762-472d-8c11-a9889905936d: no agents available; will retry on subsequent port and subnet creation events.
2026-07-02 12:26:02.505 10 INFO neutron.wsgi [None req-ead6f88b-a618-4ebb-a077-0be300677453 6c99003d83e2441f85bf8344d2004df6 c2c15f1c0303454b9eedacc7f9ba8fdc - - default default] 10.0.0.190 "GET /v2.0/extensions HTTP/1.1" status: 200 len: 16520 time: 0.1421156
2026-07-02 12:26:02.521 10 INFO neutron.wsgi [None req-3d85713a-01ff-4358-8e71-07b68472c204 6c99003d83e2441f85bf8344d2004df6 c2c15f1c0303454b9eedacc7f9ba8fdc - - default default] 10.0.0.190 "GET /v2.0/extensions/address-group HTTP/1.1" status: 200 len: 353 time: 0.0072122
2026-07-02 12:26:02.524 10 INFO neutron.db.ovn_revision_numbers_db [None req-cbb8c279-6839-4793-a317-8849bfe6730c 19542148674b47f1ad50cc1da44d9e89 5dba52a70318496a9ff184dd96db9c14 - - - -] Successfully bumped revision number for resource f43681fd-26c9-4f8f-b00d-0ad798366d67 (type: ports) to 1
2026-07-02 12:26:02.680 10 INFO neutron.wsgi [None req-b6999c25-c8e3-4fd9-8d61-a15378d89029 6c99003d83e2441f85bf8344d2004df6 c2c15f1c0303454b9eedacc7f9ba8fdc - - default default] 10.0.0.190 "GET /v2.0/extensions/address-scope HTTP/1.1" status: 200 len: 357 time: 0.1538260
2026-07-02 12:26:02.690 9 INFO neutron.wsgi [None req-4a7c7308-5b0c-48bc-9f09-93480b79b6c4 6c99003d83e2441f85bf8344d2004df6 c2c15f1c0303454b9eedacc7f9ba8fdc - - default default] 10.0.0.190 "GET /v2.0/extensions/agent HTTP/1.1" status: 200 len: 347 time: 0.0044408
2026-07-02 12:26:02.696 10 INFO neutron.wsgi [None req-cbb8c279-6839-4793-a317-8849bfe6730c 19542148674b47f1ad50cc1da44d9e89 5dba52a70318496a9ff184dd96db9c14 - - - -] 10.0.0.190 "POST /v2.0/networks HTTP/1.1" status: 201 len: 849 time: 0.6747839
2026-07-02 12:26:02.701 9 INFO neutron.wsgi [None req-494b0758-186f-4a88-afb5-15113f4e6e98 6c99003d83e2441f85bf8344d2004df6 c2c15f1c0303454b9eedacc7f9ba8fdc - - default default] 10.0.0.190 "GET /v2.0/extensions/allowed-address-pairs HTTP/1.1" status: 200 len: 378 time: 0.0048692
2026-07-02 12:26:02.711 9 INFO neutron.wsgi [None req-e617b4f9-b619-40d8-832e-74ebf937e287 6c99003d83e2441f85bf8344d2004df6 c2c15f1c0303454b9eedacc7f9ba8fdc - - default default] 10.0.0.190 "GET /v2.0/extensions/auto-allocated-topology HTTP/1.1" status: 200 len: 394 time: 0.0030448
2026-07-02 12:26:02.718 9 INFO neutron.wsgi [None req-84251a15-67af-4155-9ea6-ac48110e88a3 6c99003d83e2441f85bf8344d2004df6 c2c15f1c0303454b9eedacc7f9ba8fdc - - default default] 10.0.0.190 "GET /v2.0/extensions/availability_zone HTTP/1.1" status: 200 len: 372 time: 0.0031536
2026-07-02 12:26:02.725 10 INFO neutron.wsgi [None req-e73d69d7-0d79-4acc-ab85-07c8ddd55644 6c99003d83e2441f85bf8344d2004df6 c2c15f1c0303454b9eedacc7f9ba8fdc - - default default] 10.0.0.190 "GET /v2.0/extensions/default-subnetpools HTTP/1.1" status: 200 len: 405 time: 0.0041220
2026-07-02 12:26:02.733 10 INFO neutron.wsgi [None req-d38579f1-96c1-4c44-aded-eaa7972bc1b9 6c99003d83e2441f85bf8344d2004df6 c2c15f1c0303454b9eedacc7f9ba8fdc - - default default] 10.0.0.190 "GET /v2.0/extensions/dhcp_agent_scheduler HTTP/1.1" status: 200 len: 381 time: 0.0037305
2026-07-02 12:26:02.739 10 INFO neutron.wsgi [None req-27cec24e-8c28-4473-b31c-a2990c1445b8 6c99003d83e2441f85bf8344d2004df6 c2c15f1c0303454b9eedacc7f9ba8fdc - - default default] 10.0.0.190 "GET /v2.0/extensions/dns-integration HTTP/1.1" status: 200 len: 366 time: 0.0035458
2026-07-02 12:26:02.746 10 INFO neutron.wsgi [None req-a5b0b6b5-1074-49e4-8545-613a173e76f6 6c99003d83e2441f85bf8344d2004df6 c2c15f1c0303454b9eedacc7f9ba8fdc - - default default] 10.0.0.190 "GET /v2.0/extensions/dns-domain-ports HTTP/1.1" status: 200 len: 399 time: 0.0032930
2026-07-02 12:26:02.752 10 INFO neutron.wsgi [None req-fa680e87-34ac-4bca-a5de-06602bfa2f2f 6c99003d83e2441f85bf8344d2004df6 c2c15f1c0303454b9eedacc7f9ba8fdc - - default default] 10.0.0.190 "GET /v2.0/extensions/dns-integration-domain-keywords HTTP/1.1" status: 200 len: 477 time: 0.0031133
2026-07-02 12:26:02.753 9 WARNING neutron.plugins.ml2.drivers.ovn.mech_driver.ovsdb.ovn_client [None req-d91f5667-52ea-4e8c-a045-8ec8b7dc1fc0 - - - - - -] No port found with ID e5273a03-508a-423d-b77a-621b174cf3d0: RuntimeError: No port found with ID e5273a03-508a-423d-b77a-621b174cf3d0
2026-07-02 12:26:02.758 10 INFO neutron.wsgi [None req-42199fc5-ec95-43ba-8746-e07f13e9337a 6c99003d83e2441f85bf8344d2004df6 c2c15f1c0303454b9eedacc7f9ba8fdc - - default default] 10.0.0.190 "GET /v2.0/extensions/external-net HTTP/1.1" status: 200 len: 394 time: 0.0032129
2026-07-02 12:26:02.766 10 INFO neutron.wsgi [None req-c55d9814-f804-44fc-b8d2-438803a650db 6c99003d83e2441f85bf8344d2004df6 c2c15f1c0303454b9eedacc7f9ba8fdc - - default default] 10.0.0.190 "GET /v2.0/extensions/extra_dhcp_opt HTTP/1.1" status: 200 len: 498 time: 0.0037436
2026-07-02 12:26:02.773 10 INFO neutron.wsgi [None req-e5deb7b5-f8de-4244-aa76-bbe3d9ba36a6 6c99003d83e2441f85bf8344d2004df6 c2c15f1c0303454b9eedacc7f9ba8fdc - - default default] 10.0.0.190 "GET /v2.0/extensions/extraroute HTTP/1.1" status: 200 len: 375 time: 0.0036552
2026-07-02 12:26:02.783 10 INFO neutron.wsgi [None req-f8084cb1-2e38-4e73-82e4-8562eb48d295 6c99003d83e2441f85bf8344d2004df6 c2c15f1c0303454b9eedacc7f9ba8fdc - - default default] 10.0.0.190 "GET /v2.0/extensions/filter-validation HTTP/1.1" status: 200 len: 392 time: 0.0050309
2026-07-02 12:26:02.792 10 INFO neutron.wsgi [None req-98891f44-b52c-4e3e-83bc-38091923b811 6c99003d83e2441f85bf8344d2004df6 c2c15f1c0303454b9eedacc7f9ba8fdc - - default default] 10.0.0.190 "GET /v2.0/extensions/floating-ip-port-forwarding-detail HTTP/1.1" status: 200 len: 465 time: 0.0047030
2026-07-02 12:26:02.793 10 INFO neutron.db.segments_db [None req-239a2283-54aa-45f2-a52b-e2883b924c79 19542148674b47f1ad50cc1da44d9e89 5dba52a70318496a9ff184dd96db9c14 - - - -] Added segment 005c7f10-9f12-46ee-9c65-86085534e7a9 of type geneve for network 13e6da91-af33-411f-ad09-7e49a5725e79
2026-07-02 12:26:02.799 9 INFO neutron.wsgi [None req-741392d0-7448-4625-b506-f4f3e6f023fa 6c99003d83e2441f85bf8344d2004df6 c2c15f1c0303454b9eedacc7f9ba8fdc - - default default] 10.0.0.190 "GET /v2.0/extensions/fip-port-details HTTP/1.1" status: 200 len: 406 time: 0.0039060
2026-07-02 12:26:02.810 9 INFO neutron.wsgi [None req-c0692e5a-fc08-4c64-909b-9f958f16d008 6c99003d83e2441f85bf8344d2004df6 c2c15f1c0303454b9eedacc7f9ba8fdc - - default default] 10.0.0.190 "GET /v2.0/extensions/flavors HTTP/1.1" status: 200 len: 387 time: 0.0046184
2026-07-02 12:26:02.821 9 INFO neutron.wsgi [None req-716268ad-1320-49d4-a6fd-23d6aa799f39 6c99003d83e2441f85bf8344d2004df6 c2c15f1c0303454b9eedacc7f9ba8fdc - - default default] 10.0.0.190 "GET /v2.0/extensions/floatingip-pools HTTP/1.1" status: 200 len: 382 time: 0.0048878
2026-07-02 12:26:02.830 10 INFO neutron.wsgi [None req-f9ca0e23-14d8-4413-aa57-71189cb0b15d 6c99003d83e2441f85bf8344d2004df6 c2c15f1c0303454b9eedacc7f9ba8fdc - - default default] 10.0.0.190 "GET /v2.0/extensions/ip_allocation HTTP/1.1" status: 200 len: 356 time: 0.0046041
2026-07-02 12:26:02.830 9 INFO neutron.wsgi [None req-6ec3d608-23a5-4149-bd50-dbe4ca4c65aa 6db263e20f2f4a4d8c7c3cccc392bab2 1fef74b8a9b44b0db968d26c57cf8916 - - - -] 10.0.0.190 "DELETE /v2.0/routers/39fc5dbf-eeea-4ec1-8adb-5a3d3a5aec9b HTTP/1.1" status: 204 len: 168 time: 0.9392405
2026-07-02 12:26:02.839 9 INFO neutron.wsgi [None req-e6e8e941-4b5a-4f13-b3e5-11cd438bffe3 6c99003d83e2441f85bf8344d2004df6 c2c15f1c0303454b9eedacc7f9ba8fdc - - default default] 10.0.0.190 "GET /v2.0/extensions/l2_adjacency HTTP/1.1" status: 200 len: 372 time: 0.0066032
2026-07-02 12:26:02.849 10 INFO neutron.wsgi [None req-dbd159dd-48ec-42d3-9539-5d61e078c4bc 6c99003d83e2441f85bf8344d2004df6 c2c15f1c0303454b9eedacc7f9ba8fdc - - default default] 10.0.0.190 "GET /v2.0/extensions/router HTTP/1.1" status: 200 len: 450 time: 0.0056000
2026-07-02 12:26:02.858 9 INFO neutron.wsgi [None req-d1cf70a6-72aa-4756-a8c0-feca6ac516d0 6c99003d83e2441f85bf8344d2004df6 c2c15f1c0303454b9eedacc7f9ba8fdc - - default default] 10.0.0.190 "GET /v2.0/extensions/ext-gw-mode HTTP/1.1" status: 200 len: 462 time: 0.0038064
2026-07-02 12:26:02.864 9 INFO neutron.wsgi [None req-fd7a7566-f941-4052-b9e8-d4a8118e1d0e 6c99003d83e2441f85bf8344d2004df6 c2c15f1c0303454b9eedacc7f9ba8fdc - - default default] 10.0.0.190 "GET /v2.0/extensions/logging HTTP/1.1" status: 200 len: 407 time: 0.0035396
2026-07-02 12:26:02.870 9 INFO neutron.wsgi [None req-400d2fcd-6443-4d1b-bcbf-1c7442753b5c 6c99003d83e2441f85bf8344d2004df6 c2c15f1c0303454b9eedacc7f9ba8fdc - - default default] 10.0.0.190 "GET /v2.0/extensions/multi-provider HTTP/1.1" status: 200 len: 406 time: 0.0027678
2026-07-02 12:26:02.880 9 INFO neutron.wsgi [None req-1dd15ba6-a343-4837-9e81-5c95e784931c 6c99003d83e2441f85bf8344d2004df6 c2c15f1c0303454b9eedacc7f9ba8fdc - - default default] 10.0.0.190 "GET /v2.0/extensions/net-mtu HTTP/1.1" status: 200 len: 370 time: 0.0066299
2026-07-02 12:26:02.893 9 INFO neutron.wsgi [None req-fea712e9-caf6-4bc9-9e4c-36dca055f237 6c99003d83e2441f85bf8344d2004df6 c2c15f1c0303454b9eedacc7f9ba8fdc - - default default] 10.0.0.190 "GET /v2.0/extensions/net-mtu-writable HTTP/1.1" status: 200 len: 401 time: 0.0036285
2026-07-02 12:26:02.901 10 INFO neutron.wsgi [None req-e556e229-e82b-4c7e-8f94-f5f498028723 6c99003d83e2441f85bf8344d2004df6 c2c15f1c0303454b9eedacc7f9ba8fdc - - default default] 10.0.0.190 "GET /v2.0/extensions/network_availability_zone HTTP/1.1" status: 200 len: 394 time: 0.0039043
2026-07-02 12:26:02.925 10 INFO neutron.wsgi [None req-fea43d4f-4425-4da7-879d-1060aec6ae73 6c99003d83e2441f85bf8344d2004df6 c2c15f1c0303454b9eedacc7f9ba8fdc - - default default] 10.0.0.190 "GET /v2.0/extensions/network-ip-availability HTTP/1.1" status: 200 len: 410 time: 0.0172713
2026-07-02 12:26:02.933 10 INFO neutron.wsgi [None req-bf98af95-e6e2-40ab-bb43-00d446bb9733 6c99003d83e2441f85bf8344d2004df6 c2c15f1c0303454b9eedacc7f9ba8fdc - - default default] 10.0.0.190 "GET /v2.0/extensions/pagination HTTP/1.1" status: 200 len: 386 time: 0.0035887
2026-07-02 12:26:02.934 10 INFO neutron.db.ovn_revision_numbers_db [None req-239a2283-54aa-45f2-a52b-e2883b924c79 19542148674b47f1ad50cc1da44d9e89 5dba52a70318496a9ff184dd96db9c14 - - - -] Successfully bumped revision number for resource 13e6da91-af33-411f-ad09-7e49a5725e79 (type: networks) to 1
2026-07-02 12:26:02.940 10 INFO neutron.wsgi [None req-71ecd4ab-a093-4b86-bb5b-d7606ceec86e 6c99003d83e2441f85bf8344d2004df6 c2c15f1c0303454b9eedacc7f9ba8fdc - - default default] 10.0.0.190 "GET /v2.0/extensions/port-device-profile HTTP/1.1" status: 200 len: 383 time: 0.0035250
2026-07-02 12:26:02.951 9 INFO neutron.wsgi [None req-c4c5fdd8-d865-46f0-95a1-6da6961acfaf 6c99003d83e2441f85bf8344d2004df6 c2c15f1c0303454b9eedacc7f9ba8fdc - - default default] 10.0.0.190 "GET /v2.0/extensions/port-mac-address-regenerate HTTP/1.1" status: 200 len: 403 time: 0.0061035
2026-07-02 12:26:02.961 10 INFO neutron.wsgi [None req-022b29f0-f0e8-47ec-bc0a-92197e2011dd 6c99003d83e2441f85bf8344d2004df6 c2c15f1c0303454b9eedacc7f9ba8fdc - - default default] 10.0.0.190 "GET /v2.0/extensions/port-numa-affinity-policy HTTP/1.1" status: 200 len: 392 time: 0.0046937
2026-07-02 12:26:02.974 10 INFO neutron.wsgi [None req-a05528be-f6fc-4d6a-aaae-165925859ba1 6c99003d83e2441f85bf8344d2004df6 c2c15f1c0303454b9eedacc7f9ba8fdc - - default default] 10.0.0.190 "GET /v2.0/extensions/port-resource-request HTTP/1.1" status: 200 len: 379 time: 0.0037606
2026-07-02 12:26:02.980 10 INFO neutron.wsgi [None req-fb6d0ce2-88cb-49a5-a62d-7cd5b915b383 6c99003d83e2441f85bf8344d2004df6 c2c15f1c0303454b9eedacc7f9ba8fdc - - default default] 10.0.0.190 "GET /v2.0/extensions/port-resource-request-groups HTTP/1.1" status: 200 len: 465 time: 0.0030794
2026-07-02 12:26:02.987 10 INFO neutron.wsgi [None req-107c064d-9f7e-46fb-b298-81e48abd0366 6c99003d83e2441f85bf8344d2004df6 c2c15f1c0303454b9eedacc7f9ba8fdc - - default default] 10.0.0.190 "GET /v2.0/extensions/binding HTTP/1.1" status: 200 len: 387 time: 0.0029392
2026-07-02 12:26:02.996 10 INFO neutron.wsgi [None req-ba91e341-f4c7-4d39-ab83-5306a50c095f 6c99003d83e2441f85bf8344d2004df6 c2c15f1c0303454b9eedacc7f9ba8fdc - - default default] 10.0.0.190 "GET /v2.0/extensions/binding-extended HTTP/1.1" status: 200 len: 406 time: 0.0032322
2026-07-02 12:26:03.003 9 INFO neutron.wsgi [None req-f8b5464f-ae94-43eb-ba5f-a83d79d4ef20 6c99003d83e2441f85bf8344d2004df6 c2c15f1c0303454b9eedacc7f9ba8fdc - - default default] 10.0.0.190 "GET /v2.0/extensions/port-security HTTP/1.1" status: 200 len: 354 time: 0.0043204
2026-07-02 12:26:03.012 9 INFO neutron.wsgi [None req-f94d4e28-fd00-4d3b-ab11-25378af8f5dd 6c99003d83e2441f85bf8344d2004df6 c2c15f1c0303454b9eedacc7f9ba8fdc - - default default] 10.0.0.190 "GET /v2.0/extensions/project-id HTTP/1.1" status: 200 len: 398 time: 0.0043812
2026-07-02 12:26:03.028 9 INFO neutron.wsgi [None req-7e05a43e-ef14-4ac7-8d84-ff43975f30e7 6c99003d83e2441f85bf8344d2004df6 c2c15f1c0303454b9eedacc7f9ba8fdc - - default default] 10.0.0.190 "GET /v2.0/extensions/provider HTTP/1.1" status: 200 len: 385 time: 0.0054295
2026-07-02 12:26:03.045 10 INFO neutron.wsgi [None req-926384a2-cb7e-41fd-bdd4-b57fdc307e0b 6c99003d83e2441f85bf8344d2004df6 c2c15f1c0303454b9eedacc7f9ba8fdc - - default default] 10.0.0.190 "GET /v2.0/extensions/qos HTTP/1.1" status: 200 len: 360 time: 0.0110111
2026-07-02 12:26:03.060 9 INFO neutron.wsgi [None req-94b18fca-1931-49c1-ae14-a29763541ac2 6c99003d83e2441f85bf8344d2004df6 c2c15f1c0303454b9eedacc7f9ba8fdc - - default default] 10.0.0.190 "GET /v2.0/extensions/qos-bw-limit-direction HTTP/1.1" status: 200 len: 452 time: 0.0073061
2026-07-02 12:26:03.078 9 INFO neutron.wsgi [None req-9c92dd4d-1974-4a3c-a837-799c17c6538f 6c99003d83e2441f85bf8344d2004df6 c2c15f1c0303454b9eedacc7f9ba8fdc - - default default] 10.0.0.190 "GET /v2.0/extensions/qos-bw-minimum-ingress HTTP/1.1" status: 200 len: 445 time: 0.0114522
2026-07-02 12:26:03.089 10 INFO neutron.wsgi [None req-bb2f6865-99f3-4dd0-94d3-1a9121501588 6c99003d83e2441f85bf8344d2004df6 c2c15f1c0303454b9eedacc7f9ba8fdc - - default default] 10.0.0.190 "GET /v2.0/extensions/qos-default HTTP/1.1" status: 200 len: 377 time: 0.0038009
2026-07-02 12:26:03.092 9 INFO neutron.wsgi [None req-00ffc6c3-3cb7-4ed9-bad8-c98c0a1a2319 6db263e20f2f4a4d8c7c3cccc392bab2 1fef74b8a9b44b0db968d26c57cf8916 - - - -] 10.0.0.190 "DELETE /v2.0/subnets/08228921-5d31-4d63-90dc-757af6144677 HTTP/1.1" status: 204 len: 168 time: 0.2584136
2026-07-02 12:26:03.099 10 INFO neutron.wsgi [None req-f3e87675-2fbf-433c-8362-261ae5fdd549 6c99003d83e2441f85bf8344d2004df6 c2c15f1c0303454b9eedacc7f9ba8fdc - - default default] 10.0.0.190 "GET /v2.0/extensions/qos-fip HTTP/1.1" status: 200 len: 372 time: 0.0044224
2026-07-02 12:26:03.111 9 INFO neutron.wsgi [None req-25dfa1de-54ea-4c57-b95c-ea95a11b8135 6c99003d83e2441f85bf8344d2004df6 c2c15f1c0303454b9eedacc7f9ba8fdc - - default default] 10.0.0.190 "GET /v2.0/extensions/qos-gateway-ip HTTP/1.1" status: 200 len: 391 time: 0.0070837
2026-07-02 12:26:03.128 9 INFO neutron.wsgi [None req-a5540798-0484-4069-bfeb-21fa18fc5041 6c99003d83e2441f85bf8344d2004df6 c2c15f1c0303454b9eedacc7f9ba8fdc - - default default] 10.0.0.190 "GET /v2.0/extensions/qos-port-network-policy HTTP/1.1" status: 200 len: 403 time: 0.0049989
2026-07-02 12:26:03.138 10 INFO neutron.wsgi [None req-127c7579-a469-44da-8f38-83dde58c5616 6c99003d83e2441f85bf8344d2004df6 c2c15f1c0303454b9eedacc7f9ba8fdc - - default default] 10.0.0.190 "GET /v2.0/extensions/qos-pps-minimum HTTP/1.1" status: 200 len: 397 time: 0.0051920
2026-07-02 12:26:03.144 10 INFO neutron.wsgi [None req-7792e53c-1b75-442b-ad2b-0c0adae104e9 6c99003d83e2441f85bf8344d2004df6 c2c15f1c0303454b9eedacc7f9ba8fdc - - default default] 10.0.0.190 "GET /v2.0/extensions/qos-pps-minimum-rule-alias HTTP/1.1" status: 200 len: 471 time: 0.0028777
2026-07-02 12:26:03.155 9 INFO neutron.wsgi [None req-ff18ec60-465d-488d-b32c-933d4d01269f 6c99003d83e2441f85bf8344d2004df6 c2c15f1c0303454b9eedacc7f9ba8fdc - - default default] 10.0.0.190 "GET /v2.0/extensions/qos-pps HTTP/1.1" status: 200 len: 389 time: 0.0061946
2026-07-02 12:26:03.164 9 INFO neutron.wsgi [None req-d89dff81-3cc4-4011-8dd4-7a71f27d755b 6c99003d83e2441f85bf8344d2004df6 c2c15f1c0303454b9eedacc7f9ba8fdc - - default default] 10.0.0.190 "GET /v2.0/extensions/qos-rule-type-details HTTP/1.1" status: 200 len: 423 time: 0.0050952
2026-07-02 12:26:03.172 9 INFO neutron.wsgi [None req-f501c83f-376f-4136-8593-c39828ab2ca2 6c99003d83e2441f85bf8344d2004df6 c2c15f1c0303454b9eedacc7f9ba8fdc - - default default] 10.0.0.190 "GET /v2.0/extensions/qos-rule-type-filter HTTP/1.1" status: 200 len: 567 time: 0.0038366
2026-07-02 12:26:03.176 10 WARNING neutron.scheduler.dhcp_agent_scheduler [None req-239a2283-54aa-45f2-a52b-e2883b924c79 19542148674b47f1ad50cc1da44d9e89 5dba52a70318496a9ff184dd96db9c14 - - - -] No more DHCP agents
2026-07-02 12:26:03.178 10 WARNING neutron.api.rpc.agentnotifiers.dhcp_rpc_agent_api [None req-239a2283-54aa-45f2-a52b-e2883b924c79 19542148674b47f1ad50cc1da44d9e89 5dba52a70318496a9ff184dd96db9c14 - - - -] Unable to schedule network 13e6da91-af33-411f-ad09-7e49a5725e79: no agents available; will retry on subsequent port and subnet creation events.
2026-07-02 12:26:03.180 9 INFO neutron.wsgi [None req-c9871434-8d4e-4e7a-85fc-4f2c9e053983 6c99003d83e2441f85bf8344d2004df6 c2c15f1c0303454b9eedacc7f9ba8fdc - - default default] 10.0.0.190 "GET /v2.0/extensions/qos-rules-alias HTTP/1.1" status: 200 len: 448 time: 0.0042250
2026-07-02 12:26:03.189 10 INFO neutron.wsgi [None req-63d38f38-2e2d-42f6-9541-7781be41f7a9 6c99003d83e2441f85bf8344d2004df6 c2c15f1c0303454b9eedacc7f9ba8fdc - - default default] 10.0.0.190 "GET /v2.0/extensions/quota-check-limit HTTP/1.1" status: 200 len: 420 time: 0.0035164
2026-07-02 12:26:03.198 9 INFO neutron.wsgi [None req-4cc78ab1-4920-40fc-af0d-b27c00f2b72f 6c99003d83e2441f85bf8344d2004df6 c2c15f1c0303454b9eedacc7f9ba8fdc - - default default] 10.0.0.190 "GET /v2.0/extensions/quotas HTTP/1.1" status: 200 len: 386 time: 0.0039620
2026-07-02 12:26:03.206 9 INFO neutron.wsgi [None req-749c8732-1bba-4d10-9082-9d87e6dbf249 6c99003d83e2441f85bf8344d2004df6 c2c15f1c0303454b9eedacc7f9ba8fdc - - default default] 10.0.0.190 "GET /v2.0/extensions/quota_details HTTP/1.1" status: 200 len: 407 time: 0.0033848
2026-07-02 12:26:03.214 9 INFO neutron.wsgi [None req-06c621ac-6691-44d3-b6a1-cd8a1a141978 6c99003d83e2441f85bf8344d2004df6 c2c15f1c0303454b9eedacc7f9ba8fdc - - default default] 10.0.0.190 "GET /v2.0/extensions/rbac-policies HTTP/1.1" status: 200 len: 417 time: 0.0050697
2026-07-02 12:26:03.223 9 INFO neutron.wsgi [None req-a4070fe8-a71b-4bde-815a-74016711058e 6c99003d83e2441f85bf8344d2004df6 c2c15f1c0303454b9eedacc7f9ba8fdc - - default default] 10.0.0.190 "GET /v2.0/extensions/rbac-address-scope HTTP/1.1" status: 200 len: 384 time: 0.0063102
2026-07-02 12:26:03.237 10 INFO neutron.db.ovn_revision_numbers_db [None req-239a2283-54aa-45f2-a52b-e2883b924c79 19542148674b47f1ad50cc1da44d9e89 5dba52a70318496a9ff184dd96db9c14 - - - -] Successfully bumped revision number for resource 29d73967-490c-431c-9aec-7f13780da605 (type: ports) to 1
2026-07-02 12:26:03.250 9 INFO neutron.wsgi [None req-d0d910d6-62b5-45fe-ab30-f634704922a0 6c99003d83e2441f85bf8344d2004df6 c2c15f1c0303454b9eedacc7f9ba8fdc - - default default] 10.0.0.190 "GET /v2.0/extensions/rbac-security-groups HTTP/1.1" status: 200 len: 404 time: 0.0154285
2026-07-02 12:26:03.255 10 INFO neutron.wsgi [None req-239a2283-54aa-45f2-a52b-e2883b924c79 19542148674b47f1ad50cc1da44d9e89 5dba52a70318496a9ff184dd96db9c14 - - - -] 10.0.0.190 "POST /v2.0/networks HTTP/1.1" status: 201 len: 848 time: 0.5526214
2026-07-02 12:26:03.263 9 INFO neutron.wsgi [None req-58694a6a-81a9-4849-aff8-7bfd27a8ca74 6c99003d83e2441f85bf8344d2004df6 c2c15f1c0303454b9eedacc7f9ba8fdc - - default default] 10.0.0.190 "GET /v2.0/extensions/revision-if-match HTTP/1.1" status: 200 len: 441 time: 0.0066352
2026-07-02 12:26:03.273 10 INFO neutron.wsgi [None req-ae063911-6b90-4952-84a2-c1d9a4c06e4e 6c99003d83e2441f85bf8344d2004df6 c2c15f1c0303454b9eedacc7f9ba8fdc - - default default] 10.0.0.190 "GET /v2.0/extensions/standard-attr-revisions HTTP/1.1" status: 200 len: 423 time: 0.0059929
