Jun 26 06:24:30.437606 np0000183146 devstack@neutron-api.service[103418]: DEBUG oslo_concurrency.processutils [None req-b0765163-feb5-4e60-afd0-a72ac9c7b40d None None] Running cmd (subprocess): ovsdb-client transact ssl:199.204.45.229:6641 --timeout 180 -p /opt/stack/data/CA/int-ca/private/devstack-cert.key -c /opt/stack/data/CA/int-ca/devstack-cert.crt -C /opt/stack/data/CA/int-ca/ca-chain.pem ["OVN_Northbound", {"op": "wait", "timeout": 0, "table": "Port_Group", "where": [["name", "==", "pvlan_pg_drop"]], "until": "==", "rows": []}, {"op": "insert", "table": "ACL", "row": {"action": "drop", "direction": "to-lport", "match": "outport == @pvlan_pg_drop && ip", "priority": 1010}, "uuid-name": "pvlandroptoport"}, {"op": "insert", "table": "ACL", "row": {"action": "drop", "direction": "from-lport", "match": "inport == @pvlan_pg_drop && ip", "priority": 1010}, "uuid-name": "pvlandropfromport"}, {"op": "insert", "table": "Port_Group", "row": {"name": "pvlan_pg_drop", "acls": ["set", [["named-uuid", "pvlandroptoport"], ["named-uuid", "pvlandropfromport"]]]}}] {{(pid=103418) execute /opt/stack/data/venv/lib/python3.12/site-packages/oslo_concurrency/processutils.py:440}}
Jun 26 06:24:30.451449 np0000183146 devstack@neutron-api.service[103421]: DEBUG oslo_concurrency.processutils [None req-5f049d61-9962-4552-a27c-4c635cbd5e88 None None] CMD "ovsdb-client transact ssl:199.204.45.229:6641 --timeout 180 -p /opt/stack/data/CA/int-ca/private/devstack-cert.key -c /opt/stack/data/CA/int-ca/devstack-cert.crt -C /opt/stack/data/CA/int-ca/ca-chain.pem ["OVN_Northbound", {"op": "wait", "timeout": 0, "table": "Port_Group", "where": [["name", "==", "pvlan_pg_drop"]], "until": "==", "rows": []}, {"op": "insert", "table": "ACL", "row": {"action": "drop", "direction": "to-lport", "match": "outport == @pvlan_pg_drop && ip", "priority": 1010}, "uuid-name": "pvlandroptoport"}, {"op": "insert", "table": "ACL", "row": {"action": "drop", "direction": "from-lport", "match": "inport == @pvlan_pg_drop && ip", "priority": 1010}, "uuid-name": "pvlandropfromport"}, {"op": "insert", "table": "Port_Group", "row": {"name": "pvlan_pg_drop", "acls": ["set", [["named-uuid", "pvlandroptoport"], ["named-uuid", "pvlandropfromport"]]]}}]" returned: 0 in 0.034s {{(pid=103421) execute /opt/stack/data/venv/lib/python3.12/site-packages/oslo_concurrency/processutils.py:468}}
Jun 26 06:24:30.454892 np0000183146 devstack@neutron-api.service[103421]: WSGI app 0 (mountpoint='') ready in 7 seconds on interpreter 0x77502c0a3668 pid: 103421 (default app)
Jun 26 06:24:30.482954 np0000183146 devstack@neutron-api.service[103418]: DEBUG oslo_concurrency.processutils [None req-b0765163-feb5-4e60-afd0-a72ac9c7b40d None None] CMD "ovsdb-client transact ssl:199.204.45.229:6641 --timeout 180 -p /opt/stack/data/CA/int-ca/private/devstack-cert.key -c /opt/stack/data/CA/int-ca/devstack-cert.crt -C /opt/stack/data/CA/int-ca/ca-chain.pem ["OVN_Northbound", {"op": "wait", "timeout": 0, "table": "Port_Group", "where": [["name", "==", "pvlan_pg_drop"]], "until": "==", "rows": []}, {"op": "insert", "table": "ACL", "row": {"action": "drop", "direction": "to-lport", "match": "outport == @pvlan_pg_drop && ip", "priority": 1010}, "uuid-name": "pvlandroptoport"}, {"op": "insert", "table": "ACL", "row": {"action": "drop", "direction": "from-lport", "match": "inport == @pvlan_pg_drop && ip", "priority": 1010}, "uuid-name": "pvlandropfromport"}, {"op": "insert", "table": "Port_Group", "row": {"name": "pvlan_pg_drop", "acls": ["set", [["named-uuid", "pvlandroptoport"], ["named-uuid", "pvlandropfromport"]]]}}]" returned: 0 in 0.045s {{(pid=103418) execute /opt/stack/data/venv/lib/python3.12/site-packages/oslo_concurrency/processutils.py:468}}
Jun 26 06:24:30.486747 np0000183146 devstack@neutron-api.service[103418]: WSGI app 0 (mountpoint='') ready in 7 seconds on interpreter 0x77502c0a3668 pid: 103418 (default app)
Jun 26 06:24:32.216938 np0000183146 devstack@neutron-api.service[103421]: DEBUG neutron.plugins.ml2.drivers.ovn.mech_driver.ovsdb.ovsdb_monitor [-] Hash Ring: Node 94b1487ef4e0591488959e858e4a272d (host: np0000183146) handling event "update" for row 9bb53084-b664-438a-b978-6afd98038066 (table: Connection) {{(pid=103421) notify /opt/stack/neutron/neutron/plugins/ml2/drivers/ovn/mech_driver/ovsdb/ovsdb_monitor.py:1015}}
Jun 26 06:24:32.224418 np0000183146 devstack@neutron-api.service[103419]: DEBUG neutron.common.ovn.hash_ring_manager [-] Allow caching, nodes 4>=4 {{(pid=103419) _wait_startup_before_caching /opt/stack/neutron/neutron/common/ovn/hash_ring_manager.py:71}}
Jun 26 06:24:32.224418 np0000183146 devstack@neutron-api.service[103419]: DEBUG neutron.plugins.ml2.drivers.ovn.mech_driver.ovsdb.ovsdb_monitor [-] Hash Ring: Node 22424b5c858a52b3920267299dd56477 (host: np0000183146) handling event "update" for row 9bb53084-b664-438a-b978-6afd98038066 (table: Connection) {{(pid=103419) notify /opt/stack/neutron/neutron/plugins/ml2/drivers/ovn/mech_driver/ovsdb/ovsdb_monitor.py:1015}}
Jun 26 06:24:34.714013 np0000183146 devstack@neutron-api.service[103419]: DEBUG neutron.plugins.ml2.drivers.ovn.mech_driver.ovsdb.ovsdb_monitor [-] Hash Ring: Node 22424b5c858a52b3920267299dd56477 (host: np0000183146) handling event "update" for row 9bb53084-b664-438a-b978-6afd98038066 (table: Connection) {{(pid=103419) notify /opt/stack/neutron/neutron/plugins/ml2/drivers/ovn/mech_driver/ovsdb/ovsdb_monitor.py:1015}}
Jun 26 06:24:34.715498 np0000183146 devstack@neutron-api.service[103421]: DEBUG neutron.plugins.ml2.drivers.ovn.mech_driver.ovsdb.ovsdb_monitor [-] Hash Ring: Node 94b1487ef4e0591488959e858e4a272d (host: np0000183146) handling event "update" for row 9bb53084-b664-438a-b978-6afd98038066 (table: Connection) {{(pid=103421) notify /opt/stack/neutron/neutron/plugins/ml2/drivers/ovn/mech_driver/ovsdb/ovsdb_monitor.py:1015}}
Jun 26 06:24:36.933415 np0000183146 devstack@neutron-api.service[103419]: DEBUG neutron.api.wsgi [None req-2be3af13-feac-42a8-acb5-05f717e4bef5 admin admin] Missing Content-Type {{(pid=103419) get_content_type /opt/stack/neutron/neutron/api/wsgi.py:80}}
Jun 26 06:24:36.934074 np0000183146 devstack@neutron-api.service[103419]: DEBUG neutron.api.wsgi [None req-2be3af13-feac-42a8-acb5-05f717e4bef5 admin admin] https://199.204.45.229/networking/v2.0/extensions returned with HTTP 200 {{(pid=103419) __call__ /opt/stack/neutron/neutron/api/wsgi.py:540}}
Jun 26 06:24:36.934178 np0000183146 devstack@neutron-api.service[103419]: [pid: 103419|app: 0|req: 2/2] 199.204.45.229 () {64 vars in 1323 bytes} [Fri Jun 26 06:24:36 2026] GET /networking/v2.0/extensions => generated 16171 bytes in 416 msecs (HTTP/1.1 200) 4 headers in 159 bytes (1 switches on core 0)
Jun 26 06:24:37.391026 np0000183146 devstack@neutron-api.service[103420]: DEBUG neutron.api.v2.base [None req-a2976e26-8f3b-4595-9ba8-e642908783e2 admin admin] Request body: {'subnetpool': {'prefixes': ['10.1.0.0/20'], 'default_prefixlen': 26, 'shared': True, 'name': 'shared-default-subnetpool-v4', 'is_default': True}} {{(pid=103420) prepare_request_body /opt/stack/neutron/neutron/api/v2/base.py:727}}
Jun 26 06:24:37.598073 np0000183146 devstack@neutron-api.service[103420]: DEBUG neutron.policy [None req-a2976e26-8f3b-4595-9ba8-e642908783e2 admin admin] Loaded default policies from ['neutron'] under neutron.policies entry points {{(pid=103420) register_rules /opt/stack/neutron/neutron/policy.py:65}}
Jun 26 06:24:37.753864 np0000183146 devstack@neutron-api.service[103420]: DEBUG neutron_lib.callbacks.manager [None req-a2976e26-8f3b-4595-9ba8-e642908783e2 admin admin] Publish callbacks ['neutron.objects.securitygroup.RbacNeutronDbObjectMixin.validate_rbac_policy_change-2907863644105', 'neutron.objects.address_group.RbacNeutronDbObjectMixin.validate_rbac_policy_change-2907863487445', 'neutron.objects.network.RbacNeutronDbObjectMixin.validate_rbac_policy_change-2907863539977', 'neutron.objects.qos.policy.RbacNeutronDbObjectMixin.validate_rbac_policy_change-2907863544844', 'neutron.objects.subnetpool.RbacNeutronDbObjectMixin.validate_rbac_policy_change-2907863523503', 'neutron.objects.address_scope.RbacNeutronDbObjectMixin.validate_rbac_policy_change-2907863545277', 'neutron.plugins.ml2.plugin.External_net_db_mixin._process_ext_policy_create-468784', 'neutron.plugins.ml2.plugin.NeutronDbPluginV2.validate_network_rbac_policy_change-456904'] for rbac-policy (None), before_create {{(pid=103420) _notify_loop /opt/stack/data/venv/lib/python3.12/site-packages/neutron_lib/callbacks/manager.py:184}}
Jun 26 06:24:37.805384 np0000183146 devstack@neutron-api.service[103420]: DEBUG neutron_lib.callbacks.manager [None req-a2976e26-8f3b-4595-9ba8-e642908783e2 admin admin] Publish callbacks [] for subnetpool (None), before_response {{(pid=103420) _notify_loop /opt/stack/data/venv/lib/python3.12/site-packages/neutron_lib/callbacks/manager.py:184}}
Jun 26 06:24:37.806105 np0000183146 devstack@neutron-api.service[103420]: [pid: 103420|app: 0|req: 1/3] 199.204.45.229 () {68 vars in 1367 bytes} [Fri Jun 26 06:24:37 2026] POST /networking/v2.0/subnetpools => generated 533 bytes in 529 msecs (HTTP/1.1 201) 4 headers in 162 bytes (1 switches on core 0)
Jun 26 06:24:38.144804 np0000183146 devstack@neutron-api.service[103421]: DEBUG neutron.api.v2.base [None req-5d5bc881-fade-4c2f-9078-e573e64e2e1b admin admin] Request body: {'subnetpool': {'prefixes': ['fdb4:e5f5:7de1::/56'], 'default_prefixlen': 64, 'shared': True, 'name': 'shared-default-subnetpool-v6', 'is_default': True}} {{(pid=103421) prepare_request_body /opt/stack/neutron/neutron/api/v2/base.py:727}}
Jun 26 06:24:38.325696 np0000183146 devstack@neutron-api.service[103421]: DEBUG neutron.policy [None req-5d5bc881-fade-4c2f-9078-e573e64e2e1b admin admin] Loaded default policies from ['neutron'] under neutron.policies entry points {{(pid=103421) register_rules /opt/stack/neutron/neutron/policy.py:65}}
Jun 26 06:24:38.481390 np0000183146 devstack@neutron-api.service[103421]: DEBUG neutron_lib.callbacks.manager [None req-5d5bc881-fade-4c2f-9078-e573e64e2e1b admin admin] Publish callbacks ['neutron.objects.securitygroup.RbacNeutronDbObjectMixin.validate_rbac_policy_change-2907863449408', 'neutron.objects.address_group.RbacNeutronDbObjectMixin.validate_rbac_policy_change-2907863426888', 'neutron.objects.network.RbacNeutronDbObjectMixin.validate_rbac_policy_change-2907863536749', 'neutron.objects.qos.policy.RbacNeutronDbObjectMixin.validate_rbac_policy_change-2907863533371', 'neutron.objects.subnetpool.RbacNeutronDbObjectMixin.validate_rbac_policy_change-2907863529459', 'neutron.objects.address_scope.RbacNeutronDbObjectMixin.validate_rbac_policy_change-2907863533736', 'neutron.plugins.ml2.plugin.External_net_db_mixin._process_ext_policy_create-30616', 'neutron.plugins.ml2.plugin.NeutronDbPluginV2.validate_network_rbac_policy_change-105148'] for rbac-policy (None), before_create {{(pid=103421) _notify_loop /opt/stack/data/venv/lib/python3.12/site-packages/neutron_lib/callbacks/manager.py:184}}
Jun 26 06:24:38.533454 np0000183146 devstack@neutron-api.service[103421]: DEBUG neutron_lib.callbacks.manager [None req-5d5bc881-fade-4c2f-9078-e573e64e2e1b admin admin] Publish callbacks [] for subnetpool (None), before_response {{(pid=103421) _notify_loop /opt/stack/data/venv/lib/python3.12/site-packages/neutron_lib/callbacks/manager.py:184}}
Jun 26 06:24:38.534420 np0000183146 devstack@neutron-api.service[103421]: [pid: 103421|app: 0|req: 1/4] 199.204.45.229 () {68 vars in 1367 bytes} [Fri Jun 26 06:24:38 2026] POST /networking/v2.0/subnetpools => generated 543 bytes in 507 msecs (HTTP/1.1 201) 4 headers in 162 bytes (1 switches on core 0)
Jun 26 06:24:38.955243 np0000183146 devstack@neutron-api.service[103418]: DEBUG neutron.api.v2.base [None req-60e8b797-2538-4fb3-bdac-58f79e431883 admin admin] Request body: {'network': {'admin_state_up': True, 'name': 'private'}} {{(pid=103418) prepare_request_body /opt/stack/neutron/neutron/api/v2/base.py:727}}
Jun 26 06:24:38.994827 np0000183146 devstack@neutron-api.service[103418]: DEBUG neutron.pecan_wsgi.hooks.quota_enforcement [None req-60e8b797-2538-4fb3-bdac-58f79e431883 admin admin] Made reservation on behalf of 1be599bde8374df8bb0a793b3cafaf29 for: {'network': 1} {{(pid=103418) before /opt/stack/neutron/neutron/pecan_wsgi/hooks/quota_enforcement.py:66}}
Jun 26 06:24:39.178505 np0000183146 devstack@neutron-api.service[103418]: DEBUG neutron.policy [None req-60e8b797-2538-4fb3-bdac-58f79e431883 admin admin] Loaded default policies from ['neutron'] under neutron.policies entry points {{(pid=103418) register_rules /opt/stack/neutron/neutron/policy.py:65}}
Jun 26 06:24:39.282591 np0000183146 devstack@neutron-api.service[103418]: DEBUG neutron_lib.callbacks.manager [None req-60e8b797-2538-4fb3-bdac-58f79e431883 admin admin] Publish callbacks ['neutron.plugins.ml2.plugin.SecurityGroupDbMixin._ensure_default_security_group_handler-255288'] for network (None), before_create {{(pid=103418) _notify_loop /opt/stack/data/venv/lib/python3.12/site-packages/neutron_lib/callbacks/manager.py:184}}
Jun 26 06:24:39.307038 np0000183146 devstack@neutron-api.service[103418]: DEBUG neutron_lib.callbacks.manager [None req-60e8b797-2538-4fb3-bdac-58f79e431883 admin admin] Publish callbacks [] for security_group (None), before_create {{(pid=103418) _notify_loop /opt/stack/data/venv/lib/python3.12/site-packages/neutron_lib/callbacks/manager.py:184}}
Jun 26 06:24:39.413861 np0000183146 devstack@neutron-api.service[103418]: DEBUG neutron_lib.callbacks.manager [None req-60e8b797-2538-4fb3-bdac-58f79e431883 admin admin] Publish callbacks ['neutron.plugins.ml2.drivers.ovn.mech_driver.mech_driver.OVNMechanismDriver._create_security_group_precommit-169408'] for security_group (cea47754-0eb8-4307-b328-e78ba3f92809), precommit_create {{(pid=103418) _notify_loop /opt/stack/data/venv/lib/python3.12/site-packages/neutron_lib/callbacks/manager.py:184}}
Jun 26 06:24:39.414107 np0000183146 devstack@neutron-api.service[103418]: DEBUG neutron.db.ovn_revision_numbers_db [None req-60e8b797-2538-4fb3-bdac-58f79e431883 admin admin] create_initial_revision uuid=cea47754-0eb8-4307-b328-e78ba3f92809, type=security_groups, rev=-1 {{(pid=103418) create_initial_revision /opt/stack/neutron/neutron/db/ovn_revision_numbers_db.py:98}}
Jun 26 06:24:39.417101 np0000183146 devstack@neutron-api.service[103418]: DEBUG neutron.db.ovn_revision_numbers_db [None req-60e8b797-2538-4fb3-bdac-58f79e431883 admin admin] create_initial_revision uuid=5ecad36c-0665-451f-bf45-5174a2133051, type=security_group_rules, rev=-1 {{(pid=103418) create_initial_revision /opt/stack/neutron/neutron/db/ovn_revision_numbers_db.py:98}}
Jun 26 06:24:39.418198 np0000183146 devstack@neutron-api.service[103418]: DEBUG neutron.db.ovn_revision_numbers_db [None req-60e8b797-2538-4fb3-bdac-58f79e431883 admin admin] create_initial_revision uuid=70c01db1-2d80-483e-aed5-8e689bba5e8b, type=security_group_rules, rev=-1 {{(pid=103418) create_initial_revision /opt/stack/neutron/neutron/db/ovn_revision_numbers_db.py:98}}
Jun 26 06:24:39.419205 np0000183146 devstack@neutron-api.service[103418]: DEBUG neutron.db.ovn_revision_numbers_db [None req-60e8b797-2538-4fb3-bdac-58f79e431883 admin admin] create_initial_revision uuid=91d13af4-66e7-49d7-a7b8-bca186b9d9c7, type=security_group_rules, rev=-1 {{(pid=103418) create_initial_revision /opt/stack/neutron/neutron/db/ovn_revision_numbers_db.py:98}}
Jun 26 06:24:39.420397 np0000183146 devstack@neutron-api.service[103418]: DEBUG neutron.db.ovn_revision_numbers_db [None req-60e8b797-2538-4fb3-bdac-58f79e431883 admin admin] create_initial_revision uuid=c50b5937-e865-42b9-9100-58e77b14355b, type=security_group_rules, rev=-1 {{(pid=103418) create_initial_revision /opt/stack/neutron/neutron/db/ovn_revision_numbers_db.py:98}}
Jun 26 06:24:39.426779 np0000183146 devstack@neutron-api.service[103418]: DEBUG neutron_lib.callbacks.manager [None req-60e8b797-2538-4fb3-bdac-58f79e431883 admin admin] Publish callbacks ['neutron.plugins.ml2.drivers.ovn.mech_driver.mech_driver.OVNMechanismDriver._create_security_group-169398', 'neutron.plugins.ml2.ovo_rpc._ObjectChangeHandler.handle_event-1193208'] for security_group (cea47754-0eb8-4307-b328-e78ba3f92809), after_create {{(pid=103418) _notify_loop /opt/stack/data/venv/lib/python3.12/site-packages/neutron_lib/callbacks/manager.py:184}}
Jun 26 06:24:39.426988 np0000183146 devstack@neutron-api.service[103418]: INFO neutron.plugins.ml2.drivers.ovn.mech_driver.ovsdb.extensions.qos [None req-60e8b797-2538-4fb3-bdac-58f79e431883 admin admin] Starting OVNClientQosExtension
Jun 26 06:24:39.427183 np0000183146 devstack@neutron-api.service[103418]: INFO neutron.plugins.ml2.drivers.ovn.mech_driver.ovsdb.extensions.placement [None req-60e8b797-2538-4fb3-bdac-58f79e431883 admin admin] Starting OVNClientPlacementExtension
Jun 26 06:24:39.429446 np0000183146 devstack@neutron-api.service[103418]: DEBUG ovsdbapp.backend.ovs_idl.transaction [-] Running txn n=1 command(idx=0): PgAddCommand(_result=None, name=pg_cea47754_0eb8_4307_b328_e78ba3f92809, may_exist=False, columns={'acls': [], 'external_ids': {'neutron:security_group_id': 'cea47754-0eb8-4307-b328-e78ba3f92809'}}) {{(pid=103418) do_commit /opt/stack/data/venv/lib/python3.12/site-packages/ovsdbapp/backend/ovs_idl/transaction.py:89}}
Jun 26 06:24:39.432087 np0000183146 devstack@neutron-api.service[103418]: DEBUG ovsdbapp.backend.ovs_idl.transaction [-] Running txn n=1 command(idx=1): PgAclAddCommand(_result=None, entity=pg_cea47754_0eb8_4307_b328_e78ba3f92809, direction=from-lport, priority=1002, match=inport == @pg_cea47754_0eb8_4307_b328_e78ba3f92809 && ip4, action=allow-related, log=False, may_exist=True, severity=[], name=[], meter=[], external_ids={'neutron:security_group_rule_id': '5ecad36c-0665-451f-bf45-5174a2133051'}) {{(pid=103418) do_commit /opt/stack/data/venv/lib/python3.12/site-packages/ovsdbapp/backend/ovs_idl/transaction.py:89}}
Jun 26 06:24:39.432805 np0000183146 devstack@neutron-api.service[103418]: DEBUG ovsdbapp.backend.ovs_idl.transaction [-] Running txn n=1 command(idx=2): PgAclAddCommand(_result=None, entity=pg_cea47754_0eb8_4307_b328_e78ba3f92809, direction=to-lport, priority=1002, match=outport == @pg_cea47754_0eb8_4307_b328_e78ba3f92809 && ip4 && ip4.src == $pg_cea47754_0eb8_4307_b328_e78ba3f92809_ip4, action=allow-related, log=False, may_exist=True, severity=[], name=[], meter=[], external_ids={'neutron:security_group_rule_id': '70c01db1-2d80-483e-aed5-8e689bba5e8b'}) {{(pid=103418) do_commit /opt/stack/data/venv/lib/python3.12/site-packages/ovsdbapp/backend/ovs_idl/transaction.py:89}}
Jun 26 06:24:39.433299 np0000183146 devstack@neutron-api.service[103418]: DEBUG ovsdbapp.backend.ovs_idl.transaction [-] Running txn n=1 command(idx=3): PgAclAddCommand(_result=None, entity=pg_cea47754_0eb8_4307_b328_e78ba3f92809, direction=from-lport, priority=1002, match=inport == @pg_cea47754_0eb8_4307_b328_e78ba3f92809 && ip6, action=allow-related, log=False, may_exist=True, severity=[], name=[], meter=[], external_ids={'neutron:security_group_rule_id': '91d13af4-66e7-49d7-a7b8-bca186b9d9c7'}) {{(pid=103418) do_commit /opt/stack/data/venv/lib/python3.12/site-packages/ovsdbapp/backend/ovs_idl/transaction.py:89}}
Jun 26 06:24:39.434299 np0000183146 devstack@neutron-api.service[103418]: DEBUG ovsdbapp.backend.ovs_idl.transaction [-] Running txn n=1 command(idx=4): PgAclAddCommand(_result=None, entity=pg_cea47754_0eb8_4307_b328_e78ba3f92809, direction=to-lport, priority=1002, match=outport == @pg_cea47754_0eb8_4307_b328_e78ba3f92809 && ip6 && ip6.src == $pg_cea47754_0eb8_4307_b328_e78ba3f92809_ip6, action=allow-related, log=False, may_exist=True, severity=[], name=[], meter=[], external_ids={'neutron:security_group_rule_id': 'c50b5937-e865-42b9-9100-58e77b14355b'}) {{(pid=103418) do_commit /opt/stack/data/venv/lib/python3.12/site-packages/ovsdbapp/backend/ovs_idl/transaction.py:89}}
Jun 26 06:24:39.503857 np0000183146 devstack@neutron-api.service[103419]: DEBUG neutron.plugins.ml2.drivers.ovn.mech_driver.ovsdb.ovsdb_monitor [-] Hash Ring: Node 22424b5c858a52b3920267299dd56477 (host: np0000183146) handling event "create" for row 21c1b306-ea35-4876-9386-5dc0782abd38 (table: ACL) {{(pid=103419) notify /opt/stack/neutron/neutron/plugins/ml2/drivers/ovn/mech_driver/ovsdb/ovsdb_monitor.py:1015}}
Jun 26 06:24:39.503857 np0000183146 devstack@neutron-api.service[103419]: DEBUG neutron.plugins.ml2.drivers.ovn.mech_driver.ovsdb.ovsdb_monitor [-] Hash Ring: Node 22424b5c858a52b3920267299dd56477 (host: np0000183146) handling event "create" for row 50ba4c8d-a900-4a9d-9eb1-5dd9f7415fd6 (table: ACL) {{(pid=103419) notify /opt/stack/neutron/neutron/plugins/ml2/drivers/ovn/mech_driver/ovsdb/ovsdb_monitor.py:1015}}
Jun 26 06:24:39.503857 np0000183146 devstack@neutron-api.service[103419]: DEBUG neutron.plugins.ml2.drivers.ovn.mech_driver.ovsdb.ovsdb_monitor [-] Hash Ring: Node 22424b5c858a52b3920267299dd56477 (host: np0000183146) handling event "create" for row 89a7ad16-481f-4fc2-a674-2b41c54724d2 (table: ACL) {{(pid=103419) notify /opt/stack/neutron/neutron/plugins/ml2/drivers/ovn/mech_driver/ovsdb/ovsdb_monitor.py:1015}}
Jun 26 06:24:39.503857 np0000183146 devstack@neutron-api.service[103419]: DEBUG neutron.plugins.ml2.drivers.ovn.mech_driver.ovsdb.ovsdb_monitor [-] Hash Ring: Node 22424b5c858a52b3920267299dd56477 (host: np0000183146) handling event "create" for row fcc591bd-4c17-40a3-a0c1-eb7a812c2a85 (table: ACL) {{(pid=103419) notify /opt/stack/neutron/neutron/plugins/ml2/drivers/ovn/mech_driver/ovsdb/ovsdb_monitor.py:1015}}
Jun 26 06:24:39.503857 np0000183146 devstack@neutron-api.service[103419]: DEBUG neutron.plugins.ml2.drivers.ovn.mech_driver.ovsdb.ovsdb_monitor [-] Hash Ring: Node 22424b5c858a52b3920267299dd56477 (host: np0000183146) handling event "create" for row 3dd509d5-bfd7-400e-bdca-5f3c436b4d8b (table: Port_Group) {{(pid=103419) notify /opt/stack/neutron/neutron/plugins/ml2/drivers/ovn/mech_driver/ovsdb/ovsdb_monitor.py:1015}}
Jun 26 06:24:39.505805 np0000183146 devstack@neutron-api.service[103420]: DEBUG neutron.plugins.ml2.drivers.ovn.mech_driver.ovsdb.ovsdb_monitor [-] Hash Ring: Node c37307e211d0524dbb6e40dd6648d06d (host: np0000183146) handling event "create" for row 50ba4c8d-a900-4a9d-9eb1-5dd9f7415fd6 (table: ACL) {{(pid=103420) notify /opt/stack/neutron/neutron/plugins/ml2/drivers/ovn/mech_driver/ovsdb/ovsdb_monitor.py:1015}}
Jun 26 06:24:39.506905 np0000183146 devstack@neutron-api.service[103421]: DEBUG neutron.plugins.ml2.drivers.ovn.mech_driver.ovsdb.ovsdb_monitor [-] Hash Ring: Node 94b1487ef4e0591488959e858e4a272d (host: np0000183146) handling event "create" for row 89a7ad16-481f-4fc2-a674-2b41c54724d2 (table: ACL) {{(pid=103421) notify /opt/stack/neutron/neutron/plugins/ml2/drivers/ovn/mech_driver/ovsdb/ovsdb_monitor.py:1015}}
Jun 26 06:24:39.506905 np0000183146 devstack@neutron-api.service[103421]: DEBUG neutron.plugins.ml2.drivers.ovn.mech_driver.ovsdb.ovsdb_monitor [-] Hash Ring: Node 94b1487ef4e0591488959e858e4a272d (host: np0000183146) handling event "create" for row fcc591bd-4c17-40a3-a0c1-eb7a812c2a85 (table: ACL) {{(pid=103421) notify /opt/stack/neutron/neutron/plugins/ml2/drivers/ovn/mech_driver/ovsdb/ovsdb_monitor.py:1015}}
Jun 26 06:24:39.506905 np0000183146 devstack@neutron-api.service[103421]: DEBUG neutron.plugins.ml2.drivers.ovn.mech_driver.ovsdb.ovsdb_monitor [-] Hash Ring: Node 94b1487ef4e0591488959e858e4a272d (host: np0000183146) handling event "create" for row 3dd509d5-bfd7-400e-bdca-5f3c436b4d8b (table: Port_Group) {{(pid=103421) notify /opt/stack/neutron/neutron/plugins/ml2/drivers/ovn/mech_driver/ovsdb/ovsdb_monitor.py:1015}}
Jun 26 06:24:39.558377 np0000183146 devstack@neutron-api.service[103418]: INFO neutron.db.ovn_revision_numbers_db [None req-60e8b797-2538-4fb3-bdac-58f79e431883 admin admin] Successfully bumped revision number for resource cea47754-0eb8-4307-b328-e78ba3f92809 (type: security_groups) to 1
Jun 26 06:24:39.588056 np0000183146 devstack@neutron-api.service[103418]: INFO neutron.db.ovn_revision_numbers_db [None req-60e8b797-2538-4fb3-bdac-58f79e431883 admin admin] Successfully bumped revision number for resource 5ecad36c-0665-451f-bf45-5174a2133051 (type: security_group_rules) to 0
Jun 26 06:24:39.604249 np0000183146 devstack@neutron-api.service[103418]: INFO neutron.db.ovn_revision_numbers_db [None req-60e8b797-2538-4fb3-bdac-58f79e431883 admin admin] Successfully bumped revision number for resource 70c01db1-2d80-483e-aed5-8e689bba5e8b (type: security_group_rules) to 0
Jun 26 06:24:39.621468 np0000183146 devstack@neutron-api.service[103418]: INFO neutron.db.ovn_revision_numbers_db [None req-60e8b797-2538-4fb3-bdac-58f79e431883 admin admin] Successfully bumped revision number for resource 91d13af4-66e7-49d7-a7b8-bca186b9d9c7 (type: security_group_rules) to 0
Jun 26 06:24:39.645491 np0000183146 devstack@neutron-api.service[103418]: INFO neutron.db.ovn_revision_numbers_db [None req-60e8b797-2538-4fb3-bdac-58f79e431883 admin admin] Successfully bumped revision number for resource c50b5937-e865-42b9-9100-58e77b14355b (type: security_group_rules) to 0
Jun 26 06:24:39.683052 np0000183146 devstack@neutron-api.service[103418]: DEBUG neutron.api.rpc.handlers.resources_rpc [None req-60e8b797-2538-4fb3-bdac-58f79e431883 admin admin] Pushing event updated for resources: {'SecurityGroup': ['ID=cea47754-0eb8-4307-b328-e78ba3f92809,revision_number=1']} {{(pid=103418) push /opt/stack/neutron/neutron/api/rpc/handlers/resources_rpc.py:237}}
Jun 26 06:24:39.692373 np0000183146 devstack@neutron-api.service[103418]: DEBUG ovsdbapp.backend.ovs_idl.transaction [-] Running txn n=1 command(idx=0): CheckLivenessCommand(_result=None) {{(pid=103418) do_commit /opt/stack/data/venv/lib/python3.12/site-packages/ovsdbapp/backend/ovs_idl/transaction.py:89}}
Jun 26 06:24:39.695776 np0000183146 devstack@neutron-api.service[103418]: DEBUG neutron.plugins.ml2.drivers.ovn.mech_driver.ovsdb.ovsdb_monitor [-] Hash Ring: Node c814b1f0ddb85b2d8b2122ed1532f7cd (host: np0000183146) handling event "update" for row 70201512-cece-420a-b722-d81e5d6aa4ae (table: NB_Global) {{(pid=103418) notify /opt/stack/neutron/neutron/plugins/ml2/drivers/ovn/mech_driver/ovsdb/ovsdb_monitor.py:1015}}
Jun 26 06:24:39.696869 np0000183146 devstack@neutron-api.service[103419]: DEBUG neutron.plugins.ml2.drivers.ovn.mech_driver.ovsdb.ovsdb_monitor [-] Hash Ring: Node 22424b5c858a52b3920267299dd56477 (host: np0000183146) handling event "update" for row 70201512-cece-420a-b722-d81e5d6aa4ae (table: NB_Global) {{(pid=103419) notify /opt/stack/neutron/neutron/plugins/ml2/drivers/ovn/mech_driver/ovsdb/ovsdb_monitor.py:1015}}
Jun 26 06:24:39.698975 np0000183146 devstack@neutron-api.service[103419]: DEBUG neutron.plugins.ml2.drivers.ovn.mech_driver.ovsdb.ovsdb_monitor [-] Hash Ring: Node 22424b5c858a52b3920267299dd56477 (host: np0000183146) handling event "update" for row 70201512-cece-420a-b722-d81e5d6aa4ae (table: NB_Global) {{(pid=103419) notify /opt/stack/neutron/neutron/plugins/ml2/drivers/ovn/mech_driver/ovsdb/ovsdb_monitor.py:1015}}
Jun 26 06:24:39.701049 np0000183146 devstack@neutron-api.service[103418]: DEBUG neutron.api.rpc.callbacks.version_manager [None req-60e8b797-2538-4fb3-bdac-58f79e431883 admin admin] Tracked resource versions report:
Jun 26 06:24:39.701049 np0000183146 devstack@neutron-api.service[103418]: pushed versions:
Jun 26 06:24:39.701049 np0000183146 devstack@neutron-api.service[103418]: { 'AddressGroup': {'1.2'},
Jun 26 06:24:39.701049 np0000183146 devstack@neutron-api.service[103418]: 'Agent': {'1.1'},
Jun 26 06:24:39.701049 np0000183146 devstack@neutron-api.service[103418]: 'ConntrackHelper': {'1.0'},
Jun 26 06:24:39.701049 np0000183146 devstack@neutron-api.service[103418]: 'LocalIPAssociation': {'1.0'},
Jun 26 06:24:39.701049 np0000183146 devstack@neutron-api.service[103418]: 'Log': {'1.0'},
Jun 26 06:24:39.701049 np0000183146 devstack@neutron-api.service[103418]: 'NDPProxy': {'1.0'},
Jun 26 06:24:39.701049 np0000183146 devstack@neutron-api.service[103418]: 'Network': {'1.3'},
Jun 26 06:24:39.701049 np0000183146 devstack@neutron-api.service[103418]: 'Port': {'1.11'},
Jun 26 06:24:39.701049 np0000183146 devstack@neutron-api.service[103418]: 'PortForwarding': {'1.3'},
Jun 26 06:24:39.701049 np0000183146 devstack@neutron-api.service[103418]: 'QosPolicy': {'1.10'},
Jun 26 06:24:39.701049 np0000183146 devstack@neutron-api.service[103418]: 'SecurityGroup': {'1.6'},
Jun 26 06:24:39.701049 np0000183146 devstack@neutron-api.service[103418]: 'SecurityGroupRule': {'1.3'},
Jun 26 06:24:39.701049 np0000183146 devstack@neutron-api.service[103418]: 'SubPort': {'1.0'},
Jun 26 06:24:39.701049 np0000183146 devstack@neutron-api.service[103418]: 'Subnet': {'1.2'},
Jun 26 06:24:39.701049 np0000183146 devstack@neutron-api.service[103418]: 'Trunk': {'1.1'}}
Jun 26 06:24:39.701049 np0000183146 devstack@neutron-api.service[103418]: consumer versions:
Jun 26 06:24:39.701049 np0000183146 devstack@neutron-api.service[103418]: {}
Jun 26 06:24:39.701049 np0000183146 devstack@neutron-api.service[103418]: {{(pid=103418) report /opt/stack/neutron/neutron/api/rpc/callbacks/version_manager.py:183}}
Jun 26 06:24:39.702591 np0000183146 devstack@neutron-api.service[103419]: DEBUG neutron.plugins.ml2.drivers.ovn.mech_driver.ovsdb.ovsdb_monitor [-] Hash Ring: Node 22424b5c858a52b3920267299dd56477 (host: np0000183146) handling event "update" for row 70201512-cece-420a-b722-d81e5d6aa4ae (table: NB_Global) {{(pid=103419) notify /opt/stack/neutron/neutron/plugins/ml2/drivers/ovn/mech_driver/ovsdb/ovsdb_monitor.py:1015}}
Jun 26 06:24:39.702743 np0000183146 devstack@neutron-api.service[103421]: DEBUG neutron.plugins.ml2.drivers.ovn.mech_driver.ovsdb.ovsdb_monitor [-] ChassisAgentWriteEvent : Matched Chassis_Private, update, None None {{(pid=103421) matches /opt/stack/neutron/neutron/plugins/ml2/drivers/ovn/mech_driver/ovsdb/ovsdb_monitor.py:64}}
Jun 26 06:24:39.702914 np0000183146 devstack@neutron-api.service[103419]: DEBUG neutron.plugins.ml2.drivers.ovn.mech_driver.ovsdb.ovsdb_monitor [-] Hash Ring: Node 22424b5c858a52b3920267299dd56477 (host: np0000183146) handling event "update" for row 70201512-cece-420a-b722-d81e5d6aa4ae (table: NB_Global) {{(pid=103419) notify /opt/stack/neutron/neutron/plugins/ml2/drivers/ovn/mech_driver/ovsdb/ovsdb_monitor.py:1015}}
Jun 26 06:24:39.704890 np0000183146 devstack@neutron-api.service[103420]: DEBUG neutron.plugins.ml2.drivers.ovn.mech_driver.ovsdb.ovsdb_monitor [-] ChassisAgentWriteEvent : Matched Chassis_Private, update, None None {{(pid=103420) matches /opt/stack/neutron/neutron/plugins/ml2/drivers/ovn/mech_driver/ovsdb/ovsdb_monitor.py:64}}
Jun 26 06:24:39.705770 np0000183146 devstack@neutron-api.service[103419]: DEBUG neutron.plugins.ml2.drivers.ovn.mech_driver.ovsdb.ovsdb_monitor [-] ChassisAgentWriteEvent : Matched Chassis_Private, update, None None {{(pid=103419) matches /opt/stack/neutron/neutron/plugins/ml2/drivers/ovn/mech_driver/ovsdb/ovsdb_monitor.py:64}}
Jun 26 06:24:39.708210 np0000183146 devstack@neutron-api.service[103418]: DEBUG neutron.plugins.ml2.drivers.ovn.mech_driver.ovsdb.ovsdb_monitor [-] ChassisAgentWriteEvent : Matched Chassis_Private, update, None None {{(pid=103418) matches /opt/stack/neutron/neutron/plugins/ml2/drivers/ovn/mech_driver/ovsdb/ovsdb_monitor.py:64}}
Jun 26 06:24:39.708665 np0000183146 devstack@neutron-api.service[103418]: DEBUG neutron.plugins.ml2.drivers.ovn.mech_driver.ovsdb.ovsdb_monitor [-] Hash Ring: Node c814b1f0ddb85b2d8b2122ed1532f7cd (host: np0000183146) handling event "update" for row 81914340-6e60-413a-a633-805b0ba0deb3 (table: Chassis_Private) {{(pid=103418) notify /opt/stack/neutron/neutron/plugins/ml2/drivers/ovn/mech_driver/ovsdb/ovsdb_monitor.py:1015}}
Jun 26 06:24:39.709191 np0000183146 devstack@neutron-api.service[103421]: DEBUG neutron.plugins.ml2.drivers.ovn.mech_driver.ovsdb.ovsdb_monitor [-] ChassisOVNAgentWriteEvent : Matched Chassis_Private, update, None None {{(pid=103421) matches /opt/stack/neutron/neutron/plugins/ml2/drivers/ovn/mech_driver/ovsdb/ovsdb_monitor.py:64}}
Jun 26 06:24:39.709658 np0000183146 devstack@neutron-api.service[103420]: DEBUG neutron.plugins.ml2.drivers.ovn.mech_driver.ovsdb.ovsdb_monitor [-] ChassisOVNAgentWriteEvent : Matched Chassis_Private, update, None None {{(pid=103420) matches /opt/stack/neutron/neutron/plugins/ml2/drivers/ovn/mech_driver/ovsdb/ovsdb_monitor.py:64}}
Jun 26 06:24:39.712230 np0000183146 devstack@neutron-api.service[103418]: DEBUG neutron.plugins.ml2.drivers.ovn.mech_driver.ovsdb.ovsdb_monitor [-] ChassisOVNAgentWriteEvent : Matched Chassis_Private, update, None None {{(pid=103418) matches /opt/stack/neutron/neutron/plugins/ml2/drivers/ovn/mech_driver/ovsdb/ovsdb_monitor.py:64}}
Jun 26 06:24:39.712230 np0000183146 devstack@neutron-api.service[103418]: DEBUG neutron.plugins.ml2.drivers.ovn.mech_driver.ovsdb.ovsdb_monitor [-] Hash Ring: Node c814b1f0ddb85b2d8b2122ed1532f7cd (host: np0000183146) handling event "update" for row 81914340-6e60-413a-a633-805b0ba0deb3 (table: Chassis_Private) {{(pid=103418) notify /opt/stack/neutron/neutron/plugins/ml2/drivers/ovn/mech_driver/ovsdb/ovsdb_monitor.py:1015}}
Jun 26 06:24:39.713347 np0000183146 devstack@neutron-api.service[103418]: DEBUG neutron.plugins.ml2.drivers.ovn.mech_driver.ovsdb.ovsdb_monitor [-] Hash Ring: Node c814b1f0ddb85b2d8b2122ed1532f7cd (host: np0000183146) handling event "update" for row 70201512-cece-420a-b722-d81e5d6aa4ae (table: NB_Global) {{(pid=103418) notify /opt/stack/neutron/neutron/plugins/ml2/drivers/ovn/mech_driver/ovsdb/ovsdb_monitor.py:1015}}
Jun 26 06:24:39.713979 np0000183146 devstack@neutron-api.service[103418]: DEBUG neutron.plugins.ml2.drivers.ovn.mech_driver.ovsdb.ovsdb_monitor [-] Hash Ring: Node c814b1f0ddb85b2d8b2122ed1532f7cd (host: np0000183146) handling event "update" for row 70201512-cece-420a-b722-d81e5d6aa4ae (table: NB_Global) {{(pid=103418) notify /opt/stack/neutron/neutron/plugins/ml2/drivers/ovn/mech_driver/ovsdb/ovsdb_monitor.py:1015}}
Jun 26 06:24:39.714402 np0000183146 devstack@neutron-api.service[103419]: DEBUG neutron.common.ovn.hash_ring_manager [-] Allow caching, nodes 4>=4 {{(pid=103419) _wait_startup_before_caching /opt/stack/neutron/neutron/common/ovn/hash_ring_manager.py:71}}
Jun 26 06:24:39.714402 np0000183146 devstack@neutron-api.service[103419]: DEBUG neutron.plugins.ml2.drivers.ovn.mech_driver.ovsdb.ovsdb_monitor [-] Hash Ring: Node 22424b5c858a52b3920267299dd56477 (host: np0000183146) handling event "update" for row 81914340-6e60-413a-a633-805b0ba0deb3 (table: Chassis_Private) {{(pid=103419) notify /opt/stack/neutron/neutron/plugins/ml2/drivers/ovn/mech_driver/ovsdb/ovsdb_monitor.py:1015}}
Jun 26 06:24:39.714796 np0000183146 devstack@neutron-api.service[103418]: DEBUG neutron.plugins.ml2.drivers.ovn.mech_driver.ovsdb.ovsdb_monitor [-] Hash Ring: Node c814b1f0ddb85b2d8b2122ed1532f7cd (host: np0000183146) handling event "update" for row 70201512-cece-420a-b722-d81e5d6aa4ae (table: NB_Global) {{(pid=103418) notify /opt/stack/neutron/neutron/plugins/ml2/drivers/ovn/mech_driver/ovsdb/ovsdb_monitor.py:1015}}
Jun 26 06:24:39.716217 np0000183146 devstack@neutron-api.service[103419]: DEBUG neutron.plugins.ml2.drivers.ovn.mech_driver.ovsdb.ovsdb_monitor [-] ChassisOVNAgentWriteEvent : Matched Chassis_Private, update, None None {{(pid=103419) matches /opt/stack/neutron/neutron/plugins/ml2/drivers/ovn/mech_driver/ovsdb/ovsdb_monitor.py:64}}
Jun 26 06:24:39.716596 np0000183146 devstack@neutron-api.service[103419]: DEBUG neutron.plugins.ml2.drivers.ovn.mech_driver.ovsdb.ovsdb_monitor [-] Hash Ring: Node 22424b5c858a52b3920267299dd56477 (host: np0000183146) handling event "update" for row 81914340-6e60-413a-a633-805b0ba0deb3 (table: Chassis_Private) {{(pid=103419) notify /opt/stack/neutron/neutron/plugins/ml2/drivers/ovn/mech_driver/ovsdb/ovsdb_monitor.py:1015}}
Jun 26 06:24:39.772090 np0000183146 devstack@neutron-api.service[103418]: DEBUG neutron.plugins.ml2.drivers.helpers [None req-60e8b797-2538-4fb3-bdac-58f79e431883 admin admin] geneve segment allocate from pool success with {'geneve_vni': 19519} {{(pid=103418) allocate_partially_specified_segment /opt/stack/neutron/neutron/plugins/ml2/drivers/helpers.py:142}}
Jun 26 06:24:39.785336 np0000183146 devstack@neutron-api.service[103418]: DEBUG neutron_lib.callbacks.manager [None req-60e8b797-2538-4fb3-bdac-58f79e431883 admin admin] Publish callbacks ['neutron.services.segments.db._add_segment_host_mapping_for_segment-8199131521358', 'neutron.plugins.ml2.plugin.Ml2Plugin._handle_segment_change-2093780'] for segment (c5fb25cf-9c32-4eef-ade9-d0fdc68fb371), precommit_create {{(pid=103418) _notify_loop /opt/stack/data/venv/lib/python3.12/site-packages/neutron_lib/callbacks/manager.py:184}}
Jun 26 06:24:39.785631 np0000183146 devstack@neutron-api.service[103418]: INFO neutron.db.segments_db [None req-60e8b797-2538-4fb3-bdac-58f79e431883 admin admin] Added segment c5fb25cf-9c32-4eef-ade9-d0fdc68fb371 of type geneve for network 8ea5984b-b2f5-412e-8aac-5777641f8501
Jun 26 06:24:39.831090 np0000183146 devstack@neutron-api.service[103418]: DEBUG neutron_lib.callbacks.manager [None req-60e8b797-2538-4fb3-bdac-58f79e431883 admin admin] Publish callbacks ['neutron.services.auto_allocate.db._ensure_external_network_default_value_callback-8199128936178'] for network (8ea5984b-b2f5-412e-8aac-5777641f8501), precommit_create {{(pid=103418) _notify_loop /opt/stack/data/venv/lib/python3.12/site-packages/neutron_lib/callbacks/manager.py:184}}
Jun 26 06:24:39.847368 np0000183146 devstack@neutron-api.service[103418]: DEBUG neutron.plugins.ml2.drivers.ovn.mech_driver.mech_driver [None req-60e8b797-2538-4fb3-bdac-58f79e431883 admin admin] Validating network segment with type geneve, segmentation ID 19519, physical network None {{(pid=103418) _validate_network_segments /opt/stack/neutron/neutron/plugins/ml2/drivers/ovn/mech_driver/mech_driver.py:646}}
Jun 26 06:24:39.847546 np0000183146 devstack@neutron-api.service[103418]: DEBUG neutron.db.ovn_revision_numbers_db [None req-60e8b797-2538-4fb3-bdac-58f79e431883 admin admin] create_initial_revision uuid=8ea5984b-b2f5-412e-8aac-5777641f8501, type=networks, rev=-1 {{(pid=103418) create_initial_revision /opt/stack/neutron/neutron/db/ovn_revision_numbers_db.py:98}}
Jun 26 06:24:39.955079 np0000183146 devstack@neutron-api.service[103418]: DEBUG neutron_lib.callbacks.manager [None req-60e8b797-2538-4fb3-bdac-58f79e431883 admin admin] Publish callbacks ['neutron.plugins.ml2.ovo_rpc._ObjectChangeHandler.handle_event-1193213'] for network (8ea5984b-b2f5-412e-8aac-5777641f8501), after_create {{(pid=103418) _notify_loop /opt/stack/data/venv/lib/python3.12/site-packages/neutron_lib/callbacks/manager.py:184}}
Jun 26 06:24:40.007393 np0000183146 devstack@neutron-api.service[103418]: DEBUG neutron.api.rpc.handlers.resources_rpc [None req-60e8b797-2538-4fb3-bdac-58f79e431883 admin admin] Pushing event updated for resources: {'Network': ['ID=8ea5984b-b2f5-412e-8aac-5777641f8501,revision_number=1']} {{(pid=103418) push /opt/stack/neutron/neutron/api/rpc/handlers/resources_rpc.py:237}}
Jun 26 06:24:40.017283 np0000183146 devstack@neutron-api.service[103418]: DEBUG ovsdbapp.backend.ovs_idl.transaction [-] Running txn n=1 command(idx=0): AddNetworkCommand(_result=None, network_uuid=8ea5984b-b2f5-412e-8aac-5777641f8501, may_exist=True, columns={'external_ids': {'neutron:network_name': 'private', 'neutron:mtu': '1372', 'neutron:revision_number': '1', 'neutron:availability_zone_hints': '', 'neutron:provnet-network-type': 'geneve'}, 'other_config': {'mcast_snoop': 'false', 'mcast_flood_unregistered': 'false', 'vlan-passthru': 'false'}}) {{(pid=103418) do_commit /opt/stack/data/venv/lib/python3.12/site-packages/ovsdbapp/backend/ovs_idl/transaction.py:89}}
Jun 26 06:24:40.017897 np0000183146 devstack@neutron-api.service[103418]: DEBUG neutron.common.ovn.utils [-] OVS persist_uuid supported=True {{(pid=103418) ovs_persist_uuid_supported /opt/stack/neutron/neutron/common/ovn/utils.py:1544}}
Jun 26 06:24:40.035605 np0000183146 devstack@neutron-api.service[103419]: DEBUG neutron.plugins.ml2.drivers.ovn.mech_driver.ovsdb.ovsdb_monitor [-] Hash Ring: Node 22424b5c858a52b3920267299dd56477 (host: np0000183146) handling event "create" for row 8ea5984b-b2f5-412e-8aac-5777641f8501 (table: Logical_Switch) {{(pid=103419) notify /opt/stack/neutron/neutron/plugins/ml2/drivers/ovn/mech_driver/ovsdb/ovsdb_monitor.py:1015}}
Jun 26 06:24:40.035862 np0000183146 devstack@neutron-api.service[103420]: DEBUG neutron.plugins.ml2.drivers.ovn.mech_driver.ovsdb.ovsdb_monitor [-] Hash Ring: Node c37307e211d0524dbb6e40dd6648d06d (host: np0000183146) handling event "create" for row 8ea5984b-b2f5-412e-8aac-5777641f8501 (table: Logical_Switch) {{(pid=103420) notify /opt/stack/neutron/neutron/plugins/ml2/drivers/ovn/mech_driver/ovsdb/ovsdb_monitor.py:1015}}
Jun 26 06:24:40.036117 np0000183146 devstack@neutron-api.service[103419]: DEBUG neutron.plugins.ml2.drivers.ovn.mech_driver.ovsdb.ovsdb_monitor [-] Hash Ring: Node 22424b5c858a52b3920267299dd56477 (host: np0000183146) handling event "create" for row 8135a509-3fcf-4a06-8678-cd6b7d26b934 (table: Datapath_Binding) {{(pid=103419) notify /opt/stack/neutron/neutron/plugins/ml2/drivers/ovn/mech_driver/ovsdb/ovsdb_monitor.py:1015}}
Jun 26 06:24:40.037105 np0000183146 devstack@neutron-api.service[103421]: DEBUG neutron.plugins.ml2.drivers.ovn.mech_driver.ovsdb.ovsdb_monitor [-] Hash Ring: Node 94b1487ef4e0591488959e858e4a272d (host: np0000183146) handling event "create" for row 8135a509-3fcf-4a06-8678-cd6b7d26b934 (table: Datapath_Binding) {{(pid=103421) notify /opt/stack/neutron/neutron/plugins/ml2/drivers/ovn/mech_driver/ovsdb/ovsdb_monitor.py:1015}}
Jun 26 06:24:40.111714 np0000183146 devstack@neutron-api.service[103418]: INFO neutron.db.ovn_revision_numbers_db [None req-60e8b797-2538-4fb3-bdac-58f79e431883 admin admin] Successfully bumped revision number for resource 8ea5984b-b2f5-412e-8aac-5777641f8501 (type: networks) to 1
Jun 26 06:24:40.188183 np0000183146 devstack@neutron-api.service[103418]: DEBUG neutron_lib.callbacks.manager [None req-60e8b797-2538-4fb3-bdac-58f79e431883 admin admin] Publish callbacks ['neutron.plugins.ml2.plugin.SecurityGroupDbMixin._ensure_default_security_group_handler-255288'] for port (None), before_create {{(pid=103418) _notify_loop /opt/stack/data/venv/lib/python3.12/site-packages/neutron_lib/callbacks/manager.py:184}}
Jun 26 06:24:40.404976 np0000183146 devstack@neutron-api.service[103418]: DEBUG neutron_lib.callbacks.manager [None req-60e8b797-2538-4fb3-bdac-58f79e431883 admin admin] Publish callbacks ['neutron.plugins.ml2.drivers.ovn.mech_driver.mech_driver.OVNMechanismDriver._validate_allowed_address_pairs-169288'] for allowed_address_pair (11749dd7-20a8-48b9-9490-d0354a653cc2), before_create {{(pid=103418) _notify_loop /opt/stack/data/venv/lib/python3.12/site-packages/neutron_lib/callbacks/manager.py:184}}
Jun 26 06:24:40.405677 np0000183146 devstack@neutron-api.service[103418]: DEBUG neutron_lib.callbacks.manager [None req-60e8b797-2538-4fb3-bdac-58f79e431883 admin admin] Publish callbacks [] for port (11749dd7-20a8-48b9-9490-d0354a653cc2), precommit_create {{(pid=103418) _notify_loop /opt/stack/data/venv/lib/python3.12/site-packages/neutron_lib/callbacks/manager.py:184}}
Jun 26 06:24:40.405677 np0000183146 devstack@neutron-api.service[103418]: DEBUG neutron.plugins.ml2.drivers.ovn.mech_driver.mech_driver [None req-60e8b797-2538-4fb3-bdac-58f79e431883 admin admin] No provisioning block for port 11749dd7-20a8-48b9-9490-d0354a653cc2 since it does not have a host {{(pid=103418) _is_port_provisioning_required /opt/stack/neutron/neutron/plugins/ml2/drivers/ovn/mech_driver/mech_driver.py:899}}
Jun 26 06:24:40.405677 np0000183146 devstack@neutron-api.service[103418]: DEBUG neutron.db.ovn_revision_numbers_db [None req-60e8b797-2538-4fb3-bdac-58f79e431883 admin admin] create_initial_revision uuid=11749dd7-20a8-48b9-9490-d0354a653cc2, type=ports, rev=-1 {{(pid=103418) create_initial_revision /opt/stack/neutron/neutron/db/ovn_revision_numbers_db.py:98}}
Jun 26 06:24:40.888689 np0000183146 devstack@neutron-api.service[103418]: DEBUG neutron_lib.callbacks.manager [None req-60e8b797-2538-4fb3-bdac-58f79e431883 admin admin] Publish callbacks ['neutron.plugins.ml2.ovo_rpc._ObjectChangeHandler.handle_event-1193173'] for port (11749dd7-20a8-48b9-9490-d0354a653cc2), after_create {{(pid=103418) _notify_loop /opt/stack/data/venv/lib/python3.12/site-packages/neutron_lib/callbacks/manager.py:184}}
Jun 26 06:24:40.953003 np0000183146 devstack@neutron-api.service[103418]: DEBUG neutron.api.rpc.handlers.resources_rpc [None req-60e8b797-2538-4fb3-bdac-58f79e431883 admin admin] Pushing event updated for resources: {'Port': ['ID=11749dd7-20a8-48b9-9490-d0354a653cc2,revision_number=1']} {{(pid=103418) push /opt/stack/neutron/neutron/api/rpc/handlers/resources_rpc.py:237}}
Jun 26 06:24:41.045032 np0000183146 devstack@neutron-api.service[103418]: DEBUG neutron.plugins.ml2.drivers.ovn.mech_driver.ovsdb.commands [None req-60e8b797-2538-4fb3-bdac-58f79e431883 admin admin] Converting tag [] to a tag_request {{(pid=103418) _tag_column_to_tag_request /opt/stack/neutron/neutron/plugins/ml2/drivers/ovn/mech_driver/ovsdb/commands.py:205}}
Jun 26 06:24:41.045962 np0000183146 devstack@neutron-api.service[103418]: DEBUG ovsdbapp.backend.ovs_idl.transaction [-] Running txn n=1 command(idx=0): AddLSwitchPortCommand(_result=None, lport=11749dd7-20a8-48b9-9490-d0354a653cc2, lswitch=neutron-8ea5984b-b2f5-412e-8aac-5777641f8501, may_exist=True, network_uuid=8ea5984b-b2f5-412e-8aac-5777641f8501, columns={'addresses': ['fa:16:3e:b5:04:db'], 'external_ids': {'neutron:port_name': '', 'neutron:device_id': 'ovnmeta-8ea5984b-b2f5-412e-8aac-5777641f8501', 'neutron:project_id': '1be599bde8374df8bb0a793b3cafaf29', 'neutron:cidrs': '', 'neutron:device_owner': 'network:distributed', 'neutron:subnet_pool_addr_scope4': '', 'neutron:subnet_pool_addr_scope6': '', 'neutron:network_name': 'neutron-8ea5984b-b2f5-412e-8aac-5777641f8501', 'neutron:security_group_ids': '', 'neutron:revision_number': '1', 'neutron:vnic_type': 'normal', 'neutron:port_capabilities': '', 'neutron:mtu': '1372'}, 'parent_name': [], 'enabled': True, 'options': {}, 'type': 'localport', 'port_security': [], 'dhcpv4_options': [], 'dhcpv6_options': [], 'tag_request': []}) {{(pid=103418) do_commit /opt/stack/data/venv/lib/python3.12/site-packages/ovsdbapp/backend/ovs_idl/transaction.py:89}}
Jun 26 06:24:41.046128 np0000183146 devstack@neutron-api.service[103418]: DEBUG ovsdbapp.backend.ovs_idl.transaction [-] Running txn n=1 command(idx=1): QoSDelCommand(_result=None, switch=neutron-8ea5984b-b2f5-412e-8aac-5777641f8501, conditions=[('direction', '=', 'to-lport'), ('priority', '=', 2002), ('match', '=', 'outport == "11749dd7-20a8-48b9-9490-d0354a653cc2"')], if_exists=True) {{(pid=103418) do_commit /opt/stack/data/venv/lib/python3.12/site-packages/ovsdbapp/backend/ovs_idl/transaction.py:89}}
Jun 26 06:24:41.046128 np0000183146 devstack@neutron-api.service[103418]: DEBUG ovsdbapp.backend.ovs_idl.transaction [-] Running txn n=1 command(idx=2): QoSDelCommand(_result=None, switch=neutron-8ea5984b-b2f5-412e-8aac-5777641f8501, conditions=[('direction', '=', 'from-lport'), ('priority', '=', 2002), ('match', '=', 'inport == "11749dd7-20a8-48b9-9490-d0354a653cc2"')], if_exists=True) {{(pid=103418) do_commit /opt/stack/data/venv/lib/python3.12/site-packages/ovsdbapp/backend/ovs_idl/transaction.py:89}}
Jun 26 06:24:41.053933 np0000183146 devstack@neutron-api.service[103419]: DEBUG neutron.plugins.ml2.drivers.ovn.mech_driver.ovsdb.ovsdb_monitor [-] Hash Ring: Node 22424b5c858a52b3920267299dd56477 (host: np0000183146) handling event "update" for row 8ea5984b-b2f5-412e-8aac-5777641f8501 (table: Logical_Switch) {{(pid=103419) notify /opt/stack/neutron/neutron/plugins/ml2/drivers/ovn/mech_driver/ovsdb/ovsdb_monitor.py:1015}}
Jun 26 06:24:41.053933 np0000183146 devstack@neutron-api.service[103419]: DEBUG neutron.plugins.ml2.drivers.ovn.mech_driver.ovsdb.ovsdb_monitor [-] Hash Ring: Node 22424b5c858a52b3920267299dd56477 (host: np0000183146) handling event "create" for row 805db07d-ec6d-40ee-8920-50decf26897e (table: Logical_Switch_Port) {{(pid=103419) notify /opt/stack/neutron/neutron/plugins/ml2/drivers/ovn/mech_driver/ovsdb/ovsdb_monitor.py:1015}}
Jun 26 06:24:41.058181 np0000183146 devstack@neutron-api.service[103420]: DEBUG neutron.plugins.ml2.drivers.ovn.mech_driver.ovsdb.ovsdb_monitor [-] Hash Ring: Node c37307e211d0524dbb6e40dd6648d06d (host: np0000183146) handling event "update" for row 8ea5984b-b2f5-412e-8aac-5777641f8501 (table: Logical_Switch) {{(pid=103420) notify /opt/stack/neutron/neutron/plugins/ml2/drivers/ovn/mech_driver/ovsdb/ovsdb_monitor.py:1015}}
Jun 26 06:24:41.058181 np0000183146 devstack@neutron-api.service[103420]: DEBUG neutron.plugins.ml2.drivers.ovn.mech_driver.ovsdb.ovsdb_monitor [-] Hash Ring: Node c37307e211d0524dbb6e40dd6648d06d (host: np0000183146) handling event "create" for row 805db07d-ec6d-40ee-8920-50decf26897e (table: Logical_Switch_Port) {{(pid=103420) notify /opt/stack/neutron/neutron/plugins/ml2/drivers/ovn/mech_driver/ovsdb/ovsdb_monitor.py:1015}}
