Mar 19 07:32:35.286472 np0000159930 systemd[1]: Starting devstack@n-api-meta.service - Devstack devstack@n-api-meta.service...
Mar 19 07:32:35.298217 np0000159930 devstack@n-api-meta.service[107446]: [uWSGI] getting INI configuration from /etc/nova/nova-metadata-uwsgi.ini
Mar 19 07:32:35.298612 np0000159930 devstack@n-api-meta.service[107446]: open("./http_plugin.so"): No such file or directory [core/utils.c line 3709]
Mar 19 07:32:35.298612 np0000159930 devstack@n-api-meta.service[107446]: !!! UNABLE to load uWSGI plugin: ./http_plugin.so: cannot open shared object file: No such file or directory !!!
Mar 19 07:32:35.298612 np0000159930 devstack@n-api-meta.service[107446]: open("./python3_plugin.so"): No such file or directory [core/utils.c line 3709]
Mar 19 07:32:35.298612 np0000159930 devstack@n-api-meta.service[107446]: !!! UNABLE to load uWSGI plugin: ./python3_plugin.so: cannot open shared object file: No such file or directory !!!
Mar 19 07:32:35.298612 np0000159930 devstack@n-api-meta.service[107446]: *** Starting uWSGI 2.0.31 (64bit) on [Thu Mar 19 07:32:35 2026] ***
Mar 19 07:32:35.298612 np0000159930 devstack@n-api-meta.service[107446]: compiled with version: 13.3.0 on 19 March 2026 07:21:14
Mar 19 07:32:35.298612 np0000159930 devstack@n-api-meta.service[107446]: os: Linux-6.8.0-106-generic #106-Ubuntu SMP PREEMPT_DYNAMIC Fri Mar 6 07:58:08 UTC 2026
Mar 19 07:32:35.298612 np0000159930 devstack@n-api-meta.service[107446]: nodename: np0000159930
Mar 19 07:32:35.298612 np0000159930 devstack@n-api-meta.service[107446]: machine: x86_64
Mar 19 07:32:35.298612 np0000159930 devstack@n-api-meta.service[107446]: clock source: unix
Mar 19 07:32:35.298612 np0000159930 devstack@n-api-meta.service[107446]: pcre jit disabled
Mar 19 07:32:35.298612 np0000159930 devstack@n-api-meta.service[107446]: detected number of CPU cores: 16
Mar 19 07:32:35.298612 np0000159930 devstack@n-api-meta.service[107446]: current working directory: /
Mar 19 07:32:35.298612 np0000159930 devstack@n-api-meta.service[107446]: detected binary path: /opt/stack/data/venv/bin/uwsgi
Mar 19 07:32:35.298612 np0000159930 devstack@n-api-meta.service[107446]: your processes number limit is 256917
Mar 19 07:32:35.298612 np0000159930 devstack@n-api-meta.service[107446]: your memory page size is 4096 bytes
Mar 19 07:32:35.298612 np0000159930 devstack@n-api-meta.service[107446]: detected max file descriptor number: 2048
Mar 19 07:32:35.298612 np0000159930 devstack@n-api-meta.service[107446]: lock engine: pthread robust mutexes
Mar 19 07:32:35.299206 np0000159930 devstack@n-api-meta.service[107446]: thunder lock: enabled
Mar 19 07:32:35.299206 np0000159930 devstack@n-api-meta.service[107446]: uWSGI http bound on 0.0.0.0:8775 fd 5
Mar 19 07:32:35.299206 np0000159930 devstack@n-api-meta.service[107446]: uwsgi socket 0 bound to TCP address 127.0.0.1:35339 (port auto-assigned) fd 4
Mar 19 07:32:35.299206 np0000159930 devstack@n-api-meta.service[107446]: Python version: 3.12.3 (main, Mar 3 2026, 12:15:18) [GCC 13.3.0]
Mar 19 07:32:35.299206 np0000159930 devstack@n-api-meta.service[107446]: PEP 405 virtualenv detected: /opt/stack/data/venv
Mar 19 07:32:35.299206 np0000159930 devstack@n-api-meta.service[107446]: Set PythonHome to /opt/stack/data/venv
Mar 19 07:32:35.337376 np0000159930 devstack@n-api-meta.service[107446]: Python main interpreter initialized at 0x73b0ebea3668
Mar 19 07:32:35.337376 np0000159930 devstack@n-api-meta.service[107446]: python threads support enabled
Mar 19 07:32:35.337376 np0000159930 devstack@n-api-meta.service[107446]: your server socket listen backlog is limited to 100 connections
Mar 19 07:32:35.337376 np0000159930 devstack@n-api-meta.service[107446]: your mercy for graceful operations on workers is 80 seconds
Mar 19 07:32:35.337898 np0000159930 devstack@n-api-meta.service[107446]: mapped 671795 bytes (656 KB) for 4 cores
Mar 19 07:32:35.338045 np0000159930 devstack@n-api-meta.service[107446]: *** Operational MODE: preforking ***
Mar 19 07:32:35.338293 np0000159930 devstack@n-api-meta.service[107446]: *** uWSGI is running in multiple interpreter mode ***
Mar 19 07:32:35.338293 np0000159930 devstack@n-api-meta.service[107446]: spawned uWSGI master process (pid: 107446)
Mar 19 07:32:35.338527 np0000159930 systemd[1]: Started devstack@n-api-meta.service - Devstack devstack@n-api-meta.service.
Mar 19 07:32:35.338948 np0000159930 devstack@n-api-meta.service[107446]: spawned uWSGI worker 1 (pid: 107447, cores: 1)
Mar 19 07:32:35.339550 np0000159930 devstack@n-api-meta.service[107446]: spawned uWSGI worker 2 (pid: 107448, cores: 1)
Mar 19 07:32:35.339851 np0000159930 devstack@n-api-meta.service[107446]: spawned uWSGI worker 3 (pid: 107449, cores: 1)
Mar 19 07:32:35.340343 np0000159930 devstack@n-api-meta.service[107446]: spawned uWSGI worker 4 (pid: 107450, cores: 1)
Mar 19 07:32:35.340913 np0000159930 devstack@n-api-meta.service[107446]: spawned uWSGI http 1 (pid: 107451)
Mar 19 07:32:35.340913 np0000159930 devstack@n-api-meta.service[107446]: running "unix_signal:15 gracefully_kill_them_all" (master-start)...
Mar 19 07:32:35.706466 np0000159930 devstack@n-api-meta.service[107447]: Service is starting with native threading. This is currently experimental. Do not use it in production without first testing it in pre-production.
Mar 19 07:32:35.730317 np0000159930 devstack@n-api-meta.service[107450]: Service is starting with native threading. This is currently experimental. Do not use it in production without first testing it in pre-production.
Mar 19 07:32:35.806976 np0000159930 devstack@n-api-meta.service[107449]: Service is starting with native threading. This is currently experimental. Do not use it in production without first testing it in pre-production.
Mar 19 07:32:35.816292 np0000159930 devstack@n-api-meta.service[107448]: Service is starting with native threading. This is currently experimental. Do not use it in production without first testing it in pre-production.
Mar 19 07:32:37.183675 np0000159930 devstack@n-api-meta.service[107447]: INFO dbcounter [None req-023e4258-62d5-4cfe-9348-69c0a9790341 None None] Registered counter for database nova_api
Mar 19 07:32:37.201255 np0000159930 devstack@n-api-meta.service[107447]: DEBUG oslo_db.sqlalchemy.engines [None req-023e4258-62d5-4cfe-9348-69c0a9790341 None None] MySQL server mode set to STRICT_TRANS_TABLES,STRICT_ALL_TABLES,NO_ZERO_IN_DATE,NO_ZERO_DATE,ERROR_FOR_DIVISION_BY_ZERO,TRADITIONAL,NO_ENGINE_SUBSTITUTION {{(pid=107447) _check_effective_sql_mode /opt/stack/data/venv/lib/python3.12/site-packages/oslo_db/sqlalchemy/engines.py:325}}
Mar 19 07:32:37.228311 np0000159930 devstack@n-api-meta.service[107449]: INFO dbcounter [None req-d5324a5b-e39e-4ba2-8c41-b4252d8532a5 None None] Registered counter for database nova_api
Mar 19 07:32:37.237224 np0000159930 devstack@n-api-meta.service[107447]: DEBUG dbcounter [-] [107447] Writer thread running {{(pid=107447) stat_writer /opt/stack/data/venv/lib/python3.12/site-packages/dbcounter.py:102}}
Mar 19 07:32:37.238324 np0000159930 devstack@n-api-meta.service[107448]: INFO dbcounter [None req-390e3567-9d16-4699-b0aa-a5bb0085d360 None None] Registered counter for database nova_api
Mar 19 07:32:37.239839 np0000159930 devstack@n-api-meta.service[107447]: DEBUG nova.context [None req-023e4258-62d5-4cfe-9348-69c0a9790341 None None] Found 2 cells: 00000000-0000-0000-0000-000000000000(cell0),4de13b77-cf1b-4fba-a3be-e9bab20e2816(cell1) {{(pid=107447) load_cells /opt/stack/nova/nova/context.py:509}}
Mar 19 07:32:37.240057 np0000159930 devstack@n-api-meta.service[107447]: INFO nova.utils [None req-023e4258-62d5-4cfe-9348-69c0a9790341 None None] The cell worker thread pool MainProcess.cell_worker is initialized
Mar 19 07:32:37.241875 np0000159930 devstack@n-api-meta.service[107447]: DEBUG oslo_concurrency.lockutils [None req-023e4258-62d5-4cfe-9348-69c0a9790341 None None] Acquiring lock "00000000-0000-0000-0000-000000000000" by "nova.context.set_target_cell..get_or_set_cached_cell_and_set_connections" {{(pid=107447) inner /opt/stack/data/venv/lib/python3.12/site-packages/oslo_concurrency/lockutils.py:506}}
Mar 19 07:32:37.242031 np0000159930 devstack@n-api-meta.service[107447]: DEBUG oslo_concurrency.lockutils [None req-023e4258-62d5-4cfe-9348-69c0a9790341 None None] Lock "00000000-0000-0000-0000-000000000000" acquired by "nova.context.set_target_cell..get_or_set_cached_cell_and_set_connections" :: waited 0.000s {{(pid=107447) inner /opt/stack/data/venv/lib/python3.12/site-packages/oslo_concurrency/lockutils.py:519}}
Mar 19 07:32:37.242474 np0000159930 devstack@n-api-meta.service[107447]: DEBUG oslo_concurrency.lockutils [None req-023e4258-62d5-4cfe-9348-69c0a9790341 None None] Lock "00000000-0000-0000-0000-000000000000" "released" by "nova.context.set_target_cell..get_or_set_cached_cell_and_set_connections" :: held 0.000s {{(pid=107447) inner /opt/stack/data/venv/lib/python3.12/site-packages/oslo_concurrency/lockutils.py:538}}
Mar 19 07:32:37.243623 np0000159930 devstack@n-api-meta.service[107447]: DEBUG oslo_concurrency.lockutils [None req-023e4258-62d5-4cfe-9348-69c0a9790341 None None] Acquiring lock "4de13b77-cf1b-4fba-a3be-e9bab20e2816" by "nova.context.set_target_cell..get_or_set_cached_cell_and_set_connections" {{(pid=107447) inner /opt/stack/data/venv/lib/python3.12/site-packages/oslo_concurrency/lockutils.py:506}}
Mar 19 07:32:37.243785 np0000159930 devstack@n-api-meta.service[107447]: DEBUG oslo_concurrency.lockutils [None req-023e4258-62d5-4cfe-9348-69c0a9790341 None None] Lock "4de13b77-cf1b-4fba-a3be-e9bab20e2816" acquired by "nova.context.set_target_cell..get_or_set_cached_cell_and_set_connections" :: waited 0.000s {{(pid=107447) inner /opt/stack/data/venv/lib/python3.12/site-packages/oslo_concurrency/lockutils.py:519}}
Mar 19 07:32:37.243930 np0000159930 devstack@n-api-meta.service[107449]: DEBUG oslo_db.sqlalchemy.engines [None req-d5324a5b-e39e-4ba2-8c41-b4252d8532a5 None None] MySQL server mode set to STRICT_TRANS_TABLES,STRICT_ALL_TABLES,NO_ZERO_IN_DATE,NO_ZERO_DATE,ERROR_FOR_DIVISION_BY_ZERO,TRADITIONAL,NO_ENGINE_SUBSTITUTION {{(pid=107449) _check_effective_sql_mode /opt/stack/data/venv/lib/python3.12/site-packages/oslo_db/sqlalchemy/engines.py:325}}
Mar 19 07:32:37.244605 np0000159930 devstack@n-api-meta.service[107447]: DEBUG oslo_concurrency.lockutils [None req-023e4258-62d5-4cfe-9348-69c0a9790341 None None] Lock "4de13b77-cf1b-4fba-a3be-e9bab20e2816" "released" by "nova.context.set_target_cell..get_or_set_cached_cell_and_set_connections" :: held 0.001s {{(pid=107447) inner /opt/stack/data/venv/lib/python3.12/site-packages/oslo_concurrency/lockutils.py:538}}
Mar 19 07:32:37.248201 np0000159930 devstack@n-api-meta.service[107447]: INFO dbcounter [None req-023e4258-62d5-4cfe-9348-69c0a9790341 None None] Registered counter for database nova_cell0
Mar 19 07:32:37.252409 np0000159930 devstack@n-api-meta.service[107447]: INFO dbcounter [None req-023e4258-62d5-4cfe-9348-69c0a9790341 None None] Registered counter for database nova_cell1
Mar 19 07:32:37.253968 np0000159930 devstack@n-api-meta.service[107448]: DEBUG oslo_db.sqlalchemy.engines [None req-390e3567-9d16-4699-b0aa-a5bb0085d360 None None] MySQL server mode set to STRICT_TRANS_TABLES,STRICT_ALL_TABLES,NO_ZERO_IN_DATE,NO_ZERO_DATE,ERROR_FOR_DIVISION_BY_ZERO,TRADITIONAL,NO_ENGINE_SUBSTITUTION {{(pid=107448) _check_effective_sql_mode /opt/stack/data/venv/lib/python3.12/site-packages/oslo_db/sqlalchemy/engines.py:325}}
Mar 19 07:32:37.263253 np0000159930 devstack@n-api-meta.service[107447]: DEBUG oslo_db.sqlalchemy.engines [None req-023e4258-62d5-4cfe-9348-69c0a9790341 None None] MySQL server mode set to STRICT_TRANS_TABLES,STRICT_ALL_TABLES,NO_ZERO_IN_DATE,NO_ZERO_DATE,ERROR_FOR_DIVISION_BY_ZERO,TRADITIONAL,NO_ENGINE_SUBSTITUTION {{(pid=107447) _check_effective_sql_mode /opt/stack/data/venv/lib/python3.12/site-packages/oslo_db/sqlalchemy/engines.py:325}}
Mar 19 07:32:37.267406 np0000159930 devstack@n-api-meta.service[107447]: DEBUG oslo_db.sqlalchemy.engines [None req-023e4258-62d5-4cfe-9348-69c0a9790341 None None] MySQL server mode set to STRICT_TRANS_TABLES,STRICT_ALL_TABLES,NO_ZERO_IN_DATE,NO_ZERO_DATE,ERROR_FOR_DIVISION_BY_ZERO,TRADITIONAL,NO_ENGINE_SUBSTITUTION {{(pid=107447) _check_effective_sql_mode /opt/stack/data/venv/lib/python3.12/site-packages/oslo_db/sqlalchemy/engines.py:325}}
Mar 19 07:32:37.274341 np0000159930 devstack@n-api-meta.service[107449]: DEBUG dbcounter [-] [107449] Writer thread running {{(pid=107449) stat_writer /opt/stack/data/venv/lib/python3.12/site-packages/dbcounter.py:102}}
Mar 19 07:32:37.277349 np0000159930 devstack@n-api-meta.service[107449]: DEBUG nova.context [None req-d5324a5b-e39e-4ba2-8c41-b4252d8532a5 None None] Found 2 cells: 00000000-0000-0000-0000-000000000000(cell0),4de13b77-cf1b-4fba-a3be-e9bab20e2816(cell1) {{(pid=107449) load_cells /opt/stack/nova/nova/context.py:509}}
Mar 19 07:32:37.277349 np0000159930 devstack@n-api-meta.service[107449]: INFO nova.utils [None req-d5324a5b-e39e-4ba2-8c41-b4252d8532a5 None None] The cell worker thread pool MainProcess.cell_worker is initialized
Mar 19 07:32:37.279094 np0000159930 devstack@n-api-meta.service[107449]: DEBUG oslo_concurrency.lockutils [None req-d5324a5b-e39e-4ba2-8c41-b4252d8532a5 None None] Acquiring lock "00000000-0000-0000-0000-000000000000" by "nova.context.set_target_cell..get_or_set_cached_cell_and_set_connections" {{(pid=107449) inner /opt/stack/data/venv/lib/python3.12/site-packages/oslo_concurrency/lockutils.py:506}}
Mar 19 07:32:37.279239 np0000159930 devstack@n-api-meta.service[107449]: DEBUG oslo_concurrency.lockutils [None req-d5324a5b-e39e-4ba2-8c41-b4252d8532a5 None None] Lock "00000000-0000-0000-0000-000000000000" acquired by "nova.context.set_target_cell..get_or_set_cached_cell_and_set_connections" :: waited 0.000s {{(pid=107449) inner /opt/stack/data/venv/lib/python3.12/site-packages/oslo_concurrency/lockutils.py:519}}
Mar 19 07:32:37.279905 np0000159930 devstack@n-api-meta.service[107449]: DEBUG oslo_concurrency.lockutils [None req-d5324a5b-e39e-4ba2-8c41-b4252d8532a5 None None] Lock "00000000-0000-0000-0000-000000000000" "released" by "nova.context.set_target_cell..get_or_set_cached_cell_and_set_connections" :: held 0.000s {{(pid=107449) inner /opt/stack/data/venv/lib/python3.12/site-packages/oslo_concurrency/lockutils.py:538}}
Mar 19 07:32:37.281155 np0000159930 devstack@n-api-meta.service[107449]: DEBUG oslo_concurrency.lockutils [None req-d5324a5b-e39e-4ba2-8c41-b4252d8532a5 None None] Acquiring lock "4de13b77-cf1b-4fba-a3be-e9bab20e2816" by "nova.context.set_target_cell..get_or_set_cached_cell_and_set_connections" {{(pid=107449) inner /opt/stack/data/venv/lib/python3.12/site-packages/oslo_concurrency/lockutils.py:506}}
Mar 19 07:32:37.281327 np0000159930 devstack@n-api-meta.service[107449]: DEBUG oslo_concurrency.lockutils [None req-d5324a5b-e39e-4ba2-8c41-b4252d8532a5 None None] Lock "4de13b77-cf1b-4fba-a3be-e9bab20e2816" acquired by "nova.context.set_target_cell..get_or_set_cached_cell_and_set_connections" :: waited 0.000s {{(pid=107449) inner /opt/stack/data/venv/lib/python3.12/site-packages/oslo_concurrency/lockutils.py:519}}
Mar 19 07:32:37.282296 np0000159930 devstack@n-api-meta.service[107449]: DEBUG oslo_concurrency.lockutils [None req-d5324a5b-e39e-4ba2-8c41-b4252d8532a5 None None] Lock "4de13b77-cf1b-4fba-a3be-e9bab20e2816" "released" by "nova.context.set_target_cell..get_or_set_cached_cell_and_set_connections" :: held 0.001s {{(pid=107449) inner /opt/stack/data/venv/lib/python3.12/site-packages/oslo_concurrency/lockutils.py:538}}
Mar 19 07:32:37.284232 np0000159930 devstack@n-api-meta.service[107449]: INFO dbcounter [None req-d5324a5b-e39e-4ba2-8c41-b4252d8532a5 None None] Registered counter for database nova_cell0
Mar 19 07:32:37.287717 np0000159930 devstack@n-api-meta.service[107449]: INFO dbcounter [None req-d5324a5b-e39e-4ba2-8c41-b4252d8532a5 None None] Registered counter for database nova_cell1
Mar 19 07:32:37.289273 np0000159930 devstack@n-api-meta.service[107448]: DEBUG dbcounter [-] [107448] Writer thread running {{(pid=107448) stat_writer /opt/stack/data/venv/lib/python3.12/site-packages/dbcounter.py:102}}
Mar 19 07:32:37.293697 np0000159930 devstack@n-api-meta.service[107448]: DEBUG nova.context [None req-390e3567-9d16-4699-b0aa-a5bb0085d360 None None] Found 2 cells: 00000000-0000-0000-0000-000000000000(cell0),4de13b77-cf1b-4fba-a3be-e9bab20e2816(cell1) {{(pid=107448) load_cells /opt/stack/nova/nova/context.py:509}}
Mar 19 07:32:37.293697 np0000159930 devstack@n-api-meta.service[107448]: INFO nova.utils [None req-390e3567-9d16-4699-b0aa-a5bb0085d360 None None] The cell worker thread pool MainProcess.cell_worker is initialized
Mar 19 07:32:37.295125 np0000159930 devstack@n-api-meta.service[107448]: DEBUG oslo_concurrency.lockutils [None req-390e3567-9d16-4699-b0aa-a5bb0085d360 None None] Acquiring lock "00000000-0000-0000-0000-000000000000" by "nova.context.set_target_cell..get_or_set_cached_cell_and_set_connections" {{(pid=107448) inner /opt/stack/data/venv/lib/python3.12/site-packages/oslo_concurrency/lockutils.py:506}}
Mar 19 07:32:37.295402 np0000159930 devstack@n-api-meta.service[107448]: DEBUG oslo_concurrency.lockutils [None req-390e3567-9d16-4699-b0aa-a5bb0085d360 None None] Lock "00000000-0000-0000-0000-000000000000" acquired by "nova.context.set_target_cell..get_or_set_cached_cell_and_set_connections" :: waited 0.000s {{(pid=107448) inner /opt/stack/data/venv/lib/python3.12/site-packages/oslo_concurrency/lockutils.py:519}}
Mar 19 07:32:37.296009 np0000159930 devstack@n-api-meta.service[107448]: DEBUG oslo_concurrency.lockutils [None req-390e3567-9d16-4699-b0aa-a5bb0085d360 None None] Lock "00000000-0000-0000-0000-000000000000" "released" by "nova.context.set_target_cell..get_or_set_cached_cell_and_set_connections" :: held 0.001s {{(pid=107448) inner /opt/stack/data/venv/lib/python3.12/site-packages/oslo_concurrency/lockutils.py:538}}
Mar 19 07:32:37.296502 np0000159930 devstack@n-api-meta.service[107449]: DEBUG oslo_db.sqlalchemy.engines [None req-d5324a5b-e39e-4ba2-8c41-b4252d8532a5 None None] MySQL server mode set to STRICT_TRANS_TABLES,STRICT_ALL_TABLES,NO_ZERO_IN_DATE,NO_ZERO_DATE,ERROR_FOR_DIVISION_BY_ZERO,TRADITIONAL,NO_ENGINE_SUBSTITUTION {{(pid=107449) _check_effective_sql_mode /opt/stack/data/venv/lib/python3.12/site-packages/oslo_db/sqlalchemy/engines.py:325}}
Mar 19 07:32:37.297284 np0000159930 devstack@n-api-meta.service[107448]: DEBUG oslo_concurrency.lockutils [None req-390e3567-9d16-4699-b0aa-a5bb0085d360 None None] Acquiring lock "4de13b77-cf1b-4fba-a3be-e9bab20e2816" by "nova.context.set_target_cell..get_or_set_cached_cell_and_set_connections" {{(pid=107448) inner /opt/stack/data/venv/lib/python3.12/site-packages/oslo_concurrency/lockutils.py:506}}
Mar 19 07:32:37.297387 np0000159930 devstack@n-api-meta.service[107448]: DEBUG oslo_concurrency.lockutils [None req-390e3567-9d16-4699-b0aa-a5bb0085d360 None None] Lock "4de13b77-cf1b-4fba-a3be-e9bab20e2816" acquired by "nova.context.set_target_cell..get_or_set_cached_cell_and_set_connections" :: waited 0.000s {{(pid=107448) inner /opt/stack/data/venv/lib/python3.12/site-packages/oslo_concurrency/lockutils.py:519}}
Mar 19 07:32:37.298975 np0000159930 devstack@n-api-meta.service[107448]: DEBUG oslo_concurrency.lockutils [None req-390e3567-9d16-4699-b0aa-a5bb0085d360 None None] Lock "4de13b77-cf1b-4fba-a3be-e9bab20e2816" "released" by "nova.context.set_target_cell..get_or_set_cached_cell_and_set_connections" :: held 0.001s {{(pid=107448) inner /opt/stack/data/venv/lib/python3.12/site-packages/oslo_concurrency/lockutils.py:538}}
Mar 19 07:32:37.301362 np0000159930 devstack@n-api-meta.service[107449]: DEBUG oslo_db.sqlalchemy.engines [None req-d5324a5b-e39e-4ba2-8c41-b4252d8532a5 None None] MySQL server mode set to STRICT_TRANS_TABLES,STRICT_ALL_TABLES,NO_ZERO_IN_DATE,NO_ZERO_DATE,ERROR_FOR_DIVISION_BY_ZERO,TRADITIONAL,NO_ENGINE_SUBSTITUTION {{(pid=107449) _check_effective_sql_mode /opt/stack/data/venv/lib/python3.12/site-packages/oslo_db/sqlalchemy/engines.py:325}}
Mar 19 07:32:37.301444 np0000159930 devstack@n-api-meta.service[107448]: INFO dbcounter [None req-390e3567-9d16-4699-b0aa-a5bb0085d360 None None] Registered counter for database nova_cell0
Mar 19 07:32:37.304049 np0000159930 devstack@n-api-meta.service[107450]: INFO dbcounter [None req-a5b00653-b5c0-4379-abd2-417458516fd8 None None] Registered counter for database nova_api
Mar 19 07:32:37.304937 np0000159930 devstack@n-api-meta.service[107448]: INFO dbcounter [None req-390e3567-9d16-4699-b0aa-a5bb0085d360 None None] Registered counter for database nova_cell1
Mar 19 07:32:37.312575 np0000159930 devstack@n-api-meta.service[107448]: DEBUG oslo_db.sqlalchemy.engines [None req-390e3567-9d16-4699-b0aa-a5bb0085d360 None None] MySQL server mode set to STRICT_TRANS_TABLES,STRICT_ALL_TABLES,NO_ZERO_IN_DATE,NO_ZERO_DATE,ERROR_FOR_DIVISION_BY_ZERO,TRADITIONAL,NO_ENGINE_SUBSTITUTION {{(pid=107448) _check_effective_sql_mode /opt/stack/data/venv/lib/python3.12/site-packages/oslo_db/sqlalchemy/engines.py:325}}
Mar 19 07:32:37.318426 np0000159930 devstack@n-api-meta.service[107448]: DEBUG oslo_db.sqlalchemy.engines [None req-390e3567-9d16-4699-b0aa-a5bb0085d360 None None] MySQL server mode set to STRICT_TRANS_TABLES,STRICT_ALL_TABLES,NO_ZERO_IN_DATE,NO_ZERO_DATE,ERROR_FOR_DIVISION_BY_ZERO,TRADITIONAL,NO_ENGINE_SUBSTITUTION {{(pid=107448) _check_effective_sql_mode /opt/stack/data/venv/lib/python3.12/site-packages/oslo_db/sqlalchemy/engines.py:325}}
Mar 19 07:32:37.323167 np0000159930 devstack@n-api-meta.service[107450]: DEBUG oslo_db.sqlalchemy.engines [None req-a5b00653-b5c0-4379-abd2-417458516fd8 None None] MySQL server mode set to STRICT_TRANS_TABLES,STRICT_ALL_TABLES,NO_ZERO_IN_DATE,NO_ZERO_DATE,ERROR_FOR_DIVISION_BY_ZERO,TRADITIONAL,NO_ENGINE_SUBSTITUTION {{(pid=107450) _check_effective_sql_mode /opt/stack/data/venv/lib/python3.12/site-packages/oslo_db/sqlalchemy/engines.py:325}}
Mar 19 07:32:37.358128 np0000159930 devstack@n-api-meta.service[107450]: DEBUG dbcounter [-] [107450] Writer thread running {{(pid=107450) stat_writer /opt/stack/data/venv/lib/python3.12/site-packages/dbcounter.py:102}}
Mar 19 07:32:37.361100 np0000159930 devstack@n-api-meta.service[107450]: DEBUG nova.context [None req-a5b00653-b5c0-4379-abd2-417458516fd8 None None] Found 2 cells: 00000000-0000-0000-0000-000000000000(cell0),4de13b77-cf1b-4fba-a3be-e9bab20e2816(cell1) {{(pid=107450) load_cells /opt/stack/nova/nova/context.py:509}}
Mar 19 07:32:37.361100 np0000159930 devstack@n-api-meta.service[107450]: INFO nova.utils [None req-a5b00653-b5c0-4379-abd2-417458516fd8 None None] The cell worker thread pool MainProcess.cell_worker is initialized
Mar 19 07:32:37.362359 np0000159930 devstack@n-api-meta.service[107450]: DEBUG oslo_concurrency.lockutils [None req-a5b00653-b5c0-4379-abd2-417458516fd8 None None] Acquiring lock "00000000-0000-0000-0000-000000000000" by "nova.context.set_target_cell..get_or_set_cached_cell_and_set_connections" {{(pid=107450) inner /opt/stack/data/venv/lib/python3.12/site-packages/oslo_concurrency/lockutils.py:506}}
Mar 19 07:32:37.362527 np0000159930 devstack@n-api-meta.service[107450]: DEBUG oslo_concurrency.lockutils [None req-a5b00653-b5c0-4379-abd2-417458516fd8 None None] Lock "00000000-0000-0000-0000-000000000000" acquired by "nova.context.set_target_cell..get_or_set_cached_cell_and_set_connections" :: waited 0.000s {{(pid=107450) inner /opt/stack/data/venv/lib/python3.12/site-packages/oslo_concurrency/lockutils.py:519}}
Mar 19 07:32:37.362909 np0000159930 devstack@n-api-meta.service[107450]: DEBUG oslo_concurrency.lockutils [None req-a5b00653-b5c0-4379-abd2-417458516fd8 None None] Lock "00000000-0000-0000-0000-000000000000" "released" by "nova.context.set_target_cell..get_or_set_cached_cell_and_set_connections" :: held 0.000s {{(pid=107450) inner /opt/stack/data/venv/lib/python3.12/site-packages/oslo_concurrency/lockutils.py:538}}
Mar 19 07:32:37.363737 np0000159930 devstack@n-api-meta.service[107450]: DEBUG oslo_concurrency.lockutils [None req-a5b00653-b5c0-4379-abd2-417458516fd8 None None] Acquiring lock "4de13b77-cf1b-4fba-a3be-e9bab20e2816" by "nova.context.set_target_cell..get_or_set_cached_cell_and_set_connections" {{(pid=107450) inner /opt/stack/data/venv/lib/python3.12/site-packages/oslo_concurrency/lockutils.py:506}}
Mar 19 07:32:37.363881 np0000159930 devstack@n-api-meta.service[107450]: DEBUG oslo_concurrency.lockutils [None req-a5b00653-b5c0-4379-abd2-417458516fd8 None None] Lock "4de13b77-cf1b-4fba-a3be-e9bab20e2816" acquired by "nova.context.set_target_cell..get_or_set_cached_cell_and_set_connections" :: waited 0.000s {{(pid=107450) inner /opt/stack/data/venv/lib/python3.12/site-packages/oslo_concurrency/lockutils.py:519}}
Mar 19 07:32:37.364728 np0000159930 devstack@n-api-meta.service[107450]: DEBUG oslo_concurrency.lockutils [None req-a5b00653-b5c0-4379-abd2-417458516fd8 None None] Lock "4de13b77-cf1b-4fba-a3be-e9bab20e2816" "released" by "nova.context.set_target_cell..get_or_set_cached_cell_and_set_connections" :: held 0.001s {{(pid=107450) inner /opt/stack/data/venv/lib/python3.12/site-packages/oslo_concurrency/lockutils.py:538}}
Mar 19 07:32:37.367647 np0000159930 devstack@n-api-meta.service[107450]: INFO dbcounter [None req-a5b00653-b5c0-4379-abd2-417458516fd8 None None] Registered counter for database nova_cell0
Mar 19 07:32:37.371800 np0000159930 devstack@n-api-meta.service[107450]: INFO dbcounter [None req-a5b00653-b5c0-4379-abd2-417458516fd8 None None] Registered counter for database nova_cell1
Mar 19 07:32:37.375475 np0000159930 devstack@n-api-meta.service[107447]: DEBUG dbcounter [-] [107447] Writer thread running {{(pid=107447) stat_writer /opt/stack/data/venv/lib/python3.12/site-packages/dbcounter.py:102}}
Mar 19 07:32:37.376184 np0000159930 devstack@n-api-meta.service[107447]: DEBUG dbcounter [-] [107447] Writer thread running {{(pid=107447) stat_writer /opt/stack/data/venv/lib/python3.12/site-packages/dbcounter.py:102}}
Mar 19 07:32:37.379926 np0000159930 devstack@n-api-meta.service[107447]: INFO dbcounter [None req-023e4258-62d5-4cfe-9348-69c0a9790341 None None] Registered counter for database nova_cell0
Mar 19 07:32:37.382568 np0000159930 devstack@n-api-meta.service[107450]: DEBUG oslo_db.sqlalchemy.engines [None req-a5b00653-b5c0-4379-abd2-417458516fd8 None None] MySQL server mode set to STRICT_TRANS_TABLES,STRICT_ALL_TABLES,NO_ZERO_IN_DATE,NO_ZERO_DATE,ERROR_FOR_DIVISION_BY_ZERO,TRADITIONAL,NO_ENGINE_SUBSTITUTION {{(pid=107450) _check_effective_sql_mode /opt/stack/data/venv/lib/python3.12/site-packages/oslo_db/sqlalchemy/engines.py:325}}
Mar 19 07:32:37.398984 np0000159930 devstack@n-api-meta.service[107447]: DEBUG oslo_db.sqlalchemy.engines [None req-023e4258-62d5-4cfe-9348-69c0a9790341 None None] MySQL server mode set to STRICT_TRANS_TABLES,STRICT_ALL_TABLES,NO_ZERO_IN_DATE,NO_ZERO_DATE,ERROR_FOR_DIVISION_BY_ZERO,TRADITIONAL,NO_ENGINE_SUBSTITUTION {{(pid=107447) _check_effective_sql_mode /opt/stack/data/venv/lib/python3.12/site-packages/oslo_db/sqlalchemy/engines.py:325}}
Mar 19 07:32:37.401672 np0000159930 devstack@n-api-meta.service[107450]: DEBUG oslo_db.sqlalchemy.engines [None req-a5b00653-b5c0-4379-abd2-417458516fd8 None None] MySQL server mode set to STRICT_TRANS_TABLES,STRICT_ALL_TABLES,NO_ZERO_IN_DATE,NO_ZERO_DATE,ERROR_FOR_DIVISION_BY_ZERO,TRADITIONAL,NO_ENGINE_SUBSTITUTION {{(pid=107450) _check_effective_sql_mode /opt/stack/data/venv/lib/python3.12/site-packages/oslo_db/sqlalchemy/engines.py:325}}
Mar 19 07:32:37.407645 np0000159930 devstack@n-api-meta.service[107447]: DEBUG dbcounter [-] [107447] Writer thread running {{(pid=107447) stat_writer /opt/stack/data/venv/lib/python3.12/site-packages/dbcounter.py:102}}
Mar 19 07:32:37.429583 np0000159930 devstack@n-api-meta.service[107449]: DEBUG dbcounter [-] [107449] Writer thread running {{(pid=107449) stat_writer /opt/stack/data/venv/lib/python3.12/site-packages/dbcounter.py:102}}
Mar 19 07:32:37.431097 np0000159930 devstack@n-api-meta.service[107449]: DEBUG dbcounter [-] [107449] Writer thread running {{(pid=107449) stat_writer /opt/stack/data/venv/lib/python3.12/site-packages/dbcounter.py:102}}
Mar 19 07:32:37.434495 np0000159930 devstack@n-api-meta.service[107448]: DEBUG dbcounter [-] [107448] Writer thread running {{(pid=107448) stat_writer /opt/stack/data/venv/lib/python3.12/site-packages/dbcounter.py:102}}
Mar 19 07:32:37.435165 np0000159930 devstack@n-api-meta.service[107448]: DEBUG dbcounter [-] [107448] Writer thread running {{(pid=107448) stat_writer /opt/stack/data/venv/lib/python3.12/site-packages/dbcounter.py:102}}
Mar 19 07:32:37.438995 np0000159930 devstack@n-api-meta.service[107449]: INFO dbcounter [None req-d5324a5b-e39e-4ba2-8c41-b4252d8532a5 None None] Registered counter for database nova_cell0
Mar 19 07:32:37.442063 np0000159930 devstack@n-api-meta.service[107448]: INFO dbcounter [None req-390e3567-9d16-4699-b0aa-a5bb0085d360 None None] Registered counter for database nova_cell0
Mar 19 07:32:37.451942 np0000159930 devstack@n-api-meta.service[107449]: DEBUG oslo_db.sqlalchemy.engines [None req-d5324a5b-e39e-4ba2-8c41-b4252d8532a5 None None] MySQL server mode set to STRICT_TRANS_TABLES,STRICT_ALL_TABLES,NO_ZERO_IN_DATE,NO_ZERO_DATE,ERROR_FOR_DIVISION_BY_ZERO,TRADITIONAL,NO_ENGINE_SUBSTITUTION {{(pid=107449) _check_effective_sql_mode /opt/stack/data/venv/lib/python3.12/site-packages/oslo_db/sqlalchemy/engines.py:325}}
Mar 19 07:32:37.454379 np0000159930 devstack@n-api-meta.service[107448]: DEBUG oslo_db.sqlalchemy.engines [None req-390e3567-9d16-4699-b0aa-a5bb0085d360 None None] MySQL server mode set to STRICT_TRANS_TABLES,STRICT_ALL_TABLES,NO_ZERO_IN_DATE,NO_ZERO_DATE,ERROR_FOR_DIVISION_BY_ZERO,TRADITIONAL,NO_ENGINE_SUBSTITUTION {{(pid=107448) _check_effective_sql_mode /opt/stack/data/venv/lib/python3.12/site-packages/oslo_db/sqlalchemy/engines.py:325}}
Mar 19 07:32:37.460139 np0000159930 devstack@n-api-meta.service[107448]: DEBUG dbcounter [-] [107448] Writer thread running {{(pid=107448) stat_writer /opt/stack/data/venv/lib/python3.12/site-packages/dbcounter.py:102}}
Mar 19 07:32:37.462528 np0000159930 devstack@n-api-meta.service[107449]: DEBUG dbcounter [-] [107449] Writer thread running {{(pid=107449) stat_writer /opt/stack/data/venv/lib/python3.12/site-packages/dbcounter.py:102}}
Mar 19 07:32:37.466497 np0000159930 devstack@n-api-meta.service[107447]: WARNING nova.api.metadata.handler [None req-023e4258-62d5-4cfe-9348-69c0a9790341 None None] metadata_proxy_shared_secret is not configured, the metadata information returned by the proxy cannot be trusted
Mar 19 07:32:37.470154 np0000159930 devstack@n-api-meta.service[107447]: DEBUG nova.api.openstack.wsgi_app [None req-023e4258-62d5-4cfe-9348-69c0a9790341 None None] ******************************************************************************** {{(pid=107447) log_opt_values /opt/stack/data/venv/lib/python3.12/site-packages/oslo_config/cfg.py:2979}}
Mar 19 07:32:37.470297 np0000159930 devstack@n-api-meta.service[107447]: DEBUG nova.api.openstack.wsgi_app [None req-023e4258-62d5-4cfe-9348-69c0a9790341 None None] Configuration options gathered from: {{(pid=107447) log_opt_values /opt/stack/data/venv/lib/python3.12/site-packages/oslo_config/cfg.py:2980}}
Mar 19 07:32:37.470471 np0000159930 devstack@n-api-meta.service[107447]: DEBUG nova.api.openstack.wsgi_app [None req-023e4258-62d5-4cfe-9348-69c0a9790341 None None] command line args: [] {{(pid=107447) log_opt_values /opt/stack/data/venv/lib/python3.12/site-packages/oslo_config/cfg.py:2981}}
Mar 19 07:32:37.470799 np0000159930 devstack@n-api-meta.service[107447]: DEBUG nova.api.openstack.wsgi_app [None req-023e4258-62d5-4cfe-9348-69c0a9790341 None None] config files: ['/etc/nova/api-paste.ini', '/etc/nova/nova.conf'] {{(pid=107447) log_opt_values /opt/stack/data/venv/lib/python3.12/site-packages/oslo_config/cfg.py:2982}}
Mar 19 07:32:37.470973 np0000159930 devstack@n-api-meta.service[107447]: DEBUG nova.api.openstack.wsgi_app [None req-023e4258-62d5-4cfe-9348-69c0a9790341 None None] ================================================================================ {{(pid=107447) log_opt_values /opt/stack/data/venv/lib/python3.12/site-packages/oslo_config/cfg.py:2987}}
Mar 19 07:32:37.471259 np0000159930 devstack@n-api-meta.service[107447]: DEBUG nova.api.openstack.wsgi_app [None req-023e4258-62d5-4cfe-9348-69c0a9790341 None None] allow_resize_to_same_host = True {{(pid=107447) log_opt_values /opt/stack/data/venv/lib/python3.12/site-packages/oslo_config/cfg.py:2995}}
Mar 19 07:32:37.471482 np0000159930 devstack@n-api-meta.service[107447]: DEBUG nova.api.openstack.wsgi_app [None req-023e4258-62d5-4cfe-9348-69c0a9790341 None None] arq_binding_timeout = 300 {{(pid=107447) log_opt_values /opt/stack/data/venv/lib/python3.12/site-packages/oslo_config/cfg.py:2995}}
Mar 19 07:32:37.471761 np0000159930 devstack@n-api-meta.service[107447]: DEBUG nova.api.openstack.wsgi_app [None req-023e4258-62d5-4cfe-9348-69c0a9790341 None None] block_device_allocate_retries = 60 {{(pid=107447) log_opt_values /opt/stack/data/venv/lib/python3.12/site-packages/oslo_config/cfg.py:2995}}
Mar 19 07:32:37.471994 np0000159930 devstack@n-api-meta.service[107447]: DEBUG nova.api.openstack.wsgi_app [None req-023e4258-62d5-4cfe-9348-69c0a9790341 None None] block_device_allocate_retries_interval = 3 {{(pid=107447) log_opt_values /opt/stack/data/venv/lib/python3.12/site-packages/oslo_config/cfg.py:2995}}
Mar 19 07:32:37.472268 np0000159930 devstack@n-api-meta.service[107447]: DEBUG nova.api.openstack.wsgi_app [None req-023e4258-62d5-4cfe-9348-69c0a9790341 None None] cell_worker_thread_pool_size = 5 {{(pid=107447) log_opt_values /opt/stack/data/venv/lib/python3.12/site-packages/oslo_config/cfg.py:2995}}
Mar 19 07:32:37.472467 np0000159930 devstack@n-api-meta.service[107447]: DEBUG nova.api.openstack.wsgi_app [None req-023e4258-62d5-4cfe-9348-69c0a9790341 None None] cert = self.pem {{(pid=107447) log_opt_values /opt/stack/data/venv/lib/python3.12/site-packages/oslo_config/cfg.py:2995}}
Mar 19 07:32:37.472698 np0000159930 devstack@n-api-meta.service[107447]: DEBUG nova.api.openstack.wsgi_app [None req-023e4258-62d5-4cfe-9348-69c0a9790341 None None] compute_driver = libvirt.LibvirtDriver {{(pid=107447) log_opt_values /opt/stack/data/venv/lib/python3.12/site-packages/oslo_config/cfg.py:2995}}
Mar 19 07:32:37.472855 np0000159930 devstack@n-api-meta.service[107447]: DEBUG nova.api.openstack.wsgi_app [None req-023e4258-62d5-4cfe-9348-69c0a9790341 None None] compute_monitors = [] {{(pid=107447) log_opt_values /opt/stack/data/venv/lib/python3.12/site-packages/oslo_config/cfg.py:2995}}
Mar 19 07:32:37.472984 np0000159930 devstack@n-api-meta.service[107447]: DEBUG nova.api.openstack.wsgi_app [None req-023e4258-62d5-4cfe-9348-69c0a9790341 None None] config_dir = [] {{(pid=107447) log_opt_values /opt/stack/data/venv/lib/python3.12/site-packages/oslo_config/cfg.py:2995}}
Mar 19 07:32:37.473119 np0000159930 devstack@n-api-meta.service[107447]: DEBUG nova.api.openstack.wsgi_app [None req-023e4258-62d5-4cfe-9348-69c0a9790341 None None] config_drive_format = iso9660 {{(pid=107447) log_opt_values /opt/stack/data/venv/lib/python3.12/site-packages/oslo_config/cfg.py:2995}}
Mar 19 07:32:37.473226 np0000159930 devstack@n-api-meta.service[107447]: DEBUG nova.api.openstack.wsgi_app [None req-023e4258-62d5-4cfe-9348-69c0a9790341 None None] config_file = ['/etc/nova/api-paste.ini', '/etc/nova/nova.conf'] {{(pid=107447) log_opt_values /opt/stack/data/venv/lib/python3.12/site-packages/oslo_config/cfg.py:2995}}
Mar 19 07:32:37.473358 np0000159930 devstack@n-api-meta.service[107447]: DEBUG nova.api.openstack.wsgi_app [None req-023e4258-62d5-4cfe-9348-69c0a9790341 None None] config_source = [] {{(pid=107447) log_opt_values /opt/stack/data/venv/lib/python3.12/site-packages/oslo_config/cfg.py:2995}}
Mar 19 07:32:37.473489 np0000159930 devstack@n-api-meta.service[107447]: DEBUG nova.api.openstack.wsgi_app [None req-023e4258-62d5-4cfe-9348-69c0a9790341 None None] console_host = np0000159930 {{(pid=107447) log_opt_values /opt/stack/data/venv/lib/python3.12/site-packages/oslo_config/cfg.py:2995}}
Mar 19 07:32:37.473625 np0000159930 devstack@n-api-meta.service[107447]: DEBUG nova.api.openstack.wsgi_app [None req-023e4258-62d5-4cfe-9348-69c0a9790341 None None] control_exchange = nova {{(pid=107447) log_opt_values /opt/stack/data/venv/lib/python3.12/site-packages/oslo_config/cfg.py:2995}}
Mar 19 07:32:37.473774 np0000159930 devstack@n-api-meta.service[107447]: DEBUG nova.api.openstack.wsgi_app [None req-023e4258-62d5-4cfe-9348-69c0a9790341 None None] cpu_allocation_ratio = None {{(pid=107447) log_opt_values /opt/stack/data/venv/lib/python3.12/site-packages/oslo_config/cfg.py:2995}}
Mar 19 07:32:37.473950 np0000159930 devstack@n-api-meta.service[107447]: DEBUG nova.api.openstack.wsgi_app [None req-023e4258-62d5-4cfe-9348-69c0a9790341 None None] daemon = False {{(pid=107447) log_opt_values /opt/stack/data/venv/lib/python3.12/site-packages/oslo_config/cfg.py:2995}}
Mar 19 07:32:37.474089 np0000159930 devstack@n-api-meta.service[107447]: DEBUG nova.api.openstack.wsgi_app [None req-023e4258-62d5-4cfe-9348-69c0a9790341 None None] debug = True {{(pid=107447) log_opt_values /opt/stack/data/venv/lib/python3.12/site-packages/oslo_config/cfg.py:2995}}
Mar 19 07:32:37.474223 np0000159930 devstack@n-api-meta.service[107447]: DEBUG nova.api.openstack.wsgi_app [None req-023e4258-62d5-4cfe-9348-69c0a9790341 None None] default_access_ip_network_name = None {{(pid=107447) log_opt_values /opt/stack/data/venv/lib/python3.12/site-packages/oslo_config/cfg.py:2995}}
Mar 19 07:32:37.474356 np0000159930 devstack@n-api-meta.service[107447]: DEBUG nova.api.openstack.wsgi_app [None req-023e4258-62d5-4cfe-9348-69c0a9790341 None None] default_availability_zone = nova {{(pid=107447) log_opt_values /opt/stack/data/venv/lib/python3.12/site-packages/oslo_config/cfg.py:2995}}
Mar 19 07:32:37.474489 np0000159930 devstack@n-api-meta.service[107447]: DEBUG nova.api.openstack.wsgi_app [None req-023e4258-62d5-4cfe-9348-69c0a9790341 None None] default_ephemeral_format = ext4 {{(pid=107447) log_opt_values /opt/stack/data/venv/lib/python3.12/site-packages/oslo_config/cfg.py:2995}}
Mar 19 07:32:37.474622 np0000159930 devstack@n-api-meta.service[107447]: DEBUG nova.api.openstack.wsgi_app [None req-023e4258-62d5-4cfe-9348-69c0a9790341 None None] default_green_pool_size = 1000 {{(pid=107447) log_opt_values /opt/stack/data/venv/lib/python3.12/site-packages/oslo_config/cfg.py:2995}}
Mar 19 07:32:37.474843 np0000159930 devstack@n-api-meta.service[107447]: DEBUG nova.api.openstack.wsgi_app [None req-023e4258-62d5-4cfe-9348-69c0a9790341 None None] default_log_levels = ['amqp=WARN', 'boto=WARN', 'sqlalchemy=WARN', 'suds=INFO', 'oslo.messaging=INFO', 'oslo_messaging=INFO', 'iso8601=WARN', 'requests.packages.urllib3.connectionpool=WARN', 'urllib3.connectionpool=WARN', 'websocket=WARN', 'requests.packages.urllib3.util.retry=WARN', 'urllib3.util.retry=WARN', 'keystonemiddleware=WARN', 'routes.middleware=WARN', 'stevedore=WARN', 'taskflow=WARN', 'keystoneauth=WARN', 'oslo.cache=INFO', 'oslo_policy=INFO', 'dogpile.core.dogpile=INFO', 'glanceclient=WARN', 'oslo.privsep.daemon=INFO'] {{(pid=107447) log_opt_values /opt/stack/data/venv/lib/python3.12/site-packages/oslo_config/cfg.py:2995}}
Mar 19 07:32:37.475000 np0000159930 devstack@n-api-meta.service[107447]: DEBUG nova.api.openstack.wsgi_app [None req-023e4258-62d5-4cfe-9348-69c0a9790341 None None] default_schedule_zone = None {{(pid=107447) log_opt_values /opt/stack/data/venv/lib/python3.12/site-packages/oslo_config/cfg.py:2995}}
Mar 19 07:32:37.475141 np0000159930 devstack@n-api-meta.service[107447]: DEBUG nova.api.openstack.wsgi_app [None req-023e4258-62d5-4cfe-9348-69c0a9790341 None None] default_thread_pool_size = 10 {{(pid=107447) log_opt_values /opt/stack/data/venv/lib/python3.12/site-packages/oslo_config/cfg.py:2995}}
Mar 19 07:32:37.475262 np0000159930 devstack@n-api-meta.service[107447]: DEBUG nova.api.openstack.wsgi_app [None req-023e4258-62d5-4cfe-9348-69c0a9790341 None None] disk_allocation_ratio = None {{(pid=107447) log_opt_values /opt/stack/data/venv/lib/python3.12/site-packages/oslo_config/cfg.py:2995}}
Mar 19 07:32:37.475389 np0000159930 devstack@n-api-meta.service[107447]: DEBUG nova.api.openstack.wsgi_app [None req-023e4258-62d5-4cfe-9348-69c0a9790341 None None] enable_new_services = True {{(pid=107447) log_opt_values /opt/stack/data/venv/lib/python3.12/site-packages/oslo_config/cfg.py:2995}}
Mar 19 07:32:37.475519 np0000159930 devstack@n-api-meta.service[107447]: DEBUG nova.api.openstack.wsgi_app [None req-023e4258-62d5-4cfe-9348-69c0a9790341 None None] flat_injected = False {{(pid=107447) log_opt_values /opt/stack/data/venv/lib/python3.12/site-packages/oslo_config/cfg.py:2995}}
Mar 19 07:32:37.475644 np0000159930 devstack@n-api-meta.service[107447]: DEBUG nova.api.openstack.wsgi_app [None req-023e4258-62d5-4cfe-9348-69c0a9790341 None None] force_config_drive = False {{(pid=107447) log_opt_values /opt/stack/data/venv/lib/python3.12/site-packages/oslo_config/cfg.py:2995}}
Mar 19 07:32:37.475791 np0000159930 devstack@n-api-meta.service[107447]: DEBUG nova.api.openstack.wsgi_app [None req-023e4258-62d5-4cfe-9348-69c0a9790341 None None] force_raw_images = True {{(pid=107447) log_opt_values /opt/stack/data/venv/lib/python3.12/site-packages/oslo_config/cfg.py:2995}}
Mar 19 07:32:37.475986 np0000159930 devstack@n-api-meta.service[107447]: DEBUG nova.api.openstack.wsgi_app [None req-023e4258-62d5-4cfe-9348-69c0a9790341 None None] graceful_shutdown_timeout = 5 {{(pid=107447) log_opt_values /opt/stack/data/venv/lib/python3.12/site-packages/oslo_config/cfg.py:2995}}
Mar 19 07:32:37.476160 np0000159930 devstack@n-api-meta.service[107447]: DEBUG nova.api.openstack.wsgi_app [None req-023e4258-62d5-4cfe-9348-69c0a9790341 None None] heal_instance_info_cache_interval = -1 {{(pid=107447) log_opt_values /opt/stack/data/venv/lib/python3.12/site-packages/oslo_config/cfg.py:2995}}
Mar 19 07:32:37.476333 np0000159930 devstack@n-api-meta.service[107447]: DEBUG nova.api.openstack.wsgi_app [None req-023e4258-62d5-4cfe-9348-69c0a9790341 None None] host = np0000159930 {{(pid=107447) log_opt_values /opt/stack/data/venv/lib/python3.12/site-packages/oslo_config/cfg.py:2995}}
Mar 19 07:32:37.476464 np0000159930 devstack@n-api-meta.service[107447]: DEBUG nova.api.openstack.wsgi_app [None req-023e4258-62d5-4cfe-9348-69c0a9790341 None None] initial_cpu_allocation_ratio = 4.0 {{(pid=107447) log_opt_values /opt/stack/data/venv/lib/python3.12/site-packages/oslo_config/cfg.py:2995}}
Mar 19 07:32:37.476604 np0000159930 devstack@n-api-meta.service[107447]: DEBUG nova.api.openstack.wsgi_app [None req-023e4258-62d5-4cfe-9348-69c0a9790341 None None] initial_disk_allocation_ratio = 1.0 {{(pid=107447) log_opt_values /opt/stack/data/venv/lib/python3.12/site-packages/oslo_config/cfg.py:2995}}
Mar 19 07:32:37.476751 np0000159930 devstack@n-api-meta.service[107447]: DEBUG nova.api.openstack.wsgi_app [None req-023e4258-62d5-4cfe-9348-69c0a9790341 None None] initial_ram_allocation_ratio = 1.0 {{(pid=107447) log_opt_values /opt/stack/data/venv/lib/python3.12/site-packages/oslo_config/cfg.py:2995}}
Mar 19 07:32:37.476918 np0000159930 devstack@n-api-meta.service[107447]: DEBUG nova.api.openstack.wsgi_app [None req-023e4258-62d5-4cfe-9348-69c0a9790341 None None] injected_network_template = /opt/stack/nova/nova/virt/interfaces.template {{(pid=107447) log_opt_values /opt/stack/data/venv/lib/python3.12/site-packages/oslo_config/cfg.py:2995}}
Mar 19 07:32:37.477045 np0000159930 devstack@n-api-meta.service[107447]: DEBUG nova.api.openstack.wsgi_app [None req-023e4258-62d5-4cfe-9348-69c0a9790341 None None] instance_build_timeout = 0 {{(pid=107447) log_opt_values /opt/stack/data/venv/lib/python3.12/site-packages/oslo_config/cfg.py:2995}}
Mar 19 07:32:37.477177 np0000159930 devstack@n-api-meta.service[107447]: DEBUG nova.api.openstack.wsgi_app [None req-023e4258-62d5-4cfe-9348-69c0a9790341 None None] instance_delete_interval = 300 {{(pid=107447) log_opt_values /opt/stack/data/venv/lib/python3.12/site-packages/oslo_config/cfg.py:2995}}
Mar 19 07:32:37.477307 np0000159930 devstack@n-api-meta.service[107447]: DEBUG nova.api.openstack.wsgi_app [None req-023e4258-62d5-4cfe-9348-69c0a9790341 None None] instance_format = [instance: %(uuid)s] {{(pid=107447) log_opt_values /opt/stack/data/venv/lib/python3.12/site-packages/oslo_config/cfg.py:2995}}
Mar 19 07:32:37.477437 np0000159930 devstack@n-api-meta.service[107447]: DEBUG nova.api.openstack.wsgi_app [None req-023e4258-62d5-4cfe-9348-69c0a9790341 None None] instance_name_template = instance-%08x {{(pid=107447) log_opt_values /opt/stack/data/venv/lib/python3.12/site-packages/oslo_config/cfg.py:2995}}
Mar 19 07:32:37.477556 np0000159930 devstack@n-api-meta.service[107447]: DEBUG nova.api.openstack.wsgi_app [None req-023e4258-62d5-4cfe-9348-69c0a9790341 None None] instance_usage_audit = False {{(pid=107447) log_opt_values /opt/stack/data/venv/lib/python3.12/site-packages/oslo_config/cfg.py:2995}}
Mar 19 07:32:37.477717 np0000159930 devstack@n-api-meta.service[107447]: DEBUG nova.api.openstack.wsgi_app [None req-023e4258-62d5-4cfe-9348-69c0a9790341 None None] instance_usage_audit_period = month {{(pid=107447) log_opt_values /opt/stack/data/venv/lib/python3.12/site-packages/oslo_config/cfg.py:2995}}
Mar 19 07:32:37.477844 np0000159930 devstack@n-api-meta.service[107447]: DEBUG nova.api.openstack.wsgi_app [None req-023e4258-62d5-4cfe-9348-69c0a9790341 None None] instance_uuid_format = [instance: %(uuid)s] {{(pid=107447) log_opt_values /opt/stack/data/venv/lib/python3.12/site-packages/oslo_config/cfg.py:2995}}
Mar 19 07:32:37.477971 np0000159930 devstack@n-api-meta.service[107447]: DEBUG nova.api.openstack.wsgi_app [None req-023e4258-62d5-4cfe-9348-69c0a9790341 None None] instances_path = /opt/stack/data/nova/instances {{(pid=107447) log_opt_values /opt/stack/data/venv/lib/python3.12/site-packages/oslo_config/cfg.py:2995}}
Mar 19 07:32:37.478127 np0000159930 devstack@n-api-meta.service[107447]: DEBUG nova.api.openstack.wsgi_app [None req-023e4258-62d5-4cfe-9348-69c0a9790341 None None] internal_service_availability_zone = internal {{(pid=107447) log_opt_values /opt/stack/data/venv/lib/python3.12/site-packages/oslo_config/cfg.py:2995}}
Mar 19 07:32:37.478232 np0000159930 devstack@n-api-meta.service[107447]: DEBUG nova.api.openstack.wsgi_app [None req-023e4258-62d5-4cfe-9348-69c0a9790341 None None] key = None {{(pid=107447) log_opt_values /opt/stack/data/venv/lib/python3.12/site-packages/oslo_config/cfg.py:2995}}
Mar 19 07:32:37.478406 np0000159930 devstack@n-api-meta.service[107447]: DEBUG nova.api.openstack.wsgi_app [None req-023e4258-62d5-4cfe-9348-69c0a9790341 None None] live_migration_retry_count = 30 {{(pid=107447) log_opt_values /opt/stack/data/venv/lib/python3.12/site-packages/oslo_config/cfg.py:2995}}
Mar 19 07:32:37.478538 np0000159930 devstack@n-api-meta.service[107447]: DEBUG nova.api.openstack.wsgi_app [None req-023e4258-62d5-4cfe-9348-69c0a9790341 None None] log_color = False {{(pid=107447) log_opt_values /opt/stack/data/venv/lib/python3.12/site-packages/oslo_config/cfg.py:2995}}
Mar 19 07:32:37.478603 np0000159930 devstack@n-api-meta.service[107447]: DEBUG nova.api.openstack.wsgi_app [None req-023e4258-62d5-4cfe-9348-69c0a9790341 None None] log_config_append = None {{(pid=107447) log_opt_values /opt/stack/data/venv/lib/python3.12/site-packages/oslo_config/cfg.py:2995}}
Mar 19 07:32:37.478761 np0000159930 devstack@n-api-meta.service[107447]: DEBUG nova.api.openstack.wsgi_app [None req-023e4258-62d5-4cfe-9348-69c0a9790341 None None] log_date_format = %Y-%m-%d %H:%M:%S {{(pid=107447) log_opt_values /opt/stack/data/venv/lib/python3.12/site-packages/oslo_config/cfg.py:2995}}
Mar 19 07:32:37.478902 np0000159930 devstack@n-api-meta.service[107447]: DEBUG nova.api.openstack.wsgi_app [None req-023e4258-62d5-4cfe-9348-69c0a9790341 None None] log_dir = None {{(pid=107447) log_opt_values /opt/stack/data/venv/lib/python3.12/site-packages/oslo_config/cfg.py:2995}}
Mar 19 07:32:37.479028 np0000159930 devstack@n-api-meta.service[107447]: DEBUG nova.api.openstack.wsgi_app [None req-023e4258-62d5-4cfe-9348-69c0a9790341 None None] log_file = None {{(pid=107447) log_opt_values /opt/stack/data/venv/lib/python3.12/site-packages/oslo_config/cfg.py:2995}}
Mar 19 07:32:37.479109 np0000159930 devstack@n-api-meta.service[107447]: DEBUG nova.api.openstack.wsgi_app [None req-023e4258-62d5-4cfe-9348-69c0a9790341 None None] log_options = True {{(pid=107447) log_opt_values /opt/stack/data/venv/lib/python3.12/site-packages/oslo_config/cfg.py:2995}}
Mar 19 07:32:37.479377 np0000159930 devstack@n-api-meta.service[107447]: DEBUG nova.api.openstack.wsgi_app [None req-023e4258-62d5-4cfe-9348-69c0a9790341 None None] log_rotate_interval = 1 {{(pid=107447) log_opt_values /opt/stack/data/venv/lib/python3.12/site-packages/oslo_config/cfg.py:2995}}
Mar 19 07:32:37.479377 np0000159930 devstack@n-api-meta.service[107447]: DEBUG nova.api.openstack.wsgi_app [None req-023e4258-62d5-4cfe-9348-69c0a9790341 None None] log_rotate_interval_type = days {{(pid=107447) log_opt_values /opt/stack/data/venv/lib/python3.12/site-packages/oslo_config/cfg.py:2995}}
Mar 19 07:32:37.479490 np0000159930 devstack@n-api-meta.service[107447]: DEBUG nova.api.openstack.wsgi_app [None req-023e4258-62d5-4cfe-9348-69c0a9790341 None None] log_rotation_type = none {{(pid=107447) log_opt_values /opt/stack/data/venv/lib/python3.12/site-packages/oslo_config/cfg.py:2995}}
