Jul 10 01:59:39.933253 np0000184934 devstack@n-api.service[98425]: [pid: 98425|app: 0|req: 17/67] 199.204.45.129 () {68 vars in 1424 bytes} [Fri Jul 10 01:59:39 2026] GET /compute/v2.1/flavors/detail?is_public=None => generated 5262 bytes in 26 msecs (HTTP/1.1 200) 9 headers in 360 bytes (1 switches on core 0)
Jul 10 01:59:39.985307 np0000184934 devstack@n-api.service[98427]: DEBUG nova.api.openstack.wsgi [None req-513c9d4e-5b68-4e31-a385-87cda013de18 demo demo] Calling method '>' {{(pid=98427) _process_stack /opt/stack/nova/nova/api/openstack/wsgi.py:551}}
Jul 10 01:59:40.008936 np0000184934 devstack@n-api.service[98427]: INFO nova.api.openstack.requestlog [None req-513c9d4e-5b68-4e31-a385-87cda013de18 demo demo] 199.204.45.129 "GET /compute/v2.1/flavors/detail?is_public=None" status: 200 len: 5262 microversion: 2.61 time: 0.026995
Jul 10 01:59:40.009166 np0000184934 devstack@n-api.service[98427]: [pid: 98427|app: 0|req: 18/68] 199.204.45.129 () {68 vars in 1424 bytes} [Fri Jul 10 01:59:39 2026] GET /compute/v2.1/flavors/detail?is_public=None => generated 5262 bytes in 28 msecs (HTTP/1.1 200) 9 headers in 360 bytes (1 switches on core 0)
Jul 10 01:59:44.401679 np0000184934 devstack@n-api.service[98428]: DEBUG nova.api.openstack.wsgi [None req-bea30028-3ec2-4782-b62f-55a0c1e4d3bf admin admin] Calling method '>' {{(pid=98428) _process_stack /opt/stack/nova/nova/api/openstack/wsgi.py:551}}
Jul 10 01:59:44.407089 np0000184934 devstack@n-api.service[98428]: INFO nova.api.openstack.requestlog [None req-bea30028-3ec2-4782-b62f-55a0c1e4d3bf admin admin] 199.204.45.129 "GET /compute/v2.1" status: 200 len: 393 microversion: 2.1 time: 0.006003
Jul 10 01:59:44.407387 np0000184934 devstack@n-api.service[98428]: [pid: 98428|app: 0|req: 17/69] 199.204.45.129 () {62 vars in 1063 bytes} [Fri Jul 10 01:59:44 2026] GET /compute/v2.1 => generated 393 bytes in 7 msecs (HTTP/1.1 200) 9 headers in 357 bytes (1 switches on core 0)
Jul 10 01:59:44.446526 np0000184934 devstack@n-api.service[98426]: DEBUG nova.api.openstack.wsgi [None req-23a1ef12-c5f9-405e-b672-99a88733f2c8 admin admin] Calling method '>' {{(pid=98426) _process_stack /opt/stack/nova/nova/api/openstack/wsgi.py:551}}
Jul 10 01:59:44.452596 np0000184934 devstack@n-api.service[98426]: INFO nova.api.openstack.requestlog [None req-23a1ef12-c5f9-405e-b672-99a88733f2c8 admin admin] 199.204.45.129 "GET /compute/v2.1/" status: 200 len: 393 microversion: 2.1 time: 0.006532
Jul 10 01:59:44.452961 np0000184934 devstack@n-api.service[98426]: [pid: 98426|app: 0|req: 18/70] 199.204.45.129 () {62 vars in 1066 bytes} [Fri Jul 10 01:59:44 2026] GET /compute/v2.1/ => generated 393 bytes in 7 msecs (HTTP/1.1 200) 9 headers in 357 bytes (1 switches on core 0)
Jul 10 01:59:44.495734 np0000184934 devstack@n-api.service[98425]: DEBUG nova.api.openstack.wsgi [None req-a37862d5-b0da-46b4-80eb-73cb9c6b3b26 demo demo] Calling method '>' {{(pid=98425) _process_stack /opt/stack/nova/nova/api/openstack/wsgi.py:551}}
Jul 10 01:59:44.524132 np0000184934 devstack@n-api.service[98425]: INFO nova.api.openstack.requestlog [None req-a37862d5-b0da-46b4-80eb-73cb9c6b3b26 demo demo] 199.204.45.129 "GET /compute/v2.1/flavors/detail?is_public=None" status: 200 len: 5262 microversion: 2.61 time: 0.031851
Jul 10 01:59:44.524655 np0000184934 devstack@n-api.service[98425]: [pid: 98425|app: 0|req: 18/71] 199.204.45.129 () {68 vars in 1424 bytes} [Fri Jul 10 01:59:44 2026] GET /compute/v2.1/flavors/detail?is_public=None => generated 5262 bytes in 33 msecs (HTTP/1.1 200) 9 headers in 360 bytes (1 switches on core 0)
Jul 10 01:59:44.575946 np0000184934 devstack@n-api.service[98427]: DEBUG nova.api.openstack.wsgi [None req-16d2f184-e76a-468a-a86f-507161e6dbdc demo demo] Calling method '>' {{(pid=98427) _process_stack /opt/stack/nova/nova/api/openstack/wsgi.py:551}}
Jul 10 01:59:44.599205 np0000184934 devstack@n-api.service[98427]: INFO nova.api.openstack.requestlog [None req-16d2f184-e76a-468a-a86f-507161e6dbdc demo demo] 199.204.45.129 "GET /compute/v2.1/flavors/detail?is_public=None" status: 200 len: 5262 microversion: 2.61 time: 0.027280
Jul 10 01:59:44.599491 np0000184934 devstack@n-api.service[98427]: [pid: 98427|app: 0|req: 19/72] 199.204.45.129 () {68 vars in 1424 bytes} [Fri Jul 10 01:59:44 2026] GET /compute/v2.1/flavors/detail?is_public=None => generated 5262 bytes in 28 msecs (HTTP/1.1 200) 9 headers in 360 bytes (1 switches on core 0)
Jul 10 01:59:44.775568 np0000184934 devstack@n-api.service[98428]: DEBUG nova.api.openstack.wsgi [None req-bea30028-3ec2-4782-b62f-55a0c1e4d3bf admin admin] Calling method '>' {{(pid=98428) _process_stack /opt/stack/nova/nova/api/openstack/wsgi.py:551}}
Jul 10 01:59:44.780028 np0000184934 devstack@n-api.service[98428]: INFO nova.api.openstack.requestlog [None req-bea30028-3ec2-4782-b62f-55a0c1e4d3bf admin admin] 199.204.45.129 "GET /compute/v2.1" status: 200 len: 393 microversion: 2.1 time: 0.005045
Jul 10 01:59:44.780262 np0000184934 devstack@n-api.service[98428]: [pid: 98428|app: 0|req: 18/73] 199.204.45.129 () {62 vars in 1063 bytes} [Fri Jul 10 01:59:44 2026] GET /compute/v2.1 => generated 393 bytes in 6 msecs (HTTP/1.1 200) 9 headers in 357 bytes (1 switches on core 0)
Jul 10 01:59:44.819826 np0000184934 devstack@n-api.service[98426]: DEBUG nova.api.openstack.wsgi [None req-23a1ef12-c5f9-405e-b672-99a88733f2c8 admin admin] Calling method '>' {{(pid=98426) _process_stack /opt/stack/nova/nova/api/openstack/wsgi.py:551}}
Jul 10 01:59:44.825031 np0000184934 devstack@n-api.service[98426]: INFO nova.api.openstack.requestlog [None req-23a1ef12-c5f9-405e-b672-99a88733f2c8 admin admin] 199.204.45.129 "GET /compute/v2.1/" status: 200 len: 393 microversion: 2.1 time: 0.005531
Jul 10 01:59:44.825394 np0000184934 devstack@n-api.service[98426]: [pid: 98426|app: 0|req: 19/74] 199.204.45.129 () {62 vars in 1066 bytes} [Fri Jul 10 01:59:44 2026] GET /compute/v2.1/ => generated 393 bytes in 6 msecs (HTTP/1.1 200) 9 headers in 357 bytes (1 switches on core 0)
Jul 10 01:59:44.864767 np0000184934 devstack@n-api.service[98425]: DEBUG nova.api.openstack.wsgi [None req-8139e0cf-4734-4354-9c57-2343a2170947 demo demo] Calling method '>' {{(pid=98425) _process_stack /opt/stack/nova/nova/api/openstack/wsgi.py:551}}
Jul 10 01:59:44.888452 np0000184934 devstack@n-api.service[98425]: INFO nova.api.openstack.requestlog [None req-8139e0cf-4734-4354-9c57-2343a2170947 demo demo] 199.204.45.129 "GET /compute/v2.1/flavors/detail?is_public=None" status: 200 len: 5262 microversion: 2.61 time: 0.027063
Jul 10 01:59:44.888719 np0000184934 devstack@n-api.service[98425]: [pid: 98425|app: 0|req: 19/75] 199.204.45.129 () {68 vars in 1424 bytes} [Fri Jul 10 01:59:44 2026] GET /compute/v2.1/flavors/detail?is_public=None => generated 5262 bytes in 28 msecs (HTTP/1.1 200) 9 headers in 360 bytes (1 switches on core 0)
Jul 10 01:59:44.935110 np0000184934 devstack@n-api.service[98427]: DEBUG nova.api.openstack.wsgi [None req-0c0e1be8-0ea0-4759-87a1-13b370b47b6e demo demo] Calling method '>' {{(pid=98427) _process_stack /opt/stack/nova/nova/api/openstack/wsgi.py:551}}
Jul 10 01:59:44.960209 np0000184934 devstack@n-api.service[98427]: INFO nova.api.openstack.requestlog [None req-0c0e1be8-0ea0-4759-87a1-13b370b47b6e demo demo] 199.204.45.129 "GET /compute/v2.1/flavors/detail?is_public=None" status: 200 len: 5262 microversion: 2.61 time: 0.030128
Jul 10 01:59:44.960606 np0000184934 devstack@n-api.service[98427]: [pid: 98427|app: 0|req: 20/76] 199.204.45.129 () {68 vars in 1424 bytes} [Fri Jul 10 01:59:44 2026] GET /compute/v2.1/flavors/detail?is_public=None => generated 5262 bytes in 31 msecs (HTTP/1.1 200) 9 headers in 360 bytes (1 switches on core 0)
Jul 10 01:59:48.628604 np0000184934 devstack@n-api.service[98428]: DEBUG nova.api.openstack.wsgi [None req-bea30028-3ec2-4782-b62f-55a0c1e4d3bf admin admin] Calling method '>' {{(pid=98428) _process_stack /opt/stack/nova/nova/api/openstack/wsgi.py:551}}
Jul 10 01:59:48.634787 np0000184934 devstack@n-api.service[98428]: INFO nova.api.openstack.requestlog [None req-bea30028-3ec2-4782-b62f-55a0c1e4d3bf admin admin] 199.204.45.129 "GET /compute/v2.1" status: 200 len: 393 microversion: 2.1 time: 0.007003
Jul 10 01:59:48.635203 np0000184934 devstack@n-api.service[98428]: [pid: 98428|app: 0|req: 19/77] 199.204.45.129 () {62 vars in 1074 bytes} [Fri Jul 10 01:59:48 2026] GET /compute/v2.1 => generated 393 bytes in 8 msecs (HTTP/1.1 200) 9 headers in 357 bytes (1 switches on core 0)
Jul 10 01:59:48.676964 np0000184934 devstack@n-api.service[98426]: DEBUG nova.api.openstack.wsgi [None req-23a1ef12-c5f9-405e-b672-99a88733f2c8 admin admin] Calling method '>' {{(pid=98426) _process_stack /opt/stack/nova/nova/api/openstack/wsgi.py:551}}
Jul 10 01:59:48.680731 np0000184934 devstack@n-api.service[98426]: INFO nova.api.openstack.requestlog [None req-23a1ef12-c5f9-405e-b672-99a88733f2c8 admin admin] 199.204.45.129 "GET /compute/v2.1/" status: 200 len: 393 microversion: 2.1 time: 0.004190
Jul 10 01:59:48.680977 np0000184934 devstack@n-api.service[98426]: [pid: 98426|app: 0|req: 20/78] 199.204.45.129 () {62 vars in 1077 bytes} [Fri Jul 10 01:59:48 2026] GET /compute/v2.1/ => generated 393 bytes in 5 msecs (HTTP/1.1 200) 9 headers in 357 bytes (1 switches on core 0)
Jul 10 01:59:48.728934 np0000184934 devstack@n-api.service[98425]: DEBUG nova.api.openstack.wsgi [None req-cdbabb1f-7a66-4508-91b2-336db65f94c6 demo demo] Calling method '>' {{(pid=98425) _process_stack /opt/stack/nova/nova/api/openstack/wsgi.py:551}}
Jul 10 01:59:48.750531 np0000184934 devstack@n-api.service[98425]: INFO nova.api.openstack.requestlog [None req-cdbabb1f-7a66-4508-91b2-336db65f94c6 demo demo] 199.204.45.129 "GET /compute/v2.1/os-server-groups" status: 200 len: 21 microversion: 2.64 time: 0.028384
Jul 10 01:59:48.751016 np0000184934 devstack@n-api.service[98425]: [pid: 98425|app: 0|req: 20/79] 199.204.45.129 () {68 vars in 1412 bytes} [Fri Jul 10 01:59:48 2026] GET /compute/v2.1/os-server-groups => generated 21 bytes in 29 msecs (HTTP/1.1 200) 9 headers in 358 bytes (1 switches on core 0)
Jul 10 01:59:48.791758 np0000184934 devstack@n-api.service[98427]: DEBUG nova.api.openstack.wsgi [None req-0c0e1be8-0ea0-4759-87a1-13b370b47b6e demo demo] Calling method '>' {{(pid=98427) _process_stack /opt/stack/nova/nova/api/openstack/wsgi.py:551}}
Jul 10 01:59:48.795384 np0000184934 devstack@n-api.service[98427]: INFO nova.api.openstack.requestlog [None req-0c0e1be8-0ea0-4759-87a1-13b370b47b6e demo demo] 199.204.45.129 "GET /compute/v2.1" status: 200 len: 393 microversion: 2.1 time: 0.003978
Jul 10 01:59:48.795668 np0000184934 devstack@n-api.service[98427]: [pid: 98427|app: 0|req: 21/80] 199.204.45.129 () {62 vars in 1074 bytes} [Fri Jul 10 01:59:48 2026] GET /compute/v2.1 => generated 393 bytes in 4 msecs (HTTP/1.1 200) 9 headers in 357 bytes (1 switches on core 0)
Jul 10 01:59:48.827012 np0000184934 devstack@n-api.service[98428]: DEBUG nova.api.openstack.wsgi [None req-bea30028-3ec2-4782-b62f-55a0c1e4d3bf admin admin] Calling method '>' {{(pid=98428) _process_stack /opt/stack/nova/nova/api/openstack/wsgi.py:551}}
Jul 10 01:59:48.834124 np0000184934 devstack@n-api.service[98428]: INFO nova.api.openstack.requestlog [None req-bea30028-3ec2-4782-b62f-55a0c1e4d3bf admin admin] 199.204.45.129 "GET /compute/v2.1/" status: 200 len: 393 microversion: 2.1 time: 0.007537
Jul 10 01:59:48.834500 np0000184934 devstack@n-api.service[98428]: [pid: 98428|app: 0|req: 20/81] 199.204.45.129 () {62 vars in 1077 bytes} [Fri Jul 10 01:59:48 2026] GET /compute/v2.1/ => generated 393 bytes in 8 msecs (HTTP/1.1 200) 9 headers in 357 bytes (1 switches on core 0)
Jul 10 01:59:48.869191 np0000184934 devstack@n-api.service[98426]: DEBUG nova.api.openstack.wsgi [None req-04b7fd2c-79cc-419b-9405-010fa7085139 demo demo] Action: 'create', calling method: >, body: {"server_group": {"name": "kube-xxamb", "policy": "soft-anti-affinity"}} {{(pid=98426) _process_stack /opt/stack/nova/nova/api/openstack/wsgi.py:549}}
Jul 10 01:59:48.892669 np0000184934 devstack@n-api.service[98426]: DEBUG nova.quota [None req-04b7fd2c-79cc-419b-9405-010fa7085139 demo demo] Getting quotas for project 44dda2fa6c764ec88099fd1abbeaf769. Resources: {'server_groups'} {{(pid=98426) _get_quotas /opt/stack/nova/nova/quota.py:389}}
Jul 10 01:59:48.895664 np0000184934 devstack@n-api.service[98426]: DEBUG nova.quota [None req-04b7fd2c-79cc-419b-9405-010fa7085139 demo demo] Getting quotas for user c3477eefa8b74b40964b862faf5a230f and project 44dda2fa6c764ec88099fd1abbeaf769. Resources: {'server_groups'} {{(pid=98426) _get_quotas /opt/stack/nova/nova/quota.py:379}}
Jul 10 01:59:48.949284 np0000184934 devstack@n-api.service[98426]: DEBUG nova.quota [None req-04b7fd2c-79cc-419b-9405-010fa7085139 demo demo] Getting quotas for project 44dda2fa6c764ec88099fd1abbeaf769. Resources: {'server_groups'} {{(pid=98426) _get_quotas /opt/stack/nova/nova/quota.py:389}}
Jul 10 01:59:48.951580 np0000184934 devstack@n-api.service[98426]: DEBUG nova.quota [None req-04b7fd2c-79cc-419b-9405-010fa7085139 demo demo] Getting quotas for user c3477eefa8b74b40964b862faf5a230f and project 44dda2fa6c764ec88099fd1abbeaf769. Resources: {'server_groups'} {{(pid=98426) _get_quotas /opt/stack/nova/nova/quota.py:379}}
Jul 10 01:59:48.960533 np0000184934 devstack@n-api.service[98426]: INFO nova.api.openstack.requestlog [None req-04b7fd2c-79cc-419b-9405-010fa7085139 demo demo] 199.204.45.129 "POST /compute/v2.1/os-server-groups" status: 200 len: 243 microversion: 2.64 time: 0.094840
Jul 10 01:59:48.960876 np0000184934 devstack@n-api.service[98426]: [pid: 98426|app: 0|req: 21/82] 199.204.45.129 () {72 vars in 1452 bytes} [Fri Jul 10 01:59:48 2026] POST /compute/v2.1/os-server-groups => generated 243 bytes in 95 msecs (HTTP/1.1 200) 9 headers in 359 bytes (1 switches on core 0)
Jul 10 01:59:49.008737 np0000184934 devstack@n-api.service[98425]: DEBUG nova.api.openstack.wsgi [None req-cdbabb1f-7a66-4508-91b2-336db65f94c6 demo demo] Calling method '>' {{(pid=98425) _process_stack /opt/stack/nova/nova/api/openstack/wsgi.py:551}}
Jul 10 01:59:49.014447 np0000184934 devstack@n-api.service[98425]: INFO nova.api.openstack.requestlog [None req-cdbabb1f-7a66-4508-91b2-336db65f94c6 demo demo] 199.204.45.129 "GET /compute/v2.1" status: 200 len: 393 microversion: 2.1 time: 0.006203
Jul 10 01:59:49.014904 np0000184934 devstack@n-api.service[98425]: [pid: 98425|app: 0|req: 21/83] 199.204.45.129 () {62 vars in 1074 bytes} [Fri Jul 10 01:59:49 2026] GET /compute/v2.1 => generated 393 bytes in 7 msecs (HTTP/1.1 200) 9 headers in 357 bytes (1 switches on core 0)
Jul 10 01:59:49.050675 np0000184934 devstack@n-api.service[98427]: DEBUG nova.api.openstack.wsgi [None req-0c0e1be8-0ea0-4759-87a1-13b370b47b6e demo demo] Calling method '>' {{(pid=98427) _process_stack /opt/stack/nova/nova/api/openstack/wsgi.py:551}}
Jul 10 01:59:49.054210 np0000184934 devstack@n-api.service[98427]: INFO nova.api.openstack.requestlog [None req-0c0e1be8-0ea0-4759-87a1-13b370b47b6e demo demo] 199.204.45.129 "GET /compute/v2.1/" status: 200 len: 393 microversion: 2.1 time: 0.003851
Jul 10 01:59:49.054434 np0000184934 devstack@n-api.service[98427]: [pid: 98427|app: 0|req: 22/84] 199.204.45.129 () {62 vars in 1077 bytes} [Fri Jul 10 01:59:49 2026] GET /compute/v2.1/ => generated 393 bytes in 4 msecs (HTTP/1.1 200) 9 headers in 357 bytes (1 switches on core 0)
Jul 10 01:59:49.090610 np0000184934 devstack@n-api.service[98428]: DEBUG nova.api.openstack.wsgi [None req-8df593e2-def7-4259-b714-48138e1160b5 demo demo] Calling method '>' {{(pid=98428) _process_stack /opt/stack/nova/nova/api/openstack/wsgi.py:551}}
Jul 10 01:59:49.113129 np0000184934 devstack@n-api.service[98428]: INFO nova.api.openstack.requestlog [None req-8df593e2-def7-4259-b714-48138e1160b5 demo demo] 199.204.45.129 "GET /compute/v2.1/os-server-groups" status: 200 len: 246 microversion: 2.64 time: 0.026695
Jul 10 01:59:49.113410 np0000184934 devstack@n-api.service[98428]: [pid: 98428|app: 0|req: 21/85] 199.204.45.129 () {68 vars in 1412 bytes} [Fri Jul 10 01:59:49 2026] GET /compute/v2.1/os-server-groups => generated 246 bytes in 27 msecs (HTTP/1.1 200) 9 headers in 359 bytes (1 switches on core 0)
Jul 10 01:59:49.155009 np0000184934 devstack@n-api.service[98426]: DEBUG nova.api.openstack.wsgi [None req-04b7fd2c-79cc-419b-9405-010fa7085139 demo demo] Calling method '>' {{(pid=98426) _process_stack /opt/stack/nova/nova/api/openstack/wsgi.py:551}}
Jul 10 01:59:49.159310 np0000184934 devstack@n-api.service[98426]: INFO nova.api.openstack.requestlog [None req-04b7fd2c-79cc-419b-9405-010fa7085139 demo demo] 199.204.45.129 "GET /compute/v2.1" status: 200 len: 393 microversion: 2.1 time: 0.004970
Jul 10 01:59:49.159617 np0000184934 devstack@n-api.service[98426]: [pid: 98426|app: 0|req: 22/86] 199.204.45.129 () {62 vars in 1074 bytes} [Fri Jul 10 01:59:49 2026] GET /compute/v2.1 => generated 393 bytes in 6 msecs (HTTP/1.1 200) 9 headers in 357 bytes (1 switches on core 0)
Jul 10 01:59:49.197596 np0000184934 devstack@n-api.service[98425]: DEBUG nova.api.openstack.wsgi [None req-cdbabb1f-7a66-4508-91b2-336db65f94c6 demo demo] Calling method '>' {{(pid=98425) _process_stack /opt/stack/nova/nova/api/openstack/wsgi.py:551}}
Jul 10 01:59:49.203535 np0000184934 devstack@n-api.service[98425]: INFO nova.api.openstack.requestlog [None req-cdbabb1f-7a66-4508-91b2-336db65f94c6 demo demo] 199.204.45.129 "GET /compute/v2.1/" status: 200 len: 393 microversion: 2.1 time: 0.006425
Jul 10 01:59:49.203946 np0000184934 devstack@n-api.service[98425]: [pid: 98425|app: 0|req: 22/87] 199.204.45.129 () {62 vars in 1077 bytes} [Fri Jul 10 01:59:49 2026] GET /compute/v2.1/ => generated 393 bytes in 7 msecs (HTTP/1.1 200) 9 headers in 357 bytes (1 switches on core 0)
Jul 10 01:59:49.243374 np0000184934 devstack@n-api.service[98427]: DEBUG nova.api.openstack.wsgi [None req-0713a903-704f-4f7e-81c3-58f49b1ed5b4 demo demo] Action: 'create', calling method: >, body: {"server_group": {"name": "kube-xxamb-default-worker", "policy": "soft-anti-affinity"}} {{(pid=98427) _process_stack /opt/stack/nova/nova/api/openstack/wsgi.py:549}}
Jul 10 01:59:49.269119 np0000184934 devstack@n-api.service[98427]: DEBUG nova.quota [None req-0713a903-704f-4f7e-81c3-58f49b1ed5b4 demo demo] Getting quotas for project 44dda2fa6c764ec88099fd1abbeaf769. Resources: {'server_groups'} {{(pid=98427) _get_quotas /opt/stack/nova/nova/quota.py:389}}
Jul 10 01:59:49.273223 np0000184934 devstack@n-api.service[98427]: DEBUG nova.quota [None req-0713a903-704f-4f7e-81c3-58f49b1ed5b4 demo demo] Getting quotas for user c3477eefa8b74b40964b862faf5a230f and project 44dda2fa6c764ec88099fd1abbeaf769. Resources: {'server_groups'} {{(pid=98427) _get_quotas /opt/stack/nova/nova/quota.py:379}}
Jul 10 01:59:49.328582 np0000184934 devstack@n-api.service[98427]: DEBUG nova.quota [None req-0713a903-704f-4f7e-81c3-58f49b1ed5b4 demo demo] Getting quotas for project 44dda2fa6c764ec88099fd1abbeaf769. Resources: {'server_groups'} {{(pid=98427) _get_quotas /opt/stack/nova/nova/quota.py:389}}
Jul 10 01:59:49.330722 np0000184934 devstack@n-api.service[98427]: DEBUG nova.quota [None req-0713a903-704f-4f7e-81c3-58f49b1ed5b4 demo demo] Getting quotas for user c3477eefa8b74b40964b862faf5a230f and project 44dda2fa6c764ec88099fd1abbeaf769. Resources: {'server_groups'} {{(pid=98427) _get_quotas /opt/stack/nova/nova/quota.py:379}}
Jul 10 01:59:49.339477 np0000184934 devstack@n-api.service[98427]: INFO nova.api.openstack.requestlog [None req-0713a903-704f-4f7e-81c3-58f49b1ed5b4 demo demo] 199.204.45.129 "POST /compute/v2.1/os-server-groups" status: 200 len: 258 microversion: 2.64 time: 0.098000
Jul 10 01:59:49.339853 np0000184934 devstack@n-api.service[98427]: [pid: 98427|app: 0|req: 23/88] 199.204.45.129 () {72 vars in 1452 bytes} [Fri Jul 10 01:59:49 2026] POST /compute/v2.1/os-server-groups => generated 258 bytes in 98 msecs (HTTP/1.1 200) 9 headers in 359 bytes (1 switches on core 0)
Jul 10 01:59:52.606553 np0000184934 devstack@n-api.service[98428]: DEBUG nova.api.openstack.wsgi [None req-8df593e2-def7-4259-b714-48138e1160b5 demo demo] Calling method '>' {{(pid=98428) _process_stack /opt/stack/nova/nova/api/openstack/wsgi.py:551}}
Jul 10 01:59:52.611433 np0000184934 devstack@n-api.service[98428]: INFO nova.api.openstack.requestlog [None req-8df593e2-def7-4259-b714-48138e1160b5 demo demo] 199.204.45.129 "GET /compute/v2.1" status: 200 len: 393 microversion: 2.1 time: 0.005399
Jul 10 01:59:52.611674 np0000184934 devstack@n-api.service[98428]: [pid: 98428|app: 0|req: 22/89] 199.204.45.129 () {62 vars in 1074 bytes} [Fri Jul 10 01:59:52 2026] GET /compute/v2.1 => generated 393 bytes in 6 msecs (HTTP/1.1 200) 9 headers in 357 bytes (1 switches on core 0)
Jul 10 01:59:52.648669 np0000184934 devstack@n-api.service[98426]: DEBUG nova.api.openstack.wsgi [None req-04b7fd2c-79cc-419b-9405-010fa7085139 demo demo] Calling method '>' {{(pid=98426) _process_stack /opt/stack/nova/nova/api/openstack/wsgi.py:551}}
Jul 10 01:59:52.654454 np0000184934 devstack@n-api.service[98426]: INFO nova.api.openstack.requestlog [None req-04b7fd2c-79cc-419b-9405-010fa7085139 demo demo] 199.204.45.129 "GET /compute/v2.1/" status: 200 len: 393 microversion: 2.1 time: 0.006226
Jul 10 01:59:52.654624 np0000184934 devstack@n-api.service[98426]: [pid: 98426|app: 0|req: 23/90] 199.204.45.129 () {62 vars in 1077 bytes} [Fri Jul 10 01:59:52 2026] GET /compute/v2.1/ => generated 393 bytes in 7 msecs (HTTP/1.1 200) 9 headers in 357 bytes (1 switches on core 0)
Jul 10 01:59:52.695384 np0000184934 devstack@n-api.service[98425]: DEBUG nova.api.openstack.wsgi [None req-73a1baf1-743b-444e-a34e-5b467b6419ee demo demo] Calling method '>' {{(pid=98425) _process_stack /opt/stack/nova/nova/api/openstack/wsgi.py:551}}
Jul 10 01:59:52.716896 np0000184934 devstack@n-api.service[98425]: INFO nova.api.openstack.requestlog [None req-73a1baf1-743b-444e-a34e-5b467b6419ee demo demo] 199.204.45.129 "GET /compute/v2.1/flavors/detail?is_public=None" status: 200 len: 5262 microversion: 2.61 time: 0.024827
Jul 10 01:59:52.717216 np0000184934 devstack@n-api.service[98425]: [pid: 98425|app: 0|req: 23/91] 199.204.45.129 () {68 vars in 1435 bytes} [Fri Jul 10 01:59:52 2026] GET /compute/v2.1/flavors/detail?is_public=None => generated 5262 bytes in 25 msecs (HTTP/1.1 200) 9 headers in 360 bytes (1 switches on core 0)
Jul 10 01:59:52.767295 np0000184934 devstack@n-api.service[98427]: DEBUG nova.api.openstack.wsgi [None req-eeea2c8e-0c54-43bb-aef9-4f599c6645dd demo demo] Calling method '>' {{(pid=98427) _process_stack /opt/stack/nova/nova/api/openstack/wsgi.py:551}}
Jul 10 01:59:52.787769 np0000184934 devstack@n-api.service[98427]: INFO nova.api.openstack.requestlog [None req-eeea2c8e-0c54-43bb-aef9-4f599c6645dd demo demo] 199.204.45.129 "GET /compute/v2.1/flavors/detail?is_public=None" status: 200 len: 5262 microversion: 2.61 time: 0.024014
Jul 10 01:59:52.788028 np0000184934 devstack@n-api.service[98427]: [pid: 98427|app: 0|req: 24/92] 199.204.45.129 () {68 vars in 1435 bytes} [Fri Jul 10 01:59:52 2026] GET /compute/v2.1/flavors/detail?is_public=None => generated 5262 bytes in 25 msecs (HTTP/1.1 200) 9 headers in 360 bytes (1 switches on core 0)
Jul 10 01:59:52.938967 np0000184934 devstack@n-api.service[98428]: DEBUG nova.api.openstack.wsgi [None req-8df593e2-def7-4259-b714-48138e1160b5 demo demo] Calling method '>' {{(pid=98428) _process_stack /opt/stack/nova/nova/api/openstack/wsgi.py:551}}
Jul 10 01:59:52.944714 np0000184934 devstack@n-api.service[98428]: INFO nova.api.openstack.requestlog [None req-8df593e2-def7-4259-b714-48138e1160b5 demo demo] 199.204.45.129 "GET /compute/v2.1" status: 200 len: 393 microversion: 2.1 time: 0.006409
Jul 10 01:59:52.944977 np0000184934 devstack@n-api.service[98428]: [pid: 98428|app: 0|req: 23/93] 199.204.45.129 () {62 vars in 1074 bytes} [Fri Jul 10 01:59:52 2026] GET /compute/v2.1 => generated 393 bytes in 7 msecs (HTTP/1.1 200) 9 headers in 357 bytes (1 switches on core 0)
Jul 10 01:59:52.980874 np0000184934 devstack@n-api.service[98426]: DEBUG nova.api.openstack.wsgi [None req-04b7fd2c-79cc-419b-9405-010fa7085139 demo demo] Calling method '>' {{(pid=98426) _process_stack /opt/stack/nova/nova/api/openstack/wsgi.py:551}}
Jul 10 01:59:52.986286 np0000184934 devstack@n-api.service[98426]: INFO nova.api.openstack.requestlog [None req-04b7fd2c-79cc-419b-9405-010fa7085139 demo demo] 199.204.45.129 "GET /compute/v2.1/" status: 200 len: 393 microversion: 2.1 time: 0.005855
Jul 10 01:59:52.986678 np0000184934 devstack@n-api.service[98426]: [pid: 98426|app: 0|req: 24/94] 199.204.45.129 () {62 vars in 1077 bytes} [Fri Jul 10 01:59:52 2026] GET /compute/v2.1/ => generated 393 bytes in 7 msecs (HTTP/1.1 200) 9 headers in 357 bytes (1 switches on core 0)
Jul 10 01:59:53.026256 np0000184934 devstack@n-api.service[98425]: DEBUG nova.api.openstack.wsgi [None req-77b1a4a6-f6d7-4637-baa8-575794613ccd demo demo] Calling method '>' {{(pid=98425) _process_stack /opt/stack/nova/nova/api/openstack/wsgi.py:551}}
Jul 10 01:59:53.047582 np0000184934 devstack@n-api.service[98425]: INFO nova.api.openstack.requestlog [None req-77b1a4a6-f6d7-4637-baa8-575794613ccd demo demo] 199.204.45.129 "GET /compute/v2.1/flavors/detail?is_public=None" status: 200 len: 5262 microversion: 2.61 time: 0.024755
Jul 10 01:59:53.047777 np0000184934 devstack@n-api.service[98425]: [pid: 98425|app: 0|req: 24/95] 199.204.45.129 () {68 vars in 1435 bytes} [Fri Jul 10 01:59:53 2026] GET /compute/v2.1/flavors/detail?is_public=None => generated 5262 bytes in 25 msecs (HTTP/1.1 200) 9 headers in 360 bytes (1 switches on core 0)
Jul 10 01:59:58.955967 np0000184934 devstack@n-api.service[98426]: DEBUG dbcounter [-] [98426] Writing DB stats nova_cell0:SELECT=4 {{(pid=98426) stat_writer /opt/stack/data/venv/lib/python3.12/site-packages/dbcounter.py:115}}
Jul 10 01:59:58.957705 np0000184934 devstack@n-api.service[98426]: DEBUG dbcounter [-] [98426] Writing DB stats nova_api:SELECT=14,nova_api:INSERT=2 {{(pid=98426) stat_writer /opt/stack/data/venv/lib/python3.12/site-packages/dbcounter.py:115}}
Jul 10 01:59:59.111246 np0000184934 devstack@n-api.service[98428]: DEBUG dbcounter [-] [98428] Writing DB stats nova_api:SELECT=2 {{(pid=98428) stat_writer /opt/stack/data/venv/lib/python3.12/site-packages/dbcounter.py:115}}
Jul 10 01:59:59.334504 np0000184934 devstack@n-api.service[98427]: DEBUG dbcounter [-] [98427] Writing DB stats nova_cell0:SELECT=4 {{(pid=98427) stat_writer /opt/stack/data/venv/lib/python3.12/site-packages/dbcounter.py:115}}
Jul 10 02:00:02.774176 np0000184934 devstack@n-api.service[98427]: DEBUG dbcounter [-] [98427] Writing DB stats nova_api:SELECT=19,nova_api:INSERT=2 {{(pid=98427) stat_writer /opt/stack/data/venv/lib/python3.12/site-packages/dbcounter.py:115}}
Jul 10 02:00:03.032635 np0000184934 devstack@n-api.service[98425]: DEBUG dbcounter [-] [98425] Writing DB stats nova_api:SELECT=8 {{(pid=98425) stat_writer /opt/stack/data/venv/lib/python3.12/site-packages/dbcounter.py:115}}
Jul 10 02:00:14.663919 np0000184934 devstack@n-api.service[98427]: DEBUG nova.api.openstack.wsgi [None req-eeea2c8e-0c54-43bb-aef9-4f599c6645dd demo demo] Calling method '>' {{(pid=98427) _process_stack /opt/stack/nova/nova/api/openstack/wsgi.py:551}}
Jul 10 02:00:14.669983 np0000184934 devstack@n-api.service[98427]: INFO nova.api.openstack.requestlog [None req-eeea2c8e-0c54-43bb-aef9-4f599c6645dd demo demo] 172.18.0.2 "GET /compute/v2.1/" status: 200 len: 393 microversion: 2.1 time: 0.006812
Jul 10 02:00:14.670264 np0000184934 devstack@n-api.service[98427]: [pid: 98427|app: 0|req: 25/96] 199.204.45.129 () {64 vars in 1272 bytes} [Fri Jul 10 02:00:14 2026] GET /compute/v2.1/ => generated 393 bytes in 8 msecs (HTTP/1.1 200) 9 headers in 357 bytes (1 switches on core 0)
Jul 10 02:00:14.679850 np0000184934 devstack@n-api.service[98428]: DEBUG nova.api.openstack.wsgi [None req-3e1169c0-7c67-4ce2-b2d6-21e6554ed06d demo demo] Calling method '>' {{(pid=98428) _process_stack /opt/stack/nova/nova/api/openstack/wsgi.py:551}}
Jul 10 02:00:14.682401 np0000184934 devstack@n-api.service[98428]: DEBUG oslo_concurrency.lockutils [None req-3e1169c0-7c67-4ce2-b2d6-21e6554ed06d demo demo] Acquiring lock "00000000-0000-0000-0000-000000000000" by "nova.context.set_target_cell..get_or_set_cached_cell_and_set_connections" {{(pid=98428) inner /opt/stack/data/venv/lib/python3.12/site-packages/oslo_concurrency/lockutils.py:511}}
Jul 10 02:00:14.682818 np0000184934 devstack@n-api.service[98428]: DEBUG oslo_concurrency.lockutils [None req-3e1169c0-7c67-4ce2-b2d6-21e6554ed06d demo demo] Lock "00000000-0000-0000-0000-000000000000" acquired by "nova.context.set_target_cell..get_or_set_cached_cell_and_set_connections" :: waited 0.000s {{(pid=98428) inner /opt/stack/data/venv/lib/python3.12/site-packages/oslo_concurrency/lockutils.py:524}}
Jul 10 02:00:14.683031 np0000184934 devstack@n-api.service[98428]: DEBUG oslo_concurrency.lockutils [None req-3e1169c0-7c67-4ce2-b2d6-21e6554ed06d demo demo] Lock "00000000-0000-0000-0000-000000000000" "released" by "nova.context.set_target_cell..get_or_set_cached_cell_and_set_connections" :: held 0.000s {{(pid=98428) inner /opt/stack/data/venv/lib/python3.12/site-packages/oslo_concurrency/lockutils.py:543}}
Jul 10 02:00:14.684222 np0000184934 devstack@n-api.service[98428]: DEBUG oslo_concurrency.lockutils [None req-3e1169c0-7c67-4ce2-b2d6-21e6554ed06d demo demo] Acquiring lock "0b946cdd-e4d5-4067-8f0b-90f580414d76" by "nova.context.set_target_cell..get_or_set_cached_cell_and_set_connections" {{(pid=98428) inner /opt/stack/data/venv/lib/python3.12/site-packages/oslo_concurrency/lockutils.py:511}}
Jul 10 02:00:14.685399 np0000184934 devstack@n-api.service[98428]: DEBUG oslo_concurrency.lockutils [None req-3e1169c0-7c67-4ce2-b2d6-21e6554ed06d demo demo] Lock "0b946cdd-e4d5-4067-8f0b-90f580414d76" acquired by "nova.context.set_target_cell..get_or_set_cached_cell_and_set_connections" :: waited 0.001s {{(pid=98428) inner /opt/stack/data/venv/lib/python3.12/site-packages/oslo_concurrency/lockutils.py:524}}
Jul 10 02:00:14.685585 np0000184934 devstack@n-api.service[98428]: DEBUG oslo_concurrency.lockutils [None req-3e1169c0-7c67-4ce2-b2d6-21e6554ed06d demo demo] Lock "0b946cdd-e4d5-4067-8f0b-90f580414d76" "released" by "nova.context.set_target_cell..get_or_set_cached_cell_and_set_connections" :: held 0.000s {{(pid=98428) inner /opt/stack/data/venv/lib/python3.12/site-packages/oslo_concurrency/lockutils.py:543}}
Jul 10 02:00:14.757160 np0000184934 devstack@n-api.service[98428]: INFO nova.api.openstack.requestlog [None req-3e1169c0-7c67-4ce2-b2d6-21e6554ed06d demo demo] 172.18.0.2 "GET /compute/v2.1/os-availability-zone" status: 200 len: 97 microversion: 2.38 time: 0.079517
Jul 10 02:00:14.757872 np0000184934 devstack@n-api.service[98428]: [pid: 98428|app: 0|req: 24/97] 199.204.45.129 () {68 vars in 1415 bytes} [Fri Jul 10 02:00:14 2026] GET /compute/v2.1/os-availability-zone => generated 97 bytes in 81 msecs (HTTP/1.1 200) 9 headers in 358 bytes (1 switches on core 0)
Jul 10 02:00:15.574616 np0000184934 devstack@n-api.service[98426]: DEBUG nova.api.openstack.wsgi [None req-04b7fd2c-79cc-419b-9405-010fa7085139 demo demo] Calling method '>' {{(pid=98426) _process_stack /opt/stack/nova/nova/api/openstack/wsgi.py:551}}
Jul 10 02:00:15.580762 np0000184934 devstack@n-api.service[98426]: INFO nova.api.openstack.requestlog [None req-04b7fd2c-79cc-419b-9405-010fa7085139 demo demo] 172.18.0.2 "GET /compute/v2.1/" status: 200 len: 393 microversion: 2.1 time: 0.006554
Jul 10 02:00:15.581162 np0000184934 devstack@n-api.service[98426]: [pid: 98426|app: 0|req: 25/98] 199.204.45.129 () {64 vars in 1272 bytes} [Fri Jul 10 02:00:15 2026] GET /compute/v2.1/ => generated 393 bytes in 7 msecs (HTTP/1.1 200) 9 headers in 357 bytes (1 switches on core 0)
Jul 10 02:00:15.590986 np0000184934 devstack@n-api.service[98425]: DEBUG nova.api.openstack.wsgi [None req-d034ef8b-3adb-4e9f-b20f-d00397a9266f demo demo] Calling method '>' {{(pid=98425) _process_stack /opt/stack/nova/nova/api/openstack/wsgi.py:551}}
Jul 10 02:00:15.593192 np0000184934 devstack@n-api.service[98425]: DEBUG oslo_concurrency.lockutils [None req-d034ef8b-3adb-4e9f-b20f-d00397a9266f demo demo] Acquiring lock "00000000-0000-0000-0000-000000000000" by "nova.context.set_target_cell..get_or_set_cached_cell_and_set_connections" {{(pid=98425) inner /opt/stack/data/venv/lib/python3.12/site-packages/oslo_concurrency/lockutils.py:511}}
Jul 10 02:00:15.593448 np0000184934 devstack@n-api.service[98425]: DEBUG oslo_concurrency.lockutils [None req-d034ef8b-3adb-4e9f-b20f-d00397a9266f demo demo] Lock "00000000-0000-0000-0000-000000000000" acquired by "nova.context.set_target_cell..get_or_set_cached_cell_and_set_connections" :: waited 0.000s {{(pid=98425) inner /opt/stack/data/venv/lib/python3.12/site-packages/oslo_concurrency/lockutils.py:524}}
Jul 10 02:00:15.593617 np0000184934 devstack@n-api.service[98425]: DEBUG oslo_concurrency.lockutils [None req-d034ef8b-3adb-4e9f-b20f-d00397a9266f demo demo] Lock "00000000-0000-0000-0000-000000000000" "released" by "nova.context.set_target_cell..get_or_set_cached_cell_and_set_connections" :: held 0.000s {{(pid=98425) inner /opt/stack/data/venv/lib/python3.12/site-packages/oslo_concurrency/lockutils.py:543}}
Jul 10 02:00:15.594636 np0000184934 devstack@n-api.service[98425]: DEBUG oslo_concurrency.lockutils [None req-d034ef8b-3adb-4e9f-b20f-d00397a9266f demo demo] Acquiring lock "0b946cdd-e4d5-4067-8f0b-90f580414d76" by "nova.context.set_target_cell..get_or_set_cached_cell_and_set_connections" {{(pid=98425) inner /opt/stack/data/venv/lib/python3.12/site-packages/oslo_concurrency/lockutils.py:511}}
Jul 10 02:00:15.594839 np0000184934 devstack@n-api.service[98425]: DEBUG oslo_concurrency.lockutils [None req-d034ef8b-3adb-4e9f-b20f-d00397a9266f demo demo] Lock "0b946cdd-e4d5-4067-8f0b-90f580414d76" acquired by "nova.context.set_target_cell..get_or_set_cached_cell_and_set_connections" :: waited 0.000s {{(pid=98425) inner /opt/stack/data/venv/lib/python3.12/site-packages/oslo_concurrency/lockutils.py:524}}
Jul 10 02:00:15.594995 np0000184934 devstack@n-api.service[98425]: DEBUG oslo_concurrency.lockutils [None req-d034ef8b-3adb-4e9f-b20f-d00397a9266f demo demo] Lock "0b946cdd-e4d5-4067-8f0b-90f580414d76" "released" by "nova.context.set_target_cell..get_or_set_cached_cell_and_set_connections" :: held 0.000s {{(pid=98425) inner /opt/stack/data/venv/lib/python3.12/site-packages/oslo_concurrency/lockutils.py:543}}
Jul 10 02:00:15.669167 np0000184934 devstack@n-api.service[98425]: INFO nova.api.openstack.requestlog [None req-d034ef8b-3adb-4e9f-b20f-d00397a9266f demo demo] 172.18.0.2 "GET /compute/v2.1/os-availability-zone" status: 200 len: 97 microversion: 2.38 time: 0.081059
Jul 10 02:00:15.669841 np0000184934 devstack@n-api.service[98425]: [pid: 98425|app: 0|req: 25/99] 199.204.45.129 () {68 vars in 1415 bytes} [Fri Jul 10 02:00:15 2026] GET /compute/v2.1/os-availability-zone => generated 97 bytes in 82 msecs (HTTP/1.1 200) 9 headers in 358 bytes (1 switches on core 0)
Jul 10 02:00:16.341455 np0000184934 devstack@n-api.service[98427]: DEBUG nova.api.openstack.wsgi [None req-eeea2c8e-0c54-43bb-aef9-4f599c6645dd demo demo] Calling method '>' {{(pid=98427) _process_stack /opt/stack/nova/nova/api/openstack/wsgi.py:551}}
Jul 10 02:00:16.344602 np0000184934 devstack@n-api.service[98427]: INFO nova.api.openstack.requestlog [None req-eeea2c8e-0c54-43bb-aef9-4f599c6645dd demo demo] 172.18.0.2 "GET /compute/v2.1/" status: 200 len: 393 microversion: 2.1 time: 0.006078
Jul 10 02:00:16.345069 np0000184934 devstack@n-api.service[98427]: [pid: 98427|app: 0|req: 26/100] 199.204.45.129 () {64 vars in 1272 bytes} [Fri Jul 10 02:00:16 2026] GET /compute/v2.1/ => generated 393 bytes in 7 msecs (HTTP/1.1 200) 9 headers in 357 bytes (1 switches on core 0)
Jul 10 02:00:16.357242 np0000184934 devstack@n-api.service[98428]: DEBUG nova.api.openstack.wsgi [None req-b9d4cfc4-94bb-4e15-8f03-8f5718bac5b2 demo demo] Calling method '>' {{(pid=98428) _process_stack /opt/stack/nova/nova/api/openstack/wsgi.py:551}}
Jul 10 02:00:16.360715 np0000184934 devstack@n-api.service[98428]: DEBUG oslo_concurrency.lockutils [None req-b9d4cfc4-94bb-4e15-8f03-8f5718bac5b2 demo demo] Acquiring lock "00000000-0000-0000-0000-000000000000" by "nova.context.set_target_cell..get_or_set_cached_cell_and_set_connections" {{(pid=98428) inner /opt/stack/data/venv/lib/python3.12/site-packages/oslo_concurrency/lockutils.py:511}}
Jul 10 02:00:16.361045 np0000184934 devstack@n-api.service[98428]: DEBUG oslo_concurrency.lockutils [None req-b9d4cfc4-94bb-4e15-8f03-8f5718bac5b2 demo demo] Lock "00000000-0000-0000-0000-000000000000" acquired by "nova.context.set_target_cell..get_or_set_cached_cell_and_set_connections" :: waited 0.000s {{(pid=98428) inner /opt/stack/data/venv/lib/python3.12/site-packages/oslo_concurrency/lockutils.py:524}}
Jul 10 02:00:16.361317 np0000184934 devstack@n-api.service[98428]: DEBUG oslo_concurrency.lockutils [None req-b9d4cfc4-94bb-4e15-8f03-8f5718bac5b2 demo demo] Lock "00000000-0000-0000-0000-000000000000" "released" by "nova.context.set_target_cell..get_or_set_cached_cell_and_set_connections" :: held 0.000s {{(pid=98428) inner /opt/stack/data/venv/lib/python3.12/site-packages/oslo_concurrency/lockutils.py:543}}
Jul 10 02:00:16.362694 np0000184934 devstack@n-api.service[98428]: DEBUG oslo_concurrency.lockutils [None req-b9d4cfc4-94bb-4e15-8f03-8f5718bac5b2 demo demo] Acquiring lock "0b946cdd-e4d5-4067-8f0b-90f580414d76" by "nova.context.set_target_cell..get_or_set_cached_cell_and_set_connections" {{(pid=98428) inner /opt/stack/data/venv/lib/python3.12/site-packages/oslo_concurrency/lockutils.py:511}}
Jul 10 02:00:16.363001 np0000184934 devstack@n-api.service[98428]: DEBUG oslo_concurrency.lockutils [None req-b9d4cfc4-94bb-4e15-8f03-8f5718bac5b2 demo demo] Lock "0b946cdd-e4d5-4067-8f0b-90f580414d76" acquired by "nova.context.set_target_cell..get_or_set_cached_cell_and_set_connections" :: waited 0.000s {{(pid=98428) inner /opt/stack/data/venv/lib/python3.12/site-packages/oslo_concurrency/lockutils.py:524}}
Jul 10 02:00:16.363269 np0000184934 devstack@n-api.service[98428]: DEBUG oslo_concurrency.lockutils [None req-b9d4cfc4-94bb-4e15-8f03-8f5718bac5b2 demo demo] Lock "0b946cdd-e4d5-4067-8f0b-90f580414d76" "released" by "nova.context.set_target_cell..get_or_set_cached_cell_and_set_connections" :: held 0.000s {{(pid=98428) inner /opt/stack/data/venv/lib/python3.12/site-packages/oslo_concurrency/lockutils.py:543}}
Jul 10 02:00:16.383842 np0000184934 devstack@n-api.service[98428]: INFO nova.api.openstack.requestlog [None req-b9d4cfc4-94bb-4e15-8f03-8f5718bac5b2 demo demo] 172.18.0.2 "GET /compute/v2.1/os-availability-zone" status: 200 len: 97 microversion: 2.38 time: 0.029236
Jul 10 02:00:16.384387 np0000184934 devstack@n-api.service[98428]: [pid: 98428|app: 0|req: 25/101] 199.204.45.129 () {68 vars in 1415 bytes} [Fri Jul 10 02:00:16 2026] GET /compute/v2.1/os-availability-zone => generated 97 bytes in 30 msecs (HTTP/1.1 200) 9 headers in 358 bytes (1 switches on core 0)
Jul 10 02:00:20.441707 np0000184934 devstack@n-api.service[98426]: DEBUG nova.api.openstack.wsgi [None req-04b7fd2c-79cc-419b-9405-010fa7085139 demo demo] Calling method '>' {{(pid=98426) _process_stack /opt/stack/nova/nova/api/openstack/wsgi.py:551}}
Jul 10 02:00:20.445593 np0000184934 devstack@n-api.service[98426]: INFO nova.api.openstack.requestlog [None req-04b7fd2c-79cc-419b-9405-010fa7085139 demo demo] 172.18.0.2 "GET /compute/v2.1/" status: 200 len: 393 microversion: 2.1 time: 0.004223
Jul 10 02:00:20.445840 np0000184934 devstack@n-api.service[98426]: [pid: 98426|app: 0|req: 26/102] 199.204.45.129 () {64 vars in 1272 bytes} [Fri Jul 10 02:00:20 2026] GET /compute/v2.1/ => generated 393 bytes in 5 msecs (HTTP/1.1 200) 9 headers in 357 bytes (1 switches on core 0)
Jul 10 02:00:20.458374 np0000184934 devstack@n-api.service[98425]: DEBUG nova.api.openstack.wsgi [None req-a51d0c9d-6b3c-4650-a277-947894829efa demo demo] Calling method '>' {{(pid=98425) _process_stack /opt/stack/nova/nova/api/openstack/wsgi.py:551}}
Jul 10 02:00:20.481525 np0000184934 devstack@n-api.service[98425]: INFO nova.api.openstack.requestlog [None req-a51d0c9d-6b3c-4650-a277-947894829efa demo demo] 172.18.0.2 "GET /compute/v2.1/flavors/detail" status: 200 len: 4022 microversion: 2.38 time: 0.026635
Jul 10 02:00:20.481816 np0000184934 devstack@n-api.service[98425]: [pid: 98425|app: 0|req: 26/103] 199.204.45.129 () {68 vars in 1397 bytes} [Fri Jul 10 02:00:20 2026] GET /compute/v2.1/flavors/detail => generated 4022 bytes in 28 msecs (HTTP/1.1 200) 9 headers in 360 bytes (1 switches on core 0)
Jul 10 02:00:21.146305 np0000184934 devstack@n-api.service[98427]: DEBUG nova.api.openstack.wsgi [None req-eeea2c8e-0c54-43bb-aef9-4f599c6645dd demo demo] Calling method '>' {{(pid=98427) _process_stack /opt/stack/nova/nova/api/openstack/wsgi.py:551}}
Jul 10 02:00:21.154188 np0000184934 devstack@n-api.service[98427]: INFO nova.api.openstack.requestlog [None req-eeea2c8e-0c54-43bb-aef9-4f599c6645dd demo demo] 172.18.0.2 "GET /compute/v2.1/" status: 200 len: 393 microversion: 2.1 time: 0.008339
Jul 10 02:00:21.154503 np0000184934 devstack@n-api.service[98427]: [pid: 98427|app: 0|req: 27/104] 199.204.45.129 () {64 vars in 1272 bytes} [Fri Jul 10 02:00:21 2026] GET /compute/v2.1/ => generated 393 bytes in 9 msecs (HTTP/1.1 200) 9 headers in 357 bytes (1 switches on core 0)
Jul 10 02:00:21.165223 np0000184934 devstack@n-api.service[98428]: DEBUG nova.api.openstack.wsgi [None req-1392cd22-b423-4674-96b0-8b7ef732c0fb demo demo] Calling method '>' {{(pid=98428) _process_stack /opt/stack/nova/nova/api/openstack/wsgi.py:551}}
Jul 10 02:00:21.170640 np0000184934 devstack@n-api.service[98428]: DEBUG nova.policy [None req-1392cd22-b423-4674-96b0-8b7ef732c0fb demo demo] Policy check for os_compute_api:servers:allow_all_filters failed with credentials {'is_admin': False, 'user_id': 'c3477eefa8b74b40964b862faf5a230f', 'user_domain_id': 'default', 'system_scope': None, 'domain_id': None, 'project_id': '44dda2fa6c764ec88099fd1abbeaf769', 'project_domain_id': 'default', 'roles': ['reader', 'member', 'anotherrole', 'load-balancer_member'], 'is_admin_project': True, 'service_user_id': None, 'service_user_domain_id': None, 'service_project_id': None, 'service_project_domain_id': None, 'service_roles': []} {{(pid=98428) authorize /opt/stack/nova/nova/policy.py:192}}
Jul 10 02:00:21.171095 np0000184934 devstack@n-api.service[98428]: DEBUG nova.compute.api [None req-1392cd22-b423-4674-96b0-8b7ef732c0fb demo demo] Searching by: {'name': '^kube-xxamb-tzzcj-dgfnv$', 'deleted': False, 'project_id': '44dda2fa6c764ec88099fd1abbeaf769'} {{(pid=98428) get_all /opt/stack/nova/nova/compute/api.py:3110}}
Jul 10 02:00:21.178243 np0000184934 devstack@n-api.service[98428]: DEBUG oslo_concurrency.lockutils [None req-1392cd22-b423-4674-96b0-8b7ef732c0fb demo demo] Acquiring lock "00000000-0000-0000-0000-000000000000" by "nova.context.set_target_cell..get_or_set_cached_cell_and_set_connections" {{(pid=98428) inner /opt/stack/data/venv/lib/python3.12/site-packages/oslo_concurrency/lockutils.py:511}}
Jul 10 02:00:21.178477 np0000184934 devstack@n-api.service[98428]: DEBUG oslo_concurrency.lockutils [None req-1392cd22-b423-4674-96b0-8b7ef732c0fb demo demo] Lock "00000000-0000-0000-0000-000000000000" acquired by "nova.context.set_target_cell..get_or_set_cached_cell_and_set_connections" :: waited 0.000s {{(pid=98428) inner /opt/stack/data/venv/lib/python3.12/site-packages/oslo_concurrency/lockutils.py:524}}
Jul 10 02:00:21.178676 np0000184934 devstack@n-api.service[98428]: DEBUG oslo_concurrency.lockutils [None req-1392cd22-b423-4674-96b0-8b7ef732c0fb demo demo] Lock "00000000-0000-0000-0000-000000000000" "released" by "nova.context.set_target_cell..get_or_set_cached_cell_and_set_connections" :: held 0.000s {{(pid=98428) inner /opt/stack/data/venv/lib/python3.12/site-packages/oslo_concurrency/lockutils.py:543}}
Jul 10 02:00:21.179048 np0000184934 devstack@n-api.service[98428]: DEBUG oslo_concurrency.lockutils [None req-1392cd22-b423-4674-96b0-8b7ef732c0fb demo demo] Acquiring lock "0b946cdd-e4d5-4067-8f0b-90f580414d76" by "nova.context.set_target_cell..get_or_set_cached_cell_and_set_connections" {{(pid=98428) inner /opt/stack/data/venv/lib/python3.12/site-packages/oslo_concurrency/lockutils.py:511}}
Jul 10 02:00:21.179251 np0000184934 devstack@n-api.service[98428]: DEBUG oslo_concurrency.lockutils [None req-1392cd22-b423-4674-96b0-8b7ef732c0fb demo demo] Lock "0b946cdd-e4d5-4067-8f0b-90f580414d76" acquired by "nova.context.set_target_cell..get_or_set_cached_cell_and_set_connections" :: waited 0.000s {{(pid=98428) inner /opt/stack/data/venv/lib/python3.12/site-packages/oslo_concurrency/lockutils.py:524}}
Jul 10 02:00:21.179454 np0000184934 devstack@n-api.service[98428]: DEBUG oslo_concurrency.lockutils [None req-1392cd22-b423-4674-96b0-8b7ef732c0fb demo demo] Lock "0b946cdd-e4d5-4067-8f0b-90f580414d76" "released" by "nova.context.set_target_cell..get_or_set_cached_cell_and_set_connections" :: held 0.000s {{(pid=98428) inner /opt/stack/data/venv/lib/python3.12/site-packages/oslo_concurrency/lockutils.py:543}}
Jul 10 02:00:21.249887 np0000184934 devstack@n-api.service[98428]: DEBUG oslo_concurrency.lockutils [None req-1392cd22-b423-4674-96b0-8b7ef732c0fb demo demo] Acquiring lock "00000000-0000-0000-0000-000000000000" by "nova.context.set_target_cell..get_or_set_cached_cell_and_set_connections" {{(pid=98428) inner /opt/stack/data/venv/lib/python3.12/site-packages/oslo_concurrency/lockutils.py:511}}
Jul 10 02:00:21.250233 np0000184934 devstack@n-api.service[98428]: DEBUG oslo_concurrency.lockutils [None req-1392cd22-b423-4674-96b0-8b7ef732c0fb demo demo] Lock "00000000-0000-0000-0000-000000000000" acquired by "nova.context.set_target_cell..get_or_set_cached_cell_and_set_connections" :: waited 0.001s {{(pid=98428) inner /opt/stack/data/venv/lib/python3.12/site-packages/oslo_concurrency/lockutils.py:524}}
Jul 10 02:00:21.250551 np0000184934 devstack@n-api.service[98428]: DEBUG oslo_concurrency.lockutils [None req-1392cd22-b423-4674-96b0-8b7ef732c0fb demo demo] Lock "00000000-0000-0000-0000-000000000000" "released" by "nova.context.set_target_cell..get_or_set_cached_cell_and_set_connections" :: held 0.000s {{(pid=98428) inner /opt/stack/data/venv/lib/python3.12/site-packages/oslo_concurrency/lockutils.py:543}}
Jul 10 02:00:21.251016 np0000184934 devstack@n-api.service[98428]: DEBUG oslo_concurrency.lockutils [None req-1392cd22-b423-4674-96b0-8b7ef732c0fb demo demo] Acquiring lock "0b946cdd-e4d5-4067-8f0b-90f580414d76" by "nova.context.set_target_cell..get_or_set_cached_cell_and_set_connections" {{(pid=98428) inner /opt/stack/data/venv/lib/python3.12/site-packages/oslo_concurrency/lockutils.py:511}}
Jul 10 02:00:21.251290 np0000184934 devstack@n-api.service[98428]: DEBUG oslo_concurrency.lockutils [None req-1392cd22-b423-4674-96b0-8b7ef732c0fb demo demo] Lock "0b946cdd-e4d5-4067-8f0b-90f580414d76" acquired by "nova.context.set_target_cell..get_or_set_cached_cell_and_set_connections" :: waited 0.000s {{(pid=98428) inner /opt/stack/data/venv/lib/python3.12/site-packages/oslo_concurrency/lockutils.py:524}}
Jul 10 02:00:21.251598 np0000184934 devstack@n-api.service[98428]: DEBUG oslo_concurrency.lockutils [None req-1392cd22-b423-4674-96b0-8b7ef732c0fb demo demo] Lock "0b946cdd-e4d5-4067-8f0b-90f580414d76" "released" by "nova.context.set_target_cell..get_or_set_cached_cell_and_set_connections" :: held 0.000s {{(pid=98428) inner /opt/stack/data/venv/lib/python3.12/site-packages/oslo_concurrency/lockutils.py:543}}
Jul 10 02:00:21.254218 np0000184934 devstack@n-api.service[98428]: DEBUG nova.policy [None req-1392cd22-b423-4674-96b0-8b7ef732c0fb demo demo] Policy check for os_compute_api:os-extended-server-attributes failed with credentials {'is_admin': False, 'user_id': 'c3477eefa8b74b40964b862faf5a230f', 'user_domain_id': 'default', 'system_scope': None, 'domain_id': None, 'project_id': '44dda2fa6c764ec88099fd1abbeaf769', 'project_domain_id': 'default', 'roles': ['reader', 'member', 'anotherrole', 'load-balancer_member'], 'is_admin_project': True, 'service_user_id': None, 'service_user_domain_id': None, 'service_project_id': None, 'service_project_domain_id': None, 'service_roles': []} {{(pid=98428) authorize /opt/stack/nova/nova/policy.py:192}}
Jul 10 02:00:21.258492 np0000184934 devstack@n-api.service[98428]: DEBUG nova.policy [None req-1392cd22-b423-4674-96b0-8b7ef732c0fb demo demo] Policy check for os_compute_api:servers:show:host_status failed with credentials {'is_admin': False, 'user_id': 'c3477eefa8b74b40964b862faf5a230f', 'user_domain_id': 'default', 'system_scope': None, 'domain_id': None, 'project_id': '44dda2fa6c764ec88099fd1abbeaf769', 'project_domain_id': 'default', 'roles': ['reader', 'member', 'anotherrole', 'load-balancer_member'], 'is_admin_project': True, 'service_user_id': None, 'service_user_domain_id': None, 'service_project_id': None, 'service_project_domain_id': None, 'service_roles': []} {{(pid=98428) authorize /opt/stack/nova/nova/policy.py:192}}
Jul 10 02:00:21.259397 np0000184934 devstack@n-api.service[98428]: DEBUG nova.policy [None req-1392cd22-b423-4674-96b0-8b7ef732c0fb demo demo] Policy check for os_compute_api:servers:show:host_status:unknown-only failed with credentials {'is_admin': False, 'user_id': 'c3477eefa8b74b40964b862faf5a230f', 'user_domain_id': 'default', 'system_scope': None, 'domain_id': None, 'project_id': '44dda2fa6c764ec88099fd1abbeaf769', 'project_domain_id': 'default', 'roles': ['reader', 'member', 'anotherrole', 'load-balancer_member'], 'is_admin_project': True, 'service_user_id': None, 'service_user_domain_id': None, 'service_project_id': None, 'service_project_domain_id': None, 'service_roles': []} {{(pid=98428) authorize /opt/stack/nova/nova/policy.py:192}}
