Mar 05 02:48:07.384649 np0000157813 devstack@neutron-api.service[103230]: DEBUG neutron.db.servicetype_db [None req-d1a015f7-6877-4f14-8733-13f6fbd1a025 None None] Adding provider configuration for service L3_ROUTER_NAT {{(pid=103230) add_provider_configuration /opt/stack/neutron/neutron/db/servicetype_db.py:42}}
Mar 05 02:48:07.385570 np0000157813 devstack@neutron-api.service[103231]: DEBUG neutron.plugins.ml2.plugin [None req-1ea80489-88ed-4639-b69e-d98b9eaa80ec None None] neutron.plugins.ml2.plugin.Ml2Plugin method _start_rpc_notifiers called with arguments () {} {{(pid=103231) wrapper /opt/stack/data/venv/lib/python3.12/site-packages/oslo_log/helpers.py:77}}
Mar 05 02:48:07.385831 np0000157813 devstack@neutron-api.service[103231]: DEBUG neutron_lib.callbacks.manager [None req-1ea80489-88ed-4639-b69e-d98b9eaa80ec None None] Subscribe: > port after_create 55550000, False {{(pid=103231) subscribe /opt/stack/data/venv/lib/python3.12/site-packages/neutron_lib/callbacks/manager.py:52}}
Mar 05 02:48:07.385893 np0000157813 devstack@neutron-api.service[103231]: DEBUG neutron_lib.callbacks.manager [None req-1ea80489-88ed-4639-b69e-d98b9eaa80ec None None] Subscribe: > port after_update 55550000, False {{(pid=103231) subscribe /opt/stack/data/venv/lib/python3.12/site-packages/neutron_lib/callbacks/manager.py:52}}
Mar 05 02:48:07.386099 np0000157813 devstack@neutron-api.service[103231]: DEBUG neutron_lib.callbacks.manager [None req-1ea80489-88ed-4639-b69e-d98b9eaa80ec None None] Subscribe: > port after_delete 55550000, False {{(pid=103231) subscribe /opt/stack/data/venv/lib/python3.12/site-packages/neutron_lib/callbacks/manager.py:52}}
Mar 05 02:48:07.386155 np0000157813 devstack@neutron-api.service[103230]: DEBUG neutron_lib.callbacks.manager [None req-d1a015f7-6877-4f14-8733-13f6fbd1a025 None None] Subscribe: > router precommit_create 55549900, False {{(pid=103230) subscribe /opt/stack/data/venv/lib/python3.12/site-packages/neutron_lib/callbacks/manager.py:52}}
Mar 05 02:48:07.386298 np0000157813 devstack@neutron-api.service[103231]: DEBUG neutron_lib.callbacks.manager [None req-1ea80489-88ed-4639-b69e-d98b9eaa80ec None None] Subscribe: > subnet after_create 55550000, False {{(pid=103231) subscribe /opt/stack/data/venv/lib/python3.12/site-packages/neutron_lib/callbacks/manager.py:52}}
Mar 05 02:48:07.386357 np0000157813 devstack@neutron-api.service[103230]: DEBUG neutron_lib.callbacks.manager [None req-d1a015f7-6877-4f14-8733-13f6fbd1a025 None None] Subscribe: > router_interface after_create 55550000, False {{(pid=103230) subscribe /opt/stack/data/venv/lib/python3.12/site-packages/neutron_lib/callbacks/manager.py:52}}
Mar 05 02:48:07.386384 np0000157813 devstack@neutron-api.service[103231]: DEBUG neutron_lib.callbacks.manager [None req-1ea80489-88ed-4639-b69e-d98b9eaa80ec None None] Subscribe: > subnet after_update 55550000, False {{(pid=103231) subscribe /opt/stack/data/venv/lib/python3.12/site-packages/neutron_lib/callbacks/manager.py:52}}
Mar 05 02:48:07.386442 np0000157813 devstack@neutron-api.service[103230]: DEBUG neutron_lib.callbacks.manager [None req-d1a015f7-6877-4f14-8733-13f6fbd1a025 None None] Subscribe: > floatingip after_create 55550000, False {{(pid=103230) subscribe /opt/stack/data/venv/lib/python3.12/site-packages/neutron_lib/callbacks/manager.py:52}}
Mar 05 02:48:07.386469 np0000157813 devstack@neutron-api.service[103231]: DEBUG neutron_lib.callbacks.manager [None req-1ea80489-88ed-4639-b69e-d98b9eaa80ec None None] Subscribe: > subnet after_delete 55550000, False {{(pid=103231) subscribe /opt/stack/data/venv/lib/python3.12/site-packages/neutron_lib/callbacks/manager.py:52}}
Mar 05 02:48:07.386522 np0000157813 devstack@neutron-api.service[103230]: DEBUG neutron_lib.callbacks.manager [None req-d1a015f7-6877-4f14-8733-13f6fbd1a025 None None] Subscribe: > floatingip precommit_create 55550000, False {{(pid=103230) subscribe /opt/stack/data/venv/lib/python3.12/site-packages/neutron_lib/callbacks/manager.py:52}}
Mar 05 02:48:07.386550 np0000157813 devstack@neutron-api.service[103231]: DEBUG neutron_lib.callbacks.manager [None req-1ea80489-88ed-4639-b69e-d98b9eaa80ec None None] Subscribe: > network after_create 55550000, False {{(pid=103231) subscribe /opt/stack/data/venv/lib/python3.12/site-packages/neutron_lib/callbacks/manager.py:52}}
Mar 05 02:48:07.386606 np0000157813 devstack@neutron-api.service[103230]: DEBUG neutron_lib.callbacks.manager [None req-d1a015f7-6877-4f14-8733-13f6fbd1a025 None None] Subscribe: > floatingip precommit_update 55550000, False {{(pid=103230) subscribe /opt/stack/data/venv/lib/python3.12/site-packages/neutron_lib/callbacks/manager.py:52}}
Mar 05 02:48:07.386633 np0000157813 devstack@neutron-api.service[103231]: DEBUG neutron_lib.callbacks.manager [None req-1ea80489-88ed-4639-b69e-d98b9eaa80ec None None] Subscribe: > network after_update 55550000, False {{(pid=103231) subscribe /opt/stack/data/venv/lib/python3.12/site-packages/neutron_lib/callbacks/manager.py:52}}
Mar 05 02:48:07.386689 np0000157813 devstack@neutron-api.service[103230]: DEBUG neutron_lib.callbacks.manager [None req-d1a015f7-6877-4f14-8733-13f6fbd1a025 None None] Subscribe: > floatingip after_delete 55550000, False {{(pid=103230) subscribe /opt/stack/data/venv/lib/python3.12/site-packages/neutron_lib/callbacks/manager.py:52}}
Mar 05 02:48:07.386716 np0000157813 devstack@neutron-api.service[103231]: DEBUG neutron_lib.callbacks.manager [None req-1ea80489-88ed-4639-b69e-d98b9eaa80ec None None] Subscribe: > network after_delete 55550000, False {{(pid=103231) subscribe /opt/stack/data/venv/lib/python3.12/site-packages/neutron_lib/callbacks/manager.py:52}}
Mar 05 02:48:07.386773 np0000157813 devstack@neutron-api.service[103230]: DEBUG neutron_lib.callbacks.manager [None req-d1a015f7-6877-4f14-8733-13f6fbd1a025 None None] Subscribe: > floatingip after_status_update 55550000, False {{(pid=103230) subscribe /opt/stack/data/venv/lib/python3.12/site-packages/neutron_lib/callbacks/manager.py:52}}
Mar 05 02:48:07.386830 np0000157813 devstack@neutron-api.service[103231]: DEBUG neutron_lib.callbacks.manager [None req-1ea80489-88ed-4639-b69e-d98b9eaa80ec None None] Subscribe: > security_group after_create 55550000, False {{(pid=103231) subscribe /opt/stack/data/venv/lib/python3.12/site-packages/neutron_lib/callbacks/manager.py:52}}
Mar 05 02:48:07.386830 np0000157813 devstack@neutron-api.service[103231]: DEBUG neutron_lib.callbacks.manager [None req-1ea80489-88ed-4639-b69e-d98b9eaa80ec None None] Subscribe: > security_group after_update 55550000, False {{(pid=103231) subscribe /opt/stack/data/venv/lib/python3.12/site-packages/neutron_lib/callbacks/manager.py:52}}
Mar 05 02:48:07.386877 np0000157813 devstack@neutron-api.service[103230]: DEBUG neutron_lib.callbacks.manager [None req-d1a015f7-6877-4f14-8733-13f6fbd1a025 None None] Subscribe: > floatingip after_update 55550000, False {{(pid=103230) subscribe /opt/stack/data/venv/lib/python3.12/site-packages/neutron_lib/callbacks/manager.py:52}}
Mar 05 02:48:07.386930 np0000157813 devstack@neutron-api.service[103231]: DEBUG neutron_lib.callbacks.manager [None req-1ea80489-88ed-4639-b69e-d98b9eaa80ec None None] Subscribe: > security_group after_delete 55550000, False {{(pid=103231) subscribe /opt/stack/data/venv/lib/python3.12/site-packages/neutron_lib/callbacks/manager.py:52}}
Mar 05 02:48:07.386988 np0000157813 devstack@neutron-api.service[103230]: DEBUG neutron_lib.callbacks.manager [None req-d1a015f7-6877-4f14-8733-13f6fbd1a025 None None] Subscribe: > port_forwarding after_create 55550000, False {{(pid=103230) subscribe /opt/stack/data/venv/lib/python3.12/site-packages/neutron_lib/callbacks/manager.py:52}}
Mar 05 02:48:07.387015 np0000157813 devstack@neutron-api.service[103231]: DEBUG neutron_lib.callbacks.manager [None req-1ea80489-88ed-4639-b69e-d98b9eaa80ec None None] Subscribe: > security_group_rule after_create 55550000, False {{(pid=103231) subscribe /opt/stack/data/venv/lib/python3.12/site-packages/neutron_lib/callbacks/manager.py:52}}
Mar 05 02:48:07.387066 np0000157813 devstack@neutron-api.service[103230]: DEBUG neutron_lib.callbacks.manager [None req-d1a015f7-6877-4f14-8733-13f6fbd1a025 None None] Subscribe: > router_interface after_delete 55550000, False {{(pid=103230) subscribe /opt/stack/data/venv/lib/python3.12/site-packages/neutron_lib/callbacks/manager.py:52}}
Mar 05 02:48:07.387092 np0000157813 devstack@neutron-api.service[103231]: DEBUG neutron_lib.callbacks.manager [None req-1ea80489-88ed-4639-b69e-d98b9eaa80ec None None] Subscribe: > security_group_rule after_update 55550000, False {{(pid=103231) subscribe /opt/stack/data/venv/lib/python3.12/site-packages/neutron_lib/callbacks/manager.py:52}}
Mar 05 02:48:07.387148 np0000157813 devstack@neutron-api.service[103230]: DEBUG neutron_lib.callbacks.manager [None req-d1a015f7-6877-4f14-8733-13f6fbd1a025 None None] Subscribe: > router after_create 55550000, False {{(pid=103230) subscribe /opt/stack/data/venv/lib/python3.12/site-packages/neutron_lib/callbacks/manager.py:52}}
Mar 05 02:48:07.387175 np0000157813 devstack@neutron-api.service[103231]: DEBUG neutron_lib.callbacks.manager [None req-1ea80489-88ed-4639-b69e-d98b9eaa80ec None None] Subscribe: > security_group_rule after_delete 55550000, False {{(pid=103231) subscribe /opt/stack/data/venv/lib/python3.12/site-packages/neutron_lib/callbacks/manager.py:52}}
Mar 05 02:48:07.387248 np0000157813 devstack@neutron-api.service[103230]: DEBUG neutron_lib.callbacks.manager [None req-d1a015f7-6877-4f14-8733-13f6fbd1a025 None None] Subscribe: > router precommit_create 55550000, False {{(pid=103230) subscribe /opt/stack/data/venv/lib/python3.12/site-packages/neutron_lib/callbacks/manager.py:52}}
Mar 05 02:48:07.387303 np0000157813 devstack@neutron-api.service[103231]: DEBUG neutron_lib.callbacks.manager [None req-1ea80489-88ed-4639-b69e-d98b9eaa80ec None None] Subscribe: > address_group after_create 55550000, False {{(pid=103231) subscribe /opt/stack/data/venv/lib/python3.12/site-packages/neutron_lib/callbacks/manager.py:52}}
Mar 05 02:48:07.387329 np0000157813 devstack@neutron-api.service[103230]: DEBUG neutron_lib.callbacks.manager [None req-d1a015f7-6877-4f14-8733-13f6fbd1a025 None None] Subscribe: > router after_delete 55550000, False {{(pid=103230) subscribe /opt/stack/data/venv/lib/python3.12/site-packages/neutron_lib/callbacks/manager.py:52}}
Mar 05 02:48:07.387389 np0000157813 devstack@neutron-api.service[103231]: DEBUG neutron_lib.callbacks.manager [None req-1ea80489-88ed-4639-b69e-d98b9eaa80ec None None] Subscribe: > address_group after_update 55550000, False {{(pid=103231) subscribe /opt/stack/data/venv/lib/python3.12/site-packages/neutron_lib/callbacks/manager.py:52}}
Mar 05 02:48:07.387416 np0000157813 devstack@neutron-api.service[103230]: DEBUG neutron_lib.callbacks.manager [None req-d1a015f7-6877-4f14-8733-13f6fbd1a025 None None] Subscribe: > router after_update 55550000, False {{(pid=103230) subscribe /opt/stack/data/venv/lib/python3.12/site-packages/neutron_lib/callbacks/manager.py:52}}
Mar 05 02:48:07.387820 np0000157813 devstack@neutron-api.service[103231]: DEBUG neutron_lib.callbacks.manager [None req-1ea80489-88ed-4639-b69e-d98b9eaa80ec None None] Subscribe: > address_group after_delete 55550000, False {{(pid=103231) subscribe /opt/stack/data/venv/lib/python3.12/site-packages/neutron_lib/callbacks/manager.py:52}}
Mar 05 02:48:07.388216 np0000157813 devstack@neutron-api.service[103230]: DEBUG neutron.services.service_base [None req-d1a015f7-6877-4f14-8733-13f6fbd1a025 None None] Loaded 'neutron.services.ovn_l3.service_providers.ovn.OvnDriver' provider for service L3_ROUTER_NAT {{(pid=103230) load_drivers /opt/stack/neutron/neutron/services/service_base.py:49}}
Mar 05 02:48:07.388511 np0000157813 devstack@neutron-api.service[103231]: DEBUG neutron.plugins.ml2.ovo_rpc [None req-1ea80489-88ed-4639-b69e-d98b9eaa80ec None None] ML2 OVO RPC backend initialized. {{(pid=103231) __init__ /opt/stack/neutron/neutron/plugins/ml2/ovo_rpc.py:117}}
Mar 05 02:48:07.388762 np0000157813 devstack@neutron-api.service[103230]: DEBUG neutron_lib.callbacks.manager [None req-d1a015f7-6877-4f14-8733-13f6fbd1a025 None None] Subscribe: > process after_init 55550001, True {{(pid=103230) subscribe /opt/stack/data/venv/lib/python3.12/site-packages/neutron_lib/callbacks/manager.py:52}}
Mar 05 02:48:07.388762 np0000157813 devstack@neutron-api.service[103230]: DEBUG neutron.manager [None req-d1a015f7-6877-4f14-8733-13f6fbd1a025 None None] Successfully loaded L3_ROUTER_NAT plugin. Description: L3 Router Service Plugin for basic L3 forwarding using OVN {{(pid=103230) _create_and_add_service_plugin /opt/stack/neutron/neutron/manager.py:229}}
Mar 05 02:48:07.388762 np0000157813 devstack@neutron-api.service[103230]: INFO neutron.manager [None req-d1a015f7-6877-4f14-8733-13f6fbd1a025 None None] Loading Plugin: auto_allocate
Mar 05 02:48:07.389130 np0000157813 devstack@neutron-api.service[103231]: INFO neutron.quota [None req-1ea80489-88ed-4639-b69e-d98b9eaa80ec None None] Loaded quota_driver: .
Mar 05 02:48:07.389130 np0000157813 devstack@neutron-api.service[103231]: INFO neutron.plugins.ml2.plugin [None req-1ea80489-88ed-4639-b69e-d98b9eaa80ec None None] Modular L2 Plugin initialization complete
Mar 05 02:48:07.389130 np0000157813 devstack@neutron-api.service[103231]: DEBUG neutron.manager [None req-1ea80489-88ed-4639-b69e-d98b9eaa80ec None None] Loading services supported by the core plugin {{(pid=103231) _load_services_from_core_plugin /opt/stack/neutron/neutron/manager.py:169}}
Mar 05 02:48:07.389130 np0000157813 devstack@neutron-api.service[103231]: INFO neutron.plugins.ml2.managers [None req-1ea80489-88ed-4639-b69e-d98b9eaa80ec None None] Got port-security extension from driver 'port_security'
Mar 05 02:48:07.389657 np0000157813 devstack@neutron-api.service[103230]: DEBUG neutron_lib.callbacks.manager [None req-d1a015f7-6877-4f14-8733-13f6fbd1a025 None None] Subscribe: network precommit_update 55550000, False {{(pid=103230) subscribe /opt/stack/data/venv/lib/python3.12/site-packages/neutron_lib/callbacks/manager.py:52}}
Mar 05 02:48:07.389657 np0000157813 devstack@neutron-api.service[103230]: DEBUG neutron_lib.callbacks.manager [None req-d1a015f7-6877-4f14-8733-13f6fbd1a025 None None] Subscribe: network precommit_create 55550000, False {{(pid=103230) subscribe /opt/stack/data/venv/lib/python3.12/site-packages/neutron_lib/callbacks/manager.py:52}}
Mar 05 02:48:07.390026 np0000157813 devstack@neutron-api.service[103231]: DEBUG neutron.manager [None req-1ea80489-88ed-4639-b69e-d98b9eaa80ec None None] Loading service plugins: ['ovn-router', 'auto_allocate', 'tag', 'timestamp', 'network_ip_availability', 'flavors', 'revisions'] {{(pid=103231) _load_service_plugins /opt/stack/neutron/neutron/manager.py:194}}
Mar 05 02:48:07.390026 np0000157813 devstack@neutron-api.service[103231]: INFO neutron.manager [None req-1ea80489-88ed-4639-b69e-d98b9eaa80ec None None] Loading Plugin: ovn-router
Mar 05 02:48:07.390350 np0000157813 devstack@neutron-api.service[103230]: DEBUG neutron.manager [None req-d1a015f7-6877-4f14-8733-13f6fbd1a025 None None] Successfully loaded auto-allocated-topology plugin. Description: Auto Allocated Topology - aka get me a network. {{(pid=103230) _create_and_add_service_plugin /opt/stack/neutron/neutron/manager.py:229}}
Mar 05 02:48:07.390350 np0000157813 devstack@neutron-api.service[103230]: INFO neutron.manager [None req-d1a015f7-6877-4f14-8733-13f6fbd1a025 None None] Loading Plugin: tag
Mar 05 02:48:07.392045 np0000157813 devstack@neutron-api.service[103230]: DEBUG neutron.manager [None req-d1a015f7-6877-4f14-8733-13f6fbd1a025 None None] Successfully loaded TAG plugin. Description: Tag support {{(pid=103230) _create_and_add_service_plugin /opt/stack/neutron/neutron/manager.py:229}}
Mar 05 02:48:07.392106 np0000157813 devstack@neutron-api.service[103230]: INFO neutron.manager [None req-d1a015f7-6877-4f14-8733-13f6fbd1a025 None None] Loading Plugin: timestamp
Mar 05 02:48:07.393420 np0000157813 devstack@neutron-api.service[103230]: DEBUG neutron.manager [None req-d1a015f7-6877-4f14-8733-13f6fbd1a025 None None] Successfully loaded timestamp plugin. Description: Adds timestamps to Neutron resources with standard attributes {{(pid=103230) _create_and_add_service_plugin /opt/stack/neutron/neutron/manager.py:229}}
Mar 05 02:48:07.393532 np0000157813 devstack@neutron-api.service[103230]: INFO neutron.manager [None req-d1a015f7-6877-4f14-8733-13f6fbd1a025 None None] Loading Plugin: network_ip_availability
Mar 05 02:48:07.396074 np0000157813 devstack@neutron-api.service[103230]: DEBUG neutron_lib.callbacks.manager [None req-d1a015f7-6877-4f14-8733-13f6fbd1a025 None None] Subscribe: > rbac-policy before_create 55550000, False {{(pid=103230) subscribe /opt/stack/data/venv/lib/python3.12/site-packages/neutron_lib/callbacks/manager.py:52}}
Mar 05 02:48:07.396286 np0000157813 devstack@neutron-api.service[103230]: DEBUG neutron_lib.callbacks.manager [None req-d1a015f7-6877-4f14-8733-13f6fbd1a025 None None] Subscribe: > rbac-policy before_update 55550000, False {{(pid=103230) subscribe /opt/stack/data/venv/lib/python3.12/site-packages/neutron_lib/callbacks/manager.py:52}}
Mar 05 02:48:07.396471 np0000157813 devstack@neutron-api.service[103230]: DEBUG neutron_lib.callbacks.manager [None req-d1a015f7-6877-4f14-8733-13f6fbd1a025 None None] Subscribe: > rbac-policy before_delete 55550000, False {{(pid=103230) subscribe /opt/stack/data/venv/lib/python3.12/site-packages/neutron_lib/callbacks/manager.py:52}}
Mar 05 02:48:07.396865 np0000157813 devstack@neutron-api.service[103230]: DEBUG neutron.manager [None req-d1a015f7-6877-4f14-8733-13f6fbd1a025 None None] Successfully loaded network-ip-availability plugin. Description: Provides IP availability data for each network and subnet. {{(pid=103230) _create_and_add_service_plugin /opt/stack/neutron/neutron/manager.py:229}}
Mar 05 02:48:07.397001 np0000157813 devstack@neutron-api.service[103230]: INFO neutron.manager [None req-d1a015f7-6877-4f14-8733-13f6fbd1a025 None None] Loading Plugin: flavors
Mar 05 02:48:07.398137 np0000157813 devstack@neutron-api.service[103230]: DEBUG neutron.manager [None req-d1a015f7-6877-4f14-8733-13f6fbd1a025 None None] Successfully loaded FLAVORS plugin. Description: Neutron Flavors and Service Profiles manager plugin {{(pid=103230) _create_and_add_service_plugin /opt/stack/neutron/neutron/manager.py:229}}
Mar 05 02:48:07.398441 np0000157813 devstack@neutron-api.service[103230]: INFO neutron.manager [None req-d1a015f7-6877-4f14-8733-13f6fbd1a025 None None] Loading Plugin: revisions
Mar 05 02:48:07.398624 np0000157813 devstack@neutron-api.service[103231]: DEBUG neutron_lib.callbacks.manager [None req-1ea80489-88ed-4639-b69e-d98b9eaa80ec None None] Subscribe: > router before_delete 55550000, False {{(pid=103231) subscribe /opt/stack/data/venv/lib/python3.12/site-packages/neutron_lib/callbacks/manager.py:52}}
Mar 05 02:48:07.398781 np0000157813 devstack@neutron-api.service[103231]: DEBUG neutron_lib.callbacks.manager [None req-1ea80489-88ed-4639-b69e-d98b9eaa80ec None None] Subscribe: port after_update 55550000, False {{(pid=103231) subscribe /opt/stack/data/venv/lib/python3.12/site-packages/neutron_lib/callbacks/manager.py:52}}
Mar 05 02:48:07.398885 np0000157813 devstack@neutron-api.service[103231]: DEBUG neutron_lib.callbacks.manager [None req-1ea80489-88ed-4639-b69e-d98b9eaa80ec None None] Subscribe: port after_delete 55550000, False {{(pid=103231) subscribe /opt/stack/data/venv/lib/python3.12/site-packages/neutron_lib/callbacks/manager.py:52}}
Mar 05 02:48:07.398989 np0000157813 devstack@neutron-api.service[103231]: DEBUG neutron_lib.callbacks.manager [None req-1ea80489-88ed-4639-b69e-d98b9eaa80ec None None] Subscribe: subnet after_update 55550000, False {{(pid=103231) subscribe /opt/stack/data/venv/lib/python3.12/site-packages/neutron_lib/callbacks/manager.py:52}}
Mar 05 02:48:07.399093 np0000157813 devstack@neutron-api.service[103231]: DEBUG neutron_lib.callbacks.manager [None req-1ea80489-88ed-4639-b69e-d98b9eaa80ec None None] Subscribe: subnetpool_address_scope after_update 55550000, False {{(pid=103231) subscribe /opt/stack/data/venv/lib/python3.12/site-packages/neutron_lib/callbacks/manager.py:52}}
Mar 05 02:48:07.399202 np0000157813 devstack@neutron-api.service[103231]: DEBUG neutron_lib.callbacks.manager [None req-1ea80489-88ed-4639-b69e-d98b9eaa80ec None None] Subscribe: port before_update 55550000, False {{(pid=103231) subscribe /opt/stack/data/venv/lib/python3.12/site-packages/neutron_lib/callbacks/manager.py:52}}
Mar 05 02:48:07.399324 np0000157813 devstack@neutron-api.service[103231]: DEBUG neutron_lib.callbacks.manager [None req-1ea80489-88ed-4639-b69e-d98b9eaa80ec None None] Subscribe: port after_update 55550000, False {{(pid=103231) subscribe /opt/stack/data/venv/lib/python3.12/site-packages/neutron_lib/callbacks/manager.py:52}}
Mar 05 02:48:07.399430 np0000157813 devstack@neutron-api.service[103231]: DEBUG neutron_lib.callbacks.manager [None req-1ea80489-88ed-4639-b69e-d98b9eaa80ec None None] Subscribe: > port precommit_delete 55550000, False {{(pid=103231) subscribe /opt/stack/data/venv/lib/python3.12/site-packages/neutron_lib/callbacks/manager.py:52}}
Mar 05 02:48:07.399535 np0000157813 devstack@neutron-api.service[103231]: DEBUG neutron_lib.callbacks.manager [None req-1ea80489-88ed-4639-b69e-d98b9eaa80ec None None] Subscribe: port before_update 55550000, False {{(pid=103231) subscribe /opt/stack/data/venv/lib/python3.12/site-packages/neutron_lib/callbacks/manager.py:52}}
Mar 05 02:48:07.399572 np0000157813 devstack@neutron-api.service[103230]: DEBUG neutron.manager [None req-d1a015f7-6877-4f14-8733-13f6fbd1a025 None None] Successfully loaded revision_plugin plugin. Description: Adds revision numbers to resources. {{(pid=103230) _create_and_add_service_plugin /opt/stack/neutron/neutron/manager.py:229}}
Mar 05 02:48:07.399647 np0000157813 devstack@neutron-api.service[103231]: DEBUG neutron_lib.callbacks.manager [None req-1ea80489-88ed-4639-b69e-d98b9eaa80ec None None] Subscribe: port before_delete 55550000, False {{(pid=103231) subscribe /opt/stack/data/venv/lib/python3.12/site-packages/neutron_lib/callbacks/manager.py:52}}
Mar 05 02:48:07.399710 np0000157813 devstack@neutron-api.service[103230]: DEBUG oslo_concurrency.lockutils [None req-d1a015f7-6877-4f14-8733-13f6fbd1a025 None None] Lock "manager" "released" by "neutron.manager.NeutronManager._create_instance" :: held 4.373s {{(pid=103230) inner /opt/stack/data/venv/lib/python3.12/site-packages/oslo_concurrency/lockutils.py:538}}
Mar 05 02:48:07.399764 np0000157813 devstack@neutron-api.service[103229]: INFO neutron.plugins.ml2.drivers.type_vlan [None req-0535d5e6-1fc2-481c-89aa-080ea3b6cf94 None None] VlanTypeDriver initialization complete
Mar 05 02:48:07.400061 np0000157813 devstack@neutron-api.service[103231]: DEBUG neutron_lib.callbacks.manager [None req-1ea80489-88ed-4639-b69e-d98b9eaa80ec None None] Subscribe: > router precommit_create 55550000, False {{(pid=103231) subscribe /opt/stack/data/venv/lib/python3.12/site-packages/neutron_lib/callbacks/manager.py:52}}
Mar 05 02:48:07.400061 np0000157813 devstack@neutron-api.service[103231]: DEBUG neutron_lib.callbacks.manager [None req-1ea80489-88ed-4639-b69e-d98b9eaa80ec None None] Subscribe: > router precommit_create 55550000, False {{(pid=103231) subscribe /opt/stack/data/venv/lib/python3.12/site-packages/neutron_lib/callbacks/manager.py:52}}
Mar 05 02:48:07.400178 np0000157813 devstack@neutron-api.service[103229]: INFO neutron.plugins.ml2.managers [None req-0535d5e6-1fc2-481c-89aa-080ea3b6cf94 None None] Initializing extension driver 'port_security'
Mar 05 02:48:07.400257 np0000157813 devstack@neutron-api.service[103230]: DEBUG neutron.api.extensions [None req-d1a015f7-6877-4f14-8733-13f6fbd1a025 None None] get_extension_paths = OrderedDict({'/opt/stack/neutron/neutron/extensions': 1}) {{(pid=103230) get_extensions_path /opt/stack/neutron/neutron/api/extensions.py:640}}
Mar 05 02:48:07.400319 np0000157813 devstack@neutron-api.service[103229]: INFO neutron.plugins.ml2.extensions.port_security [None req-0535d5e6-1fc2-481c-89aa-080ea3b6cf94 None None] PortSecurityExtensionDriver initialization complete
Mar 05 02:48:07.400373 np0000157813 devstack@neutron-api.service[103231]: DEBUG neutron_lib.callbacks.manager [None req-1ea80489-88ed-4639-b69e-d98b9eaa80ec None None] Subscribe: > router precommit_update 55550000, False {{(pid=103231) subscribe /opt/stack/data/venv/lib/python3.12/site-packages/neutron_lib/callbacks/manager.py:52}}
Mar 05 02:48:07.400446 np0000157813 devstack@neutron-api.service[103230]: INFO neutron.api.extensions [None req-d1a015f7-6877-4f14-8733-13f6fbd1a025 None None] Initializing extension manager.
Mar 05 02:48:07.400505 np0000157813 devstack@neutron-api.service[103229]: INFO neutron.plugins.ml2.managers [None req-0535d5e6-1fc2-481c-89aa-080ea3b6cf94 None None] Initializing extension driver 'qos'
Mar 05 02:48:07.400559 np0000157813 devstack@neutron-api.service[103231]: DEBUG neutron_lib.callbacks.manager [None req-1ea80489-88ed-4639-b69e-d98b9eaa80ec None None] Subscribe: subnet after_update 55550000, False {{(pid=103231) subscribe /opt/stack/data/venv/lib/python3.12/site-packages/neutron_lib/callbacks/manager.py:52}}
Mar 05 02:48:07.400618 np0000157813 devstack@neutron-api.service[103229]: DEBUG neutron.plugins.ml2.extensions.qos [None req-0535d5e6-1fc2-481c-89aa-080ea3b6cf94 None None] QosExtensionDriver initialization complete {{(pid=103229) initialize /opt/stack/neutron/neutron/plugins/ml2/extensions/qos.py:31}}
Mar 05 02:48:07.400618 np0000157813 devstack@neutron-api.service[103229]: INFO neutron.plugins.ml2.managers [None req-0535d5e6-1fc2-481c-89aa-080ea3b6cf94 None None] Initializing mechanism driver 'ovn'
Mar 05 02:48:07.400667 np0000157813 devstack@neutron-api.service[103230]: DEBUG neutron.api.extensions [None req-d1a015f7-6877-4f14-8733-13f6fbd1a025 None None] Loading extension file: __init__.py {{(pid=103230) _load_all_extensions_from_path /opt/stack/neutron/neutron/api/extensions.py:449}}
Mar 05 02:48:07.400692 np0000157813 devstack@neutron-api.service[103229]: INFO neutron.plugins.ml2.drivers.ovn.mech_driver.mech_driver [None req-0535d5e6-1fc2-481c-89aa-080ea3b6cf94 None None] Starting OVNMechanismDriver
Mar 05 02:48:07.400719 np0000157813 devstack@neutron-api.service[103230]: DEBUG neutron.api.extensions [None req-d1a015f7-6877-4f14-8733-13f6fbd1a025 None None] Loading extension file: __pycache__ {{(pid=103230) _load_all_extensions_from_path /opt/stack/neutron/neutron/api/extensions.py:449}}
Mar 05 02:48:07.400719 np0000157813 devstack@neutron-api.service[103230]: DEBUG neutron.api.extensions [None req-d1a015f7-6877-4f14-8733-13f6fbd1a025 None None] Loading extension file: address_group.py {{(pid=103230) _load_all_extensions_from_path /opt/stack/neutron/neutron/api/extensions.py:449}}
Mar 05 02:48:07.400828 np0000157813 devstack@neutron-api.service[103231]: DEBUG neutron.quota.resource_registry [None req-1ea80489-88ed-4639-b69e-d98b9eaa80ec None None] Tracking information for resource: router configured {{(pid=103231) set_tracked_resource /opt/stack/neutron/neutron/quota/resource_registry.py:203}}
Mar 05 02:48:07.400907 np0000157813 devstack@neutron-api.service[103230]: DEBUG neutron.api.extensions [None req-d1a015f7-6877-4f14-8733-13f6fbd1a025 None None] Ext name="Address group" alias="address-group" description="Support address group" updated="2020-07-15T10:00:00-00:00" {{(pid=103230) _check_extension /opt/stack/neutron/neutron/api/extensions.py:415}}
Mar 05 02:48:07.400979 np0000157813 devstack@neutron-api.service[103231]: DEBUG neutron.quota.resource_registry [None req-1ea80489-88ed-4639-b69e-d98b9eaa80ec None None] Tracking information for resource: floatingip configured {{(pid=103231) set_tracked_resource /opt/stack/neutron/neutron/quota/resource_registry.py:203}}
Mar 05 02:48:07.401035 np0000157813 devstack@neutron-api.service[103231]: INFO neutron.services.ovn_l3.plugin [None req-1ea80489-88ed-4639-b69e-d98b9eaa80ec None None] Starting OVNL3RouterPlugin
Mar 05 02:48:07.401196 np0000157813 devstack@neutron-api.service[103230]: INFO neutron.api.extensions [None req-d1a015f7-6877-4f14-8733-13f6fbd1a025 None None] Loaded extension: address-group
Mar 05 02:48:07.401289 np0000157813 devstack@neutron-api.service[103231]: DEBUG neutron_lib.callbacks.manager [None req-1ea80489-88ed-4639-b69e-d98b9eaa80ec None None] Subscribe: > port_forwarding_plugin after_init 55550000, False {{(pid=103231) subscribe /opt/stack/data/venv/lib/python3.12/site-packages/neutron_lib/callbacks/manager.py:52}}
Mar 05 02:48:07.401328 np0000157813 devstack@neutron-api.service[103230]: DEBUG neutron.api.extensions [None req-d1a015f7-6877-4f14-8733-13f6fbd1a025 None None] Loading extension file: address_scope.py {{(pid=103230) _load_all_extensions_from_path /opt/stack/neutron/neutron/api/extensions.py:449}}
Mar 05 02:48:07.401440 np0000157813 devstack@neutron-api.service[103231]: DEBUG neutron_lib.callbacks.manager [None req-1ea80489-88ed-4639-b69e-d98b9eaa80ec None None] Subscribe: > router before_create 55550100, False {{(pid=103231) subscribe /opt/stack/data/venv/lib/python3.12/site-packages/neutron_lib/callbacks/manager.py:52}}
Mar 05 02:48:07.401549 np0000157813 devstack@neutron-api.service[103231]: DEBUG neutron_lib.callbacks.manager [None req-1ea80489-88ed-4639-b69e-d98b9eaa80ec None None] Subscribe: > router precommit_delete 55550100, False {{(pid=103231) subscribe /opt/stack/data/venv/lib/python3.12/site-packages/neutron_lib/callbacks/manager.py:52}}
Mar 05 02:48:07.401657 np0000157813 devstack@neutron-api.service[103231]: DEBUG neutron_lib.callbacks.manager [None req-1ea80489-88ed-4639-b69e-d98b9eaa80ec None None] Subscribe: > router precommit_create 55550100, False {{(pid=103231) subscribe /opt/stack/data/venv/lib/python3.12/site-packages/neutron_lib/callbacks/manager.py:52}}
Mar 05 02:48:07.401693 np0000157813 devstack@neutron-api.service[103230]: DEBUG neutron.api.extensions [None req-d1a015f7-6877-4f14-8733-13f6fbd1a025 None None] Ext name="Address scope" alias="address-scope" description="Address scopes extension." updated="2015-07-26T10:00:00-00:00" {{(pid=103230) _check_extension /opt/stack/neutron/neutron/api/extensions.py:415}}
Mar 05 02:48:07.401765 np0000157813 devstack@neutron-api.service[103231]: DEBUG neutron_lib.callbacks.manager [None req-1ea80489-88ed-4639-b69e-d98b9eaa80ec None None] Subscribe: > router precommit_update 55550100, False {{(pid=103231) subscribe /opt/stack/data/venv/lib/python3.12/site-packages/neutron_lib/callbacks/manager.py:52}}
Mar 05 02:48:07.401941 np0000157813 devstack@neutron-api.service[103230]: INFO neutron.api.extensions [None req-d1a015f7-6877-4f14-8733-13f6fbd1a025 None None] Loaded extension: address-scope
Mar 05 02:48:07.402048 np0000157813 devstack@neutron-api.service[103229]: DEBUG neutron_lib.callbacks.manager [None req-0535d5e6-1fc2-481c-89aa-080ea3b6cf94 None None] Subscribe: > process before_spawn 55550000, False {{(pid=103229) subscribe /opt/stack/data/venv/lib/python3.12/site-packages/neutron_lib/callbacks/manager.py:52}}
Mar 05 02:48:07.402083 np0000157813 devstack@neutron-api.service[103230]: DEBUG neutron.api.extensions [None req-d1a015f7-6877-4f14-8733-13f6fbd1a025 None None] Loading extension file: admin_state_down_before_update.py {{(pid=103230) _load_all_extensions_from_path /opt/stack/neutron/neutron/api/extensions.py:449}}
Mar 05 02:48:07.402198 np0000157813 devstack@neutron-api.service[103229]: DEBUG neutron_lib.callbacks.manager [None req-0535d5e6-1fc2-481c-89aa-080ea3b6cf94 None None] Subscribe: > process after_init 55550000, True {{(pid=103229) subscribe /opt/stack/data/venv/lib/python3.12/site-packages/neutron_lib/callbacks/manager.py:52}}
Mar 05 02:48:07.402331 np0000157813 devstack@neutron-api.service[103229]: DEBUG neutron_lib.callbacks.manager [None req-0535d5e6-1fc2-481c-89aa-080ea3b6cf94 None None] Subscribe: > segment after_create 55550000, False {{(pid=103229) subscribe /opt/stack/data/venv/lib/python3.12/site-packages/neutron_lib/callbacks/manager.py:52}}
Mar 05 02:48:07.402419 np0000157813 devstack@neutron-api.service[103230]: DEBUG neutron.api.extensions [None req-d1a015f7-6877-4f14-8733-13f6fbd1a025 None None] Ext name="Enforce Router's Admin State Down Before Update Extension" alias="router-admin-state-down-before-update" description="Ensure that the admin state of a router is DOWN (admin_state_up=False) before updating the distributed attribute" updated="2019-07-02T15:56:00" {{(pid=103230) _check_extension /opt/stack/neutron/neutron/api/extensions.py:415}}
Mar 05 02:48:07.402455 np0000157813 devstack@neutron-api.service[103229]: DEBUG neutron_lib.callbacks.manager [None req-0535d5e6-1fc2-481c-89aa-080ea3b6cf94 None None] Subscribe: > segment after_create 55550000, False {{(pid=103229) subscribe /opt/stack/data/venv/lib/python3.12/site-packages/neutron_lib/callbacks/manager.py:52}}
Mar 05 02:48:07.402547 np0000157813 devstack@neutron-api.service[103229]: DEBUG neutron_lib.callbacks.manager [None req-0535d5e6-1fc2-481c-89aa-080ea3b6cf94 None None] Subscribe: > segment after_delete 55550000, False {{(pid=103229) subscribe /opt/stack/data/venv/lib/python3.12/site-packages/neutron_lib/callbacks/manager.py:52}}
Mar 05 02:48:07.402632 np0000157813 devstack@neutron-api.service[103230]: INFO neutron.api.extensions [None req-d1a015f7-6877-4f14-8733-13f6fbd1a025 None None] Extension router-admin-state-down-before-update not supported by any of loaded plugins
Mar 05 02:48:07.402676 np0000157813 devstack@neutron-api.service[103229]: DEBUG neutron_lib.callbacks.manager [None req-0535d5e6-1fc2-481c-89aa-080ea3b6cf94 None None] Subscribe: > allowed_address_pair before_create 55550000, False {{(pid=103229) subscribe /opt/stack/data/venv/lib/python3.12/site-packages/neutron_lib/callbacks/manager.py:52}}
Mar 05 02:48:07.402751 np0000157813 devstack@neutron-api.service[103230]: DEBUG neutron.api.extensions [None req-d1a015f7-6877-4f14-8733-13f6fbd1a025 None None] Loading extension file: agent.py {{(pid=103230) _load_all_extensions_from_path /opt/stack/neutron/neutron/api/extensions.py:449}}
Mar 05 02:48:07.402814 np0000157813 devstack@neutron-api.service[103229]: DEBUG neutron_lib.callbacks.manager [None req-0535d5e6-1fc2-481c-89aa-080ea3b6cf94 None None] Subscribe: > security_group precommit_create 55550000, False {{(pid=103229) subscribe /opt/stack/data/venv/lib/python3.12/site-packages/neutron_lib/callbacks/manager.py:52}}
Mar 05 02:48:07.402893 np0000157813 devstack@neutron-api.service[103229]: DEBUG neutron_lib.callbacks.manager [None req-0535d5e6-1fc2-481c-89aa-080ea3b6cf94 None None] Subscribe: > security_group after_update 55550000, False {{(pid=103229) subscribe /opt/stack/data/venv/lib/python3.12/site-packages/neutron_lib/callbacks/manager.py:52}}
Mar 05 02:48:07.403042 np0000157813 devstack@neutron-api.service[103229]: DEBUG neutron_lib.callbacks.manager [None req-0535d5e6-1fc2-481c-89aa-080ea3b6cf94 None None] Subscribe: > security_group after_create 55550000, False {{(pid=103229) subscribe /opt/stack/data/venv/lib/python3.12/site-packages/neutron_lib/callbacks/manager.py:52}}
Mar 05 02:48:07.403085 np0000157813 devstack@neutron-api.service[103230]: DEBUG neutron.api.extensions [None req-d1a015f7-6877-4f14-8733-13f6fbd1a025 None None] Ext name="agent" alias="agent" description="The agent management extension." updated="2013-02-03T10:00:00-00:00" {{(pid=103230) _check_extension /opt/stack/neutron/neutron/api/extensions.py:415}}
Mar 05 02:48:07.403160 np0000157813 devstack@neutron-api.service[103229]: DEBUG neutron_lib.callbacks.manager [None req-0535d5e6-1fc2-481c-89aa-080ea3b6cf94 None None] Subscribe: > security_group precommit_delete 55550000, False {{(pid=103229) subscribe /opt/stack/data/venv/lib/python3.12/site-packages/neutron_lib/callbacks/manager.py:52}}
Mar 05 02:48:07.403269 np0000157813 devstack@neutron-api.service[103230]: INFO neutron.api.extensions [None req-d1a015f7-6877-4f14-8733-13f6fbd1a025 None None] Loaded extension: agent
Mar 05 02:48:07.403315 np0000157813 devstack@neutron-api.service[103229]: DEBUG neutron_lib.callbacks.manager [None req-0535d5e6-1fc2-481c-89aa-080ea3b6cf94 None None] Subscribe: > security_group after_delete 55550000, False {{(pid=103229) subscribe /opt/stack/data/venv/lib/python3.12/site-packages/neutron_lib/callbacks/manager.py:52}}
Mar 05 02:48:07.403393 np0000157813 devstack@neutron-api.service[103230]: DEBUG neutron.api.extensions [None req-d1a015f7-6877-4f14-8733-13f6fbd1a025 None None] Loading extension file: agent_resources_synced.py {{(pid=103230) _load_all_extensions_from_path /opt/stack/neutron/neutron/api/extensions.py:449}}
Mar 05 02:48:07.403456 np0000157813 devstack@neutron-api.service[103229]: DEBUG neutron_lib.callbacks.manager [None req-0535d5e6-1fc2-481c-89aa-080ea3b6cf94 None None] Subscribe: > security_group_rule precommit_create 55550000, False {{(pid=103229) subscribe /opt/stack/data/venv/lib/python3.12/site-packages/neutron_lib/callbacks/manager.py:52}}
Mar 05 02:48:07.403514 np0000157813 devstack@neutron-api.service[103229]: DEBUG neutron_lib.callbacks.manager [None req-0535d5e6-1fc2-481c-89aa-080ea3b6cf94 None None] Subscribe: > security_group_rule after_create 55550000, False {{(pid=103229) subscribe /opt/stack/data/venv/lib/python3.12/site-packages/neutron_lib/callbacks/manager.py:52}}
Mar 05 02:48:07.403596 np0000157813 devstack@neutron-api.service[103229]: DEBUG neutron_lib.callbacks.manager [None req-0535d5e6-1fc2-481c-89aa-080ea3b6cf94 None None] Subscribe: > security_group_rule before_delete 55550000, False {{(pid=103229) subscribe /opt/stack/data/venv/lib/python3.12/site-packages/neutron_lib/callbacks/manager.py:52}}
Mar 05 02:48:07.403637 np0000157813 devstack@neutron-api.service[103230]: DEBUG neutron.api.extensions [None req-d1a015f7-6877-4f14-8733-13f6fbd1a025 None None] Ext name="Agent's Resource View Synced to Placement" alias="agent-resources-synced" description="Stores success/failure of last sync to Placement" updated="2018-12-19T00:00:00-00:00" {{(pid=103230) _check_extension /opt/stack/neutron/neutron/api/extensions.py:415}}
Mar 05 02:48:07.403709 np0000157813 devstack@neutron-api.service[103229]: DEBUG neutron_lib.callbacks.manager [None req-0535d5e6-1fc2-481c-89aa-080ea3b6cf94 None None] Subscribe: > address_group after_create 55550000, False {{(pid=103229) subscribe /opt/stack/data/venv/lib/python3.12/site-packages/neutron_lib/callbacks/manager.py:52}}
Mar 05 02:48:07.403773 np0000157813 devstack@neutron-api.service[103230]: INFO neutron.api.extensions [None req-d1a015f7-6877-4f14-8733-13f6fbd1a025 None None] Extension agent-resources-synced not supported by any of loaded plugins
Mar 05 02:48:07.403854 np0000157813 devstack@neutron-api.service[103229]: DEBUG neutron_lib.callbacks.manager [None req-0535d5e6-1fc2-481c-89aa-080ea3b6cf94 None None] Subscribe: > address_group after_update 55550000, False {{(pid=103229) subscribe /opt/stack/data/venv/lib/python3.12/site-packages/neutron_lib/callbacks/manager.py:52}}
Mar 05 02:48:07.403904 np0000157813 devstack@neutron-api.service[103230]: DEBUG neutron.api.extensions [None req-d1a015f7-6877-4f14-8733-13f6fbd1a025 None None] Loading extension file: allowedaddresspairs.py {{(pid=103230) _load_all_extensions_from_path /opt/stack/neutron/neutron/api/extensions.py:449}}
Mar 05 02:48:07.403961 np0000157813 devstack@neutron-api.service[103229]: DEBUG neutron_lib.callbacks.manager [None req-0535d5e6-1fc2-481c-89aa-080ea3b6cf94 None None] Subscribe: > address_group after_delete 55550000, False {{(pid=103229) subscribe /opt/stack/data/venv/lib/python3.12/site-packages/neutron_lib/callbacks/manager.py:52}}
Mar 05 02:48:07.404178 np0000157813 devstack@neutron-api.service[103229]: DEBUG neutron_lib.callbacks.manager [None req-0535d5e6-1fc2-481c-89aa-080ea3b6cf94 None None] Subscribe: > qos_plugin after_init 55550000, False {{(pid=103229) subscribe /opt/stack/data/venv/lib/python3.12/site-packages/neutron_lib/callbacks/manager.py:52}}
Mar 05 02:48:07.404393 np0000157813 devstack@neutron-api.service[103229]: DEBUG neutron_lib.callbacks.manager [None req-0535d5e6-1fc2-481c-89aa-080ea3b6cf94 None None] Subscribe: > trunk_plugin after_init 55550000, False {{(pid=103229) subscribe /opt/stack/data/venv/lib/python3.12/site-packages/neutron_lib/callbacks/manager.py:52}}
Mar 05 02:48:07.404628 np0000157813 devstack@neutron-api.service[103229]: DEBUG neutron_lib.callbacks.manager [None req-0535d5e6-1fc2-481c-89aa-080ea3b6cf94 None None] Subscribe: > logging-plugin after_init 55550000, False {{(pid=103229) subscribe /opt/stack/data/venv/lib/python3.12/site-packages/neutron_lib/callbacks/manager.py:52}}
Mar 05 02:48:07.404700 np0000157813 devstack@neutron-api.service[103230]: DEBUG neutron.api.extensions [None req-d1a015f7-6877-4f14-8733-13f6fbd1a025 None None] Ext name="Allowed Address Pairs" alias="allowed-address-pairs" description="Provides allowed address pairs" updated="2013-07-23T10:00:00-00:00" {{(pid=103230) _check_extension /opt/stack/neutron/neutron/api/extensions.py:415}}
Mar 05 02:48:07.404883 np0000157813 devstack@neutron-api.service[103230]: INFO neutron.api.extensions [None req-d1a015f7-6877-4f14-8733-13f6fbd1a025 None None] Loaded extension: allowed-address-pairs
Mar 05 02:48:07.404980 np0000157813 devstack@neutron-api.service[103230]: DEBUG neutron.api.extensions [None req-d1a015f7-6877-4f14-8733-13f6fbd1a025 None None] Loading extension file: auto_allocated_topology.py {{(pid=103230) _load_all_extensions_from_path /opt/stack/neutron/neutron/api/extensions.py:449}}
Mar 05 02:48:07.405086 np0000157813 devstack@neutron-api.service[103231]: DEBUG neutron.services.provider_configuration [None req-1ea80489-88ed-4639-b69e-d98b9eaa80ec None None] Service providers = [] {{(pid=103231) parse_service_provider_opt /opt/stack/neutron/neutron/services/provider_configuration.py:171}}
Mar 05 02:48:07.405154 np0000157813 devstack@neutron-api.service[103229]: INFO neutron.services.logapi.drivers.ovn.driver [None req-0535d5e6-1fc2-481c-89aa-080ea3b6cf94 None None] OVN logging driver registered
Mar 05 02:48:07.405202 np0000157813 devstack@neutron-api.service[103231]: DEBUG neutron.db.servicetype_db [None req-1ea80489-88ed-4639-b69e-d98b9eaa80ec None None] Adding provider configuration for service L3_ROUTER_NAT {{(pid=103231) add_provider_configuration /opt/stack/neutron/neutron/db/servicetype_db.py:42}}
Mar 05 02:48:07.405276 np0000157813 devstack@neutron-api.service[103230]: DEBUG neutron.api.extensions [None req-d1a015f7-6877-4f14-8733-13f6fbd1a025 None None] Ext name="Auto Allocated Topology Services" alias="auto-allocated-topology" description="Auto Allocated Topology Services." updated="2016-01-01T00:00:00-00:00" {{(pid=103230) _check_extension /opt/stack/neutron/neutron/api/extensions.py:415}}
Mar 05 02:48:07.405458 np0000157813 devstack@neutron-api.service[103230]: INFO neutron.api.extensions [None req-d1a015f7-6877-4f14-8733-13f6fbd1a025 None None] Loaded extension: auto-allocated-topology
Mar 05 02:48:07.405554 np0000157813 devstack@neutron-api.service[103230]: DEBUG neutron.api.extensions [None req-d1a015f7-6877-4f14-8733-13f6fbd1a025 None None] Loading extension file: availability_zone.py {{(pid=103230) _load_all_extensions_from_path /opt/stack/neutron/neutron/api/extensions.py:449}}
Mar 05 02:48:07.405866 np0000157813 devstack@neutron-api.service[103230]: DEBUG neutron.api.extensions [None req-d1a015f7-6877-4f14-8733-13f6fbd1a025 None None] Ext name="Availability Zone" alias="availability_zone" description="The availability zone extension." updated="2015-01-01T10:00:00-00:00" {{(pid=103230) _check_extension /opt/stack/neutron/neutron/api/extensions.py:415}}
Mar 05 02:48:07.406061 np0000157813 devstack@neutron-api.service[103230]: INFO neutron.api.extensions [None req-d1a015f7-6877-4f14-8733-13f6fbd1a025 None None] Loaded extension: availability_zone
Mar 05 02:48:07.406193 np0000157813 devstack@neutron-api.service[103230]: DEBUG neutron.api.extensions [None req-d1a015f7-6877-4f14-8733-13f6fbd1a025 None None] Loading extension file: availability_zone_filter.py {{(pid=103230) _load_all_extensions_from_path /opt/stack/neutron/neutron/api/extensions.py:449}}
Mar 05 02:48:07.406531 np0000157813 devstack@neutron-api.service[103230]: DEBUG neutron.api.extensions [None req-d1a015f7-6877-4f14-8733-13f6fbd1a025 None None] Ext name="Availability Zone Filter Extension" alias="availability_zone_filter" description="Add filter parameters to AvailabilityZone resource" updated="2018-06-22T10:00:00-00:00" {{(pid=103230) _check_extension /opt/stack/neutron/neutron/api/extensions.py:415}}
Mar 05 02:48:07.406680 np0000157813 devstack@neutron-api.service[103231]: DEBUG neutron_lib.callbacks.manager [None req-1ea80489-88ed-4639-b69e-d98b9eaa80ec None None] Subscribe: > router precommit_create 55549900, False {{(pid=103231) subscribe /opt/stack/data/venv/lib/python3.12/site-packages/neutron_lib/callbacks/manager.py:52}}
Mar 05 02:48:07.406725 np0000157813 devstack@neutron-api.service[103229]: DEBUG neutron.plugins.ml2.plugin [None req-0535d5e6-1fc2-481c-89aa-080ea3b6cf94 None None] neutron.plugins.ml2.plugin.Ml2Plugin method _start_rpc_notifiers called with arguments () {} {{(pid=103229) wrapper /opt/stack/data/venv/lib/python3.12/site-packages/oslo_log/helpers.py:77}}
Mar 05 02:48:07.406753 np0000157813 devstack@neutron-api.service[103230]: INFO neutron.api.extensions [None req-d1a015f7-6877-4f14-8733-13f6fbd1a025 None None] Extension availability_zone_filter not supported by any of loaded plugins
Mar 05 02:48:07.406829 np0000157813 devstack@neutron-api.service[103231]: DEBUG neutron_lib.callbacks.manager [None req-1ea80489-88ed-4639-b69e-d98b9eaa80ec None None] Subscribe: > router_interface after_create 55550000, False {{(pid=103231) subscribe /opt/stack/data/venv/lib/python3.12/site-packages/neutron_lib/callbacks/manager.py:52}}
Mar 05 02:48:07.406889 np0000157813 devstack@neutron-api.service[103230]: DEBUG neutron.api.extensions [None req-d1a015f7-6877-4f14-8733-13f6fbd1a025 None None] Loading extension file: data_plane_status.py {{(pid=103230) _load_all_extensions_from_path /opt/stack/neutron/neutron/api/extensions.py:449}}
Mar 05 02:48:07.406949 np0000157813 devstack@neutron-api.service[103231]: DEBUG neutron_lib.callbacks.manager [None req-1ea80489-88ed-4639-b69e-d98b9eaa80ec None None] Subscribe: > floatingip after_create 55550000, False {{(pid=103231) subscribe /opt/stack/data/venv/lib/python3.12/site-packages/neutron_lib/callbacks/manager.py:52}}
Mar 05 02:48:07.406998 np0000157813 devstack@neutron-api.service[103229]: DEBUG neutron_lib.callbacks.manager [None req-0535d5e6-1fc2-481c-89aa-080ea3b6cf94 None None] Subscribe: > port after_create 55550000, False {{(pid=103229) subscribe /opt/stack/data/venv/lib/python3.12/site-packages/neutron_lib/callbacks/manager.py:52}}
Mar 05 02:48:07.407062 np0000157813 devstack@neutron-api.service[103231]: DEBUG neutron_lib.callbacks.manager [None req-1ea80489-88ed-4639-b69e-d98b9eaa80ec None None] Subscribe: > floatingip precommit_create 55550000, False {{(pid=103231) subscribe /opt/stack/data/venv/lib/python3.12/site-packages/neutron_lib/callbacks/manager.py:52}}
Mar 05 02:48:07.407098 np0000157813 devstack@neutron-api.service[103230]: DEBUG neutron.api.extensions [None req-d1a015f7-6877-4f14-8733-13f6fbd1a025 None None] Ext name="Port data plane status extension" alias="data-plane-status" description="Expose status of underlying data plane" updated="2017-01-24T10:00:00-00:00" {{(pid=103230) _check_extension /opt/stack/neutron/neutron/api/extensions.py:415}}
Mar 05 02:48:07.407324 np0000157813 devstack@neutron-api.service[103229]: DEBUG neutron_lib.callbacks.manager [None req-0535d5e6-1fc2-481c-89aa-080ea3b6cf94 None None] Subscribe: > port after_update 55550000, False {{(pid=103229) subscribe /opt/stack/data/venv/lib/python3.12/site-packages/neutron_lib/callbacks/manager.py:52}}
Mar 05 02:48:07.407351 np0000157813 devstack@neutron-api.service[103231]: DEBUG neutron_lib.callbacks.manager [None req-1ea80489-88ed-4639-b69e-d98b9eaa80ec None None] Subscribe: > floatingip precommit_update 55550000, False {{(pid=103231) subscribe /opt/stack/data/venv/lib/python3.12/site-packages/neutron_lib/callbacks/manager.py:52}}
Mar 05 02:48:07.407351 np0000157813 devstack@neutron-api.service[103231]: DEBUG neutron_lib.callbacks.manager [None req-1ea80489-88ed-4639-b69e-d98b9eaa80ec None None] Subscribe: > floatingip after_delete 55550000, False {{(pid=103231) subscribe /opt/stack/data/venv/lib/python3.12/site-packages/neutron_lib/callbacks/manager.py:52}}
Mar 05 02:48:07.407397 np0000157813 devstack@neutron-api.service[103229]: DEBUG neutron_lib.callbacks.manager [None req-0535d5e6-1fc2-481c-89aa-080ea3b6cf94 None None] Subscribe: > port after_delete 55550000, False {{(pid=103229) subscribe /opt/stack/data/venv/lib/python3.12/site-packages/neutron_lib/callbacks/manager.py:52}}
Mar 05 02:48:07.407425 np0000157813 devstack@neutron-api.service[103231]: DEBUG neutron_lib.callbacks.manager [None req-1ea80489-88ed-4639-b69e-d98b9eaa80ec None None] Subscribe: > floatingip after_status_update 55550000, False {{(pid=103231) subscribe /opt/stack/data/venv/lib/python3.12/site-packages/neutron_lib/callbacks/manager.py:52}}
Mar 05 02:48:07.407459 np0000157813 devstack@neutron-api.service[103230]: INFO neutron.api.extensions [None req-d1a015f7-6877-4f14-8733-13f6fbd1a025 None None] Extension data-plane-status not supported by any of loaded plugins
Mar 05 02:48:07.407571 np0000157813 devstack@neutron-api.service[103229]: DEBUG neutron_lib.callbacks.manager [None req-0535d5e6-1fc2-481c-89aa-080ea3b6cf94 None None] Subscribe: > subnet after_create 55550000, False {{(pid=103229) subscribe /opt/stack/data/venv/lib/python3.12/site-packages/neutron_lib/callbacks/manager.py:52}}
