Apr 22 02:41:22.864406 np0000169030 devstack@neutron-api.service[104209]: DEBUG ovsdbapp.backend.ovs_idl [None req-5681f6ea-5876-4e39-b6af-6613c53c9ff8 None None] Created schema index Chassis_Template_Var.chassis {{(pid=104209) autocreate_indices /opt/stack/data/venv/lib/python3.12/site-packages/ovsdbapp/backend/ovs_idl/__init__.py:106}}
Apr 22 02:41:22.865155 np0000169030 devstack@neutron-api.service[104209]: DEBUG ovsdbapp.backend.ovs_idl [None req-5681f6ea-5876-4e39-b6af-6613c53c9ff8 None None] Created schema index Logical_Router_Port.name {{(pid=104209) autocreate_indices /opt/stack/data/venv/lib/python3.12/site-packages/ovsdbapp/backend/ovs_idl/__init__.py:106}}
Apr 22 02:41:22.865155 np0000169030 devstack@neutron-api.service[104209]: DEBUG ovsdbapp.backend.ovs_idl [None req-5681f6ea-5876-4e39-b6af-6613c53c9ff8 None None] Created schema index Port_Group.name {{(pid=104209) autocreate_indices /opt/stack/data/venv/lib/python3.12/site-packages/ovsdbapp/backend/ovs_idl/__init__.py:106}}
Apr 22 02:41:22.865155 np0000169030 devstack@neutron-api.service[104209]: DEBUG ovsdbapp.backend.ovs_idl [None req-5681f6ea-5876-4e39-b6af-6613c53c9ff8 None None] Created schema index Logical_Switch_Port.name {{(pid=104209) autocreate_indices /opt/stack/data/venv/lib/python3.12/site-packages/ovsdbapp/backend/ovs_idl/__init__.py:106}}
Apr 22 02:41:22.866639 np0000169030 devstack@neutron-api.service[104209]: INFO ovsdbapp.backend.ovs_idl.vlog [None req-5681f6ea-5876-4e39-b6af-6613c53c9ff8 None None] ssl:199.19.213.14:6641: connecting...
Apr 22 02:41:22.867587 np0000169030 devstack@neutron-api.service[104208]: DEBUG ovsdbapp.backend.ovs_idl [None req-068a1e57-b03f-403d-a595-8ddd7d41166b None None] Created lookup_table index Chassis.name {{(pid=104208) autocreate_indices /opt/stack/data/venv/lib/python3.12/site-packages/ovsdbapp/backend/ovs_idl/__init__.py:87}}
Apr 22 02:41:22.867782 np0000169030 devstack@neutron-api.service[104208]: DEBUG ovsdbapp.backend.ovs_idl [None req-068a1e57-b03f-403d-a595-8ddd7d41166b None None] Created lookup_table index Port_Binding.logical_port {{(pid=104208) autocreate_indices /opt/stack/data/venv/lib/python3.12/site-packages/ovsdbapp/backend/ovs_idl/__init__.py:87}}
Apr 22 02:41:22.867782 np0000169030 devstack@neutron-api.service[104208]: DEBUG ovsdbapp.backend.ovs_idl [None req-068a1e57-b03f-403d-a595-8ddd7d41166b None None] Created schema index Chassis_Private.name {{(pid=104208) autocreate_indices /opt/stack/data/venv/lib/python3.12/site-packages/ovsdbapp/backend/ovs_idl/__init__.py:106}}
Apr 22 02:41:22.867983 np0000169030 devstack@neutron-api.service[104206]: DEBUG ovsdbapp.backend.ovs_idl [None req-d6e3e400-0290-4f02-82be-56756e5c5800 None None] Created lookup_table index Chassis.name {{(pid=104206) autocreate_indices /opt/stack/data/venv/lib/python3.12/site-packages/ovsdbapp/backend/ovs_idl/__init__.py:87}}
Apr 22 02:41:22.868477 np0000169030 devstack@neutron-api.service[104208]: DEBUG ovsdbapp.backend.ovs_idl [None req-068a1e57-b03f-403d-a595-8ddd7d41166b None None] Created schema index Datapath_Binding.tunnel_key {{(pid=104208) autocreate_indices /opt/stack/data/venv/lib/python3.12/site-packages/ovsdbapp/backend/ovs_idl/__init__.py:106}}
Apr 22 02:41:22.869030 np0000169030 devstack@neutron-api.service[104206]: DEBUG ovsdbapp.backend.ovs_idl [None req-d6e3e400-0290-4f02-82be-56756e5c5800 None None] Created lookup_table index Port_Binding.logical_port {{(pid=104206) autocreate_indices /opt/stack/data/venv/lib/python3.12/site-packages/ovsdbapp/backend/ovs_idl/__init__.py:87}}
Apr 22 02:41:22.869030 np0000169030 devstack@neutron-api.service[104206]: DEBUG ovsdbapp.backend.ovs_idl [None req-d6e3e400-0290-4f02-82be-56756e5c5800 None None] Created schema index Chassis_Private.name {{(pid=104206) autocreate_indices /opt/stack/data/venv/lib/python3.12/site-packages/ovsdbapp/backend/ovs_idl/__init__.py:106}}
Apr 22 02:41:22.869030 np0000169030 devstack@neutron-api.service[104206]: DEBUG ovsdbapp.backend.ovs_idl [None req-d6e3e400-0290-4f02-82be-56756e5c5800 None None] Created schema index Datapath_Binding.tunnel_key {{(pid=104206) autocreate_indices /opt/stack/data/venv/lib/python3.12/site-packages/ovsdbapp/backend/ovs_idl/__init__.py:106}}
Apr 22 02:41:22.870536 np0000169030 devstack@neutron-api.service[104206]: INFO ovsdbapp.backend.ovs_idl.vlog [None req-d6e3e400-0290-4f02-82be-56756e5c5800 None None] ssl:199.19.213.14:6642: connecting...
Apr 22 02:41:22.870720 np0000169030 devstack@neutron-api.service[104208]: INFO ovsdbapp.backend.ovs_idl.vlog [None req-068a1e57-b03f-403d-a595-8ddd7d41166b None None] ssl:199.19.213.14:6642: connecting...
Apr 22 02:41:22.872683 np0000169030 devstack@neutron-api.service[104209]: INFO ovsdbapp.backend.ovs_idl.vlog [None req-5681f6ea-5876-4e39-b6af-6613c53c9ff8 None None] ssl:199.19.213.14:6641: connected
Apr 22 02:41:22.875348 np0000169030 devstack@neutron-api.service[104206]: INFO ovsdbapp.backend.ovs_idl.vlog [None req-d6e3e400-0290-4f02-82be-56756e5c5800 None None] ssl:199.19.213.14:6642: connected
Apr 22 02:41:22.877244 np0000169030 devstack@neutron-api.service[104208]: INFO ovsdbapp.backend.ovs_idl.vlog [None req-068a1e57-b03f-403d-a595-8ddd7d41166b None None] ssl:199.19.213.14:6642: connected
Apr 22 02:41:22.909523 np0000169030 devstack@neutron-api.service[104209]: DEBUG neutron.common.ovn.hash_ring_manager [None req-5681f6ea-5876-4e39-b6af-6613c53c9ff8 None None] Allow caching, nodes 4>=4 {{(pid=104209) _wait_startup_before_caching /opt/stack/neutron/neutron/common/ovn/hash_ring_manager.py:65}}
Apr 22 02:41:22.912005 np0000169030 devstack@neutron-api.service[104208]: DEBUG neutron.common.ovn.hash_ring_manager [None req-068a1e57-b03f-403d-a595-8ddd7d41166b None None] Allow caching, nodes 4>=4 {{(pid=104208) _wait_startup_before_caching /opt/stack/neutron/neutron/common/ovn/hash_ring_manager.py:65}}
Apr 22 02:41:22.916072 np0000169030 devstack@neutron-api.service[104209]: DEBUG neutron.common.ovn.hash_ring_manager [None req-5681f6ea-5876-4e39-b6af-6613c53c9ff8 None None] Hash Ring loaded. 4 active nodes. 0 offline nodes {{(pid=104209) _load_hash_ring /opt/stack/neutron/neutron/common/ovn/hash_ring_manager.py:102}}
Apr 22 02:41:22.916168 np0000169030 devstack@neutron-api.service[104206]: DEBUG neutron.common.ovn.hash_ring_manager [None req-d6e3e400-0290-4f02-82be-56756e5c5800 None None] Allow caching, nodes 4>=4 {{(pid=104206) _wait_startup_before_caching /opt/stack/neutron/neutron/common/ovn/hash_ring_manager.py:65}}
Apr 22 02:41:22.916263 np0000169030 devstack@neutron-api.service[104208]: DEBUG neutron.common.ovn.hash_ring_manager [None req-068a1e57-b03f-403d-a595-8ddd7d41166b None None] Hash Ring loaded. 4 active nodes. 0 offline nodes {{(pid=104208) _load_hash_ring /opt/stack/neutron/neutron/common/ovn/hash_ring_manager.py:102}}
Apr 22 02:41:22.916443 np0000169030 devstack@neutron-api.service[104209]: DEBUG neutron.plugins.ml2.drivers.ovn.mech_driver.ovsdb.ovsdb_monitor [None req-5681f6ea-5876-4e39-b6af-6613c53c9ff8 None None] Hash Ring: Node 56de50df206551e683a67bdab2b57b85 (host: np0000169030) handling event "create" for row 281d0b76-9dd1-40c8-af56-c8e8be226704 (table: ACL) {{(pid=104209) notify /opt/stack/neutron/neutron/plugins/ml2/drivers/ovn/mech_driver/ovsdb/ovsdb_monitor.py:914}}
Apr 22 02:41:22.916508 np0000169030 devstack@neutron-api.service[104208]: DEBUG neutron.plugins.ml2.drivers.ovn.mech_driver.ovsdb.ovsdb_monitor [None req-068a1e57-b03f-403d-a595-8ddd7d41166b None None] ChassisAgentWriteEvent : Matched Chassis_Private, create, None None {{(pid=104208) matches /opt/stack/neutron/neutron/plugins/ml2/drivers/ovn/mech_driver/ovsdb/ovsdb_monitor.py:64}}
Apr 22 02:41:22.916568 np0000169030 devstack@neutron-api.service[104208]: DEBUG neutron.plugins.ml2.drivers.ovn.mech_driver.ovsdb.ovsdb_monitor [None req-068a1e57-b03f-403d-a595-8ddd7d41166b None None] ChassisOVNAgentWriteEvent : Matched Chassis_Private, create, None None {{(pid=104208) matches /opt/stack/neutron/neutron/plugins/ml2/drivers/ovn/mech_driver/ovsdb/ovsdb_monitor.py:64}}
Apr 22 02:41:22.918959 np0000169030 devstack@neutron-api.service[104209]: INFO neutron.plugins.ml2.drivers.ovn.mech_driver.ovsdb.impl_idl_ovn [None req-5681f6ea-5876-4e39-b6af-6613c53c9ff8 None None] Getting OvsdbSbOvnIdl for WorkerService with retry
Apr 22 02:41:22.919613 np0000169030 devstack@neutron-api.service[104206]: DEBUG neutron.common.ovn.hash_ring_manager [None req-d6e3e400-0290-4f02-82be-56756e5c5800 None None] Hash Ring loaded. 4 active nodes. 0 offline nodes {{(pid=104206) _load_hash_ring /opt/stack/neutron/neutron/common/ovn/hash_ring_manager.py:102}}
Apr 22 02:41:22.919613 np0000169030 devstack@neutron-api.service[104206]: DEBUG neutron.plugins.ml2.drivers.ovn.mech_driver.ovsdb.ovsdb_monitor [None req-d6e3e400-0290-4f02-82be-56756e5c5800 None None] Hash Ring: Node 738b8d216b595dbdad4b5cc301321f13 (host: np0000169030) handling event "create" for row 7c74eda7-d41d-4dd0-81ab-917f0b155416 (table: Chassis) {{(pid=104206) notify /opt/stack/neutron/neutron/plugins/ml2/drivers/ovn/mech_driver/ovsdb/ovsdb_monitor.py:914}}
Apr 22 02:41:22.921237 np0000169030 devstack@neutron-api.service[104206]: DEBUG ovsdbapp.backend.ovs_idl.event [None req-d6e3e400-0290-4f02-82be-56756e5c5800 None None] Matched CREATE: ChassisBandwidthConfigEvent(events=('create', 'update'), table='Chassis', conditions=None, old_conditions=None), priority=20 to row=Chassis(uuid=7c74eda7-d41d-4dd0-81ab-917f0b155416, encaps=[8a05738a-23d1-4e56-accb-92d0c0d1c62a], external_ids={}, hostname='np0000169030', name='071eccac-0417-4778-9d19-d1d27d74cc59', nb_cfg=0, other_config={'ct-commit-nat-v2': 'true', 'ct-commit-to-zone': 'true', 'ct-next-zone': 'true', 'ct-no-masked-label': 'true', 'ct-state-save': 'true', 'datapath-type': 'system', 'fdb-timestamp': 'true', 'iface-types': 'afxdp,afxdp-nonpmd,bareudp,erspan,geneve,gre,gtpu,internal,ip6erspan,ip6gre,lisp,patch,srv6,stt,system,tap,vxlan', 'is-interconn': 'false', 'ls-dpg-column': 'true', 'mac-binding-timestamp': 'true', 'ovn-bridge-mappings': 'public:br-ex', 'ovn-chassis-mac-mappings': '', 'ovn-cms-options': 'enable-chassis-as-gw', 'ovn-ct-lb-related': 'true', 'ovn-enable-lflow-cache': 'true', 'ovn-limit-lflow-cache': '', 'ovn-memlimit-lflow-cache-kb': '', 'ovn-monitor-all': 'false', 'ovn-trim-limit-lflow-cache': '', 'ovn-trim-timeout-ms': '', 'ovn-trim-wmark-perc-lflow-cache': '', 'port-up-notif': 'true'}, transport_zones=[], vtep_logical_switches=[]) old= {{(pid=104206) matches /opt/stack/data/venv/lib/python3.12/site-packages/ovsdbapp/backend/ovs_idl/event.py:55}}
Apr 22 02:41:22.922101 np0000169030 devstack@neutron-api.service[104208]: INFO neutron.plugins.ml2.drivers.ovn.mech_driver.mech_driver [None req-068a1e57-b03f-403d-a595-8ddd7d41166b None None] WorkerService process has finished the post initialization
Apr 22 02:41:22.922700 np0000169030 devstack@neutron-api.service[104206]: DEBUG neutron.plugins.ml2.drivers.ovn.mech_driver.ovsdb.ovsdb_monitor [None req-d6e3e400-0290-4f02-82be-56756e5c5800 None None] ChassisAgentWriteEvent : Matched Chassis_Private, create, None None {{(pid=104206) matches /opt/stack/neutron/neutron/plugins/ml2/drivers/ovn/mech_driver/ovsdb/ovsdb_monitor.py:64}}
Apr 22 02:41:22.922700 np0000169030 devstack@neutron-api.service[104206]: DEBUG neutron.plugins.ml2.drivers.ovn.mech_driver.ovsdb.ovsdb_monitor [None req-d6e3e400-0290-4f02-82be-56756e5c5800 None None] ChassisOVNAgentWriteEvent : Matched Chassis_Private, create, None None {{(pid=104206) matches /opt/stack/neutron/neutron/plugins/ml2/drivers/ovn/mech_driver/ovsdb/ovsdb_monitor.py:64}}
Apr 22 02:41:22.922700 np0000169030 devstack@neutron-api.service[104206]: DEBUG neutron.plugins.ml2.drivers.ovn.mech_driver.ovsdb.ovsdb_monitor [None req-d6e3e400-0290-4f02-82be-56756e5c5800 None None] Hash Ring: Node 738b8d216b595dbdad4b5cc301321f13 (host: np0000169030) handling event "create" for row 94bea3be-4da1-49b8-9d0d-eb5ab5b517dc (table: Chassis_Private) {{(pid=104206) notify /opt/stack/neutron/neutron/plugins/ml2/drivers/ovn/mech_driver/ovsdb/ovsdb_monitor.py:914}}
Apr 22 02:41:22.922700 np0000169030 devstack@neutron-api.service[104206]: DEBUG neutron.plugins.ml2.drivers.ovn.mech_driver.ovsdb.ovsdb_monitor [None req-d6e3e400-0290-4f02-82be-56756e5c5800 None None] Hash Ring: Node 738b8d216b595dbdad4b5cc301321f13 (host: np0000169030) handling event "create" for row 8a05738a-23d1-4e56-accb-92d0c0d1c62a (table: Encap) {{(pid=104206) notify /opt/stack/neutron/neutron/plugins/ml2/drivers/ovn/mech_driver/ovsdb/ovsdb_monitor.py:914}}
Apr 22 02:41:22.922700 np0000169030 devstack@neutron-api.service[104206]: INFO neutron.plugins.ml2.drivers.ovn.mech_driver.mech_driver [None req-d6e3e400-0290-4f02-82be-56756e5c5800 None None] WorkerService process has finished the post initialization
Apr 22 02:41:22.923320 np0000169030 devstack@neutron-api.service[104208]: WSGI app 0 (mountpoint='') ready in 7 seconds on interpreter 0x7751854a3668 pid: 104208 (default app)
Apr 22 02:41:22.923930 np0000169030 devstack@neutron-api.service[104206]: WSGI app 0 (mountpoint='') ready in 7 seconds on interpreter 0x7751854a3668 pid: 104206 (default app)
Apr 22 02:41:22.923930 np0000169030 devstack@neutron-api.service[104206]: INFO neutron.plugins.ml2.drivers.ovn.mech_driver.ovsdb.extensions.qos [-] Starting OVNClientQosExtension
Apr 22 02:41:22.924820 np0000169030 devstack@neutron-api.service[104206]: INFO neutron.plugins.ml2.drivers.ovn.mech_driver.ovsdb.extensions.placement [-] Starting OVNClientPlacementExtension
Apr 22 02:41:22.949335 np0000169030 devstack@neutron-api.service[104209]: DEBUG ovsdbapp.backend.ovs_idl [None req-5681f6ea-5876-4e39-b6af-6613c53c9ff8 None None] Created lookup_table index Chassis.name {{(pid=104209) autocreate_indices /opt/stack/data/venv/lib/python3.12/site-packages/ovsdbapp/backend/ovs_idl/__init__.py:87}}
Apr 22 02:41:22.949444 np0000169030 devstack@neutron-api.service[104209]: DEBUG ovsdbapp.backend.ovs_idl [None req-5681f6ea-5876-4e39-b6af-6613c53c9ff8 None None] Created lookup_table index Port_Binding.logical_port {{(pid=104209) autocreate_indices /opt/stack/data/venv/lib/python3.12/site-packages/ovsdbapp/backend/ovs_idl/__init__.py:87}}
Apr 22 02:41:22.949546 np0000169030 devstack@neutron-api.service[104209]: DEBUG ovsdbapp.backend.ovs_idl [None req-5681f6ea-5876-4e39-b6af-6613c53c9ff8 None None] Created schema index Chassis_Private.name {{(pid=104209) autocreate_indices /opt/stack/data/venv/lib/python3.12/site-packages/ovsdbapp/backend/ovs_idl/__init__.py:106}}
Apr 22 02:41:22.949624 np0000169030 devstack@neutron-api.service[104209]: DEBUG ovsdbapp.backend.ovs_idl [None req-5681f6ea-5876-4e39-b6af-6613c53c9ff8 None None] Created schema index Datapath_Binding.tunnel_key {{(pid=104209) autocreate_indices /opt/stack/data/venv/lib/python3.12/site-packages/ovsdbapp/backend/ovs_idl/__init__.py:106}}
Apr 22 02:41:22.951861 np0000169030 devstack@neutron-api.service[104209]: INFO ovsdbapp.backend.ovs_idl.vlog [None req-5681f6ea-5876-4e39-b6af-6613c53c9ff8 None None] ssl:199.19.213.14:6642: connecting...
Apr 22 02:41:22.955718 np0000169030 devstack@neutron-api.service[104209]: INFO ovsdbapp.backend.ovs_idl.vlog [None req-5681f6ea-5876-4e39-b6af-6613c53c9ff8 None None] ssl:199.19.213.14:6642: connected
Apr 22 02:41:23.020205 np0000169030 devstack@neutron-api.service[104209]: DEBUG neutron.common.ovn.hash_ring_manager [None req-5681f6ea-5876-4e39-b6af-6613c53c9ff8 None None] Allow caching, nodes 4>=4 {{(pid=104209) _wait_startup_before_caching /opt/stack/neutron/neutron/common/ovn/hash_ring_manager.py:65}}
Apr 22 02:41:23.025388 np0000169030 devstack@neutron-api.service[104209]: DEBUG neutron.common.ovn.hash_ring_manager [None req-5681f6ea-5876-4e39-b6af-6613c53c9ff8 None None] Hash Ring loaded. 4 active nodes. 0 offline nodes {{(pid=104209) _load_hash_ring /opt/stack/neutron/neutron/common/ovn/hash_ring_manager.py:102}}
Apr 22 02:41:23.025564 np0000169030 devstack@neutron-api.service[104209]: DEBUG neutron.plugins.ml2.drivers.ovn.mech_driver.ovsdb.ovsdb_monitor [None req-5681f6ea-5876-4e39-b6af-6613c53c9ff8 None None] ChassisAgentWriteEvent : Matched Chassis_Private, create, None None {{(pid=104209) matches /opt/stack/neutron/neutron/plugins/ml2/drivers/ovn/mech_driver/ovsdb/ovsdb_monitor.py:64}}
Apr 22 02:41:23.025723 np0000169030 devstack@neutron-api.service[104209]: DEBUG neutron.plugins.ml2.drivers.ovn.mech_driver.ovsdb.ovsdb_monitor [None req-5681f6ea-5876-4e39-b6af-6613c53c9ff8 None None] ChassisOVNAgentWriteEvent : Matched Chassis_Private, create, None None {{(pid=104209) matches /opt/stack/neutron/neutron/plugins/ml2/drivers/ovn/mech_driver/ovsdb/ovsdb_monitor.py:64}}
Apr 22 02:41:23.028496 np0000169030 devstack@neutron-api.service[104209]: INFO neutron.plugins.ml2.drivers.ovn.mech_driver.mech_driver [None req-5681f6ea-5876-4e39-b6af-6613c53c9ff8 None None] WorkerService process has finished the post initialization
Apr 22 02:41:23.029837 np0000169030 devstack@neutron-api.service[104209]: WSGI app 0 (mountpoint='') ready in 8 seconds on interpreter 0x7751854a3668 pid: 104209 (default app)
Apr 22 02:41:24.248282 np0000169030 devstack@neutron-api.service[104208]: DEBUG neutron.plugins.ml2.drivers.ovn.mech_driver.ovsdb.ovsdb_monitor [-] Hash Ring: Node bc47ca99706658c6acd2ad3de0ba98c7 (host: np0000169030) handling event "update" for row faa215c1-1783-4f2b-bab5-ff32b1c24481 (table: Connection) {{(pid=104208) notify /opt/stack/neutron/neutron/plugins/ml2/drivers/ovn/mech_driver/ovsdb/ovsdb_monitor.py:914}}
Apr 22 02:41:24.254783 np0000169030 devstack@neutron-api.service[104207]: DEBUG neutron.common.ovn.hash_ring_manager [-] Allow caching, nodes 4>=4 {{(pid=104207) _wait_startup_before_caching /opt/stack/neutron/neutron/common/ovn/hash_ring_manager.py:65}}
Apr 22 02:41:24.254783 np0000169030 devstack@neutron-api.service[104207]: DEBUG neutron.plugins.ml2.drivers.ovn.mech_driver.ovsdb.ovsdb_monitor [-] Hash Ring: Node 4341dceed4ce5dc498e7af68d0d1db16 (host: np0000169030) handling event "update" for row faa215c1-1783-4f2b-bab5-ff32b1c24481 (table: Connection) {{(pid=104207) notify /opt/stack/neutron/neutron/plugins/ml2/drivers/ovn/mech_driver/ovsdb/ovsdb_monitor.py:914}}
Apr 22 02:41:26.785372 np0000169030 devstack@neutron-api.service[104207]: DEBUG neutron.plugins.ml2.drivers.ovn.mech_driver.ovsdb.ovsdb_monitor [-] Hash Ring: Node 4341dceed4ce5dc498e7af68d0d1db16 (host: np0000169030) handling event "update" for row faa215c1-1783-4f2b-bab5-ff32b1c24481 (table: Connection) {{(pid=104207) notify /opt/stack/neutron/neutron/plugins/ml2/drivers/ovn/mech_driver/ovsdb/ovsdb_monitor.py:914}}
Apr 22 02:41:26.787081 np0000169030 devstack@neutron-api.service[104208]: DEBUG neutron.plugins.ml2.drivers.ovn.mech_driver.ovsdb.ovsdb_monitor [-] Hash Ring: Node bc47ca99706658c6acd2ad3de0ba98c7 (host: np0000169030) handling event "update" for row faa215c1-1783-4f2b-bab5-ff32b1c24481 (table: Connection) {{(pid=104208) notify /opt/stack/neutron/neutron/plugins/ml2/drivers/ovn/mech_driver/ovsdb/ovsdb_monitor.py:914}}
Apr 22 02:41:29.203899 np0000169030 devstack@neutron-api.service[104207]: DEBUG neutron.api.wsgi [None req-8421e9ae-2e53-4b2e-93ba-ed6ca29384cc admin admin] Missing Content-Type {{(pid=104207) get_content_type /opt/stack/neutron/neutron/api/wsgi.py:85}}
Apr 22 02:41:29.203899 np0000169030 devstack@neutron-api.service[104207]: DEBUG neutron.api.wsgi [None req-8421e9ae-2e53-4b2e-93ba-ed6ca29384cc admin admin] https://199.19.213.14/networking/v2.0/extensions returned with HTTP 200 {{(pid=104207) __call__ /opt/stack/neutron/neutron/api/wsgi.py:545}}
Apr 22 02:41:29.203899 np0000169030 devstack@neutron-api.service[104207]: [pid: 104207|app: 0|req: 2/2] 199.19.213.14 () {64 vars in 1316 bytes} [Wed Apr 22 02:41:28 2026] GET /networking/v2.0/extensions => generated 15209 bytes in 590 msecs (HTTP/1.1 200) 4 headers in 159 bytes (1 switches on core 0)
Apr 22 02:41:29.623477 np0000169030 devstack@neutron-api.service[104208]: DEBUG neutron.api.v2.base [None req-f0e81f48-502f-4b17-897e-6ac0efe0f847 admin admin] Request body: {'subnetpool': {'default_prefixlen': 26, 'is_default': True, 'prefixes': ['10.1.0.0/20'], 'name': 'shared-default-subnetpool-v4', 'shared': True}} {{(pid=104208) prepare_request_body /opt/stack/neutron/neutron/api/v2/base.py:727}}
Apr 22 02:41:29.852518 np0000169030 devstack@neutron-api.service[104208]: DEBUG neutron.policy [None req-f0e81f48-502f-4b17-897e-6ac0efe0f847 admin admin] Loaded default policies from ['neutron'] under neutron.policies entry points {{(pid=104208) register_rules /opt/stack/neutron/neutron/policy.py:65}}
Apr 22 02:41:30.007486 np0000169030 devstack@neutron-api.service[104208]: DEBUG neutron_lib.callbacks.manager [None req-f0e81f48-502f-4b17-897e-6ac0efe0f847 admin admin] Publish callbacks ['neutron.objects.securitygroup.RbacNeutronDbObjectMixin.validate_rbac_policy_change-1441779634168', 'neutron.objects.address_group.RbacNeutronDbObjectMixin.validate_rbac_policy_change-1441779618342', 'neutron.objects.network.RbacNeutronDbObjectMixin.validate_rbac_policy_change-1441779542460', 'neutron.objects.qos.policy.RbacNeutronDbObjectMixin.validate_rbac_policy_change-1441779546834', 'neutron.objects.subnetpool.RbacNeutronDbObjectMixin.validate_rbac_policy_change-1441779518388', 'neutron.objects.address_scope.RbacNeutronDbObjectMixin.validate_rbac_policy_change-1441779547459', 'neutron.plugins.ml2.plugin.External_net_db_mixin._process_ext_policy_create-16540', 'neutron.plugins.ml2.plugin.NeutronDbPluginV2.validate_network_rbac_policy_change-1046792'] for rbac-policy (None), before_create {{(pid=104208) _notify_loop /opt/stack/data/venv/lib/python3.12/site-packages/neutron_lib/callbacks/manager.py:184}}
Apr 22 02:41:30.064367 np0000169030 devstack@neutron-api.service[104208]: DEBUG neutron_lib.callbacks.manager [None req-f0e81f48-502f-4b17-897e-6ac0efe0f847 admin admin] Publish callbacks [] for subnetpool (None), before_response {{(pid=104208) _notify_loop /opt/stack/data/venv/lib/python3.12/site-packages/neutron_lib/callbacks/manager.py:184}}
Apr 22 02:41:30.064877 np0000169030 devstack@neutron-api.service[104208]: [pid: 104208|app: 0|req: 1/3] 199.19.213.14 () {68 vars in 1360 bytes} [Wed Apr 22 02:41:29 2026] POST /networking/v2.0/subnetpools => generated 533 bytes in 554 msecs (HTTP/1.1 201) 4 headers in 162 bytes (1 switches on core 0)
Apr 22 02:41:30.391194 np0000169030 devstack@neutron-api.service[104206]: DEBUG neutron.api.v2.base [None req-a8652da0-f177-4d5f-866a-ff0365df48b1 admin admin] Request body: {'subnetpool': {'default_prefixlen': 64, 'is_default': True, 'prefixes': ['fda2:6285:2043::/56'], 'name': 'shared-default-subnetpool-v6', 'shared': True}} {{(pid=104206) prepare_request_body /opt/stack/neutron/neutron/api/v2/base.py:727}}
Apr 22 02:41:30.570914 np0000169030 devstack@neutron-api.service[104206]: DEBUG neutron.policy [None req-a8652da0-f177-4d5f-866a-ff0365df48b1 admin admin] Loaded default policies from ['neutron'] under neutron.policies entry points {{(pid=104206) register_rules /opt/stack/neutron/neutron/policy.py:65}}
Apr 22 02:41:30.753649 np0000169030 devstack@neutron-api.service[104206]: DEBUG neutron_lib.callbacks.manager [None req-a8652da0-f177-4d5f-866a-ff0365df48b1 admin admin] Publish callbacks ['neutron.objects.securitygroup.RbacNeutronDbObjectMixin.validate_rbac_policy_change-1441779508012', 'neutron.objects.address_group.RbacNeutronDbObjectMixin.validate_rbac_policy_change-1441779621099', 'neutron.objects.network.RbacNeutronDbObjectMixin.validate_rbac_policy_change-1441779542802', 'neutron.objects.qos.policy.RbacNeutronDbObjectMixin.validate_rbac_policy_change-1441779525398', 'neutron.objects.subnetpool.RbacNeutronDbObjectMixin.validate_rbac_policy_change-1441780355960', 'neutron.objects.address_scope.RbacNeutronDbObjectMixin.validate_rbac_policy_change-1441779526023', 'neutron.plugins.ml2.plugin.External_net_db_mixin._process_ext_policy_create-932812', 'neutron.plugins.ml2.plugin.NeutronDbPluginV2.validate_network_rbac_policy_change-938668'] for rbac-policy (None), before_create {{(pid=104206) _notify_loop /opt/stack/data/venv/lib/python3.12/site-packages/neutron_lib/callbacks/manager.py:184}}
Apr 22 02:41:30.803950 np0000169030 devstack@neutron-api.service[104206]: DEBUG neutron_lib.callbacks.manager [None req-a8652da0-f177-4d5f-866a-ff0365df48b1 admin admin] Publish callbacks [] for subnetpool (None), before_response {{(pid=104206) _notify_loop /opt/stack/data/venv/lib/python3.12/site-packages/neutron_lib/callbacks/manager.py:184}}
Apr 22 02:41:30.804775 np0000169030 devstack@neutron-api.service[104206]: [pid: 104206|app: 0|req: 1/4] 199.19.213.14 () {68 vars in 1360 bytes} [Wed Apr 22 02:41:30 2026] POST /networking/v2.0/subnetpools => generated 543 bytes in 527 msecs (HTTP/1.1 201) 4 headers in 162 bytes (2 switches on core 0)
Apr 22 02:41:31.240356 np0000169030 devstack@neutron-api.service[104209]: DEBUG neutron.api.v2.base [None req-45ff9524-0b96-4140-8ddd-acc4fa75b93b admin admin] Request body: {'network': {'admin_state_up': True, 'name': 'private'}} {{(pid=104209) prepare_request_body /opt/stack/neutron/neutron/api/v2/base.py:727}}
Apr 22 02:41:31.267927 np0000169030 devstack@neutron-api.service[104209]: DEBUG neutron.pecan_wsgi.hooks.quota_enforcement [None req-45ff9524-0b96-4140-8ddd-acc4fa75b93b admin admin] Made reservation on behalf of 759450839f1945d2a2f8ef090271f679 for: {'network': 1} {{(pid=104209) before /opt/stack/neutron/neutron/pecan_wsgi/hooks/quota_enforcement.py:66}}
Apr 22 02:41:31.455212 np0000169030 devstack@neutron-api.service[104209]: DEBUG neutron.policy [None req-45ff9524-0b96-4140-8ddd-acc4fa75b93b admin admin] Loaded default policies from ['neutron'] under neutron.policies entry points {{(pid=104209) register_rules /opt/stack/neutron/neutron/policy.py:65}}
Apr 22 02:41:31.568130 np0000169030 devstack@neutron-api.service[104209]: DEBUG neutron_lib.callbacks.manager [None req-45ff9524-0b96-4140-8ddd-acc4fa75b93b admin admin] Publish callbacks ['neutron.plugins.ml2.plugin.SecurityGroupDbMixin._ensure_default_security_group_handler-49212'] for network (None), before_create {{(pid=104209) _notify_loop /opt/stack/data/venv/lib/python3.12/site-packages/neutron_lib/callbacks/manager.py:184}}
Apr 22 02:41:31.588839 np0000169030 devstack@neutron-api.service[104209]: DEBUG neutron_lib.callbacks.manager [None req-45ff9524-0b96-4140-8ddd-acc4fa75b93b admin admin] Publish callbacks [] for security_group (None), before_create {{(pid=104209) _notify_loop /opt/stack/data/venv/lib/python3.12/site-packages/neutron_lib/callbacks/manager.py:184}}
Apr 22 02:41:31.705005 np0000169030 devstack@neutron-api.service[104209]: DEBUG neutron_lib.callbacks.manager [None req-45ff9524-0b96-4140-8ddd-acc4fa75b93b admin admin] Publish callbacks ['neutron.plugins.ml2.drivers.ovn.mech_driver.mech_driver.OVNMechanismDriver._create_security_group_precommit-315263'] for security_group (d074d8d1-ad2e-47d8-930c-ab1157deb446), precommit_create {{(pid=104209) _notify_loop /opt/stack/data/venv/lib/python3.12/site-packages/neutron_lib/callbacks/manager.py:184}}
Apr 22 02:41:31.705474 np0000169030 devstack@neutron-api.service[104209]: DEBUG neutron.db.ovn_revision_numbers_db [None req-45ff9524-0b96-4140-8ddd-acc4fa75b93b admin admin] create_initial_revision uuid=d074d8d1-ad2e-47d8-930c-ab1157deb446, type=security_groups, rev=-1 {{(pid=104209) create_initial_revision /opt/stack/neutron/neutron/db/ovn_revision_numbers_db.py:98}}
Apr 22 02:41:31.707597 np0000169030 devstack@neutron-api.service[104209]: DEBUG neutron.db.ovn_revision_numbers_db [None req-45ff9524-0b96-4140-8ddd-acc4fa75b93b admin admin] create_initial_revision uuid=2ca6f08b-962d-442d-bd09-2d0149cbb254, type=security_group_rules, rev=-1 {{(pid=104209) create_initial_revision /opt/stack/neutron/neutron/db/ovn_revision_numbers_db.py:98}}
Apr 22 02:41:31.708389 np0000169030 devstack@neutron-api.service[104209]: DEBUG neutron.db.ovn_revision_numbers_db [None req-45ff9524-0b96-4140-8ddd-acc4fa75b93b admin admin] create_initial_revision uuid=4b2474f9-e83f-4cec-afac-416c8d64c1eb, type=security_group_rules, rev=-1 {{(pid=104209) create_initial_revision /opt/stack/neutron/neutron/db/ovn_revision_numbers_db.py:98}}
Apr 22 02:41:31.709225 np0000169030 devstack@neutron-api.service[104209]: DEBUG neutron.db.ovn_revision_numbers_db [None req-45ff9524-0b96-4140-8ddd-acc4fa75b93b admin admin] create_initial_revision uuid=d6d10feb-fb05-48e3-92ae-58fec564a260, type=security_group_rules, rev=-1 {{(pid=104209) create_initial_revision /opt/stack/neutron/neutron/db/ovn_revision_numbers_db.py:98}}
Apr 22 02:41:31.710065 np0000169030 devstack@neutron-api.service[104209]: DEBUG neutron.db.ovn_revision_numbers_db [None req-45ff9524-0b96-4140-8ddd-acc4fa75b93b admin admin] create_initial_revision uuid=f17e0f59-3a84-4ac2-8ea2-24e2aac3d20c, type=security_group_rules, rev=-1 {{(pid=104209) create_initial_revision /opt/stack/neutron/neutron/db/ovn_revision_numbers_db.py:98}}
Apr 22 02:41:31.718473 np0000169030 devstack@neutron-api.service[104209]: DEBUG neutron_lib.callbacks.manager [None req-45ff9524-0b96-4140-8ddd-acc4fa75b93b admin admin] Publish callbacks ['neutron.plugins.ml2.drivers.ovn.mech_driver.mech_driver.OVNMechanismDriver._create_security_group-315237', 'neutron.plugins.ml2.ovo_rpc._ObjectChangeHandler.handle_event-2982750'] for security_group (d074d8d1-ad2e-47d8-930c-ab1157deb446), after_create {{(pid=104209) _notify_loop /opt/stack/data/venv/lib/python3.12/site-packages/neutron_lib/callbacks/manager.py:184}}
Apr 22 02:41:31.718473 np0000169030 devstack@neutron-api.service[104209]: INFO neutron.plugins.ml2.drivers.ovn.mech_driver.ovsdb.extensions.qos [None req-45ff9524-0b96-4140-8ddd-acc4fa75b93b admin admin] Starting OVNClientQosExtension
Apr 22 02:41:31.718668 np0000169030 devstack@neutron-api.service[104209]: INFO neutron.plugins.ml2.drivers.ovn.mech_driver.ovsdb.extensions.placement [None req-45ff9524-0b96-4140-8ddd-acc4fa75b93b admin admin] Starting OVNClientPlacementExtension
Apr 22 02:41:31.719605 np0000169030 devstack@neutron-api.service[104209]: DEBUG ovsdbapp.backend.ovs_idl.transaction [-] Running txn n=1 command(idx=0): PgAddCommand(_result=None, name=pg_d074d8d1_ad2e_47d8_930c_ab1157deb446, may_exist=False, columns={'acls': [], 'external_ids': {'neutron:security_group_id': 'd074d8d1-ad2e-47d8-930c-ab1157deb446'}}) {{(pid=104209) do_commit /opt/stack/data/venv/lib/python3.12/site-packages/ovsdbapp/backend/ovs_idl/transaction.py:89}}
Apr 22 02:41:31.721453 np0000169030 devstack@neutron-api.service[104209]: DEBUG ovsdbapp.backend.ovs_idl.transaction [-] Running txn n=1 command(idx=1): PgAclAddCommand(_result=None, entity=pg_d074d8d1_ad2e_47d8_930c_ab1157deb446, direction=from-lport, priority=1002, match=inport == @pg_d074d8d1_ad2e_47d8_930c_ab1157deb446 && ip4, action=allow-related, log=False, may_exist=True, severity=[], name=[], meter=[], external_ids={'neutron:security_group_rule_id': '2ca6f08b-962d-442d-bd09-2d0149cbb254'}) {{(pid=104209) do_commit /opt/stack/data/venv/lib/python3.12/site-packages/ovsdbapp/backend/ovs_idl/transaction.py:89}}
Apr 22 02:41:31.722018 np0000169030 devstack@neutron-api.service[104209]: DEBUG ovsdbapp.backend.ovs_idl.transaction [-] Running txn n=1 command(idx=2): PgAclAddCommand(_result=None, entity=pg_d074d8d1_ad2e_47d8_930c_ab1157deb446, direction=from-lport, priority=1002, match=inport == @pg_d074d8d1_ad2e_47d8_930c_ab1157deb446 && ip6, action=allow-related, log=False, may_exist=True, severity=[], name=[], meter=[], external_ids={'neutron:security_group_rule_id': '4b2474f9-e83f-4cec-afac-416c8d64c1eb'}) {{(pid=104209) do_commit /opt/stack/data/venv/lib/python3.12/site-packages/ovsdbapp/backend/ovs_idl/transaction.py:89}}
Apr 22 02:41:31.722543 np0000169030 devstack@neutron-api.service[104209]: DEBUG ovsdbapp.backend.ovs_idl.transaction [-] Running txn n=1 command(idx=3): PgAclAddCommand(_result=None, entity=pg_d074d8d1_ad2e_47d8_930c_ab1157deb446, direction=to-lport, priority=1002, match=outport == @pg_d074d8d1_ad2e_47d8_930c_ab1157deb446 && ip6 && ip6.src == $pg_d074d8d1_ad2e_47d8_930c_ab1157deb446_ip6, action=allow-related, log=False, may_exist=True, severity=[], name=[], meter=[], external_ids={'neutron:security_group_rule_id': 'd6d10feb-fb05-48e3-92ae-58fec564a260'}) {{(pid=104209) do_commit /opt/stack/data/venv/lib/python3.12/site-packages/ovsdbapp/backend/ovs_idl/transaction.py:89}}
Apr 22 02:41:31.722971 np0000169030 devstack@neutron-api.service[104209]: DEBUG ovsdbapp.backend.ovs_idl.transaction [-] Running txn n=1 command(idx=4): PgAclAddCommand(_result=None, entity=pg_d074d8d1_ad2e_47d8_930c_ab1157deb446, direction=to-lport, priority=1002, match=outport == @pg_d074d8d1_ad2e_47d8_930c_ab1157deb446 && ip4 && ip4.src == $pg_d074d8d1_ad2e_47d8_930c_ab1157deb446_ip4, action=allow-related, log=False, may_exist=True, severity=[], name=[], meter=[], external_ids={'neutron:security_group_rule_id': 'f17e0f59-3a84-4ac2-8ea2-24e2aac3d20c'}) {{(pid=104209) do_commit /opt/stack/data/venv/lib/python3.12/site-packages/ovsdbapp/backend/ovs_idl/transaction.py:89}}
Apr 22 02:41:31.729817 np0000169030 devstack@neutron-api.service[104209]: DEBUG neutron.plugins.ml2.drivers.ovn.mech_driver.ovsdb.ovsdb_monitor [-] Hash Ring: Node 56de50df206551e683a67bdab2b57b85 (host: np0000169030) handling event "create" for row 35c4e1ba-c9e3-4ed5-8e48-50d6ec5cd29d (table: ACL) {{(pid=104209) notify /opt/stack/neutron/neutron/plugins/ml2/drivers/ovn/mech_driver/ovsdb/ovsdb_monitor.py:914}}
Apr 22 02:41:31.730885 np0000169030 devstack@neutron-api.service[104207]: DEBUG neutron.plugins.ml2.drivers.ovn.mech_driver.ovsdb.ovsdb_monitor [-] Hash Ring: Node 4341dceed4ce5dc498e7af68d0d1db16 (host: np0000169030) handling event "create" for row 0d2c41fa-fb8e-469d-9ad7-96b850dbf38a (table: ACL) {{(pid=104207) notify /opt/stack/neutron/neutron/plugins/ml2/drivers/ovn/mech_driver/ovsdb/ovsdb_monitor.py:914}}
Apr 22 02:41:31.731180 np0000169030 devstack@neutron-api.service[104207]: DEBUG neutron.plugins.ml2.drivers.ovn.mech_driver.ovsdb.ovsdb_monitor [-] Hash Ring: Node 4341dceed4ce5dc498e7af68d0d1db16 (host: np0000169030) handling event "create" for row 35c4e1ba-c9e3-4ed5-8e48-50d6ec5cd29d (table: ACL) {{(pid=104207) notify /opt/stack/neutron/neutron/plugins/ml2/drivers/ovn/mech_driver/ovsdb/ovsdb_monitor.py:914}}
Apr 22 02:41:31.731355 np0000169030 devstack@neutron-api.service[104207]: DEBUG neutron.plugins.ml2.drivers.ovn.mech_driver.ovsdb.ovsdb_monitor [-] Hash Ring: Node 4341dceed4ce5dc498e7af68d0d1db16 (host: np0000169030) handling event "create" for row ea1ac8f6-df03-46b1-b6d6-2cf791a5b9f3 (table: ACL) {{(pid=104207) notify /opt/stack/neutron/neutron/plugins/ml2/drivers/ovn/mech_driver/ovsdb/ovsdb_monitor.py:914}}
Apr 22 02:41:31.731646 np0000169030 devstack@neutron-api.service[104207]: DEBUG neutron.plugins.ml2.drivers.ovn.mech_driver.ovsdb.ovsdb_monitor [-] Hash Ring: Node 4341dceed4ce5dc498e7af68d0d1db16 (host: np0000169030) handling event "create" for row f5ee222e-918b-473d-a595-391d4f7840f7 (table: ACL) {{(pid=104207) notify /opt/stack/neutron/neutron/plugins/ml2/drivers/ovn/mech_driver/ovsdb/ovsdb_monitor.py:914}}
Apr 22 02:41:31.731922 np0000169030 devstack@neutron-api.service[104207]: DEBUG neutron.plugins.ml2.drivers.ovn.mech_driver.ovsdb.ovsdb_monitor [-] Hash Ring: Node 4341dceed4ce5dc498e7af68d0d1db16 (host: np0000169030) handling event "create" for row b4daa622-fc6f-458b-a326-2bf330f1938a (table: Port_Group) {{(pid=104207) notify /opt/stack/neutron/neutron/plugins/ml2/drivers/ovn/mech_driver/ovsdb/ovsdb_monitor.py:914}}
Apr 22 02:41:31.732252 np0000169030 devstack@neutron-api.service[104206]: DEBUG neutron.plugins.ml2.drivers.ovn.mech_driver.ovsdb.ovsdb_monitor [-] Hash Ring: Node 738b8d216b595dbdad4b5cc301321f13 (host: np0000169030) handling event "create" for row ea1ac8f6-df03-46b1-b6d6-2cf791a5b9f3 (table: ACL) {{(pid=104206) notify /opt/stack/neutron/neutron/plugins/ml2/drivers/ovn/mech_driver/ovsdb/ovsdb_monitor.py:914}}
Apr 22 02:41:31.732580 np0000169030 devstack@neutron-api.service[104206]: DEBUG neutron.plugins.ml2.drivers.ovn.mech_driver.ovsdb.ovsdb_monitor [-] Hash Ring: Node 738b8d216b595dbdad4b5cc301321f13 (host: np0000169030) handling event "create" for row b4daa622-fc6f-458b-a326-2bf330f1938a (table: Port_Group) {{(pid=104206) notify /opt/stack/neutron/neutron/plugins/ml2/drivers/ovn/mech_driver/ovsdb/ovsdb_monitor.py:914}}
Apr 22 02:41:31.734722 np0000169030 devstack@neutron-api.service[104208]: DEBUG neutron.plugins.ml2.drivers.ovn.mech_driver.ovsdb.ovsdb_monitor [-] Hash Ring: Node bc47ca99706658c6acd2ad3de0ba98c7 (host: np0000169030) handling event "create" for row 0d2c41fa-fb8e-469d-9ad7-96b850dbf38a (table: ACL) {{(pid=104208) notify /opt/stack/neutron/neutron/plugins/ml2/drivers/ovn/mech_driver/ovsdb/ovsdb_monitor.py:914}}
Apr 22 02:41:31.734722 np0000169030 devstack@neutron-api.service[104208]: DEBUG neutron.plugins.ml2.drivers.ovn.mech_driver.ovsdb.ovsdb_monitor [-] Hash Ring: Node bc47ca99706658c6acd2ad3de0ba98c7 (host: np0000169030) handling event "create" for row f5ee222e-918b-473d-a595-391d4f7840f7 (table: ACL) {{(pid=104208) notify /opt/stack/neutron/neutron/plugins/ml2/drivers/ovn/mech_driver/ovsdb/ovsdb_monitor.py:914}}
Apr 22 02:41:31.758812 np0000169030 devstack@neutron-api.service[104209]: INFO neutron.db.ovn_revision_numbers_db [None req-45ff9524-0b96-4140-8ddd-acc4fa75b93b admin admin] Successfully bumped revision number for resource d074d8d1-ad2e-47d8-930c-ab1157deb446 (type: security_groups) to 1
Apr 22 02:41:31.775060 np0000169030 devstack@neutron-api.service[104209]: INFO neutron.db.ovn_revision_numbers_db [None req-45ff9524-0b96-4140-8ddd-acc4fa75b93b admin admin] Successfully bumped revision number for resource 2ca6f08b-962d-442d-bd09-2d0149cbb254 (type: security_group_rules) to 0
Apr 22 02:41:31.790553 np0000169030 devstack@neutron-api.service[104209]: INFO neutron.db.ovn_revision_numbers_db [None req-45ff9524-0b96-4140-8ddd-acc4fa75b93b admin admin] Successfully bumped revision number for resource 4b2474f9-e83f-4cec-afac-416c8d64c1eb (type: security_group_rules) to 0
Apr 22 02:41:31.803395 np0000169030 devstack@neutron-api.service[104209]: INFO neutron.db.ovn_revision_numbers_db [None req-45ff9524-0b96-4140-8ddd-acc4fa75b93b admin admin] Successfully bumped revision number for resource d6d10feb-fb05-48e3-92ae-58fec564a260 (type: security_group_rules) to 0
Apr 22 02:41:31.817443 np0000169030 devstack@neutron-api.service[104209]: INFO neutron.db.ovn_revision_numbers_db [None req-45ff9524-0b96-4140-8ddd-acc4fa75b93b admin admin] Successfully bumped revision number for resource f17e0f59-3a84-4ac2-8ea2-24e2aac3d20c (type: security_group_rules) to 0
Apr 22 02:41:31.849034 np0000169030 devstack@neutron-api.service[104209]: DEBUG neutron.api.rpc.handlers.resources_rpc [None req-45ff9524-0b96-4140-8ddd-acc4fa75b93b admin admin] Pushing event updated for resources: {'SecurityGroup': ['ID=d074d8d1-ad2e-47d8-930c-ab1157deb446,revision_number=1']} {{(pid=104209) push /opt/stack/neutron/neutron/api/rpc/handlers/resources_rpc.py:237}}
Apr 22 02:41:31.857891 np0000169030 devstack@neutron-api.service[104209]: DEBUG ovsdbapp.backend.ovs_idl.transaction [-] Running txn n=1 command(idx=0): CheckLivenessCommand(_result=None) {{(pid=104209) do_commit /opt/stack/data/venv/lib/python3.12/site-packages/ovsdbapp/backend/ovs_idl/transaction.py:89}}
Apr 22 02:41:31.863214 np0000169030 devstack@neutron-api.service[104207]: DEBUG neutron.plugins.ml2.drivers.ovn.mech_driver.ovsdb.ovsdb_monitor [-] Hash Ring: Node 4341dceed4ce5dc498e7af68d0d1db16 (host: np0000169030) handling event "update" for row a7611260-cd0d-4196-8165-eed50e9b2704 (table: NB_Global) {{(pid=104207) notify /opt/stack/neutron/neutron/plugins/ml2/drivers/ovn/mech_driver/ovsdb/ovsdb_monitor.py:914}}
Apr 22 02:41:31.864314 np0000169030 devstack@neutron-api.service[104208]: DEBUG neutron.plugins.ml2.drivers.ovn.mech_driver.ovsdb.ovsdb_monitor [-] Hash Ring: Node bc47ca99706658c6acd2ad3de0ba98c7 (host: np0000169030) handling event "update" for row a7611260-cd0d-4196-8165-eed50e9b2704 (table: NB_Global) {{(pid=104208) notify /opt/stack/neutron/neutron/plugins/ml2/drivers/ovn/mech_driver/ovsdb/ovsdb_monitor.py:914}}
Apr 22 02:41:31.864848 np0000169030 devstack@neutron-api.service[104207]: DEBUG neutron.plugins.ml2.drivers.ovn.mech_driver.ovsdb.ovsdb_monitor [-] ChassisAgentWriteEvent : Matched Chassis_Private, update, None None {{(pid=104207) matches /opt/stack/neutron/neutron/plugins/ml2/drivers/ovn/mech_driver/ovsdb/ovsdb_monitor.py:64}}
Apr 22 02:41:31.865571 np0000169030 devstack@neutron-api.service[104209]: DEBUG neutron.api.rpc.callbacks.version_manager [None req-45ff9524-0b96-4140-8ddd-acc4fa75b93b admin admin] Tracked resource versions report:
Apr 22 02:41:31.865571 np0000169030 devstack@neutron-api.service[104209]: pushed versions:
Apr 22 02:41:31.865571 np0000169030 devstack@neutron-api.service[104209]: { 'AddressGroup': {'1.2'},
Apr 22 02:41:31.865571 np0000169030 devstack@neutron-api.service[104209]: 'Agent': {'1.1'},
Apr 22 02:41:31.865571 np0000169030 devstack@neutron-api.service[104209]: 'ConntrackHelper': {'1.0'},
Apr 22 02:41:31.865571 np0000169030 devstack@neutron-api.service[104209]: 'LocalIPAssociation': {'1.0'},
Apr 22 02:41:31.865571 np0000169030 devstack@neutron-api.service[104209]: 'Log': {'1.0'},
Apr 22 02:41:31.865571 np0000169030 devstack@neutron-api.service[104209]: 'NDPProxy': {'1.0'},
Apr 22 02:41:31.865571 np0000169030 devstack@neutron-api.service[104209]: 'Network': {'1.2'},
Apr 22 02:41:31.865571 np0000169030 devstack@neutron-api.service[104209]: 'Port': {'1.10'},
Apr 22 02:41:31.865571 np0000169030 devstack@neutron-api.service[104209]: 'PortForwarding': {'1.3'},
Apr 22 02:41:31.865571 np0000169030 devstack@neutron-api.service[104209]: 'QosPolicy': {'1.10'},
Apr 22 02:41:31.865571 np0000169030 devstack@neutron-api.service[104209]: 'SecurityGroup': {'1.6'},
Apr 22 02:41:31.865571 np0000169030 devstack@neutron-api.service[104209]: 'SecurityGroupRule': {'1.3'},
Apr 22 02:41:31.865571 np0000169030 devstack@neutron-api.service[104209]: 'SubPort': {'1.0'},
Apr 22 02:41:31.865571 np0000169030 devstack@neutron-api.service[104209]: 'Subnet': {'1.2'},
Apr 22 02:41:31.865571 np0000169030 devstack@neutron-api.service[104209]: 'Trunk': {'1.1'}}
Apr 22 02:41:31.865571 np0000169030 devstack@neutron-api.service[104209]: consumer versions:
Apr 22 02:41:31.865571 np0000169030 devstack@neutron-api.service[104209]: {}
Apr 22 02:41:31.865571 np0000169030 devstack@neutron-api.service[104209]: {{(pid=104209) report /opt/stack/neutron/neutron/api/rpc/callbacks/version_manager.py:183}}
Apr 22 02:41:31.866222 np0000169030 devstack@neutron-api.service[104208]: DEBUG neutron.plugins.ml2.drivers.ovn.mech_driver.ovsdb.ovsdb_monitor [-] Hash Ring: Node bc47ca99706658c6acd2ad3de0ba98c7 (host: np0000169030) handling event "update" for row a7611260-cd0d-4196-8165-eed50e9b2704 (table: NB_Global) {{(pid=104208) notify /opt/stack/neutron/neutron/plugins/ml2/drivers/ovn/mech_driver/ovsdb/ovsdb_monitor.py:914}}
Apr 22 02:41:31.868004 np0000169030 devstack@neutron-api.service[104208]: DEBUG neutron.plugins.ml2.drivers.ovn.mech_driver.ovsdb.ovsdb_monitor [-] ChassisAgentWriteEvent : Matched Chassis_Private, update, None None {{(pid=104208) matches /opt/stack/neutron/neutron/plugins/ml2/drivers/ovn/mech_driver/ovsdb/ovsdb_monitor.py:64}}
Apr 22 02:41:31.868929 np0000169030 devstack@neutron-api.service[104208]: DEBUG neutron.plugins.ml2.drivers.ovn.mech_driver.ovsdb.ovsdb_monitor [-] Hash Ring: Node bc47ca99706658c6acd2ad3de0ba98c7 (host: np0000169030) handling event "update" for row a7611260-cd0d-4196-8165-eed50e9b2704 (table: NB_Global) {{(pid=104208) notify /opt/stack/neutron/neutron/plugins/ml2/drivers/ovn/mech_driver/ovsdb/ovsdb_monitor.py:914}}
Apr 22 02:41:31.870174 np0000169030 devstack@neutron-api.service[104206]: DEBUG neutron.plugins.ml2.drivers.ovn.mech_driver.ovsdb.ovsdb_monitor [-] ChassisAgentWriteEvent : Matched Chassis_Private, update, None None {{(pid=104206) matches /opt/stack/neutron/neutron/plugins/ml2/drivers/ovn/mech_driver/ovsdb/ovsdb_monitor.py:64}}
Apr 22 02:41:31.870368 np0000169030 devstack@neutron-api.service[104207]: DEBUG neutron.plugins.ml2.drivers.ovn.mech_driver.ovsdb.ovsdb_monitor [-] Hash Ring: Node 4341dceed4ce5dc498e7af68d0d1db16 (host: np0000169030) handling event "update" for row a7611260-cd0d-4196-8165-eed50e9b2704 (table: NB_Global) {{(pid=104207) notify /opt/stack/neutron/neutron/plugins/ml2/drivers/ovn/mech_driver/ovsdb/ovsdb_monitor.py:914}}
Apr 22 02:41:31.870443 np0000169030 devstack@neutron-api.service[104206]: DEBUG neutron.plugins.ml2.drivers.ovn.mech_driver.ovsdb.ovsdb_monitor [-] Hash Ring: Node 738b8d216b595dbdad4b5cc301321f13 (host: np0000169030) handling event "update" for row 94bea3be-4da1-49b8-9d0d-eb5ab5b517dc (table: Chassis_Private) {{(pid=104206) notify /opt/stack/neutron/neutron/plugins/ml2/drivers/ovn/mech_driver/ovsdb/ovsdb_monitor.py:914}}
Apr 22 02:41:31.871638 np0000169030 devstack@neutron-api.service[104208]: DEBUG neutron.plugins.ml2.drivers.ovn.mech_driver.ovsdb.ovsdb_monitor [-] ChassisOVNAgentWriteEvent : Matched Chassis_Private, update, None None {{(pid=104208) matches /opt/stack/neutron/neutron/plugins/ml2/drivers/ovn/mech_driver/ovsdb/ovsdb_monitor.py:64}}
Apr 22 02:41:31.871783 np0000169030 devstack@neutron-api.service[104207]: DEBUG neutron.common.ovn.hash_ring_manager [-] Allow caching, nodes 4>=4 {{(pid=104207) _wait_startup_before_caching /opt/stack/neutron/neutron/common/ovn/hash_ring_manager.py:65}}
Apr 22 02:41:31.871952 np0000169030 devstack@neutron-api.service[104207]: DEBUG neutron.plugins.ml2.drivers.ovn.mech_driver.ovsdb.ovsdb_monitor [-] Hash Ring: Node 4341dceed4ce5dc498e7af68d0d1db16 (host: np0000169030) handling event "update" for row 94bea3be-4da1-49b8-9d0d-eb5ab5b517dc (table: Chassis_Private) {{(pid=104207) notify /opt/stack/neutron/neutron/plugins/ml2/drivers/ovn/mech_driver/ovsdb/ovsdb_monitor.py:914}}
Apr 22 02:41:31.872553 np0000169030 devstack@neutron-api.service[104207]: DEBUG neutron.plugins.ml2.drivers.ovn.mech_driver.ovsdb.ovsdb_monitor [-] Hash Ring: Node 4341dceed4ce5dc498e7af68d0d1db16 (host: np0000169030) handling event "update" for row a7611260-cd0d-4196-8165-eed50e9b2704 (table: NB_Global) {{(pid=104207) notify /opt/stack/neutron/neutron/plugins/ml2/drivers/ovn/mech_driver/ovsdb/ovsdb_monitor.py:914}}
Apr 22 02:41:31.873598 np0000169030 devstack@neutron-api.service[104206]: DEBUG neutron.plugins.ml2.drivers.ovn.mech_driver.ovsdb.ovsdb_monitor [-] ChassisOVNAgentWriteEvent : Matched Chassis_Private, update, None None {{(pid=104206) matches /opt/stack/neutron/neutron/plugins/ml2/drivers/ovn/mech_driver/ovsdb/ovsdb_monitor.py:64}}
Apr 22 02:41:31.873598 np0000169030 devstack@neutron-api.service[104206]: DEBUG neutron.plugins.ml2.drivers.ovn.mech_driver.ovsdb.ovsdb_monitor [-] Hash Ring: Node 738b8d216b595dbdad4b5cc301321f13 (host: np0000169030) handling event "update" for row 94bea3be-4da1-49b8-9d0d-eb5ab5b517dc (table: Chassis_Private) {{(pid=104206) notify /opt/stack/neutron/neutron/plugins/ml2/drivers/ovn/mech_driver/ovsdb/ovsdb_monitor.py:914}}
Apr 22 02:41:31.873832 np0000169030 devstack@neutron-api.service[104207]: DEBUG neutron.plugins.ml2.drivers.ovn.mech_driver.ovsdb.ovsdb_monitor [-] ChassisOVNAgentWriteEvent : Matched Chassis_Private, update, None None {{(pid=104207) matches /opt/stack/neutron/neutron/plugins/ml2/drivers/ovn/mech_driver/ovsdb/ovsdb_monitor.py:64}}
Apr 22 02:41:31.874063 np0000169030 devstack@neutron-api.service[104209]: DEBUG neutron.plugins.ml2.drivers.ovn.mech_driver.ovsdb.ovsdb_monitor [-] ChassisAgentWriteEvent : Matched Chassis_Private, update, None None {{(pid=104209) matches /opt/stack/neutron/neutron/plugins/ml2/drivers/ovn/mech_driver/ovsdb/ovsdb_monitor.py:64}}
Apr 22 02:41:31.874186 np0000169030 devstack@neutron-api.service[104207]: DEBUG neutron.plugins.ml2.drivers.ovn.mech_driver.ovsdb.ovsdb_monitor [-] Hash Ring: Node 4341dceed4ce5dc498e7af68d0d1db16 (host: np0000169030) handling event "update" for row 94bea3be-4da1-49b8-9d0d-eb5ab5b517dc (table: Chassis_Private) {{(pid=104207) notify /opt/stack/neutron/neutron/plugins/ml2/drivers/ovn/mech_driver/ovsdb/ovsdb_monitor.py:914}}
Apr 22 02:41:31.877881 np0000169030 devstack@neutron-api.service[104209]: DEBUG neutron.plugins.ml2.drivers.ovn.mech_driver.ovsdb.ovsdb_monitor [-] ChassisOVNAgentWriteEvent : Matched Chassis_Private, update, None None {{(pid=104209) matches /opt/stack/neutron/neutron/plugins/ml2/drivers/ovn/mech_driver/ovsdb/ovsdb_monitor.py:64}}
Apr 22 02:41:31.937367 np0000169030 devstack@neutron-api.service[104209]: DEBUG neutron.plugins.ml2.drivers.helpers [None req-45ff9524-0b96-4140-8ddd-acc4fa75b93b admin admin] geneve segment allocate from pool success with {'geneve_vni': 20258} {{(pid=104209) allocate_partially_specified_segment /opt/stack/neutron/neutron/plugins/ml2/drivers/helpers.py:142}}
Apr 22 02:41:31.952491 np0000169030 devstack@neutron-api.service[104209]: DEBUG neutron_lib.callbacks.manager [None req-45ff9524-0b96-4140-8ddd-acc4fa75b93b admin admin] Publish callbacks ['neutron.services.segments.db._add_segment_host_mapping_for_segment-8199493670432', 'neutron.plugins.ml2.plugin.Ml2Plugin._handle_segment_change-793502'] for segment (66d7afd1-f1ea-44e2-9d08-a0f39a370bb6), precommit_create {{(pid=104209) _notify_loop /opt/stack/data/venv/lib/python3.12/site-packages/neutron_lib/callbacks/manager.py:184}}
Apr 22 02:41:31.952680 np0000169030 devstack@neutron-api.service[104209]: INFO neutron.db.segments_db [None req-45ff9524-0b96-4140-8ddd-acc4fa75b93b admin admin] Added segment 66d7afd1-f1ea-44e2-9d08-a0f39a370bb6 of type geneve for network 2ef221b7-deb6-49b9-9613-0ddc25195438
