Mar 17 19:42:35.818942 np0000159514 nova-scheduler[107779]: DEBUG cotyledon.oslo_config_glue [-] workarounds.disable_fallback_pcpu_query = False {{(pid=107779) log_opt_values /opt/stack/data/venv/lib/python3.12/site-packages/oslo_config/cfg.py:3006}}
Mar 17 19:42:35.818942 np0000159514 nova-scheduler[107779]: DEBUG cotyledon.oslo_config_glue [-] workarounds.disable_group_policy_check_upcall = False {{(pid=107779) log_opt_values /opt/stack/data/venv/lib/python3.12/site-packages/oslo_config/cfg.py:3006}}
Mar 17 19:42:35.818942 np0000159514 nova-scheduler[107779]: DEBUG cotyledon.oslo_config_glue [-] workarounds.disable_libvirt_livesnapshot = False {{(pid=107779) log_opt_values /opt/stack/data/venv/lib/python3.12/site-packages/oslo_config/cfg.py:3006}}
Mar 17 19:42:35.818942 np0000159514 nova-scheduler[107779]: DEBUG cotyledon.oslo_config_glue [-] workarounds.disable_rootwrap = False {{(pid=107779) log_opt_values /opt/stack/data/venv/lib/python3.12/site-packages/oslo_config/cfg.py:3006}}
Mar 17 19:42:35.818942 np0000159514 nova-scheduler[107779]: DEBUG cotyledon.oslo_config_glue [-] workarounds.enable_numa_live_migration = False {{(pid=107779) log_opt_values /opt/stack/data/venv/lib/python3.12/site-packages/oslo_config/cfg.py:3006}}
Mar 17 19:42:35.818942 np0000159514 nova-scheduler[107779]: DEBUG cotyledon.oslo_config_glue [-] workarounds.enable_qemu_monitor_announce_self = False {{(pid=107779) log_opt_values /opt/stack/data/venv/lib/python3.12/site-packages/oslo_config/cfg.py:3006}}
Mar 17 19:42:35.818942 np0000159514 nova-scheduler[107779]: DEBUG cotyledon.oslo_config_glue [-] workarounds.ensure_libvirt_rbd_instance_dir_cleanup = False {{(pid=107779) log_opt_values /opt/stack/data/venv/lib/python3.12/site-packages/oslo_config/cfg.py:3006}}
Mar 17 19:42:35.818942 np0000159514 nova-scheduler[107779]: DEBUG cotyledon.oslo_config_glue [-] workarounds.handle_virt_lifecycle_events = True {{(pid=107779) log_opt_values /opt/stack/data/venv/lib/python3.12/site-packages/oslo_config/cfg.py:3006}}
Mar 17 19:42:35.819172 np0000159514 nova-scheduler[107779]: DEBUG cotyledon.oslo_config_glue [-] workarounds.libvirt_disable_apic = False {{(pid=107779) log_opt_values /opt/stack/data/venv/lib/python3.12/site-packages/oslo_config/cfg.py:3006}}
Mar 17 19:42:35.819172 np0000159514 nova-scheduler[107779]: DEBUG cotyledon.oslo_config_glue [-] workarounds.never_download_image_if_on_rbd = False {{(pid=107779) log_opt_values /opt/stack/data/venv/lib/python3.12/site-packages/oslo_config/cfg.py:3006}}
Mar 17 19:42:35.819172 np0000159514 nova-scheduler[107779]: DEBUG cotyledon.oslo_config_glue [-] workarounds.qemu_monitor_announce_self_count = 3 {{(pid=107779) log_opt_values /opt/stack/data/venv/lib/python3.12/site-packages/oslo_config/cfg.py:3006}}
Mar 17 19:42:35.819172 np0000159514 nova-scheduler[107779]: DEBUG cotyledon.oslo_config_glue [-] workarounds.qemu_monitor_announce_self_interval = 1 {{(pid=107779) log_opt_values /opt/stack/data/venv/lib/python3.12/site-packages/oslo_config/cfg.py:3006}}
Mar 17 19:42:35.819172 np0000159514 nova-scheduler[107779]: DEBUG cotyledon.oslo_config_glue [-] workarounds.reserve_disk_resource_for_image_cache = False {{(pid=107779) log_opt_values /opt/stack/data/venv/lib/python3.12/site-packages/oslo_config/cfg.py:3006}}
Mar 17 19:42:35.819172 np0000159514 nova-scheduler[107779]: DEBUG cotyledon.oslo_config_glue [-] workarounds.skip_cpu_compare_at_startup = False {{(pid=107779) log_opt_values /opt/stack/data/venv/lib/python3.12/site-packages/oslo_config/cfg.py:3006}}
Mar 17 19:42:35.819172 np0000159514 nova-scheduler[107779]: DEBUG cotyledon.oslo_config_glue [-] workarounds.skip_cpu_compare_on_dest = False {{(pid=107779) log_opt_values /opt/stack/data/venv/lib/python3.12/site-packages/oslo_config/cfg.py:3006}}
Mar 17 19:42:35.819172 np0000159514 nova-scheduler[107779]: DEBUG cotyledon.oslo_config_glue [-] workarounds.skip_hypervisor_version_check_on_lm = False {{(pid=107779) log_opt_values /opt/stack/data/venv/lib/python3.12/site-packages/oslo_config/cfg.py:3006}}
Mar 17 19:42:35.819172 np0000159514 nova-scheduler[107779]: DEBUG cotyledon.oslo_config_glue [-] workarounds.skip_reserve_in_use_ironic_nodes = False {{(pid=107779) log_opt_values /opt/stack/data/venv/lib/python3.12/site-packages/oslo_config/cfg.py:3006}}
Mar 17 19:42:35.819373 np0000159514 nova-scheduler[107779]: DEBUG cotyledon.oslo_config_glue [-] workarounds.unified_limits_count_pcpu_as_vcpu = False {{(pid=107779) log_opt_values /opt/stack/data/venv/lib/python3.12/site-packages/oslo_config/cfg.py:3006}}
Mar 17 19:42:35.819373 np0000159514 nova-scheduler[107779]: DEBUG cotyledon.oslo_config_glue [-] workarounds.wait_for_vif_plugged_event_during_hard_reboot = [] {{(pid=107779) log_opt_values /opt/stack/data/venv/lib/python3.12/site-packages/oslo_config/cfg.py:3006}}
Mar 17 19:42:35.819373 np0000159514 nova-scheduler[107779]: DEBUG cotyledon.oslo_config_glue [-] wsgi.api_paste_config = /etc/nova/api-paste.ini {{(pid=107779) log_opt_values /opt/stack/data/venv/lib/python3.12/site-packages/oslo_config/cfg.py:3006}}
Mar 17 19:42:35.819373 np0000159514 nova-scheduler[107779]: DEBUG cotyledon.oslo_config_glue [-] wsgi.secure_proxy_ssl_header = None {{(pid=107779) log_opt_values /opt/stack/data/venv/lib/python3.12/site-packages/oslo_config/cfg.py:3006}}
Mar 17 19:42:35.819373 np0000159514 nova-scheduler[107779]: DEBUG cotyledon.oslo_config_glue [-] zvm.ca_file = None {{(pid=107779) log_opt_values /opt/stack/data/venv/lib/python3.12/site-packages/oslo_config/cfg.py:3006}}
Mar 17 19:42:35.819373 np0000159514 nova-scheduler[107779]: DEBUG cotyledon.oslo_config_glue [-] zvm.cloud_connector_url = None {{(pid=107779) log_opt_values /opt/stack/data/venv/lib/python3.12/site-packages/oslo_config/cfg.py:3006}}
Mar 17 19:42:35.819373 np0000159514 nova-scheduler[107779]: DEBUG cotyledon.oslo_config_glue [-] zvm.image_tmp_path = /opt/stack/data/nova/images {{(pid=107779) log_opt_values /opt/stack/data/venv/lib/python3.12/site-packages/oslo_config/cfg.py:3006}}
Mar 17 19:42:35.819373 np0000159514 nova-scheduler[107779]: DEBUG cotyledon.oslo_config_glue [-] zvm.reachable_timeout = 300 {{(pid=107779) log_opt_values /opt/stack/data/venv/lib/python3.12/site-packages/oslo_config/cfg.py:3006}}
Mar 17 19:42:35.819373 np0000159514 nova-scheduler[107779]: DEBUG cotyledon.oslo_config_glue [-] oslo_versionedobjects.fatal_exception_format_errors = False {{(pid=107779) log_opt_values /opt/stack/data/venv/lib/python3.12/site-packages/oslo_config/cfg.py:3006}}
Mar 17 19:42:35.819601 np0000159514 nova-scheduler[107779]: DEBUG cotyledon.oslo_config_glue [-] oslo_middleware.http_basic_auth_user_file = /etc/htpasswd {{(pid=107779) log_opt_values /opt/stack/data/venv/lib/python3.12/site-packages/oslo_config/cfg.py:3006}}
Mar 17 19:42:35.819601 np0000159514 nova-scheduler[107779]: DEBUG cotyledon.oslo_config_glue [-] oslo_messaging_metrics.metrics_buffer_size = 1000 {{(pid=107779) log_opt_values /opt/stack/data/venv/lib/python3.12/site-packages/oslo_config/cfg.py:3006}}
Mar 17 19:42:35.819601 np0000159514 nova-scheduler[107779]: DEBUG cotyledon.oslo_config_glue [-] oslo_messaging_metrics.metrics_enabled = False {{(pid=107779) log_opt_values /opt/stack/data/venv/lib/python3.12/site-packages/oslo_config/cfg.py:3006}}
Mar 17 19:42:35.819678 np0000159514 nova-scheduler[107762]: DEBUG oslo_db.sqlalchemy.engines [None req-54677099-1b0a-4ccd-87b9-88436027341b None None] MySQL server mode set to STRICT_TRANS_TABLES,STRICT_ALL_TABLES,NO_ZERO_IN_DATE,NO_ZERO_DATE,ERROR_FOR_DIVISION_BY_ZERO,TRADITIONAL,NO_ENGINE_SUBSTITUTION {{(pid=107762) _check_effective_sql_mode /opt/stack/data/venv/lib/python3.12/site-packages/oslo_db/sqlalchemy/engines.py:325}}
Mar 17 19:42:35.819710 np0000159514 nova-scheduler[107779]: DEBUG cotyledon.oslo_config_glue [-] oslo_messaging_metrics.metrics_process_name = {{(pid=107779) log_opt_values /opt/stack/data/venv/lib/python3.12/site-packages/oslo_config/cfg.py:3006}}
Mar 17 19:42:35.819710 np0000159514 nova-scheduler[107779]: DEBUG cotyledon.oslo_config_glue [-] oslo_messaging_metrics.metrics_socket_file = /var/tmp/metrics_collector.sock {{(pid=107779) log_opt_values /opt/stack/data/venv/lib/python3.12/site-packages/oslo_config/cfg.py:3006}}
Mar 17 19:42:35.819710 np0000159514 nova-scheduler[107779]: DEBUG cotyledon.oslo_config_glue [-] oslo_messaging_metrics.metrics_thread_stop_timeout = 10 {{(pid=107779) log_opt_values /opt/stack/data/venv/lib/python3.12/site-packages/oslo_config/cfg.py:3006}}
Mar 17 19:42:35.819710 np0000159514 nova-scheduler[107779]: DEBUG cotyledon.oslo_config_glue [-] profiler.connection_string = messaging:// {{(pid=107779) log_opt_values /opt/stack/data/venv/lib/python3.12/site-packages/oslo_config/cfg.py:3006}}
Mar 17 19:42:35.819710 np0000159514 nova-scheduler[107779]: DEBUG cotyledon.oslo_config_glue [-] profiler.enabled = False {{(pid=107779) log_opt_values /opt/stack/data/venv/lib/python3.12/site-packages/oslo_config/cfg.py:3006}}
Mar 17 19:42:35.819710 np0000159514 nova-scheduler[107779]: DEBUG cotyledon.oslo_config_glue [-] profiler.es_doc_type = notification {{(pid=107779) log_opt_values /opt/stack/data/venv/lib/python3.12/site-packages/oslo_config/cfg.py:3006}}
Mar 17 19:42:35.819710 np0000159514 nova-scheduler[107779]: DEBUG cotyledon.oslo_config_glue [-] profiler.es_scroll_size = 10000 {{(pid=107779) log_opt_values /opt/stack/data/venv/lib/python3.12/site-packages/oslo_config/cfg.py:3006}}
Mar 17 19:42:35.819710 np0000159514 nova-scheduler[107779]: DEBUG cotyledon.oslo_config_glue [-] profiler.es_scroll_time = 2m {{(pid=107779) log_opt_values /opt/stack/data/venv/lib/python3.12/site-packages/oslo_config/cfg.py:3006}}
Mar 17 19:42:35.819710 np0000159514 nova-scheduler[107779]: DEBUG cotyledon.oslo_config_glue [-] profiler.filter_error_trace = False {{(pid=107779) log_opt_values /opt/stack/data/venv/lib/python3.12/site-packages/oslo_config/cfg.py:3006}}
Mar 17 19:42:35.819926 np0000159514 nova-scheduler[107779]: DEBUG cotyledon.oslo_config_glue [-] profiler.hmac_keys = **** {{(pid=107779) log_opt_values /opt/stack/data/venv/lib/python3.12/site-packages/oslo_config/cfg.py:3006}}
Mar 17 19:42:35.819926 np0000159514 nova-scheduler[107779]: DEBUG cotyledon.oslo_config_glue [-] profiler.sentinel_service_name = mymaster {{(pid=107779) log_opt_values /opt/stack/data/venv/lib/python3.12/site-packages/oslo_config/cfg.py:3006}}
Mar 17 19:42:35.819926 np0000159514 nova-scheduler[107779]: DEBUG cotyledon.oslo_config_glue [-] profiler.socket_timeout = 0.1 {{(pid=107779) log_opt_values /opt/stack/data/venv/lib/python3.12/site-packages/oslo_config/cfg.py:3006}}
Mar 17 19:42:35.819926 np0000159514 nova-scheduler[107779]: DEBUG cotyledon.oslo_config_glue [-] profiler.trace_requests = False {{(pid=107779) log_opt_values /opt/stack/data/venv/lib/python3.12/site-packages/oslo_config/cfg.py:3006}}
Mar 17 19:42:35.819926 np0000159514 nova-scheduler[107779]: DEBUG cotyledon.oslo_config_glue [-] profiler.trace_sqlalchemy = False {{(pid=107779) log_opt_values /opt/stack/data/venv/lib/python3.12/site-packages/oslo_config/cfg.py:3006}}
Mar 17 19:42:35.819926 np0000159514 nova-scheduler[107779]: DEBUG cotyledon.oslo_config_glue [-] profiler_jaeger.process_tags = {} {{(pid=107779) log_opt_values /opt/stack/data/venv/lib/python3.12/site-packages/oslo_config/cfg.py:3006}}
Mar 17 19:42:35.819926 np0000159514 nova-scheduler[107779]: DEBUG cotyledon.oslo_config_glue [-] profiler_jaeger.service_name_prefix = None {{(pid=107779) log_opt_values /opt/stack/data/venv/lib/python3.12/site-packages/oslo_config/cfg.py:3006}}
Mar 17 19:42:35.819926 np0000159514 nova-scheduler[107779]: DEBUG cotyledon.oslo_config_glue [-] profiler_otlp.service_name_prefix = None {{(pid=107779) log_opt_values /opt/stack/data/venv/lib/python3.12/site-packages/oslo_config/cfg.py:3006}}
Mar 17 19:42:35.820117 np0000159514 nova-scheduler[107770]: INFO nova.service [-] Starting scheduler node (version 33.0.0)
Mar 17 19:42:35.820143 np0000159514 nova-scheduler[107779]: DEBUG cotyledon.oslo_config_glue [-] oslo_messaging_rabbit.amqp_auto_delete = False {{(pid=107779) log_opt_values /opt/stack/data/venv/lib/python3.12/site-packages/oslo_config/cfg.py:3006}}
Mar 17 19:42:35.820143 np0000159514 nova-scheduler[107779]: DEBUG cotyledon.oslo_config_glue [-] oslo_messaging_rabbit.amqp_durable_queues = False {{(pid=107779) log_opt_values /opt/stack/data/venv/lib/python3.12/site-packages/oslo_config/cfg.py:3006}}
Mar 17 19:42:35.820143 np0000159514 nova-scheduler[107779]: DEBUG cotyledon.oslo_config_glue [-] oslo_messaging_rabbit.conn_pool_min_size = 2 {{(pid=107779) log_opt_values /opt/stack/data/venv/lib/python3.12/site-packages/oslo_config/cfg.py:3006}}
Mar 17 19:42:35.820143 np0000159514 nova-scheduler[107779]: DEBUG cotyledon.oslo_config_glue [-] oslo_messaging_rabbit.conn_pool_ttl = 1200 {{(pid=107779) log_opt_values /opt/stack/data/venv/lib/python3.12/site-packages/oslo_config/cfg.py:3006}}
Mar 17 19:42:35.820143 np0000159514 nova-scheduler[107779]: DEBUG cotyledon.oslo_config_glue [-] oslo_messaging_rabbit.direct_mandatory_flag = True {{(pid=107779) log_opt_values /opt/stack/data/venv/lib/python3.12/site-packages/oslo_config/cfg.py:3006}}
Mar 17 19:42:35.820143 np0000159514 nova-scheduler[107779]: DEBUG cotyledon.oslo_config_glue [-] oslo_messaging_rabbit.enable_cancel_on_failover = False {{(pid=107779) log_opt_values /opt/stack/data/venv/lib/python3.12/site-packages/oslo_config/cfg.py:3006}}
Mar 17 19:42:35.820143 np0000159514 nova-scheduler[107779]: DEBUG cotyledon.oslo_config_glue [-] oslo_messaging_rabbit.heartbeat_in_pthread = False {{(pid=107779) log_opt_values /opt/stack/data/venv/lib/python3.12/site-packages/oslo_config/cfg.py:3006}}
Mar 17 19:42:35.820143 np0000159514 nova-scheduler[107779]: DEBUG cotyledon.oslo_config_glue [-] oslo_messaging_rabbit.heartbeat_rate = 3 {{(pid=107779) log_opt_values /opt/stack/data/venv/lib/python3.12/site-packages/oslo_config/cfg.py:3006}}
Mar 17 19:42:35.820143 np0000159514 nova-scheduler[107779]: DEBUG cotyledon.oslo_config_glue [-] oslo_messaging_rabbit.heartbeat_timeout_threshold = 60 {{(pid=107779) log_opt_values /opt/stack/data/venv/lib/python3.12/site-packages/oslo_config/cfg.py:3006}}
Mar 17 19:42:35.820349 np0000159514 nova-scheduler[107779]: DEBUG cotyledon.oslo_config_glue [-] oslo_messaging_rabbit.hostname = np0000159514 {{(pid=107779) log_opt_values /opt/stack/data/venv/lib/python3.12/site-packages/oslo_config/cfg.py:3006}}
Mar 17 19:42:35.820349 np0000159514 nova-scheduler[107779]: DEBUG cotyledon.oslo_config_glue [-] oslo_messaging_rabbit.kombu_compression = None {{(pid=107779) log_opt_values /opt/stack/data/venv/lib/python3.12/site-packages/oslo_config/cfg.py:3006}}
Mar 17 19:42:35.820349 np0000159514 nova-scheduler[107779]: DEBUG cotyledon.oslo_config_glue [-] oslo_messaging_rabbit.kombu_failover_strategy = round-robin {{(pid=107779) log_opt_values /opt/stack/data/venv/lib/python3.12/site-packages/oslo_config/cfg.py:3006}}
Mar 17 19:42:35.820349 np0000159514 nova-scheduler[107779]: DEBUG cotyledon.oslo_config_glue [-] oslo_messaging_rabbit.kombu_missing_consumer_retry_timeout = 60 {{(pid=107779) log_opt_values /opt/stack/data/venv/lib/python3.12/site-packages/oslo_config/cfg.py:3006}}
Mar 17 19:42:35.820349 np0000159514 nova-scheduler[107779]: DEBUG cotyledon.oslo_config_glue [-] oslo_messaging_rabbit.kombu_reconnect_delay = 1.0 {{(pid=107779) log_opt_values /opt/stack/data/venv/lib/python3.12/site-packages/oslo_config/cfg.py:3006}}
Mar 17 19:42:35.820349 np0000159514 nova-scheduler[107779]: DEBUG cotyledon.oslo_config_glue [-] oslo_messaging_rabbit.kombu_reconnect_splay = 0.0 {{(pid=107779) log_opt_values /opt/stack/data/venv/lib/python3.12/site-packages/oslo_config/cfg.py:3006}}
Mar 17 19:42:35.820349 np0000159514 nova-scheduler[107779]: DEBUG cotyledon.oslo_config_glue [-] oslo_messaging_rabbit.processname = nova-scheduler {{(pid=107779) log_opt_values /opt/stack/data/venv/lib/python3.12/site-packages/oslo_config/cfg.py:3006}}
Mar 17 19:42:35.820349 np0000159514 nova-scheduler[107779]: DEBUG cotyledon.oslo_config_glue [-] oslo_messaging_rabbit.rabbit_ha_queues = False {{(pid=107779) log_opt_values /opt/stack/data/venv/lib/python3.12/site-packages/oslo_config/cfg.py:3006}}
Mar 17 19:42:35.820349 np0000159514 nova-scheduler[107779]: DEBUG cotyledon.oslo_config_glue [-] oslo_messaging_rabbit.rabbit_interval_max = 30 {{(pid=107779) log_opt_values /opt/stack/data/venv/lib/python3.12/site-packages/oslo_config/cfg.py:3006}}
Mar 17 19:42:35.820558 np0000159514 nova-scheduler[107779]: DEBUG cotyledon.oslo_config_glue [-] oslo_messaging_rabbit.rabbit_login_method = AMQPLAIN {{(pid=107779) log_opt_values /opt/stack/data/venv/lib/python3.12/site-packages/oslo_config/cfg.py:3006}}
Mar 17 19:42:35.820558 np0000159514 nova-scheduler[107779]: DEBUG cotyledon.oslo_config_glue [-] oslo_messaging_rabbit.rabbit_qos_prefetch_count = 0 {{(pid=107779) log_opt_values /opt/stack/data/venv/lib/python3.12/site-packages/oslo_config/cfg.py:3006}}
Mar 17 19:42:35.820558 np0000159514 nova-scheduler[107779]: DEBUG cotyledon.oslo_config_glue [-] oslo_messaging_rabbit.rabbit_quorum_delivery_limit = 0 {{(pid=107779) log_opt_values /opt/stack/data/venv/lib/python3.12/site-packages/oslo_config/cfg.py:3006}}
Mar 17 19:42:35.820558 np0000159514 nova-scheduler[107779]: DEBUG cotyledon.oslo_config_glue [-] oslo_messaging_rabbit.rabbit_quorum_max_memory_bytes = 0 {{(pid=107779) log_opt_values /opt/stack/data/venv/lib/python3.12/site-packages/oslo_config/cfg.py:3006}}
Mar 17 19:42:35.820558 np0000159514 nova-scheduler[107779]: DEBUG cotyledon.oslo_config_glue [-] oslo_messaging_rabbit.rabbit_quorum_max_memory_length = 0 {{(pid=107779) log_opt_values /opt/stack/data/venv/lib/python3.12/site-packages/oslo_config/cfg.py:3006}}
Mar 17 19:42:35.820558 np0000159514 nova-scheduler[107779]: DEBUG cotyledon.oslo_config_glue [-] oslo_messaging_rabbit.rabbit_quorum_queue = False {{(pid=107779) log_opt_values /opt/stack/data/venv/lib/python3.12/site-packages/oslo_config/cfg.py:3006}}
Mar 17 19:42:35.820558 np0000159514 nova-scheduler[107779]: DEBUG cotyledon.oslo_config_glue [-] oslo_messaging_rabbit.rabbit_retry_backoff = 2 {{(pid=107779) log_opt_values /opt/stack/data/venv/lib/python3.12/site-packages/oslo_config/cfg.py:3006}}
Mar 17 19:42:35.820558 np0000159514 nova-scheduler[107779]: DEBUG cotyledon.oslo_config_glue [-] oslo_messaging_rabbit.rabbit_retry_interval = 1 {{(pid=107779) log_opt_values /opt/stack/data/venv/lib/python3.12/site-packages/oslo_config/cfg.py:3006}}
Mar 17 19:42:35.820747 np0000159514 nova-scheduler[107779]: DEBUG cotyledon.oslo_config_glue [-] oslo_messaging_rabbit.rabbit_stream_fanout = False {{(pid=107779) log_opt_values /opt/stack/data/venv/lib/python3.12/site-packages/oslo_config/cfg.py:3006}}
Mar 17 19:42:35.820747 np0000159514 nova-scheduler[107779]: DEBUG cotyledon.oslo_config_glue [-] oslo_messaging_rabbit.rabbit_transient_queues_ttl = 1800 {{(pid=107779) log_opt_values /opt/stack/data/venv/lib/python3.12/site-packages/oslo_config/cfg.py:3006}}
Mar 17 19:42:35.820747 np0000159514 nova-scheduler[107779]: DEBUG cotyledon.oslo_config_glue [-] oslo_messaging_rabbit.rabbit_transient_quorum_queue = False {{(pid=107779) log_opt_values /opt/stack/data/venv/lib/python3.12/site-packages/oslo_config/cfg.py:3006}}
Mar 17 19:42:35.820747 np0000159514 nova-scheduler[107779]: DEBUG cotyledon.oslo_config_glue [-] oslo_messaging_rabbit.rpc_conn_pool_size = 30 {{(pid=107779) log_opt_values /opt/stack/data/venv/lib/python3.12/site-packages/oslo_config/cfg.py:3006}}
Mar 17 19:42:35.820747 np0000159514 nova-scheduler[107779]: DEBUG cotyledon.oslo_config_glue [-] oslo_messaging_rabbit.ssl = False {{(pid=107779) log_opt_values /opt/stack/data/venv/lib/python3.12/site-packages/oslo_config/cfg.py:3006}}
Mar 17 19:42:35.820747 np0000159514 nova-scheduler[107779]: DEBUG cotyledon.oslo_config_glue [-] oslo_messaging_rabbit.ssl_ca_file = {{(pid=107779) log_opt_values /opt/stack/data/venv/lib/python3.12/site-packages/oslo_config/cfg.py:3006}}
Mar 17 19:42:35.820747 np0000159514 nova-scheduler[107779]: DEBUG cotyledon.oslo_config_glue [-] oslo_messaging_rabbit.ssl_cert_file = {{(pid=107779) log_opt_values /opt/stack/data/venv/lib/python3.12/site-packages/oslo_config/cfg.py:3006}}
Mar 17 19:42:35.820747 np0000159514 nova-scheduler[107779]: DEBUG cotyledon.oslo_config_glue [-] oslo_messaging_rabbit.ssl_enforce_fips_mode = False {{(pid=107779) log_opt_values /opt/stack/data/venv/lib/python3.12/site-packages/oslo_config/cfg.py:3006}}
Mar 17 19:42:35.820747 np0000159514 nova-scheduler[107779]: DEBUG cotyledon.oslo_config_glue [-] oslo_messaging_rabbit.ssl_key_file = {{(pid=107779) log_opt_values /opt/stack/data/venv/lib/python3.12/site-packages/oslo_config/cfg.py:3006}}
Mar 17 19:42:35.820955 np0000159514 nova-scheduler[107779]: DEBUG cotyledon.oslo_config_glue [-] oslo_messaging_rabbit.ssl_version = {{(pid=107779) log_opt_values /opt/stack/data/venv/lib/python3.12/site-packages/oslo_config/cfg.py:3006}}
Mar 17 19:42:35.820955 np0000159514 nova-scheduler[107779]: DEBUG cotyledon.oslo_config_glue [-] oslo_messaging_rabbit.use_queue_manager = False {{(pid=107779) log_opt_values /opt/stack/data/venv/lib/python3.12/site-packages/oslo_config/cfg.py:3006}}
Mar 17 19:42:35.820955 np0000159514 nova-scheduler[107779]: DEBUG cotyledon.oslo_config_glue [-] oslo_messaging_notifications.driver = ['messagingv2'] {{(pid=107779) log_opt_values /opt/stack/data/venv/lib/python3.12/site-packages/oslo_config/cfg.py:3006}}
Mar 17 19:42:35.820955 np0000159514 nova-scheduler[107779]: DEBUG cotyledon.oslo_config_glue [-] oslo_messaging_notifications.retry = -1 {{(pid=107779) log_opt_values /opt/stack/data/venv/lib/python3.12/site-packages/oslo_config/cfg.py:3006}}
Mar 17 19:42:35.820955 np0000159514 nova-scheduler[107779]: DEBUG cotyledon.oslo_config_glue [-] oslo_messaging_notifications.topics = ['notifications'] {{(pid=107779) log_opt_values /opt/stack/data/venv/lib/python3.12/site-packages/oslo_config/cfg.py:3006}}
Mar 17 19:42:35.820955 np0000159514 nova-scheduler[107779]: DEBUG cotyledon.oslo_config_glue [-] oslo_messaging_notifications.transport_url = **** {{(pid=107779) log_opt_values /opt/stack/data/venv/lib/python3.12/site-packages/oslo_config/cfg.py:3006}}
Mar 17 19:42:35.820955 np0000159514 nova-scheduler[107779]: DEBUG cotyledon.oslo_config_glue [-] oslo_limit.auth_section = None {{(pid=107779) log_opt_values /opt/stack/data/venv/lib/python3.12/site-packages/oslo_config/cfg.py:3006}}
Mar 17 19:42:35.820955 np0000159514 nova-scheduler[107779]: DEBUG cotyledon.oslo_config_glue [-] oslo_limit.auth_type = None {{(pid=107779) log_opt_values /opt/stack/data/venv/lib/python3.12/site-packages/oslo_config/cfg.py:3006}}
Mar 17 19:42:35.820955 np0000159514 nova-scheduler[107779]: DEBUG cotyledon.oslo_config_glue [-] oslo_limit.cafile = None {{(pid=107779) log_opt_values /opt/stack/data/venv/lib/python3.12/site-packages/oslo_config/cfg.py:3006}}
Mar 17 19:42:35.821147 np0000159514 nova-scheduler[107779]: DEBUG cotyledon.oslo_config_glue [-] oslo_limit.certfile = None {{(pid=107779) log_opt_values /opt/stack/data/venv/lib/python3.12/site-packages/oslo_config/cfg.py:3006}}
Mar 17 19:42:35.821147 np0000159514 nova-scheduler[107779]: DEBUG cotyledon.oslo_config_glue [-] oslo_limit.collect_timing = False {{(pid=107779) log_opt_values /opt/stack/data/venv/lib/python3.12/site-packages/oslo_config/cfg.py:3006}}
Mar 17 19:42:35.821147 np0000159514 nova-scheduler[107779]: DEBUG cotyledon.oslo_config_glue [-] oslo_limit.connect_retries = None {{(pid=107779) log_opt_values /opt/stack/data/venv/lib/python3.12/site-packages/oslo_config/cfg.py:3006}}
Mar 17 19:42:35.821147 np0000159514 nova-scheduler[107779]: DEBUG cotyledon.oslo_config_glue [-] oslo_limit.connect_retry_delay = None {{(pid=107779) log_opt_values /opt/stack/data/venv/lib/python3.12/site-packages/oslo_config/cfg.py:3006}}
Mar 17 19:42:35.821147 np0000159514 nova-scheduler[107779]: DEBUG cotyledon.oslo_config_glue [-] oslo_limit.endpoint_id = None {{(pid=107779) log_opt_values /opt/stack/data/venv/lib/python3.12/site-packages/oslo_config/cfg.py:3006}}
Mar 17 19:42:35.821147 np0000159514 nova-scheduler[107779]: DEBUG cotyledon.oslo_config_glue [-] oslo_limit.endpoint_interface = public {{(pid=107779) log_opt_values /opt/stack/data/venv/lib/python3.12/site-packages/oslo_config/cfg.py:3006}}
Mar 17 19:42:35.821147 np0000159514 nova-scheduler[107779]: DEBUG cotyledon.oslo_config_glue [-] oslo_limit.endpoint_override = None {{(pid=107779) log_opt_values /opt/stack/data/venv/lib/python3.12/site-packages/oslo_config/cfg.py:3006}}
Mar 17 19:42:35.821147 np0000159514 nova-scheduler[107779]: DEBUG cotyledon.oslo_config_glue [-] oslo_limit.endpoint_region_name = None {{(pid=107779) log_opt_values /opt/stack/data/venv/lib/python3.12/site-packages/oslo_config/cfg.py:3006}}
Mar 17 19:42:35.821147 np0000159514 nova-scheduler[107779]: DEBUG cotyledon.oslo_config_glue [-] oslo_limit.endpoint_service_name = None {{(pid=107779) log_opt_values /opt/stack/data/venv/lib/python3.12/site-packages/oslo_config/cfg.py:3006}}
Mar 17 19:42:35.821355 np0000159514 nova-scheduler[107779]: DEBUG cotyledon.oslo_config_glue [-] oslo_limit.endpoint_service_type = None {{(pid=107779) log_opt_values /opt/stack/data/venv/lib/python3.12/site-packages/oslo_config/cfg.py:3006}}
Mar 17 19:42:35.821355 np0000159514 nova-scheduler[107779]: DEBUG cotyledon.oslo_config_glue [-] oslo_limit.insecure = False {{(pid=107779) log_opt_values /opt/stack/data/venv/lib/python3.12/site-packages/oslo_config/cfg.py:3006}}
Mar 17 19:42:35.821355 np0000159514 nova-scheduler[107779]: DEBUG cotyledon.oslo_config_glue [-] oslo_limit.keyfile = None {{(pid=107779) log_opt_values /opt/stack/data/venv/lib/python3.12/site-packages/oslo_config/cfg.py:3006}}
Mar 17 19:42:35.821355 np0000159514 nova-scheduler[107779]: DEBUG cotyledon.oslo_config_glue [-] oslo_limit.max_version = None {{(pid=107779) log_opt_values /opt/stack/data/venv/lib/python3.12/site-packages/oslo_config/cfg.py:3006}}
Mar 17 19:42:35.821355 np0000159514 nova-scheduler[107779]: DEBUG cotyledon.oslo_config_glue [-] oslo_limit.min_version = None {{(pid=107779) log_opt_values /opt/stack/data/venv/lib/python3.12/site-packages/oslo_config/cfg.py:3006}}
Mar 17 19:42:35.821355 np0000159514 nova-scheduler[107779]: DEBUG cotyledon.oslo_config_glue [-] oslo_limit.region_name = None {{(pid=107779) log_opt_values /opt/stack/data/venv/lib/python3.12/site-packages/oslo_config/cfg.py:3006}}
Mar 17 19:42:35.821355 np0000159514 nova-scheduler[107779]: DEBUG cotyledon.oslo_config_glue [-] oslo_limit.retriable_status_codes = None {{(pid=107779) log_opt_values /opt/stack/data/venv/lib/python3.12/site-packages/oslo_config/cfg.py:3006}}
Mar 17 19:42:35.821355 np0000159514 nova-scheduler[107779]: DEBUG cotyledon.oslo_config_glue [-] oslo_limit.service_name = None {{(pid=107779) log_opt_values /opt/stack/data/venv/lib/python3.12/site-packages/oslo_config/cfg.py:3006}}
Mar 17 19:42:35.821355 np0000159514 nova-scheduler[107779]: DEBUG cotyledon.oslo_config_glue [-] oslo_limit.service_type = None {{(pid=107779) log_opt_values /opt/stack/data/venv/lib/python3.12/site-packages/oslo_config/cfg.py:3006}}
Mar 17 19:42:35.821547 np0000159514 nova-scheduler[107779]: DEBUG cotyledon.oslo_config_glue [-] oslo_limit.split_loggers = False {{(pid=107779) log_opt_values /opt/stack/data/venv/lib/python3.12/site-packages/oslo_config/cfg.py:3006}}
Mar 17 19:42:35.821547 np0000159514 nova-scheduler[107779]: DEBUG cotyledon.oslo_config_glue [-] oslo_limit.status_code_retries = None {{(pid=107779) log_opt_values /opt/stack/data/venv/lib/python3.12/site-packages/oslo_config/cfg.py:3006}}
Mar 17 19:42:35.821547 np0000159514 nova-scheduler[107779]: DEBUG cotyledon.oslo_config_glue [-] oslo_limit.status_code_retry_delay = None {{(pid=107779) log_opt_values /opt/stack/data/venv/lib/python3.12/site-packages/oslo_config/cfg.py:3006}}
Mar 17 19:42:35.821547 np0000159514 nova-scheduler[107779]: DEBUG cotyledon.oslo_config_glue [-] oslo_limit.timeout = None {{(pid=107779) log_opt_values /opt/stack/data/venv/lib/python3.12/site-packages/oslo_config/cfg.py:3006}}
Mar 17 19:42:35.821547 np0000159514 nova-scheduler[107779]: DEBUG cotyledon.oslo_config_glue [-] oslo_limit.valid_interfaces = None {{(pid=107779) log_opt_values /opt/stack/data/venv/lib/python3.12/site-packages/oslo_config/cfg.py:3006}}
Mar 17 19:42:35.821547 np0000159514 nova-scheduler[107779]: DEBUG cotyledon.oslo_config_glue [-] oslo_limit.version = None {{(pid=107779) log_opt_values /opt/stack/data/venv/lib/python3.12/site-packages/oslo_config/cfg.py:3006}}
Mar 17 19:42:35.821547 np0000159514 nova-scheduler[107779]: DEBUG cotyledon.oslo_config_glue [-] oslo_reports.file_event_handler = None {{(pid=107779) log_opt_values /opt/stack/data/venv/lib/python3.12/site-packages/oslo_config/cfg.py:3006}}
Mar 17 19:42:35.821547 np0000159514 nova-scheduler[107779]: DEBUG cotyledon.oslo_config_glue [-] oslo_reports.file_event_handler_interval = 1 {{(pid=107779) log_opt_values /opt/stack/data/venv/lib/python3.12/site-packages/oslo_config/cfg.py:3006}}
Mar 17 19:42:35.821547 np0000159514 nova-scheduler[107779]: DEBUG cotyledon.oslo_config_glue [-] oslo_reports.log_dir = None {{(pid=107779) log_opt_values /opt/stack/data/venv/lib/python3.12/site-packages/oslo_config/cfg.py:3006}}
Mar 17 19:42:35.821747 np0000159514 nova-scheduler[107779]: DEBUG cotyledon.oslo_config_glue [-] ******************************************************************************** {{(pid=107779) log_opt_values /opt/stack/data/venv/lib/python3.12/site-packages/oslo_config/cfg.py:3013}}
Mar 17 19:42:35.821747 np0000159514 nova-scheduler[107779]: DEBUG cotyledon._service_worker [-] Run service ServiceWrapper(3) [107779] {{(pid=107779) wait_forever /opt/stack/data/venv/lib/python3.12/site-packages/cotyledon/_service_worker.py:218}}
Mar 17 19:42:35.821794 np0000159514 nova-scheduler[107756]: DEBUG dbcounter [-] [107756] Writer thread running {{(pid=107756) stat_writer /opt/stack/data/venv/lib/python3.12/site-packages/dbcounter.py:102}}
Mar 17 19:42:35.821824 np0000159514 nova-scheduler[107779]: INFO nova.service [-] Starting scheduler node (version 33.0.0)
Mar 17 19:42:35.821851 np0000159514 nova-scheduler[107770]: INFO dbcounter [None req-a6a15248-bc32-4dac-9cbf-285cfd6f3dbf None None] Registered counter for database nova_cell0
Mar 17 19:42:35.821882 np0000159514 nova-scheduler[107779]: INFO dbcounter [None req-94c81e68-b639-4cec-8fda-c953921b468c None None] Registered counter for database nova_cell0
Mar 17 19:42:35.821927 np0000159514 nova-scheduler[107762]: DEBUG dbcounter [-] [107762] Writer thread running {{(pid=107762) stat_writer /opt/stack/data/venv/lib/python3.12/site-packages/dbcounter.py:102}}
Mar 17 19:42:35.821961 np0000159514 nova-scheduler[107770]: DEBUG oslo_db.sqlalchemy.engines [None req-a6a15248-bc32-4dac-9cbf-285cfd6f3dbf None None] MySQL server mode set to STRICT_TRANS_TABLES,STRICT_ALL_TABLES,NO_ZERO_IN_DATE,NO_ZERO_DATE,ERROR_FOR_DIVISION_BY_ZERO,TRADITIONAL,NO_ENGINE_SUBSTITUTION {{(pid=107770) _check_effective_sql_mode /opt/stack/data/venv/lib/python3.12/site-packages/oslo_db/sqlalchemy/engines.py:325}}
Mar 17 19:42:35.821995 np0000159514 nova-scheduler[107779]: DEBUG oslo_db.sqlalchemy.engines [None req-94c81e68-b639-4cec-8fda-c953921b468c None None] MySQL server mode set to STRICT_TRANS_TABLES,STRICT_ALL_TABLES,NO_ZERO_IN_DATE,NO_ZERO_DATE,ERROR_FOR_DIVISION_BY_ZERO,TRADITIONAL,NO_ENGINE_SUBSTITUTION {{(pid=107779) _check_effective_sql_mode /opt/stack/data/venv/lib/python3.12/site-packages/oslo_db/sqlalchemy/engines.py:325}}
Mar 17 19:42:35.822027 np0000159514 nova-scheduler[107756]: DEBUG nova.service [None req-44e26526-ba29-42c9-b316-7d7ed36b93a4 None None] Creating RPC server for service: nova-scheduler on topic: scheduler {{(pid=107756) start /opt/stack/nova/nova/service.py:195}}
Mar 17 19:42:35.827228 np0000159514 nova-scheduler[107779]: DEBUG dbcounter [-] [107779] Writer thread running {{(pid=107779) stat_writer /opt/stack/data/venv/lib/python3.12/site-packages/dbcounter.py:102}}
Mar 17 19:42:35.827476 np0000159514 nova-scheduler[107762]: DEBUG nova.service [None req-54677099-1b0a-4ccd-87b9-88436027341b None None] Creating RPC server for service: nova-scheduler on topic: scheduler {{(pid=107762) start /opt/stack/nova/nova/service.py:195}}
Mar 17 19:42:35.827842 np0000159514 nova-scheduler[107770]: DEBUG dbcounter [-] [107770] Writer thread running {{(pid=107770) stat_writer /opt/stack/data/venv/lib/python3.12/site-packages/dbcounter.py:102}}
Mar 17 19:42:35.830526 np0000159514 nova-scheduler[107779]: DEBUG nova.service [None req-94c81e68-b639-4cec-8fda-c953921b468c None None] Creating RPC server for service: nova-scheduler on topic: scheduler {{(pid=107779) start /opt/stack/nova/nova/service.py:195}}
Mar 17 19:42:35.831365 np0000159514 nova-scheduler[107770]: DEBUG nova.service [None req-a6a15248-bc32-4dac-9cbf-285cfd6f3dbf None None] Creating RPC server for service: nova-scheduler on topic: scheduler {{(pid=107770) start /opt/stack/nova/nova/service.py:195}}
Mar 17 19:42:35.860672 np0000159514 nova-scheduler[107779]: DEBUG nova.service [None req-94c81e68-b639-4cec-8fda-c953921b468c None None] Join ServiceGroup membership for this service scheduler {{(pid=107779) start /opt/stack/nova/nova/service.py:221}}
Mar 17 19:42:35.860928 np0000159514 nova-scheduler[107762]: DEBUG nova.service [None req-54677099-1b0a-4ccd-87b9-88436027341b None None] Join ServiceGroup membership for this service scheduler {{(pid=107762) start /opt/stack/nova/nova/service.py:221}}
Mar 17 19:42:35.860995 np0000159514 nova-scheduler[107779]: DEBUG nova.servicegroup.drivers.db [None req-94c81e68-b639-4cec-8fda-c953921b468c None None] DB_Driver: join new ServiceGroup member np0000159514 to the scheduler group, service = {{(pid=107779) join /opt/stack/nova/nova/servicegroup/drivers/db.py:44}}
Mar 17 19:42:35.861057 np0000159514 nova-scheduler[107762]: DEBUG nova.servicegroup.drivers.db [None req-54677099-1b0a-4ccd-87b9-88436027341b None None] DB_Driver: join new ServiceGroup member np0000159514 to the scheduler group, service = {{(pid=107762) join /opt/stack/nova/nova/servicegroup/drivers/db.py:44}}
Mar 17 19:42:35.862606 np0000159514 nova-scheduler[107756]: DEBUG nova.service [None req-44e26526-ba29-42c9-b316-7d7ed36b93a4 None None] Join ServiceGroup membership for this service scheduler {{(pid=107756) start /opt/stack/nova/nova/service.py:221}}
Mar 17 19:42:35.862910 np0000159514 nova-scheduler[107756]: DEBUG nova.servicegroup.drivers.db [None req-44e26526-ba29-42c9-b316-7d7ed36b93a4 None None] DB_Driver: join new ServiceGroup member np0000159514 to the scheduler group, service = {{(pid=107756) join /opt/stack/nova/nova/servicegroup/drivers/db.py:44}}
Mar 17 19:42:35.865786 np0000159514 nova-scheduler[107770]: DEBUG nova.service [None req-a6a15248-bc32-4dac-9cbf-285cfd6f3dbf None None] Join ServiceGroup membership for this service scheduler {{(pid=107770) start /opt/stack/nova/nova/service.py:221}}
Mar 17 19:42:35.866064 np0000159514 nova-scheduler[107770]: DEBUG nova.servicegroup.drivers.db [None req-a6a15248-bc32-4dac-9cbf-285cfd6f3dbf None None] DB_Driver: join new ServiceGroup member np0000159514 to the scheduler group, service = {{(pid=107770) join /opt/stack/nova/nova/servicegroup/drivers/db.py:44}}
Mar 17 19:42:40.884538 np0000159514 nova-scheduler[107756]: DEBUG oslo.service.backend._threading.loopingcall [-] Fixed interval looping call 'nova.servicegroup.drivers.db.DbDriver._report_state' sleeping for 119.98 seconds {{(pid=107756) _run_loop /opt/stack/data/venv/lib/python3.12/site-packages/oslo_service/backend/_threading/loopingcall.py:125}}
Mar 17 19:42:40.886019 np0000159514 nova-scheduler[107779]: DEBUG oslo.service.backend._threading.loopingcall [-] Fixed interval looping call 'nova.servicegroup.drivers.db.DbDriver._report_state' sleeping for 119.98 seconds {{(pid=107779) _run_loop /opt/stack/data/venv/lib/python3.12/site-packages/oslo_service/backend/_threading/loopingcall.py:125}}
Mar 17 19:42:40.887025 np0000159514 nova-scheduler[107762]: DEBUG oslo.service.backend._threading.loopingcall [-] Fixed interval looping call 'nova.servicegroup.drivers.db.DbDriver._report_state' sleeping for 119.98 seconds {{(pid=107762) _run_loop /opt/stack/data/venv/lib/python3.12/site-packages/oslo_service/backend/_threading/loopingcall.py:125}}
Mar 17 19:42:40.888536 np0000159514 nova-scheduler[107770]: DEBUG oslo.service.backend._threading.loopingcall [-] Fixed interval looping call 'nova.servicegroup.drivers.db.DbDriver._report_state' sleeping for 119.98 seconds {{(pid=107770) _run_loop /opt/stack/data/venv/lib/python3.12/site-packages/oslo_service/backend/_threading/loopingcall.py:125}}
Mar 17 19:42:44.418965 np0000159514 nova-scheduler[107016]: DEBUG dbcounter [-] [107016] Writing DB stats nova_api:SELECT=3 {{(pid=107016) stat_writer /opt/stack/data/venv/lib/python3.12/site-packages/dbcounter.py:115}}
Mar 17 19:42:44.523094 np0000159514 nova-scheduler[107016]: DEBUG dbcounter [-] [107016] Writing DB stats nova_cell0:SELECT=1 {{(pid=107016) stat_writer /opt/stack/data/venv/lib/python3.12/site-packages/dbcounter.py:115}}
Mar 17 19:42:44.527770 np0000159514 nova-scheduler[107016]: DEBUG dbcounter [-] [107016] Writing DB stats nova_cell1:SELECT=1 {{(pid=107016) stat_writer /opt/stack/data/venv/lib/python3.12/site-packages/dbcounter.py:115}}
Mar 17 19:42:45.863156 np0000159514 nova-scheduler[107779]: DEBUG oslo.service.backend._threading.loopingcall [None req-83976a13-a164-424b-999f-e1dd3a78321c None None] Dynamic interval looping call 'nova.service.Service.periodic_tasks' sleeping for 60.00 seconds {{(pid=107779) _run_loop /opt/stack/data/venv/lib/python3.12/site-packages/oslo_service/backend/_threading/loopingcall.py:125}}
Mar 17 19:42:50.876310 np0000159514 nova-scheduler[107756]: DEBUG dbcounter [-] [107756] Writing DB stats nova_cell0:SELECT=4,nova_cell0:INSERT=1,nova_cell0:UPDATE=1 {{(pid=107756) stat_writer /opt/stack/data/venv/lib/python3.12/site-packages/dbcounter.py:115}}
Mar 17 19:42:50.877175 np0000159514 nova-scheduler[107779]: DEBUG dbcounter [-] [107779] Writing DB stats nova_cell0:SELECT=3,nova_cell0:UPDATE=1 {{(pid=107779) stat_writer /opt/stack/data/venv/lib/python3.12/site-packages/dbcounter.py:115}}
Mar 17 19:42:50.878519 np0000159514 nova-scheduler[107762]: DEBUG dbcounter [-] [107762] Writing DB stats nova_cell0:SELECT=5,nova_cell0:INSERT=1,nova_cell0:UPDATE=1 {{(pid=107762) stat_writer /opt/stack/data/venv/lib/python3.12/site-packages/dbcounter.py:115}}
Mar 17 19:42:50.882129 np0000159514 nova-scheduler[107770]: DEBUG dbcounter [-] [107770] Writing DB stats nova_cell0:SELECT=3,nova_cell0:UPDATE=1 {{(pid=107770) stat_writer /opt/stack/data/venv/lib/python3.12/site-packages/dbcounter.py:115}}
Mar 17 19:43:17.868391 np0000159514 nova-scheduler[107770]: DEBUG oslo.service.backend._threading.loopingcall [None req-5a664103-27b1-493a-80f5-577c4f9c8227 None None] Dynamic interval looping call 'nova.service.Service.periodic_tasks' sleeping for 60.00 seconds {{(pid=107770) _run_loop /opt/stack/data/venv/lib/python3.12/site-packages/oslo_service/backend/_threading/loopingcall.py:125}}
Mar 17 19:43:25.863370 np0000159514 nova-scheduler[107762]: DEBUG oslo.service.backend._threading.loopingcall [None req-79a8cbe9-beac-4c96-86c0-73b72a5d5ede None None] Dynamic interval looping call 'nova.service.Service.periodic_tasks' sleeping for 60.00 seconds {{(pid=107762) _run_loop /opt/stack/data/venv/lib/python3.12/site-packages/oslo_service/backend/_threading/loopingcall.py:125}}
Mar 17 19:43:29.865710 np0000159514 nova-scheduler[107756]: DEBUG oslo.service.backend._threading.loopingcall [None req-2b8449a8-2bb7-4461-a7ab-ba2055e84ca4 None None] Dynamic interval looping call 'nova.service.Service.periodic_tasks' sleeping for 60.00 seconds {{(pid=107756) _run_loop /opt/stack/data/venv/lib/python3.12/site-packages/oslo_service/backend/_threading/loopingcall.py:125}}