Apr 13 02:25:53.553306 np0000165405 systemd[1]: Starting devstack@n-api.service - Devstack devstack@n-api.service...
Apr 13 02:25:53.565736 np0000165405 devstack@n-api.service[100963]: [uWSGI] getting INI configuration from /etc/nova/nova-api-uwsgi.ini
Apr 13 02:25:53.566413 np0000165405 devstack@n-api.service[100963]: open("./http_plugin.so"): No such file or directory [core/utils.c line 3709]
Apr 13 02:25:53.566413 np0000165405 devstack@n-api.service[100963]: !!! UNABLE to load uWSGI plugin: ./http_plugin.so: cannot open shared object file: No such file or directory !!!
Apr 13 02:25:53.566413 np0000165405 devstack@n-api.service[100963]: open("./python3_plugin.so"): No such file or directory [core/utils.c line 3709]
Apr 13 02:25:53.566413 np0000165405 devstack@n-api.service[100963]: !!! UNABLE to load uWSGI plugin: ./python3_plugin.so: cannot open shared object file: No such file or directory !!!
Apr 13 02:25:53.566413 np0000165405 devstack@n-api.service[100963]: *** Starting uWSGI 2.0.31 (64bit) on [Mon Apr 13 02:25:53 2026] ***
Apr 13 02:25:53.566413 np0000165405 devstack@n-api.service[100963]: compiled with version: 13.3.0 on 13 April 2026 02:15:58
Apr 13 02:25:53.566413 np0000165405 devstack@n-api.service[100963]: os: Linux-6.8.0-107-generic #107-Ubuntu SMP PREEMPT_DYNAMIC Fri Mar 13 19:51:50 UTC 2026
Apr 13 02:25:53.566413 np0000165405 devstack@n-api.service[100963]: nodename: np0000165405
Apr 13 02:25:53.566413 np0000165405 devstack@n-api.service[100963]: machine: x86_64
Apr 13 02:25:53.566413 np0000165405 devstack@n-api.service[100963]: clock source: unix
Apr 13 02:25:53.566413 np0000165405 devstack@n-api.service[100963]: pcre jit disabled
Apr 13 02:25:53.566413 np0000165405 devstack@n-api.service[100963]: detected number of CPU cores: 16
Apr 13 02:25:53.566413 np0000165405 devstack@n-api.service[100963]: current working directory: /
Apr 13 02:25:53.566413 np0000165405 devstack@n-api.service[100963]: detected binary path: /opt/stack/data/venv/bin/uwsgi
Apr 13 02:25:53.566413 np0000165405 devstack@n-api.service[100963]: your processes number limit is 256917
Apr 13 02:25:53.566413 np0000165405 devstack@n-api.service[100963]: your memory page size is 4096 bytes
Apr 13 02:25:53.566413 np0000165405 devstack@n-api.service[100963]: detected max file descriptor number: 2048
Apr 13 02:25:53.566413 np0000165405 devstack@n-api.service[100963]: lock engine: pthread robust mutexes
Apr 13 02:25:53.566413 np0000165405 devstack@n-api.service[100963]: thunder lock: enabled
Apr 13 02:25:53.567591 np0000165405 devstack@n-api.service[100963]: uwsgi socket 0 bound to UNIX address /var/run/uwsgi/nova-api.socket fd 4
Apr 13 02:25:53.567591 np0000165405 devstack@n-api.service[100963]: Python version: 3.12.3 (main, Mar 3 2026, 12:15:18) [GCC 13.3.0]
Apr 13 02:25:53.567591 np0000165405 devstack@n-api.service[100963]: PEP 405 virtualenv detected: /opt/stack/data/venv
Apr 13 02:25:53.567591 np0000165405 devstack@n-api.service[100963]: Set PythonHome to /opt/stack/data/venv
Apr 13 02:25:53.603962 np0000165405 devstack@n-api.service[100963]: Python main interpreter initialized at 0x7ab8ae8a3668
Apr 13 02:25:53.603962 np0000165405 devstack@n-api.service[100963]: python threads support enabled
Apr 13 02:25:53.603962 np0000165405 devstack@n-api.service[100963]: your server socket listen backlog is limited to 100 connections
Apr 13 02:25:53.603962 np0000165405 devstack@n-api.service[100963]: your mercy for graceful operations on workers is 80 seconds
Apr 13 02:25:53.604455 np0000165405 devstack@n-api.service[100963]: mapped 671795 bytes (656 KB) for 4 cores
Apr 13 02:25:53.604586 np0000165405 devstack@n-api.service[100963]: *** Operational MODE: preforking ***
Apr 13 02:25:53.604822 np0000165405 devstack@n-api.service[100963]: *** uWSGI is running in multiple interpreter mode ***
Apr 13 02:25:53.604822 np0000165405 devstack@n-api.service[100963]: spawned uWSGI master process (pid: 100963)
Apr 13 02:25:53.604944 np0000165405 systemd[1]: Started devstack@n-api.service - Devstack devstack@n-api.service.
Apr 13 02:25:53.605490 np0000165405 devstack@n-api.service[100963]: spawned uWSGI worker 1 (pid: 100964, cores: 1)
Apr 13 02:25:53.605951 np0000165405 devstack@n-api.service[100963]: spawned uWSGI worker 2 (pid: 100965, cores: 1)
Apr 13 02:25:53.606439 np0000165405 devstack@n-api.service[100963]: spawned uWSGI worker 3 (pid: 100966, cores: 1)
Apr 13 02:25:53.606935 np0000165405 devstack@n-api.service[100963]: spawned uWSGI worker 4 (pid: 100967, cores: 1)
Apr 13 02:25:53.607009 np0000165405 devstack@n-api.service[100963]: running "unix_signal:15 gracefully_kill_them_all" (master-start)...
Apr 13 02:25:53.913401 np0000165405 devstack@n-api.service[100966]: /opt/stack/data/venv/lib/python3.12/site-packages/oslo_concurrency/lockutils.py:41: EventletDeprecationWarning:
Apr 13 02:25:53.913401 np0000165405 devstack@n-api.service[100966]: Eventlet is deprecated. It is currently being maintained in bugfix mode, and
Apr 13 02:25:53.913401 np0000165405 devstack@n-api.service[100966]: we strongly recommend against using it for new projects.
Apr 13 02:25:53.913401 np0000165405 devstack@n-api.service[100966]: If you are already using Eventlet, we recommend migrating to a different
Apr 13 02:25:53.913401 np0000165405 devstack@n-api.service[100966]: framework. For more detail see
Apr 13 02:25:53.913401 np0000165405 devstack@n-api.service[100966]: https://eventlet.readthedocs.io/en/latest/asyncio/migration.html
Apr 13 02:25:53.913401 np0000165405 devstack@n-api.service[100966]: import eventlet
Apr 13 02:25:53.919421 np0000165405 devstack@n-api.service[100965]: /opt/stack/data/venv/lib/python3.12/site-packages/oslo_concurrency/lockutils.py:41: EventletDeprecationWarning:
Apr 13 02:25:53.919421 np0000165405 devstack@n-api.service[100965]: Eventlet is deprecated. It is currently being maintained in bugfix mode, and
Apr 13 02:25:53.919421 np0000165405 devstack@n-api.service[100965]: we strongly recommend against using it for new projects.
Apr 13 02:25:53.919421 np0000165405 devstack@n-api.service[100965]: If you are already using Eventlet, we recommend migrating to a different
Apr 13 02:25:53.919421 np0000165405 devstack@n-api.service[100965]: framework. For more detail see
Apr 13 02:25:53.919421 np0000165405 devstack@n-api.service[100965]: https://eventlet.readthedocs.io/en/latest/asyncio/migration.html
Apr 13 02:25:53.919421 np0000165405 devstack@n-api.service[100965]: import eventlet
Apr 13 02:25:53.920255 np0000165405 devstack@n-api.service[100964]: /opt/stack/data/venv/lib/python3.12/site-packages/oslo_concurrency/lockutils.py:41: EventletDeprecationWarning:
Apr 13 02:25:53.920255 np0000165405 devstack@n-api.service[100964]: Eventlet is deprecated. It is currently being maintained in bugfix mode, and
Apr 13 02:25:53.920255 np0000165405 devstack@n-api.service[100964]: we strongly recommend against using it for new projects.
Apr 13 02:25:53.920255 np0000165405 devstack@n-api.service[100964]: If you are already using Eventlet, we recommend migrating to a different
Apr 13 02:25:53.920255 np0000165405 devstack@n-api.service[100964]: framework. For more detail see
Apr 13 02:25:53.920255 np0000165405 devstack@n-api.service[100964]: https://eventlet.readthedocs.io/en/latest/asyncio/migration.html
Apr 13 02:25:53.920255 np0000165405 devstack@n-api.service[100964]: import eventlet
Apr 13 02:25:53.925147 np0000165405 devstack@n-api.service[100967]: /opt/stack/data/venv/lib/python3.12/site-packages/oslo_concurrency/lockutils.py:41: EventletDeprecationWarning:
Apr 13 02:25:53.925147 np0000165405 devstack@n-api.service[100967]: Eventlet is deprecated. It is currently being maintained in bugfix mode, and
Apr 13 02:25:53.925147 np0000165405 devstack@n-api.service[100967]: we strongly recommend against using it for new projects.
Apr 13 02:25:53.925147 np0000165405 devstack@n-api.service[100967]: If you are already using Eventlet, we recommend migrating to a different
Apr 13 02:25:53.925147 np0000165405 devstack@n-api.service[100967]: framework. For more detail see
Apr 13 02:25:53.925147 np0000165405 devstack@n-api.service[100967]: https://eventlet.readthedocs.io/en/latest/asyncio/migration.html
Apr 13 02:25:53.925147 np0000165405 devstack@n-api.service[100967]: import eventlet
Apr 13 02:25:53.959133 np0000165405 devstack@n-api.service[100966]: Service is starting with native threading. This is currently experimental. Do not use it in production without first testing it in pre-production.
Apr 13 02:25:53.965576 np0000165405 devstack@n-api.service[100964]: Service is starting with native threading. This is currently experimental. Do not use it in production without first testing it in pre-production.
Apr 13 02:25:53.967157 np0000165405 devstack@n-api.service[100965]: Service is starting with native threading. This is currently experimental. Do not use it in production without first testing it in pre-production.
Apr 13 02:25:53.970223 np0000165405 devstack@n-api.service[100967]: Service is starting with native threading. This is currently experimental. Do not use it in production without first testing it in pre-production.
Apr 13 02:25:55.969068 np0000165405 devstack@n-api.service[100966]: INFO dbcounter [None req-eeade500-b265-4684-8c47-c44c8a213ace None None] Registered counter for database nova_api
Apr 13 02:25:55.978341 np0000165405 devstack@n-api.service[100964]: INFO dbcounter [None req-66330b7f-2561-414f-88c9-b01b43ffaa50 None None] Registered counter for database nova_api
Apr 13 02:25:55.980187 np0000165405 devstack@n-api.service[100965]: INFO dbcounter [None req-1206be3a-613d-467c-82f4-04937e343b37 None None] Registered counter for database nova_api
Apr 13 02:25:55.981301 np0000165405 devstack@n-api.service[100966]: DEBUG oslo_db.sqlalchemy.engines [None req-eeade500-b265-4684-8c47-c44c8a213ace None None] MySQL server mode set to STRICT_TRANS_TABLES,STRICT_ALL_TABLES,NO_ZERO_IN_DATE,NO_ZERO_DATE,ERROR_FOR_DIVISION_BY_ZERO,TRADITIONAL,NO_ENGINE_SUBSTITUTION {{(pid=100966) _check_effective_sql_mode /opt/stack/data/venv/lib/python3.12/site-packages/oslo_db/sqlalchemy/engines.py:325}}
Apr 13 02:25:55.990377 np0000165405 devstack@n-api.service[100964]: DEBUG oslo_db.sqlalchemy.engines [None req-66330b7f-2561-414f-88c9-b01b43ffaa50 None None] MySQL server mode set to STRICT_TRANS_TABLES,STRICT_ALL_TABLES,NO_ZERO_IN_DATE,NO_ZERO_DATE,ERROR_FOR_DIVISION_BY_ZERO,TRADITIONAL,NO_ENGINE_SUBSTITUTION {{(pid=100964) _check_effective_sql_mode /opt/stack/data/venv/lib/python3.12/site-packages/oslo_db/sqlalchemy/engines.py:325}}
Apr 13 02:25:55.999084 np0000165405 devstack@n-api.service[100965]: DEBUG oslo_db.sqlalchemy.engines [None req-1206be3a-613d-467c-82f4-04937e343b37 None None] MySQL server mode set to STRICT_TRANS_TABLES,STRICT_ALL_TABLES,NO_ZERO_IN_DATE,NO_ZERO_DATE,ERROR_FOR_DIVISION_BY_ZERO,TRADITIONAL,NO_ENGINE_SUBSTITUTION {{(pid=100965) _check_effective_sql_mode /opt/stack/data/venv/lib/python3.12/site-packages/oslo_db/sqlalchemy/engines.py:325}}
Apr 13 02:25:56.015903 np0000165405 devstack@n-api.service[100966]: DEBUG dbcounter [-] [100966] Writer thread running {{(pid=100966) stat_writer /opt/stack/data/venv/lib/python3.12/site-packages/dbcounter.py:102}}
Apr 13 02:25:56.018876 np0000165405 devstack@n-api.service[100966]: DEBUG nova.context [None req-eeade500-b265-4684-8c47-c44c8a213ace None None] Found 2 cells: 00000000-0000-0000-0000-000000000000(cell0),c77f6af7-9953-4274-a744-ec7a0502ebef(cell1) {{(pid=100966) load_cells /opt/stack/nova/nova/context.py:509}}
Apr 13 02:25:56.019167 np0000165405 devstack@n-api.service[100966]: INFO nova.utils [None req-eeade500-b265-4684-8c47-c44c8a213ace None None] The cell worker thread pool MainProcess.cell_worker is initialized
Apr 13 02:25:56.021433 np0000165405 devstack@n-api.service[100966]: DEBUG oslo_concurrency.lockutils [None req-eeade500-b265-4684-8c47-c44c8a213ace None None] Acquiring lock "00000000-0000-0000-0000-000000000000" by "nova.context.set_target_cell..get_or_set_cached_cell_and_set_connections" {{(pid=100966) inner /opt/stack/data/venv/lib/python3.12/site-packages/oslo_concurrency/lockutils.py:506}}
Apr 13 02:25:56.021652 np0000165405 devstack@n-api.service[100966]: DEBUG oslo_concurrency.lockutils [None req-eeade500-b265-4684-8c47-c44c8a213ace None None] Lock "00000000-0000-0000-0000-000000000000" acquired by "nova.context.set_target_cell..get_or_set_cached_cell_and_set_connections" :: waited 0.000s {{(pid=100966) inner /opt/stack/data/venv/lib/python3.12/site-packages/oslo_concurrency/lockutils.py:519}}
Apr 13 02:25:56.022093 np0000165405 devstack@n-api.service[100966]: DEBUG oslo_concurrency.lockutils [None req-eeade500-b265-4684-8c47-c44c8a213ace None None] Lock "00000000-0000-0000-0000-000000000000" "released" by "nova.context.set_target_cell..get_or_set_cached_cell_and_set_connections" :: held 0.000s {{(pid=100966) inner /opt/stack/data/venv/lib/python3.12/site-packages/oslo_concurrency/lockutils.py:538}}
Apr 13 02:25:56.023102 np0000165405 devstack@n-api.service[100966]: DEBUG oslo_concurrency.lockutils [None req-eeade500-b265-4684-8c47-c44c8a213ace None None] Acquiring lock "c77f6af7-9953-4274-a744-ec7a0502ebef" by "nova.context.set_target_cell..get_or_set_cached_cell_and_set_connections" {{(pid=100966) inner /opt/stack/data/venv/lib/python3.12/site-packages/oslo_concurrency/lockutils.py:506}}
Apr 13 02:25:56.023319 np0000165405 devstack@n-api.service[100964]: DEBUG dbcounter [-] [100964] Writer thread running {{(pid=100964) stat_writer /opt/stack/data/venv/lib/python3.12/site-packages/dbcounter.py:102}}
Apr 13 02:25:56.023431 np0000165405 devstack@n-api.service[100966]: DEBUG oslo_concurrency.lockutils [None req-eeade500-b265-4684-8c47-c44c8a213ace None None] Lock "c77f6af7-9953-4274-a744-ec7a0502ebef" acquired by "nova.context.set_target_cell..get_or_set_cached_cell_and_set_connections" :: waited 0.000s {{(pid=100966) inner /opt/stack/data/venv/lib/python3.12/site-packages/oslo_concurrency/lockutils.py:519}}
Apr 13 02:25:56.024363 np0000165405 devstack@n-api.service[100966]: DEBUG oslo_concurrency.lockutils [None req-eeade500-b265-4684-8c47-c44c8a213ace None None] Lock "c77f6af7-9953-4274-a744-ec7a0502ebef" "released" by "nova.context.set_target_cell..get_or_set_cached_cell_and_set_connections" :: held 0.001s {{(pid=100966) inner /opt/stack/data/venv/lib/python3.12/site-packages/oslo_concurrency/lockutils.py:538}}
Apr 13 02:25:56.025520 np0000165405 devstack@n-api.service[100964]: DEBUG nova.context [None req-66330b7f-2561-414f-88c9-b01b43ffaa50 None None] Found 2 cells: 00000000-0000-0000-0000-000000000000(cell0),c77f6af7-9953-4274-a744-ec7a0502ebef(cell1) {{(pid=100964) load_cells /opt/stack/nova/nova/context.py:509}}
Apr 13 02:25:56.025807 np0000165405 devstack@n-api.service[100964]: INFO nova.utils [None req-66330b7f-2561-414f-88c9-b01b43ffaa50 None None] The cell worker thread pool MainProcess.cell_worker is initialized
Apr 13 02:25:56.027494 np0000165405 devstack@n-api.service[100964]: DEBUG oslo_concurrency.lockutils [None req-66330b7f-2561-414f-88c9-b01b43ffaa50 None None] Acquiring lock "00000000-0000-0000-0000-000000000000" by "nova.context.set_target_cell..get_or_set_cached_cell_and_set_connections" {{(pid=100964) inner /opt/stack/data/venv/lib/python3.12/site-packages/oslo_concurrency/lockutils.py:506}}
Apr 13 02:25:56.027653 np0000165405 devstack@n-api.service[100964]: DEBUG oslo_concurrency.lockutils [None req-66330b7f-2561-414f-88c9-b01b43ffaa50 None None] Lock "00000000-0000-0000-0000-000000000000" acquired by "nova.context.set_target_cell..get_or_set_cached_cell_and_set_connections" :: waited 0.000s {{(pid=100964) inner /opt/stack/data/venv/lib/python3.12/site-packages/oslo_concurrency/lockutils.py:519}}
Apr 13 02:25:56.027918 np0000165405 devstack@n-api.service[100966]: INFO dbcounter [None req-eeade500-b265-4684-8c47-c44c8a213ace None None] Registered counter for database nova_cell0
Apr 13 02:25:56.028106 np0000165405 devstack@n-api.service[100964]: DEBUG oslo_concurrency.lockutils [None req-66330b7f-2561-414f-88c9-b01b43ffaa50 None None] Lock "00000000-0000-0000-0000-000000000000" "released" by "nova.context.set_target_cell..get_or_set_cached_cell_and_set_connections" :: held 0.000s {{(pid=100964) inner /opt/stack/data/venv/lib/python3.12/site-packages/oslo_concurrency/lockutils.py:538}}
Apr 13 02:25:56.028711 np0000165405 devstack@n-api.service[100964]: DEBUG oslo_concurrency.lockutils [None req-66330b7f-2561-414f-88c9-b01b43ffaa50 None None] Acquiring lock "c77f6af7-9953-4274-a744-ec7a0502ebef" by "nova.context.set_target_cell..get_or_set_cached_cell_and_set_connections" {{(pid=100964) inner /opt/stack/data/venv/lib/python3.12/site-packages/oslo_concurrency/lockutils.py:506}}
Apr 13 02:25:56.029047 np0000165405 devstack@n-api.service[100964]: DEBUG oslo_concurrency.lockutils [None req-66330b7f-2561-414f-88c9-b01b43ffaa50 None None] Lock "c77f6af7-9953-4274-a744-ec7a0502ebef" acquired by "nova.context.set_target_cell..get_or_set_cached_cell_and_set_connections" :: waited 0.000s {{(pid=100964) inner /opt/stack/data/venv/lib/python3.12/site-packages/oslo_concurrency/lockutils.py:519}}
Apr 13 02:25:56.029649 np0000165405 devstack@n-api.service[100964]: DEBUG oslo_concurrency.lockutils [None req-66330b7f-2561-414f-88c9-b01b43ffaa50 None None] Lock "c77f6af7-9953-4274-a744-ec7a0502ebef" "released" by "nova.context.set_target_cell..get_or_set_cached_cell_and_set_connections" :: held 0.001s {{(pid=100964) inner /opt/stack/data/venv/lib/python3.12/site-packages/oslo_concurrency/lockutils.py:538}}
Apr 13 02:25:56.031907 np0000165405 devstack@n-api.service[100964]: INFO dbcounter [None req-66330b7f-2561-414f-88c9-b01b43ffaa50 None None] Registered counter for database nova_cell0
Apr 13 02:25:56.031982 np0000165405 devstack@n-api.service[100965]: DEBUG dbcounter [-] [100965] Writer thread running {{(pid=100965) stat_writer /opt/stack/data/venv/lib/python3.12/site-packages/dbcounter.py:102}}
Apr 13 02:25:56.034241 np0000165405 devstack@n-api.service[100965]: DEBUG nova.context [None req-1206be3a-613d-467c-82f4-04937e343b37 None None] Found 2 cells: 00000000-0000-0000-0000-000000000000(cell0),c77f6af7-9953-4274-a744-ec7a0502ebef(cell1) {{(pid=100965) load_cells /opt/stack/nova/nova/context.py:509}}
Apr 13 02:25:56.034428 np0000165405 devstack@n-api.service[100965]: INFO nova.utils [None req-1206be3a-613d-467c-82f4-04937e343b37 None None] The cell worker thread pool MainProcess.cell_worker is initialized
Apr 13 02:25:56.035260 np0000165405 devstack@n-api.service[100966]: INFO dbcounter [None req-eeade500-b265-4684-8c47-c44c8a213ace None None] Registered counter for database nova_cell1
Apr 13 02:25:56.036192 np0000165405 devstack@n-api.service[100965]: DEBUG oslo_concurrency.lockutils [None req-1206be3a-613d-467c-82f4-04937e343b37 None None] Acquiring lock "00000000-0000-0000-0000-000000000000" by "nova.context.set_target_cell..get_or_set_cached_cell_and_set_connections" {{(pid=100965) inner /opt/stack/data/venv/lib/python3.12/site-packages/oslo_concurrency/lockutils.py:506}}
Apr 13 02:25:56.036358 np0000165405 devstack@n-api.service[100965]: DEBUG oslo_concurrency.lockutils [None req-1206be3a-613d-467c-82f4-04937e343b37 None None] Lock "00000000-0000-0000-0000-000000000000" acquired by "nova.context.set_target_cell..get_or_set_cached_cell_and_set_connections" :: waited 0.000s {{(pid=100965) inner /opt/stack/data/venv/lib/python3.12/site-packages/oslo_concurrency/lockutils.py:519}}
Apr 13 02:25:56.036693 np0000165405 devstack@n-api.service[100965]: DEBUG oslo_concurrency.lockutils [None req-1206be3a-613d-467c-82f4-04937e343b37 None None] Lock "00000000-0000-0000-0000-000000000000" "released" by "nova.context.set_target_cell..get_or_set_cached_cell_and_set_connections" :: held 0.000s {{(pid=100965) inner /opt/stack/data/venv/lib/python3.12/site-packages/oslo_concurrency/lockutils.py:538}}
Apr 13 02:25:56.037377 np0000165405 devstack@n-api.service[100965]: DEBUG oslo_concurrency.lockutils [None req-1206be3a-613d-467c-82f4-04937e343b37 None None] Acquiring lock "c77f6af7-9953-4274-a744-ec7a0502ebef" by "nova.context.set_target_cell..get_or_set_cached_cell_and_set_connections" {{(pid=100965) inner /opt/stack/data/venv/lib/python3.12/site-packages/oslo_concurrency/lockutils.py:506}}
Apr 13 02:25:56.037526 np0000165405 devstack@n-api.service[100965]: DEBUG oslo_concurrency.lockutils [None req-1206be3a-613d-467c-82f4-04937e343b37 None None] Lock "c77f6af7-9953-4274-a744-ec7a0502ebef" acquired by "nova.context.set_target_cell..get_or_set_cached_cell_and_set_connections" :: waited 0.000s {{(pid=100965) inner /opt/stack/data/venv/lib/python3.12/site-packages/oslo_concurrency/lockutils.py:519}}
Apr 13 02:25:56.038258 np0000165405 devstack@n-api.service[100964]: INFO dbcounter [None req-66330b7f-2561-414f-88c9-b01b43ffaa50 None None] Registered counter for database nova_cell1
Apr 13 02:25:56.038409 np0000165405 devstack@n-api.service[100965]: DEBUG oslo_concurrency.lockutils [None req-1206be3a-613d-467c-82f4-04937e343b37 None None] Lock "c77f6af7-9953-4274-a744-ec7a0502ebef" "released" by "nova.context.set_target_cell..get_or_set_cached_cell_and_set_connections" :: held 0.001s {{(pid=100965) inner /opt/stack/data/venv/lib/python3.12/site-packages/oslo_concurrency/lockutils.py:538}}
Apr 13 02:25:56.041162 np0000165405 devstack@n-api.service[100965]: INFO dbcounter [None req-1206be3a-613d-467c-82f4-04937e343b37 None None] Registered counter for database nova_cell0
Apr 13 02:25:56.045736 np0000165405 devstack@n-api.service[100966]: DEBUG oslo_db.sqlalchemy.engines [None req-eeade500-b265-4684-8c47-c44c8a213ace None None] MySQL server mode set to STRICT_TRANS_TABLES,STRICT_ALL_TABLES,NO_ZERO_IN_DATE,NO_ZERO_DATE,ERROR_FOR_DIVISION_BY_ZERO,TRADITIONAL,NO_ENGINE_SUBSTITUTION {{(pid=100966) _check_effective_sql_mode /opt/stack/data/venv/lib/python3.12/site-packages/oslo_db/sqlalchemy/engines.py:325}}
Apr 13 02:25:56.048141 np0000165405 devstack@n-api.service[100965]: INFO dbcounter [None req-1206be3a-613d-467c-82f4-04937e343b37 None None] Registered counter for database nova_cell1
Apr 13 02:25:56.052045 np0000165405 devstack@n-api.service[100966]: DEBUG oslo_db.sqlalchemy.engines [None req-eeade500-b265-4684-8c47-c44c8a213ace None None] MySQL server mode set to STRICT_TRANS_TABLES,STRICT_ALL_TABLES,NO_ZERO_IN_DATE,NO_ZERO_DATE,ERROR_FOR_DIVISION_BY_ZERO,TRADITIONAL,NO_ENGINE_SUBSTITUTION {{(pid=100966) _check_effective_sql_mode /opt/stack/data/venv/lib/python3.12/site-packages/oslo_db/sqlalchemy/engines.py:325}}
Apr 13 02:25:56.058572 np0000165405 devstack@n-api.service[100964]: DEBUG oslo_db.sqlalchemy.engines [None req-66330b7f-2561-414f-88c9-b01b43ffaa50 None None] MySQL server mode set to STRICT_TRANS_TABLES,STRICT_ALL_TABLES,NO_ZERO_IN_DATE,NO_ZERO_DATE,ERROR_FOR_DIVISION_BY_ZERO,TRADITIONAL,NO_ENGINE_SUBSTITUTION {{(pid=100964) _check_effective_sql_mode /opt/stack/data/venv/lib/python3.12/site-packages/oslo_db/sqlalchemy/engines.py:325}}
Apr 13 02:25:56.066684 np0000165405 devstack@n-api.service[100965]: DEBUG oslo_db.sqlalchemy.engines [None req-1206be3a-613d-467c-82f4-04937e343b37 None None] MySQL server mode set to STRICT_TRANS_TABLES,STRICT_ALL_TABLES,NO_ZERO_IN_DATE,NO_ZERO_DATE,ERROR_FOR_DIVISION_BY_ZERO,TRADITIONAL,NO_ENGINE_SUBSTITUTION {{(pid=100965) _check_effective_sql_mode /opt/stack/data/venv/lib/python3.12/site-packages/oslo_db/sqlalchemy/engines.py:325}}
Apr 13 02:25:56.069678 np0000165405 devstack@n-api.service[100964]: DEBUG oslo_db.sqlalchemy.engines [None req-66330b7f-2561-414f-88c9-b01b43ffaa50 None None] MySQL server mode set to STRICT_TRANS_TABLES,STRICT_ALL_TABLES,NO_ZERO_IN_DATE,NO_ZERO_DATE,ERROR_FOR_DIVISION_BY_ZERO,TRADITIONAL,NO_ENGINE_SUBSTITUTION {{(pid=100964) _check_effective_sql_mode /opt/stack/data/venv/lib/python3.12/site-packages/oslo_db/sqlalchemy/engines.py:325}}
Apr 13 02:25:56.072599 np0000165405 devstack@n-api.service[100965]: DEBUG oslo_db.sqlalchemy.engines [None req-1206be3a-613d-467c-82f4-04937e343b37 None None] MySQL server mode set to STRICT_TRANS_TABLES,STRICT_ALL_TABLES,NO_ZERO_IN_DATE,NO_ZERO_DATE,ERROR_FOR_DIVISION_BY_ZERO,TRADITIONAL,NO_ENGINE_SUBSTITUTION {{(pid=100965) _check_effective_sql_mode /opt/stack/data/venv/lib/python3.12/site-packages/oslo_db/sqlalchemy/engines.py:325}}
Apr 13 02:25:56.108690 np0000165405 devstack@n-api.service[100967]: INFO dbcounter [None req-4d5d75c2-6ac1-4a65-a0c2-a84f58e5c4e3 None None] Registered counter for database nova_api
Apr 13 02:25:56.123880 np0000165405 devstack@n-api.service[100967]: DEBUG oslo_db.sqlalchemy.engines [None req-4d5d75c2-6ac1-4a65-a0c2-a84f58e5c4e3 None None] MySQL server mode set to STRICT_TRANS_TABLES,STRICT_ALL_TABLES,NO_ZERO_IN_DATE,NO_ZERO_DATE,ERROR_FOR_DIVISION_BY_ZERO,TRADITIONAL,NO_ENGINE_SUBSTITUTION {{(pid=100967) _check_effective_sql_mode /opt/stack/data/venv/lib/python3.12/site-packages/oslo_db/sqlalchemy/engines.py:325}}
Apr 13 02:25:56.139253 np0000165405 devstack@n-api.service[100966]: DEBUG dbcounter [-] [100966] Writer thread running {{(pid=100966) stat_writer /opt/stack/data/venv/lib/python3.12/site-packages/dbcounter.py:102}}
Apr 13 02:25:56.144232 np0000165405 devstack@n-api.service[100966]: DEBUG dbcounter [-] [100966] Writer thread running {{(pid=100966) stat_writer /opt/stack/data/venv/lib/python3.12/site-packages/dbcounter.py:102}}
Apr 13 02:25:56.147503 np0000165405 devstack@n-api.service[100966]: INFO dbcounter [None req-eeade500-b265-4684-8c47-c44c8a213ace None None] Registered counter for database nova_cell0
Apr 13 02:25:56.151699 np0000165405 devstack@n-api.service[100964]: DEBUG dbcounter [-] [100964] Writer thread running {{(pid=100964) stat_writer /opt/stack/data/venv/lib/python3.12/site-packages/dbcounter.py:102}}
Apr 13 02:25:56.153888 np0000165405 devstack@n-api.service[100966]: DEBUG oslo_db.sqlalchemy.engines [None req-eeade500-b265-4684-8c47-c44c8a213ace None None] MySQL server mode set to STRICT_TRANS_TABLES,STRICT_ALL_TABLES,NO_ZERO_IN_DATE,NO_ZERO_DATE,ERROR_FOR_DIVISION_BY_ZERO,TRADITIONAL,NO_ENGINE_SUBSTITUTION {{(pid=100966) _check_effective_sql_mode /opt/stack/data/venv/lib/python3.12/site-packages/oslo_db/sqlalchemy/engines.py:325}}
Apr 13 02:25:56.157022 np0000165405 devstack@n-api.service[100964]: DEBUG dbcounter [-] [100964] Writer thread running {{(pid=100964) stat_writer /opt/stack/data/venv/lib/python3.12/site-packages/dbcounter.py:102}}
Apr 13 02:25:56.157576 np0000165405 devstack@n-api.service[100967]: DEBUG dbcounter [-] [100967] Writer thread running {{(pid=100967) stat_writer /opt/stack/data/venv/lib/python3.12/site-packages/dbcounter.py:102}}
Apr 13 02:25:56.160117 np0000165405 devstack@n-api.service[100964]: INFO dbcounter [None req-66330b7f-2561-414f-88c9-b01b43ffaa50 None None] Registered counter for database nova_cell0
Apr 13 02:25:56.160302 np0000165405 devstack@n-api.service[100967]: DEBUG nova.context [None req-4d5d75c2-6ac1-4a65-a0c2-a84f58e5c4e3 None None] Found 2 cells: 00000000-0000-0000-0000-000000000000(cell0),c77f6af7-9953-4274-a744-ec7a0502ebef(cell1) {{(pid=100967) load_cells /opt/stack/nova/nova/context.py:509}}
Apr 13 02:25:56.160443 np0000165405 devstack@n-api.service[100967]: INFO nova.utils [None req-4d5d75c2-6ac1-4a65-a0c2-a84f58e5c4e3 None None] The cell worker thread pool MainProcess.cell_worker is initialized
Apr 13 02:25:56.160812 np0000165405 devstack@n-api.service[100966]: DEBUG dbcounter [-] [100966] Writer thread running {{(pid=100966) stat_writer /opt/stack/data/venv/lib/python3.12/site-packages/dbcounter.py:102}}
Apr 13 02:25:56.162636 np0000165405 devstack@n-api.service[100967]: DEBUG oslo_concurrency.lockutils [None req-4d5d75c2-6ac1-4a65-a0c2-a84f58e5c4e3 None None] Acquiring lock "00000000-0000-0000-0000-000000000000" by "nova.context.set_target_cell..get_or_set_cached_cell_and_set_connections" {{(pid=100967) inner /opt/stack/data/venv/lib/python3.12/site-packages/oslo_concurrency/lockutils.py:506}}
Apr 13 02:25:56.163944 np0000165405 devstack@n-api.service[100967]: DEBUG oslo_concurrency.lockutils [None req-4d5d75c2-6ac1-4a65-a0c2-a84f58e5c4e3 None None] Lock "00000000-0000-0000-0000-000000000000" acquired by "nova.context.set_target_cell..get_or_set_cached_cell_and_set_connections" :: waited 0.000s {{(pid=100967) inner /opt/stack/data/venv/lib/python3.12/site-packages/oslo_concurrency/lockutils.py:519}}
Apr 13 02:25:56.163944 np0000165405 devstack@n-api.service[100967]: DEBUG oslo_concurrency.lockutils [None req-4d5d75c2-6ac1-4a65-a0c2-a84f58e5c4e3 None None] Lock "00000000-0000-0000-0000-000000000000" "released" by "nova.context.set_target_cell..get_or_set_cached_cell_and_set_connections" :: held 0.001s {{(pid=100967) inner /opt/stack/data/venv/lib/python3.12/site-packages/oslo_concurrency/lockutils.py:538}}
Apr 13 02:25:56.164251 np0000165405 devstack@n-api.service[100967]: DEBUG oslo_concurrency.lockutils [None req-4d5d75c2-6ac1-4a65-a0c2-a84f58e5c4e3 None None] Acquiring lock "c77f6af7-9953-4274-a744-ec7a0502ebef" by "nova.context.set_target_cell..get_or_set_cached_cell_and_set_connections" {{(pid=100967) inner /opt/stack/data/venv/lib/python3.12/site-packages/oslo_concurrency/lockutils.py:506}}
Apr 13 02:25:56.164398 np0000165405 devstack@n-api.service[100967]: DEBUG oslo_concurrency.lockutils [None req-4d5d75c2-6ac1-4a65-a0c2-a84f58e5c4e3 None None] Lock "c77f6af7-9953-4274-a744-ec7a0502ebef" acquired by "nova.context.set_target_cell..get_or_set_cached_cell_and_set_connections" :: waited 0.000s {{(pid=100967) inner /opt/stack/data/venv/lib/python3.12/site-packages/oslo_concurrency/lockutils.py:519}}
Apr 13 02:25:56.165317 np0000165405 devstack@n-api.service[100967]: DEBUG oslo_concurrency.lockutils [None req-4d5d75c2-6ac1-4a65-a0c2-a84f58e5c4e3 None None] Lock "c77f6af7-9953-4274-a744-ec7a0502ebef" "released" by "nova.context.set_target_cell..get_or_set_cached_cell_and_set_connections" :: held 0.001s {{(pid=100967) inner /opt/stack/data/venv/lib/python3.12/site-packages/oslo_concurrency/lockutils.py:538}}
Apr 13 02:25:56.165578 np0000165405 devstack@n-api.service[100964]: DEBUG oslo_db.sqlalchemy.engines [None req-66330b7f-2561-414f-88c9-b01b43ffaa50 None None] MySQL server mode set to STRICT_TRANS_TABLES,STRICT_ALL_TABLES,NO_ZERO_IN_DATE,NO_ZERO_DATE,ERROR_FOR_DIVISION_BY_ZERO,TRADITIONAL,NO_ENGINE_SUBSTITUTION {{(pid=100964) _check_effective_sql_mode /opt/stack/data/venv/lib/python3.12/site-packages/oslo_db/sqlalchemy/engines.py:325}}
Apr 13 02:25:56.165644 np0000165405 devstack@n-api.service[100965]: DEBUG dbcounter [-] [100965] Writer thread running {{(pid=100965) stat_writer /opt/stack/data/venv/lib/python3.12/site-packages/dbcounter.py:102}}
Apr 13 02:25:56.166252 np0000165405 devstack@n-api.service[100965]: DEBUG dbcounter [-] [100965] Writer thread running {{(pid=100965) stat_writer /opt/stack/data/venv/lib/python3.12/site-packages/dbcounter.py:102}}
Apr 13 02:25:56.168003 np0000165405 devstack@n-api.service[100967]: INFO dbcounter [None req-4d5d75c2-6ac1-4a65-a0c2-a84f58e5c4e3 None None] Registered counter for database nova_cell0
Apr 13 02:25:56.171585 np0000165405 devstack@n-api.service[100964]: DEBUG dbcounter [-] [100964] Writer thread running {{(pid=100964) stat_writer /opt/stack/data/venv/lib/python3.12/site-packages/dbcounter.py:102}}
Apr 13 02:25:56.175022 np0000165405 devstack@n-api.service[100967]: INFO dbcounter [None req-4d5d75c2-6ac1-4a65-a0c2-a84f58e5c4e3 None None] Registered counter for database nova_cell1
Apr 13 02:25:56.182337 np0000165405 devstack@n-api.service[100967]: DEBUG oslo_db.sqlalchemy.engines [None req-4d5d75c2-6ac1-4a65-a0c2-a84f58e5c4e3 None None] MySQL server mode set to STRICT_TRANS_TABLES,STRICT_ALL_TABLES,NO_ZERO_IN_DATE,NO_ZERO_DATE,ERROR_FOR_DIVISION_BY_ZERO,TRADITIONAL,NO_ENGINE_SUBSTITUTION {{(pid=100967) _check_effective_sql_mode /opt/stack/data/venv/lib/python3.12/site-packages/oslo_db/sqlalchemy/engines.py:325}}
Apr 13 02:25:56.198471 np0000165405 devstack@n-api.service[100967]: DEBUG oslo_db.sqlalchemy.engines [None req-4d5d75c2-6ac1-4a65-a0c2-a84f58e5c4e3 None None] MySQL server mode set to STRICT_TRANS_TABLES,STRICT_ALL_TABLES,NO_ZERO_IN_DATE,NO_ZERO_DATE,ERROR_FOR_DIVISION_BY_ZERO,TRADITIONAL,NO_ENGINE_SUBSTITUTION {{(pid=100967) _check_effective_sql_mode /opt/stack/data/venv/lib/python3.12/site-packages/oslo_db/sqlalchemy/engines.py:325}}
Apr 13 02:25:56.220855 np0000165405 devstack@n-api.service[100965]: INFO dbcounter [None req-1206be3a-613d-467c-82f4-04937e343b37 None None] Registered counter for database nova_cell0
Apr 13 02:25:56.229064 np0000165405 devstack@n-api.service[100965]: DEBUG oslo_db.sqlalchemy.engines [None req-1206be3a-613d-467c-82f4-04937e343b37 None None] MySQL server mode set to STRICT_TRANS_TABLES,STRICT_ALL_TABLES,NO_ZERO_IN_DATE,NO_ZERO_DATE,ERROR_FOR_DIVISION_BY_ZERO,TRADITIONAL,NO_ENGINE_SUBSTITUTION {{(pid=100965) _check_effective_sql_mode /opt/stack/data/venv/lib/python3.12/site-packages/oslo_db/sqlalchemy/engines.py:325}}
Apr 13 02:25:56.239221 np0000165405 devstack@n-api.service[100965]: DEBUG dbcounter [-] [100965] Writer thread running {{(pid=100965) stat_writer /opt/stack/data/venv/lib/python3.12/site-packages/dbcounter.py:102}}
Apr 13 02:25:56.279599 np0000165405 devstack@n-api.service[100967]: DEBUG dbcounter [-] [100967] Writer thread running {{(pid=100967) stat_writer /opt/stack/data/venv/lib/python3.12/site-packages/dbcounter.py:102}}
Apr 13 02:25:56.285791 np0000165405 devstack@n-api.service[100967]: DEBUG dbcounter [-] [100967] Writer thread running {{(pid=100967) stat_writer /opt/stack/data/venv/lib/python3.12/site-packages/dbcounter.py:102}}
Apr 13 02:25:56.292621 np0000165405 devstack@n-api.service[100967]: INFO dbcounter [None req-4d5d75c2-6ac1-4a65-a0c2-a84f58e5c4e3 None None] Registered counter for database nova_cell0
Apr 13 02:25:56.301616 np0000165405 devstack@n-api.service[100967]: DEBUG oslo_db.sqlalchemy.engines [None req-4d5d75c2-6ac1-4a65-a0c2-a84f58e5c4e3 None None] MySQL server mode set to STRICT_TRANS_TABLES,STRICT_ALL_TABLES,NO_ZERO_IN_DATE,NO_ZERO_DATE,ERROR_FOR_DIVISION_BY_ZERO,TRADITIONAL,NO_ENGINE_SUBSTITUTION {{(pid=100967) _check_effective_sql_mode /opt/stack/data/venv/lib/python3.12/site-packages/oslo_db/sqlalchemy/engines.py:325}}
Apr 13 02:25:56.308834 np0000165405 devstack@n-api.service[100967]: DEBUG dbcounter [-] [100967] Writer thread running {{(pid=100967) stat_writer /opt/stack/data/venv/lib/python3.12/site-packages/dbcounter.py:102}}
Apr 13 02:25:56.679692 np0000165405 devstack@n-api.service[100966]: DEBUG oslo_concurrency.processutils [None req-eeade500-b265-4684-8c47-c44c8a213ace None None] Running cmd (subprocess): grep -F node.session.scan /sbin/iscsiadm {{(pid=100966) execute /opt/stack/data/venv/lib/python3.12/site-packages/oslo_concurrency/processutils.py:440}}
Apr 13 02:25:56.682847 np0000165405 devstack@n-api.service[100964]: DEBUG oslo_concurrency.processutils [None req-66330b7f-2561-414f-88c9-b01b43ffaa50 None None] Running cmd (subprocess): grep -F node.session.scan /sbin/iscsiadm {{(pid=100964) execute /opt/stack/data/venv/lib/python3.12/site-packages/oslo_concurrency/processutils.py:440}}
Apr 13 02:25:56.683016 np0000165405 devstack@n-api.service[100965]: DEBUG oslo_concurrency.processutils [None req-1206be3a-613d-467c-82f4-04937e343b37 None None] Running cmd (subprocess): grep -F node.session.scan /sbin/iscsiadm {{(pid=100965) execute /opt/stack/data/venv/lib/python3.12/site-packages/oslo_concurrency/processutils.py:440}}
Apr 13 02:25:56.700996 np0000165405 devstack@n-api.service[100964]: DEBUG oslo_concurrency.processutils [None req-66330b7f-2561-414f-88c9-b01b43ffaa50 None None] CMD "grep -F node.session.scan /sbin/iscsiadm" returned: 0 in 0.018s {{(pid=100964) execute /opt/stack/data/venv/lib/python3.12/site-packages/oslo_concurrency/processutils.py:468}}
Apr 13 02:25:56.701315 np0000165405 devstack@n-api.service[100966]: DEBUG oslo_concurrency.processutils [None req-eeade500-b265-4684-8c47-c44c8a213ace None None] CMD "grep -F node.session.scan /sbin/iscsiadm" returned: 0 in 0.022s {{(pid=100966) execute /opt/stack/data/venv/lib/python3.12/site-packages/oslo_concurrency/processutils.py:468}}
Apr 13 02:25:56.702003 np0000165405 devstack@n-api.service[100965]: DEBUG oslo_concurrency.processutils [None req-1206be3a-613d-467c-82f4-04937e343b37 None None] CMD "grep -F node.session.scan /sbin/iscsiadm" returned: 0 in 0.019s {{(pid=100965) execute /opt/stack/data/venv/lib/python3.12/site-packages/oslo_concurrency/processutils.py:468}}
Apr 13 02:25:56.765062 np0000165405 devstack@n-api.service[100967]: DEBUG oslo_concurrency.processutils [None req-4d5d75c2-6ac1-4a65-a0c2-a84f58e5c4e3 None None] Running cmd (subprocess): grep -F node.session.scan /sbin/iscsiadm {{(pid=100967) execute /opt/stack/data/venv/lib/python3.12/site-packages/oslo_concurrency/processutils.py:440}}
Apr 13 02:25:56.786305 np0000165405 devstack@n-api.service[100967]: DEBUG oslo_concurrency.processutils [None req-4d5d75c2-6ac1-4a65-a0c2-a84f58e5c4e3 None None] CMD "grep -F node.session.scan /sbin/iscsiadm" returned: 0 in 0.021s {{(pid=100967) execute /opt/stack/data/venv/lib/python3.12/site-packages/oslo_concurrency/processutils.py:468}}
Apr 13 02:25:57.111645 np0000165405 devstack@n-api.service[100967]: WARNING keystonemiddleware.auth_token [None req-4d5d75c2-6ac1-4a65-a0c2-a84f58e5c4e3 None None] AuthToken middleware is set with keystone_authtoken.service_token_roles_required set to False. This is backwards compatible but deprecated behaviour. Please set this to True.
Apr 13 02:25:57.112573 np0000165405 devstack@n-api.service[100965]: WARNING keystonemiddleware.auth_token [None req-1206be3a-613d-467c-82f4-04937e343b37 None None] AuthToken middleware is set with keystone_authtoken.service_token_roles_required set to False. This is backwards compatible but deprecated behaviour. Please set this to True.
Apr 13 02:25:57.113071 np0000165405 devstack@n-api.service[100964]: WARNING keystonemiddleware.auth_token [None req-66330b7f-2561-414f-88c9-b01b43ffaa50 None None] AuthToken middleware is set with keystone_authtoken.service_token_roles_required set to False. This is backwards compatible but deprecated behaviour. Please set this to True.
Apr 13 02:25:57.113485 np0000165405 devstack@n-api.service[100966]: WARNING keystonemiddleware.auth_token [None req-eeade500-b265-4684-8c47-c44c8a213ace None None] AuthToken middleware is set with keystone_authtoken.service_token_roles_required set to False. This is backwards compatible but deprecated behaviour. Please set this to True.
Apr 13 02:25:57.296191 np0000165405 devstack@n-api.service[100965]: WARNING keystonemiddleware.auth_token [None req-1206be3a-613d-467c-82f4-04937e343b37 None None] AuthToken middleware is set with keystone_authtoken.service_token_roles_required set to False. This is backwards compatible but deprecated behaviour. Please set this to True.
Apr 13 02:25:57.301330 np0000165405 devstack@n-api.service[100965]: DEBUG nova.api.openstack.wsgi_app [None req-1206be3a-613d-467c-82f4-04937e343b37 None None] ******************************************************************************** {{(pid=100965) log_opt_values /opt/stack/data/venv/lib/python3.12/site-packages/oslo_config/cfg.py:2979}}
Apr 13 02:25:57.301448 np0000165405 devstack@n-api.service[100965]: DEBUG nova.api.openstack.wsgi_app [None req-1206be3a-613d-467c-82f4-04937e343b37 None None] Configuration options gathered from: {{(pid=100965) log_opt_values /opt/stack/data/venv/lib/python3.12/site-packages/oslo_config/cfg.py:2980}}
Apr 13 02:25:57.301767 np0000165405 devstack@n-api.service[100965]: DEBUG nova.api.openstack.wsgi_app [None req-1206be3a-613d-467c-82f4-04937e343b37 None None] command line args: [] {{(pid=100965) log_opt_values /opt/stack/data/venv/lib/python3.12/site-packages/oslo_config/cfg.py:2981}}
Apr 13 02:25:57.301933 np0000165405 devstack@n-api.service[100965]: DEBUG nova.api.openstack.wsgi_app [None req-1206be3a-613d-467c-82f4-04937e343b37 None None] config files: ['/etc/nova/api-paste.ini', '/etc/nova/nova.conf'] {{(pid=100965) log_opt_values /opt/stack/data/venv/lib/python3.12/site-packages/oslo_config/cfg.py:2982}}
Apr 13 02:25:57.302003 np0000165405 devstack@n-api.service[100966]: WARNING keystonemiddleware.auth_token [None req-eeade500-b265-4684-8c47-c44c8a213ace None None] AuthToken middleware is set with keystone_authtoken.service_token_roles_required set to False. This is backwards compatible but deprecated behaviour. Please set this to True.
Apr 13 02:25:57.302060 np0000165405 devstack@n-api.service[100965]: DEBUG nova.api.openstack.wsgi_app [None req-1206be3a-613d-467c-82f4-04937e343b37 None None] ================================================================================ {{(pid=100965) log_opt_values /opt/stack/data/venv/lib/python3.12/site-packages/oslo_config/cfg.py:2987}}
Apr 13 02:25:57.302143 np0000165405 devstack@n-api.service[100967]: WARNING keystonemiddleware.auth_token [None req-4d5d75c2-6ac1-4a65-a0c2-a84f58e5c4e3 None None] AuthToken middleware is set with keystone_authtoken.service_token_roles_required set to False. This is backwards compatible but deprecated behaviour. Please set this to True.
Apr 13 02:25:57.302200 np0000165405 devstack@n-api.service[100965]: DEBUG nova.api.openstack.wsgi_app [None req-1206be3a-613d-467c-82f4-04937e343b37 None None] allow_resize_to_same_host = True {{(pid=100965) log_opt_values /opt/stack/data/venv/lib/python3.12/site-packages/oslo_config/cfg.py:2995}}
Apr 13 02:25:57.302327 np0000165405 devstack@n-api.service[100965]: DEBUG nova.api.openstack.wsgi_app [None req-1206be3a-613d-467c-82f4-04937e343b37 None None] arq_binding_timeout = 300 {{(pid=100965) log_opt_values /opt/stack/data/venv/lib/python3.12/site-packages/oslo_config/cfg.py:2995}}
Apr 13 02:25:57.302456 np0000165405 devstack@n-api.service[100965]: DEBUG nova.api.openstack.wsgi_app [None req-1206be3a-613d-467c-82f4-04937e343b37 None None] block_device_allocate_retries = 60 {{(pid=100965) log_opt_values /opt/stack/data/venv/lib/python3.12/site-packages/oslo_config/cfg.py:2995}}
Apr 13 02:25:57.302580 np0000165405 devstack@n-api.service[100965]: DEBUG nova.api.openstack.wsgi_app [None req-1206be3a-613d-467c-82f4-04937e343b37 None None] block_device_allocate_retries_interval = 3 {{(pid=100965) log_opt_values /opt/stack/data/venv/lib/python3.12/site-packages/oslo_config/cfg.py:2995}}
Apr 13 02:25:57.302722 np0000165405 devstack@n-api.service[100965]: DEBUG nova.api.openstack.wsgi_app [None req-1206be3a-613d-467c-82f4-04937e343b37 None None] cell_worker_thread_pool_size = 5 {{(pid=100965) log_opt_values /opt/stack/data/venv/lib/python3.12/site-packages/oslo_config/cfg.py:2995}}
Apr 13 02:25:57.302862 np0000165405 devstack@n-api.service[100965]: DEBUG nova.api.openstack.wsgi_app [None req-1206be3a-613d-467c-82f4-04937e343b37 None None] cert = self.pem {{(pid=100965) log_opt_values /opt/stack/data/venv/lib/python3.12/site-packages/oslo_config/cfg.py:2995}}
Apr 13 02:25:57.303004 np0000165405 devstack@n-api.service[100965]: DEBUG nova.api.openstack.wsgi_app [None req-1206be3a-613d-467c-82f4-04937e343b37 None None] compute_driver = libvirt.LibvirtDriver {{(pid=100965) log_opt_values /opt/stack/data/venv/lib/python3.12/site-packages/oslo_config/cfg.py:2995}}
Apr 13 02:25:57.303134 np0000165405 devstack@n-api.service[100965]: DEBUG nova.api.openstack.wsgi_app [None req-1206be3a-613d-467c-82f4-04937e343b37 None None] compute_monitors = [] {{(pid=100965) log_opt_values /opt/stack/data/venv/lib/python3.12/site-packages/oslo_config/cfg.py:2995}}
Apr 13 02:25:57.303269 np0000165405 devstack@n-api.service[100965]: DEBUG nova.api.openstack.wsgi_app [None req-1206be3a-613d-467c-82f4-04937e343b37 None None] config_dir = [] {{(pid=100965) log_opt_values /opt/stack/data/venv/lib/python3.12/site-packages/oslo_config/cfg.py:2995}}
Apr 13 02:25:57.303409 np0000165405 devstack@n-api.service[100965]: DEBUG nova.api.openstack.wsgi_app [None req-1206be3a-613d-467c-82f4-04937e343b37 None None] config_drive_format = iso9660 {{(pid=100965) log_opt_values /opt/stack/data/venv/lib/python3.12/site-packages/oslo_config/cfg.py:2995}}
Apr 13 02:25:57.303515 np0000165405 devstack@n-api.service[100965]: DEBUG nova.api.openstack.wsgi_app [None req-1206be3a-613d-467c-82f4-04937e343b37 None None] config_file = ['/etc/nova/api-paste.ini', '/etc/nova/nova.conf'] {{(pid=100965) log_opt_values /opt/stack/data/venv/lib/python3.12/site-packages/oslo_config/cfg.py:2995}}
Apr 13 02:25:57.303644 np0000165405 devstack@n-api.service[100965]: DEBUG nova.api.openstack.wsgi_app [None req-1206be3a-613d-467c-82f4-04937e343b37 None None] config_source = [] {{(pid=100965) log_opt_values /opt/stack/data/venv/lib/python3.12/site-packages/oslo_config/cfg.py:2995}}
Apr 13 02:25:57.303795 np0000165405 devstack@n-api.service[100965]: DEBUG nova.api.openstack.wsgi_app [None req-1206be3a-613d-467c-82f4-04937e343b37 None None] console_host = np0000165405 {{(pid=100965) log_opt_values /opt/stack/data/venv/lib/python3.12/site-packages/oslo_config/cfg.py:2995}}
Apr 13 02:25:57.303926 np0000165405 devstack@n-api.service[100965]: DEBUG nova.api.openstack.wsgi_app [None req-1206be3a-613d-467c-82f4-04937e343b37 None None] control_exchange = nova {{(pid=100965) log_opt_values /opt/stack/data/venv/lib/python3.12/site-packages/oslo_config/cfg.py:2995}}
Apr 13 02:25:57.304052 np0000165405 devstack@n-api.service[100965]: DEBUG nova.api.openstack.wsgi_app [None req-1206be3a-613d-467c-82f4-04937e343b37 None None] cpu_allocation_ratio = None {{(pid=100965) log_opt_values /opt/stack/data/venv/lib/python3.12/site-packages/oslo_config/cfg.py:2995}}
Apr 13 02:25:57.304179 np0000165405 devstack@n-api.service[100965]: DEBUG nova.api.openstack.wsgi_app [None req-1206be3a-613d-467c-82f4-04937e343b37 None None] daemon = False {{(pid=100965) log_opt_values /opt/stack/data/venv/lib/python3.12/site-packages/oslo_config/cfg.py:2995}}
Apr 13 02:25:57.304307 np0000165405 devstack@n-api.service[100965]: DEBUG nova.api.openstack.wsgi_app [None req-1206be3a-613d-467c-82f4-04937e343b37 None None] debug = True {{(pid=100965) log_opt_values /opt/stack/data/venv/lib/python3.12/site-packages/oslo_config/cfg.py:2995}}
Apr 13 02:25:57.304431 np0000165405 devstack@n-api.service[100965]: DEBUG nova.api.openstack.wsgi_app [None req-1206be3a-613d-467c-82f4-04937e343b37 None None] default_access_ip_network_name = None {{(pid=100965) log_opt_values /opt/stack/data/venv/lib/python3.12/site-packages/oslo_config/cfg.py:2995}}
Apr 13 02:25:57.304562 np0000165405 devstack@n-api.service[100965]: DEBUG nova.api.openstack.wsgi_app [None req-1206be3a-613d-467c-82f4-04937e343b37 None None] default_availability_zone = nova {{(pid=100965) log_opt_values /opt/stack/data/venv/lib/python3.12/site-packages/oslo_config/cfg.py:2995}}
Apr 13 02:25:57.304691 np0000165405 devstack@n-api.service[100965]: DEBUG nova.api.openstack.wsgi_app [None req-1206be3a-613d-467c-82f4-04937e343b37 None None] default_ephemeral_format = ext4 {{(pid=100965) log_opt_values /opt/stack/data/venv/lib/python3.12/site-packages/oslo_config/cfg.py:2995}}
Apr 13 02:25:57.304840 np0000165405 devstack@n-api.service[100965]: DEBUG nova.api.openstack.wsgi_app [None req-1206be3a-613d-467c-82f4-04937e343b37 None None] default_green_pool_size = 1000 {{(pid=100965) log_opt_values /opt/stack/data/venv/lib/python3.12/site-packages/oslo_config/cfg.py:2995}}
Apr 13 02:25:57.305071 np0000165405 devstack@n-api.service[100965]: DEBUG nova.api.openstack.wsgi_app [None req-1206be3a-613d-467c-82f4-04937e343b37 None None] default_log_levels = ['amqp=WARN', 'boto=WARN', 'sqlalchemy=WARN', 'suds=INFO', 'oslo.messaging=INFO', 'oslo_messaging=INFO', 'iso8601=WARN', 'requests.packages.urllib3.connectionpool=WARN', 'urllib3.connectionpool=WARN', 'websocket=WARN', 'requests.packages.urllib3.util.retry=WARN', 'urllib3.util.retry=WARN', 'keystonemiddleware=WARN', 'routes.middleware=WARN', 'stevedore=WARN', 'taskflow=WARN', 'keystoneauth=WARN', 'oslo.cache=INFO', 'oslo_policy=INFO', 'dogpile.core.dogpile=INFO', 'glanceclient=WARN', 'oslo.privsep.daemon=INFO'] {{(pid=100965) log_opt_values /opt/stack/data/venv/lib/python3.12/site-packages/oslo_config/cfg.py:2995}}
Apr 13 02:25:57.305217 np0000165405 devstack@n-api.service[100965]: DEBUG nova.api.openstack.wsgi_app [None req-1206be3a-613d-467c-82f4-04937e343b37 None None] default_schedule_zone = None {{(pid=100965) log_opt_values /opt/stack/data/venv/lib/python3.12/site-packages/oslo_config/cfg.py:2995}}
Apr 13 02:25:57.305281 np0000165405 devstack@n-api.service[100965]: DEBUG nova.api.openstack.wsgi_app [None req-1206be3a-613d-467c-82f4-04937e343b37 None None] default_thread_pool_size = 10 {{(pid=100965) log_opt_values /opt/stack/data/venv/lib/python3.12/site-packages/oslo_config/cfg.py:2995}}
Apr 13 02:25:57.305416 np0000165405 devstack@n-api.service[100965]: DEBUG nova.api.openstack.wsgi_app [None req-1206be3a-613d-467c-82f4-04937e343b37 None None] disk_allocation_ratio = None {{(pid=100965) log_opt_values /opt/stack/data/venv/lib/python3.12/site-packages/oslo_config/cfg.py:2995}}
Apr 13 02:25:57.305540 np0000165405 devstack@n-api.service[100965]: DEBUG nova.api.openstack.wsgi_app [None req-1206be3a-613d-467c-82f4-04937e343b37 None None] enable_new_services = True {{(pid=100965) log_opt_values /opt/stack/data/venv/lib/python3.12/site-packages/oslo_config/cfg.py:2995}}
Apr 13 02:25:57.305664 np0000165405 devstack@n-api.service[100965]: DEBUG nova.api.openstack.wsgi_app [None req-1206be3a-613d-467c-82f4-04937e343b37 None None] flat_injected = False {{(pid=100965) log_opt_values /opt/stack/data/venv/lib/python3.12/site-packages/oslo_config/cfg.py:2995}}
Apr 13 02:25:57.305812 np0000165405 devstack@n-api.service[100965]: DEBUG nova.api.openstack.wsgi_app [None req-1206be3a-613d-467c-82f4-04937e343b37 None None] force_config_drive = False {{(pid=100965) log_opt_values /opt/stack/data/venv/lib/python3.12/site-packages/oslo_config/cfg.py:2995}}
