2026-06-13 23:58:32.828 10 INFO neutron.wsgi [None req-0b515c46-9851-435e-b3a7-fc28437f80c2 ceb10072dd624187972bb39852f2cef9 44f8b71a2d744697bfce068ff4cbc09e - - default default] 10.0.0.154 "GET /v2.0/ports/43c15606-1a20-4748-b90f-219790c7242b HTTP/1.1" status: 200 len: 1135 time: 0.0349083
2026-06-13 23:58:32.882 9 INFO neutron.services.segments.plugin [-] Segment 1d5fd21c-caf5-46ee-b1f4-c49a6cd9b95f resource provider aggregate not found
2026-06-13 23:58:32.885 9 INFO neutron.services.segments.plugin [-] Segment 1d5fd21c-caf5-46ee-b1f4-c49a6cd9b95f resource provider aggregate not found
2026-06-13 23:58:32.899 9 INFO neutron.services.segments.plugin [-] Segment 1d5fd21c-caf5-46ee-b1f4-c49a6cd9b95f resource provider not found; error: Placement Client Error (4xx): {"errors": [{"status": 404, "title": "Not Found", "detail": "The resource could not be found.\n\n No resource provider with uuid 1d5fd21c-caf5-46ee-b1f4-c49a6cd9b95f found for delete ", "request_id": "req-62116f50-eee1-460e-b3b3-3e80683bc4e2"}]}
2026-06-13 23:58:32.902 9 INFO neutron.services.segments.plugin [-] Segment 1d5fd21c-caf5-46ee-b1f4-c49a6cd9b95f resource provider not found; error: Placement Client Error (4xx): {"errors": [{"status": 404, "title": "Not Found", "detail": "The resource could not be found.\n\n No resource provider with uuid 1d5fd21c-caf5-46ee-b1f4-c49a6cd9b95f found for delete ", "request_id": "req-d09267bd-7022-4af2-b856-06ed9bd89462"}]}
2026-06-13 23:58:32.919 9 INFO neutron.wsgi [None req-93222be8-80e3-49ee-a4a8-1702651ef0da 5e02c5096e4b4da6a6aa64978928cd9e 42cd746617d3475dad59c39062fe4a98 - - default default] 10.0.0.154 "DELETE /v2.0/networks/081d4a5e-52f1-45d2-bc70-70039c632af0 HTTP/1.1" status: 204 len: 168 time: 0.5707736
2026-06-13 23:58:33.038 10 INFO neutron.db.segments_db [None req-0506a97e-1157-4143-9a68-697cddc8b3e6 5e02c5096e4b4da6a6aa64978928cd9e 42cd746617d3475dad59c39062fe4a98 - - default default] Added segment 1aac9d80-76a2-4c7a-a067-70acf327df0f of type geneve for network a676236c-9bd7-4578-a9f5-c280b400c091
2026-06-13 23:58:33.210 10 INFO neutron.db.ovn_revision_numbers_db [None req-0506a97e-1157-4143-9a68-697cddc8b3e6 5e02c5096e4b4da6a6aa64978928cd9e 42cd746617d3475dad59c39062fe4a98 - - default default] Successfully bumped revision number for resource a676236c-9bd7-4578-a9f5-c280b400c091 (type: networks) to 1
2026-06-13 23:58:33.360 10 WARNING neutron.scheduler.dhcp_agent_scheduler [None req-0506a97e-1157-4143-9a68-697cddc8b3e6 5e02c5096e4b4da6a6aa64978928cd9e 42cd746617d3475dad59c39062fe4a98 - - default default] No more DHCP agents
2026-06-13 23:58:33.362 10 WARNING neutron.api.rpc.agentnotifiers.dhcp_rpc_agent_api [None req-0506a97e-1157-4143-9a68-697cddc8b3e6 5e02c5096e4b4da6a6aa64978928cd9e 42cd746617d3475dad59c39062fe4a98 - - default default] Unable to schedule network a676236c-9bd7-4578-a9f5-c280b400c091: no agents available; will retry on subsequent port and subnet creation events.
2026-06-13 23:58:33.451 10 INFO neutron.db.ovn_revision_numbers_db [None req-0506a97e-1157-4143-9a68-697cddc8b3e6 5e02c5096e4b4da6a6aa64978928cd9e 42cd746617d3475dad59c39062fe4a98 - - default default] Successfully bumped revision number for resource 65ff1049-ad29-4bfd-8978-293fc7dbfb79 (type: ports) to 1
2026-06-13 23:58:33.475 10 INFO neutron.wsgi [None req-0506a97e-1157-4143-9a68-697cddc8b3e6 5e02c5096e4b4da6a6aa64978928cd9e 42cd746617d3475dad59c39062fe4a98 - - default default] 10.0.0.154 "POST /v2.0/networks HTTP/1.1" status: 201 len: 928 time: 0.5491443
2026-06-13 23:58:33.623 10 WARNING neutron.scheduler.dhcp_agent_scheduler [None req-5421b1d7-31b5-4486-81dd-1346a23ed231 5e02c5096e4b4da6a6aa64978928cd9e 42cd746617d3475dad59c39062fe4a98 - - default default] No more DHCP agents
2026-06-13 23:58:33.626 10 WARNING neutron.api.rpc.agentnotifiers.dhcp_rpc_agent_api [None req-5421b1d7-31b5-4486-81dd-1346a23ed231 5e02c5096e4b4da6a6aa64978928cd9e 42cd746617d3475dad59c39062fe4a98 - - default default] Unable to schedule network a676236c-9bd7-4578-a9f5-c280b400c091: no agents available; will retry on subsequent port and subnet creation events.
2026-06-13 23:58:33.910 9 INFO neutron.wsgi [None req-6eacf7ff-a9a3-4bb3-8f3a-703fb9238f46 ceb10072dd624187972bb39852f2cef9 44f8b71a2d744697bfce068ff4cbc09e - - default default] 10.0.0.154 "GET /v2.0/ports/43c15606-1a20-4748-b90f-219790c7242b HTTP/1.1" status: 200 len: 1135 time: 0.0770247
2026-06-13 23:58:34.067 10 INFO neutron.db.ovn_revision_numbers_db [None req-5421b1d7-31b5-4486-81dd-1346a23ed231 5e02c5096e4b4da6a6aa64978928cd9e 42cd746617d3475dad59c39062fe4a98 - - default default] Successfully bumped revision number for resource 65ff1049-ad29-4bfd-8978-293fc7dbfb79 (type: ports) to 2
2026-06-13 23:58:34.110 10 INFO neutron.db.ovn_revision_numbers_db [None req-5421b1d7-31b5-4486-81dd-1346a23ed231 5e02c5096e4b4da6a6aa64978928cd9e 42cd746617d3475dad59c39062fe4a98 - - default default] Successfully bumped revision number for resource a2395105-c2e3-4f05-b4b8-4e6e345005db (type: subnets) to 0
2026-06-13 23:58:34.129 10 INFO neutron.wsgi [None req-5421b1d7-31b5-4486-81dd-1346a23ed231 5e02c5096e4b4da6a6aa64978928cd9e 42cd746617d3475dad59c39062fe4a98 - - default default] 10.0.0.154 "POST /v2.0/subnets HTTP/1.1" status: 201 len: 822 time: 0.6478324
2026-06-13 23:58:34.467 10 INFO neutron.wsgi [None req-b9f127a5-4da8-4618-b807-49a3370da0fc 5e02c5096e4b4da6a6aa64978928cd9e 42cd746617d3475dad59c39062fe4a98 - - default default] 10.0.0.154 "POST /v2.0/rbac-policies HTTP/1.1" status: 201 len: 523 time: 0.3336797
2026-06-13 23:58:34.982 9 INFO neutron.wsgi [None req-9dc6fc36-d404-49ad-af08-4fc23a80cc34 ceb10072dd624187972bb39852f2cef9 44f8b71a2d744697bfce068ff4cbc09e - - default default] 10.0.0.154 "GET /v2.0/ports/43c15606-1a20-4748-b90f-219790c7242b HTTP/1.1" status: 200 len: 1135 time: 0.0664313
2026-06-13 23:58:35.017 9 INFO neutron.wsgi [None req-c5a569d9-9213-40bf-b0d9-34b4d556326d 8954c48314384498a755db437fc3fcd1 75bbbd86407d4fae85fb41e713252777 - - default default] 10.0.0.154 "GET /v2.0/networks/a676236c-9bd7-4578-a9f5-c280b400c091 HTTP/1.1" status: 200 len: 848 time: 0.1818631
2026-06-13 23:58:35.576 9 INFO neutron.pecan_wsgi.hooks.translation [None req-d754b97e-1efc-4bbc-a4a8-c8c7c6d94fd9 0d216e9b80b9453dbfb59ff51cb613d6 974d6ea51c094514b733eb456d954752 - - default default] GET failed (client error): The resource could not be found.
2026-06-13 23:58:35.578 9 INFO neutron.wsgi [None req-d754b97e-1efc-4bbc-a4a8-c8c7c6d94fd9 0d216e9b80b9453dbfb59ff51cb613d6 974d6ea51c094514b733eb456d954752 - - default default] 10.0.0.154 "GET /v2.0/networks/a676236c-9bd7-4578-a9f5-c280b400c091 HTTP/1.1" status: 404 len: 339 time: 0.1861181
2026-06-13 23:58:35.763 9 INFO neutron.db.ovn_revision_numbers_db [None req-15b59475-b3b9-476f-a010-8e83e51dbfec ffe9042a33aa4d02b4b0570c5608a184 dadf9082a04b4d8f99ec28f752e4f7d0 - - default default] Successfully bumped revision number for resource 99a83b04-67c4-46f4-b2f2-a41b8d9d3658 (type: security_groups) to 1
2026-06-13 23:58:35.783 9 INFO neutron.db.ovn_revision_numbers_db [None req-15b59475-b3b9-476f-a010-8e83e51dbfec ffe9042a33aa4d02b4b0570c5608a184 dadf9082a04b4d8f99ec28f752e4f7d0 - - default default] Successfully bumped revision number for resource 6183c769-3259-44c4-b835-988e478b18b8 (type: security_group_rules) to 0
2026-06-13 23:58:35.812 9 INFO neutron.db.ovn_revision_numbers_db [None req-15b59475-b3b9-476f-a010-8e83e51dbfec ffe9042a33aa4d02b4b0570c5608a184 dadf9082a04b4d8f99ec28f752e4f7d0 - - default default] Successfully bumped revision number for resource 6ca88935-ed3a-455c-b175-728931a5cd5e (type: security_group_rules) to 0
2026-06-13 23:58:35.843 9 INFO neutron.db.ovn_revision_numbers_db [None req-15b59475-b3b9-476f-a010-8e83e51dbfec ffe9042a33aa4d02b4b0570c5608a184 dadf9082a04b4d8f99ec28f752e4f7d0 - - default default] Successfully bumped revision number for resource 9014e042-4942-48e9-afa0-2209cc933b3f (type: security_group_rules) to 0
2026-06-13 23:58:35.863 9 INFO neutron.db.ovn_revision_numbers_db [None req-15b59475-b3b9-476f-a010-8e83e51dbfec ffe9042a33aa4d02b4b0570c5608a184 dadf9082a04b4d8f99ec28f752e4f7d0 - - default default] Successfully bumped revision number for resource cdbc878b-2066-4117-93ae-e25100f43bc4 (type: security_group_rules) to 0
2026-06-13 23:58:35.891 9 INFO neutron.wsgi [None req-15b59475-b3b9-476f-a010-8e83e51dbfec ffe9042a33aa4d02b4b0570c5608a184 dadf9082a04b4d8f99ec28f752e4f7d0 - - default default] 10.0.0.154 "GET /v2.0/security-groups?tenant_id=6d4899e7b6f24b52a4700191a4364a60&name=default HTTP/1.1" status: 200 len: 3120 time: 0.3370874
2026-06-13 23:58:36.128 9 INFO neutron.services.segments.plugin [-] Segment 1aac9d80-76a2-4c7a-a067-70acf327df0f resource provider aggregate not found
2026-06-13 23:58:36.132 9 INFO neutron.services.segments.plugin [-] Segment 1aac9d80-76a2-4c7a-a067-70acf327df0f resource provider aggregate not found
2026-06-13 23:58:36.142 9 INFO neutron.services.segments.plugin [-] Segment 1aac9d80-76a2-4c7a-a067-70acf327df0f resource provider not found; error: Placement Client Error (4xx): {"errors": [{"status": 404, "title": "Not Found", "detail": "The resource could not be found.\n\n No resource provider with uuid 1aac9d80-76a2-4c7a-a067-70acf327df0f found for delete ", "request_id": "req-46f7ac70-c5b6-4c2a-b7ad-b1dd2220f0f6"}]}
2026-06-13 23:58:36.147 9 INFO neutron.services.segments.plugin [-] Segment 1aac9d80-76a2-4c7a-a067-70acf327df0f resource provider not found; error: Placement Client Error (4xx): {"errors": [{"status": 404, "title": "Not Found", "detail": "The resource could not be found.\n\n No resource provider with uuid 1aac9d80-76a2-4c7a-a067-70acf327df0f found for delete ", "request_id": "req-620d6419-a4b7-431e-a8ea-25de50da0d9a"}]}
2026-06-13 23:58:36.171 9 INFO neutron.wsgi [None req-51e38ce9-701d-44c2-becd-13ade3781cbd 5e02c5096e4b4da6a6aa64978928cd9e 42cd746617d3475dad59c39062fe4a98 - - default default] 10.0.0.154 "DELETE /v2.0/networks/a676236c-9bd7-4578-a9f5-c280b400c091 HTTP/1.1" status: 204 len: 168 time: 0.5883257
2026-06-13 23:58:36.192 9 INFO neutron.pecan_wsgi.hooks.translation [None req-30a35697-d7d0-42ae-949c-a0a74ab5acc4 5e02c5096e4b4da6a6aa64978928cd9e 42cd746617d3475dad59c39062fe4a98 - - default default] DELETE failed (client error): The resource could not be found.
2026-06-13 23:58:36.195 9 INFO neutron.wsgi [None req-30a35697-d7d0-42ae-949c-a0a74ab5acc4 5e02c5096e4b4da6a6aa64978928cd9e 42cd746617d3475dad59c39062fe4a98 - - default default] 10.0.0.154 "DELETE /v2.0/subnets/5092477d-d9cd-491a-a284-f6c7eaa63759 HTTP/1.1" status: 404 len: 337 time: 0.0161889
2026-06-13 23:58:36.213 9 INFO neutron.pecan_wsgi.hooks.translation [None req-108bb6cc-177d-4e5c-9f27-64ca0b402b1e 5e02c5096e4b4da6a6aa64978928cd9e 42cd746617d3475dad59c39062fe4a98 - - default default] DELETE failed (client error): The resource could not be found.
2026-06-13 23:58:36.215 9 INFO neutron.wsgi [None req-108bb6cc-177d-4e5c-9f27-64ca0b402b1e 5e02c5096e4b4da6a6aa64978928cd9e 42cd746617d3475dad59c39062fe4a98 - - default default] 10.0.0.154 "DELETE /v2.0/subnets/8ba1afc4-8f87-49c7-b3f4-d0244ee9e404 HTTP/1.1" status: 404 len: 337 time: 0.0150514
2026-06-13 23:58:36.237 9 INFO neutron.pecan_wsgi.hooks.translation [None req-fbec7cdb-d075-46bd-a7a4-113a68519470 5e02c5096e4b4da6a6aa64978928cd9e 42cd746617d3475dad59c39062fe4a98 - - default default] DELETE failed (client error): The resource could not be found.
2026-06-13 23:58:36.240 9 INFO neutron.wsgi [None req-fbec7cdb-d075-46bd-a7a4-113a68519470 5e02c5096e4b4da6a6aa64978928cd9e 42cd746617d3475dad59c39062fe4a98 - - default default] 10.0.0.154 "DELETE /v2.0/subnets/a2395105-c2e3-4f05-b4b8-4e6e345005db HTTP/1.1" status: 404 len: 337 time: 0.0181553
2026-06-13 23:58:36.295 10 INFO neutron.wsgi [None req-08f55290-1e59-485c-88c5-802ebc9ebf93 ceb10072dd624187972bb39852f2cef9 44f8b71a2d744697bfce068ff4cbc09e - - default default] 10.0.0.154 "GET /v2.0/ports/43c15606-1a20-4748-b90f-219790c7242b HTTP/1.1" status: 200 len: 1135 time: 0.3075953
2026-06-13 23:58:36.352 10 INFO neutron.wsgi [None req-289de36c-def7-431c-86f3-1a23b4c9a232 ffe9042a33aa4d02b4b0570c5608a184 dadf9082a04b4d8f99ec28f752e4f7d0 - - default default] 10.0.0.154 "DELETE /v2.0/security-groups/99a83b04-67c4-46f4-b2f2-a41b8d9d3658 HTTP/1.1" status: 204 len: 168 time: 0.4547944
2026-06-13 23:58:36.530 10 WARNING neutron.plugins.ml2.drivers.ovn.mech_driver.ovsdb.ovn_client [None req-7f51bcc4-bade-4819-b882-6b2b9175102a - - - - - -] No hosting information found for port 4dc9d6d9-07ef-4f24-b32e-113337c626a2: RuntimeError: No hosting information found for port 4dc9d6d9-07ef-4f24-b32e-113337c626a2
2026-06-13 23:58:36.531 10 INFO neutron.plugins.ml2.drivers.ovn.mech_driver.mech_driver [None req-7f51bcc4-bade-4819-b882-6b2b9175102a - - - - - -] OVN reports status up for port: 43c15606-1a20-4748-b90f-219790c7242b
2026-06-13 23:58:36.544 10 INFO neutron.plugins.ml2.plugin [None req-7f51bcc4-bade-4819-b882-6b2b9175102a - - - - - -] Attempt 1 to provision port 43c15606-1a20-4748-b90f-219790c7242b
2026-06-13 23:58:36.676 9 INFO neutron.db.ovn_revision_numbers_db [None req-70e2aae6-af74-4be6-94ed-ec3ec7023c9e ffe9042a33aa4d02b4b0570c5608a184 dadf9082a04b4d8f99ec28f752e4f7d0 - - default default] Successfully bumped revision number for resource 8e49582c-eee9-4dce-9b20-7f0bef027c38 (type: security_groups) to 1
2026-06-13 23:58:36.688 9 INFO neutron.db.ovn_revision_numbers_db [None req-70e2aae6-af74-4be6-94ed-ec3ec7023c9e ffe9042a33aa4d02b4b0570c5608a184 dadf9082a04b4d8f99ec28f752e4f7d0 - - default default] Successfully bumped revision number for resource 70562e9a-e9ab-4b2d-8e62-7e2d0166f8e7 (type: security_group_rules) to 0
2026-06-13 23:58:36.704 9 INFO neutron.db.ovn_revision_numbers_db [None req-70e2aae6-af74-4be6-94ed-ec3ec7023c9e ffe9042a33aa4d02b4b0570c5608a184 dadf9082a04b4d8f99ec28f752e4f7d0 - - default default] Successfully bumped revision number for resource b1ce6afb-6dd3-4ddf-bc41-b8ea3a2792a0 (type: security_group_rules) to 0
2026-06-13 23:58:36.718 9 INFO neutron.db.ovn_revision_numbers_db [None req-70e2aae6-af74-4be6-94ed-ec3ec7023c9e ffe9042a33aa4d02b4b0570c5608a184 dadf9082a04b4d8f99ec28f752e4f7d0 - - default default] Successfully bumped revision number for resource bae0af74-6d57-4dc0-939c-30c39bf481d3 (type: security_group_rules) to 0
2026-06-13 23:58:36.732 9 INFO neutron.db.ovn_revision_numbers_db [None req-70e2aae6-af74-4be6-94ed-ec3ec7023c9e ffe9042a33aa4d02b4b0570c5608a184 dadf9082a04b4d8f99ec28f752e4f7d0 - - default default] Successfully bumped revision number for resource f6d31f9a-6af1-45a5-8d90-e5b8c49ce05c (type: security_group_rules) to 0
2026-06-13 23:58:36.757 9 INFO neutron.wsgi [None req-70e2aae6-af74-4be6-94ed-ec3ec7023c9e ffe9042a33aa4d02b4b0570c5608a184 dadf9082a04b4d8f99ec28f752e4f7d0 - - default default] 10.0.0.154 "GET /v2.0/security-groups?tenant_id=df8e152f5dad4cbdbce00e971eab1aee&name=default HTTP/1.1" status: 200 len: 3120 time: 0.2023063
2026-06-13 23:58:36.932 10 INFO neutron.db.ovn_revision_numbers_db [None req-7f51bcc4-bade-4819-b882-6b2b9175102a - - - - - -] Successfully bumped revision number for resource 43c15606-1a20-4748-b90f-219790c7242b (type: ports) to 2
2026-06-13 23:58:37.070 10 INFO neutron.wsgi [None req-6dbf1c37-f2b2-4022-b3ef-cd9e349ca32c ffe9042a33aa4d02b4b0570c5608a184 dadf9082a04b4d8f99ec28f752e4f7d0 - - default default] 10.0.0.154 "DELETE /v2.0/security-groups/8e49582c-eee9-4dce-9b20-7f0bef027c38 HTTP/1.1" status: 204 len: 168 time: 0.3067451
2026-06-13 23:58:37.072 10 INFO neutron.db.ovn_revision_numbers_db [None req-7f51bcc4-bade-4819-b882-6b2b9175102a - - - - - -] Successfully bumped revision number for resource 43c15606-1a20-4748-b90f-219790c7242b (type: router_ports) to 2
2026-06-13 23:58:37.295 9 INFO neutron.db.ovn_revision_numbers_db [None req-54a4a989-9159-4934-b735-63d865ce340e ffe9042a33aa4d02b4b0570c5608a184 dadf9082a04b4d8f99ec28f752e4f7d0 - - default default] Successfully bumped revision number for resource 9c1fb38d-febf-45bf-9178-f09c4b1a6288 (type: security_groups) to 1
2026-06-13 23:58:37.309 9 INFO neutron.db.ovn_revision_numbers_db [None req-54a4a989-9159-4934-b735-63d865ce340e ffe9042a33aa4d02b4b0570c5608a184 dadf9082a04b4d8f99ec28f752e4f7d0 - - default default] Successfully bumped revision number for resource 0bb7ad7b-a7c9-4198-97c8-64afe15d89be (type: security_group_rules) to 0
2026-06-13 23:58:37.321 9 INFO neutron.db.ovn_revision_numbers_db [None req-54a4a989-9159-4934-b735-63d865ce340e ffe9042a33aa4d02b4b0570c5608a184 dadf9082a04b4d8f99ec28f752e4f7d0 - - default default] Successfully bumped revision number for resource 25baae2b-d089-4343-b68b-7bd23dcb4b8f (type: security_group_rules) to 0
2026-06-13 23:58:37.332 9 INFO neutron.db.ovn_revision_numbers_db [None req-54a4a989-9159-4934-b735-63d865ce340e ffe9042a33aa4d02b4b0570c5608a184 dadf9082a04b4d8f99ec28f752e4f7d0 - - default default] Successfully bumped revision number for resource 46e9f07b-7b97-4cb7-b9b9-16d7f4817180 (type: security_group_rules) to 0
2026-06-13 23:58:37.340 10 INFO neutron.wsgi [None req-b4b49b34-fbe3-44e1-82ff-9156fd0d280c ceb10072dd624187972bb39852f2cef9 44f8b71a2d744697bfce068ff4cbc09e - - default default] 10.0.0.154 "GET /v2.0/ports/43c15606-1a20-4748-b90f-219790c7242b HTTP/1.1" status: 200 len: 1137 time: 0.0393243
2026-06-13 23:58:37.347 9 INFO neutron.db.ovn_revision_numbers_db [None req-54a4a989-9159-4934-b735-63d865ce340e ffe9042a33aa4d02b4b0570c5608a184 dadf9082a04b4d8f99ec28f752e4f7d0 - - default default] Successfully bumped revision number for resource 978d94eb-de02-4f3f-9882-561c93bf6936 (type: security_group_rules) to 0
2026-06-13 23:58:37.369 9 INFO neutron.wsgi [None req-54a4a989-9159-4934-b735-63d865ce340e ffe9042a33aa4d02b4b0570c5608a184 dadf9082a04b4d8f99ec28f752e4f7d0 - - default default] 10.0.0.154 "GET /v2.0/security-groups?tenant_id=75bbbd86407d4fae85fb41e713252777&name=default HTTP/1.1" status: 200 len: 3120 time: 0.3514235
2026-06-13 23:58:37.590 9 INFO neutron.wsgi [None req-6f7bf6b7-8f13-4a0c-ae77-20900901a007 ffe9042a33aa4d02b4b0570c5608a184 dadf9082a04b4d8f99ec28f752e4f7d0 - - default default] 10.0.0.154 "DELETE /v2.0/security-groups/9c1fb38d-febf-45bf-9178-f09c4b1a6288 HTTP/1.1" status: 204 len: 168 time: 0.2171741
2026-06-13 23:58:37.714 9 INFO neutron.wsgi [None req-db9048a5-3da7-440b-9bbf-bc940c47e950 ffe9042a33aa4d02b4b0570c5608a184 dadf9082a04b4d8f99ec28f752e4f7d0 - - default default] 10.0.0.154 "GET /v2.0/security-groups?tenant_id=42cd746617d3475dad59c39062fe4a98&name=default HTTP/1.1" status: 200 len: 3120 time: 0.0375612
2026-06-13 23:58:38.024 10 INFO neutron.wsgi [None req-1dbb26e6-e91e-4cb4-ad70-8998435698a0 ffe9042a33aa4d02b4b0570c5608a184 dadf9082a04b4d8f99ec28f752e4f7d0 - - default default] 10.0.0.154 "DELETE /v2.0/security-groups/f298544f-9f34-4a47-bbfc-1da0c8539b82 HTTP/1.1" status: 204 len: 168 time: 0.3047483
2026-06-13 23:58:38.178 10 INFO neutron.wsgi [None req-18d2eb31-6d6e-4cf7-9568-0241ca09c11f ceb10072dd624187972bb39852f2cef9 44f8b71a2d744697bfce068ff4cbc09e - - default default] 10.0.0.154 "PUT /v2.0/routers/38e8412b-8f8d-41eb-a4e4-5fe654112cd4/remove_router_interface HTTP/1.1" status: 200 len: 503 time: 0.8326998 /var/lib/openstack/lib/python3.10/site-packages/pycadf/identifier.py:71: UserWarning: Invalid uuid: neutron. To ensure interoperability, identifiers should be a valid uuid. warnings.warn(('Invalid uuid: %s. To ensure interoperability, '
2026-06-13 23:58:38.294 10 INFO neutron.wsgi [None req-36b5ed04-201c-4627-90dc-37730c68de71 ceb10072dd624187972bb39852f2cef9 44f8b71a2d744697bfce068ff4cbc09e - - default default] 10.0.0.154 "GET /v2.0/ports/4dc9d6d9-07ef-4f24-b32e-113337c626a2 HTTP/1.1" status: 200 len: 1137 time: 0.1105876
2026-06-13 23:58:38.344 9 INFO neutron.db.ovn_revision_numbers_db [None req-46f40b8c-6939-497c-b764-98feb3dbe2e6 ffe9042a33aa4d02b4b0570c5608a184 dadf9082a04b4d8f99ec28f752e4f7d0 - - default default] Successfully bumped revision number for resource bd9a7dbd-5fc0-4879-a4a7-620df2d08a58 (type: security_groups) to 1
2026-06-13 23:58:38.366 9 INFO neutron.db.ovn_revision_numbers_db [None req-46f40b8c-6939-497c-b764-98feb3dbe2e6 ffe9042a33aa4d02b4b0570c5608a184 dadf9082a04b4d8f99ec28f752e4f7d0 - - default default] Successfully bumped revision number for resource 86ac8d32-db5b-425b-bcd1-786cd4813cc5 (type: security_group_rules) to 0
2026-06-13 23:58:38.383 9 INFO neutron.db.ovn_revision_numbers_db [None req-46f40b8c-6939-497c-b764-98feb3dbe2e6 ffe9042a33aa4d02b4b0570c5608a184 dadf9082a04b4d8f99ec28f752e4f7d0 - - default default] Successfully bumped revision number for resource 97d08c79-55dd-49af-aad5-e7fd39c8cb11 (type: security_group_rules) to 0
2026-06-13 23:58:38.399 9 INFO neutron.db.ovn_revision_numbers_db [None req-46f40b8c-6939-497c-b764-98feb3dbe2e6 ffe9042a33aa4d02b4b0570c5608a184 dadf9082a04b4d8f99ec28f752e4f7d0 - - default default] Successfully bumped revision number for resource 9c0d245c-8884-4d66-a0ab-61ce67682ad4 (type: security_group_rules) to 0
2026-06-13 23:58:38.425 9 INFO neutron.db.ovn_revision_numbers_db [None req-46f40b8c-6939-497c-b764-98feb3dbe2e6 ffe9042a33aa4d02b4b0570c5608a184 dadf9082a04b4d8f99ec28f752e4f7d0 - - default default] Successfully bumped revision number for resource cf48ea45-e8c3-46da-804a-f3c7754796fa (type: security_group_rules) to 0
2026-06-13 23:58:38.448 9 INFO neutron.wsgi [None req-46f40b8c-6939-497c-b764-98feb3dbe2e6 ffe9042a33aa4d02b4b0570c5608a184 dadf9082a04b4d8f99ec28f752e4f7d0 - - default default] 10.0.0.154 "GET /v2.0/security-groups?tenant_id=974d6ea51c094514b733eb456d954752&name=default HTTP/1.1" status: 200 len: 3120 time: 0.2441192
2026-06-13 23:58:38.671 9 INFO neutron.wsgi [None req-83a548bd-9817-464f-af6c-fb0e9eb44c6f ffe9042a33aa4d02b4b0570c5608a184 dadf9082a04b4d8f99ec28f752e4f7d0 - - default default] 10.0.0.154 "DELETE /v2.0/security-groups/bd9a7dbd-5fc0-4879-a4a7-620df2d08a58 HTTP/1.1" status: 204 len: 168 time: 0.2173078
2026-06-13 23:58:39.014 10 INFO neutron.wsgi [None req-bad0108c-e99f-4700-9cdd-c09af14b24e5 ceb10072dd624187972bb39852f2cef9 44f8b71a2d744697bfce068ff4cbc09e - - default default] 10.0.0.154 "PUT /v2.0/routers/38e8412b-8f8d-41eb-a4e4-5fe654112cd4/remove_router_interface HTTP/1.1" status: 200 len: 503 time: 0.7147720
2026-06-13 23:58:39.039 9 INFO neutron.wsgi [None req-6139d147-3ad6-4e8e-8ff7-f260907efe10 ceb10072dd624187972bb39852f2cef9 44f8b71a2d744697bfce068ff4cbc09e - - default default] 10.0.0.154 "GET /v2.0/ports?device_id=38e8412b-8f8d-41eb-a4e4-5fe654112cd4 HTTP/1.1" status: 200 len: 205 time: 0.0206027 /var/lib/openstack/lib/python3.10/site-packages/pycadf/identifier.py:71: UserWarning: Invalid uuid: neutron. To ensure interoperability, identifiers should be a valid uuid. warnings.warn(('Invalid uuid: %s. To ensure interoperability, '
2026-06-13 23:58:39.053 10 WARNING neutron_lib.context [None req-57881c43-c3a7-43e8-804e-3e9aac68b313 637a46e28d414278a720f8484f6943e9 73ee191448ce4f26ae1b8a0e78a45999 - - default default] Method 'is_advsvc' is deprecated since 2023.2 release (neutron-lib 3.8.0) and will be removed once support for the old RBAC API policies will be removed from Neutron. Please use method 'is_service_role' instead.
2026-06-13 23:58:39.053 10 WARNING neutron_lib.context [None req-57881c43-c3a7-43e8-804e-3e9aac68b313 637a46e28d414278a720f8484f6943e9 73ee191448ce4f26ae1b8a0e78a45999 - - default default] Method 'is_advsvc' is deprecated since 2023.2 release (neutron-lib 3.8.0) and will be removed once support for the old RBAC API policies will be removed from Neutron. Please use method 'is_service_role' instead.
2026-06-13 23:58:39.199 10 INFO neutron.db.ovn_revision_numbers_db [None req-57881c43-c3a7-43e8-804e-3e9aac68b313 637a46e28d414278a720f8484f6943e9 73ee191448ce4f26ae1b8a0e78a45999 - - default default] Successfully bumped revision number for resource f67ad7c7-523f-4f00-8133-93c2de182e9d (type: security_groups) to 1
2026-06-13 23:58:39.233 10 INFO neutron.db.ovn_revision_numbers_db [None req-57881c43-c3a7-43e8-804e-3e9aac68b313 637a46e28d414278a720f8484f6943e9 73ee191448ce4f26ae1b8a0e78a45999 - - default default] Successfully bumped revision number for resource 63a020c5-86b6-4fe3-83ed-75eb623bbe79 (type: security_group_rules) to 0
2026-06-13 23:58:39.246 10 INFO neutron.db.ovn_revision_numbers_db [None req-57881c43-c3a7-43e8-804e-3e9aac68b313 637a46e28d414278a720f8484f6943e9 73ee191448ce4f26ae1b8a0e78a45999 - - default default] Successfully bumped revision number for resource 81e5b660-9e3b-46e9-b009-16f85919a9ee (type: security_group_rules) to 0
2026-06-13 23:58:39.261 10 INFO neutron.db.ovn_revision_numbers_db [None req-57881c43-c3a7-43e8-804e-3e9aac68b313 637a46e28d414278a720f8484f6943e9 73ee191448ce4f26ae1b8a0e78a45999 - - default default] Successfully bumped revision number for resource c257a28f-2442-4f8f-94bc-35d706afd52b (type: security_group_rules) to 0
2026-06-13 23:58:39.274 10 INFO neutron.db.ovn_revision_numbers_db [None req-57881c43-c3a7-43e8-804e-3e9aac68b313 637a46e28d414278a720f8484f6943e9 73ee191448ce4f26ae1b8a0e78a45999 - - default default] Successfully bumped revision number for resource c3a73d01-9802-47e6-8bbc-daadec056c02 (type: security_group_rules) to 0
2026-06-13 23:58:39.348 10 INFO neutron.db.segments_db [None req-57881c43-c3a7-43e8-804e-3e9aac68b313 637a46e28d414278a720f8484f6943e9 73ee191448ce4f26ae1b8a0e78a45999 - - default default] Added segment e33c3e61-e462-43d8-bcb0-acf2003df887 of type geneve for network 56c85086-71f6-4736-bd89-bc9ff4b6915b
2026-06-13 23:58:39.501 10 INFO neutron.db.segments_db [None req-57881c43-c3a7-43e8-804e-3e9aac68b313 637a46e28d414278a720f8484f6943e9 73ee191448ce4f26ae1b8a0e78a45999 - - default default] Added segment 9e0e0701-d99a-459b-bf21-47c909773f35 of type geneve for network 99e43fa8-e338-4ba4-9c33-4d31e690ef75
2026-06-13 23:58:39.565 9 INFO neutron.wsgi [None req-38a4754d-1064-4985-915b-0cef23b40fef ceb10072dd624187972bb39852f2cef9 44f8b71a2d744697bfce068ff4cbc09e - - default default] 10.0.0.154 "DELETE /v2.0/routers/38e8412b-8f8d-41eb-a4e4-5fe654112cd4 HTTP/1.1" status: 204 len: 168 time: 0.5215869
2026-06-13 23:58:39.662 10 INFO neutron.db.ovn_revision_numbers_db [None req-57881c43-c3a7-43e8-804e-3e9aac68b313 637a46e28d414278a720f8484f6943e9 73ee191448ce4f26ae1b8a0e78a45999 - - default default] Successfully bumped revision number for resource 56c85086-71f6-4736-bd89-bc9ff4b6915b (type: networks) to 1
2026-06-13 23:58:39.751 9 INFO neutron.wsgi [None req-c1e950cb-7ec5-455e-8f1f-6d342d44bbc0 ceb10072dd624187972bb39852f2cef9 44f8b71a2d744697bfce068ff4cbc09e - - default default] 10.0.0.154 "DELETE /v2.0/subnets/2d9fa2b9-6645-4920-8450-d2b01017e483 HTTP/1.1" status: 204 len: 168 time: 0.1811075
2026-06-13 23:58:39.832 10 WARNING neutron.scheduler.dhcp_agent_scheduler [None req-57881c43-c3a7-43e8-804e-3e9aac68b313 637a46e28d414278a720f8484f6943e9 73ee191448ce4f26ae1b8a0e78a45999 - - default default] No more DHCP agents
2026-06-13 23:58:39.835 10 WARNING neutron.api.rpc.agentnotifiers.dhcp_rpc_agent_api [None req-57881c43-c3a7-43e8-804e-3e9aac68b313 637a46e28d414278a720f8484f6943e9 73ee191448ce4f26ae1b8a0e78a45999 - - default default] Unable to schedule network 56c85086-71f6-4736-bd89-bc9ff4b6915b: no agents available; will retry on subsequent port and subnet creation events.
2026-06-13 23:58:39.912 10 INFO neutron.db.ovn_revision_numbers_db [None req-57881c43-c3a7-43e8-804e-3e9aac68b313 637a46e28d414278a720f8484f6943e9 73ee191448ce4f26ae1b8a0e78a45999 - - default default] Successfully bumped revision number for resource cd37ba15-e8d7-4b2e-9374-53c69155ee36 (type: ports) to 1
2026-06-13 23:58:39.956 9 INFO neutron.wsgi [None req-c44eaad1-0afd-4a04-aad8-0d6bdb753b81 ceb10072dd624187972bb39852f2cef9 44f8b71a2d744697bfce068ff4cbc09e - - default default] 10.0.0.154 "DELETE /v2.0/subnets/77a5bda1-95b3-495b-860a-67a0734a97af HTTP/1.1" status: 204 len: 168 time: 0.1952112
2026-06-13 23:58:40.201 10 INFO neutron.db.ovn_revision_numbers_db [None req-57881c43-c3a7-43e8-804e-3e9aac68b313 637a46e28d414278a720f8484f6943e9 73ee191448ce4f26ae1b8a0e78a45999 - - default default] Successfully bumped revision number for resource 99e43fa8-e338-4ba4-9c33-4d31e690ef75 (type: networks) to 1
2026-06-13 23:58:40.322 9 INFO neutron.services.segments.plugin [-] Segment 763ec150-3c56-4a1a-aa12-8dc53289e9e5 resource provider aggregate not found
2026-06-13 23:58:40.327 9 INFO neutron.services.segments.plugin [-] Segment 763ec150-3c56-4a1a-aa12-8dc53289e9e5 resource provider aggregate not found
2026-06-13 23:58:40.347 9 INFO neutron.services.segments.plugin [-] Segment 763ec150-3c56-4a1a-aa12-8dc53289e9e5 resource provider not found; error: Placement Client Error (4xx): {"errors": [{"status": 404, "title": "Not Found", "detail": "The resource could not be found.\n\n No resource provider with uuid 763ec150-3c56-4a1a-aa12-8dc53289e9e5 found for delete ", "request_id": "req-d2b4e01d-649c-4845-a881-24842a782ff3"}]}
2026-06-13 23:58:40.348 9 INFO neutron.services.segments.plugin [-] Segment 763ec150-3c56-4a1a-aa12-8dc53289e9e5 resource provider not found; error: Placement Client Error (4xx): {"errors": [{"status": 404, "title": "Not Found", "detail": "The resource could not be found.\n\n No resource provider with uuid 763ec150-3c56-4a1a-aa12-8dc53289e9e5 found for delete ", "request_id": "req-dabdb9cd-8a45-465a-9b6a-c0a98b9cc75e"}]}
2026-06-13 23:58:40.363 9 INFO neutron.wsgi [None req-abafa8b0-97d7-4b06-9b01-99502e4396e7 ceb10072dd624187972bb39852f2cef9 44f8b71a2d744697bfce068ff4cbc09e - - default default] 10.0.0.154 "DELETE /v2.0/networks/3916150f-6eb6-41cb-904b-85b7e42c097f HTTP/1.1" status: 204 len: 168 time: 0.4024477
2026-06-13 23:58:40.433 10 WARNING neutron.scheduler.dhcp_agent_scheduler [None req-57881c43-c3a7-43e8-804e-3e9aac68b313 637a46e28d414278a720f8484f6943e9 73ee191448ce4f26ae1b8a0e78a45999 - - default default] No more DHCP agents
2026-06-13 23:58:40.438 10 WARNING neutron.api.rpc.agentnotifiers.dhcp_rpc_agent_api [None req-57881c43-c3a7-43e8-804e-3e9aac68b313 637a46e28d414278a720f8484f6943e9 73ee191448ce4f26ae1b8a0e78a45999 - - default default] Unable to schedule network 99e43fa8-e338-4ba4-9c33-4d31e690ef75: no agents available; will retry on subsequent port and subnet creation events.
2026-06-13 23:58:40.545 10 INFO neutron.db.ovn_revision_numbers_db [None req-57881c43-c3a7-43e8-804e-3e9aac68b313 637a46e28d414278a720f8484f6943e9 73ee191448ce4f26ae1b8a0e78a45999 - - default default] Successfully bumped revision number for resource 12bee985-567d-4bec-b915-898c76f9bf48 (type: ports) to 1
2026-06-13 23:58:40.580 10 INFO neutron.wsgi [None req-57881c43-c3a7-43e8-804e-3e9aac68b313 637a46e28d414278a720f8484f6943e9 73ee191448ce4f26ae1b8a0e78a45999 - - default default] 10.0.0.154 "POST /v2.0/networks HTTP/1.1" status: 201 len: 1445 time: 1.6819873
2026-06-13 23:58:40.698 9 INFO neutron.wsgi [None req-8ccafe82-ab29-499f-ab3c-bc4db7417ec4 637a46e28d414278a720f8484f6943e9 73ee191448ce4f26ae1b8a0e78a45999 - - default default] 10.0.0.154 "GET /v2.0/networks HTTP/1.1" status: 200 len: 2051 time: 0.1081684
2026-06-13 23:58:40.793 10 INFO neutron.services.segments.plugin [-] Segment ce2a7b3e-c0e1-45b8-83e0-b70dc1f15456 resource provider aggregate not found
2026-06-13 23:58:40.796 10 INFO neutron.services.segments.plugin [-] Segment ce2a7b3e-c0e1-45b8-83e0-b70dc1f15456 resource provider aggregate not found
2026-06-13 23:58:40.810 10 INFO neutron.services.segments.plugin [-] Segment ce2a7b3e-c0e1-45b8-83e0-b70dc1f15456 resource provider not found; error: Placement Client Error (4xx): {"errors": [{"status": 404, "title": "Not Found", "detail": "The resource could not be found.\n\n No resource provider with uuid ce2a7b3e-c0e1-45b8-83e0-b70dc1f15456 found for delete ", "request_id": "req-1f28c389-91ac-424b-ac07-d1619d90c561"}]}
2026-06-13 23:58:40.816 10 INFO neutron.services.segments.plugin [-] Segment ce2a7b3e-c0e1-45b8-83e0-b70dc1f15456 resource provider not found; error: Placement Client Error (4xx): {"errors": [{"status": 404, "title": "Not Found", "detail": "The resource could not be found.\n\n No resource provider with uuid ce2a7b3e-c0e1-45b8-83e0-b70dc1f15456 found for delete ", "request_id": "req-8d6c5f09-d0b7-4ce0-ac9c-4251bed73a8d"}]}
2026-06-13 23:58:40.832 10 INFO neutron.wsgi [None req-b38c0a10-ca37-4ca5-860a-8f09e8eb3a8d ceb10072dd624187972bb39852f2cef9 44f8b71a2d744697bfce068ff4cbc09e - - default default] 10.0.0.154 "DELETE /v2.0/networks/3915b74a-cb3f-4a0b-b1f3-8a10db8fd177 HTTP/1.1" status: 204 len: 168 time: 0.4634981
2026-06-13 23:58:40.847 10 WARNING neutron_lib.context [None req-b84811f5-75fa-4a1d-bdae-34e947f45c4f ceb10072dd624187972bb39852f2cef9 44f8b71a2d744697bfce068ff4cbc09e - - default default] Method 'is_advsvc' is deprecated since 2023.2 release (neutron-lib 3.8.0) and will be removed once support for the old RBAC API policies will be removed from Neutron. Please use method 'is_service_role' instead.
2026-06-13 23:58:40.929 10 INFO neutron.db.segments_db [None req-b84811f5-75fa-4a1d-bdae-34e947f45c4f ceb10072dd624187972bb39852f2cef9 44f8b71a2d744697bfce068ff4cbc09e - - default default] Added segment e7ef711f-2eed-4c7f-bd70-df584b5b4ea2 of type geneve for network 0198f762-1803-418d-92ba-f126259d02f8
2026-06-13 23:58:41.091 10 INFO neutron.db.ovn_revision_numbers_db [None req-b84811f5-75fa-4a1d-bdae-34e947f45c4f ceb10072dd624187972bb39852f2cef9 44f8b71a2d744697bfce068ff4cbc09e - - default default] Successfully bumped revision number for resource 0198f762-1803-418d-92ba-f126259d02f8 (type: networks) to 1
2026-06-13 23:58:41.133 9 INFO neutron.wsgi [None req-15a82422-0662-40e4-b353-19f46b973d4a 637a46e28d414278a720f8484f6943e9 73ee191448ce4f26ae1b8a0e78a45999 - - default default] 10.0.0.154 "DELETE /v2.0/networks/56c85086-71f6-4736-bd89-bc9ff4b6915b HTTP/1.1" status: 204 len: 168 time: 0.4313462
2026-06-13 23:58:41.267 10 WARNING neutron.scheduler.dhcp_agent_scheduler [None req-b84811f5-75fa-4a1d-bdae-34e947f45c4f ceb10072dd624187972bb39852f2cef9 44f8b71a2d744697bfce068ff4cbc09e - - default default] No more DHCP agents
2026-06-13 23:58:41.269 10 WARNING neutron.api.rpc.agentnotifiers.dhcp_rpc_agent_api [None req-b84811f5-75fa-4a1d-bdae-34e947f45c4f ceb10072dd624187972bb39852f2cef9 44f8b71a2d744697bfce068ff4cbc09e - - default default] Unable to schedule network 0198f762-1803-418d-92ba-f126259d02f8: no agents available; will retry on subsequent port and subnet creation events.
2026-06-13 23:58:41.350 10 INFO neutron.db.ovn_revision_numbers_db [None req-b84811f5-75fa-4a1d-bdae-34e947f45c4f ceb10072dd624187972bb39852f2cef9 44f8b71a2d744697bfce068ff4cbc09e - - default default] Successfully bumped revision number for resource 391628f6-e8d8-42a4-9972-6c2ec62ac2cf (type: ports) to 1
2026-06-13 23:58:41.371 10 INFO neutron.wsgi [None req-b84811f5-75fa-4a1d-bdae-34e947f45c4f ceb10072dd624187972bb39852f2cef9 44f8b71a2d744697bfce068ff4cbc09e - - default default] 10.0.0.154 "POST /v2.0/networks HTTP/1.1" status: 201 len: 829 time: 0.5277500
2026-06-13 23:58:41.380 10 WARNING neutron_lib.context [None req-39ac77ad-a038-4574-b6eb-1d4e8e762c99 ceb10072dd624187972bb39852f2cef9 44f8b71a2d744697bfce068ff4cbc09e - - default default] Method 'is_advsvc' is deprecated since 2023.2 release (neutron-lib 3.8.0) and will be removed once support for the old RBAC API policies will be removed from Neutron. Please use method 'is_service_role' instead.
2026-06-13 23:58:41.537 9 INFO neutron.wsgi [None req-37b7478c-be32-4c06-863e-81211d0ac14f 637a46e28d414278a720f8484f6943e9 73ee191448ce4f26ae1b8a0e78a45999 - - default default] 10.0.0.154 "DELETE /v2.0/networks/99e43fa8-e338-4ba4-9c33-4d31e690ef75 HTTP/1.1" status: 204 len: 168 time: 0.3963795
2026-06-13 23:58:41.661 10 INFO neutron.wsgi [None req-aa556f39-d478-4963-893d-92aaac70efea 637a46e28d414278a720f8484f6943e9 73ee191448ce4f26ae1b8a0e78a45999 - - default default] 10.0.0.154 "GET /v2.0/networks HTTP/1.1" status: 200 len: 845 time: 0.1176310
2026-06-13 23:58:41.673 10 WARNING neutron_lib.context [None req-30b52524-0297-4cc9-acaf-234dc97c0ecb 637a46e28d414278a720f8484f6943e9 73ee191448ce4f26ae1b8a0e78a45999 - - default default] Method 'is_advsvc' is deprecated since 2023.2 release (neutron-lib 3.8.0) and will be removed once support for the old RBAC API policies will be removed from Neutron. Please use method 'is_service_role' instead.
2026-06-13 23:58:41.707 10 WARNING neutron.scheduler.dhcp_agent_scheduler [None req-39ac77ad-a038-4574-b6eb-1d4e8e762c99 ceb10072dd624187972bb39852f2cef9 44f8b71a2d744697bfce068ff4cbc09e - - default default] No more DHCP agents
2026-06-13 23:58:41.710 10 WARNING neutron.api.rpc.agentnotifiers.dhcp_rpc_agent_api [None req-39ac77ad-a038-4574-b6eb-1d4e8e762c99 ceb10072dd624187972bb39852f2cef9 44f8b71a2d744697bfce068ff4cbc09e - - default default] Unable to schedule network 0198f762-1803-418d-92ba-f126259d02f8: no agents available; will retry on subsequent port and subnet creation events.
2026-06-13 23:58:41.786 10 INFO neutron.db.segments_db [None req-30b52524-0297-4cc9-acaf-234dc97c0ecb 637a46e28d414278a720f8484f6943e9 73ee191448ce4f26ae1b8a0e78a45999 - - default default] Added segment 5efd3a41-cd0a-4da5-9b17-29af7bde338d of type geneve for network c5474887-3e77-48f5-8c43-b9442e257fbb
2026-06-13 23:58:41.967 10 INFO neutron.db.ovn_revision_numbers_db [None req-30b52524-0297-4cc9-acaf-234dc97c0ecb 637a46e28d414278a720f8484f6943e9 73ee191448ce4f26ae1b8a0e78a45999 - - default default] Successfully bumped revision number for resource c5474887-3e77-48f5-8c43-b9442e257fbb (type: networks) to 1
2026-06-13 23:58:42.171 10 WARNING neutron.plugins.ml2.drivers.ovn.mech_driver.ovsdb.ovn_client [None req-7f51bcc4-bade-4819-b882-6b2b9175102a - - - - - -] No port found with ID 43c15606-1a20-4748-b90f-219790c7242b: RuntimeError: No port found with ID 43c15606-1a20-4748-b90f-219790c7242b
2026-06-13 23:58:42.177 10 WARNING neutron.scheduler.dhcp_agent_scheduler [None req-30b52524-0297-4cc9-acaf-234dc97c0ecb 637a46e28d414278a720f8484f6943e9 73ee191448ce4f26ae1b8a0e78a45999 - - default default] No more DHCP agents
2026-06-13 23:58:42.181 10 WARNING neutron.api.rpc.agentnotifiers.dhcp_rpc_agent_api [None req-30b52524-0297-4cc9-acaf-234dc97c0ecb 637a46e28d414278a720f8484f6943e9 73ee191448ce4f26ae1b8a0e78a45999 - - default default] Unable to schedule network c5474887-3e77-48f5-8c43-b9442e257fbb: no agents available; will retry on subsequent port and subnet creation events.
2026-06-13 23:58:42.284 10 INFO neutron.db.ovn_revision_numbers_db [None req-30b52524-0297-4cc9-acaf-234dc97c0ecb 637a46e28d414278a720f8484f6943e9 73ee191448ce4f26ae1b8a0e78a45999 - - default default] Successfully bumped revision number for resource 97424d03-0966-4c66-b56b-58d1e5088d67 (type: ports) to 1
2026-06-13 23:58:42.308 10 INFO neutron.wsgi [None req-30b52524-0297-4cc9-acaf-234dc97c0ecb 637a46e28d414278a720f8484f6943e9 73ee191448ce4f26ae1b8a0e78a45999 - - default default] 10.0.0.154 "POST /v2.0/networks HTTP/1.1" status: 201 len: 853 time: 0.6390419
2026-06-13 23:58:42.334 9 WARNING neutron_lib.context [None req-ba9a1b36-601e-45a0-9c8b-b472f3b750e8 637a46e28d414278a720f8484f6943e9 73ee191448ce4f26ae1b8a0e78a45999 - - default default] Method 'is_advsvc' is deprecated since 2023.2 release (neutron-lib 3.8.0) and will be removed once support for the old RBAC API policies will be removed from Neutron. Please use method 'is_service_role' instead.
2026-06-13 23:58:42.362 9 INFO neutron.services.segments.plugin [-] Segment e33c3e61-e462-43d8-bcb0-acf2003df887 resource provider aggregate not found
2026-06-13 23:58:42.367 9 INFO neutron.services.segments.plugin [-] Segment e33c3e61-e462-43d8-bcb0-acf2003df887 resource provider aggregate not found
2026-06-13 23:58:42.375 9 INFO neutron.services.segments.plugin [-] Segment e33c3e61-e462-43d8-bcb0-acf2003df887 resource provider not found; error: Placement Client Error (4xx): {"errors": [{"status": 404, "title": "Not Found", "detail": "The resource could not be found.\n\n No resource provider with uuid e33c3e61-e462-43d8-bcb0-acf2003df887 found for delete ", "request_id": "req-70bcccde-6594-4c4d-8f10-c8d652c1ddaa"}]}
2026-06-13 23:58:42.380 9 INFO neutron.services.segments.plugin [-] Segment e33c3e61-e462-43d8-bcb0-acf2003df887 resource provider not found; error: Placement Client Error (4xx): {"errors": [{"status": 404, "title": "Not Found", "detail": "The resource could not be found.\n\n No resource provider with uuid e33c3e61-e462-43d8-bcb0-acf2003df887 found for delete ", "request_id": "req-f28593f6-cea1-4823-adbc-5a008a9b147d"}]}
2026-06-13 23:58:42.384 10 INFO neutron.db.ovn_revision_numbers_db [None req-39ac77ad-a038-4574-b6eb-1d4e8e762c99 ceb10072dd624187972bb39852f2cef9 44f8b71a2d744697bfce068ff4cbc09e - - default default] Successfully bumped revision number for resource 391628f6-e8d8-42a4-9972-6c2ec62ac2cf (type: ports) to 2
2026-06-13 23:58:42.388 9 INFO neutron.services.segments.plugin [-] Segment 9e0e0701-d99a-459b-bf21-47c909773f35 resource provider aggregate not found
2026-06-13 23:58:42.394 9 INFO neutron.services.segments.plugin [-] Segment 9e0e0701-d99a-459b-bf21-47c909773f35 resource provider aggregate not found
2026-06-13 23:58:42.403 9 INFO neutron.services.segments.plugin [-] Segment 9e0e0701-d99a-459b-bf21-47c909773f35 resource provider not found; error: Placement Client Error (4xx): {"errors": [{"status": 404, "title": "Not Found", "detail": "The resource could not be found.\n\n No resource provider with uuid 9e0e0701-d99a-459b-bf21-47c909773f35 found for delete ", "request_id": "req-5d7b3d13-079b-4048-98e9-cc198151c8ef"}]}
2026-06-13 23:58:42.408 9 INFO neutron.services.segments.plugin [-] Segment 9e0e0701-d99a-459b-bf21-47c909773f35 resource provider not found; error: Placement Client Error (4xx): {"errors": [{"status": 404, "title": "Not Found", "detail": "The resource could not be found.\n\n No resource provider with uuid 9e0e0701-d99a-459b-bf21-47c909773f35 found for delete ", "request_id": "req-818047c2-a244-46ad-a078-1380ea53b17e"}]}
2026-06-13 23:58:42.433 10 INFO neutron.db.ovn_revision_numbers_db [None req-39ac77ad-a038-4574-b6eb-1d4e8e762c99 ceb10072dd624187972bb39852f2cef9 44f8b71a2d744697bfce068ff4cbc09e - - default default] Successfully bumped revision number for resource 6bbb9e98-1add-4163-8b4c-49bb92493a8e (type: subnets) to 0
2026-06-13 23:58:42.459 10 INFO neutron.wsgi [None req-39ac77ad-a038-4574-b6eb-1d4e8e762c99 ceb10072dd624187972bb39852f2cef9 44f8b71a2d744697bfce068ff4cbc09e - - default default] 10.0.0.154 "POST /v2.0/subnets HTTP/1.1" status: 201 len: 801 time: 1.0835452
2026-06-13 23:58:42.467 9 INFO neutron.db.segments_db [None req-ba9a1b36-601e-45a0-9c8b-b472f3b750e8 637a46e28d414278a720f8484f6943e9 73ee191448ce4f26ae1b8a0e78a45999 - - default default] Added segment 67a9cb69-f536-4702-bba1-2feabccf7005 of type geneve for network 2dda165b-962c-490a-ac83-149ff9b29aa7
2026-06-13 23:58:42.476 10 WARNING neutron_lib.context [None req-adfe38c8-8638-4cfd-b1ef-694007272def ceb10072dd624187972bb39852f2cef9 44f8b71a2d744697bfce068ff4cbc09e - - default default] Method 'is_advsvc' is deprecated since 2023.2 release (neutron-lib 3.8.0) and will be removed once support for the old RBAC API policies will be removed from Neutron. Please use method 'is_service_role' instead.
2026-06-13 23:58:42.543 9 INFO neutron.db.ovn_revision_numbers_db [None req-cec5ff94-cbb5-4a02-82e7-d96a26c99444 ffe9042a33aa4d02b4b0570c5608a184 dadf9082a04b4d8f99ec28f752e4f7d0 - - default default] Successfully bumped revision number for resource a5269f82-820a-4d85-b1ae-49989ad09fd9 (type: security_groups) to 1
2026-06-13 23:58:42.561 9 INFO neutron.db.ovn_revision_numbers_db [None req-cec5ff94-cbb5-4a02-82e7-d96a26c99444 ffe9042a33aa4d02b4b0570c5608a184 dadf9082a04b4d8f99ec28f752e4f7d0 - - default default] Successfully bumped revision number for resource 0ebcf568-35eb-4341-80f3-992f5ccfa6e4 (type: security_group_rules) to 0
2026-06-13 23:58:42.600 9 INFO neutron.db.ovn_revision_numbers_db [None req-cec5ff94-cbb5-4a02-82e7-d96a26c99444 ffe9042a33aa4d02b4b0570c5608a184 dadf9082a04b4d8f99ec28f752e4f7d0 - - default default] Successfully bumped revision number for resource 314beaf7-a695-4ede-962a-6a4848326e65 (type: security_group_rules) to 0
2026-06-13 23:58:42.608 10 INFO neutron.db.ovn_revision_numbers_db [None req-adfe38c8-8638-4cfd-b1ef-694007272def ceb10072dd624187972bb39852f2cef9 44f8b71a2d744697bfce068ff4cbc09e - - default default] Successfully bumped revision number for resource f5c034d1-71a0-4884-8b00-6a08cfc02521 (type: routers) to 1
2026-06-13 23:58:42.622 9 INFO neutron.db.ovn_revision_numbers_db [None req-cec5ff94-cbb5-4a02-82e7-d96a26c99444 ffe9042a33aa4d02b4b0570c5608a184 dadf9082a04b4d8f99ec28f752e4f7d0 - - default default] Successfully bumped revision number for resource 335865f6-252d-4d5f-8af4-c50b4e5cc84b (type: security_group_rules) to 0
2026-06-13 23:58:42.629 9 INFO neutron.db.ovn_revision_numbers_db [None req-ba9a1b36-601e-45a0-9c8b-b472f3b750e8 637a46e28d414278a720f8484f6943e9 73ee191448ce4f26ae1b8a0e78a45999 - - default default] Successfully bumped revision number for resource 2dda165b-962c-490a-ac83-149ff9b29aa7 (type: networks) to 1
2026-06-13 23:58:42.630 10 INFO neutron.wsgi [None req-adfe38c8-8638-4cfd-b1ef-694007272def ceb10072dd624187972bb39852f2cef9 44f8b71a2d744697bfce068ff4cbc09e - - default default] 10.0.0.154 "POST /v2.0/routers HTTP/1.1" status: 201 len: 802 time: 0.1645870
2026-06-13 23:58:42.640 10 WARNING neutron_lib.context [None req-7b256290-66aa-4a2b-bbcf-260a23ca28b3 ceb10072dd624187972bb39852f2cef9 44f8b71a2d744697bfce068ff4cbc09e - - default default] Method 'is_advsvc' is deprecated since 2023.2 release (neutron-lib 3.8.0) and will be removed once support for the old RBAC API policies will be removed from Neutron. Please use method 'is_service_role' instead.
2026-06-13 23:58:42.645 9 INFO neutron.db.ovn_revision_numbers_db [None req-cec5ff94-cbb5-4a02-82e7-d96a26c99444 ffe9042a33aa4d02b4b0570c5608a184 dadf9082a04b4d8f99ec28f752e4f7d0 - - default default] Successfully bumped revision number for resource fa629fee-9d93-4661-99af-dba147fc1420 (type: security_group_rules) to 0
2026-06-13 23:58:42.678 9 INFO neutron.wsgi [None req-cec5ff94-cbb5-4a02-82e7-d96a26c99444 ffe9042a33aa4d02b4b0570c5608a184 dadf9082a04b4d8f99ec28f752e4f7d0 - - default default] 10.0.0.154 "GET /v2.0/security-groups?tenant_id=9aff26f907f743f8b2e19c22f1d4331a&name=default HTTP/1.1" status: 200 len: 3120 time: 0.5667603
2026-06-13 23:58:42.856 9 WARNING neutron.scheduler.dhcp_agent_scheduler [None req-ba9a1b36-601e-45a0-9c8b-b472f3b750e8 637a46e28d414278a720f8484f6943e9 73ee191448ce4f26ae1b8a0e78a45999 - - default default] No more DHCP agents
2026-06-13 23:58:42.860 9 WARNING neutron.api.rpc.agentnotifiers.dhcp_rpc_agent_api [None req-ba9a1b36-601e-45a0-9c8b-b472f3b750e8 637a46e28d414278a720f8484f6943e9 73ee191448ce4f26ae1b8a0e78a45999 - - default default] Unable to schedule network 2dda165b-962c-490a-ac83-149ff9b29aa7: no agents available; will retry on subsequent port and subnet creation events.
2026-06-13 23:58:42.925 9 WARNING neutron_lib.context [None req-357db043-fb51-4ff3-9635-d738de599c76 1208c7fbd52f4bafac64293dec7413ea c0b2e47c85f24145b518b07defe28483 - - default default] Method 'is_advsvc' is deprecated since 2023.2 release (neutron-lib 3.8.0) and will be removed once support for the old RBAC API policies will be removed from Neutron. Please use method 'is_service_role' instead.
2026-06-13 23:58:42.977 9 INFO neutron.db.ovn_revision_numbers_db [None req-ba9a1b36-601e-45a0-9c8b-b472f3b750e8 637a46e28d414278a720f8484f6943e9 73ee191448ce4f26ae1b8a0e78a45999 - - default default] Successfully bumped revision number for resource c535a541-5075-449c-8440-4178f8702056 (type: ports) to 1
2026-06-13 23:58:42.987 10 WARNING neutron.scheduler.dhcp_agent_scheduler [None req-7b256290-66aa-4a2b-bbcf-260a23ca28b3 ceb10072dd624187972bb39852f2cef9 44f8b71a2d744697bfce068ff4cbc09e - - default default] No more DHCP agents
2026-06-13 23:58:42.990 10 WARNING neutron.api.rpc.agentnotifiers.dhcp_rpc_agent_api [None req-7b256290-66aa-4a2b-bbcf-260a23ca28b3 ceb10072dd624187972bb39852f2cef9 44f8b71a2d744697bfce068ff4cbc09e - - default default] Unable to schedule network 0198f762-1803-418d-92ba-f126259d02f8: no agents available; will retry on subsequent port and subnet creation events.
2026-06-13 23:58:43.007 9 INFO neutron.wsgi [None req-ba9a1b36-601e-45a0-9c8b-b472f3b750e8 637a46e28d414278a720f8484f6943e9 73ee191448ce4f26ae1b8a0e78a45999 - - default default] 10.0.0.154 "POST /v2.0/networks HTTP/1.1" status: 201 len: 852 time: 0.6791236
2026-06-13 23:58:43.015 9 WARNING neutron_lib.context [None req-0ebe0193-19d4-4d25-ac0e-9e2cec094ec6 637a46e28d414278a720f8484f6943e9 73ee191448ce4f26ae1b8a0e78a45999 - - default default] Method 'is_advsvc' is deprecated since 2023.2 release (neutron-lib 3.8.0) and will be removed once support for the old RBAC API policies will be removed from Neutron. Please use method 'is_service_role' instead.
2026-06-13 23:58:43.079 9 INFO neutron.wsgi [None req-8dcf773b-6c12-47fd-863a-d689311c3db3 ffe9042a33aa4d02b4b0570c5608a184 dadf9082a04b4d8f99ec28f752e4f7d0 - - default default] 10.0.0.154 "DELETE /v2.0/security-groups/a5269f82-820a-4d85-b1ae-49989ad09fd9 HTTP/1.1" status: 204 len: 168 time: 0.3921399
2026-06-13 23:58:43.090 9 WARNING neutron_lib.context [None req-0ebe0193-19d4-4d25-ac0e-9e2cec094ec6 637a46e28d414278a720f8484f6943e9 73ee191448ce4f26ae1b8a0e78a45999 - - default default] Method 'is_advsvc' is deprecated since 2023.2 release (neutron-lib 3.8.0) and will be removed once support for the old RBAC API policies will be removed from Neutron. Please use method 'is_service_role' instead.
2026-06-13 23:58:43.144 10 INFO neutron.db.ovn_revision_numbers_db [None req-7b256290-66aa-4a2b-bbcf-260a23ca28b3 ceb10072dd624187972bb39852f2cef9 44f8b71a2d744697bfce068ff4cbc09e - - default default] Successfully bumped revision number for resource f0c922c2-a3c1-4d3d-ab7b-37428adc3131 (type: ports) to 1
