2026-06-13 23:57:28.279 9 INFO neutron.wsgi [None req-a01f100b-8f1d-46d5-bcb6-fd0820ac214a eeeabfc5fcd3467a87e071261a0a7279 122a8f49f8354136b41365f7833d7eb1 - - default default] 10.0.0.154 "GET /v2.0/extensions/binding-extended HTTP/1.1" status: 200 len: 406 time: 0.0062194
2026-06-13 23:57:28.293 9 INFO neutron.wsgi [None req-6d7f6e46-80e8-4b66-a974-8529348ca6e6 eeeabfc5fcd3467a87e071261a0a7279 122a8f49f8354136b41365f7833d7eb1 - - default default] 10.0.0.154 "GET /v2.0/extensions/port-security HTTP/1.1" status: 200 len: 354 time: 0.0090902
2026-06-13 23:57:28.305 10 INFO neutron.wsgi [None req-c6ede271-0d28-46e0-82ea-188553be8d40 eeeabfc5fcd3467a87e071261a0a7279 122a8f49f8354136b41365f7833d7eb1 - - default default] 10.0.0.154 "GET /v2.0/extensions/project-id HTTP/1.1" status: 200 len: 398 time: 0.0056913
2026-06-13 23:57:28.316 9 INFO neutron.wsgi [None req-93ff6a6b-db16-40af-8f8c-3d9fe4aa5284 eeeabfc5fcd3467a87e071261a0a7279 122a8f49f8354136b41365f7833d7eb1 - - default default] 10.0.0.154 "GET /v2.0/extensions/provider HTTP/1.1" status: 200 len: 385 time: 0.0058322
2026-06-13 23:57:28.325 9 INFO neutron.wsgi [None req-57d8583d-ad8d-4112-84e2-12e5774f3037 eeeabfc5fcd3467a87e071261a0a7279 122a8f49f8354136b41365f7833d7eb1 - - default default] 10.0.0.154 "GET /v2.0/extensions/qos HTTP/1.1" status: 200 len: 360 time: 0.0049062
2026-06-13 23:57:28.336 10 INFO neutron.wsgi [None req-036c23ab-ec97-44fa-8e31-c2bbf2831011 eeeabfc5fcd3467a87e071261a0a7279 122a8f49f8354136b41365f7833d7eb1 - - default default] 10.0.0.154 "GET /v2.0/extensions/qos-bw-limit-direction HTTP/1.1" status: 200 len: 452 time: 0.0053916
2026-06-13 23:57:28.346 10 INFO neutron.wsgi [None req-4a25d12b-8cd8-4997-8bd4-59d93f6db915 eeeabfc5fcd3467a87e071261a0a7279 122a8f49f8354136b41365f7833d7eb1 - - default default] 10.0.0.154 "GET /v2.0/extensions/qos-bw-minimum-ingress HTTP/1.1" status: 200 len: 445 time: 0.0061193
2026-06-13 23:57:28.364 9 INFO neutron.wsgi [None req-e2bf9f23-8a4b-4301-95a9-25cc492dc692 eeeabfc5fcd3467a87e071261a0a7279 122a8f49f8354136b41365f7833d7eb1 - - default default] 10.0.0.154 "GET /v2.0/extensions/qos-default HTTP/1.1" status: 200 len: 377 time: 0.0072050
2026-06-13 23:57:28.376 10 INFO neutron.wsgi [None req-034329b5-4567-4f63-ba72-2b868ca2c9eb eeeabfc5fcd3467a87e071261a0a7279 122a8f49f8354136b41365f7833d7eb1 - - default default] 10.0.0.154 "GET /v2.0/extensions/qos-fip HTTP/1.1" status: 200 len: 372 time: 0.0066993
2026-06-13 23:57:28.388 10 INFO neutron.wsgi [None req-843dbace-5ab7-46b9-9d62-4572c01a6ebd eeeabfc5fcd3467a87e071261a0a7279 122a8f49f8354136b41365f7833d7eb1 - - default default] 10.0.0.154 "GET /v2.0/extensions/qos-gateway-ip HTTP/1.1" status: 200 len: 391 time: 0.0068161
2026-06-13 23:57:28.401 10 INFO neutron.wsgi [None req-e7e1d26d-cc6c-44e1-8e82-d7e2fc92e595 eeeabfc5fcd3467a87e071261a0a7279 122a8f49f8354136b41365f7833d7eb1 - - default default] 10.0.0.154 "GET /v2.0/extensions/qos-port-network-policy HTTP/1.1" status: 200 len: 403 time: 0.0064609
2026-06-13 23:57:28.406 10 INFO neutron.wsgi [None req-f043cfc7-e3f4-4b79-aaba-5fd7342bb02e ffe9042a33aa4d02b4b0570c5608a184 dadf9082a04b4d8f99ec28f752e4f7d0 - - default default] 10.0.0.154 "DELETE /v2.0/security-groups/18e4d9a9-5e74-46f3-abf0-3bb6d86812a0 HTTP/1.1" status: 204 len: 168 time: 0.3442900
2026-06-13 23:57:28.413 10 INFO neutron.wsgi [None req-f37312cc-1594-45c4-b490-1f94bcfaa2e6 eeeabfc5fcd3467a87e071261a0a7279 122a8f49f8354136b41365f7833d7eb1 - - default default] 10.0.0.154 "GET /v2.0/extensions/qos-pps-minimum HTTP/1.1" status: 200 len: 397 time: 0.0049622
2026-06-13 23:57:28.419 10 INFO neutron.wsgi [None req-7312620c-c587-496a-b1e8-afa78ab142d3 eeeabfc5fcd3467a87e071261a0a7279 122a8f49f8354136b41365f7833d7eb1 - - default default] 10.0.0.154 "GET /v2.0/extensions/qos-pps-minimum-rule-alias HTTP/1.1" status: 200 len: 471 time: 0.0035920
2026-06-13 23:57:28.426 10 INFO neutron.wsgi [None req-5587b3af-bacd-4f89-9ee4-28b079892b42 eeeabfc5fcd3467a87e071261a0a7279 122a8f49f8354136b41365f7833d7eb1 - - default default] 10.0.0.154 "GET /v2.0/extensions/qos-pps HTTP/1.1" status: 200 len: 389 time: 0.0042009
2026-06-13 23:57:28.438 9 INFO neutron.wsgi [None req-706530dd-a4d4-42e2-8e60-399949cee66c eeeabfc5fcd3467a87e071261a0a7279 122a8f49f8354136b41365f7833d7eb1 - - default default] 10.0.0.154 "GET /v2.0/extensions/qos-rule-type-details HTTP/1.1" status: 200 len: 423 time: 0.0080259
2026-06-13 23:57:28.448 10 INFO neutron.wsgi [None req-6aec4c9c-564e-46af-8665-c935fbefbaf5 eeeabfc5fcd3467a87e071261a0a7279 122a8f49f8354136b41365f7833d7eb1 - - default default] 10.0.0.154 "GET /v2.0/extensions/qos-rule-type-filter HTTP/1.1" status: 200 len: 567 time: 0.0053849
2026-06-13 23:57:28.459 10 INFO neutron.wsgi [None req-4f453913-e382-4ee4-9ba7-b471d0048ee7 eeeabfc5fcd3467a87e071261a0a7279 122a8f49f8354136b41365f7833d7eb1 - - default default] 10.0.0.154 "GET /v2.0/extensions/qos-rules-alias HTTP/1.1" status: 200 len: 448 time: 0.0065985
2026-06-13 23:57:28.464 10 INFO neutron.wsgi [None req-153af433-a1da-4698-9b1a-8e5e67b19100 ffe9042a33aa4d02b4b0570c5608a184 dadf9082a04b4d8f99ec28f752e4f7d0 - - default default] 10.0.0.154 "DELETE /v2.0/security-groups/735f4211-2080-49f7-90ff-dda6eb69ba15 HTTP/1.1" status: 204 len: 168 time: 0.3282545
2026-06-13 23:57:28.468 10 INFO neutron.wsgi [None req-4ce882f2-bce5-40a1-bd5c-895dea628e67 eeeabfc5fcd3467a87e071261a0a7279 122a8f49f8354136b41365f7833d7eb1 - - default default] 10.0.0.154 "GET /v2.0/extensions/quota-check-limit HTTP/1.1" status: 200 len: 420 time: 0.0035357
2026-06-13 23:57:28.477 10 INFO neutron.wsgi [None req-762041ac-06a0-45fb-9571-4547a2ba246e eeeabfc5fcd3467a87e071261a0a7279 122a8f49f8354136b41365f7833d7eb1 - - default default] 10.0.0.154 "GET /v2.0/extensions/quotas HTTP/1.1" status: 200 len: 386 time: 0.0057447
2026-06-13 23:57:28.484 10 INFO neutron.wsgi [None req-522c9825-39c9-43eb-a8e5-157e3f809a4d eeeabfc5fcd3467a87e071261a0a7279 122a8f49f8354136b41365f7833d7eb1 - - default default] 10.0.0.154 "GET /v2.0/extensions/quota_details HTTP/1.1" status: 200 len: 407 time: 0.0045583
2026-06-13 23:57:28.496 10 INFO neutron.wsgi [None req-076d2aee-91fc-47a1-923a-f58fe49755d2 eeeabfc5fcd3467a87e071261a0a7279 122a8f49f8354136b41365f7833d7eb1 - - default default] 10.0.0.154 "GET /v2.0/extensions/rbac-policies HTTP/1.1" status: 200 len: 417 time: 0.0099695
2026-06-13 23:57:28.508 10 INFO neutron.wsgi [None req-8e527ea3-f233-461b-b160-6dd7ee166482 eeeabfc5fcd3467a87e071261a0a7279 122a8f49f8354136b41365f7833d7eb1 - - default default] 10.0.0.154 "GET /v2.0/extensions/rbac-address-scope HTTP/1.1" status: 200 len: 384 time: 0.0066433
2026-06-13 23:57:28.516 10 INFO neutron.wsgi [None req-38eede79-3a2b-4dcf-9fdc-fbadc9d02acb eeeabfc5fcd3467a87e071261a0a7279 122a8f49f8354136b41365f7833d7eb1 - - default default] 10.0.0.154 "GET /v2.0/extensions/rbac-security-groups HTTP/1.1" status: 200 len: 404 time: 0.0055168
2026-06-13 23:57:28.524 10 INFO neutron.wsgi [None req-7b5d095a-c1a1-4d90-a519-239206f50837 eeeabfc5fcd3467a87e071261a0a7279 122a8f49f8354136b41365f7833d7eb1 - - default default] 10.0.0.154 "GET /v2.0/extensions/revision-if-match HTTP/1.1" status: 200 len: 441 time: 0.0036428
2026-06-13 23:57:28.537 10 INFO neutron.wsgi [None req-9dcb34c7-79e4-41f8-b635-28c7d807123e eeeabfc5fcd3467a87e071261a0a7279 122a8f49f8354136b41365f7833d7eb1 - - default default] 10.0.0.154 "GET /v2.0/extensions/standard-attr-revisions HTTP/1.1" status: 200 len: 423 time: 0.0077634
2026-06-13 23:57:28.546 10 INFO neutron.wsgi [None req-c7e6c50b-18fd-4d9e-85ce-361c09f90745 eeeabfc5fcd3467a87e071261a0a7279 122a8f49f8354136b41365f7833d7eb1 - - default default] 10.0.0.154 "GET /v2.0/extensions/router_availability_zone HTTP/1.1" status: 200 len: 391 time: 0.0040846
2026-06-13 23:57:28.555 10 INFO neutron.wsgi [None req-f810106c-cf19-4181-86eb-f1ca07b0df8d eeeabfc5fcd3467a87e071261a0a7279 122a8f49f8354136b41365f7833d7eb1 - - default default] 10.0.0.154 "GET /v2.0/extensions/security-groups-default-rules HTTP/1.1" status: 200 len: 456 time: 0.0044122
2026-06-13 23:57:28.563 10 INFO neutron.wsgi [None req-d210c249-fe8a-4b48-a6fd-8454c76367c1 eeeabfc5fcd3467a87e071261a0a7279 122a8f49f8354136b41365f7833d7eb1 - - default default] 10.0.0.154 "GET /v2.0/extensions/security-groups-normalized-cidr HTTP/1.1" status: 200 len: 445 time: 0.0055580
2026-06-13 23:57:28.574 10 INFO neutron.wsgi [None req-539740cb-60af-4208-82e1-e44e0c542fd7 eeeabfc5fcd3467a87e071261a0a7279 122a8f49f8354136b41365f7833d7eb1 - - default default] 10.0.0.154 "GET /v2.0/extensions/security-groups-remote-address-group HTTP/1.1" status: 200 len: 448 time: 0.0050797
2026-06-13 23:57:28.580 10 INFO neutron.wsgi [None req-47eb782a-a8b1-41ed-b960-1c35d9feeed5 eeeabfc5fcd3467a87e071261a0a7279 122a8f49f8354136b41365f7833d7eb1 - - default default] 10.0.0.154 "GET /v2.0/extensions/security-groups-rules-belongs-to-default-sg HTTP/1.1" status: 200 len: 508 time: 0.0029092
2026-06-13 23:57:28.586 10 INFO neutron.wsgi [None req-80f32231-233d-4a44-aee3-588b19e90820 eeeabfc5fcd3467a87e071261a0a7279 122a8f49f8354136b41365f7833d7eb1 - - default default] 10.0.0.154 "GET /v2.0/extensions/security-groups-shared-filtering HTTP/1.1" status: 200 len: 435 time: 0.0030065
2026-06-13 23:57:28.592 10 INFO neutron.wsgi [None req-8548ad80-60e3-4c7c-a939-dd9c3f40fbaa eeeabfc5fcd3467a87e071261a0a7279 122a8f49f8354136b41365f7833d7eb1 - - default default] 10.0.0.154 "GET /v2.0/extensions/security-group HTTP/1.1" status: 200 len: 364 time: 0.0030580
2026-06-13 23:57:28.616 9 INFO neutron.wsgi [None req-3690c6f1-65e2-4d50-bb1a-f40f658aed88 eeeabfc5fcd3467a87e071261a0a7279 122a8f49f8354136b41365f7833d7eb1 - - default default] 10.0.0.154 "GET /v2.0/extensions/segment HTTP/1.1" status: 200 len: 339 time: 0.0208709
2026-06-13 23:57:28.624 10 INFO neutron.wsgi [None req-b9fc5ba1-a0c9-478c-8dd6-6594c9fc9dfd eeeabfc5fcd3467a87e071261a0a7279 122a8f49f8354136b41365f7833d7eb1 - - default default] 10.0.0.154 "GET /v2.0/extensions/segments-peer-subnet-host-routes HTTP/1.1" status: 200 len: 427 time: 0.0044720
2026-06-13 23:57:28.630 10 INFO neutron.wsgi [None req-3b939ead-0cc2-43f8-8c97-25e95516f716 eeeabfc5fcd3467a87e071261a0a7279 122a8f49f8354136b41365f7833d7eb1 - - default default] 10.0.0.154 "GET /v2.0/extensions/service-type HTTP/1.1" status: 200 len: 415 time: 0.0029016
2026-06-13 23:57:28.635 10 INFO neutron.wsgi [None req-ca4ae805-4446-4da9-8379-8468ff3c11d0 eeeabfc5fcd3467a87e071261a0a7279 122a8f49f8354136b41365f7833d7eb1 - - default default] 10.0.0.154 "GET /v2.0/extensions/sorting HTTP/1.1" status: 200 len: 377 time: 0.0028887
2026-06-13 23:57:28.641 10 INFO neutron.wsgi [None req-6d8105e0-6e3f-4519-8df8-c2df54b6436d eeeabfc5fcd3467a87e071261a0a7279 122a8f49f8354136b41365f7833d7eb1 - - default default] 10.0.0.154 "GET /v2.0/extensions/standard-attr-segment HTTP/1.1" status: 200 len: 406 time: 0.0028365
2026-06-13 23:57:28.648 10 INFO neutron.wsgi [None req-773ac452-4dc0-40ba-8e15-662737d0e010 eeeabfc5fcd3467a87e071261a0a7279 122a8f49f8354136b41365f7833d7eb1 - - default default] 10.0.0.154 "GET /v2.0/extensions/standard-attr-description HTTP/1.1" status: 200 len: 408 time: 0.0033484
2026-06-13 23:57:28.654 10 INFO neutron.wsgi [None req-b15f0c70-a050-4332-aada-9b687ce077f9 eeeabfc5fcd3467a87e071261a0a7279 122a8f49f8354136b41365f7833d7eb1 - - default default] 10.0.0.154 "GET /v2.0/extensions/stateful-security-group HTTP/1.1" status: 200 len: 402 time: 0.0028241
2026-06-13 23:57:28.659 10 INFO neutron.wsgi [None req-f23cad2b-188f-4269-b196-6859afd00b56 eeeabfc5fcd3467a87e071261a0a7279 122a8f49f8354136b41365f7833d7eb1 - - default default] 10.0.0.154 "GET /v2.0/extensions/subnet-dns-publish-fixed-ip HTTP/1.1" status: 200 len: 421 time: 0.0027862
2026-06-13 23:57:28.665 10 INFO neutron.wsgi [None req-cee1967f-f53c-49d1-9c99-e9594e327fcb eeeabfc5fcd3467a87e071261a0a7279 122a8f49f8354136b41365f7833d7eb1 - - default default] 10.0.0.154 "GET /v2.0/extensions/subnet-segmentid-writable HTTP/1.1" status: 200 len: 421 time: 0.0028498
2026-06-13 23:57:28.672 10 INFO neutron.wsgi [None req-323991c9-1f83-40c1-90bf-6b39579d1c00 eeeabfc5fcd3467a87e071261a0a7279 122a8f49f8354136b41365f7833d7eb1 - - default default] 10.0.0.154 "GET /v2.0/extensions/subnet-service-types HTTP/1.1" status: 200 len: 400 time: 0.0044365
2026-06-13 23:57:28.680 10 INFO neutron.wsgi [None req-a3f4502e-ef1e-4d01-aa0e-6f023e262df4 eeeabfc5fcd3467a87e071261a0a7279 122a8f49f8354136b41365f7833d7eb1 - - default default] 10.0.0.154 "GET /v2.0/extensions/subnet_allocation HTTP/1.1" status: 200 len: 388 time: 0.0040271
2026-06-13 23:57:28.689 10 INFO neutron.wsgi [None req-39bcd5a9-c075-4921-bf0c-7bb6c8971cd2 eeeabfc5fcd3467a87e071261a0a7279 122a8f49f8354136b41365f7833d7eb1 - - default default] 10.0.0.154 "GET /v2.0/extensions/subnetpool-prefix-ops HTTP/1.1" status: 200 len: 418 time: 0.0040956
2026-06-13 23:57:28.698 10 INFO neutron.wsgi [None req-ae70fb2e-1e7f-4f79-95e8-87721fc4e6ce eeeabfc5fcd3467a87e071261a0a7279 122a8f49f8354136b41365f7833d7eb1 - - default default] 10.0.0.154 "GET /v2.0/extensions/standard-attr-tag HTTP/1.1" status: 200 len: 537 time: 0.0042925
2026-06-13 23:57:28.705 10 INFO neutron.wsgi [None req-336597be-607c-4dcb-9fa1-cc3071fac3b7 eeeabfc5fcd3467a87e071261a0a7279 122a8f49f8354136b41365f7833d7eb1 - - default default] 10.0.0.154 "GET /v2.0/extensions/standard-attr-timestamp HTTP/1.1" status: 200 len: 449 time: 0.0043747
2026-06-13 23:57:28.712 10 INFO neutron.wsgi [None req-5a5a4f3c-978d-4b43-a248-31f41cff9625 eeeabfc5fcd3467a87e071261a0a7279 122a8f49f8354136b41365f7833d7eb1 - - default default] 10.0.0.154 "GET /v2.0/extensions/trunk HTTP/1.1" status: 200 len: 358 time: 0.0040343
2026-06-13 23:57:28.719 10 INFO neutron.wsgi [None req-eb28c956-f5f6-49f8-9264-12c3008e7bc3 eeeabfc5fcd3467a87e071261a0a7279 122a8f49f8354136b41365f7833d7eb1 - - default default] 10.0.0.154 "GET /v2.0/extensions/trunk-details HTTP/1.1" status: 200 len: 362 time: 0.0040760
2026-06-13 23:57:28.725 10 INFO neutron.wsgi [None req-35418b61-8d19-46e3-b98a-b341bdd806bd eeeabfc5fcd3467a87e071261a0a7279 122a8f49f8354136b41365f7833d7eb1 - - default default] 10.0.0.154 "GET /v2.0/extensions/vpn-agent-scheduler HTTP/1.1" status: 200 len: 393 time: 0.0041866
2026-06-13 23:57:28.733 10 INFO neutron.wsgi [None req-81947bbe-8651-408e-a631-e874cd5bddc5 eeeabfc5fcd3467a87e071261a0a7279 122a8f49f8354136b41365f7833d7eb1 - - default default] 10.0.0.154 "GET /v2.0/extensions/vpn-endpoint-groups HTTP/1.1" status: 200 len: 371 time: 0.0046353
2026-06-13 23:57:28.740 10 INFO neutron.wsgi [None req-00b72324-3905-491e-80c9-f88a7e67422f eeeabfc5fcd3467a87e071261a0a7279 122a8f49f8354136b41365f7833d7eb1 - - default default] 10.0.0.154 "GET /v2.0/extensions/vpn-flavors HTTP/1.1" status: 200 len: 376 time: 0.0043426
2026-06-13 23:57:28.749 10 INFO neutron.wsgi [None req-8d252df4-984f-41fc-97cb-c6a3fa84e6ad eeeabfc5fcd3467a87e071261a0a7279 122a8f49f8354136b41365f7833d7eb1 - - default default] 10.0.0.154 "GET /v2.0/extensions/vpnaas HTTP/1.1" status: 200 len: 348 time: 0.0043695
2026-06-13 23:57:28.939 9 WARNING neutron.scheduler.dhcp_agent_scheduler [None req-e7e29c23-2dbc-46c1-b71f-91b3b75595f4 ffe9042a33aa4d02b4b0570c5608a184 dadf9082a04b4d8f99ec28f752e4f7d0 - - default default] No more DHCP agents
2026-06-13 23:57:28.944 9 WARNING neutron.api.rpc.agentnotifiers.dhcp_rpc_agent_api [None req-e7e29c23-2dbc-46c1-b71f-91b3b75595f4 ffe9042a33aa4d02b4b0570c5608a184 dadf9082a04b4d8f99ec28f752e4f7d0 - - default default] Unable to schedule network 5459e536-7333-4bf4-bfe6-7d454e54251a: no agents available; will retry on subsequent port and subnet creation events.
2026-06-13 23:57:29.036 9 INFO neutron.db.ovn_revision_numbers_db [None req-ab46c11e-e476-4e28-b476-30ebb8a685c9 - - - - - -] Successfully bumped revision number for resource d42f6dff-b8c4-4373-8ed4-e3fdf6194292 (type: ports) to 1
2026-06-13 23:57:29.130 9 INFO neutron.db.ovn_revision_numbers_db [None req-e7e29c23-2dbc-46c1-b71f-91b3b75595f4 ffe9042a33aa4d02b4b0570c5608a184 dadf9082a04b4d8f99ec28f752e4f7d0 - - default default] Successfully bumped revision number for resource 3f58a41f-805f-4e61-8da9-e98b5cccc9b4 (type: ports) to 1
2026-06-13 23:57:29.527 10 INFO neutron.db.ovn_revision_numbers_db [None req-82d8a301-9d22-4075-9253-e64819450e7b ffe9042a33aa4d02b4b0570c5608a184 dadf9082a04b4d8f99ec28f752e4f7d0 - - default default] Successfully bumped revision number for resource 693e6009-6cc5-4bc8-a2e2-348a3c2a878e (type: security_groups) to 1
2026-06-13 23:57:29.540 10 INFO neutron.db.ovn_revision_numbers_db [None req-82d8a301-9d22-4075-9253-e64819450e7b ffe9042a33aa4d02b4b0570c5608a184 dadf9082a04b4d8f99ec28f752e4f7d0 - - default default] Successfully bumped revision number for resource 650b51bd-d3e5-4dee-b6e9-0fa311b85d68 (type: security_group_rules) to 0
2026-06-13 23:57:29.555 10 INFO neutron.db.ovn_revision_numbers_db [None req-82d8a301-9d22-4075-9253-e64819450e7b ffe9042a33aa4d02b4b0570c5608a184 dadf9082a04b4d8f99ec28f752e4f7d0 - - default default] Successfully bumped revision number for resource b1121c05-0208-436c-ae88-7705c302bb25 (type: security_group_rules) to 0
2026-06-13 23:57:29.575 10 INFO neutron.db.ovn_revision_numbers_db [None req-82d8a301-9d22-4075-9253-e64819450e7b ffe9042a33aa4d02b4b0570c5608a184 dadf9082a04b4d8f99ec28f752e4f7d0 - - default default] Successfully bumped revision number for resource c5e52cfd-1856-4cf4-8cd1-3b069b92a73b (type: security_group_rules) to 0
2026-06-13 23:57:29.587 10 INFO neutron.db.ovn_revision_numbers_db [None req-82d8a301-9d22-4075-9253-e64819450e7b ffe9042a33aa4d02b4b0570c5608a184 dadf9082a04b4d8f99ec28f752e4f7d0 - - default default] Successfully bumped revision number for resource f92c6833-a5c0-4dbd-b52a-06f34024bcb3 (type: security_group_rules) to 0
2026-06-13 23:57:29.614 10 INFO neutron.wsgi [None req-82d8a301-9d22-4075-9253-e64819450e7b ffe9042a33aa4d02b4b0570c5608a184 dadf9082a04b4d8f99ec28f752e4f7d0 - - default default] 10.0.0.154 "GET /v2.0/security-groups?tenant_id=122a8f49f8354136b41365f7833d7eb1&name=default HTTP/1.1" status: 200 len: 3120 time: 0.3735316
2026-06-13 23:57:29.834 10 INFO neutron.wsgi [None req-d5959bc9-be5d-4d8e-89a5-e5b2c5bace7c ffe9042a33aa4d02b4b0570c5608a184 dadf9082a04b4d8f99ec28f752e4f7d0 - - default default] 10.0.0.154 "DELETE /v2.0/security-groups/693e6009-6cc5-4bc8-a2e2-348a3c2a878e HTTP/1.1" status: 204 len: 168 time: 0.2114925
2026-06-13 23:57:29.849 9 INFO neutron.db.ovn_revision_numbers_db [None req-ab46c11e-e476-4e28-b476-30ebb8a685c9 - - - - - -] Successfully bumped revision number for resource d42f6dff-b8c4-4373-8ed4-e3fdf6194292 (type: router_ports) to 3
2026-06-13 23:57:30.143 9 INFO neutron.db.ovn_revision_numbers_db [None req-ab46c11e-e476-4e28-b476-30ebb8a685c9 - - - - - -] Successfully bumped revision number for resource d42f6dff-b8c4-4373-8ed4-e3fdf6194292 (type: ports) to 2
2026-06-13 23:57:30.157 9 ERROR ovsdbapp.backend.ovs_idl.command [None req-e7e29c23-2dbc-46c1-b71f-91b3b75595f4 ffe9042a33aa4d02b4b0570c5608a184 dadf9082a04b4d8f99ec28f752e4f7d0 - - default default] Error executing command (DbGetCommand): ovsdbapp.backend.ovs_idl.idlutils.RowNotFound: Cannot find Logical_Router_Port with name=lrp-3f58a41f-805f-4e61-8da9-e98b5cccc9b4
2026-06-13 23:57:30.157 9 ERROR ovsdbapp.backend.ovs_idl.command
Traceback (most recent call last):
2026-06-13 23:57:30.157 9 ERROR ovsdbapp.backend.ovs_idl.command
File "/var/lib/openstack/lib/python3.10/site-packages/ovsdbapp/backend/ovs_idl/command.py", line 47, in execute
2026-06-13 23:57:30.157 9 ERROR ovsdbapp.backend.ovs_idl.command self.run_idl(None)
2026-06-13 23:57:30.157 9 ERROR ovsdbapp.backend.ovs_idl.command
File "/var/lib/openstack/lib/python3.10/site-packages/ovsdbapp/backend/ovs_idl/command.py", line 235, in run_idl
2026-06-13 23:57:30.157 9 ERROR ovsdbapp.backend.ovs_idl.command record = self.api.lookup(self.table, self.record)
2026-06-13 23:57:30.157 9 ERROR ovsdbapp.backend.ovs_idl.command
File "/var/lib/openstack/lib/python3.10/site-packages/ovsdbapp/backend/ovs_idl/__init__.py", line 184, in lookup
2026-06-13 23:57:30.157 9 ERROR ovsdbapp.backend.ovs_idl.command return self._lookup(table, record)
2026-06-13 23:57:30.157 9 ERROR ovsdbapp.backend.ovs_idl.command
File "/var/lib/openstack/lib/python3.10/site-packages/ovsdbapp/backend/ovs_idl/__init__.py", line 235, in _lookup
2026-06-13 23:57:30.157 9 ERROR ovsdbapp.backend.ovs_idl.command row = idlutils.row_by_value(self, rl.table, rl.column, record)
2026-06-13 23:57:30.157 9 ERROR ovsdbapp.backend.ovs_idl.command
File "/var/lib/openstack/lib/python3.10/site-packages/ovsdbapp/backend/ovs_idl/idlutils.py", line 114, in row_by_value
2026-06-13 23:57:30.157 9 ERROR ovsdbapp.backend.ovs_idl.command raise RowNotFound(table=table, col=column, match=match)
2026-06-13 23:57:30.157 9 ERROR ovsdbapp.backend.ovs_idl.command ovsdbapp.backend.ovs_idl.idlutils.RowNotFound: Cannot find Logical_Router_Port with name=lrp-3f58a41f-805f-4e61-8da9-e98b5cccc9b4
2026-06-13 23:57:30.157 9 ERROR ovsdbapp.backend.ovs_idl.command 
2026-06-13 23:57:30.158 9 ERROR neutron_lib.callbacks.manager [None req-e7e29c23-2dbc-46c1-b71f-91b3b75595f4 ffe9042a33aa4d02b4b0570c5608a184 dadf9082a04b4d8f99ec28f752e4f7d0 - - default default] Error during notification for neutron.services.ovn_l3.plugin.OVNL3RouterPlugin._port_update-8748536747741 port, after_update: ovsdbapp.backend.ovs_idl.idlutils.RowNotFound: Cannot find Logical_Router_Port with name=lrp-3f58a41f-805f-4e61-8da9-e98b5cccc9b4
2026-06-13 23:57:30.158 9 ERROR neutron_lib.callbacks.manager
Traceback (most recent call last):
2026-06-13 23:57:30.158 9 ERROR neutron_lib.callbacks.manager
File "/var/lib/openstack/lib/python3.10/site-packages/neutron_lib/callbacks/manager.py", line 189, in _notify_loop
2026-06-13 23:57:30.158 9 ERROR neutron_lib.callbacks.manager callback.method(resource, event, trigger, payload=payload)
2026-06-13 23:57:30.158 9 ERROR neutron_lib.callbacks.manager
File "/var/lib/openstack/lib/python3.10/site-packages/neutron/services/ovn_l3/plugin.py", line 391, in _port_update
2026-06-13 23:57:30.158 9 ERROR neutron_lib.callbacks.manager l3plugin._ovn_client.update_router_port(context,
2026-06-13 23:57:30.158 9 ERROR neutron_lib.callbacks.manager
File "/var/lib/openstack/lib/python3.10/site-packages/neutron/plugins/ml2/drivers/ovn/mech_driver/ovsdb/ovn_client.py", line 1878, in update_router_port
2026-06-13 23:57:30.158 9 ERROR neutron_lib.callbacks.manager self._update_lrouter_port(context, port, if_exists=if_exists,
2026-06-13 23:57:30.158 9 ERROR neutron_lib.callbacks.manager
File "/var/lib/openstack/lib/python3.10/site-packages/neutron/plugins/ml2/drivers/ovn/mech_driver/ovsdb/ovn_client.py", line 1855, in _update_lrouter_port
2026-06-13 23:57:30.158 9 ERROR neutron_lib.callbacks.manager external_ids = self._nb_idl.db_get(
2026-06-13 23:57:30.158 9 ERROR neutron_lib.callbacks.manager
File "/var/lib/openstack/lib/python3.10/site-packages/ovsdbapp/backend/ovs_idl/command.py", line 47, in execute
2026-06-13 23:57:30.158 9 ERROR neutron_lib.callbacks.manager self.run_idl(None)
2026-06-13 23:57:30.158 9 ERROR neutron_lib.callbacks.manager
File "/var/lib/openstack/lib/python3.10/site-packages/ovsdbapp/backend/ovs_idl/command.py", line 235, in run_idl
2026-06-13 23:57:30.158 9 ERROR neutron_lib.callbacks.manager record = self.api.lookup(self.table, self.record)
2026-06-13 23:57:30.158 9 ERROR neutron_lib.callbacks.manager
File "/var/lib/openstack/lib/python3.10/site-packages/ovsdbapp/backend/ovs_idl/__init__.py", line 184, in lookup
2026-06-13 23:57:30.158 9 ERROR neutron_lib.callbacks.manager return self._lookup(table, record)
2026-06-13 23:57:30.158 9 ERROR neutron_lib.callbacks.manager
File "/var/lib/openstack/lib/python3.10/site-packages/ovsdbapp/backend/ovs_idl/__init__.py", line 235, in _lookup
2026-06-13 23:57:30.158 9 ERROR neutron_lib.callbacks.manager row = idlutils.row_by_value(self, rl.table, rl.column, record)
2026-06-13 23:57:30.158 9 ERROR neutron_lib.callbacks.manager
File "/var/lib/openstack/lib/python3.10/site-packages/ovsdbapp/backend/ovs_idl/idlutils.py", line 114, in row_by_value
2026-06-13 23:57:30.158 9 ERROR neutron_lib.callbacks.manager raise RowNotFound(table=table, col=column, match=match)
2026-06-13 23:57:30.158 9 ERROR neutron_lib.callbacks.manager ovsdbapp.backend.ovs_idl.idlutils.RowNotFound: Cannot find Logical_Router_Port with name=lrp-3f58a41f-805f-4e61-8da9-e98b5cccc9b4
2026-06-13 23:57:30.158 9 ERROR neutron_lib.callbacks.manager 
2026-06-13 23:57:30.425 9 INFO neutron.db.ovn_revision_numbers_db [None req-e7e29c23-2dbc-46c1-b71f-91b3b75595f4 ffe9042a33aa4d02b4b0570c5608a184 dadf9082a04b4d8f99ec28f752e4f7d0 - - default default] Successfully bumped revision number for resource 3f58a41f-805f-4e61-8da9-e98b5cccc9b4 (type: ports) to 1
2026-06-13 23:57:30.511 9 INFO neutron.plugins.ml2.drivers.ovn.mech_driver.mech_driver [None req-994a81b5-3fe4-49cd-b805-57da2d353614 - - - - - -] OVN reports status up for port: 3f58a41f-805f-4e61-8da9-e98b5cccc9b4
2026-06-13 23:57:30.523 9 INFO neutron.plugins.ml2.plugin [None req-994a81b5-3fe4-49cd-b805-57da2d353614 - - - - - -] Attempt 1 to provision port 3f58a41f-805f-4e61-8da9-e98b5cccc9b4
2026-06-13 23:57:30.554 9 WARNING neutron.scheduler.dhcp_agent_scheduler [None req-e7e29c23-2dbc-46c1-b71f-91b3b75595f4 ffe9042a33aa4d02b4b0570c5608a184 dadf9082a04b4d8f99ec28f752e4f7d0 - - default default] No more DHCP agents
2026-06-13 23:57:30.557 9 WARNING neutron.api.rpc.agentnotifiers.dhcp_rpc_agent_api [None req-e7e29c23-2dbc-46c1-b71f-91b3b75595f4 ffe9042a33aa4d02b4b0570c5608a184 dadf9082a04b4d8f99ec28f752e4f7d0 - - default default] Unable to schedule network 5459e536-7333-4bf4-bfe6-7d454e54251a: no agents available; will retry on subsequent port and subnet creation events.
2026-06-13 23:57:30.715 9 INFO neutron.db.ovn_revision_numbers_db [None req-ab46c11e-e476-4e28-b476-30ebb8a685c9 - - - - - -] Successfully bumped revision number for resource d42f6dff-b8c4-4373-8ed4-e3fdf6194292 (type: ports) to 4
2026-06-13 23:57:31.471 9 INFO neutron.db.ovn_revision_numbers_db [None req-ab46c11e-e476-4e28-b476-30ebb8a685c9 - - - - - -] Successfully bumped revision number for resource d42f6dff-b8c4-4373-8ed4-e3fdf6194292 (type: router_ports) to 4
2026-06-13 23:57:31.606 9 INFO neutron.db.ovn_revision_numbers_db [None req-994a81b5-3fe4-49cd-b805-57da2d353614 - - - - - -] Successfully bumped revision number for resource 3f58a41f-805f-4e61-8da9-e98b5cccc9b4 (type: ports) to 2
2026-06-13 23:57:31.665 9 INFO neutron.db.ovn_revision_numbers_db [None req-e7e29c23-2dbc-46c1-b71f-91b3b75595f4 ffe9042a33aa4d02b4b0570c5608a184 dadf9082a04b4d8f99ec28f752e4f7d0 - - default default] Successfully bumped revision number for resource 3f58a41f-805f-4e61-8da9-e98b5cccc9b4 (type: router_ports) to 1
2026-06-13 23:57:31.672 9 INFO neutron.wsgi [None req-e7e29c23-2dbc-46c1-b71f-91b3b75595f4 ffe9042a33aa4d02b4b0570c5608a184 dadf9082a04b4d8f99ec28f752e4f7d0 - - default default] 10.0.0.154 "PUT /v2.0/routers/8735db3f-653b-4b8f-aa12-6ab13d457290/add_router_interface HTTP/1.1" status: 200 len: 503 time: 3.4937844
2026-06-13 23:57:31.751 9 INFO neutron.db.ovn_revision_numbers_db [None req-994a81b5-3fe4-49cd-b805-57da2d353614 - - - - - -] Successfully bumped revision number for resource 3f58a41f-805f-4e61-8da9-e98b5cccc9b4 (type: router_ports) to 2
2026-06-13 23:57:31.824 10 WARNING neutron_lib.context [None req-a7143452-d2fc-4c52-a949-4a10c0bcbbc8 15e9c2ec71234067930b566bee811f04 b0287a5d012744d398e3f25dba833a1c - - default default] Method 'is_advsvc' is deprecated since 2023.2 release (neutron-lib 3.8.0) and will be removed once support for the old RBAC API policies will be removed from Neutron. Please use method 'is_service_role' instead.
2026-06-13 23:57:31.974 10 INFO neutron.db.ovn_revision_numbers_db [None req-a7143452-d2fc-4c52-a949-4a10c0bcbbc8 15e9c2ec71234067930b566bee811f04 b0287a5d012744d398e3f25dba833a1c - - default default] Successfully bumped revision number for resource bfaa8888-d835-4d29-ba66-b7ef09de7c6c (type: security_groups) to 1
2026-06-13 23:57:31.988 10 INFO neutron.db.ovn_revision_numbers_db [None req-a7143452-d2fc-4c52-a949-4a10c0bcbbc8 15e9c2ec71234067930b566bee811f04 b0287a5d012744d398e3f25dba833a1c - - default default] Successfully bumped revision number for resource 0c1af2c6-7d43-42c1-9941-e11a5e3e8d8c (type: security_group_rules) to 0
2026-06-13 23:57:32.002 10 INFO neutron.db.ovn_revision_numbers_db [None req-a7143452-d2fc-4c52-a949-4a10c0bcbbc8 15e9c2ec71234067930b566bee811f04 b0287a5d012744d398e3f25dba833a1c - - default default] Successfully bumped revision number for resource 3684c743-2b89-4b75-925b-502d84156719 (type: security_group_rules) to 0
2026-06-13 23:57:32.016 10 INFO neutron.db.ovn_revision_numbers_db [None req-a7143452-d2fc-4c52-a949-4a10c0bcbbc8 15e9c2ec71234067930b566bee811f04 b0287a5d012744d398e3f25dba833a1c - - default default] Successfully bumped revision number for resource 60350297-ae28-4e62-bd89-480873a694c6 (type: security_group_rules) to 0
2026-06-13 23:57:32.029 10 INFO neutron.db.ovn_revision_numbers_db [None req-a7143452-d2fc-4c52-a949-4a10c0bcbbc8 15e9c2ec71234067930b566bee811f04 b0287a5d012744d398e3f25dba833a1c - - default default] Successfully bumped revision number for resource 6d2849de-0818-4808-8509-5517490f648c (type: security_group_rules) to 0
2026-06-13 23:57:32.095 10 INFO neutron.db.segments_db [None req-a7143452-d2fc-4c52-a949-4a10c0bcbbc8 15e9c2ec71234067930b566bee811f04 b0287a5d012744d398e3f25dba833a1c - - default default] Added segment e112ff37-15b4-46eb-bf0a-11959c254dde of type geneve for network 838d51e2-b647-4193-9e3f-4b2ba6c5d5b1
2026-06-13 23:57:32.252 10 INFO neutron.db.ovn_revision_numbers_db [None req-a7143452-d2fc-4c52-a949-4a10c0bcbbc8 15e9c2ec71234067930b566bee811f04 b0287a5d012744d398e3f25dba833a1c - - default default] Successfully bumped revision number for resource 838d51e2-b647-4193-9e3f-4b2ba6c5d5b1 (type: networks) to 1
2026-06-13 23:57:32.316 9 WARNING neutron_lib.context [None req-abdd8380-717a-4421-b8ac-8e492d9e71a3 55991c42c7db46ce8da05bd69699c0b4 3c7ec1876dd44fd2aa79e41ca5083185 - - default default] Method 'is_advsvc' is deprecated since 2023.2 release (neutron-lib 3.8.0) and will be removed once support for the old RBAC API policies will be removed from Neutron. Please use method 'is_service_role' instead.
2026-06-13 23:57:32.453 9 INFO neutron.db.ovn_revision_numbers_db [None req-abdd8380-717a-4421-b8ac-8e492d9e71a3 55991c42c7db46ce8da05bd69699c0b4 3c7ec1876dd44fd2aa79e41ca5083185 - - default default] Successfully bumped revision number for resource 6b64a8ca-6ce7-4933-ab1f-c1449578781c (type: security_groups) to 1
2026-06-13 23:57:32.467 9 INFO neutron.db.ovn_revision_numbers_db [None req-abdd8380-717a-4421-b8ac-8e492d9e71a3 55991c42c7db46ce8da05bd69699c0b4 3c7ec1876dd44fd2aa79e41ca5083185 - - default default] Successfully bumped revision number for resource 9d3a4a53-f646-4fe7-a3a6-449714893af8 (type: security_group_rules) to 0
2026-06-13 23:57:32.487 9 INFO neutron.db.ovn_revision_numbers_db [None req-abdd8380-717a-4421-b8ac-8e492d9e71a3 55991c42c7db46ce8da05bd69699c0b4 3c7ec1876dd44fd2aa79e41ca5083185 - - default default] Successfully bumped revision number for resource a03b43bb-c773-405f-a412-e3f70863fd87 (type: security_group_rules) to 0
2026-06-13 23:57:32.515 9 INFO neutron.wsgi [None req-abdd8380-717a-4421-b8ac-8e492d9e71a3 55991c42c7db46ce8da05bd69699c0b4 3c7ec1876dd44fd2aa79e41ca5083185 - - default default] 10.0.0.154 "POST /v2.0/security-groups HTTP/1.1" status: 201 len: 1861 time: 0.2058289
2026-06-13 23:57:32.524 9 WARNING neutron_lib.context [None req-78c2c795-7a99-4cb4-a060-8868ab35c0a9 55991c42c7db46ce8da05bd69699c0b4 3c7ec1876dd44fd2aa79e41ca5083185 - - default default] Method 'is_advsvc' is deprecated since 2023.2 release (neutron-lib 3.8.0) and will be removed once support for the old RBAC API policies will be removed from Neutron. Please use method 'is_service_role' instead.
2026-06-13 23:57:32.652 9 INFO neutron.db.ovn_revision_numbers_db [None req-78c2c795-7a99-4cb4-a060-8868ab35c0a9 55991c42c7db46ce8da05bd69699c0b4 3c7ec1876dd44fd2aa79e41ca5083185 - - default default] Successfully bumped revision number for resource 1fe70bc7-ce2f-4482-9732-c4161a45339b (type: security_group_rules) to 0
2026-06-13 23:57:32.679 9 INFO neutron.wsgi [None req-78c2c795-7a99-4cb4-a060-8868ab35c0a9 55991c42c7db46ce8da05bd69699c0b4 3c7ec1876dd44fd2aa79e41ca5083185 - - default default] 10.0.0.154 "POST /v2.0/security-group-rules HTTP/1.1" status: 201 len: 796 time: 0.1591473
2026-06-13 23:57:32.684 10 WARNING neutron.scheduler.dhcp_agent_scheduler [None req-a7143452-d2fc-4c52-a949-4a10c0bcbbc8 15e9c2ec71234067930b566bee811f04 b0287a5d012744d398e3f25dba833a1c - - default default] No more DHCP agents
2026-06-13 23:57:32.687 9 WARNING neutron_lib.context [None req-1cba1c27-102c-4135-9c17-40fbc3defdfc 55991c42c7db46ce8da05bd69699c0b4 3c7ec1876dd44fd2aa79e41ca5083185 - - default default] Method 'is_advsvc' is deprecated since 2023.2 release (neutron-lib 3.8.0) and will be removed once support for the old RBAC API policies will be removed from Neutron. Please use method 'is_service_role' instead.
2026-06-13 23:57:32.690 10 WARNING neutron.api.rpc.agentnotifiers.dhcp_rpc_agent_api [None req-a7143452-d2fc-4c52-a949-4a10c0bcbbc8 15e9c2ec71234067930b566bee811f04 b0287a5d012744d398e3f25dba833a1c - - default default] Unable to schedule network 838d51e2-b647-4193-9e3f-4b2ba6c5d5b1: no agents available; will retry on subsequent port and subnet creation events.
2026-06-13 23:57:32.779 10 INFO neutron.db.ovn_revision_numbers_db [None req-d66e96c9-95ae-425a-90ce-653a01ee1517 ffe9042a33aa4d02b4b0570c5608a184 dadf9082a04b4d8f99ec28f752e4f7d0 - - default default] Successfully bumped revision number for resource 008600dc-e8e3-4e8c-aecf-8b68bd3de21d (type: security_groups) to 1
2026-06-13 23:57:32.799 10 INFO neutron.db.ovn_revision_numbers_db [None req-d66e96c9-95ae-425a-90ce-653a01ee1517 ffe9042a33aa4d02b4b0570c5608a184 dadf9082a04b4d8f99ec28f752e4f7d0 - - default default] Successfully bumped revision number for resource 6730e828-db0e-43d4-9644-611e44611064 (type: security_group_rules) to 0
2026-06-13 23:57:32.804 10 INFO neutron.db.ovn_revision_numbers_db [None req-a7143452-d2fc-4c52-a949-4a10c0bcbbc8 15e9c2ec71234067930b566bee811f04 b0287a5d012744d398e3f25dba833a1c - - default default] Successfully bumped revision number for resource c7ea9e90-eeff-4101-9325-59053a9791b9 (type: ports) to 1
2026-06-13 23:57:32.805 9 INFO neutron.db.ovn_revision_numbers_db [None req-1cba1c27-102c-4135-9c17-40fbc3defdfc 55991c42c7db46ce8da05bd69699c0b4 3c7ec1876dd44fd2aa79e41ca5083185 - - default default] Successfully bumped revision number for resource bfee7cba-fdf4-4296-9287-2cb2b6311415 (type: security_group_rules) to 0
2026-06-13 23:57:32.817 10 INFO neutron.db.ovn_revision_numbers_db [None req-d66e96c9-95ae-425a-90ce-653a01ee1517 ffe9042a33aa4d02b4b0570c5608a184 dadf9082a04b4d8f99ec28f752e4f7d0 - - default default] Successfully bumped revision number for resource a085ca71-e9ab-4d3c-aaf2-bdd49736a2cb (type: security_group_rules) to 0
2026-06-13 23:57:32.829 9 INFO neutron.wsgi [None req-1cba1c27-102c-4135-9c17-40fbc3defdfc 55991c42c7db46ce8da05bd69699c0b4 3c7ec1876dd44fd2aa79e41ca5083185 - - default default] 10.0.0.154 "POST /v2.0/security-group-rules HTTP/1.1" status: 201 len: 801 time: 0.1467521
2026-06-13 23:57:32.830 10 INFO neutron.wsgi [None req-a7143452-d2fc-4c52-a949-4a10c0bcbbc8 15e9c2ec71234067930b566bee811f04 b0287a5d012744d398e3f25dba833a1c - - default default] 10.0.0.154 "POST /v2.0/networks HTTP/1.1" status: 201 len: 842 time: 1.1679685
2026-06-13 23:57:32.831 10 INFO neutron.db.ovn_revision_numbers_db [None req-d66e96c9-95ae-425a-90ce-653a01ee1517 ffe9042a33aa4d02b4b0570c5608a184 dadf9082a04b4d8f99ec28f752e4f7d0 - - default default] Successfully bumped revision number for resource a2df011e-de7c-49cc-8c03-547a564eb84f (type: security_group_rules) to 0
2026-06-13 23:57:32.839 9 WARNING neutron_lib.context [None req-272dd5bf-17ae-44d7-b5e8-e625e4f6e3f9 55991c42c7db46ce8da05bd69699c0b4 3c7ec1876dd44fd2aa79e41ca5083185 - - default default] Method 'is_advsvc' is deprecated since 2023.2 release (neutron-lib 3.8.0) and will be removed once support for the old RBAC API policies will be removed from Neutron. Please use method 'is_service_role' instead.
2026-06-13 23:57:32.845 10 INFO neutron.db.ovn_revision_numbers_db [None req-d66e96c9-95ae-425a-90ce-653a01ee1517 ffe9042a33aa4d02b4b0570c5608a184 dadf9082a04b4d8f99ec28f752e4f7d0 - - default default] Successfully bumped revision number for resource b51c8ff9-a47d-4099-b7ae-6daa595ba0e9 (type: security_group_rules) to 0
2026-06-13 23:57:32.869 10 WARNING neutron_lib.context [None req-ae1ced5e-1f91-4a7b-989d-73b1ca428065 15e9c2ec71234067930b566bee811f04 b0287a5d012744d398e3f25dba833a1c - - default default] Method 'is_advsvc' is deprecated since 2023.2 release (neutron-lib 3.8.0) and will be removed once support for the old RBAC API policies will be removed from Neutron. Please use method 'is_service_role' instead.
2026-06-13 23:57:32.873 10 INFO neutron.wsgi [None req-d66e96c9-95ae-425a-90ce-653a01ee1517 ffe9042a33aa4d02b4b0570c5608a184 dadf9082a04b4d8f99ec28f752e4f7d0 - - default default] 10.0.0.154 "GET /v2.0/security-groups?tenant_id=032371b72ca549388da501e4683d22aa&name=default HTTP/1.1" status: 200 len: 3120 time: 0.6741929
2026-06-13 23:57:33.117 10 WARNING neutron.scheduler.dhcp_agent_scheduler [None req-ae1ced5e-1f91-4a7b-989d-73b1ca428065 15e9c2ec71234067930b566bee811f04 b0287a5d012744d398e3f25dba833a1c - - default default] No more DHCP agents
2026-06-13 23:57:33.121 10 WARNING neutron.api.rpc.agentnotifiers.dhcp_rpc_agent_api [None req-ae1ced5e-1f91-4a7b-989d-73b1ca428065 15e9c2ec71234067930b566bee811f04 b0287a5d012744d398e3f25dba833a1c - - default default] Unable to schedule network 838d51e2-b647-4193-9e3f-4b2ba6c5d5b1: no agents available; will retry on subsequent port and subnet creation events.
2026-06-13 23:57:33.134 9 WARNING neutron.scheduler.dhcp_agent_scheduler [None req-272dd5bf-17ae-44d7-b5e8-e625e4f6e3f9 55991c42c7db46ce8da05bd69699c0b4 3c7ec1876dd44fd2aa79e41ca5083185 - - default default] No more DHCP agents
2026-06-13 23:57:33.136 9 WARNING neutron.api.rpc.agentnotifiers.dhcp_rpc_agent_api [None req-272dd5bf-17ae-44d7-b5e8-e625e4f6e3f9 55991c42c7db46ce8da05bd69699c0b4 3c7ec1876dd44fd2aa79e41ca5083185 - - default default] Unable to schedule network 7b8efc48-fb63-4bd9-9cba-92e000cacdfb: no agents available; will retry on subsequent port and subnet creation events.
2026-06-13 23:57:33.162 9 INFO neutron.wsgi [None req-48c5a840-d9c7-47b2-bc80-ec89cc40944d ffe9042a33aa4d02b4b0570c5608a184 dadf9082a04b4d8f99ec28f752e4f7d0 - - default default] 10.0.0.154 "DELETE /v2.0/security-groups/008600dc-e8e3-4e8c-aecf-8b68bd3de21d HTTP/1.1" status: 204 len: 168 time: 0.2847409
2026-06-13 23:57:33.165 10 INFO neutron.db.ovn_revision_numbers_db [None req-c964e93c-2738-437d-8f85-143c251c17a3 ffe9042a33aa4d02b4b0570c5608a184 dadf9082a04b4d8f99ec28f752e4f7d0 - - default default] Successfully bumped revision number for resource 582f2971-2e4c-40e6-af80-f1ca808d801e (type: security_groups) to 1
2026-06-13 23:57:33.179 10 INFO neutron.db.ovn_revision_numbers_db [None req-c964e93c-2738-437d-8f85-143c251c17a3 ffe9042a33aa4d02b4b0570c5608a184 dadf9082a04b4d8f99ec28f752e4f7d0 - - default default] Successfully bumped revision number for resource 3cb192d7-aacf-44c7-a735-095af1812d3b (type: security_group_rules) to 0
2026-06-13 23:57:33.195 10 INFO neutron.db.ovn_revision_numbers_db [None req-c964e93c-2738-437d-8f85-143c251c17a3 ffe9042a33aa4d02b4b0570c5608a184 dadf9082a04b4d8f99ec28f752e4f7d0 - - default default] Successfully bumped revision number for resource 57799e42-b976-4cdb-a7b6-6d9bcc21924b (type: security_group_rules) to 0
2026-06-13 23:57:33.211 10 INFO neutron.db.ovn_revision_numbers_db [None req-c964e93c-2738-437d-8f85-143c251c17a3 ffe9042a33aa4d02b4b0570c5608a184 dadf9082a04b4d8f99ec28f752e4f7d0 - - default default] Successfully bumped revision number for resource aa693e79-7a94-4dac-9bf3-69cc9eb9015c (type: security_group_rules) to 0
2026-06-13 23:57:33.236 10 INFO neutron.db.ovn_revision_numbers_db [None req-c964e93c-2738-437d-8f85-143c251c17a3 ffe9042a33aa4d02b4b0570c5608a184 dadf9082a04b4d8f99ec28f752e4f7d0 - - default default] Successfully bumped revision number for resource ce0290b4-f1e4-44b0-8a06-66d424c7782e (type: security_group_rules) to 0
2026-06-13 23:57:33.273 10 INFO neutron.wsgi [None req-c964e93c-2738-437d-8f85-143c251c17a3 ffe9042a33aa4d02b4b0570c5608a184 dadf9082a04b4d8f99ec28f752e4f7d0 - - default default] 10.0.0.154 "GET /v2.0/security-groups?tenant_id=0f6c24e6df584f2ca1a2dc77a57004f8&name=default HTTP/1.1" status: 200 len: 3120 time: 0.4305332
2026-06-13 23:57:33.479 9 INFO neutron.db.ovn_revision_numbers_db [None req-a50fb3fc-9f50-4957-9eec-216956508d17 ffe9042a33aa4d02b4b0570c5608a184 dadf9082a04b4d8f99ec28f752e4f7d0 - - default default] Successfully bumped revision number for resource e6feb20d-186d-4221-8960-c5453cbdc28b (type: security_groups) to 1
2026-06-13 23:57:33.511 9 INFO neutron.db.ovn_revision_numbers_db [None req-a50fb3fc-9f50-4957-9eec-216956508d17 ffe9042a33aa4d02b4b0570c5608a184 dadf9082a04b4d8f99ec28f752e4f7d0 - - default default] Successfully bumped revision number for resource 0803a991-0e9e-4770-9ddf-65ddf07a5b1a (type: security_group_rules) to 0
2026-06-13 23:57:33.536 9 INFO neutron.db.ovn_revision_numbers_db [None req-a50fb3fc-9f50-4957-9eec-216956508d17 ffe9042a33aa4d02b4b0570c5608a184 dadf9082a04b4d8f99ec28f752e4f7d0 - - default default] Successfully bumped revision number for resource 90395c6a-223f-46fe-b9e6-5e8ca512e054 (type: security_group_rules) to 0
2026-06-13 23:57:33.544 9 INFO neutron.wsgi [None req-272dd5bf-17ae-44d7-b5e8-e625e4f6e3f9 55991c42c7db46ce8da05bd69699c0b4 3c7ec1876dd44fd2aa79e41ca5083185 - - default default] 10.0.0.154 "POST /v2.0/floatingips HTTP/1.1" status: 201 len: 751 time: 0.7102146
2026-06-13 23:57:33.552 9 INFO neutron.db.ovn_revision_numbers_db [None req-a50fb3fc-9f50-4957-9eec-216956508d17 ffe9042a33aa4d02b4b0570c5608a184 dadf9082a04b4d8f99ec28f752e4f7d0 - - default default] Successfully bumped revision number for resource 90823d93-69ff-410d-8d86-b11bca2bd7ff (type: security_group_rules) to 0
2026-06-13 23:57:33.565 9 INFO neutron.db.ovn_revision_numbers_db [None req-a50fb3fc-9f50-4957-9eec-216956508d17 ffe9042a33aa4d02b4b0570c5608a184 dadf9082a04b4d8f99ec28f752e4f7d0 - - default default] Successfully bumped revision number for resource c1275490-d08e-4adb-ac33-393ccd5bdeab (type: security_group_rules) to 0
2026-06-13 23:57:33.589 9 INFO neutron.wsgi [None req-a50fb3fc-9f50-4957-9eec-216956508d17 ffe9042a33aa4d02b4b0570c5608a184 dadf9082a04b4d8f99ec28f752e4f7d0 - - default default] 10.0.0.154 "GET /v2.0/security-groups?tenant_id=42081b28aed14aa19437d71ce17f1b9d&name=default HTTP/1.1" status: 200 len: 3120 time: 0.3327866
2026-06-13 23:57:33.615 10 INFO neutron.db.ovn_revision_numbers_db [None req-ae1ced5e-1f91-4a7b-989d-73b1ca428065 15e9c2ec71234067930b566bee811f04 b0287a5d012744d398e3f25dba833a1c - - default default] Successfully bumped revision number for resource c7ea9e90-eeff-4101-9325-59053a9791b9 (type: ports) to 2
2026-06-13 23:57:33.622 9 INFO neutron.wsgi [None req-5482db4a-b424-440f-bfb6-67a57b02235d ffe9042a33aa4d02b4b0570c5608a184 dadf9082a04b4d8f99ec28f752e4f7d0 - - default default] 10.0.0.154 "DELETE /v2.0/security-groups/582f2971-2e4c-40e6-af80-f1ca808d801e HTTP/1.1" status: 204 len: 168 time: 0.3412695
2026-06-13 23:57:33.654 10 INFO neutron.db.ovn_revision_numbers_db [None req-ae1ced5e-1f91-4a7b-989d-73b1ca428065 15e9c2ec71234067930b566bee811f04 b0287a5d012744d398e3f25dba833a1c - - default default] Successfully bumped revision number for resource b4cdc684-0665-4969-8990-d8ec2f180c03 (type: subnets) to 0
2026-06-13 23:57:33.671 10 INFO neutron.wsgi [None req-ae1ced5e-1f91-4a7b-989d-73b1ca428065 15e9c2ec71234067930b566bee811f04 b0287a5d012744d398e3f25dba833a1c - - default default] 10.0.0.154 "POST /v2.0/subnets HTTP/1.1" status: 201 len: 816 time: 0.8069179
2026-06-13 23:57:33.683 9 WARNING neutron_lib.context [None req-4a961482-433b-41c8-98eb-2be9e245d8cd 15e9c2ec71234067930b566bee811f04 b0287a5d012744d398e3f25dba833a1c - - default default] Method 'is_advsvc' is deprecated since 2023.2 release (neutron-lib 3.8.0) and will be removed once support for the old RBAC API policies will be removed from Neutron. Please use method 'is_service_role' instead.
2026-06-13 23:57:33.791 9 INFO neutron.db.segments_db [None req-4a961482-433b-41c8-98eb-2be9e245d8cd 15e9c2ec71234067930b566bee811f04 b0287a5d012744d398e3f25dba833a1c - - default default] Added segment 4986e90f-b85c-471d-88c4-d45185f3a4be of type geneve for network 34ca94f0-c212-4ba2-bbdb-ce6aa44d71a1
2026-06-13 23:57:33.856 9 INFO neutron.wsgi [None req-f50a5ca8-95b1-4095-a4e9-ffb39a4e7aff ffe9042a33aa4d02b4b0570c5608a184 dadf9082a04b4d8f99ec28f752e4f7d0 - - default default] 10.0.0.154 "DELETE /v2.0/security-groups/e6feb20d-186d-4221-8960-c5453cbdc28b HTTP/1.1" status: 204 len: 168 time: 0.2628777
2026-06-13 23:57:33.905 10 INFO neutron.db.ovn_revision_numbers_db [None req-6a922606-6f81-451a-988e-ebad0aee2e20 ffe9042a33aa4d02b4b0570c5608a184 dadf9082a04b4d8f99ec28f752e4f7d0 - - default default] Successfully bumped revision number for resource 3acb3594-b13c-41cb-9054-773d9106c176 (type: security_groups) to 1
2026-06-13 23:57:33.918 10 INFO neutron.db.ovn_revision_numbers_db [None req-6a922606-6f81-451a-988e-ebad0aee2e20 ffe9042a33aa4d02b4b0570c5608a184 dadf9082a04b4d8f99ec28f752e4f7d0 - - default default] Successfully bumped revision number for resource 75892394-8204-48fc-b7ad-b349fc44494c (type: security_group_rules) to 0
2026-06-13 23:57:33.932 10 INFO neutron.db.ovn_revision_numbers_db [None req-6a922606-6f81-451a-988e-ebad0aee2e20 ffe9042a33aa4d02b4b0570c5608a184 dadf9082a04b4d8f99ec28f752e4f7d0 - - default default] Successfully bumped revision number for resource 786d3f7f-3a07-489b-a0c1-b9571eb86013 (type: security_group_rules) to 0
2026-06-13 23:57:33.933 9 INFO neutron.db.ovn_revision_numbers_db [None req-4a961482-433b-41c8-98eb-2be9e245d8cd 15e9c2ec71234067930b566bee811f04 b0287a5d012744d398e3f25dba833a1c - - default default] Successfully bumped revision number for resource 34ca94f0-c212-4ba2-bbdb-ce6aa44d71a1 (type: networks) to 1
2026-06-13 23:57:33.946 10 INFO neutron.db.ovn_revision_numbers_db [None req-6a922606-6f81-451a-988e-ebad0aee2e20 ffe9042a33aa4d02b4b0570c5608a184 dadf9082a04b4d8f99ec28f752e4f7d0 - - default default] Successfully bumped revision number for resource b10a5197-bfa1-4950-967c-ccb495946e88 (type: security_group_rules) to 0
2026-06-13 23:57:33.964 10 INFO neutron.db.ovn_revision_numbers_db [None req-6a922606-6f81-451a-988e-ebad0aee2e20 ffe9042a33aa4d02b4b0570c5608a184 dadf9082a04b4d8f99ec28f752e4f7d0 - - default default] Successfully bumped revision number for resource e38888ee-14ae-4d76-9dad-13185d199043 (type: security_group_rules) to 0
2026-06-13 23:57:33.986 10 INFO neutron.wsgi [None req-6a922606-6f81-451a-988e-ebad0aee2e20 ffe9042a33aa4d02b4b0570c5608a184 dadf9082a04b4d8f99ec28f752e4f7d0 - - default default] 10.0.0.154 "GET /v2.0/security-groups?tenant_id=63cb9c6f9ac34b27bea823379137834c&name=default HTTP/1.1" status: 200 len: 3120 time: 0.2320249
2026-06-13 23:57:34.031 9 INFO neutron.wsgi [req-948fdefb-36ed-4deb-baee-f03c416c4a1f req-ff6015de-9f77-4d2b-b5e4-ec23ee51c044 55991c42c7db46ce8da05bd69699c0b4 3c7ec1876dd44fd2aa79e41ca5083185 - - default default] 10.0.0.84 "GET /v2.0/security-groups?name=tempest-securitygroup--1591888166&fields=id&tenant_id=3c7ec1876dd44fd2aa79e41ca5083185 HTTP/1.1" status: 200 len: 267 time: 0.0581586
2026-06-13 23:57:34.147 9 INFO neutron.wsgi [req-948fdefb-36ed-4deb-baee-f03c416c4a1f req-a881574e-cff3-4f2e-89cd-f527fdbca096 55991c42c7db46ce8da05bd69699c0b4 3c7ec1876dd44fd2aa79e41ca5083185 - - default default] 10.0.0.84 "GET /v2.0/networks?id=5459e536-7333-4bf4-bfe6-7d454e54251a HTTP/1.1" status: 200 len: 874 time: 0.1075003
2026-06-13 23:57:34.176 9 INFO neutron.wsgi [req-948fdefb-36ed-4deb-baee-f03c416c4a1f req-9c697357-66b6-4f7f-9cd7-04c16037cfbc 55991c42c7db46ce8da05bd69699c0b4 3c7ec1876dd44fd2aa79e41ca5083185 - - default default] 10.0.0.84 "GET /v2.0/quotas/3c7ec1876dd44fd2aa79e41ca5083185 HTTP/1.1" status: 200 len: 491 time: 0.0140405
2026-06-13 23:57:34.180 9 WARNING neutron.scheduler.dhcp_agent_scheduler [None req-4a961482-433b-41c8-98eb-2be9e245d8cd 15e9c2ec71234067930b566bee811f04 b0287a5d012744d398e3f25dba833a1c - - default default] No more DHCP agents
2026-06-13 23:57:34.181 9 WARNING neutron.api.rpc.agentnotifiers.dhcp_rpc_agent_api [None req-4a961482-433b-41c8-98eb-2be9e245d8cd 15e9c2ec71234067930b566bee811f04 b0287a5d012744d398e3f25dba833a1c - - default default] Unable to schedule network 34ca94f0-c212-4ba2-bbdb-ce6aa44d71a1: no agents available; will retry on subsequent port and subnet creation events.
2026-06-13 23:57:34.236 10 INFO neutron.wsgi [None req-a376627d-c1e1-4939-a709-9d22cd3312fb ffe9042a33aa4d02b4b0570c5608a184 dadf9082a04b4d8f99ec28f752e4f7d0 - - default default] 10.0.0.154 "DELETE /v2.0/security-groups/3acb3594-b13c-41cb-9054-773d9106c176 HTTP/1.1" status: 204 len: 168 time: 0.2426603
2026-06-13 23:57:34.582 9 INFO neutron.wsgi [req-948fdefb-36ed-4deb-baee-f03c416c4a1f req-82f1dc62-5a30-49ff-b52a-362ca799c400 55991c42c7db46ce8da05bd69699c0b4 3c7ec1876dd44fd2aa79e41ca5083185 - - default default] 10.0.0.84 "GET /v2.0/ports?tenant_id=3c7ec1876dd44fd2aa79e41ca5083185&fields=id HTTP/1.1" status: 200 len: 302 time: 0.3970079
