2026-06-13 23:59:41.672 9 WARNING neutron.plugins.ml2.drivers.ovn.mech_driver.ovsdb.ovn_client [None req-994a81b5-3fe4-49cd-b805-57da2d353614 - - - - - -] No hosting information found for port 020a3844-5ea2-4932-8f24-e025defe040f: RuntimeError: No hosting information found for port 020a3844-5ea2-4932-8f24-e025defe040f
2026-06-13 23:59:41.683 10 INFO neutron.db.ovn_revision_numbers_db [None req-07a54477-355d-48ac-bd2c-7b74fc48a881 1583fbf81b754cbaad4fa6413829cc59 14c7d49d535c42c1b9580db273b473a0 - - default default] Successfully bumped revision number for resource 855baa66-6f39-4d49-a171-18027eadf03c (type: security_groups) to 1
2026-06-13 23:59:41.702 10 INFO neutron.db.ovn_revision_numbers_db [None req-07a54477-355d-48ac-bd2c-7b74fc48a881 1583fbf81b754cbaad4fa6413829cc59 14c7d49d535c42c1b9580db273b473a0 - - default default] Successfully bumped revision number for resource 82a9d4df-26d6-4dea-8d84-31d340728837 (type: security_group_rules) to 0
2026-06-13 23:59:41.726 10 INFO neutron.db.ovn_revision_numbers_db [None req-07a54477-355d-48ac-bd2c-7b74fc48a881 1583fbf81b754cbaad4fa6413829cc59 14c7d49d535c42c1b9580db273b473a0 - - default default] Successfully bumped revision number for resource accd4363-6bb6-43e4-b3bf-c62e98222338 (type: security_group_rules) to 0
2026-06-13 23:59:41.756 10 INFO neutron.wsgi [None req-07a54477-355d-48ac-bd2c-7b74fc48a881 1583fbf81b754cbaad4fa6413829cc59 14c7d49d535c42c1b9580db273b473a0 - - default default] 10.0.0.154 "POST /v2.0/security-groups HTTP/1.1" status: 201 len: 1801 time: 0.2788064
2026-06-13 23:59:41.774 9 WARNING neutron_lib.context [None req-3ba5d704-6675-4854-b6d3-68ef4e7396b9 1583fbf81b754cbaad4fa6413829cc59 14c7d49d535c42c1b9580db273b473a0 - - default default] Method 'is_advsvc' is deprecated since 2023.2 release (neutron-lib 3.8.0) and will be removed once support for the old RBAC API policies will be removed from Neutron. Please use method 'is_service_role' instead.
2026-06-13 23:59:41.779 9 INFO neutron.wsgi [req-c8e2f049-dfdf-4ef2-b1a3-335b7a5aafdb req-19638bc1-1baf-4d25-a3b2-1e71be56895a a746bfa6524f44dab2e5bca2bce3e83c e8e0c92c5646468ab53e98200318f6a7 - - default default] 10.0.0.84 "GET /v2.0/ports?device_id=cfdf3602-a236-4d85-8710-bd404a300ead HTTP/1.1" status: 200 len: 210 time: 0.0285304
2026-06-13 23:59:41.902 9 INFO neutron.db.ovn_revision_numbers_db [None req-3ba5d704-6675-4854-b6d3-68ef4e7396b9 1583fbf81b754cbaad4fa6413829cc59 14c7d49d535c42c1b9580db273b473a0 - - default default] Successfully bumped revision number for resource 4f2a2c64-9348-4c43-b53f-2e6bd585c96a (type: security_groups) to 1
2026-06-13 23:59:41.915 9 INFO neutron.db.ovn_revision_numbers_db [None req-3ba5d704-6675-4854-b6d3-68ef4e7396b9 1583fbf81b754cbaad4fa6413829cc59 14c7d49d535c42c1b9580db273b473a0 - - default default] Successfully bumped revision number for resource 326d3811-2a80-4055-a060-2b22313b5b89 (type: security_group_rules) to 0
2026-06-13 23:59:41.931 9 INFO neutron.db.ovn_revision_numbers_db [None req-3ba5d704-6675-4854-b6d3-68ef4e7396b9 1583fbf81b754cbaad4fa6413829cc59 14c7d49d535c42c1b9580db273b473a0 - - default default] Successfully bumped revision number for resource aad5df5e-990a-4800-b1d5-3764b4ea47ca (type: security_group_rules) to 0
2026-06-13 23:59:41.951 9 INFO neutron.wsgi [None req-3ba5d704-6675-4854-b6d3-68ef4e7396b9 1583fbf81b754cbaad4fa6413829cc59 14c7d49d535c42c1b9580db273b473a0 - - default default] 10.0.0.154 "POST /v2.0/security-groups HTTP/1.1" status: 201 len: 1801 time: 0.1872566
2026-06-13 23:59:41.954 10 WARNING neutron.scheduler.dhcp_agent_scheduler [req-63ce8b71-64e2-4993-ad59-15c89d7a1315 req-7fd8aa84-7b74-424c-866f-9ccf7451ea4b a746bfa6524f44dab2e5bca2bce3e83c e8e0c92c5646468ab53e98200318f6a7 - - default default] No more DHCP agents
2026-06-13 23:59:41.957 10 WARNING neutron.api.rpc.agentnotifiers.dhcp_rpc_agent_api [req-63ce8b71-64e2-4993-ad59-15c89d7a1315 req-7fd8aa84-7b74-424c-866f-9ccf7451ea4b a746bfa6524f44dab2e5bca2bce3e83c e8e0c92c5646468ab53e98200318f6a7 - - default default] Unable to schedule network 5f6cec66-f6cd-4486-878e-85c7dffecced: no agents available; will retry on subsequent port and subnet creation events.
2026-06-13 23:59:41.960 9 WARNING neutron_lib.context [None req-f963207a-ccc6-4e37-bd84-4e23edfc67a4 1583fbf81b754cbaad4fa6413829cc59 14c7d49d535c42c1b9580db273b473a0 - - default default] Method 'is_advsvc' is deprecated since 2023.2 release (neutron-lib 3.8.0) and will be removed once support for the old RBAC API policies will be removed from Neutron. Please use method 'is_service_role' instead.
2026-06-13 23:59:42.073 9 INFO neutron.db.ovn_revision_numbers_db [None req-f963207a-ccc6-4e37-bd84-4e23edfc67a4 1583fbf81b754cbaad4fa6413829cc59 14c7d49d535c42c1b9580db273b473a0 - - default default] Successfully bumped revision number for resource babc48db-019e-4616-a036-d5e35822fa02 (type: security_groups) to 1
2026-06-13 23:59:42.094 9 INFO neutron.db.ovn_revision_numbers_db [None req-f963207a-ccc6-4e37-bd84-4e23edfc67a4 1583fbf81b754cbaad4fa6413829cc59 14c7d49d535c42c1b9580db273b473a0 - - default default] Successfully bumped revision number for resource 33ffce15-1496-4fff-afd3-8150057ecf30 (type: security_group_rules) to 0
2026-06-13 23:59:42.106 9 INFO neutron.db.ovn_revision_numbers_db [None req-f963207a-ccc6-4e37-bd84-4e23edfc67a4 1583fbf81b754cbaad4fa6413829cc59 14c7d49d535c42c1b9580db273b473a0 - - default default] Successfully bumped revision number for resource 60a6f766-d4d0-45e4-be44-a9f1be93b2ca (type: security_group_rules) to 0
2026-06-13 23:59:42.113 10 INFO neutron.db.ovn_revision_numbers_db [req-63ce8b71-64e2-4993-ad59-15c89d7a1315 req-7fd8aa84-7b74-424c-866f-9ccf7451ea4b a746bfa6524f44dab2e5bca2bce3e83c e8e0c92c5646468ab53e98200318f6a7 - - default default] Successfully bumped revision number for resource 49bf1a33-ab23-4d82-84be-0572183dfc5e (type: ports) to 1
2026-06-13 23:59:42.126 9 INFO neutron.wsgi [None req-f963207a-ccc6-4e37-bd84-4e23edfc67a4 1583fbf81b754cbaad4fa6413829cc59 14c7d49d535c42c1b9580db273b473a0 - - default default] 10.0.0.154 "POST /v2.0/security-groups HTTP/1.1" status: 201 len: 1801 time: 0.1698403
2026-06-13 23:59:42.137 10 INFO neutron.wsgi [req-63ce8b71-64e2-4993-ad59-15c89d7a1315 req-7fd8aa84-7b74-424c-866f-9ccf7451ea4b a746bfa6524f44dab2e5bca2bce3e83c e8e0c92c5646468ab53e98200318f6a7 - - default default] 199.204.45.65 "POST /v2.0/ports HTTP/1.1" status: 201 len: 1201 time: 0.5728877 /var/lib/openstack/lib/python3.10/site-packages/pycadf/identifier.py:71: UserWarning: Invalid uuid: neutron. To ensure interoperability, identifiers should be a valid uuid. warnings.warn(('Invalid uuid: %s. To ensure interoperability, '
2026-06-13 23:59:42.162 9 INFO neutron.wsgi [None req-b1d0af6b-1a9d-4fb9-8aa5-0aa3f2441ef2 1583fbf81b754cbaad4fa6413829cc59 14c7d49d535c42c1b9580db273b473a0 - - default default] 10.0.0.154 "PUT /v2.0/security-groups/cbea509b-fe64-4410-affc-e302b49af620/tags HTTP/1.1" status: 200 len: 210 time: 0.0320115
2026-06-13 23:59:42.208 9 INFO neutron.wsgi [None req-f45da40c-0e07-433a-9bee-1766eb83ef51 1583fbf81b754cbaad4fa6413829cc59 14c7d49d535c42c1b9580db273b473a0 - - default default] 10.0.0.154 "PUT /v2.0/security-groups/cc877cb0-5659-4d8b-b988-0dd5d6e3cbf7/tags HTTP/1.1" status: 200 len: 218 time: 0.0427086
2026-06-13 23:59:42.249 9 INFO neutron.wsgi [None req-3670aad0-f581-4a2d-8f19-9bc85018dc9e 1583fbf81b754cbaad4fa6413829cc59 14c7d49d535c42c1b9580db273b473a0 - - default default] 10.0.0.154 "PUT /v2.0/security-groups/855baa66-6f39-4d49-a171-18027eadf03c/tags HTTP/1.1" status: 200 len: 227 time: 0.0363598
2026-06-13 23:59:42.280 9 INFO neutron.wsgi [None req-8a2b0d07-d7c2-4132-95bf-0d5fad750216 1583fbf81b754cbaad4fa6413829cc59 14c7d49d535c42c1b9580db273b473a0 - - default default] 10.0.0.154 "PUT /v2.0/security-groups/4f2a2c64-9348-4c43-b53f-2e6bd585c96a/tags HTTP/1.1" status: 200 len: 212 time: 0.0269613
2026-06-13 23:59:42.334 9 INFO neutron.wsgi [None req-485b3eff-6d49-45b4-8447-747fa87eb6e6 1583fbf81b754cbaad4fa6413829cc59 14c7d49d535c42c1b9580db273b473a0 - - default default] 10.0.0.154 "GET /v2.0/security-groups?tags=red HTTP/1.1" status: 200 len: 4999 time: 0.0489004
2026-06-13 23:59:42.423 10 INFO neutron.wsgi [None req-93215a81-1e74-44e0-8937-3fa93d3051bf 1583fbf81b754cbaad4fa6413829cc59 14c7d49d535c42c1b9580db273b473a0 - - default default] 10.0.0.154 "GET /v2.0/security-groups?tags=red%2Cblue HTTP/1.1" status: 200 len: 3413 time: 0.0831959
2026-06-13 23:59:42.501 9 INFO neutron.wsgi [None req-17a21f45-3413-43c6-9dec-9c7a9ca483d6 1583fbf81b754cbaad4fa6413829cc59 14c7d49d535c42c1b9580db273b473a0 - - default default] 10.0.0.154 "GET /v2.0/security-groups?tags-any=blue HTTP/1.1" status: 200 len: 3413 time: 0.0735574
2026-06-13 23:59:42.553 9 INFO neutron.wsgi [None req-26a0007e-cd11-40aa-a89e-4d33791894f5 1583fbf81b754cbaad4fa6413829cc59 14c7d49d535c42c1b9580db273b473a0 - - default default] 10.0.0.154 "GET /v2.0/security-groups?tags-any=red%2Cblue HTTP/1.1" status: 200 len: 4999 time: 0.0472059
2026-06-13 23:59:42.609 9 INFO neutron.wsgi [None req-362f2d71-5424-45c9-bc08-8f0216d24695 1583fbf81b754cbaad4fa6413829cc59 14c7d49d535c42c1b9580db273b473a0 - - default default] 10.0.0.154 "GET /v2.0/security-groups?not-tags=red HTTP/1.1" status: 200 len: 6289 time: 0.0526576
2026-06-13 23:59:42.632 10 INFO neutron.db.ovn_revision_numbers_db [req-63ce8b71-64e2-4993-ad59-15c89d7a1315 req-2bacf891-f972-45bf-a33e-025ca30523ad 277e49ef5d984633b8041c030935a035 28075bb2ca0d4cec8c9fcc8064ae0a7b - - 9ef2e5948c5541d992dd4c03bcbf193e 9ef2e5948c5541d992dd4c03bcbf193e] Successfully bumped revision number for resource 49bf1a33-ab23-4d82-84be-0572183dfc5e (type: ports) to 2
2026-06-13 23:59:42.664 9 INFO neutron.wsgi [None req-a8281569-64ad-48eb-be3e-0df7fb3d4f52 1583fbf81b754cbaad4fa6413829cc59 14c7d49d535c42c1b9580db273b473a0 - - default default] 10.0.0.154 "GET /v2.0/security-groups?not-tags=red%2Cblue HTTP/1.1" status: 200 len: 7875 time: 0.0467374
2026-06-13 23:59:42.711 9 INFO neutron.wsgi [None req-47867b63-f1c4-4355-81e9-5d512f14d2f6 1583fbf81b754cbaad4fa6413829cc59 14c7d49d535c42c1b9580db273b473a0 - - default default] 10.0.0.154 "GET /v2.0/security-groups?not-tags-any=blue HTTP/1.1" status: 200 len: 7875 time: 0.0435121 /var/lib/openstack/lib/python3.10/site-packages/pycadf/identifier.py:71: UserWarning: Invalid uuid: neutron. To ensure interoperability, identifiers should be a valid uuid. warnings.warn(('Invalid uuid: %s. To ensure interoperability, '
2026-06-13 23:59:42.787 10 INFO neutron.wsgi [None req-38a2888f-6505-4093-a77c-e2b50a9f9397 1583fbf81b754cbaad4fa6413829cc59 14c7d49d535c42c1b9580db273b473a0 - - default default] 10.0.0.154 "GET /v2.0/security-groups?not-tags-any=red%2Cblue HTTP/1.1" status: 200 len: 6289 time: 0.0669219 /var/lib/openstack/lib/python3.10/site-packages/pycadf/identifier.py:71: UserWarning: Invalid uuid: neutron. To ensure interoperability, identifiers should be a valid uuid. warnings.warn(('Invalid uuid: %s. To ensure interoperability, '
2026-06-13 23:59:42.893 10 INFO neutron.db.ovn_revision_numbers_db [req-63ce8b71-64e2-4993-ad59-15c89d7a1315 req-2bacf891-f972-45bf-a33e-025ca30523ad 277e49ef5d984633b8041c030935a035 28075bb2ca0d4cec8c9fcc8064ae0a7b - - 9ef2e5948c5541d992dd4c03bcbf193e 9ef2e5948c5541d992dd4c03bcbf193e] Successfully bumped revision number for resource 49bf1a33-ab23-4d82-84be-0572183dfc5e (type: ports) to 2
2026-06-13 23:59:42.935 10 INFO neutron.wsgi [req-63ce8b71-64e2-4993-ad59-15c89d7a1315 req-2bacf891-f972-45bf-a33e-025ca30523ad 277e49ef5d984633b8041c030935a035 28075bb2ca0d4cec8c9fcc8064ae0a7b - - 9ef2e5948c5541d992dd4c03bcbf193e 9ef2e5948c5541d992dd4c03bcbf193e] 199.204.45.65 "PUT /v2.0/ports/49bf1a33-ab23-4d82-84be-0572183dfc5e HTTP/1.1" status: 200 len: 1419 time: 0.7882192
2026-06-13 23:59:42.968 10 INFO neutron.wsgi [req-13b41807-b53d-4739-afad-50ec6e64abc8 req-be4c19e5-7eab-444f-a595-027dd17f5c4c a746bfa6524f44dab2e5bca2bce3e83c e8e0c92c5646468ab53e98200318f6a7 - - default default] 10.0.0.84 "GET /v2.0/ports?device_id=cfdf3602-a236-4d85-8710-bd404a300ead HTTP/1.1" status: 200 len: 1212 time: 0.1093693
2026-06-13 23:59:42.980 10 INFO neutron.notifiers.nova [-] Nova event matching ['req-a8759d92-1042-408a-bc4a-6b1b204b4709'] response: {'name': 'network-changed', 'server_uuid': 'cfdf3602-a236-4d85-8710-bd404a300ead', 'tag': '49bf1a33-ab23-4d82-84be-0572183dfc5e', 'status': 'completed', 'code': 200}
2026-06-13 23:59:42.989 10 INFO neutron.wsgi [None req-60e6e46a-a320-4295-972e-21a032016439 1583fbf81b754cbaad4fa6413829cc59 14c7d49d535c42c1b9580db273b473a0 - - default default] 10.0.0.154 "DELETE /v2.0/security-groups/cbea509b-fe64-4410-affc-e302b49af620 HTTP/1.1" status: 204 len: 168 time: 0.1932938
2026-06-13 23:59:43.028 10 INFO neutron.wsgi [req-63ce8b71-64e2-4993-ad59-15c89d7a1315 req-2f183be8-b484-44a1-8d82-9bbb76fcac86 277e49ef5d984633b8041c030935a035 28075bb2ca0d4cec8c9fcc8064ae0a7b - - 9ef2e5948c5541d992dd4c03bcbf193e 9ef2e5948c5541d992dd4c03bcbf193e] 199.204.45.65 "GET /v2.0/ports?tenant_id=e8e0c92c5646468ab53e98200318f6a7&device_id=cfdf3602-a236-4d85-8710-bd404a300ead HTTP/1.1" status: 200 len: 1450 time: 0.0522325
2026-06-13 23:59:43.043 10 INFO neutron.wsgi [req-13b41807-b53d-4739-afad-50ec6e64abc8 req-6e33e2c2-2d6f-464a-9ab8-c625c16b35d6 a746bfa6524f44dab2e5bca2bce3e83c e8e0c92c5646468ab53e98200318f6a7 - - default default] 10.0.0.84 "GET /v2.0/security-groups?id=1f797b13-50dd-48a3-8fe8-8c2a242c3d44&id=05cd2160-7d85-485c-bbd2-c69b8ac832b8&fields=id&fields=name HTTP/1.1" status: 200 len: 405 time: 0.0687418
2026-06-13 23:59:43.056 10 INFO neutron.wsgi [req-63ce8b71-64e2-4993-ad59-15c89d7a1315 req-9b1459ed-1484-42d1-b0bc-50ff3a10cbc8 277e49ef5d984633b8041c030935a035 28075bb2ca0d4cec8c9fcc8064ae0a7b - - 9ef2e5948c5541d992dd4c03bcbf193e 9ef2e5948c5541d992dd4c03bcbf193e] 199.204.45.65 "GET /v2.0/floatingips?fixed_ip_address=10.100.0.10&port_id=49bf1a33-ab23-4d82-84be-0572183dfc5e HTTP/1.1" status: 200 len: 217 time: 0.0206468
2026-06-13 23:59:43.093 10 INFO neutron.wsgi [req-63ce8b71-64e2-4993-ad59-15c89d7a1315 req-e169ee2c-f4e0-4dbd-a198-cfa760af8ed5 277e49ef5d984633b8041c030935a035 28075bb2ca0d4cec8c9fcc8064ae0a7b - - 9ef2e5948c5541d992dd4c03bcbf193e 9ef2e5948c5541d992dd4c03bcbf193e] 199.204.45.65 "GET /v2.0/subnets?id=235edea9-319d-4e35-b750-591103cb98e0 HTTP/1.1" status: 200 len: 865 time: 0.0309622
2026-06-13 23:59:43.118 9 INFO neutron.wsgi [None req-3481fd41-e178-4c2e-a1ec-5f43dc5d52a3 1583fbf81b754cbaad4fa6413829cc59 14c7d49d535c42c1b9580db273b473a0 - - default default] 10.0.0.154 "DELETE /v2.0/security-groups/cc877cb0-5659-4d8b-b988-0dd5d6e3cbf7 HTTP/1.1" status: 204 len: 168 time: 0.1212068
2026-06-13 23:59:43.122 10 INFO neutron.wsgi [req-63ce8b71-64e2-4993-ad59-15c89d7a1315 req-b594d1ac-9199-4521-9d7b-4395dcb8d7df 277e49ef5d984633b8041c030935a035 28075bb2ca0d4cec8c9fcc8064ae0a7b - - 9ef2e5948c5541d992dd4c03bcbf193e 9ef2e5948c5541d992dd4c03bcbf193e] 199.204.45.65 "GET /v2.0/ports?network_id=5f6cec66-f6cd-4486-878e-85c7dffecced&device_owner=network%3Adhcp HTTP/1.1" status: 200 len: 210 time: 0.0224488
2026-06-13 23:59:43.179 10 INFO neutron.wsgi [req-63ce8b71-64e2-4993-ad59-15c89d7a1315 req-caa1d449-578e-43aa-9f06-14288f9a2542 277e49ef5d984633b8041c030935a035 28075bb2ca0d4cec8c9fcc8064ae0a7b - - 9ef2e5948c5541d992dd4c03bcbf193e 9ef2e5948c5541d992dd4c03bcbf193e] 199.204.45.65 "GET /v2.0/networks/5f6cec66-f6cd-4486-878e-85c7dffecced?fields=segments HTTP/1.1" status: 200 len: 212 time: 0.0510976
2026-06-13 23:59:43.229 9 INFO neutron.wsgi [None req-c1881f2f-7ce0-4e04-895c-2884a0d2b3ca 1583fbf81b754cbaad4fa6413829cc59 14c7d49d535c42c1b9580db273b473a0 - - default default] 10.0.0.154 "DELETE /v2.0/security-groups/855baa66-6f39-4d49-a171-18027eadf03c HTTP/1.1" status: 204 len: 168 time: 0.1048994
2026-06-13 23:59:43.242 9 INFO neutron.wsgi [-] 10.0.0.111 "GET / HTTP/1.1" status: 200 len: 246 time: 0.0018864
2026-06-13 23:59:43.244 9 INFO neutron.wsgi [-] 10.0.0.111 "GET / HTTP/1.1" status: 200 len: 246 time: 0.0012081
2026-06-13 23:59:43.255 10 INFO neutron.wsgi [req-63ce8b71-64e2-4993-ad59-15c89d7a1315 req-fcc7b900-fe61-4606-aedd-2dc50e9b4223 277e49ef5d984633b8041c030935a035 28075bb2ca0d4cec8c9fcc8064ae0a7b - - 9ef2e5948c5541d992dd4c03bcbf193e 9ef2e5948c5541d992dd4c03bcbf193e] 199.204.45.65 "GET /v2.0/networks/5f6cec66-f6cd-4486-878e-85c7dffecced?fields=provider%3Aphysical_network&fields=provider%3Anetwork_type HTTP/1.1" status: 200 len: 277 time: 0.0688732
2026-06-13 23:59:43.346 10 INFO neutron.wsgi [req-d3a6f8b9-2693-455f-8fff-728def486a4a req-98e1b135-97fc-4a3e-b61e-6c1826517141 277e49ef5d984633b8041c030935a035 28075bb2ca0d4cec8c9fcc8064ae0a7b - - 9ef2e5948c5541d992dd4c03bcbf193e 9ef2e5948c5541d992dd4c03bcbf193e] 199.204.45.65 "GET /v2.0/ports?tenant_id=e8e0c92c5646468ab53e98200318f6a7&device_id=cfdf3602-a236-4d85-8710-bd404a300ead HTTP/1.1" status: 200 len: 1450 time: 0.0502286
2026-06-13 23:59:43.347 9 INFO neutron.wsgi [None req-ef211057-e446-4be6-aa4b-af571492ba3b 1583fbf81b754cbaad4fa6413829cc59 14c7d49d535c42c1b9580db273b473a0 - - default default] 10.0.0.154 "DELETE /v2.0/security-groups/4f2a2c64-9348-4c43-b53f-2e6bd585c96a HTTP/1.1" status: 204 len: 168 time: 0.1129720
2026-06-13 23:59:43.428 10 INFO neutron.wsgi [req-d3a6f8b9-2693-455f-8fff-728def486a4a req-00b09a7b-f407-47b0-869e-3756213a68e8 277e49ef5d984633b8041c030935a035 28075bb2ca0d4cec8c9fcc8064ae0a7b - - 9ef2e5948c5541d992dd4c03bcbf193e 9ef2e5948c5541d992dd4c03bcbf193e] 199.204.45.65 "GET /v2.0/networks?id=5f6cec66-f6cd-4486-878e-85c7dffecced HTTP/1.1" status: 200 len: 970 time: 0.0771773
2026-06-13 23:59:43.462 10 INFO neutron.wsgi [req-d3a6f8b9-2693-455f-8fff-728def486a4a req-7d68f906-5dff-4818-8dc6-7ad0c7245285 277e49ef5d984633b8041c030935a035 28075bb2ca0d4cec8c9fcc8064ae0a7b - - 9ef2e5948c5541d992dd4c03bcbf193e 9ef2e5948c5541d992dd4c03bcbf193e] 199.204.45.65 "GET /v2.0/floatingips?fixed_ip_address=10.100.0.10&port_id=49bf1a33-ab23-4d82-84be-0572183dfc5e HTTP/1.1" status: 200 len: 217 time: 0.0277908
2026-06-13 23:59:43.493 9 INFO neutron.wsgi [req-fe2b2c13-90de-4140-a0d8-4d87fa57f2b9 req-d8e4af07-a47d-45df-bd8b-b3eef4d607a5 277e49ef5d984633b8041c030935a035 28075bb2ca0d4cec8c9fcc8064ae0a7b - - 9ef2e5948c5541d992dd4c03bcbf193e 9ef2e5948c5541d992dd4c03bcbf193e] 199.204.45.65 "GET /v2.0/ports?device_id=cfdf3602-a236-4d85-8710-bd404a300ead HTTP/1.1" status: 200 len: 1450 time: 0.0816212
2026-06-13 23:59:43.507 10 INFO neutron.wsgi [req-d3a6f8b9-2693-455f-8fff-728def486a4a req-8c801888-e67a-4eef-83d2-b8f0583a25d8 277e49ef5d984633b8041c030935a035 28075bb2ca0d4cec8c9fcc8064ae0a7b - - 9ef2e5948c5541d992dd4c03bcbf193e 9ef2e5948c5541d992dd4c03bcbf193e] 199.204.45.65 "GET /v2.0/subnets?id=235edea9-319d-4e35-b750-591103cb98e0 HTTP/1.1" status: 200 len: 865 time: 0.0374939
2026-06-13 23:59:43.534 10 INFO neutron.wsgi [req-d3a6f8b9-2693-455f-8fff-728def486a4a req-42587275-31ad-4c87-990e-59ebe67d34da 277e49ef5d984633b8041c030935a035 28075bb2ca0d4cec8c9fcc8064ae0a7b - - 9ef2e5948c5541d992dd4c03bcbf193e 9ef2e5948c5541d992dd4c03bcbf193e] 199.204.45.65 "GET /v2.0/ports?network_id=5f6cec66-f6cd-4486-878e-85c7dffecced&device_owner=network%3Adhcp HTTP/1.1" status: 200 len: 210 time: 0.0229158
2026-06-13 23:59:43.560 9 INFO neutron.wsgi [None req-eafde12d-2918-49a6-951b-6529d927e2b1 1583fbf81b754cbaad4fa6413829cc59 14c7d49d535c42c1b9580db273b473a0 - - default default] 10.0.0.154 "DELETE /v2.0/security-groups/babc48db-019e-4616-a036-d5e35822fa02 HTTP/1.1" status: 204 len: 168 time: 0.2080889
2026-06-13 23:59:43.565 9 INFO neutron.wsgi [req-fe2b2c13-90de-4140-a0d8-4d87fa57f2b9 req-56a45704-4777-4f3c-89a9-bee9335987a5 277e49ef5d984633b8041c030935a035 28075bb2ca0d4cec8c9fcc8064ae0a7b - - 9ef2e5948c5541d992dd4c03bcbf193e 9ef2e5948c5541d992dd4c03bcbf193e] 199.204.45.65 "GET /v2.0/security-groups?id=1f797b13-50dd-48a3-8fe8-8c2a242c3d44&id=05cd2160-7d85-485c-bbd2-c69b8ac832b8&fields=id&fields=name HTTP/1.1" status: 200 len: 405 time: 0.0631790
2026-06-13 23:59:43.589 10 INFO neutron.wsgi [req-d3a6f8b9-2693-455f-8fff-728def486a4a req-46ad1b2e-f8d3-4e04-a095-8945db146ef1 277e49ef5d984633b8041c030935a035 28075bb2ca0d4cec8c9fcc8064ae0a7b - - 9ef2e5948c5541d992dd4c03bcbf193e 9ef2e5948c5541d992dd4c03bcbf193e] 199.204.45.65 "GET /v2.0/networks/5f6cec66-f6cd-4486-878e-85c7dffecced?fields=segments HTTP/1.1" status: 200 len: 212 time: 0.0502002
2026-06-13 23:59:43.663 10 INFO neutron.wsgi [req-d3a6f8b9-2693-455f-8fff-728def486a4a req-78b8f682-d9e8-4737-8b86-babb51ba5e2d 277e49ef5d984633b8041c030935a035 28075bb2ca0d4cec8c9fcc8064ae0a7b - - 9ef2e5948c5541d992dd4c03bcbf193e 9ef2e5948c5541d992dd4c03bcbf193e] 199.204.45.65 "GET /v2.0/networks/5f6cec66-f6cd-4486-878e-85c7dffecced?fields=provider%3Aphysical_network&fields=provider%3Anetwork_type HTTP/1.1" status: 200 len: 277 time: 0.0656660
2026-06-13 23:59:43.665 10 INFO neutron.plugins.ml2.drivers.ovn.mech_driver.mech_driver [None req-7f51bcc4-bade-4819-b882-6b2b9175102a - - - - - -] OVN reports status up for port: 49bf1a33-ab23-4d82-84be-0572183dfc5e
2026-06-13 23:59:43.678 10 INFO neutron.plugins.ml2.plugin [None req-7f51bcc4-bade-4819-b882-6b2b9175102a - - - - - -] Attempt 1 to provision port 49bf1a33-ab23-4d82-84be-0572183dfc5e
2026-06-13 23:59:43.984 10 INFO neutron.db.ovn_revision_numbers_db [None req-7f51bcc4-bade-4819-b882-6b2b9175102a - - - - - -] Successfully bumped revision number for resource 49bf1a33-ab23-4d82-84be-0572183dfc5e (type: ports) to 4
2026-06-13 23:59:44.153 9 INFO neutron.wsgi [req-d46d4d1c-a61a-4be9-9765-b0968be4ee46 req-c57cfe39-6670-4610-8699-09dc92c3a2c2 a746bfa6524f44dab2e5bca2bce3e83c e8e0c92c5646468ab53e98200318f6a7 - - default default] 10.0.0.84 "GET /v2.0/ports?device_id=cfdf3602-a236-4d85-8710-bd404a300ead HTTP/1.1" status: 200 len: 1214 time: 0.0439897
2026-06-13 23:59:44.201 9 INFO neutron.wsgi [req-d46d4d1c-a61a-4be9-9765-b0968be4ee46 req-10eb219a-ce5d-40e3-9e7e-2eca8d8f461e a746bfa6524f44dab2e5bca2bce3e83c e8e0c92c5646468ab53e98200318f6a7 - - default default] 10.0.0.84 "GET /v2.0/security-groups?id=1f797b13-50dd-48a3-8fe8-8c2a242c3d44&id=05cd2160-7d85-485c-bbd2-c69b8ac832b8&fields=id&fields=name HTTP/1.1" status: 200 len: 405 time: 0.0424702
2026-06-13 23:59:44.780 9 INFO neutron.db.ovn_revision_numbers_db [None req-87537ab1-e2df-47e7-bafb-a5e3ef21f194 ffe9042a33aa4d02b4b0570c5608a184 dadf9082a04b4d8f99ec28f752e4f7d0 - - default default] Successfully bumped revision number for resource f3b1cd48-d458-4f90-b01b-dd43f51bd1ea (type: security_groups) to 1
2026-06-13 23:59:44.792 9 INFO neutron.db.ovn_revision_numbers_db [None req-87537ab1-e2df-47e7-bafb-a5e3ef21f194 ffe9042a33aa4d02b4b0570c5608a184 dadf9082a04b4d8f99ec28f752e4f7d0 - - default default] Successfully bumped revision number for resource 1851ac1e-44e8-4050-bd95-c1dade75c163 (type: security_group_rules) to 0
2026-06-13 23:59:44.805 9 INFO neutron.db.ovn_revision_numbers_db [None req-87537ab1-e2df-47e7-bafb-a5e3ef21f194 ffe9042a33aa4d02b4b0570c5608a184 dadf9082a04b4d8f99ec28f752e4f7d0 - - default default] Successfully bumped revision number for resource 21dbfadb-9265-4afe-8cee-1b0cdd5bcbd6 (type: security_group_rules) to 0
2026-06-13 23:59:44.821 9 INFO neutron.db.ovn_revision_numbers_db [None req-87537ab1-e2df-47e7-bafb-a5e3ef21f194 ffe9042a33aa4d02b4b0570c5608a184 dadf9082a04b4d8f99ec28f752e4f7d0 - - default default] Successfully bumped revision number for resource 80672b69-9517-4c5b-9093-d3147b826bbe (type: security_group_rules) to 0
2026-06-13 23:59:44.840 9 INFO neutron.db.ovn_revision_numbers_db [None req-87537ab1-e2df-47e7-bafb-a5e3ef21f194 ffe9042a33aa4d02b4b0570c5608a184 dadf9082a04b4d8f99ec28f752e4f7d0 - - default default] Successfully bumped revision number for resource f3b59c12-9d55-49b2-8ca4-3b28eb21c160 (type: security_group_rules) to 0
2026-06-13 23:59:44.868 9 INFO neutron.wsgi [None req-87537ab1-e2df-47e7-bafb-a5e3ef21f194 ffe9042a33aa4d02b4b0570c5608a184 dadf9082a04b4d8f99ec28f752e4f7d0 - - default default] 10.0.0.154 "GET /v2.0/security-groups?tenant_id=b9970c948ef540aabe602554406c9bb0&name=default HTTP/1.1" status: 200 len: 3120 time: 0.3547127 /var/lib/openstack/lib/python3.10/site-packages/pycadf/identifier.py:71: UserWarning: Invalid uuid: neutron. To ensure interoperability, identifiers should be a valid uuid. warnings.warn(('Invalid uuid: %s. To ensure interoperability, '
2026-06-13 23:59:45.019 10 INFO neutron.notifiers.nova [-] Nova event matching ['req-235e11c9-5c5b-4ffa-93f6-76e98958528a'] response: {'server_uuid': 'cfdf3602-a236-4d85-8710-bd404a300ead', 'name': 'network-vif-plugged', 'status': 'completed', 'tag': '49bf1a33-ab23-4d82-84be-0572183dfc5e', 'code': 200}
2026-06-13 23:59:45.020 10 INFO neutron.notifiers.nova [-] Nova event matching ['req-235e11c9-5c5b-4ffa-93f6-76e98958528a'] response: {'server_uuid': 'cfdf3602-a236-4d85-8710-bd404a300ead', 'name': 'network-vif-plugged', 'status': 'completed', 'tag': '49bf1a33-ab23-4d82-84be-0572183dfc5e', 'code': 200}
2026-06-13 23:59:45.157 10 INFO neutron.wsgi [None req-4ebbe03a-ffd7-4cd1-812f-84528464eb4b ffe9042a33aa4d02b4b0570c5608a184 dadf9082a04b4d8f99ec28f752e4f7d0 - - default default] 10.0.0.154 "DELETE /v2.0/security-groups/f3b1cd48-d458-4f90-b01b-dd43f51bd1ea HTTP/1.1" status: 204 len: 168 time: 0.2847672
2026-06-13 23:59:45.312 9 INFO neutron.wsgi [req-a5cec1c8-fac8-4840-8078-1a753c5ca597 req-0d27ad97-cf24-4181-9a77-7b59e614a19c a746bfa6524f44dab2e5bca2bce3e83c e8e0c92c5646468ab53e98200318f6a7 - - default default] 10.0.0.84 "GET /v2.0/ports?device_id=cfdf3602-a236-4d85-8710-bd404a300ead HTTP/1.1" status: 200 len: 1214 time: 0.0479522
2026-06-13 23:59:45.381 9 INFO neutron.wsgi [req-a5cec1c8-fac8-4840-8078-1a753c5ca597 req-5115ad4a-7504-49b0-a571-24bad5e2c123 a746bfa6524f44dab2e5bca2bce3e83c e8e0c92c5646468ab53e98200318f6a7 - - default default] 10.0.0.84 "GET /v2.0/security-groups?id=1f797b13-50dd-48a3-8fe8-8c2a242c3d44&id=05cd2160-7d85-485c-bbd2-c69b8ac832b8&fields=id&fields=name HTTP/1.1" status: 200 len: 405 time: 0.0606563
2026-06-13 23:59:45.510 10 INFO neutron.db.ovn_revision_numbers_db [None req-2bd3bd43-836d-4216-9c46-6fd1645ced99 ffe9042a33aa4d02b4b0570c5608a184 dadf9082a04b4d8f99ec28f752e4f7d0 - - default default] Successfully bumped revision number for resource 03dcd66f-be63-4f71-8805-921c61e57211 (type: security_groups) to 1
2026-06-13 23:59:45.539 10 INFO neutron.wsgi [req-ba034a81-f93e-4e1c-b232-7a7b00c22992 req-43008e75-bc8d-4380-a14f-df3490aeaf9c a746bfa6524f44dab2e5bca2bce3e83c e8e0c92c5646468ab53e98200318f6a7 - - default default] 10.0.0.84 "GET /v2.0/ports?device_id=cfdf3602-a236-4d85-8710-bd404a300ead HTTP/1.1" status: 200 len: 1214 time: 0.0627434
2026-06-13 23:59:45.541 10 INFO neutron.db.ovn_revision_numbers_db [None req-2bd3bd43-836d-4216-9c46-6fd1645ced99 ffe9042a33aa4d02b4b0570c5608a184 dadf9082a04b4d8f99ec28f752e4f7d0 - - default default] Successfully bumped revision number for resource 31187d11-6522-4bca-be6c-ba51e57f5f07 (type: security_group_rules) to 0
2026-06-13 23:59:45.557 10 INFO neutron.db.ovn_revision_numbers_db [None req-2bd3bd43-836d-4216-9c46-6fd1645ced99 ffe9042a33aa4d02b4b0570c5608a184 dadf9082a04b4d8f99ec28f752e4f7d0 - - default default] Successfully bumped revision number for resource 6c9f7172-e2c6-4d24-a134-81fbad355fae (type: security_group_rules) to 0
2026-06-13 23:59:45.578 10 INFO neutron.db.ovn_revision_numbers_db [None req-2bd3bd43-836d-4216-9c46-6fd1645ced99 ffe9042a33aa4d02b4b0570c5608a184 dadf9082a04b4d8f99ec28f752e4f7d0 - - default default] Successfully bumped revision number for resource b8698c0d-f8a0-4639-aac5-c1465141ae10 (type: security_group_rules) to 0
2026-06-13 23:59:45.595 10 INFO neutron.db.ovn_revision_numbers_db [None req-2bd3bd43-836d-4216-9c46-6fd1645ced99 ffe9042a33aa4d02b4b0570c5608a184 dadf9082a04b4d8f99ec28f752e4f7d0 - - default default] Successfully bumped revision number for resource ea9614cd-e6e3-414e-9be7-03a49330ca04 (type: security_group_rules) to 0
2026-06-13 23:59:45.621 10 INFO neutron.wsgi [None req-2bd3bd43-836d-4216-9c46-6fd1645ced99 ffe9042a33aa4d02b4b0570c5608a184 dadf9082a04b4d8f99ec28f752e4f7d0 - - default default] 10.0.0.154 "GET /v2.0/security-groups?tenant_id=530514783b1046c69aba6496eae0c53f&name=default HTTP/1.1" status: 200 len: 3120 time: 0.2804432
2026-06-13 23:59:45.967 10 WARNING neutron_lib.context [None req-a5c2462c-4d0d-4e44-bb1d-59dbee1eb7ec db52d7c6266a4b99adb7bc66bf4bfb3e 8ca505e5171a4653b698ef04dc41d717 - - default default] Method 'is_advsvc' is deprecated since 2023.2 release (neutron-lib 3.8.0) and will be removed once support for the old RBAC API policies will be removed from Neutron. Please use method 'is_service_role' instead.
2026-06-13 23:59:46.010 9 INFO neutron.wsgi [None req-874f7154-e64d-43ed-afb6-d15e3b7bb089 ffe9042a33aa4d02b4b0570c5608a184 dadf9082a04b4d8f99ec28f752e4f7d0 - - default default] 10.0.0.154 "DELETE /v2.0/security-groups/03dcd66f-be63-4f71-8805-921c61e57211 HTTP/1.1" status: 204 len: 168 time: 0.3835559
2026-06-13 23:59:46.125 10 INFO neutron.db.ovn_revision_numbers_db [None req-a5c2462c-4d0d-4e44-bb1d-59dbee1eb7ec db52d7c6266a4b99adb7bc66bf4bfb3e 8ca505e5171a4653b698ef04dc41d717 - - default default] Successfully bumped revision number for resource d0352d30-ee7c-43af-a40c-4dcd2c2cd30d (type: security_groups) to 1
2026-06-13 23:59:46.173 10 INFO neutron.db.ovn_revision_numbers_db [None req-a5c2462c-4d0d-4e44-bb1d-59dbee1eb7ec db52d7c6266a4b99adb7bc66bf4bfb3e 8ca505e5171a4653b698ef04dc41d717 - - default default] Successfully bumped revision number for resource 524b8bdb-948f-4979-94b1-bd5f07b0fa41 (type: security_group_rules) to 0
2026-06-13 23:59:46.184 9 INFO neutron.db.ovn_revision_numbers_db [None req-f0c25c13-f7af-4648-98e3-02e5966683a6 a746bfa6524f44dab2e5bca2bce3e83c e8e0c92c5646468ab53e98200318f6a7 - - default default] Successfully bumped revision number for resource b7e66c51-3b49-4034-98bd-444e12748353 (type: floatingips) to 1
2026-06-13 23:59:46.189 10 INFO neutron.db.ovn_revision_numbers_db [None req-a5c2462c-4d0d-4e44-bb1d-59dbee1eb7ec db52d7c6266a4b99adb7bc66bf4bfb3e 8ca505e5171a4653b698ef04dc41d717 - - default default] Successfully bumped revision number for resource 5592bb9c-a226-4dd9-b6de-e912fa8dbda9 (type: security_group_rules) to 0 /var/lib/openstack/lib/python3.10/site-packages/pycadf/identifier.py:71: UserWarning: Invalid uuid: neutron. To ensure interoperability, identifiers should be a valid uuid. warnings.warn(('Invalid uuid: %s. To ensure interoperability, '
2026-06-13 23:59:46.218 10 INFO neutron.db.ovn_revision_numbers_db [None req-a5c2462c-4d0d-4e44-bb1d-59dbee1eb7ec db52d7c6266a4b99adb7bc66bf4bfb3e 8ca505e5171a4653b698ef04dc41d717 - - default default] Successfully bumped revision number for resource 75065dcd-8200-4e5f-8a69-87bc2ae2df13 (type: security_group_rules) to 0
2026-06-13 23:59:46.233 10 INFO neutron.db.ovn_revision_numbers_db [None req-a5c2462c-4d0d-4e44-bb1d-59dbee1eb7ec db52d7c6266a4b99adb7bc66bf4bfb3e 8ca505e5171a4653b698ef04dc41d717 - - default default] Successfully bumped revision number for resource dad3e227-1ccd-4527-9480-ad457e220111 (type: security_group_rules) to 0
2026-06-13 23:59:46.252 10 INFO neutron.wsgi [None req-410852f4-beb3-4db4-9001-2bcbed3b7d18 ffe9042a33aa4d02b4b0570c5608a184 dadf9082a04b4d8f99ec28f752e4f7d0 - - default default] 10.0.0.154 "GET /v2.0/security-groups?tenant_id=14c7d49d535c42c1b9580db273b473a0&name=default HTTP/1.1" status: 200 len: 3120 time: 0.0587821
2026-06-13 23:59:46.292 10 INFO neutron.db.segments_db [None req-a5c2462c-4d0d-4e44-bb1d-59dbee1eb7ec db52d7c6266a4b99adb7bc66bf4bfb3e 8ca505e5171a4653b698ef04dc41d717 - - default default] Added segment 5390e0c0-20d8-467b-98d5-fd324af62587 of type geneve for network 8f0fe52f-f765-46ac-abbb-378867a6d8a9
2026-06-13 23:59:46.337 9 INFO neutron.db.ovn_revision_numbers_db [None req-f0c25c13-f7af-4648-98e3-02e5966683a6 a746bfa6524f44dab2e5bca2bce3e83c e8e0c92c5646468ab53e98200318f6a7 - - default default] Successfully bumped revision number for resource b7e66c51-3b49-4034-98bd-444e12748353 (type: floatingips) to 2
2026-06-13 23:59:46.337 9 INFO neutron.db.l3_db [None req-f0c25c13-f7af-4648-98e3-02e5966683a6 a746bfa6524f44dab2e5bca2bce3e83c e8e0c92c5646468ab53e98200318f6a7 - - default default] Floating IP b7e66c51-3b49-4034-98bd-444e12748353 associated. External IP: 10.96.250.216, port: 49bf1a33-ab23-4d82-84be-0572183dfc5e.
2026-06-13 23:59:46.374 9 INFO neutron.wsgi [None req-f0c25c13-f7af-4648-98e3-02e5966683a6 a746bfa6524f44dab2e5bca2bce3e83c e8e0c92c5646468ab53e98200318f6a7 - - default default] 10.0.0.154 "PUT /v2.0/floatingips/b7e66c51-3b49-4034-98bd-444e12748353 HTTP/1.1" status: 200 len: 1050 time: 0.8231351
2026-06-13 23:59:46.417 9 INFO neutron.notifiers.nova [-] Nova event matching ['req-12f560f5-ef2c-47f4-af7d-64aa6647fea6'] response: {'name': 'network-changed', 'server_uuid': 'cfdf3602-a236-4d85-8710-bd404a300ead', 'tag': '49bf1a33-ab23-4d82-84be-0572183dfc5e', 'status': 'completed', 'code': 200}
2026-06-13 23:59:46.487 10 INFO neutron.db.ovn_revision_numbers_db [None req-a5c2462c-4d0d-4e44-bb1d-59dbee1eb7ec db52d7c6266a4b99adb7bc66bf4bfb3e 8ca505e5171a4653b698ef04dc41d717 - - default default] Successfully bumped revision number for resource 8f0fe52f-f765-46ac-abbb-378867a6d8a9 (type: networks) to 1
2026-06-13 23:59:46.494 10 INFO neutron.wsgi [req-9aa88286-2f44-4a99-82ce-7b23cf5d4432 req-a31c0496-fd47-49b8-8db9-aeb6a57ac436 277e49ef5d984633b8041c030935a035 28075bb2ca0d4cec8c9fcc8064ae0a7b - - 9ef2e5948c5541d992dd4c03bcbf193e 9ef2e5948c5541d992dd4c03bcbf193e] 199.204.45.65 "GET /v2.0/ports?tenant_id=e8e0c92c5646468ab53e98200318f6a7&device_id=cfdf3602-a236-4d85-8710-bd404a300ead HTTP/1.1" status: 200 len: 1452 time: 0.0452540
2026-06-13 23:59:46.553 9 INFO neutron.wsgi [None req-53d32c26-093b-4355-8eac-3b4b63c527fd ffe9042a33aa4d02b4b0570c5608a184 dadf9082a04b4d8f99ec28f752e4f7d0 - - default default] 10.0.0.154 "DELETE /v2.0/security-groups/553c4cc6-ab23-4967-9c74-34df5decffbf HTTP/1.1" status: 204 len: 168 time: 0.2920861
2026-06-13 23:59:46.828 10 INFO neutron.wsgi [req-9aa88286-2f44-4a99-82ce-7b23cf5d4432 req-3e3a08be-2b74-4a47-9781-23f260f8923c 277e49ef5d984633b8041c030935a035 28075bb2ca0d4cec8c9fcc8064ae0a7b - - 9ef2e5948c5541d992dd4c03bcbf193e 9ef2e5948c5541d992dd4c03bcbf193e] 199.204.45.65 "GET /v2.0/networks?id=5f6cec66-f6cd-4486-878e-85c7dffecced HTTP/1.1" status: 200 len: 970 time: 0.3258922
2026-06-13 23:59:46.910 10 INFO neutron.wsgi [req-9aa88286-2f44-4a99-82ce-7b23cf5d4432 req-0b86e9d2-2b1e-43dd-8e27-047c5e3732dc 277e49ef5d984633b8041c030935a035 28075bb2ca0d4cec8c9fcc8064ae0a7b - - 9ef2e5948c5541d992dd4c03bcbf193e 9ef2e5948c5541d992dd4c03bcbf193e] 199.204.45.65 "GET /v2.0/floatingips?fixed_ip_address=10.100.0.10&port_id=49bf1a33-ab23-4d82-84be-0572183dfc5e HTTP/1.1" status: 200 len: 1060 time: 0.0729527
2026-06-13 23:59:46.938 10 INFO neutron.wsgi [req-4da64893-480c-4ab6-85fd-09b2d0d3d8df req-a96d003a-b8de-4689-8a2e-e48af5492bf3 277e49ef5d984633b8041c030935a035 28075bb2ca0d4cec8c9fcc8064ae0a7b - - 9ef2e5948c5541d992dd4c03bcbf193e 9ef2e5948c5541d992dd4c03bcbf193e] 10.0.0.59 "GET /v2.0/ports?device_id=d97f7f13-f3ab-4039-b85f-963b906fcd9a HTTP/1.1" status: 200 len: 1409 time: 0.0664866
2026-06-13 23:59:46.983 10 INFO neutron.wsgi [req-9aa88286-2f44-4a99-82ce-7b23cf5d4432 req-847dc9ea-ef78-4061-a295-ad6f2bdef4f2 277e49ef5d984633b8041c030935a035 28075bb2ca0d4cec8c9fcc8064ae0a7b - - 9ef2e5948c5541d992dd4c03bcbf193e 9ef2e5948c5541d992dd4c03bcbf193e] 199.204.45.65 "GET /v2.0/subnets?id=235edea9-319d-4e35-b750-591103cb98e0 HTTP/1.1" status: 200 len: 865 time: 0.0686278
2026-06-13 23:59:47.020 10 INFO neutron.wsgi [req-9aa88286-2f44-4a99-82ce-7b23cf5d4432 req-0fc9e976-48b4-44f8-bcc6-0b2fbb062f15 277e49ef5d984633b8041c030935a035 28075bb2ca0d4cec8c9fcc8064ae0a7b - - 9ef2e5948c5541d992dd4c03bcbf193e 9ef2e5948c5541d992dd4c03bcbf193e] 199.204.45.65 "GET /v2.0/ports?network_id=5f6cec66-f6cd-4486-878e-85c7dffecced&device_owner=network%3Adhcp HTTP/1.1" status: 200 len: 210 time: 0.0260687
2026-06-13 23:59:47.022 10 INFO neutron.wsgi [req-4da64893-480c-4ab6-85fd-09b2d0d3d8df req-27755053-ed6a-4a3b-95d5-932c719261cd 277e49ef5d984633b8041c030935a035 28075bb2ca0d4cec8c9fcc8064ae0a7b - - 9ef2e5948c5541d992dd4c03bcbf193e 9ef2e5948c5541d992dd4c03bcbf193e] 10.0.0.59 "GET /v2.0/security-groups?id=a3dc0bb1-1445-4a53-8cfc-30c4022e209f&fields=id&fields=name HTTP/1.1" status: 200 len: 313 time: 0.0790598
2026-06-13 23:59:47.058 10 WARNING neutron.scheduler.dhcp_agent_scheduler [None req-a5c2462c-4d0d-4e44-bb1d-59dbee1eb7ec db52d7c6266a4b99adb7bc66bf4bfb3e 8ca505e5171a4653b698ef04dc41d717 - - default default] No more DHCP agents
2026-06-13 23:59:47.063 10 WARNING neutron.api.rpc.agentnotifiers.dhcp_rpc_agent_api [None req-a5c2462c-4d0d-4e44-bb1d-59dbee1eb7ec db52d7c6266a4b99adb7bc66bf4bfb3e 8ca505e5171a4653b698ef04dc41d717 - - default default] Unable to schedule network 8f0fe52f-f765-46ac-abbb-378867a6d8a9: no agents available; will retry on subsequent port and subnet creation events.
2026-06-13 23:59:47.122 10 INFO neutron.wsgi [req-9aa88286-2f44-4a99-82ce-7b23cf5d4432 req-d016f1e6-6d79-41ae-8e0a-334eaa33ef47 277e49ef5d984633b8041c030935a035 28075bb2ca0d4cec8c9fcc8064ae0a7b - - 9ef2e5948c5541d992dd4c03bcbf193e 9ef2e5948c5541d992dd4c03bcbf193e] 199.204.45.65 "GET /v2.0/networks/5f6cec66-f6cd-4486-878e-85c7dffecced?fields=segments HTTP/1.1" status: 200 len: 212 time: 0.0907469
2026-06-13 23:59:47.196 10 INFO neutron.db.ovn_revision_numbers_db [None req-a5c2462c-4d0d-4e44-bb1d-59dbee1eb7ec db52d7c6266a4b99adb7bc66bf4bfb3e 8ca505e5171a4653b698ef04dc41d717 - - default default] Successfully bumped revision number for resource 465de6f9-9965-474c-9e63-02ab90cab8e9 (type: ports) to 1
2026-06-13 23:59:47.200 10 INFO neutron.wsgi [req-9aa88286-2f44-4a99-82ce-7b23cf5d4432 req-0a9633d4-ce77-4619-8cff-59bfcdaf8b13 277e49ef5d984633b8041c030935a035 28075bb2ca0d4cec8c9fcc8064ae0a7b - - 9ef2e5948c5541d992dd4c03bcbf193e 9ef2e5948c5541d992dd4c03bcbf193e] 199.204.45.65 "GET /v2.0/networks/5f6cec66-f6cd-4486-878e-85c7dffecced?fields=provider%3Aphysical_network&fields=provider%3Anetwork_type HTTP/1.1" status: 200 len: 277 time: 0.0731380
2026-06-13 23:59:47.225 10 INFO neutron.wsgi [None req-a5c2462c-4d0d-4e44-bb1d-59dbee1eb7ec db52d7c6266a4b99adb7bc66bf4bfb3e 8ca505e5171a4653b698ef04dc41d717 - - default default] 10.0.0.154 "POST /v2.0/networks HTTP/1.1" status: 201 len: 831 time: 1.4611707
2026-06-13 23:59:47.234 10 WARNING neutron_lib.context [None req-ac4ed580-4a08-4a3a-b8e3-a09351bfeb87 db52d7c6266a4b99adb7bc66bf4bfb3e 8ca505e5171a4653b698ef04dc41d717 - - default default] Method 'is_advsvc' is deprecated since 2023.2 release (neutron-lib 3.8.0) and will be removed once support for the old RBAC API policies will be removed from Neutron. Please use method 'is_service_role' instead.
2026-06-13 23:59:47.329 10 INFO neutron.db.segments_db [None req-ac4ed580-4a08-4a3a-b8e3-a09351bfeb87 db52d7c6266a4b99adb7bc66bf4bfb3e 8ca505e5171a4653b698ef04dc41d717 - - default default] Added segment da669df5-98e4-452e-9b15-0be22733d15f of type geneve for network aa454208-b2bd-49de-930e-f1a9172dab5e
2026-06-13 23:59:47.482 10 INFO neutron.db.ovn_revision_numbers_db [None req-ac4ed580-4a08-4a3a-b8e3-a09351bfeb87 db52d7c6266a4b99adb7bc66bf4bfb3e 8ca505e5171a4653b698ef04dc41d717 - - default default] Successfully bumped revision number for resource aa454208-b2bd-49de-930e-f1a9172dab5e (type: networks) to 1
2026-06-13 23:59:47.703 10 WARNING neutron.scheduler.dhcp_agent_scheduler [None req-ac4ed580-4a08-4a3a-b8e3-a09351bfeb87 db52d7c6266a4b99adb7bc66bf4bfb3e 8ca505e5171a4653b698ef04dc41d717 - - default default] No more DHCP agents
2026-06-13 23:59:47.705 10 WARNING neutron.api.rpc.agentnotifiers.dhcp_rpc_agent_api [None req-ac4ed580-4a08-4a3a-b8e3-a09351bfeb87 db52d7c6266a4b99adb7bc66bf4bfb3e 8ca505e5171a4653b698ef04dc41d717 - - default default] Unable to schedule network aa454208-b2bd-49de-930e-f1a9172dab5e: no agents available; will retry on subsequent port and subnet creation events.
2026-06-13 23:59:47.802 10 INFO neutron.db.ovn_revision_numbers_db [None req-ac4ed580-4a08-4a3a-b8e3-a09351bfeb87 db52d7c6266a4b99adb7bc66bf4bfb3e 8ca505e5171a4653b698ef04dc41d717 - - default default] Successfully bumped revision number for resource 10d5ba5a-f862-4db3-97ec-826acef7918f (type: ports) to 1
2026-06-13 23:59:47.823 10 INFO neutron.wsgi [None req-ac4ed580-4a08-4a3a-b8e3-a09351bfeb87 db52d7c6266a4b99adb7bc66bf4bfb3e 8ca505e5171a4653b698ef04dc41d717 - - default default] 10.0.0.154 "POST /v2.0/networks HTTP/1.1" status: 201 len: 830 time: 0.5936370
2026-06-13 23:59:47.832 10 WARNING neutron_lib.context [None req-a9a52ace-cafc-4f18-9ff5-582a9c8aa93e db52d7c6266a4b99adb7bc66bf4bfb3e 8ca505e5171a4653b698ef04dc41d717 - - default default] Method 'is_advsvc' is deprecated since 2023.2 release (neutron-lib 3.8.0) and will be removed once support for the old RBAC API policies will be removed from Neutron. Please use method 'is_service_role' instead.
2026-06-13 23:59:47.938 10 INFO neutron.db.segments_db [None req-a9a52ace-cafc-4f18-9ff5-582a9c8aa93e db52d7c6266a4b99adb7bc66bf4bfb3e 8ca505e5171a4653b698ef04dc41d717 - - default default] Added segment 5af869c8-ad28-4d5c-a601-805b0a045bd0 of type geneve for network f8b2418f-cad4-4e84-8817-46ab6c319988
2026-06-13 23:59:48.083 10 INFO neutron.db.ovn_revision_numbers_db [None req-a9a52ace-cafc-4f18-9ff5-582a9c8aa93e db52d7c6266a4b99adb7bc66bf4bfb3e 8ca505e5171a4653b698ef04dc41d717 - - default default] Successfully bumped revision number for resource f8b2418f-cad4-4e84-8817-46ab6c319988 (type: networks) to 1
2026-06-13 23:59:48.281 10 WARNING neutron.scheduler.dhcp_agent_scheduler [None req-a9a52ace-cafc-4f18-9ff5-582a9c8aa93e db52d7c6266a4b99adb7bc66bf4bfb3e 8ca505e5171a4653b698ef04dc41d717 - - default default] No more DHCP agents
2026-06-13 23:59:48.284 10 WARNING neutron.api.rpc.agentnotifiers.dhcp_rpc_agent_api [None req-a9a52ace-cafc-4f18-9ff5-582a9c8aa93e db52d7c6266a4b99adb7bc66bf4bfb3e 8ca505e5171a4653b698ef04dc41d717 - - default default] Unable to schedule network f8b2418f-cad4-4e84-8817-46ab6c319988: no agents available; will retry on subsequent port and subnet creation events.
2026-06-13 23:59:48.377 10 INFO neutron.db.ovn_revision_numbers_db [None req-a9a52ace-cafc-4f18-9ff5-582a9c8aa93e db52d7c6266a4b99adb7bc66bf4bfb3e 8ca505e5171a4653b698ef04dc41d717 - - default default] Successfully bumped revision number for resource 39623747-82db-470c-8c01-0a5de10ee85d (type: ports) to 1
2026-06-13 23:59:48.403 10 INFO neutron.wsgi [None req-a9a52ace-cafc-4f18-9ff5-582a9c8aa93e db52d7c6266a4b99adb7bc66bf4bfb3e 8ca505e5171a4653b698ef04dc41d717 - - default default] 10.0.0.154 "POST /v2.0/networks HTTP/1.1" status: 201 len: 831 time: 0.5755992
2026-06-13 23:59:48.429 9 WARNING neutron_lib.context [None req-dc0e1b00-0a0a-4d72-afec-e6cf5b288467 db52d7c6266a4b99adb7bc66bf4bfb3e 8ca505e5171a4653b698ef04dc41d717 - - default default] Method 'is_advsvc' is deprecated since 2023.2 release (neutron-lib 3.8.0) and will be removed once support for the old RBAC API policies will be removed from Neutron. Please use method 'is_service_role' instead.
2026-06-13 23:59:48.530 9 INFO neutron.db.segments_db [None req-dc0e1b00-0a0a-4d72-afec-e6cf5b288467 db52d7c6266a4b99adb7bc66bf4bfb3e 8ca505e5171a4653b698ef04dc41d717 - - default default] Added segment a865bb49-3997-4f4c-ab4c-a3f5bb1fab77 of type geneve for network 41938a33-4506-4469-9b53-90b705b117da
2026-06-13 23:59:48.688 9 INFO neutron.db.ovn_revision_numbers_db [None req-dc0e1b00-0a0a-4d72-afec-e6cf5b288467 db52d7c6266a4b99adb7bc66bf4bfb3e 8ca505e5171a4653b698ef04dc41d717 - - default default] Successfully bumped revision number for resource 41938a33-4506-4469-9b53-90b705b117da (type: networks) to 1
2026-06-13 23:59:48.878 9 WARNING neutron.scheduler.dhcp_agent_scheduler [None req-dc0e1b00-0a0a-4d72-afec-e6cf5b288467 db52d7c6266a4b99adb7bc66bf4bfb3e 8ca505e5171a4653b698ef04dc41d717 - - default default] No more DHCP agents
2026-06-13 23:59:48.880 9 WARNING neutron.api.rpc.agentnotifiers.dhcp_rpc_agent_api [None req-dc0e1b00-0a0a-4d72-afec-e6cf5b288467 db52d7c6266a4b99adb7bc66bf4bfb3e 8ca505e5171a4653b698ef04dc41d717 - - default default] Unable to schedule network 41938a33-4506-4469-9b53-90b705b117da: no agents available; will retry on subsequent port and subnet creation events.
2026-06-13 23:59:48.973 9 INFO neutron.db.ovn_revision_numbers_db [None req-dc0e1b00-0a0a-4d72-afec-e6cf5b288467 db52d7c6266a4b99adb7bc66bf4bfb3e 8ca505e5171a4653b698ef04dc41d717 - - default default] Successfully bumped revision number for resource 820d1d76-2b5e-4c37-a8ff-83fd66bf17a8 (type: ports) to 1
2026-06-13 23:59:49.002 9 INFO neutron.wsgi [None req-dc0e1b00-0a0a-4d72-afec-e6cf5b288467 db52d7c6266a4b99adb7bc66bf4bfb3e 8ca505e5171a4653b698ef04dc41d717 - - default default] 10.0.0.154 "POST /v2.0/networks HTTP/1.1" status: 201 len: 831 time: 0.5801113
2026-06-13 23:59:49.011 9 WARNING neutron_lib.context [None req-47cdbda3-31e4-478d-bb61-5649c7917d5e db52d7c6266a4b99adb7bc66bf4bfb3e 8ca505e5171a4653b698ef04dc41d717 - - default default] Method 'is_advsvc' is deprecated since 2023.2 release (neutron-lib 3.8.0) and will be removed once support for the old RBAC API policies will be removed from Neutron. Please use method 'is_service_role' instead.
2026-06-13 23:59:49.099 9 INFO neutron.db.segments_db [None req-47cdbda3-31e4-478d-bb61-5649c7917d5e db52d7c6266a4b99adb7bc66bf4bfb3e 8ca505e5171a4653b698ef04dc41d717 - - default default] Added segment 694c923c-899c-4ea3-90cc-5a4706d374c0 of type geneve for network 67852794-3cae-4ccb-b4a5-ba11173c4177
2026-06-13 23:59:49.224 9 INFO neutron.db.ovn_revision_numbers_db [None req-47cdbda3-31e4-478d-bb61-5649c7917d5e db52d7c6266a4b99adb7bc66bf4bfb3e 8ca505e5171a4653b698ef04dc41d717 - - default default] Successfully bumped revision number for resource 67852794-3cae-4ccb-b4a5-ba11173c4177 (type: networks) to 1
2026-06-13 23:59:49.725 9 WARNING neutron.scheduler.dhcp_agent_scheduler [None req-47cdbda3-31e4-478d-bb61-5649c7917d5e db52d7c6266a4b99adb7bc66bf4bfb3e 8ca505e5171a4653b698ef04dc41d717 - - default default] No more DHCP agents
2026-06-13 23:59:49.728 9 WARNING neutron.api.rpc.agentnotifiers.dhcp_rpc_agent_api [None req-47cdbda3-31e4-478d-bb61-5649c7917d5e db52d7c6266a4b99adb7bc66bf4bfb3e 8ca505e5171a4653b698ef04dc41d717 - - default default] Unable to schedule network 67852794-3cae-4ccb-b4a5-ba11173c4177: no agents available; will retry on subsequent port and subnet creation events.
2026-06-13 23:59:49.840 9 INFO neutron.db.ovn_revision_numbers_db [None req-47cdbda3-31e4-478d-bb61-5649c7917d5e db52d7c6266a4b99adb7bc66bf4bfb3e 8ca505e5171a4653b698ef04dc41d717 - - default default] Successfully bumped revision number for resource eacab63e-03d1-442b-a89e-f8c72342a997 (type: ports) to 1
2026-06-13 23:59:49.882 10 INFO neutron.plugins.ml2.drivers.ovn.mech_driver.mech_driver [None req-7f51bcc4-bade-4819-b882-6b2b9175102a - - - - - -] OVN reports status down for port: 8ac85b1f-49f7-472e-af93-f021cf7c1b08
2026-06-13 23:59:49.883 9 INFO neutron.wsgi [None req-47cdbda3-31e4-478d-bb61-5649c7917d5e db52d7c6266a4b99adb7bc66bf4bfb3e 8ca505e5171a4653b698ef04dc41d717 - - default default] 10.0.0.154 "POST /v2.0/networks HTTP/1.1" status: 201 len: 829 time: 0.8754749
2026-06-13 23:59:49.924 10 INFO neutron.wsgi [req-ca5374e7-138e-4dec-b5c2-6c0560493a46 req-142dd536-e33a-4de2-bf6b-51e4a13ed94e 39722df709be4183ba86ab3aa5e06cf1 799d194f5d38429c823455ee4e158f96 - - default default] 10.0.0.84 "GET /v2.0/ports?device_id=d97f7f13-f3ab-4039-b85f-963b906fcd9a HTTP/1.1" status: 200 len: 1170 time: 0.1222756
2026-06-13 23:59:49.946 9 INFO neutron.wsgi [None req-9bbf810d-a43d-43a2-be5f-feebf8d0b9b3 db52d7c6266a4b99adb7bc66bf4bfb3e 8ca505e5171a4653b698ef04dc41d717 - - default default] 10.0.0.154 "PUT /v2.0/networks/8f0fe52f-f765-46ac-abbb-378867a6d8a9/tags HTTP/1.1" status: 200 len: 210 time: 0.0574048
2026-06-13 23:59:49.978 10 INFO neutron.wsgi [req-ca5374e7-138e-4dec-b5c2-6c0560493a46 req-d11cb8a0-e8a9-4d9d-bdd7-319a55a4f164 39722df709be4183ba86ab3aa5e06cf1 799d194f5d38429c823455ee4e158f96 - - default default] 10.0.0.84 "GET /v2.0/security-groups?id=a3dc0bb1-1445-4a53-8cfc-30c4022e209f&fields=id&fields=name HTTP/1.1" status: 200 len: 313 time: 0.0498824
2026-06-13 23:59:50.009 9 INFO neutron.wsgi [None req-13dce6e6-2c6b-45c2-8e7a-74265d7415f3 db52d7c6266a4b99adb7bc66bf4bfb3e 8ca505e5171a4653b698ef04dc41d717 - - default default] 10.0.0.154 "PUT /v2.0/networks/aa454208-b2bd-49de-930e-f1a9172dab5e/tags HTTP/1.1" status: 200 len: 218 time: 0.0563717
2026-06-13 23:59:50.043 10 INFO neutron.notifiers.nova [-] Nova event matching ['req-a7fbc487-ac62-4816-b742-5138f4a4fda9'] response: {'server_uuid': 'd97f7f13-f3ab-4039-b85f-963b906fcd9a', 'name': 'network-vif-unplugged', 'status': 'completed', 'tag': '8ac85b1f-49f7-472e-af93-f021cf7c1b08', 'code': 200}
2026-06-13 23:59:50.064 9 INFO neutron.wsgi [None req-7bb893b0-7b33-4f44-9c08-320e72cf0b1c db52d7c6266a4b99adb7bc66bf4bfb3e 8ca505e5171a4653b698ef04dc41d717 - - default default] 10.0.0.154 "PUT /v2.0/networks/f8b2418f-cad4-4e84-8817-46ab6c319988/tags HTTP/1.1" status: 200 len: 227 time: 0.0511856
2026-06-13 23:59:50.156 10 INFO neutron.wsgi [None req-a8478d8e-77f5-4075-954f-b7c247caee2f db52d7c6266a4b99adb7bc66bf4bfb3e 8ca505e5171a4653b698ef04dc41d717 - - default default] 10.0.0.154 "PUT /v2.0/networks/41938a33-4506-4469-9b53-90b705b117da/tags HTTP/1.1" status: 200 len: 212 time: 0.0889912
2026-06-13 23:59:50.171 10 INFO neutron.wsgi [req-edc4a914-e404-447b-b646-a9f269e097fe req-6404e8c5-802a-44c9-abc9-7f7f7e7792c5 39722df709be4183ba86ab3aa5e06cf1 799d194f5d38429c823455ee4e158f96 - - default default] 199.204.45.65 "GET /v2.0/ports?device_id=d97f7f13-f3ab-4039-b85f-963b906fcd9a HTTP/1.1" status: 200 len: 1168 time: 0.0571430
