2026-06-13 23:56:39.335 10 WARNING neutron_lib.context [None req-91f6f17a-43b5-41a0-9c4f-2cb54d2cc8a3 e85ad9ba0761486b89ba28cf75500e95 5ca0aa1104294bff9838032208f1803a - - default default] Method 'is_advsvc' is deprecated since 2023.2 release (neutron-lib 3.8.0) and will be removed once support for the old RBAC API policies will be removed from Neutron. Please use method 'is_service_role' instead.
2026-06-13 23:56:39.341 10 INFO neutron.api.v2.resource [req-f31a9225-a5dc-4859-a627-962770fb1b79 req-65673144-36ab-4cd6-b5b8-f4ea0649a51d 13356c2bead54724bacd45c7ab792d75 007a907516044419b00f37faf4c48a47 - - default default] show failed (client error): The resource could not be found.
2026-06-13 23:56:39.342 10 INFO neutron.wsgi [req-f31a9225-a5dc-4859-a627-962770fb1b79 req-65673144-36ab-4cd6-b5b8-f4ea0649a51d 13356c2bead54724bacd45c7ab792d75 007a907516044419b00f37faf4c48a47 - - default default] 10.0.0.84 "GET /v2.0/security-groups/3fbdacd6-a460-4823-8e37-ee1b8a53dd93 HTTP/1.1" status: 404 len: 352 time: 0.0173252
2026-06-13 23:56:39.357 9 INFO neutron.wsgi [req-cdb4f538-6b49-4e41-9307-cf0b7a35e1b0 req-b596f98f-452e-4cf3-8e5e-843a6d234b9b fac44a20f1b1439bb67982f3a020240e 676c0ed1bf7946618fcbb4e7f0a93169 - - default default] 10.0.0.84 "GET /v2.0/security-groups/011500f2-293b-48ee-bb78-9317f41304d1 HTTP/1.1" status: 200 len: 2509 time: 0.0424612
2026-06-13 23:56:39.390 10 INFO neutron.api.v2.resource [req-98afb0a4-e42b-4d8b-913f-0ae051835141 req-960f42fb-f801-43d0-a84c-340c6f6dd8af 13356c2bead54724bacd45c7ab792d75 007a907516044419b00f37faf4c48a47 - - default default] show failed (client error): The resource could not be found.
2026-06-13 23:56:39.391 10 INFO neutron.wsgi [req-98afb0a4-e42b-4d8b-913f-0ae051835141 req-960f42fb-f801-43d0-a84c-340c6f6dd8af 13356c2bead54724bacd45c7ab792d75 007a907516044419b00f37faf4c48a47 - - default default] 10.0.0.84 "GET /v2.0/security-groups/fd39c9cd-8547-48fb-b54f-295bb032f4c9 HTTP/1.1" status: 404 len: 352 time: 0.0291696
2026-06-13 23:56:39.425 10 INFO neutron.api.v2.resource [req-739ed691-4b70-476d-8187-fb7b9f54a8c2 req-5be6910a-1a63-4fc2-a3a7-0aa90f95cc47 13356c2bead54724bacd45c7ab792d75 007a907516044419b00f37faf4c48a47 - - default default] show failed (client error): The resource could not be found.
2026-06-13 23:56:39.426 10 INFO neutron.wsgi [req-739ed691-4b70-476d-8187-fb7b9f54a8c2 req-5be6910a-1a63-4fc2-a3a7-0aa90f95cc47 13356c2bead54724bacd45c7ab792d75 007a907516044419b00f37faf4c48a47 - - default default] 10.0.0.84 "GET /v2.0/security-groups/3d080db1-f7d6-43e4-a409-a95ecb00d4cf HTTP/1.1" status: 404 len: 352 time: 0.0169139
2026-06-13 23:56:39.442 10 INFO neutron.wsgi [None req-3f476979-cbc9-403c-bf70-51a0119a82b6 c468cd31e2bf4aecb78772b07f1ed827 2ca3cfa1940e46c3acd5db493732b0d9 - - default default] 10.0.0.154 "POST /v2.0/floatingips HTTP/1.1" status: 201 len: 751 time: 0.7789803
2026-06-13 23:56:39.531 10 INFO neutron.db.ovn_revision_numbers_db [None req-91f6f17a-43b5-41a0-9c4f-2cb54d2cc8a3 e85ad9ba0761486b89ba28cf75500e95 5ca0aa1104294bff9838032208f1803a - - default default] Successfully bumped revision number for resource 21e8730b-3abe-4c31-94b4-adbb3090cae8 (type: security_group_rules) to 0
2026-06-13 23:56:39.554 10 INFO neutron.wsgi [None req-91f6f17a-43b5-41a0-9c4f-2cb54d2cc8a3 e85ad9ba0761486b89ba28cf75500e95 5ca0aa1104294bff9838032208f1803a - - default default] 10.0.0.154 "POST /v2.0/security-group-rules HTTP/1.1" status: 201 len: 801 time: 0.2233472
2026-06-13 23:56:39.565 10 WARNING neutron_lib.context [None req-eae7ed75-bb5c-48e8-bb45-b661439b1881 e85ad9ba0761486b89ba28cf75500e95 5ca0aa1104294bff9838032208f1803a - - default default] Method 'is_advsvc' is deprecated since 2023.2 release (neutron-lib 3.8.0) and will be removed once support for the old RBAC API policies will be removed from Neutron. Please use method 'is_service_role' instead.
2026-06-13 23:56:39.692 9 INFO neutron.wsgi [req-cdb4f538-6b49-4e41-9307-cf0b7a35e1b0 req-dc83667f-0b65-4842-a09b-de5f87fa9a39 fac44a20f1b1439bb67982f3a020240e 676c0ed1bf7946618fcbb4e7f0a93169 - - default default] 10.0.0.84 "DELETE /v2.0/security-groups/011500f2-293b-48ee-bb78-9317f41304d1 HTTP/1.1" status: 204 len: 173 time: 0.3272696
2026-06-13 23:56:39.761 10 INFO neutron.wsgi [req-2542c975-3d6e-46c5-8497-6e87995ae5c7 req-5de0c18b-96b3-4d4d-bb3c-6faa4b9e01d8 fac44a20f1b1439bb67982f3a020240e 676c0ed1bf7946618fcbb4e7f0a93169 - - default default] 10.0.0.84 "GET /v2.0/security-groups/c57cb359-3615-40ae-bb68-e122f9b8e7ab HTTP/1.1" status: 200 len: 2510 time: 0.0349624
2026-06-13 23:56:39.929 10 INFO neutron.wsgi [req-2542c975-3d6e-46c5-8497-6e87995ae5c7 req-7f1358a8-70d8-45bf-987d-9aeb967e0e3d fac44a20f1b1439bb67982f3a020240e 676c0ed1bf7946618fcbb4e7f0a93169 - - default default] 10.0.0.84 "DELETE /v2.0/security-groups/c57cb359-3615-40ae-bb68-e122f9b8e7ab HTTP/1.1" status: 204 len: 173 time: 0.1596911
2026-06-13 23:56:40.013 9 INFO neutron.db.ovn_revision_numbers_db [None req-ab46c11e-e476-4e28-b476-30ebb8a685c9 - - - - - -] Successfully bumped revision number for resource 10f6f087-8b6f-4013-adeb-70fb24861a07 (type: ports) to 1
2026-06-13 23:56:40.019 10 WARNING neutron.scheduler.dhcp_agent_scheduler [None req-eae7ed75-bb5c-48e8-bb45-b661439b1881 e85ad9ba0761486b89ba28cf75500e95 5ca0aa1104294bff9838032208f1803a - - default default] No more DHCP agents
2026-06-13 23:56:40.023 10 WARNING neutron.api.rpc.agentnotifiers.dhcp_rpc_agent_api [None req-eae7ed75-bb5c-48e8-bb45-b661439b1881 e85ad9ba0761486b89ba28cf75500e95 5ca0aa1104294bff9838032208f1803a - - default default] Unable to schedule network 7b8efc48-fb63-4bd9-9cba-92e000cacdfb: no agents available; will retry on subsequent port and subnet creation events.
2026-06-13 23:56:40.428 10 INFO neutron.wsgi [None req-eae7ed75-bb5c-48e8-bb45-b661439b1881 e85ad9ba0761486b89ba28cf75500e95 5ca0aa1104294bff9838032208f1803a - - default default] 10.0.0.154 "POST /v2.0/floatingips HTTP/1.1" status: 201 len: 751 time: 0.8680320
2026-06-13 23:56:40.652 9 INFO neutron.db.ovn_revision_numbers_db [None req-ab46c11e-e476-4e28-b476-30ebb8a685c9 - - - - - -] Successfully bumped revision number for resource 10f6f087-8b6f-4013-adeb-70fb24861a07 (type: router_ports) to 3
2026-06-13 23:56:40.821 9 WARNING neutron.plugins.ml2.drivers.ovn.mech_driver.ovsdb.ovn_client [None req-994a81b5-3fe4-49cd-b805-57da2d353614 - - - - - -] No port found with ID 27a10c5f-7f90-4845-8678-67dffa3ed74f: RuntimeError: No port found with ID 27a10c5f-7f90-4845-8678-67dffa3ed74f
2026-06-13 23:56:40.821 9 INFO neutron.plugins.ml2.drivers.ovn.mech_driver.mech_driver [None req-994a81b5-3fe4-49cd-b805-57da2d353614 - - - - - -] OVN reports status up for port: b66c1891-73dd-46c9-b426-35616e3d110d
2026-06-13 23:56:40.857 9 INFO neutron.plugins.ml2.plugin [None req-994a81b5-3fe4-49cd-b805-57da2d353614 - - - - - -] Attempt 1 to provision port b66c1891-73dd-46c9-b426-35616e3d110d
2026-06-13 23:56:40.927 9 INFO neutron.wsgi [req-48a1a290-c32d-4ca5-9d87-316f0a76d7df req-c6e086d6-f560-4244-8832-b7841f0109bc e85ad9ba0761486b89ba28cf75500e95 5ca0aa1104294bff9838032208f1803a - - default default] 10.0.0.84 "GET /v2.0/security-groups?name=tempest-securitygroup--776318641&fields=id&tenant_id=5ca0aa1104294bff9838032208f1803a HTTP/1.1" status: 200 len: 267 time: 0.0860517
2026-06-13 23:56:41.000 10 INFO neutron.plugins.ml2.drivers.ovn.mech_driver.mech_driver [None req-7f51bcc4-bade-4819-b882-6b2b9175102a - - - - - -] OVN reports status up for port: 54af1e59-aaaf-4179-b3e8-e503720b1b19
2026-06-13 23:56:41.008 9 INFO neutron.db.ovn_revision_numbers_db [None req-ab46c11e-e476-4e28-b476-30ebb8a685c9 - - - - - -] Successfully bumped revision number for resource 10f6f087-8b6f-4013-adeb-70fb24861a07 (type: ports) to 2
2026-06-13 23:56:41.026 10 INFO neutron.plugins.ml2.drivers.ovn.mech_driver.mech_driver [None req-7f51bcc4-bade-4819-b882-6b2b9175102a - - - - - -] OVN reports status up for port: 5e64f298-f7d0-4ee3-8ded-7678173babfe
2026-06-13 23:56:41.035 10 INFO neutron.plugins.ml2.plugin [None req-7f51bcc4-bade-4819-b882-6b2b9175102a - - - - - -] Attempt 1 to provision port 5e64f298-f7d0-4ee3-8ded-7678173babfe
2026-06-13 23:56:41.078 9 INFO neutron.wsgi [req-48a1a290-c32d-4ca5-9d87-316f0a76d7df req-af01d984-3232-4786-a872-25ae7f3666fd e85ad9ba0761486b89ba28cf75500e95 5ca0aa1104294bff9838032208f1803a - - default default] 10.0.0.84 "GET /v2.0/networks?id=30641fc6-69ff-401a-bf72-2ad05cc9369b HTTP/1.1" status: 200 len: 883 time: 0.1321993
2026-06-13 23:56:41.112 9 INFO neutron.wsgi [req-48a1a290-c32d-4ca5-9d87-316f0a76d7df req-52196c2c-4d8d-4be6-bdc9-9c4fb5f932a3 e85ad9ba0761486b89ba28cf75500e95 5ca0aa1104294bff9838032208f1803a - - default default] 10.0.0.84 "GET /v2.0/quotas/5ca0aa1104294bff9838032208f1803a HTTP/1.1" status: 200 len: 491 time: 0.0219350
2026-06-13 23:56:41.416 9 INFO neutron.wsgi [req-48a1a290-c32d-4ca5-9d87-316f0a76d7df req-f2c2e67b-4d69-4ee2-be98-53eb932d6669 e85ad9ba0761486b89ba28cf75500e95 5ca0aa1104294bff9838032208f1803a - - default default] 10.0.0.84 "GET /v2.0/ports?tenant_id=5ca0aa1104294bff9838032208f1803a&fields=id HTTP/1.1" status: 200 len: 302 time: 0.2975218
2026-06-13 23:56:41.773 9 INFO neutron.wsgi [None req-df45cce0-c995-46a1-bd9b-e250020103d8 ffe9042a33aa4d02b4b0570c5608a184 dadf9082a04b4d8f99ec28f752e4f7d0 - - default default] 10.0.0.154 "PUT /v2.0/routers/1abc4570-28da-450f-a7c3-35ddaff874d2/remove_router_interface HTTP/1.1" status: 200 len: 503 time: 2.3337550
2026-06-13 23:56:41.776 9 INFO neutron.db.ovn_revision_numbers_db [None req-ab46c11e-e476-4e28-b476-30ebb8a685c9 - - - - - -] Successfully bumped revision number for resource 10f6f087-8b6f-4013-adeb-70fb24861a07 (type: ports) to 4 /var/lib/openstack/lib/python3.10/site-packages/pycadf/identifier.py:71: UserWarning: Invalid uuid: neutron. To ensure interoperability, identifiers should be a valid uuid. warnings.warn(('Invalid uuid: %s. To ensure interoperability, '
2026-06-13 23:56:41.814 9 INFO neutron.wsgi [req-48a1a290-c32d-4ca5-9d87-316f0a76d7df req-1db1e42b-8e52-426d-8354-d071d7467e4b 277e49ef5d984633b8041c030935a035 28075bb2ca0d4cec8c9fcc8064ae0a7b - - 9ef2e5948c5541d992dd4c03bcbf193e 9ef2e5948c5541d992dd4c03bcbf193e] 10.0.0.84 "GET /v2.0/extensions HTTP/1.1" status: 200 len: 18683 time: 0.0541787
2026-06-13 23:56:41.955 10 INFO neutron.db.ovn_revision_numbers_db [None req-7f51bcc4-bade-4819-b882-6b2b9175102a - - - - - -] Successfully bumped revision number for resource 5e64f298-f7d0-4ee3-8ded-7678173babfe (type: ports) to 2
2026-06-13 23:56:41.962 9 INFO neutron.wsgi [req-48a1a290-c32d-4ca5-9d87-316f0a76d7df req-cd82686e-dfe7-4e02-ae9c-747167fdce69 277e49ef5d984633b8041c030935a035 28075bb2ca0d4cec8c9fcc8064ae0a7b - - 9ef2e5948c5541d992dd4c03bcbf193e 9ef2e5948c5541d992dd4c03bcbf193e] 10.0.0.84 "GET /v2.0/networks/30641fc6-69ff-401a-bf72-2ad05cc9369b?fields=segments HTTP/1.1" status: 200 len: 212 time: 0.1269453
2026-06-13 23:56:42.051 10 INFO neutron.wsgi [None req-41b70b95-53b8-43ed-a5fc-dd8222e86a47 ffe9042a33aa4d02b4b0570c5608a184 dadf9082a04b4d8f99ec28f752e4f7d0 - - default default] 10.0.0.154 "PUT /v2.0/routers/2fca7d32-d2ac-488d-9bd0-554b741fd3af/remove_router_interface HTTP/1.1" status: 200 len: 503 time: 2.1126082 /var/lib/openstack/lib/python3.10/site-packages/pycadf/identifier.py:71: UserWarning: Invalid uuid: neutron. To ensure interoperability, identifiers should be a valid uuid. warnings.warn(('Invalid uuid: %s. To ensure interoperability, '
2026-06-13 23:56:42.077 9 INFO neutron.wsgi [req-48a1a290-c32d-4ca5-9d87-316f0a76d7df req-9a3f0789-6cc6-4258-bfac-554105f11776 277e49ef5d984633b8041c030935a035 28075bb2ca0d4cec8c9fcc8064ae0a7b - - 9ef2e5948c5541d992dd4c03bcbf193e 9ef2e5948c5541d992dd4c03bcbf193e] 10.0.0.84 "GET /v2.0/networks/30641fc6-69ff-401a-bf72-2ad05cc9369b?fields=provider%3Aphysical_network&fields=provider%3Anetwork_type HTTP/1.1" status: 200 len: 277 time: 0.0988033
2026-06-13 23:56:42.173 10 INFO neutron.db.ovn_revision_numbers_db [None req-7f51bcc4-bade-4819-b882-6b2b9175102a - - - - - -] Successfully bumped revision number for resource 5e64f298-f7d0-4ee3-8ded-7678173babfe (type: router_ports) to 2
2026-06-13 23:56:42.176 9 INFO neutron.db.ovn_revision_numbers_db [None req-ab46c11e-e476-4e28-b476-30ebb8a685c9 - - - - - -] Successfully bumped revision number for resource 10f6f087-8b6f-4013-adeb-70fb24861a07 (type: router_ports) to 4
2026-06-13 23:56:42.215 9 INFO neutron.plugins.ml2.drivers.ovn.mech_driver.ovsdb.ovsdb_monitor [None req-ab46c11e-e476-4e28-b476-30ebb8a685c9 - - - - - -] Router 36c1a11b-5e3b-4264-8f5e-e9e339e6bae7 is bound to host instance
2026-06-13 23:56:42.432 10 INFO neutron.wsgi [req-c53c1702-ec08-429e-b9be-3e7c1e2b15f3 req-05e02859-e0ce-4e41-a0cc-80e66e5eaa01 e85ad9ba0761486b89ba28cf75500e95 5ca0aa1104294bff9838032208f1803a - - default default] 10.0.0.84 "GET /v2.0/ports?device_id=9209ec30-5db5-45e2-9589-17e6a75ecf08 HTTP/1.1" status: 200 len: 210 time: 0.0386922
2026-06-13 23:56:43.062 10 INFO neutron.wsgi [None req-e3957689-56dd-40ef-b1e7-0209721fbe1f ffe9042a33aa4d02b4b0570c5608a184 dadf9082a04b4d8f99ec28f752e4f7d0 - - default default] 10.0.0.154 "DELETE /v2.0/routers/2fca7d32-d2ac-488d-9bd0-554b741fd3af HTTP/1.1" status: 204 len: 168 time: 1.0057487
2026-06-13 23:56:43.187 9 INFO neutron.wsgi [None req-b4cc85f8-31eb-44b8-8963-53f6bdb0c50d ffe9042a33aa4d02b4b0570c5608a184 dadf9082a04b4d8f99ec28f752e4f7d0 - - default default] 10.0.0.154 "DELETE /v2.0/routers/1abc4570-28da-450f-a7c3-35ddaff874d2 HTTP/1.1" status: 204 len: 168 time: 1.4095831
2026-06-13 23:56:43.241 10 INFO neutron.wsgi [-] 10.0.0.111 "GET / HTTP/1.1" status: 200 len: 246 time: 0.0011580
2026-06-13 23:56:43.243 10 INFO neutron.wsgi [-] 10.0.0.111 "GET / HTTP/1.1" status: 200 len: 246 time: 0.0008595
2026-06-13 23:56:43.367 9 INFO neutron.wsgi [None req-e4946932-bb54-4b87-a38e-88f0701d0055 ffe9042a33aa4d02b4b0570c5608a184 dadf9082a04b4d8f99ec28f752e4f7d0 - - default default] 10.0.0.154 "DELETE /v2.0/subnets/53c1091a-43b1-4b9e-8f96-3b365e044cc9 HTTP/1.1" status: 204 len: 168 time: 0.2941573
2026-06-13 23:56:43.402 10 INFO neutron.wsgi [None req-0ad10541-c39b-4e50-832a-ecc77562b01f ffe9042a33aa4d02b4b0570c5608a184 dadf9082a04b4d8f99ec28f752e4f7d0 - - default default] 10.0.0.154 "DELETE /v2.0/subnets/7f642bfe-4e1a-4cce-a0c6-646172dc07ba HTTP/1.1" status: 204 len: 168 time: 0.2074256
2026-06-13 23:56:43.681 9 INFO neutron.wsgi [req-2acb1d89-e1a7-4035-a320-6a046a33d00b req-9f27ac8c-bd60-45b5-a568-1c834bb05e78 e85ad9ba0761486b89ba28cf75500e95 5ca0aa1104294bff9838032208f1803a - - default default] 10.0.0.84 "GET /v2.0/ports?device_id=9209ec30-5db5-45e2-9589-17e6a75ecf08 HTTP/1.1" status: 200 len: 210 time: 0.0435369
2026-06-13 23:56:43.749 9 INFO neutron.db.ovn_revision_numbers_db [None req-ab46c11e-e476-4e28-b476-30ebb8a685c9 - - - - - -] Successfully bumped revision number for resource b66c1891-73dd-46c9-b426-35616e3d110d (type: ports) to 1
2026-06-13 23:56:43.829 10 INFO neutron.wsgi [None req-6653b405-3041-4ac9-9c57-1591beabe946 ffe9042a33aa4d02b4b0570c5608a184 dadf9082a04b4d8f99ec28f752e4f7d0 - - default default] 10.0.0.154 "DELETE /v2.0/networks/2733cc50-638c-4dec-9adc-e1bd5d549b11 HTTP/1.1" status: 204 len: 168 time: 0.4558814
2026-06-13 23:56:43.917 9 INFO neutron.wsgi [req-48a1a290-c32d-4ca5-9d87-316f0a76d7df req-a9c12117-0927-4260-8d0a-40201d42662d e85ad9ba0761486b89ba28cf75500e95 5ca0aa1104294bff9838032208f1803a - - default default] 199.204.45.65 "GET /v2.0/networks?id=30641fc6-69ff-401a-bf72-2ad05cc9369b HTTP/1.1" status: 200 len: 883 time: 0.1516900
2026-06-13 23:56:44.003 9 INFO neutron.wsgi [req-48a1a290-c32d-4ca5-9d87-316f0a76d7df req-a0891fea-b6da-461f-bb0e-af1fb0183840 e85ad9ba0761486b89ba28cf75500e95 5ca0aa1104294bff9838032208f1803a - - default default] 199.204.45.65 "GET /v2.0/security-groups?fields=id&fields=name&tenant_id=5ca0aa1104294bff9838032208f1803a HTTP/1.1" status: 200 len: 379 time: 0.0596604
2026-06-13 23:56:44.029 9 WARNING neutron_lib.context [req-48a1a290-c32d-4ca5-9d87-316f0a76d7df req-85470b8d-5b52-49bd-a2bc-45fe43a8bce2 e85ad9ba0761486b89ba28cf75500e95 5ca0aa1104294bff9838032208f1803a - - default default] Method 'is_advsvc' is deprecated since 2023.2 release (neutron-lib 3.8.0) and will be removed once support for the old RBAC API policies will be removed from Neutron. Please use method 'is_service_role' instead.
2026-06-13 23:56:44.047 10 INFO neutron.wsgi [None req-b67a0b8f-dcca-412b-8e94-3a8f3a9c4a89 ffe9042a33aa4d02b4b0570c5608a184 dadf9082a04b4d8f99ec28f752e4f7d0 - - default default] 10.0.0.154 "GET /v2.0/security-groups?tenant_id=676c0ed1bf7946618fcbb4e7f0a93169&name=default HTTP/1.1" status: 200 len: 3116 time: 0.0537131
2026-06-13 23:56:44.317 10 INFO neutron.services.segments.plugin [-] Segment b7555c59-aefa-4a37-90ac-2a06ea7e923a resource provider aggregate not found
2026-06-13 23:56:44.342 10 INFO neutron.services.segments.plugin [-] Segment b7555c59-aefa-4a37-90ac-2a06ea7e923a resource provider not found; error: Placement Client Error (4xx): {"errors": [{"status": 404, "title": "Not Found", "detail": "The resource could not be found.\n\n No resource provider with uuid b7555c59-aefa-4a37-90ac-2a06ea7e923a found for delete ", "request_id": "req-739ce27b-be7b-425e-af3c-f24e72152d76"}]}
2026-06-13 23:56:44.347 10 INFO neutron.wsgi [None req-96950ebc-d205-4f28-b61e-d125e32efe09 ffe9042a33aa4d02b4b0570c5608a184 dadf9082a04b4d8f99ec28f752e4f7d0 - - default default] 10.0.0.154 "DELETE /v2.0/security-groups/72170806-8200-4f5a-bcaa-0fe7de62e4d8 HTTP/1.1" status: 204 len: 168 time: 0.2953417
2026-06-13 23:56:44.418 10 INFO neutron.services.segments.plugin [-] Segment b7555c59-aefa-4a37-90ac-2a06ea7e923a resource provider aggregate not found
2026-06-13 23:56:44.427 9 INFO neutron.wsgi [None req-07b7727f-1c26-431d-8b9c-676fee520d19 ffe9042a33aa4d02b4b0570c5608a184 dadf9082a04b4d8f99ec28f752e4f7d0 - - default default] 10.0.0.154 "DELETE /v2.0/networks/1d391bbf-4002-4e71-81c0-c25830d76198 HTTP/1.1" status: 204 len: 168 time: 1.0112851
2026-06-13 23:56:44.443 10 INFO neutron.services.segments.plugin [-] Segment b7555c59-aefa-4a37-90ac-2a06ea7e923a resource provider not found; error: Placement Client Error (4xx): {"errors": [{"status": 404, "title": "Not Found", "detail": "The resource could not be found.\n\n No resource provider with uuid b7555c59-aefa-4a37-90ac-2a06ea7e923a found for delete ", "request_id": "req-41a71d93-b921-48fb-99ff-392ae8fd3c90"}]}
2026-06-13 23:56:44.792 10 INFO neutron.wsgi [None req-c7e2ae17-e840-479d-8888-bf06606f87c5 ffe9042a33aa4d02b4b0570c5608a184 dadf9082a04b4d8f99ec28f752e4f7d0 - - default default] 10.0.0.154 "GET /v2.0/security-groups?tenant_id=007a907516044419b00f37faf4c48a47&name=default HTTP/1.1" status: 200 len: 3116 time: 0.0406070
2026-06-13 23:56:44.839 9 INFO neutron.db.ovn_revision_numbers_db [None req-ab46c11e-e476-4e28-b476-30ebb8a685c9 - - - - - -] Successfully bumped revision number for resource b66c1891-73dd-46c9-b426-35616e3d110d (type: router_ports) to 3
2026-06-13 23:56:44.841 10 INFO neutron.wsgi [req-a6e3fb29-0e6f-4656-a4af-16be59e41219 req-bbad785c-7c14-46de-9562-7fb02d5d6070 e85ad9ba0761486b89ba28cf75500e95 5ca0aa1104294bff9838032208f1803a - - default default] 10.0.0.84 "GET /v2.0/ports?device_id=9209ec30-5db5-45e2-9589-17e6a75ecf08 HTTP/1.1" status: 200 len: 210 time: 0.0214567
2026-06-13 23:56:44.954 9 WARNING neutron.scheduler.dhcp_agent_scheduler [req-48a1a290-c32d-4ca5-9d87-316f0a76d7df req-85470b8d-5b52-49bd-a2bc-45fe43a8bce2 e85ad9ba0761486b89ba28cf75500e95 5ca0aa1104294bff9838032208f1803a - - default default] No more DHCP agents
2026-06-13 23:56:44.958 9 WARNING neutron.api.rpc.agentnotifiers.dhcp_rpc_agent_api [req-48a1a290-c32d-4ca5-9d87-316f0a76d7df req-85470b8d-5b52-49bd-a2bc-45fe43a8bce2 e85ad9ba0761486b89ba28cf75500e95 5ca0aa1104294bff9838032208f1803a - - default default] Unable to schedule network 30641fc6-69ff-401a-bf72-2ad05cc9369b: no agents available; will retry on subsequent port and subnet creation events.
2026-06-13 23:56:44.975 9 INFO neutron.services.segments.plugin [-] Segment 2f5284d4-deb9-4799-94c4-afcecec7583c resource provider aggregate not found
2026-06-13 23:56:44.984 9 INFO neutron.services.segments.plugin [-] Segment 2f5284d4-deb9-4799-94c4-afcecec7583c resource provider aggregate not found
2026-06-13 23:56:44.994 9 INFO neutron.services.segments.plugin [-] Segment 2f5284d4-deb9-4799-94c4-afcecec7583c resource provider not found; error: Placement Client Error (4xx): {"errors": [{"status": 404, "title": "Not Found", "detail": "The resource could not be found.\n\n No resource provider with uuid 2f5284d4-deb9-4799-94c4-afcecec7583c found for delete ", "request_id": "req-e7c49202-ae6a-4332-b3a4-096b87894152"}]}
2026-06-13 23:56:45.001 9 INFO neutron.services.segments.plugin [-] Segment 2f5284d4-deb9-4799-94c4-afcecec7583c resource provider not found; error: Placement Client Error (4xx): {"errors": [{"status": 404, "title": "Not Found", "detail": "The resource could not be found.\n\n No resource provider with uuid 2f5284d4-deb9-4799-94c4-afcecec7583c found for delete ", "request_id": "req-e1ee4822-0954-4f29-8e68-8351d26cc039"}]}
2026-06-13 23:56:45.015 10 INFO neutron.wsgi [None req-8fbf8557-21b8-47e3-b302-403314194623 ffe9042a33aa4d02b4b0570c5608a184 dadf9082a04b4d8f99ec28f752e4f7d0 - - default default] 10.0.0.154 "DELETE /v2.0/security-groups/f10ffe8b-bbae-4ec6-be7c-97aac3647a11 HTTP/1.1" status: 204 len: 168 time: 0.2170005
2026-06-13 23:56:45.171 9 INFO neutron.db.ovn_revision_numbers_db [None req-ab46c11e-e476-4e28-b476-30ebb8a685c9 - - - - - -] Successfully bumped revision number for resource b66c1891-73dd-46c9-b426-35616e3d110d (type: ports) to 2 /var/lib/openstack/lib/python3.10/site-packages/pycadf/identifier.py:71: UserWarning: Invalid uuid: neutron. To ensure interoperability, identifiers should be a valid uuid. warnings.warn(('Invalid uuid: %s. To ensure interoperability, '
2026-06-13 23:56:45.232 9 INFO neutron.db.ovn_revision_numbers_db [req-48a1a290-c32d-4ca5-9d87-316f0a76d7df req-85470b8d-5b52-49bd-a2bc-45fe43a8bce2 e85ad9ba0761486b89ba28cf75500e95 5ca0aa1104294bff9838032208f1803a - - default default] Successfully bumped revision number for resource 251f2803-bc24-4964-a6be-b50602b5ea90 (type: ports) to 1
2026-06-13 23:56:45.285 9 INFO neutron.wsgi [req-48a1a290-c32d-4ca5-9d87-316f0a76d7df req-85470b8d-5b52-49bd-a2bc-45fe43a8bce2 e85ad9ba0761486b89ba28cf75500e95 5ca0aa1104294bff9838032208f1803a - - default default] 199.204.45.65 "POST /v2.0/ports HTTP/1.1" status: 201 len: 1158 time: 1.2678609
2026-06-13 23:56:45.290 9 INFO neutron.wsgi [req-2445c66b-4954-409d-b505-bb568f4ef4ae req-69c7a75a-c634-4a83-915d-3e405811cbb2 c468cd31e2bf4aecb78772b07f1ed827 2ca3cfa1940e46c3acd5db493732b0d9 - - default default] 10.0.0.84 "GET /v2.0/security-groups?name=tempest-securitygroup--1824266225&fields=id&tenant_id=2ca3cfa1940e46c3acd5db493732b0d9 HTTP/1.1" status: 200 len: 267 time: 0.0835271
2026-06-13 23:56:45.323 9 INFO neutron.wsgi [req-48a1a290-c32d-4ca5-9d87-316f0a76d7df req-3294ab5c-9445-4678-ac94-e75bfb2154c5 e85ad9ba0761486b89ba28cf75500e95 5ca0aa1104294bff9838032208f1803a - - default default] 199.204.45.65 "GET /v2.0/extensions HTTP/1.1" status: 200 len: 18683 time: 0.0171208
2026-06-13 23:56:45.399 9 INFO neutron.wsgi [req-2445c66b-4954-409d-b505-bb568f4ef4ae req-fb191ac3-f03b-4b31-ade5-14656fa25115 c468cd31e2bf4aecb78772b07f1ed827 2ca3cfa1940e46c3acd5db493732b0d9 - - default default] 10.0.0.84 "GET /v2.0/networks?id=dd85b149-0462-480c-8bae-d9406c55b8f9 HTTP/1.1" status: 200 len: 879 time: 0.0920305
2026-06-13 23:56:45.417 9 INFO neutron.wsgi [req-2445c66b-4954-409d-b505-bb568f4ef4ae req-6f29fe51-bd4f-44df-b084-2abf14292db5 c468cd31e2bf4aecb78772b07f1ed827 2ca3cfa1940e46c3acd5db493732b0d9 - - default default] 10.0.0.84 "GET /v2.0/quotas/2ca3cfa1940e46c3acd5db493732b0d9 HTTP/1.1" status: 200 len: 491 time: 0.0134261
2026-06-13 23:56:45.555 9 INFO neutron.wsgi [req-2445c66b-4954-409d-b505-bb568f4ef4ae req-3f485f8d-4c5d-4db7-9d35-db1668042884 c468cd31e2bf4aecb78772b07f1ed827 2ca3cfa1940e46c3acd5db493732b0d9 - - default default] 10.0.0.84 "GET /v2.0/ports?tenant_id=2ca3cfa1940e46c3acd5db493732b0d9&fields=id HTTP/1.1" status: 200 len: 302 time: 0.1270137
2026-06-13 23:56:45.664 9 INFO neutron.wsgi [req-2445c66b-4954-409d-b505-bb568f4ef4ae req-1611bd31-8b50-4639-a611-b050818c6da0 277e49ef5d984633b8041c030935a035 28075bb2ca0d4cec8c9fcc8064ae0a7b - - 9ef2e5948c5541d992dd4c03bcbf193e 9ef2e5948c5541d992dd4c03bcbf193e] 10.0.0.84 "GET /v2.0/networks/dd85b149-0462-480c-8bae-d9406c55b8f9?fields=segments HTTP/1.1" status: 200 len: 212 time: 0.0914099
2026-06-13 23:56:45.795 9 INFO neutron.wsgi [req-2445c66b-4954-409d-b505-bb568f4ef4ae req-e3de2d9e-9ecd-4b2a-97ba-295a68cf6565 277e49ef5d984633b8041c030935a035 28075bb2ca0d4cec8c9fcc8064ae0a7b - - 9ef2e5948c5541d992dd4c03bcbf193e 9ef2e5948c5541d992dd4c03bcbf193e] 10.0.0.84 "GET /v2.0/networks/dd85b149-0462-480c-8bae-d9406c55b8f9?fields=provider%3Aphysical_network&fields=provider%3Anetwork_type HTTP/1.1" status: 200 len: 277 time: 0.1269665
2026-06-13 23:56:45.859 9 INFO neutron.db.ovn_revision_numbers_db [None req-ab46c11e-e476-4e28-b476-30ebb8a685c9 - - - - - -] Successfully bumped revision number for resource b66c1891-73dd-46c9-b426-35616e3d110d (type: ports) to 4
2026-06-13 23:56:46.069 10 INFO neutron.wsgi [req-7e8d4d0b-7385-47a3-8587-165e38cbaa8e req-4e03f970-84ee-460c-9e5f-40c5c81510fb e85ad9ba0761486b89ba28cf75500e95 5ca0aa1104294bff9838032208f1803a - - default default] 10.0.0.84 "GET /v2.0/ports?device_id=9209ec30-5db5-45e2-9589-17e6a75ecf08 HTTP/1.1" status: 200 len: 1156 time: 0.1400380
2026-06-13 23:56:46.127 9 INFO neutron.wsgi [req-2b1a7d04-e6a7-4002-a1d1-11ea53123483 req-605d687d-3eb9-4645-b249-0412f07d27b4 c468cd31e2bf4aecb78772b07f1ed827 2ca3cfa1940e46c3acd5db493732b0d9 - - default default] 10.0.0.84 "GET /v2.0/ports?device_id=bef93672-dce3-4d50-a971-d0681c42f86b HTTP/1.1" status: 200 len: 210 time: 0.0325189
2026-06-13 23:56:46.151 10 INFO neutron.wsgi [req-7e8d4d0b-7385-47a3-8587-165e38cbaa8e req-758d8db0-a13f-4a9a-bceb-72b64d5fde46 e85ad9ba0761486b89ba28cf75500e95 5ca0aa1104294bff9838032208f1803a - - default default] 10.0.0.84 "GET /v2.0/security-groups?id=9da1d277-0a8e-44fa-9d0a-924def0b70f2&fields=id&fields=name HTTP/1.1" status: 200 len: 312 time: 0.0707095
2026-06-13 23:56:46.745 9 INFO neutron.db.ovn_revision_numbers_db [None req-ab46c11e-e476-4e28-b476-30ebb8a685c9 - - - - - -] Successfully bumped revision number for resource b66c1891-73dd-46c9-b426-35616e3d110d (type: router_ports) to 4
2026-06-13 23:56:46.826 10 INFO neutron.db.ovn_revision_numbers_db [None req-1bb9a163-3341-4a9f-a5d2-0edd4b1eca91 ffe9042a33aa4d02b4b0570c5608a184 dadf9082a04b4d8f99ec28f752e4f7d0 - - default default] Successfully bumped revision number for resource d6318262-4361-4cbb-98ff-9612dcf8bd7a (type: security_groups) to 1
2026-06-13 23:56:46.827 9 INFO neutron.db.ovn_revision_numbers_db [req-48a1a290-c32d-4ca5-9d87-316f0a76d7df req-f6ca4b2b-624f-4d14-b84e-3ef19b563dea 277e49ef5d984633b8041c030935a035 28075bb2ca0d4cec8c9fcc8064ae0a7b - - 9ef2e5948c5541d992dd4c03bcbf193e 9ef2e5948c5541d992dd4c03bcbf193e] Successfully bumped revision number for resource 251f2803-bc24-4964-a6be-b50602b5ea90 (type: ports) to 2
2026-06-13 23:56:46.843 10 INFO neutron.db.ovn_revision_numbers_db [None req-1bb9a163-3341-4a9f-a5d2-0edd4b1eca91 ffe9042a33aa4d02b4b0570c5608a184 dadf9082a04b4d8f99ec28f752e4f7d0 - - default default] Successfully bumped revision number for resource 085167e4-6a2b-4fda-9e7f-7361f1862d3b (type: security_group_rules) to 0
2026-06-13 23:56:46.857 10 INFO neutron.db.ovn_revision_numbers_db [None req-1bb9a163-3341-4a9f-a5d2-0edd4b1eca91 ffe9042a33aa4d02b4b0570c5608a184 dadf9082a04b4d8f99ec28f752e4f7d0 - - default default] Successfully bumped revision number for resource 2d28de45-3687-4d55-8e12-d53b3c5bb797 (type: security_group_rules) to 0
2026-06-13 23:56:46.887 10 INFO neutron.db.ovn_revision_numbers_db [None req-1bb9a163-3341-4a9f-a5d2-0edd4b1eca91 ffe9042a33aa4d02b4b0570c5608a184 dadf9082a04b4d8f99ec28f752e4f7d0 - - default default] Successfully bumped revision number for resource 4650b63d-4be0-4e51-b49b-a3bc49d1995d (type: security_group_rules) to 0
2026-06-13 23:56:47.059 10 INFO neutron.db.ovn_revision_numbers_db [None req-1bb9a163-3341-4a9f-a5d2-0edd4b1eca91 ffe9042a33aa4d02b4b0570c5608a184 dadf9082a04b4d8f99ec28f752e4f7d0 - - default default] Successfully bumped revision number for resource a95f2cfa-48b5-40f5-93a3-a6cc62bdb243 (type: security_group_rules) to 0
2026-06-13 23:56:47.073 9 INFO neutron.db.ovn_revision_numbers_db [req-48a1a290-c32d-4ca5-9d87-316f0a76d7df req-f6ca4b2b-624f-4d14-b84e-3ef19b563dea 277e49ef5d984633b8041c030935a035 28075bb2ca0d4cec8c9fcc8064ae0a7b - - 9ef2e5948c5541d992dd4c03bcbf193e 9ef2e5948c5541d992dd4c03bcbf193e] Successfully bumped revision number for resource 251f2803-bc24-4964-a6be-b50602b5ea90 (type: ports) to 2
2026-06-13 23:56:47.106 9 INFO neutron.wsgi [req-48a1a290-c32d-4ca5-9d87-316f0a76d7df req-f6ca4b2b-624f-4d14-b84e-3ef19b563dea 277e49ef5d984633b8041c030935a035 28075bb2ca0d4cec8c9fcc8064ae0a7b - - 9ef2e5948c5541d992dd4c03bcbf193e 9ef2e5948c5541d992dd4c03bcbf193e] 199.204.45.65 "PUT /v2.0/ports/251f2803-bc24-4964-a6be-b50602b5ea90 HTTP/1.1" status: 200 len: 1376 time: 1.3981247
2026-06-13 23:56:47.106 10 INFO neutron.wsgi [req-2445c66b-4954-409d-b505-bb568f4ef4ae req-b7bbde3b-09d3-4747-a9d2-7479958b89f3 c468cd31e2bf4aecb78772b07f1ed827 2ca3cfa1940e46c3acd5db493732b0d9 - - default default] 199.204.45.65 "GET /v2.0/networks?id=dd85b149-0462-480c-8bae-d9406c55b8f9 HTTP/1.1" status: 200 len: 879 time: 0.2416322
2026-06-13 23:56:47.124 10 INFO neutron.db.segments_db [None req-1bb9a163-3341-4a9f-a5d2-0edd4b1eca91 ffe9042a33aa4d02b4b0570c5608a184 dadf9082a04b4d8f99ec28f752e4f7d0 - - default default] Added segment bbf8f2cb-d56e-4087-96ed-17337bb63a69 of type geneve for network dfadc33c-0b65-4c2f-9aaa-0644a0caa642 /var/lib/openstack/lib/python3.10/site-packages/pycadf/identifier.py:71: UserWarning: Invalid uuid: neutron. To ensure interoperability, identifiers should be a valid uuid. warnings.warn(('Invalid uuid: %s. To ensure interoperability, '
2026-06-13 23:56:47.168 10 WARNING neutron.plugins.ml2.drivers.ovn.mech_driver.ovsdb.ovn_client [None req-7f51bcc4-bade-4819-b882-6b2b9175102a - - - - - -] No hosting information found for port 5e64f298-f7d0-4ee3-8ded-7678173babfe: RuntimeError: No hosting information found for port 5e64f298-f7d0-4ee3-8ded-7678173babfe
2026-06-13 23:56:47.168 10 INFO neutron.plugins.ml2.drivers.ovn.mech_driver.mech_driver [None req-7f51bcc4-bade-4819-b882-6b2b9175102a - - - - - -] OVN reports status up for port: 6550778a-b804-4e62-8d06-70cdc8f5927f
2026-06-13 23:56:47.199 10 INFO neutron.plugins.ml2.plugin [None req-7f51bcc4-bade-4819-b882-6b2b9175102a - - - - - -] Attempt 1 to provision port 6550778a-b804-4e62-8d06-70cdc8f5927f
2026-06-13 23:56:47.218 10 INFO neutron.wsgi [req-2445c66b-4954-409d-b505-bb568f4ef4ae req-866a7a24-c8b7-43ef-a0ad-cbaef6323f35 c468cd31e2bf4aecb78772b07f1ed827 2ca3cfa1940e46c3acd5db493732b0d9 - - default default] 199.204.45.65 "GET /v2.0/security-groups?fields=id&fields=name&tenant_id=2ca3cfa1940e46c3acd5db493732b0d9 HTTP/1.1" status: 200 len: 380 time: 0.1036868
2026-06-13 23:56:47.230 9 INFO neutron.wsgi [req-48a1a290-c32d-4ca5-9d87-316f0a76d7df req-6e67e64b-4a1b-4617-bd67-30e6764cdbcd 277e49ef5d984633b8041c030935a035 28075bb2ca0d4cec8c9fcc8064ae0a7b - - 9ef2e5948c5541d992dd4c03bcbf193e 9ef2e5948c5541d992dd4c03bcbf193e] 199.204.45.65 "GET /v2.0/ports?tenant_id=5ca0aa1104294bff9838032208f1803a&device_id=9209ec30-5db5-45e2-9589-17e6a75ecf08 HTTP/1.1" status: 200 len: 1407 time: 0.0807157
2026-06-13 23:56:47.238 10 WARNING neutron_lib.context [req-2445c66b-4954-409d-b505-bb568f4ef4ae req-7713a063-4e6d-4e34-8658-f7868aa358f0 c468cd31e2bf4aecb78772b07f1ed827 2ca3cfa1940e46c3acd5db493732b0d9 - - default default] Method 'is_advsvc' is deprecated since 2023.2 release (neutron-lib 3.8.0) and will be removed once support for the old RBAC API policies will be removed from Neutron. Please use method 'is_service_role' instead.
2026-06-13 23:56:47.253 9 INFO neutron.wsgi [req-4610d5c2-d6c1-4ec1-ad5d-7ab970634be4 req-d4097455-a2a7-464d-a172-757f8022bd39 c468cd31e2bf4aecb78772b07f1ed827 2ca3cfa1940e46c3acd5db493732b0d9 - - default default] 10.0.0.84 "GET /v2.0/ports?device_id=bef93672-dce3-4d50-a971-d0681c42f86b HTTP/1.1" status: 200 len: 210 time: 0.0398803
2026-06-13 23:56:47.277 9 INFO neutron.wsgi [req-48a1a290-c32d-4ca5-9d87-316f0a76d7df req-7d8fd138-c6ef-455e-aae7-109321612d35 277e49ef5d984633b8041c030935a035 28075bb2ca0d4cec8c9fcc8064ae0a7b - - 9ef2e5948c5541d992dd4c03bcbf193e 9ef2e5948c5541d992dd4c03bcbf193e] 199.204.45.65 "GET /v2.0/floatingips?fixed_ip_address=10.100.0.3&port_id=251f2803-bc24-4964-a6be-b50602b5ea90 HTTP/1.1" status: 200 len: 217 time: 0.0316327
2026-06-13 23:56:47.305 10 INFO neutron.wsgi [req-47255843-67d1-4094-9319-cf8602813327 req-9350fe6d-0a05-4340-ba0c-6faa2843868b e85ad9ba0761486b89ba28cf75500e95 5ca0aa1104294bff9838032208f1803a - - default default] 10.0.0.84 "GET /v2.0/ports?device_id=9209ec30-5db5-45e2-9589-17e6a75ecf08 HTTP/1.1" status: 200 len: 1168 time: 0.0800314
2026-06-13 23:56:47.329 9 INFO neutron.wsgi [req-48a1a290-c32d-4ca5-9d87-316f0a76d7df req-79111dd8-c395-4c5b-b200-8339d29dee67 277e49ef5d984633b8041c030935a035 28075bb2ca0d4cec8c9fcc8064ae0a7b - - 9ef2e5948c5541d992dd4c03bcbf193e 9ef2e5948c5541d992dd4c03bcbf193e] 199.204.45.65 "GET /v2.0/subnets?id=21a023cf-1f3b-40fc-893f-d66c01fd17de HTTP/1.1" status: 200 len: 877 time: 0.0446064
2026-06-13 23:56:47.379 9 INFO neutron.wsgi [req-48a1a290-c32d-4ca5-9d87-316f0a76d7df req-da323019-bfe5-4576-8f8c-efb7c38cbc27 277e49ef5d984633b8041c030935a035 28075bb2ca0d4cec8c9fcc8064ae0a7b - - 9ef2e5948c5541d992dd4c03bcbf193e 9ef2e5948c5541d992dd4c03bcbf193e] 199.204.45.65 "GET /v2.0/ports?network_id=30641fc6-69ff-401a-bf72-2ad05cc9369b&device_owner=network%3Adhcp HTTP/1.1" status: 200 len: 210 time: 0.0423510
2026-06-13 23:56:47.436 10 INFO neutron.db.ovn_revision_numbers_db [None req-1bb9a163-3341-4a9f-a5d2-0edd4b1eca91 ffe9042a33aa4d02b4b0570c5608a184 dadf9082a04b4d8f99ec28f752e4f7d0 - - default default] Successfully bumped revision number for resource dfadc33c-0b65-4c2f-9aaa-0644a0caa642 (type: networks) to 1
2026-06-13 23:56:47.439 10 INFO neutron.db.ovn_revision_numbers_db [None req-c367c6bb-d77f-465e-b811-ab67a0853196 ffe9042a33aa4d02b4b0570c5608a184 dadf9082a04b4d8f99ec28f752e4f7d0 - - default default] Successfully bumped revision number for resource 1cb13198-d76f-4e21-a920-fb075f6ded0c (type: security_groups) to 1
2026-06-13 23:56:47.454 10 INFO neutron.wsgi [req-47255843-67d1-4094-9319-cf8602813327 req-6853236c-af24-4946-9643-6e4cceb57338 e85ad9ba0761486b89ba28cf75500e95 5ca0aa1104294bff9838032208f1803a - - default default] 10.0.0.84 "GET /v2.0/security-groups?id=9da1d277-0a8e-44fa-9d0a-924def0b70f2&fields=id&fields=name HTTP/1.1" status: 200 len: 312 time: 0.1367998
2026-06-13 23:56:47.457 9 INFO neutron.wsgi [req-48a1a290-c32d-4ca5-9d87-316f0a76d7df req-8c345402-5a66-4c0f-8efd-3dc939af7fef 277e49ef5d984633b8041c030935a035 28075bb2ca0d4cec8c9fcc8064ae0a7b - - 9ef2e5948c5541d992dd4c03bcbf193e 9ef2e5948c5541d992dd4c03bcbf193e] 199.204.45.65 "GET /v2.0/networks/30641fc6-69ff-401a-bf72-2ad05cc9369b?fields=segments HTTP/1.1" status: 200 len: 212 time: 0.0714383
2026-06-13 23:56:47.486 10 INFO neutron.db.ovn_revision_numbers_db [None req-c367c6bb-d77f-465e-b811-ab67a0853196 ffe9042a33aa4d02b4b0570c5608a184 dadf9082a04b4d8f99ec28f752e4f7d0 - - default default] Successfully bumped revision number for resource 2f705cf8-3fb4-4ecb-a5e3-bd9870a5b327 (type: security_group_rules) to 0
2026-06-13 23:56:47.528 10 INFO neutron.db.ovn_revision_numbers_db [None req-c367c6bb-d77f-465e-b811-ab67a0853196 ffe9042a33aa4d02b4b0570c5608a184 dadf9082a04b4d8f99ec28f752e4f7d0 - - default default] Successfully bumped revision number for resource 6dc71053-73fc-491b-91d8-845403ea0f99 (type: security_group_rules) to 0
2026-06-13 23:56:47.568 9 INFO neutron.wsgi [req-48a1a290-c32d-4ca5-9d87-316f0a76d7df req-5b4083e7-f9c9-44be-a053-79d99258d454 277e49ef5d984633b8041c030935a035 28075bb2ca0d4cec8c9fcc8064ae0a7b - - 9ef2e5948c5541d992dd4c03bcbf193e 9ef2e5948c5541d992dd4c03bcbf193e] 199.204.45.65 "GET /v2.0/networks/30641fc6-69ff-401a-bf72-2ad05cc9369b?fields=provider%3Aphysical_network&fields=provider%3Anetwork_type HTTP/1.1" status: 200 len: 277 time: 0.1050658
2026-06-13 23:56:47.608 10 INFO neutron.db.ovn_revision_numbers_db [None req-c367c6bb-d77f-465e-b811-ab67a0853196 ffe9042a33aa4d02b4b0570c5608a184 dadf9082a04b4d8f99ec28f752e4f7d0 - - default default] Successfully bumped revision number for resource c0da768d-1ce1-4add-ac00-2ac9b440c554 (type: security_group_rules) to 0
2026-06-13 23:56:47.649 9 INFO neutron.notifiers.nova [-] Nova event matching ['req-b580f626-c285-4d0a-b0bf-1dba21007d96'] response: {'name': 'network-changed', 'server_uuid': '9209ec30-5db5-45e2-9589-17e6a75ecf08', 'tag': '251f2803-bc24-4964-a6be-b50602b5ea90', 'status': 'completed', 'code': 200}
2026-06-13 23:56:47.663 10 INFO neutron.db.ovn_revision_numbers_db [None req-c367c6bb-d77f-465e-b811-ab67a0853196 ffe9042a33aa4d02b4b0570c5608a184 dadf9082a04b4d8f99ec28f752e4f7d0 - - default default] Successfully bumped revision number for resource c4ebb2ed-c86d-4c33-9e52-884e93b99f1d (type: security_group_rules) to 0
2026-06-13 23:56:47.781 10 INFO neutron.db.segments_db [None req-c367c6bb-d77f-465e-b811-ab67a0853196 ffe9042a33aa4d02b4b0570c5608a184 dadf9082a04b4d8f99ec28f752e4f7d0 - - default default] Added segment 217a7f03-31e3-4548-b6ac-f35f63dee2ad of type geneve for network 686f5746-804e-4d86-b23b-69017cd8cd4b
2026-06-13 23:56:47.844 9 INFO neutron.wsgi [req-53dd93ea-dc18-4e6b-b4fd-f0e5b7c7690d req-82aaa7f4-5603-4c79-b89f-0d6801a20a18 277e49ef5d984633b8041c030935a035 28075bb2ca0d4cec8c9fcc8064ae0a7b - - 9ef2e5948c5541d992dd4c03bcbf193e 9ef2e5948c5541d992dd4c03bcbf193e] 199.204.45.65 "GET /v2.0/ports?tenant_id=5ca0aa1104294bff9838032208f1803a&device_id=9209ec30-5db5-45e2-9589-17e6a75ecf08 HTTP/1.1" status: 200 len: 1407 time: 0.0600212
2026-06-13 23:56:47.912 10 WARNING neutron.scheduler.dhcp_agent_scheduler [None req-1bb9a163-3341-4a9f-a5d2-0edd4b1eca91 ffe9042a33aa4d02b4b0570c5608a184 dadf9082a04b4d8f99ec28f752e4f7d0 - - default default] No more DHCP agents
2026-06-13 23:56:47.923 10 WARNING neutron.api.rpc.agentnotifiers.dhcp_rpc_agent_api [None req-1bb9a163-3341-4a9f-a5d2-0edd4b1eca91 ffe9042a33aa4d02b4b0570c5608a184 dadf9082a04b4d8f99ec28f752e4f7d0 - - default default] Unable to schedule network dfadc33c-0b65-4c2f-9aaa-0644a0caa642: no agents available; will retry on subsequent port and subnet creation events.
2026-06-13 23:56:47.926 9 INFO neutron.wsgi [req-53dd93ea-dc18-4e6b-b4fd-f0e5b7c7690d req-7543f09a-1783-4f78-a970-221a78eff640 277e49ef5d984633b8041c030935a035 28075bb2ca0d4cec8c9fcc8064ae0a7b - - 9ef2e5948c5541d992dd4c03bcbf193e 9ef2e5948c5541d992dd4c03bcbf193e] 199.204.45.65 "GET /v2.0/networks?id=30641fc6-69ff-401a-bf72-2ad05cc9369b HTTP/1.1" status: 200 len: 981 time: 0.0682917
2026-06-13 23:56:47.958 9 INFO neutron.wsgi [req-53dd93ea-dc18-4e6b-b4fd-f0e5b7c7690d req-80bce64f-11e6-4d35-bc75-a698d2e023b0 277e49ef5d984633b8041c030935a035 28075bb2ca0d4cec8c9fcc8064ae0a7b - - 9ef2e5948c5541d992dd4c03bcbf193e 9ef2e5948c5541d992dd4c03bcbf193e] 199.204.45.65 "GET /v2.0/floatingips?fixed_ip_address=10.100.0.3&port_id=251f2803-bc24-4964-a6be-b50602b5ea90 HTTP/1.1" status: 200 len: 217 time: 0.0263062
2026-06-13 23:56:48.007 9 INFO neutron.wsgi [req-53dd93ea-dc18-4e6b-b4fd-f0e5b7c7690d req-6a5d338b-e25f-4a76-9472-e5b09b612c35 277e49ef5d984633b8041c030935a035 28075bb2ca0d4cec8c9fcc8064ae0a7b - - 9ef2e5948c5541d992dd4c03bcbf193e 9ef2e5948c5541d992dd4c03bcbf193e] 199.204.45.65 "GET /v2.0/subnets?id=21a023cf-1f3b-40fc-893f-d66c01fd17de HTTP/1.1" status: 200 len: 877 time: 0.0429649
2026-06-13 23:56:48.043 9 INFO neutron.wsgi [req-53dd93ea-dc18-4e6b-b4fd-f0e5b7c7690d req-1121bd21-2147-4f0c-ae85-7eed66f32cc9 277e49ef5d984633b8041c030935a035 28075bb2ca0d4cec8c9fcc8064ae0a7b - - 9ef2e5948c5541d992dd4c03bcbf193e 9ef2e5948c5541d992dd4c03bcbf193e] 199.204.45.65 "GET /v2.0/ports?network_id=30641fc6-69ff-401a-bf72-2ad05cc9369b&device_owner=network%3Adhcp HTTP/1.1" status: 200 len: 210 time: 0.0284622
2026-06-13 23:56:48.115 9 INFO neutron.wsgi [req-53dd93ea-dc18-4e6b-b4fd-f0e5b7c7690d req-3da564b3-f638-4f67-b21d-3963099b450b 277e49ef5d984633b8041c030935a035 28075bb2ca0d4cec8c9fcc8064ae0a7b - - 9ef2e5948c5541d992dd4c03bcbf193e 9ef2e5948c5541d992dd4c03bcbf193e] 199.204.45.65 "GET /v2.0/networks/30641fc6-69ff-401a-bf72-2ad05cc9369b?fields=segments HTTP/1.1" status: 200 len: 212 time: 0.0620232
2026-06-13 23:56:48.184 9 INFO neutron.wsgi [req-53dd93ea-dc18-4e6b-b4fd-f0e5b7c7690d req-463b014f-7797-4fb2-aaaf-a75e321ab3bf 277e49ef5d984633b8041c030935a035 28075bb2ca0d4cec8c9fcc8064ae0a7b - - 9ef2e5948c5541d992dd4c03bcbf193e 9ef2e5948c5541d992dd4c03bcbf193e] 199.204.45.65 "GET /v2.0/networks/30641fc6-69ff-401a-bf72-2ad05cc9369b?fields=provider%3Aphysical_network&fields=provider%3Anetwork_type HTTP/1.1" status: 200 len: 277 time: 0.0601997
2026-06-13 23:56:48.276 10 INFO neutron.db.ovn_revision_numbers_db [None req-c367c6bb-d77f-465e-b811-ab67a0853196 ffe9042a33aa4d02b4b0570c5608a184 dadf9082a04b4d8f99ec28f752e4f7d0 - - default default] Successfully bumped revision number for resource 686f5746-804e-4d86-b23b-69017cd8cd4b (type: networks) to 1
2026-06-13 23:56:48.288 10 WARNING neutron.scheduler.dhcp_agent_scheduler [req-2445c66b-4954-409d-b505-bb568f4ef4ae req-7713a063-4e6d-4e34-8658-f7868aa358f0 c468cd31e2bf4aecb78772b07f1ed827 2ca3cfa1940e46c3acd5db493732b0d9 - - default default] No more DHCP agents
2026-06-13 23:56:48.291 10 WARNING neutron.api.rpc.agentnotifiers.dhcp_rpc_agent_api [req-2445c66b-4954-409d-b505-bb568f4ef4ae req-7713a063-4e6d-4e34-8658-f7868aa358f0 c468cd31e2bf4aecb78772b07f1ed827 2ca3cfa1940e46c3acd5db493732b0d9 - - default default] Unable to schedule network dd85b149-0462-480c-8bae-d9406c55b8f9: no agents available; will retry on subsequent port and subnet creation events. /var/lib/openstack/lib/python3.10/site-packages/pycadf/identifier.py:71: UserWarning: Invalid uuid: neutron. To ensure interoperability, identifiers should be a valid uuid. warnings.warn(('Invalid uuid: %s. To ensure interoperability, '
2026-06-13 23:56:48.349 10 INFO neutron.db.ovn_revision_numbers_db [None req-1bb9a163-3341-4a9f-a5d2-0edd4b1eca91 ffe9042a33aa4d02b4b0570c5608a184 dadf9082a04b4d8f99ec28f752e4f7d0 - - default default] Successfully bumped revision number for resource 835a1f5a-b0be-4e27-bc35-da9bc954daf9 (type: ports) to 1
2026-06-13 23:56:48.435 10 INFO neutron.wsgi [None req-1bb9a163-3341-4a9f-a5d2-0edd4b1eca91 ffe9042a33aa4d02b4b0570c5608a184 dadf9082a04b4d8f99ec28f752e4f7d0 - - default default] 10.0.0.154 "POST /v2.0/networks HTTP/1.1" status: 201 len: 939 time: 2.0108540
2026-06-13 23:56:48.549 10 INFO neutron.wsgi [req-692831ed-5da1-4a5f-b010-d4f84ac743c0 req-c1dce339-58a0-4344-b9f0-dd83649f28af c468cd31e2bf4aecb78772b07f1ed827 2ca3cfa1940e46c3acd5db493732b0d9 - - default default] 10.0.0.84 "GET /v2.0/ports?device_id=bef93672-dce3-4d50-a971-d0681c42f86b HTTP/1.1" status: 200 len: 1156 time: 0.2275548
2026-06-13 23:56:48.551 10 INFO neutron.db.ovn_revision_numbers_db [None req-7f51bcc4-bade-4819-b882-6b2b9175102a - - - - - -] Successfully bumped revision number for resource 6550778a-b804-4e62-8d06-70cdc8f5927f (type: ports) to 2
2026-06-13 23:56:48.666 10 INFO neutron.wsgi [req-692831ed-5da1-4a5f-b010-d4f84ac743c0 req-9115f112-6f3f-4115-ba89-26ef44c73769 c468cd31e2bf4aecb78772b07f1ed827 2ca3cfa1940e46c3acd5db493732b0d9 - - default default] 10.0.0.84 "GET /v2.0/security-groups?id=ff3c15ca-ca0e-4208-af2c-ff84d5a5b1f6&fields=id&fields=name HTTP/1.1" status: 200 len: 313 time: 0.1076097
2026-06-13 23:56:48.675 9 INFO neutron.wsgi [req-11893c9c-a409-477e-9f03-fe3949eb5e87 req-acdcb462-46be-4710-a4b8-84e90f92a597 e85ad9ba0761486b89ba28cf75500e95 5ca0aa1104294bff9838032208f1803a - - default default] 10.0.0.84 "GET /v2.0/ports?device_id=9209ec30-5db5-45e2-9589-17e6a75ecf08 HTTP/1.1" status: 200 len: 1168 time: 0.1458390
2026-06-13 23:56:48.702 9 WARNING neutron.scheduler.dhcp_agent_scheduler [None req-4709b3b1-8c78-48ae-a847-3e4e162e581e ffe9042a33aa4d02b4b0570c5608a184 dadf9082a04b4d8f99ec28f752e4f7d0 - - default default] No more DHCP agents
2026-06-13 23:56:48.704 10 WARNING neutron.scheduler.dhcp_agent_scheduler [None req-c367c6bb-d77f-465e-b811-ab67a0853196 ffe9042a33aa4d02b4b0570c5608a184 dadf9082a04b4d8f99ec28f752e4f7d0 - - default default] No more DHCP agents
2026-06-13 23:56:48.706 9 WARNING neutron.api.rpc.agentnotifiers.dhcp_rpc_agent_api [None req-4709b3b1-8c78-48ae-a847-3e4e162e581e ffe9042a33aa4d02b4b0570c5608a184 dadf9082a04b4d8f99ec28f752e4f7d0 - - default default] Unable to schedule network dfadc33c-0b65-4c2f-9aaa-0644a0caa642: no agents available; will retry on subsequent port and subnet creation events.
2026-06-13 23:56:48.707 10 WARNING neutron.api.rpc.agentnotifiers.dhcp_rpc_agent_api [None req-c367c6bb-d77f-465e-b811-ab67a0853196 ffe9042a33aa4d02b4b0570c5608a184 dadf9082a04b4d8f99ec28f752e4f7d0 - - default default] Unable to schedule network 686f5746-804e-4d86-b23b-69017cd8cd4b: no agents available; will retry on subsequent port and subnet creation events.
2026-06-13 23:56:48.712 10 INFO neutron.db.ovn_revision_numbers_db [req-2445c66b-4954-409d-b505-bb568f4ef4ae req-7713a063-4e6d-4e34-8658-f7868aa358f0 c468cd31e2bf4aecb78772b07f1ed827 2ca3cfa1940e46c3acd5db493732b0d9 - - default default] Successfully bumped revision number for resource ea7c6b42-65f8-4e26-82f2-b2c7e8b3904d (type: ports) to 1
2026-06-13 23:56:48.741 9 INFO neutron.wsgi [req-11893c9c-a409-477e-9f03-fe3949eb5e87 req-ad740769-4ede-4ab9-8288-a266b7b4399c e85ad9ba0761486b89ba28cf75500e95 5ca0aa1104294bff9838032208f1803a - - default default] 10.0.0.84 "GET /v2.0/security-groups?id=9da1d277-0a8e-44fa-9d0a-924def0b70f2&fields=id&fields=name HTTP/1.1" status: 200 len: 312 time: 0.0580268
2026-06-13 23:56:48.780 10 INFO neutron.wsgi [req-2445c66b-4954-409d-b505-bb568f4ef4ae req-7713a063-4e6d-4e34-8658-f7868aa358f0 c468cd31e2bf4aecb78772b07f1ed827 2ca3cfa1940e46c3acd5db493732b0d9 - - default default] 199.204.45.65 "POST /v2.0/ports HTTP/1.1" status: 201 len: 1158 time: 1.5539477
2026-06-13 23:56:48.808 10 INFO neutron.db.ovn_revision_numbers_db [None req-7f51bcc4-bade-4819-b882-6b2b9175102a - - - - - -] Successfully bumped revision number for resource 6550778a-b804-4e62-8d06-70cdc8f5927f (type: router_ports) to 2
2026-06-13 23:56:48.877 10 INFO neutron.db.ovn_revision_numbers_db [None req-c367c6bb-d77f-465e-b811-ab67a0853196 ffe9042a33aa4d02b4b0570c5608a184 dadf9082a04b4d8f99ec28f752e4f7d0 - - default default] Successfully bumped revision number for resource b0b46228-0742-4871-9c82-5850c3db9d1e (type: ports) to 1
2026-06-13 23:56:48.921 10 INFO neutron.wsgi [None req-c367c6bb-d77f-465e-b811-ab67a0853196 ffe9042a33aa4d02b4b0570c5608a184 dadf9082a04b4d8f99ec28f752e4f7d0 - - default default] 10.0.0.154 "POST /v2.0/networks HTTP/1.1" status: 201 len: 947 time: 2.1366687
2026-06-13 23:56:49.214 10 WARNING neutron.scheduler.dhcp_agent_scheduler [None req-b49bd53f-e9e0-433b-9585-f7a4ab838d09 ffe9042a33aa4d02b4b0570c5608a184 dadf9082a04b4d8f99ec28f752e4f7d0 - - default default] No more DHCP agents
2026-06-13 23:56:49.216 10 WARNING neutron.api.rpc.agentnotifiers.dhcp_rpc_agent_api [None req-b49bd53f-e9e0-433b-9585-f7a4ab838d09 ffe9042a33aa4d02b4b0570c5608a184 dadf9082a04b4d8f99ec28f752e4f7d0 - - default default] Unable to schedule network 686f5746-804e-4d86-b23b-69017cd8cd4b: no agents available; will retry on subsequent port and subnet creation events.
2026-06-13 23:56:49.308 9 INFO neutron.db.ovn_revision_numbers_db [None req-4709b3b1-8c78-48ae-a847-3e4e162e581e ffe9042a33aa4d02b4b0570c5608a184 dadf9082a04b4d8f99ec28f752e4f7d0 - - default default] Successfully bumped revision number for resource 835a1f5a-b0be-4e27-bc35-da9bc954daf9 (type: ports) to 2
2026-06-13 23:56:49.322 10 INFO neutron.db.ovn_revision_numbers_db [req-2445c66b-4954-409d-b505-bb568f4ef4ae req-ee220854-92a4-45a8-b26e-9a7721266af9 277e49ef5d984633b8041c030935a035 28075bb2ca0d4cec8c9fcc8064ae0a7b - - 9ef2e5948c5541d992dd4c03bcbf193e 9ef2e5948c5541d992dd4c03bcbf193e] Successfully bumped revision number for resource ea7c6b42-65f8-4e26-82f2-b2c7e8b3904d (type: ports) to 2
2026-06-13 23:56:49.352 9 INFO neutron.db.ovn_revision_numbers_db [None req-4709b3b1-8c78-48ae-a847-3e4e162e581e ffe9042a33aa4d02b4b0570c5608a184 dadf9082a04b4d8f99ec28f752e4f7d0 - - default default] Successfully bumped revision number for resource a65cecbd-14e6-4501-a468-bdaf18712222 (type: subnets) to 0
2026-06-13 23:56:49.367 9 INFO neutron.wsgi [None req-4709b3b1-8c78-48ae-a847-3e4e162e581e ffe9042a33aa4d02b4b0570c5608a184 dadf9082a04b4d8f99ec28f752e4f7d0 - - default default] 10.0.0.154 "POST /v2.0/subnets HTTP/1.1" status: 201 len: 859 time: 0.9260905 /var/lib/openstack/lib/python3.10/site-packages/pycadf/identifier.py:71: UserWarning: Invalid uuid: neutron. To ensure interoperability, identifiers should be a valid uuid. warnings.warn(('Invalid uuid: %s. To ensure interoperability, '
2026-06-13 23:56:49.778 9 INFO neutron.plugins.ml2.drivers.ovn.mech_driver.mech_driver [None req-994a81b5-3fe4-49cd-b805-57da2d353614 - - - - - -] OVN reports status up for port: 251f2803-bc24-4964-a6be-b50602b5ea90
2026-06-13 23:56:49.794 9 INFO neutron.plugins.ml2.plugin [None req-994a81b5-3fe4-49cd-b805-57da2d353614 - - - - - -] Attempt 1 to provision port 251f2803-bc24-4964-a6be-b50602b5ea90
