2026-06-13 23:48:58.243 9 INFO neutron.wsgi [-] 10.0.0.111 "GET / HTTP/1.1" status: 200 len: 246 time: 0.0025280
2026-06-13 23:48:58.244 10 INFO neutron.wsgi [-] 10.0.0.111 "GET / HTTP/1.1" status: 200 len: 246 time: 0.0032086
2026-06-13 23:49:13.241 9 INFO neutron.wsgi [-] 10.0.0.111 "GET / HTTP/1.1" status: 200 len: 246 time: 0.0012386
2026-06-13 23:49:13.242 10 INFO neutron.wsgi [-] 10.0.0.111 "GET / HTTP/1.1" status: 200 len: 246 time: 0.0024536
2026-06-13 23:49:15.945 9 INFO neutron.wsgi [None req-f3995a8c-c8be-4b5f-b6b7-8c5b5720d3ec ffe9042a33aa4d02b4b0570c5608a184 dadf9082a04b4d8f99ec28f752e4f7d0 - - default default] 10.0.0.5 "GET /v2.0/networks HTTP/1.1" status: 200 len: 2349 time: 0.2244043
2026-06-13 23:49:15.999 9 INFO neutron.wsgi [None req-7e18bd64-25e7-4d28-a8e4-23669a6faaea ffe9042a33aa4d02b4b0570c5608a184 dadf9082a04b4d8f99ec28f752e4f7d0 - - default default] 10.0.0.5 "GET /v2.0/security-groups HTTP/1.1" status: 200 len: 17578 time: 0.0513628
2026-06-13 23:49:16.056 9 INFO neutron.wsgi [None req-cfba7ac2-326f-4463-a581-7427557bc4f1 ffe9042a33aa4d02b4b0570c5608a184 dadf9082a04b4d8f99ec28f752e4f7d0 - - default default] 10.0.0.5 "GET /v2.0/subnets HTTP/1.1" status: 200 len: 1437 time: 0.0521381
2026-06-13 23:49:16.120 9 INFO neutron.wsgi [None req-ffa8f044-f8ca-446c-b173-ef447def946d ffe9042a33aa4d02b4b0570c5608a184 dadf9082a04b4d8f99ec28f752e4f7d0 - - default default] 10.0.0.5 "GET /v2.0/ports HTTP/1.1" status: 200 len: 5351 time: 0.0623841
2026-06-13 23:49:16.185 9 INFO neutron.wsgi [None req-1e4c3904-70d7-4156-b800-2f478761e8f0 ffe9042a33aa4d02b4b0570c5608a184 dadf9082a04b4d8f99ec28f752e4f7d0 - - default default] 10.0.0.5 "GET /v2.0/agents HTTP/1.1" status: 200 len: 1390 time: 0.0586462
2026-06-13 23:49:16.197 9 INFO neutron.wsgi [None req-9ca5570b-b525-493a-aa1d-f0228450ebbc ffe9042a33aa4d02b4b0570c5608a184 dadf9082a04b4d8f99ec28f752e4f7d0 - - default default] 10.0.0.5 "GET /v2.0/network-ip-availabilities HTTP/1.1" status: 200 len: 1280 time: 0.0110462
2026-06-13 23:49:16.218 9 INFO neutron.wsgi [None req-104b5960-2a75-4ded-b777-720294fe3119 ffe9042a33aa4d02b4b0570c5608a184 dadf9082a04b4d8f99ec28f752e4f7d0 - - default default] 10.0.0.5 "GET /v2.0/floatingips HTTP/1.1" status: 200 len: 193 time: 0.0197585
2026-06-13 23:49:16.236 9 INFO neutron.wsgi [None req-024d9a8e-fea7-4642-8aad-ed9cb33d3e45 ffe9042a33aa4d02b4b0570c5608a184 dadf9082a04b4d8f99ec28f752e4f7d0 - - default default] 10.0.0.5 "GET /v2.0/routers HTTP/1.1" status: 200 len: 189 time: 0.0179350
2026-06-13 23:49:16.245 9 INFO neutron.wsgi [None req-858a289e-aef3-4f5a-a19f-ccfec52450fb ffe9042a33aa4d02b4b0570c5608a184 dadf9082a04b4d8f99ec28f752e4f7d0 - - default default] 10.0.0.5 "GET /v2.0/agents?binary=ovn-controller HTTP/1.1" status: 200 len: 591 time: 0.0086598
2026-06-13 23:49:16.285 9 INFO neutron.wsgi [None req-c8155584-f3a8-4bb6-b601-b1ab4f38bdb0 ffe9042a33aa4d02b4b0570c5608a184 dadf9082a04b4d8f99ec28f752e4f7d0 - - default default] 10.0.0.5 "GET /v2.0/subnets HTTP/1.1" status: 200 len: 1437 time: 0.0383255
2026-06-13 23:49:16.299 9 INFO neutron.wsgi [None req-2cb39e7d-7cb8-4a42-a9b0-7ecccd0069f2 ffe9042a33aa4d02b4b0570c5608a184 dadf9082a04b4d8f99ec28f752e4f7d0 - - default default] 10.0.0.5 "GET /v2.0/subnetpools HTTP/1.1" status: 200 len: 193 time: 0.0130806
2026-06-13 23:49:28.243 9 INFO neutron.wsgi [-] 10.0.0.111 "GET / HTTP/1.1" status: 200 len: 246 time: 0.0025730
2026-06-13 23:49:28.244 10 INFO neutron.wsgi [-] 10.0.0.111 "GET / HTTP/1.1" status: 200 len: 246 time: 0.0032401
2026-06-13 23:49:43.241 10 INFO neutron.wsgi [-] 10.0.0.111 "GET / HTTP/1.1" status: 200 len: 246 time: 0.0018547
2026-06-13 23:49:43.242 9 INFO neutron.wsgi [-] 10.0.0.111 "GET / HTTP/1.1" status: 200 len: 246 time: 0.0025635
2026-06-13 23:49:58.244 10 INFO neutron.wsgi [-] 10.0.0.111 "GET / HTTP/1.1" status: 200 len: 246 time: 0.0031958
2026-06-13 23:49:58.244 9 INFO neutron.wsgi [-] 10.0.0.111 "GET / HTTP/1.1" status: 200 len: 246 time: 0.0031810
2026-06-13 23:50:13.244 10 INFO neutron.wsgi [-] 10.0.0.111 "GET / HTTP/1.1" status: 200 len: 246 time: 0.0031135
2026-06-13 23:50:13.247 10 INFO neutron.wsgi [-] 10.0.0.111 "GET / HTTP/1.1" status: 200 len: 246 time: 0.0020685
2026-06-13 23:50:15.757 9 INFO neutron.wsgi [None req-8bd38933-0780-4744-93aa-c1fba2d52b5d ffe9042a33aa4d02b4b0570c5608a184 dadf9082a04b4d8f99ec28f752e4f7d0 - - default default] 10.0.0.5 "GET /v2.0/ports HTTP/1.1" status: 200 len: 5351 time: 0.0910420
2026-06-13 23:50:15.800 9 INFO neutron.wsgi [None req-606559ba-51e7-443b-88f1-932cdb08dbc3 ffe9042a33aa4d02b4b0570c5608a184 dadf9082a04b4d8f99ec28f752e4f7d0 - - default default] 10.0.0.5 "GET /v2.0/agents HTTP/1.1" status: 200 len: 1390 time: 0.0383153
2026-06-13 23:50:15.867 9 INFO neutron.wsgi [None req-3e385d48-3e54-475d-955b-4137ad60180c ffe9042a33aa4d02b4b0570c5608a184 dadf9082a04b4d8f99ec28f752e4f7d0 - - default default] 10.0.0.5 "GET /v2.0/networks HTTP/1.1" status: 200 len: 2349 time: 0.0656888
2026-06-13 23:50:15.891 9 INFO neutron.wsgi [None req-c9a0475d-b607-4c82-b1e2-1b90da7ca423 ffe9042a33aa4d02b4b0570c5608a184 dadf9082a04b4d8f99ec28f752e4f7d0 - - default default] 10.0.0.5 "GET /v2.0/routers HTTP/1.1" status: 200 len: 189 time: 0.0215411
2026-06-13 23:50:15.902 9 INFO neutron.wsgi [None req-f8ae2957-d69d-4b54-b702-1db41c1c9801 ffe9042a33aa4d02b4b0570c5608a184 dadf9082a04b4d8f99ec28f752e4f7d0 - - default default] 10.0.0.5 "GET /v2.0/agents?binary=ovn-controller HTTP/1.1" status: 200 len: 591 time: 0.0101840
2026-06-13 23:50:15.920 9 INFO neutron.wsgi [None req-db838321-0ad4-4009-8ac9-f8a0b83f9324 ffe9042a33aa4d02b4b0570c5608a184 dadf9082a04b4d8f99ec28f752e4f7d0 - - default default] 10.0.0.5 "GET /v2.0/network-ip-availabilities HTTP/1.1" status: 200 len: 1280 time: 0.0168645
2026-06-13 23:50:15.950 9 INFO neutron.wsgi [None req-63f0bfae-565f-4e6d-ac48-1718cff80dea ffe9042a33aa4d02b4b0570c5608a184 dadf9082a04b4d8f99ec28f752e4f7d0 - - default default] 10.0.0.5 "GET /v2.0/subnets HTTP/1.1" status: 200 len: 1437 time: 0.0288365
2026-06-13 23:50:15.984 9 INFO neutron.wsgi [None req-81aa1257-dc04-4dbd-9538-ac3927940ff4 ffe9042a33aa4d02b4b0570c5608a184 dadf9082a04b4d8f99ec28f752e4f7d0 - - default default] 10.0.0.5 "GET /v2.0/subnets HTTP/1.1" status: 200 len: 1437 time: 0.0336292
2026-06-13 23:50:15.993 9 INFO neutron.wsgi [None req-a77013eb-b88e-4eab-b8df-c30ba675d850 ffe9042a33aa4d02b4b0570c5608a184 dadf9082a04b4d8f99ec28f752e4f7d0 - - default default] 10.0.0.5 "GET /v2.0/subnetpools HTTP/1.1" status: 200 len: 193 time: 0.0073092
2026-06-13 23:50:16.013 9 INFO neutron.wsgi [None req-ad352384-8a99-4845-9d54-fe1ff369bea6 ffe9042a33aa4d02b4b0570c5608a184 dadf9082a04b4d8f99ec28f752e4f7d0 - - default default] 10.0.0.5 "GET /v2.0/floatingips HTTP/1.1" status: 200 len: 193 time: 0.0191348
2026-06-13 23:50:16.055 9 INFO neutron.wsgi [None req-864ef694-a537-4272-bfe0-d3a1dc31b4e9 ffe9042a33aa4d02b4b0570c5608a184 dadf9082a04b4d8f99ec28f752e4f7d0 - - default default] 10.0.0.5 "GET /v2.0/security-groups HTTP/1.1" status: 200 len: 17578 time: 0.0418510
2026-06-13 23:50:28.241 10 INFO neutron.wsgi [-] 10.0.0.111 "GET / HTTP/1.1" status: 200 len: 246 time: 0.0017142
2026-06-13 23:50:28.242 9 INFO neutron.wsgi [-] 10.0.0.111 "GET / HTTP/1.1" status: 200 len: 246 time: 0.0024498
2026-06-13 23:50:43.242 9 INFO neutron.wsgi [-] 10.0.0.111 "GET / HTTP/1.1" status: 200 len: 246 time: 0.0023382
2026-06-13 23:50:43.243 10 INFO neutron.wsgi [-] 10.0.0.111 "GET / HTTP/1.1" status: 200 len: 246 time: 0.0028477
2026-06-13 23:50:58.242 10 INFO neutron.wsgi [-] 10.0.0.111 "GET / HTTP/1.1" status: 200 len: 246 time: 0.0016401
2026-06-13 23:50:58.242 9 INFO neutron.wsgi [-] 10.0.0.111 "GET / HTTP/1.1" status: 200 len: 246 time: 0.0016580
2026-06-13 23:51:13.243 10 INFO neutron.wsgi [-] 10.0.0.111 "GET / HTTP/1.1" status: 200 len: 246 time: 0.0023952
2026-06-13 23:51:13.243 9 INFO neutron.wsgi [-] 10.0.0.111 "GET / HTTP/1.1" status: 200 len: 246 time: 0.0023558
2026-06-13 23:51:15.899 9 INFO neutron.wsgi [None req-3c323140-0b5b-4ffa-b405-207cc0ff4799 ffe9042a33aa4d02b4b0570c5608a184 dadf9082a04b4d8f99ec28f752e4f7d0 - - default default] 10.0.0.5 "GET /v2.0/networks HTTP/1.1" status: 200 len: 2349 time: 0.2172956
2026-06-13 23:51:15.935 9 INFO neutron.wsgi [None req-3ba7f37f-b136-4857-af86-f4ea3403187b ffe9042a33aa4d02b4b0570c5608a184 dadf9082a04b4d8f99ec28f752e4f7d0 - - default default] 10.0.0.5 "GET /v2.0/subnets HTTP/1.1" status: 200 len: 1437 time: 0.0338922
2026-06-13 23:51:15.944 9 INFO neutron.wsgi [None req-b2b1fdc1-ac61-4600-89fb-e66de4802095 ffe9042a33aa4d02b4b0570c5608a184 dadf9082a04b4d8f99ec28f752e4f7d0 - - default default] 10.0.0.5 "GET /v2.0/subnetpools HTTP/1.1" status: 200 len: 193 time: 0.0076482
2026-06-13 23:51:15.986 9 INFO neutron.wsgi [None req-b977494f-adeb-428f-b24a-6cc128770be8 ffe9042a33aa4d02b4b0570c5608a184 dadf9082a04b4d8f99ec28f752e4f7d0 - - default default] 10.0.0.5 "GET /v2.0/security-groups HTTP/1.1" status: 200 len: 17578 time: 0.0411479
2026-06-13 23:51:16.020 9 INFO neutron.wsgi [None req-494170cf-c4ff-4b9f-a903-f8545f311887 ffe9042a33aa4d02b4b0570c5608a184 dadf9082a04b4d8f99ec28f752e4f7d0 - - default default] 10.0.0.5 "GET /v2.0/subnets HTTP/1.1" status: 200 len: 1437 time: 0.0303848
2026-06-13 23:51:16.076 9 INFO neutron.wsgi [None req-43ed0eb7-14f8-4516-b876-2aabae68efae ffe9042a33aa4d02b4b0570c5608a184 dadf9082a04b4d8f99ec28f752e4f7d0 - - default default] 10.0.0.5 "GET /v2.0/ports HTTP/1.1" status: 200 len: 5351 time: 0.0544796
2026-06-13 23:51:16.137 9 INFO neutron.wsgi [None req-24316767-3271-4767-9f70-7d883c38a4a2 ffe9042a33aa4d02b4b0570c5608a184 dadf9082a04b4d8f99ec28f752e4f7d0 - - default default] 10.0.0.5 "GET /v2.0/agents HTTP/1.1" status: 200 len: 1390 time: 0.0555475
2026-06-13 23:51:16.158 9 INFO neutron.wsgi [None req-a3c49f10-bad4-4cd5-9a27-54e2502384c9 ffe9042a33aa4d02b4b0570c5608a184 dadf9082a04b4d8f99ec28f752e4f7d0 - - default default] 10.0.0.5 "GET /v2.0/network-ip-availabilities HTTP/1.1" status: 200 len: 1280 time: 0.0168943
2026-06-13 23:51:16.176 9 INFO neutron.wsgi [None req-901b8cc8-3d66-4bd1-9960-167546895090 ffe9042a33aa4d02b4b0570c5608a184 dadf9082a04b4d8f99ec28f752e4f7d0 - - default default] 10.0.0.5 "GET /v2.0/floatingips HTTP/1.1" status: 200 len: 193 time: 0.0176773
2026-06-13 23:51:16.197 9 INFO neutron.wsgi [None req-dd361a21-f431-41da-95a5-99a584509379 ffe9042a33aa4d02b4b0570c5608a184 dadf9082a04b4d8f99ec28f752e4f7d0 - - default default] 10.0.0.5 "GET /v2.0/routers HTTP/1.1" status: 200 len: 189 time: 0.0198932
2026-06-13 23:51:16.207 9 INFO neutron.wsgi [None req-18cf2910-22dd-486f-b8bc-b11be7e9894f ffe9042a33aa4d02b4b0570c5608a184 dadf9082a04b4d8f99ec28f752e4f7d0 - - default default] 10.0.0.5 "GET /v2.0/agents?binary=ovn-controller HTTP/1.1" status: 200 len: 591 time: 0.0097253
2026-06-13 23:51:28.241 10 INFO neutron.wsgi [-] 10.0.0.111 "GET / HTTP/1.1" status: 200 len: 246 time: 0.0016744
2026-06-13 23:51:28.242 9 INFO neutron.wsgi [-] 10.0.0.111 "GET / HTTP/1.1" status: 200 len: 246 time: 0.0026495
2026-06-13 23:51:43.243 9 INFO neutron.wsgi [-] 10.0.0.111 "GET / HTTP/1.1" status: 200 len: 246 time: 0.0031948
2026-06-13 23:51:43.245 10 INFO neutron.wsgi [-] 10.0.0.111 "GET / HTTP/1.1" status: 200 len: 246 time: 0.0043213
2026-06-13 23:51:58.243 9 INFO neutron.wsgi [-] 10.0.0.111 "GET / HTTP/1.1" status: 200 len: 246 time: 0.0025046
2026-06-13 23:51:58.243 10 INFO neutron.wsgi [-] 10.0.0.111 "GET / HTTP/1.1" status: 200 len: 246 time: 0.0023706
2026-06-13 23:52:13.241 9 INFO neutron.wsgi [-] 10.0.0.111 "GET / HTTP/1.1" status: 200 len: 246 time: 0.0014014
2026-06-13 23:52:13.242 10 INFO neutron.wsgi [-] 10.0.0.111 "GET / HTTP/1.1" status: 200 len: 246 time: 0.0023963
2026-06-13 23:52:15.788 9 INFO neutron.wsgi [None req-9e93f492-62aa-434f-b59a-a0f724f02e34 ffe9042a33aa4d02b4b0570c5608a184 dadf9082a04b4d8f99ec28f752e4f7d0 - - default default] 10.0.0.5 "GET /v2.0/subnets HTTP/1.1" status: 200 len: 1437 time: 0.0796292
2026-06-13 23:52:15.811 9 INFO neutron.wsgi [None req-176127f2-2ee9-482d-b7df-c5912a3cc535 ffe9042a33aa4d02b4b0570c5608a184 dadf9082a04b4d8f99ec28f752e4f7d0 - - default default] 10.0.0.5 "GET /v2.0/routers HTTP/1.1" status: 200 len: 189 time: 0.0212309
2026-06-13 23:52:15.851 9 INFO neutron.wsgi [None req-4b40134f-d2b6-4a3d-be22-1998d57ede27 ffe9042a33aa4d02b4b0570c5608a184 dadf9082a04b4d8f99ec28f752e4f7d0 - - default default] 10.0.0.5 "GET /v2.0/agents?binary=ovn-controller HTTP/1.1" status: 200 len: 591 time: 0.0399706
2026-06-13 23:52:15.891 9 INFO neutron.wsgi [None req-086284ba-596b-4134-b5ff-5927ff9587d4 ffe9042a33aa4d02b4b0570c5608a184 dadf9082a04b4d8f99ec28f752e4f7d0 - - default default] 10.0.0.5 "GET /v2.0/subnets HTTP/1.1" status: 200 len: 1437 time: 0.0372238
2026-06-13 23:52:15.900 9 INFO neutron.wsgi [None req-2e3c960b-bc3e-4297-87d9-6eb020c8a3cb ffe9042a33aa4d02b4b0570c5608a184 dadf9082a04b4d8f99ec28f752e4f7d0 - - default default] 10.0.0.5 "GET /v2.0/subnetpools HTTP/1.1" status: 200 len: 193 time: 0.0085158
2026-06-13 23:52:15.959 9 INFO neutron.wsgi [None req-7a9fd8d1-a2f3-48d4-9c8b-376e491837c8 ffe9042a33aa4d02b4b0570c5608a184 dadf9082a04b4d8f99ec28f752e4f7d0 - - default default] 10.0.0.5 "GET /v2.0/networks HTTP/1.1" status: 200 len: 2349 time: 0.0581739
2026-06-13 23:52:16.019 9 INFO neutron.wsgi [None req-5ee78b9c-f12a-48f2-8a88-a3bb30a088be ffe9042a33aa4d02b4b0570c5608a184 dadf9082a04b4d8f99ec28f752e4f7d0 - - default default] 10.0.0.5 "GET /v2.0/ports HTTP/1.1" status: 200 len: 5351 time: 0.0574293
2026-06-13 23:52:16.049 9 INFO neutron.wsgi [None req-c932dac6-7871-4338-9ae9-8bf00542f00f ffe9042a33aa4d02b4b0570c5608a184 dadf9082a04b4d8f99ec28f752e4f7d0 - - default default] 10.0.0.5 "GET /v2.0/floatingips HTTP/1.1" status: 200 len: 193 time: 0.0249033
2026-06-13 23:52:16.102 9 INFO neutron.wsgi [None req-604ea63c-2f30-4450-a792-61eafac5e976 ffe9042a33aa4d02b4b0570c5608a184 dadf9082a04b4d8f99ec28f752e4f7d0 - - default default] 10.0.0.5 "GET /v2.0/security-groups HTTP/1.1" status: 200 len: 17578 time: 0.0528917
2026-06-13 23:52:16.122 9 INFO neutron.wsgi [None req-2d0600b9-84cf-4b96-960c-9b1be785e89c ffe9042a33aa4d02b4b0570c5608a184 dadf9082a04b4d8f99ec28f752e4f7d0 - - default default] 10.0.0.5 "GET /v2.0/agents HTTP/1.1" status: 200 len: 1390 time: 0.0129225
2026-06-13 23:52:16.134 9 INFO neutron.wsgi [None req-f18d0fef-9835-406d-8ac9-a317686a13c9 ffe9042a33aa4d02b4b0570c5608a184 dadf9082a04b4d8f99ec28f752e4f7d0 - - default default] 10.0.0.5 "GET /v2.0/network-ip-availabilities HTTP/1.1" status: 200 len: 1280 time: 0.0107286
2026-06-13 23:52:28.241 10 INFO neutron.wsgi [-] 10.0.0.111 "GET / HTTP/1.1" status: 200 len: 246 time: 0.0014172
2026-06-13 23:52:28.243 10 INFO neutron.wsgi [-] 10.0.0.111 "GET / HTTP/1.1" status: 200 len: 246 time: 0.0008998
2026-06-13 23:52:39.114 9 INFO neutron.pecan_wsgi.hooks.translation [None req-1d0ab0fd-bb9d-41a1-9189-b49fa8dcdc2f ffe9042a33aa4d02b4b0570c5608a184 dadf9082a04b4d8f99ec28f752e4f7d0 - - default default] GET failed (client error): The resource could not be found.
2026-06-13 23:52:39.115 9 INFO neutron.wsgi [None req-1d0ab0fd-bb9d-41a1-9189-b49fa8dcdc2f ffe9042a33aa4d02b4b0570c5608a184 dadf9082a04b4d8f99ec28f752e4f7d0 - - default default] 199.204.45.65,10.0.0.111 "GET /v2.0/networks/public HTTP/1.1" status: 404 len: 290 time: 0.0494206
2026-06-13 23:52:39.192 9 INFO neutron.wsgi [None req-8b40f7ae-fd9a-4d8b-9477-55b7787b0157 ffe9042a33aa4d02b4b0570c5608a184 dadf9082a04b4d8f99ec28f752e4f7d0 - - default default] 199.204.45.65,10.0.0.111 "GET /v2.0/networks?name=public HTTP/1.1" status: 200 len: 928 time: 0.0728898
2026-06-13 23:52:40.242 9 INFO neutron.pecan_wsgi.hooks.translation [None req-e8a6744c-92fc-4ae3-a0fd-a66636355da4 ffe9042a33aa4d02b4b0570c5608a184 dadf9082a04b4d8f99ec28f752e4f7d0 - - default default] GET failed (client error): The resource could not be found.
2026-06-13 23:52:40.244 9 INFO neutron.wsgi [None req-e8a6744c-92fc-4ae3-a0fd-a66636355da4 ffe9042a33aa4d02b4b0570c5608a184 dadf9082a04b4d8f99ec28f752e4f7d0 - - default default] 199.204.45.65,10.0.0.111 "GET /v2.0/networks/public HTTP/1.1" status: 404 len: 290 time: 0.0498700
2026-06-13 23:52:40.360 9 INFO neutron.wsgi [None req-234600a7-724f-42d4-84cf-b4acc65ff777 ffe9042a33aa4d02b4b0570c5608a184 dadf9082a04b4d8f99ec28f752e4f7d0 - - default default] 199.204.45.65,10.0.0.111 "GET /v2.0/networks?name=public HTTP/1.1" status: 200 len: 928 time: 0.1123333
2026-06-13 23:52:40.383 9 INFO neutron.pecan_wsgi.hooks.translation [None req-a5ad1d0b-827d-4bce-b0c3-c3d94be5c2c4 ffe9042a33aa4d02b4b0570c5608a184 dadf9082a04b4d8f99ec28f752e4f7d0 - - default default] GET failed (client error): The resource could not be found.
2026-06-13 23:52:40.384 9 INFO neutron.wsgi [None req-a5ad1d0b-827d-4bce-b0c3-c3d94be5c2c4 ffe9042a33aa4d02b4b0570c5608a184 dadf9082a04b4d8f99ec28f752e4f7d0 - - default default] 199.204.45.65,10.0.0.111 "GET /v2.0/subnets/public-subnet?network_id=7b8efc48-fb63-4bd9-9cba-92e000cacdfb HTTP/1.1" status: 404 len: 295 time: 0.0168257
2026-06-13 23:52:40.429 9 INFO neutron.wsgi [None req-9da4187c-4037-433b-9b13-478478425109 ffe9042a33aa4d02b4b0570c5608a184 dadf9082a04b4d8f99ec28f752e4f7d0 - - default default] 199.204.45.65,10.0.0.111 "GET /v2.0/subnets?name=public-subnet&network_id=7b8efc48-fb63-4bd9-9cba-92e000cacdfb HTTP/1.1" status: 200 len: 819 time: 0.0424182
2026-06-13 23:52:43.243 10 INFO neutron.wsgi [-] 10.0.0.111 "GET / HTTP/1.1" status: 200 len: 246 time: 0.0025513
2026-06-13 23:52:43.243 9 INFO neutron.wsgi [-] 10.0.0.111 "GET / HTTP/1.1" status: 200 len: 246 time: 0.0027268
2026-06-13 23:52:58.243 9 INFO neutron.wsgi [-] 10.0.0.111 "GET / HTTP/1.1" status: 200 len: 246 time: 0.0025811
2026-06-13 23:52:58.244 10 INFO neutron.wsgi [-] 10.0.0.111 "GET / HTTP/1.1" status: 200 len: 246 time: 0.0038490
2026-06-13 23:53:12.693 9 INFO neutron.pecan_wsgi.hooks.translation [None req-ce16682b-8840-49e1-a31e-95ec115dbbc1 ffe9042a33aa4d02b4b0570c5608a184 dadf9082a04b4d8f99ec28f752e4f7d0 - - default default] GET failed (client error): The resource could not be found.
2026-06-13 23:53:12.694 9 INFO neutron.wsgi [None req-ce16682b-8840-49e1-a31e-95ec115dbbc1 ffe9042a33aa4d02b4b0570c5608a184 dadf9082a04b4d8f99ec28f752e4f7d0 - - default default] 199.204.45.65,10.0.0.111 "GET /v2.0/networks/lb-mgmt-net HTTP/1.1" status: 404 len: 295 time: 0.0582919
2026-06-13 23:53:12.757 9 INFO neutron.wsgi [None req-8d82578a-3538-4736-bcf5-740425aeb7a2 ffe9042a33aa4d02b4b0570c5608a184 dadf9082a04b4d8f99ec28f752e4f7d0 - - default default] 199.204.45.65,10.0.0.111 "GET /v2.0/networks?name=lb-mgmt-net HTTP/1.1" status: 200 len: 912 time: 0.0590281
2026-06-13 23:53:13.243 10 INFO neutron.wsgi [-] 10.0.0.111 "GET / HTTP/1.1" status: 200 len: 246 time: 0.0024087
2026-06-13 23:53:13.244 9 INFO neutron.wsgi [-] 10.0.0.111 "GET / HTTP/1.1" status: 200 len: 246 time: 0.0033827
2026-06-13 23:53:13.717 9 INFO neutron.pecan_wsgi.hooks.translation [None req-47bdf539-f88e-4a24-92ba-ce01910e12f9 ffe9042a33aa4d02b4b0570c5608a184 dadf9082a04b4d8f99ec28f752e4f7d0 - - default default] GET failed (client error): The resource could not be found.
2026-06-13 23:53:13.718 9 INFO neutron.wsgi [None req-47bdf539-f88e-4a24-92ba-ce01910e12f9 ffe9042a33aa4d02b4b0570c5608a184 dadf9082a04b4d8f99ec28f752e4f7d0 - - default default] 199.204.45.65,10.0.0.111 "GET /v2.0/networks/lb-mgmt-net HTTP/1.1" status: 404 len: 295 time: 0.0440869
2026-06-13 23:53:13.777 9 INFO neutron.wsgi [None req-c64b8b88-bd98-4005-be27-92bc016b0587 ffe9042a33aa4d02b4b0570c5608a184 dadf9082a04b4d8f99ec28f752e4f7d0 - - default default] 199.204.45.65,10.0.0.111 "GET /v2.0/networks?name=lb-mgmt-net HTTP/1.1" status: 200 len: 912 time: 0.0543764
2026-06-13 23:53:13.802 9 INFO neutron.pecan_wsgi.hooks.translation [None req-94506659-1ebe-4080-959f-a98f8e1e10af ffe9042a33aa4d02b4b0570c5608a184 dadf9082a04b4d8f99ec28f752e4f7d0 - - default default] GET failed (client error): The resource could not be found.
2026-06-13 23:53:13.803 9 INFO neutron.wsgi [None req-94506659-1ebe-4080-959f-a98f8e1e10af ffe9042a33aa4d02b4b0570c5608a184 dadf9082a04b4d8f99ec28f752e4f7d0 - - default default] 199.204.45.65,10.0.0.111 "GET /v2.0/subnets/lb-mgmt-subnet?network_id=1468c424-603f-4802-8143-6e80b064e9d5 HTTP/1.1" status: 404 len: 296 time: 0.0167489
2026-06-13 23:53:13.838 9 INFO neutron.wsgi [None req-de0982d8-012c-44f4-9165-8cb7bc5db17f ffe9042a33aa4d02b4b0570c5608a184 dadf9082a04b4d8f99ec28f752e4f7d0 - - default default] 199.204.45.65,10.0.0.111 "GET /v2.0/subnets?name=lb-mgmt-subnet&network_id=1468c424-603f-4802-8143-6e80b064e9d5 HTTP/1.1" status: 200 len: 805 time: 0.0311739
2026-06-13 23:53:14.947 9 INFO neutron.api.v2.resource [None req-b8d89460-f635-4581-bcff-d786ec4d0a7f ffe9042a33aa4d02b4b0570c5608a184 dadf9082a04b4d8f99ec28f752e4f7d0 - - default default] show failed (client error): The resource could not be found.
2026-06-13 23:53:14.948 9 INFO neutron.wsgi [None req-b8d89460-f635-4581-bcff-d786ec4d0a7f ffe9042a33aa4d02b4b0570c5608a184 dadf9082a04b4d8f99ec28f752e4f7d0 - - default default] 199.204.45.65,10.0.0.111 "GET /v2.0/security-groups/lb-health-mgr-sec-grp HTTP/1.1" status: 404 len: 313 time: 0.0397055
2026-06-13 23:53:14.987 9 INFO neutron.wsgi [None req-42aa9aef-7212-4a36-a356-7cf04094389b ffe9042a33aa4d02b4b0570c5608a184 dadf9082a04b4d8f99ec28f752e4f7d0 - - default default] 199.204.45.65,10.0.0.111 "GET /v2.0/security-groups?name=lb-health-mgr-sec-grp HTTP/1.1" status: 200 len: 4866 time: 0.0349374
2026-06-13 23:53:15.723 9 INFO neutron.wsgi [None req-602c7f80-0a40-461c-97b3-b7c460148366 ffe9042a33aa4d02b4b0570c5608a184 dadf9082a04b4d8f99ec28f752e4f7d0 - - default default] 10.0.0.5 "GET /v2.0/security-groups HTTP/1.1" status: 200 len: 17578 time: 0.0884912
2026-06-13 23:53:15.762 9 INFO neutron.wsgi [None req-7ec3d3cf-2ed3-401a-98c2-90ad174c1108 ffe9042a33aa4d02b4b0570c5608a184 dadf9082a04b4d8f99ec28f752e4f7d0 - - default default] 10.0.0.5 "GET /v2.0/subnets HTTP/1.1" status: 200 len: 1437 time: 0.0350268
2026-06-13 23:53:15.771 9 INFO neutron.wsgi [None req-94ac0354-c175-4b5a-9ea2-a923fe77f180 ffe9042a33aa4d02b4b0570c5608a184 dadf9082a04b4d8f99ec28f752e4f7d0 - - default default] 10.0.0.5 "GET /v2.0/subnetpools HTTP/1.1" status: 200 len: 193 time: 0.0069661
2026-06-13 23:53:15.793 9 INFO neutron.wsgi [None req-1854702d-19a0-457c-addc-7477ed8734f0 ffe9042a33aa4d02b4b0570c5608a184 dadf9082a04b4d8f99ec28f752e4f7d0 - - default default] 10.0.0.5 "GET /v2.0/floatingips HTTP/1.1" status: 200 len: 193 time: 0.0218942
2026-06-13 23:53:15.819 9 INFO neutron.wsgi [None req-280ef84d-c5ca-4ea4-b09f-cadb061500c7 ffe9042a33aa4d02b4b0570c5608a184 dadf9082a04b4d8f99ec28f752e4f7d0 - - default default] 10.0.0.5 "GET /v2.0/subnets HTTP/1.1" status: 200 len: 1437 time: 0.0250802
2026-06-13 23:53:15.875 9 INFO neutron.wsgi [None req-824c356f-66c1-47ce-ad85-ce353f5df939 ffe9042a33aa4d02b4b0570c5608a184 dadf9082a04b4d8f99ec28f752e4f7d0 - - default default] 10.0.0.5 "GET /v2.0/agents HTTP/1.1" status: 200 len: 1390 time: 0.0540926
2026-06-13 23:53:15.922 9 INFO neutron.wsgi [None req-c02ba52f-a226-4e02-b15e-37ec05d5df29 ffe9042a33aa4d02b4b0570c5608a184 dadf9082a04b4d8f99ec28f752e4f7d0 - - default default] 10.0.0.5 "GET /v2.0/ports HTTP/1.1" status: 200 len: 5351 time: 0.0454125
2026-06-13 23:53:15.949 9 INFO neutron.wsgi [None req-a1ab438d-96a2-404f-8d45-303f12ca7958 ffe9042a33aa4d02b4b0570c5608a184 dadf9082a04b4d8f99ec28f752e4f7d0 - - default default] 10.0.0.5 "GET /v2.0/routers HTTP/1.1" status: 200 len: 189 time: 0.0236287
2026-06-13 23:53:15.959 9 INFO neutron.wsgi [None req-8afbcdcf-9045-4d3b-86e1-84f0b9cd9e06 ffe9042a33aa4d02b4b0570c5608a184 dadf9082a04b4d8f99ec28f752e4f7d0 - - default default] 10.0.0.5 "GET /v2.0/agents?binary=ovn-controller HTTP/1.1" status: 200 len: 591 time: 0.0094123
2026-06-13 23:53:16.021 9 INFO neutron.wsgi [None req-c4776566-56fa-4cfa-92e7-29ee965fce67 ffe9042a33aa4d02b4b0570c5608a184 dadf9082a04b4d8f99ec28f752e4f7d0 - - default default] 10.0.0.5 "GET /v2.0/networks HTTP/1.1" status: 200 len: 2349 time: 0.0609965
2026-06-13 23:53:16.032 9 INFO neutron.wsgi [None req-3752db14-977f-40d1-94a0-c12877a65396 ffe9042a33aa4d02b4b0570c5608a184 dadf9082a04b4d8f99ec28f752e4f7d0 - - default default] 10.0.0.5 "GET /v2.0/network-ip-availabilities HTTP/1.1" status: 200 len: 1280 time: 0.0098004
2026-06-13 23:53:16.128 9 INFO neutron.wsgi [None req-d0b4756e-4075-41cb-abde-e5a1d907d41f ffe9042a33aa4d02b4b0570c5608a184 dadf9082a04b4d8f99ec28f752e4f7d0 - - default default] 199.204.45.65,10.0.0.111 "GET /v2.0/security-groups/568bd4e5-622b-41d8-87d6-b920e0666c20 HTTP/1.1" status: 200 len: 4870 time: 0.0686989
2026-06-13 23:53:16.170 9 INFO neutron.wsgi [None req-750c6266-99cd-41cf-9da8-159cc1662342 ffe9042a33aa4d02b4b0570c5608a184 dadf9082a04b4d8f99ec28f752e4f7d0 - - default default] 199.204.45.65,10.0.0.111 "GET /v2.0/security-groups/568bd4e5-622b-41d8-87d6-b920e0666c20 HTTP/1.1" status: 200 len: 4870 time: 0.0337393
2026-06-13 23:53:16.194 9 INFO neutron.wsgi [None req-5d7fb7e6-de25-484e-9cb2-cb914fc49057 ffe9042a33aa4d02b4b0570c5608a184 dadf9082a04b4d8f99ec28f752e4f7d0 - - default default] 199.204.45.65,10.0.0.111 "GET /v2.0/security-group-rules/0d670b67-03b9-4a77-a239-c062d35d331a HTTP/1.1" status: 200 len: 776 time: 0.0178182
2026-06-13 23:53:17.059 9 INFO neutron.wsgi [None req-422421d1-e6b1-4b5b-93b7-cfe7b06397ea ffe9042a33aa4d02b4b0570c5608a184 dadf9082a04b4d8f99ec28f752e4f7d0 - - default default] 199.204.45.65,10.0.0.111 "GET /v2.0/security-groups/568bd4e5-622b-41d8-87d6-b920e0666c20 HTTP/1.1" status: 200 len: 4870 time: 0.0674279
2026-06-13 23:53:17.109 9 INFO neutron.wsgi [None req-5386621b-0a0b-4060-a773-5eb9f972d8e2 ffe9042a33aa4d02b4b0570c5608a184 dadf9082a04b4d8f99ec28f752e4f7d0 - - default default] 199.204.45.65,10.0.0.111 "GET /v2.0/security-groups/568bd4e5-622b-41d8-87d6-b920e0666c20 HTTP/1.1" status: 200 len: 4870 time: 0.0433288
2026-06-13 23:53:17.136 9 INFO neutron.wsgi [None req-b5245adc-90c5-4835-aa74-6402e365a0f5 ffe9042a33aa4d02b4b0570c5608a184 dadf9082a04b4d8f99ec28f752e4f7d0 - - default default] 199.204.45.65,10.0.0.111 "GET /v2.0/security-group-rules/436441c5-2a8c-4062-bbc4-5cb00c1d3be6 HTTP/1.1" status: 200 len: 778 time: 0.0199358
2026-06-13 23:53:17.993 9 INFO neutron.wsgi [None req-b9bd8ee1-79ae-405b-9b0b-5b30e95ac30f ffe9042a33aa4d02b4b0570c5608a184 dadf9082a04b4d8f99ec28f752e4f7d0 - - default default] 199.204.45.65,10.0.0.111 "GET /v2.0/security-groups/568bd4e5-622b-41d8-87d6-b920e0666c20 HTTP/1.1" status: 200 len: 4870 time: 0.0711243
2026-06-13 23:53:18.037 9 INFO neutron.wsgi [None req-47c6a150-233f-40b7-bb75-8c4c4c8bb35f ffe9042a33aa4d02b4b0570c5608a184 dadf9082a04b4d8f99ec28f752e4f7d0 - - default default] 199.204.45.65,10.0.0.111 "GET /v2.0/security-groups/568bd4e5-622b-41d8-87d6-b920e0666c20 HTTP/1.1" status: 200 len: 4870 time: 0.0371387
2026-06-13 23:53:18.060 9 INFO neutron.wsgi [None req-1bb64f05-3de4-4099-9256-75c2a6cfa713 ffe9042a33aa4d02b4b0570c5608a184 dadf9082a04b4d8f99ec28f752e4f7d0 - - default default] 199.204.45.65,10.0.0.111 "GET /v2.0/security-group-rules/cd20d5db-7195-4081-adbd-39929f957824 HTTP/1.1" status: 200 len: 778 time: 0.0191009
2026-06-13 23:53:18.900 9 INFO neutron.wsgi [None req-d845f733-d457-4e44-9d19-6207e371ed09 ffe9042a33aa4d02b4b0570c5608a184 dadf9082a04b4d8f99ec28f752e4f7d0 - - default default] 199.204.45.65,10.0.0.111 "GET /v2.0/security-groups/568bd4e5-622b-41d8-87d6-b920e0666c20 HTTP/1.1" status: 200 len: 4870 time: 0.0697680
2026-06-13 23:53:18.942 9 INFO neutron.wsgi [None req-be5e8119-eaf5-4034-a978-9c2dedb7a92c ffe9042a33aa4d02b4b0570c5608a184 dadf9082a04b4d8f99ec28f752e4f7d0 - - default default] 199.204.45.65,10.0.0.111 "GET /v2.0/security-groups/568bd4e5-622b-41d8-87d6-b920e0666c20 HTTP/1.1" status: 200 len: 4870 time: 0.0334382
2026-06-13 23:53:18.965 9 INFO neutron.wsgi [None req-fc748331-f536-41b2-a719-f1920dc3b19c ffe9042a33aa4d02b4b0570c5608a184 dadf9082a04b4d8f99ec28f752e4f7d0 - - default default] 199.204.45.65,10.0.0.111 "GET /v2.0/security-group-rules/d0dd822f-11b7-4a13-beb2-1386367a9372 HTTP/1.1" status: 200 len: 778 time: 0.0148199
2026-06-13 23:53:19.833 9 INFO neutron.wsgi [None req-1687d010-ac99-43c7-b727-4c1c929d30bc ffe9042a33aa4d02b4b0570c5608a184 dadf9082a04b4d8f99ec28f752e4f7d0 - - default default] 199.204.45.65,10.0.0.111 "GET /v2.0/security-groups/568bd4e5-622b-41d8-87d6-b920e0666c20 HTTP/1.1" status: 200 len: 4870 time: 0.0628788
2026-06-13 23:53:19.878 9 INFO neutron.wsgi [None req-7e03cb29-1377-4244-bdb6-567f3bf57efa ffe9042a33aa4d02b4b0570c5608a184 dadf9082a04b4d8f99ec28f752e4f7d0 - - default default] 199.204.45.65,10.0.0.111 "GET /v2.0/security-groups/568bd4e5-622b-41d8-87d6-b920e0666c20 HTTP/1.1" status: 200 len: 4870 time: 0.0375619
2026-06-13 23:53:19.902 9 INFO neutron.wsgi [None req-b28005dc-09d2-429d-9795-0ca8238ee98b ffe9042a33aa4d02b4b0570c5608a184 dadf9082a04b4d8f99ec28f752e4f7d0 - - default default] 199.204.45.65,10.0.0.111 "GET /v2.0/security-group-rules/f9d11c8b-acd6-47af-a9e3-ec4ec68cc6dd HTTP/1.1" status: 200 len: 778 time: 0.0178130
2026-06-13 23:53:21.145 9 INFO neutron.wsgi [None req-befdf8b3-f342-409d-9967-6a9d7dececc1 ffe9042a33aa4d02b4b0570c5608a184 dadf9082a04b4d8f99ec28f752e4f7d0 - - default default] 199.204.45.65,10.0.0.111 "GET /v2.0/networks/1468c424-603f-4802-8143-6e80b064e9d5 HTTP/1.1" status: 200 len: 909 time: 0.0963082
2026-06-13 23:53:21.169 9 INFO neutron.pecan_wsgi.hooks.translation [None req-666f733a-57b6-416f-af93-2ed11ee0fd67 ffe9042a33aa4d02b4b0570c5608a184 dadf9082a04b4d8f99ec28f752e4f7d0 - - default default] GET failed (client error): The resource could not be found.
2026-06-13 23:53:21.170 9 INFO neutron.wsgi [None req-666f733a-57b6-416f-af93-2ed11ee0fd67 ffe9042a33aa4d02b4b0570c5608a184 dadf9082a04b4d8f99ec28f752e4f7d0 - - default default] 199.204.45.65,10.0.0.111 "GET /v2.0/ports/octavia-health-manager-port-instance?network_id=1468c424-603f-4802-8143-6e80b064e9d5 HTTP/1.1" status: 404 len: 314 time: 0.0193124
2026-06-13 23:53:21.224 9 INFO neutron.wsgi [None req-f70c917e-ddcf-4946-82bc-9e4f82a714f4 ffe9042a33aa4d02b4b0570c5608a184 dadf9082a04b4d8f99ec28f752e4f7d0 - - default default] 199.204.45.65,10.0.0.111 "GET /v2.0/ports?name=octavia-health-manager-port-instance&network_id=1468c424-603f-4802-8143-6e80b064e9d5 HTTP/1.1" status: 200 len: 1399 time: 0.0507696
2026-06-13 23:53:21.270 9 INFO neutron.wsgi [None req-018825f1-346e-41cc-9af3-30b1fd285b20 ffe9042a33aa4d02b4b0570c5608a184 dadf9082a04b4d8f99ec28f752e4f7d0 - - default default] 199.204.45.65,10.0.0.111 "GET /v2.0/security-groups/568bd4e5-622b-41d8-87d6-b920e0666c20 HTTP/1.1" status: 200 len: 4870 time: 0.0378406
2026-06-13 23:53:27.485 9 INFO neutron.pecan_wsgi.hooks.translation [None req-8e46fdc5-644d-4d6d-8f88-01207f7df6ca ffe9042a33aa4d02b4b0570c5608a184 dadf9082a04b4d8f99ec28f752e4f7d0 - - default default] GET failed (client error): The resource could not be found.
2026-06-13 23:53:27.486 9 INFO neutron.wsgi [None req-8e46fdc5-644d-4d6d-8f88-01207f7df6ca ffe9042a33aa4d02b4b0570c5608a184 dadf9082a04b4d8f99ec28f752e4f7d0 - - default default] 199.204.45.65,10.0.0.111 "GET /v2.0/ports/octavia-health-manager-port-instance HTTP/1.1" status: 404 len: 314 time: 0.0616741
2026-06-13 23:53:27.524 9 INFO neutron.wsgi [None req-522758a1-637c-4ae4-86c1-762a4468f0ec ffe9042a33aa4d02b4b0570c5608a184 dadf9082a04b4d8f99ec28f752e4f7d0 - - default default] 199.204.45.65,10.0.0.111 "GET /v2.0/ports?name=octavia-health-manager-port-instance HTTP/1.1" status: 200 len: 1399 time: 0.0331626
2026-06-13 23:53:28.241 10 INFO neutron.wsgi [-] 10.0.0.111 "GET / HTTP/1.1" status: 200 len: 246 time: 0.0013568
2026-06-13 23:53:28.243 9 INFO neutron.wsgi [-] 10.0.0.111 "GET / HTTP/1.1" status: 200 len: 246 time: 0.0026264
2026-06-13 23:53:29.037 9 INFO neutron.wsgi [None req-c3f76d51-e363-4093-a490-c3bad2fde244 ffe9042a33aa4d02b4b0570c5608a184 dadf9082a04b4d8f99ec28f752e4f7d0 - - default default] 199.204.45.65,10.0.0.111 "GET /v2.0/ports HTTP/1.1" status: 200 len: 5351 time: 0.0839655
2026-06-13 23:53:30.058 9 INFO neutron.api.v2.resource [None req-8c78504f-6440-4b9c-bccb-5a3da3b626a3 ffe9042a33aa4d02b4b0570c5608a184 dadf9082a04b4d8f99ec28f752e4f7d0 - - default default] show failed (client error): The resource could not be found.
2026-06-13 23:53:30.059 9 INFO neutron.wsgi [None req-8c78504f-6440-4b9c-bccb-5a3da3b626a3 ffe9042a33aa4d02b4b0570c5608a184 dadf9082a04b4d8f99ec28f752e4f7d0 - - default default] 199.204.45.65,10.0.0.111 "GET /v2.0/security-groups/lb-mgmt-sec-grp HTTP/1.1" status: 404 len: 307 time: 0.0445540
2026-06-13 23:53:30.104 9 INFO neutron.wsgi [None req-ed1bc912-7623-43b6-9c2d-c5ba49eccdf3 ffe9042a33aa4d02b4b0570c5608a184 dadf9082a04b4d8f99ec28f752e4f7d0 - - default default] 199.204.45.65,10.0.0.111 "GET /v2.0/security-groups?name=lb-mgmt-sec-grp HTTP/1.1" status: 200 len: 3061 time: 0.0413098
2026-06-13 23:53:31.055 9 INFO neutron.wsgi [None req-cc435685-4f3e-40d8-994d-630b3503453e ffe9042a33aa4d02b4b0570c5608a184 dadf9082a04b4d8f99ec28f752e4f7d0 - - default default] 199.204.45.65,10.0.0.111 "GET /v2.0/security-groups/49b5a006-881e-42a6-83e4-080dc2572940 HTTP/1.1" status: 200 len: 3062 time: 0.0679665
2026-06-13 23:53:31.092 9 INFO neutron.wsgi [None req-578746f0-d5c7-422c-aa77-aed636386d00 ffe9042a33aa4d02b4b0570c5608a184 dadf9082a04b4d8f99ec28f752e4f7d0 - - default default] 199.204.45.65,10.0.0.111 "GET /v2.0/security-groups/49b5a006-881e-42a6-83e4-080dc2572940 HTTP/1.1" status: 200 len: 3062 time: 0.0313880
2026-06-13 23:53:31.121 9 INFO neutron.wsgi [None req-288c59b6-2144-467d-8c7a-f62c54ba80d2 ffe9042a33aa4d02b4b0570c5608a184 dadf9082a04b4d8f99ec28f752e4f7d0 - - default default] 199.204.45.65,10.0.0.111 "GET /v2.0/security-group-rules/e223de6e-b17e-4414-a6c9-d3837df9c0d8 HTTP/1.1" status: 200 len: 798 time: 0.0210938
2026-06-13 23:53:32.013 9 INFO neutron.wsgi [None req-2076eaec-294c-45cb-a3ec-7a9b53e6299f ffe9042a33aa4d02b4b0570c5608a184 dadf9082a04b4d8f99ec28f752e4f7d0 - - default default] 199.204.45.65,10.0.0.111 "GET /v2.0/security-groups/49b5a006-881e-42a6-83e4-080dc2572940 HTTP/1.1" status: 200 len: 3062 time: 0.0671206
2026-06-13 23:53:32.065 9 INFO neutron.wsgi [None req-dc751154-75c1-4881-b349-cf7be572ac79 ffe9042a33aa4d02b4b0570c5608a184 dadf9082a04b4d8f99ec28f752e4f7d0 - - default default] 199.204.45.65,10.0.0.111 "GET /v2.0/security-groups/49b5a006-881e-42a6-83e4-080dc2572940 HTTP/1.1" status: 200 len: 3062 time: 0.0449722
2026-06-13 23:53:32.087 9 INFO neutron.wsgi [None req-90313464-b6fa-4824-82f5-008b8995e6ab ffe9042a33aa4d02b4b0570c5608a184 dadf9082a04b4d8f99ec28f752e4f7d0 - - default default] 199.204.45.65,10.0.0.111 "GET /v2.0/security-group-rules/6d5a2b52-9811-4964-942b-ab14b4271a3d HTTP/1.1" status: 200 len: 802 time: 0.0173893
2026-06-13 23:53:43.243 9 INFO neutron.wsgi [-] 10.0.0.111 "GET / HTTP/1.1" status: 200 len: 246 time: 0.0024433
2026-06-13 23:53:43.243 10 INFO neutron.wsgi [-] 10.0.0.111 "GET / HTTP/1.1" status: 200 len: 246 time: 0.0034363
2026-06-13 23:53:43.857 9 INFO neutron.wsgi [None req-442aff9f-f151-47f2-afe0-467eeb2ee1af ffe9042a33aa4d02b4b0570c5608a184 dadf9082a04b4d8f99ec28f752e4f7d0 - - default default] 199.204.45.65,10.0.0.111 "GET /v2.0/quotas/dadf9082a04b4d8f99ec28f752e4f7d0 HTTP/1.1" status: 200 len: 466 time: 0.0107901
2026-06-13 23:53:58.243 9 INFO neutron.wsgi [-] 10.0.0.111 "GET / HTTP/1.1" status: 200 len: 246 time: 0.0027177
2026-06-13 23:53:58.246 9 INFO neutron.wsgi [-] 10.0.0.111 "GET / HTTP/1.1" status: 200 len: 246 time: 0.0024772
2026-06-13 23:54:13.242 10 INFO neutron.wsgi [-] 10.0.0.111 "GET / HTTP/1.1" status: 200 len: 246 time: 0.0025923
2026-06-13 23:54:13.243 9 INFO neutron.wsgi [-] 10.0.0.111 "GET / HTTP/1.1" status: 200 len: 246 time: 0.0032690
2026-06-13 23:54:15.861 9 INFO neutron.wsgi [None req-f1bb9ee0-35b1-4ae1-a598-374316e3d4d3 ffe9042a33aa4d02b4b0570c5608a184 dadf9082a04b4d8f99ec28f752e4f7d0 - - default default] 10.0.0.5 "GET /v2.0/routers HTTP/1.1" status: 200 len: 189 time: 0.1160953
2026-06-13 23:54:15.907 9 INFO neutron.wsgi [None req-cf8957c7-f275-4b68-ab53-57da9917f22b ffe9042a33aa4d02b4b0570c5608a184 dadf9082a04b4d8f99ec28f752e4f7d0 - - default default] 10.0.0.5 "GET /v2.0/agents?binary=ovn-controller HTTP/1.1" status: 200 len: 591 time: 0.0454230
2026-06-13 23:54:15.940 9 INFO neutron.wsgi [None req-08ac0e0b-14fe-4e7e-871d-4e5a2da899c4 ffe9042a33aa4d02b4b0570c5608a184 dadf9082a04b4d8f99ec28f752e4f7d0 - - default default] 10.0.0.5 "GET /v2.0/subnets HTTP/1.1" status: 200 len: 1437 time: 0.0316815
2026-06-13 23:54:15.950 9 INFO neutron.wsgi [None req-bd46c7ce-b054-4c94-a51c-3e36d8a49ff6 ffe9042a33aa4d02b4b0570c5608a184 dadf9082a04b4d8f99ec28f752e4f7d0 - - default default] 10.0.0.5 "GET /v2.0/subnetpools HTTP/1.1" status: 200 len: 193 time: 0.0082395
2026-06-13 23:54:15.970 9 INFO neutron.wsgi [None req-26b1dea2-472b-49dd-b90a-e004874e691c ffe9042a33aa4d02b4b0570c5608a184 dadf9082a04b4d8f99ec28f752e4f7d0 - - default default] 10.0.0.5 "GET /v2.0/agents HTTP/1.1" status: 200 len: 1390 time: 0.0198090
2026-06-13 23:54:16.070 9 INFO neutron.wsgi [None req-42ae3b42-85f5-449f-abab-7f84653a30cc ffe9042a33aa4d02b4b0570c5608a184 dadf9082a04b4d8f99ec28f752e4f7d0 - - default default] 10.0.0.5 "GET /v2.0/networks HTTP/1.1" status: 200 len: 2349 time: 0.0987034
2026-06-13 23:54:16.122 9 INFO neutron.wsgi [None req-00833cc6-3015-4192-961a-b93aeac15d76 ffe9042a33aa4d02b4b0570c5608a184 dadf9082a04b4d8f99ec28f752e4f7d0 - - default default] 10.0.0.5 "GET /v2.0/security-groups HTTP/1.1" status: 200 len: 17578 time: 0.0494249
2026-06-13 23:54:16.171 9 INFO neutron.wsgi [None req-494a8cf7-e2fe-4c37-97e6-9d00e19a245e ffe9042a33aa4d02b4b0570c5608a184 dadf9082a04b4d8f99ec28f752e4f7d0 - - default default] 10.0.0.5 "GET /v2.0/subnets HTTP/1.1" status: 200 len: 1437 time: 0.0442967
2026-06-13 23:54:16.219 9 INFO neutron.wsgi [None req-785f75c9-7cef-45aa-ae0b-b49d707900f9 ffe9042a33aa4d02b4b0570c5608a184 dadf9082a04b4d8f99ec28f752e4f7d0 - - default default] 10.0.0.5 "GET /v2.0/ports HTTP/1.1" status: 200 len: 5351 time: 0.0463982
2026-06-13 23:54:16.239 9 INFO neutron.wsgi [None req-ff3b17f4-6c51-472e-a2e6-8f270b197b75 ffe9042a33aa4d02b4b0570c5608a184 dadf9082a04b4d8f99ec28f752e4f7d0 - - default default] 10.0.0.5 "GET /v2.0/network-ip-availabilities HTTP/1.1" status: 200 len: 1280 time: 0.0160227
2026-06-13 23:54:16.258 9 INFO neutron.wsgi [None req-cd633d62-a8b6-441a-9805-9d7fbb4b4363 ffe9042a33aa4d02b4b0570c5608a184 dadf9082a04b4d8f99ec28f752e4f7d0 - - default default] 10.0.0.5 "GET /v2.0/floatingips HTTP/1.1" status: 200 len: 193 time: 0.0184948
2026-06-13 23:54:28.241 9 INFO neutron.wsgi [-] 10.0.0.111 "GET / HTTP/1.1" status: 200 len: 246 time: 0.0017262
2026-06-13 23:54:28.245 10 INFO neutron.wsgi [-] 10.0.0.111 "GET / HTTP/1.1" status: 200 len: 246 time: 0.0024564
2026-06-13 23:54:34.648 10 INFO neutron.api.v2.resource [None req-fab3afde-2cba-43ce-8338-0f537ff2271d ffe9042a33aa4d02b4b0570c5608a184 dadf9082a04b4d8f99ec28f752e4f7d0 - - default default] show failed (client error): The resource could not be found.
2026-06-13 23:54:34.650 10 INFO neutron.wsgi [None req-fab3afde-2cba-43ce-8338-0f537ff2271d ffe9042a33aa4d02b4b0570c5608a184 dadf9082a04b4d8f99ec28f752e4f7d0 - - default default] 199.204.45.65,10.0.0.111 "GET /v2.0/security-groups/manila-service-security-group?project_id=28075bb2ca0d4cec8c9fcc8064ae0a7b HTTP/1.1" status: 404 len: 321 time: 0.0619643
2026-06-13 23:54:34.695 10 INFO neutron.wsgi [None req-d3dc940c-90c2-4710-99e9-c0b20eeca289 ffe9042a33aa4d02b4b0570c5608a184 dadf9082a04b4d8f99ec28f752e4f7d0 - - default default] 199.204.45.65,10.0.0.111 "GET /v2.0/security-groups?name=manila-service-security-group&project_id=28075bb2ca0d4cec8c9fcc8064ae0a7b HTTP/1.1" status: 200 len: 4248 time: 0.0408692
2026-06-13 23:54:35.696 9 INFO neutron.wsgi [None req-65993e12-1fc7-4eb3-8887-5e3a1088bd7b ffe9042a33aa4d02b4b0570c5608a184 dadf9082a04b4d8f99ec28f752e4f7d0 - - default default] 199.204.45.65,10.0.0.111 "GET /v2.0/security-groups/8f95e994-ecde-4dfc-9dfd-6c54e5aa156d?project_id=28075bb2ca0d4cec8c9fcc8064ae0a7b HTTP/1.1" status: 200 len: 4251 time: 0.0721972
2026-06-13 23:54:35.736 9 INFO neutron.wsgi [None req-a24e7a55-6a9a-475f-8f3b-20031423024e ffe9042a33aa4d02b4b0570c5608a184 dadf9082a04b4d8f99ec28f752e4f7d0 - - default default] 199.204.45.65,10.0.0.111 "GET /v2.0/security-groups/8f95e994-ecde-4dfc-9dfd-6c54e5aa156d HTTP/1.1" status: 200 len: 4251 time: 0.0323784
2026-06-13 23:54:35.763 9 INFO neutron.wsgi [None req-6c80bf15-0bb2-4a16-837d-b2cc6c9a128a ffe9042a33aa4d02b4b0570c5608a184 dadf9082a04b4d8f99ec28f752e4f7d0 - - default default] 199.204.45.65,10.0.0.111 "GET /v2.0/security-group-rules/2ed11657-e807-469e-96c8-fa4f1ba43464 HTTP/1.1" status: 200 len: 772 time: 0.0220904
2026-06-13 23:54:36.698 10 INFO neutron.wsgi [None req-3cae0020-ccc7-4bed-a9f6-caaea0a7aeff ffe9042a33aa4d02b4b0570c5608a184 dadf9082a04b4d8f99ec28f752e4f7d0 - - default default] 199.204.45.65,10.0.0.111 "GET /v2.0/security-groups/8f95e994-ecde-4dfc-9dfd-6c54e5aa156d?project_id=28075bb2ca0d4cec8c9fcc8064ae0a7b HTTP/1.1" status: 200 len: 4251 time: 0.0597191
2026-06-13 23:54:36.737 10 INFO neutron.wsgi [None req-32a7ab5e-145b-468f-90d0-9666186779ed ffe9042a33aa4d02b4b0570c5608a184 dadf9082a04b4d8f99ec28f752e4f7d0 - - default default] 199.204.45.65,10.0.0.111 "GET /v2.0/security-groups/8f95e994-ecde-4dfc-9dfd-6c54e5aa156d HTTP/1.1" status: 200 len: 4251 time: 0.0311098
2026-06-13 23:54:36.760 10 INFO neutron.wsgi [None req-c3ed24c1-22a7-4898-b7f0-c305ffe44e09 ffe9042a33aa4d02b4b0570c5608a184 dadf9082a04b4d8f99ec28f752e4f7d0 - - default default] 199.204.45.65,10.0.0.111 "GET /v2.0/security-group-rules/1fe58d90-5894-4ffc-ac9d-08b5343dce86 HTTP/1.1" status: 200 len: 774 time: 0.0155280
2026-06-13 23:54:37.712 9 INFO neutron.wsgi [None req-46815a55-3ec0-4733-9bb2-0055961f66cf ffe9042a33aa4d02b4b0570c5608a184 dadf9082a04b4d8f99ec28f752e4f7d0 - - default default] 199.204.45.65,10.0.0.111 "GET /v2.0/security-groups/8f95e994-ecde-4dfc-9dfd-6c54e5aa156d?project_id=28075bb2ca0d4cec8c9fcc8064ae0a7b HTTP/1.1" status: 200 len: 4251 time: 0.0677199
2026-06-13 23:54:37.754 9 INFO neutron.wsgi [None req-cc47a594-3832-435e-add7-ed02b5943bab ffe9042a33aa4d02b4b0570c5608a184 dadf9082a04b4d8f99ec28f752e4f7d0 - - default default] 199.204.45.65,10.0.0.111 "GET /v2.0/security-groups/8f95e994-ecde-4dfc-9dfd-6c54e5aa156d HTTP/1.1" status: 200 len: 4251 time: 0.0339532
2026-06-13 23:54:37.780 9 INFO neutron.wsgi [None req-7fc0cd7b-de51-40aa-89b7-58b3544ac22e ffe9042a33aa4d02b4b0570c5608a184 dadf9082a04b4d8f99ec28f752e4f7d0 - - default default] 199.204.45.65,10.0.0.111 "GET /v2.0/security-group-rules/0c92dcd0-d597-44ed-8a6b-3df307cefd30 HTTP/1.1" status: 200 len: 776 time: 0.0187330
2026-06-13 23:54:38.796 10 INFO neutron.wsgi [None req-d94beff2-3ec7-4794-b26b-bced72ec2f0b ffe9042a33aa4d02b4b0570c5608a184 dadf9082a04b4d8f99ec28f752e4f7d0 - - default default] 199.204.45.65,10.0.0.111 "GET /v2.0/security-groups/8f95e994-ecde-4dfc-9dfd-6c54e5aa156d?project_id=28075bb2ca0d4cec8c9fcc8064ae0a7b HTTP/1.1" status: 200 len: 4251 time: 0.0669138
2026-06-13 23:54:38.832 10 INFO neutron.wsgi [None req-e4ae05c1-9643-40f9-900a-a5179ff51b31 ffe9042a33aa4d02b4b0570c5608a184 dadf9082a04b4d8f99ec28f752e4f7d0 - - default default] 199.204.45.65,10.0.0.111 "GET /v2.0/security-groups/8f95e994-ecde-4dfc-9dfd-6c54e5aa156d HTTP/1.1" status: 200 len: 4251 time: 0.0317745
2026-06-13 23:54:38.852 10 INFO neutron.wsgi [None req-137661a4-955e-48df-93ac-bc1afa3f5d9a ffe9042a33aa4d02b4b0570c5608a184 dadf9082a04b4d8f99ec28f752e4f7d0 - - default default] 199.204.45.65,10.0.0.111 "GET /v2.0/security-group-rules/f8424f90-9440-4934-b57d-f74e0d4605e7 HTTP/1.1" status: 200 len: 777 time: 0.0159111
2026-06-13 23:54:43.243 9 INFO neutron.wsgi [-] 10.0.0.111 "GET / HTTP/1.1" status: 200 len: 246 time: 0.0028551
2026-06-13 23:54:43.246 9 INFO neutron.wsgi [-] 10.0.0.111 "GET / HTTP/1.1" status: 200 len: 246 time: 0.0019429
2026-06-13 23:54:45.909 10 INFO neutron.wsgi [None req-07841983-518c-4fb1-9a65-366ebfb6167e ffe9042a33aa4d02b4b0570c5608a184 dadf9082a04b4d8f99ec28f752e4f7d0 - - default default] 199.204.45.65,10.0.0.111 "GET /v2.0/quotas/28075bb2ca0d4cec8c9fcc8064ae0a7b HTTP/1.1" status: 200 len: 466 time: 0.0142241
2026-06-13 23:54:58.242 9 INFO neutron.wsgi [-] 10.0.0.111 "GET / HTTP/1.1" status: 200 len: 246 time: 0.0017011
2026-06-13 23:54:58.242 10 INFO neutron.wsgi [-] 10.0.0.111 "GET / HTTP/1.1" status: 200 len: 246 time: 0.0018413
2026-06-13 23:55:13.244 9 INFO neutron.wsgi [-] 10.0.0.111 "GET / HTTP/1.1" status: 200 len: 246 time: 0.0014892
2026-06-13 23:55:13.246 9 INFO neutron.wsgi [-] 10.0.0.111 "GET / HTTP/1.1" status: 200 len: 246 time: 0.0012810
2026-06-13 23:55:15.784 9 INFO neutron.wsgi [None req-ea7abf36-0e9d-41dc-9102-119dfb3fe387 ffe9042a33aa4d02b4b0570c5608a184 dadf9082a04b4d8f99ec28f752e4f7d0 - - default default] 10.0.0.5 "GET /v2.0/networks HTTP/1.1" status: 200 len: 2349 time: 0.1183994
2026-06-13 23:55:15.840 9 INFO neutron.wsgi [None req-3df20215-9870-4652-b61a-e2a7516c38cc ffe9042a33aa4d02b4b0570c5608a184 dadf9082a04b4d8f99ec28f752e4f7d0 - - default default] 10.0.0.5 "GET /v2.0/ports HTTP/1.1" status: 200 len: 5351 time: 0.0537572
2026-06-13 23:55:15.911 9 INFO neutron.wsgi [None req-d9d9ddfc-ffca-4404-b8bd-6a3ab5952993 ffe9042a33aa4d02b4b0570c5608a184 dadf9082a04b4d8f99ec28f752e4f7d0 - - default default] 10.0.0.5 "GET /v2.0/security-groups HTTP/1.1" status: 200 len: 17578 time: 0.0610387
2026-06-13 23:55:15.944 9 INFO neutron.wsgi [None req-b706462b-a9de-43bf-9866-cac6cbb207e6 ffe9042a33aa4d02b4b0570c5608a184 dadf9082a04b4d8f99ec28f752e4f7d0 - - default default] 10.0.0.5 "GET /v2.0/routers HTTP/1.1" status: 200 len: 189 time: 0.0274343
2026-06-13 23:55:15.975 9 INFO neutron.wsgi [None req-faa20e7f-19d8-46e7-a504-131187698146 ffe9042a33aa4d02b4b0570c5608a184 dadf9082a04b4d8f99ec28f752e4f7d0 - - default default] 10.0.0.5 "GET /v2.0/agents?binary=ovn-controller HTTP/1.1" status: 200 len: 591 time: 0.0305736
2026-06-13 23:55:16.050 9 INFO neutron.wsgi [None req-e806fb17-862d-4c13-907b-b29765616ee0 ffe9042a33aa4d02b4b0570c5608a184 dadf9082a04b4d8f99ec28f752e4f7d0 - - default default] 10.0.0.5 "GET /v2.0/floatingips HTTP/1.1" status: 200 len: 193 time: 0.0731668
2026-06-13 23:55:16.079 9 INFO neutron.wsgi [None req-62de25d8-784d-49c5-9db3-066fee1ad4b0 ffe9042a33aa4d02b4b0570c5608a184 dadf9082a04b4d8f99ec28f752e4f7d0 - - default default] 10.0.0.5 "GET /v2.0/subnets HTTP/1.1" status: 200 len: 1437 time: 0.0285668
2026-06-13 23:55:16.092 9 INFO neutron.wsgi [None req-50c2020d-1ca4-49b1-b433-512ff3921edb ffe9042a33aa4d02b4b0570c5608a184 dadf9082a04b4d8f99ec28f752e4f7d0 - - default default] 10.0.0.5 "GET /v2.0/agents HTTP/1.1" status: 200 len: 1390 time: 0.0112462
2026-06-13 23:55:16.105 9 INFO neutron.wsgi [None req-8586c6fa-8848-4b18-8e49-cf8bdffec11f ffe9042a33aa4d02b4b0570c5608a184 dadf9082a04b4d8f99ec28f752e4f7d0 - - default default] 10.0.0.5 "GET /v2.0/network-ip-availabilities HTTP/1.1" status: 200 len: 1280 time: 0.0116725
2026-06-13 23:55:16.141 9 INFO neutron.wsgi [None req-eeff8638-9224-4e2b-81ae-8bf4f6e42bf4 ffe9042a33aa4d02b4b0570c5608a184 dadf9082a04b4d8f99ec28f752e4f7d0 - - default default] 10.0.0.5 "GET /v2.0/subnets HTTP/1.1" status: 200 len: 1437 time: 0.0327518
2026-06-13 23:55:16.152 9 INFO neutron.wsgi [None req-c4772698-2373-40e6-9f4d-0ccf80202ee4 ffe9042a33aa4d02b4b0570c5608a184 dadf9082a04b4d8f99ec28f752e4f7d0 - - default default] 10.0.0.5 "GET /v2.0/subnetpools HTTP/1.1" status: 200 len: 193 time: 0.0093722
2026-06-13 23:55:28.242 9 INFO neutron.wsgi [-] 10.0.0.111 "GET / HTTP/1.1" status: 200 len: 246 time: 0.0025692
2026-06-13 23:55:28.243 10 INFO neutron.wsgi [-] 10.0.0.111 "GET / HTTP/1.1" status: 200 len: 246 time: 0.0028129
2026-06-13 23:55:35.873 9 INFO neutron.wsgi [None req-38a4678f-e73e-4821-9bda-8641d24b142f ffe9042a33aa4d02b4b0570c5608a184 dadf9082a04b4d8f99ec28f752e4f7d0 - - default default] 199.204.45.65,10.0.0.111 "GET /v2.0/networks?name=public HTTP/1.1" status: 200 len: 928 time: 0.0918005
2026-06-13 23:55:43.243 9 INFO neutron.wsgi [-] 10.0.0.111 "GET / HTTP/1.1" status: 200 len: 246 time: 0.0026321
2026-06-13 23:55:43.244 10 INFO neutron.wsgi [-] 10.0.0.111 "GET / HTTP/1.1" status: 200 len: 246 time: 0.0042100
2026-06-13 23:55:58.243 9 INFO neutron.wsgi [-] 10.0.0.111 "GET / HTTP/1.1" status: 200 len: 246 time: 0.0023854
2026-06-13 23:55:58.243 10 INFO neutron.wsgi [-] 10.0.0.111 "GET / HTTP/1.1" status: 200 len: 246 time: 0.0025713
2026-06-13 23:56:13.243 10 INFO neutron.wsgi [-] 10.0.0.111 "GET / HTTP/1.1" status: 200 len: 246 time: 0.0022223
2026-06-13 23:56:13.245 10 INFO neutron.wsgi [-] 10.0.0.111 "GET / HTTP/1.1" status: 200 len: 246 time: 0.0012105
2026-06-13 23:56:15.392 10 INFO neutron.wsgi [None req-e23d1ed2-abb3-46bd-84e7-aca502e3d87e ffe9042a33aa4d02b4b0570c5608a184 dadf9082a04b4d8f99ec28f752e4f7d0 - - default default] 10.0.0.154 "GET /v2.0/networks HTTP/1.1" status: 200 len: 2368 time: 0.1913514
2026-06-13 23:56:15.784 9 INFO neutron.wsgi [None req-2ae091e5-afd5-44ce-b7ae-4ae83ac8d637 ffe9042a33aa4d02b4b0570c5608a184 dadf9082a04b4d8f99ec28f752e4f7d0 - - default default] 10.0.0.5 "GET /v2.0/routers HTTP/1.1" status: 200 len: 189 time: 0.0875261
2026-06-13 23:56:15.839 9 INFO neutron.wsgi [None req-9a5d7c79-cb91-4b14-8278-4121fcdb39bd ffe9042a33aa4d02b4b0570c5608a184 dadf9082a04b4d8f99ec28f752e4f7d0 - - default default] 10.0.0.5 "GET /v2.0/agents?binary=ovn-controller HTTP/1.1" status: 200 len: 591 time: 0.0547280
2026-06-13 23:56:15.856 9 INFO neutron.wsgi [None req-a74a100f-3185-4cb0-939a-3ba1bc346883 ffe9042a33aa4d02b4b0570c5608a184 dadf9082a04b4d8f99ec28f752e4f7d0 - - default default] 10.0.0.5 "GET /v2.0/agents HTTP/1.1" status: 200 len: 1390 time: 0.0146346
