2026-06-13 23:59:02.714 9 WARNING neutron.api.rpc.agentnotifiers.dhcp_rpc_agent_api [None req-3a58c6ec-6522-4211-bd34-2eaf3b2d9459 b1de1663d44b44ddb5917de6d6bb2c8d 42bf9ac8280a45d9be57ee6c26b96e45 - - default default] Unable to schedule network 22558bf8-3d3b-42ae-baec-1f968462fbba: no agents available; will retry on subsequent port and subnet creation events.
2026-06-13 23:59:02.742 10 INFO neutron.wsgi [None req-2f979fa2-0bcf-4c42-8e75-0777d28b6907 ffe9042a33aa4d02b4b0570c5608a184 dadf9082a04b4d8f99ec28f752e4f7d0 - - default default] 10.0.0.154 "DELETE /v2.0/security-groups/e27d2bad-f9ee-4e00-8834-4d0756a7f929 HTTP/1.1" status: 204 len: 168 time: 0.2030447
2026-06-13 23:59:02.825 9 INFO neutron.db.ovn_revision_numbers_db [None req-3a58c6ec-6522-4211-bd34-2eaf3b2d9459 b1de1663d44b44ddb5917de6d6bb2c8d 42bf9ac8280a45d9be57ee6c26b96e45 - - default default] Successfully bumped revision number for resource 482ac6e6-6245-42df-957d-bdba29ec2281 (type: ports) to 1
2026-06-13 23:59:02.855 9 INFO neutron.wsgi [None req-3a58c6ec-6522-4211-bd34-2eaf3b2d9459 b1de1663d44b44ddb5917de6d6bb2c8d 42bf9ac8280a45d9be57ee6c26b96e45 - - default default] 10.0.0.154 "POST /v2.0/networks HTTP/1.1" status: 201 len: 831 time: 0.8833389
2026-06-13 23:59:02.867 10 WARNING neutron_lib.context [None req-c43656ee-ce2a-470d-a2f1-6d7c81aac3cb b1de1663d44b44ddb5917de6d6bb2c8d 42bf9ac8280a45d9be57ee6c26b96e45 - - default default] Method 'is_advsvc' is deprecated since 2023.2 release (neutron-lib 3.8.0) and will be removed once support for the old RBAC API policies will be removed from Neutron. Please use method 'is_service_role' instead.
2026-06-13 23:59:02.946 9 INFO neutron.plugins.ml2.drivers.ovn.mech_driver.mech_driver [None req-994a81b5-3fe4-49cd-b805-57da2d353614 - - - - - -] OVN reports status up for port: 4f45aece-0f6f-4712-b51a-dfbd98aed7bd
2026-06-13 23:59:02.953 9 INFO neutron.plugins.ml2.plugin [None req-994a81b5-3fe4-49cd-b805-57da2d353614 - - - - - -] Attempt 1 to provision port 4f45aece-0f6f-4712-b51a-dfbd98aed7bd
2026-06-13 23:59:02.970 9 INFO neutron.db.ovn_revision_numbers_db [None req-f3047bfc-49e6-449b-922d-8680ceac415f 39722df709be4183ba86ab3aa5e06cf1 799d194f5d38429c823455ee4e158f96 - - default default] Successfully bumped revision number for resource 4f45aece-0f6f-4712-b51a-dfbd98aed7bd (type: ports) to 1
2026-06-13 23:59:03.041 9 WARNING neutron.scheduler.dhcp_agent_scheduler [None req-f3047bfc-49e6-449b-922d-8680ceac415f 39722df709be4183ba86ab3aa5e06cf1 799d194f5d38429c823455ee4e158f96 - - default default] No more DHCP agents
2026-06-13 23:59:03.043 9 WARNING neutron.api.rpc.agentnotifiers.dhcp_rpc_agent_api [None req-f3047bfc-49e6-449b-922d-8680ceac415f 39722df709be4183ba86ab3aa5e06cf1 799d194f5d38429c823455ee4e158f96 - - default default] Unable to schedule network 81c2ed36-5388-469c-b382-c400e6460cdb: no agents available; will retry on subsequent port and subnet creation events.
2026-06-13 23:59:03.097 10 WARNING neutron.scheduler.dhcp_agent_scheduler [None req-c43656ee-ce2a-470d-a2f1-6d7c81aac3cb b1de1663d44b44ddb5917de6d6bb2c8d 42bf9ac8280a45d9be57ee6c26b96e45 - - default default] No more DHCP agents
2026-06-13 23:59:03.099 10 WARNING neutron.api.rpc.agentnotifiers.dhcp_rpc_agent_api [None req-c43656ee-ce2a-470d-a2f1-6d7c81aac3cb b1de1663d44b44ddb5917de6d6bb2c8d 42bf9ac8280a45d9be57ee6c26b96e45 - - default default] Unable to schedule network 22558bf8-3d3b-42ae-baec-1f968462fbba: no agents available; will retry on subsequent port and subnet creation events.
2026-06-13 23:59:03.195 10 INFO neutron.db.ovn_revision_numbers_db [None req-c43656ee-ce2a-470d-a2f1-6d7c81aac3cb b1de1663d44b44ddb5917de6d6bb2c8d 42bf9ac8280a45d9be57ee6c26b96e45 - - default default] Successfully bumped revision number for resource bf42bad2-e6cb-4244-9af2-07c84e147cd4 (type: ports) to 1
2026-06-13 23:59:03.215 10 INFO neutron.wsgi [None req-c43656ee-ce2a-470d-a2f1-6d7c81aac3cb b1de1663d44b44ddb5917de6d6bb2c8d 42bf9ac8280a45d9be57ee6c26b96e45 - - default default] 10.0.0.154 "POST /v2.0/ports HTTP/1.1" status: 201 len: 942 time: 0.3536081 /var/lib/openstack/lib/python3.10/site-packages/pycadf/identifier.py:71: UserWarning: Invalid uuid: neutron. To ensure interoperability, identifiers should be a valid uuid. warnings.warn(('Invalid uuid: %s. To ensure interoperability, '
2026-06-13 23:59:03.286 10 INFO neutron.wsgi [None req-c4294147-b339-4028-ba51-640c9bbe227b b1de1663d44b44ddb5917de6d6bb2c8d 42bf9ac8280a45d9be57ee6c26b96e45 - - default default] 10.0.0.154 "PUT /v2.0/ports/0b71c32e-3ca8-4a77-836d-47ae38d50d70/tags HTTP/1.1" status: 200 len: 210 time: 0.0665913
2026-06-13 23:59:03.338 10 INFO neutron.wsgi [None req-0765e305-9428-49ad-a521-bfa2fe7aa811 b1de1663d44b44ddb5917de6d6bb2c8d 42bf9ac8280a45d9be57ee6c26b96e45 - - default default] 10.0.0.154 "PUT /v2.0/ports/3f1b2116-bf47-4e9f-b686-8580e8b3c10c/tags HTTP/1.1" status: 200 len: 218 time: 0.0465891
2026-06-13 23:59:03.383 10 INFO neutron.wsgi [None req-8f003c24-9c84-4d66-b1ea-3cc4a0932cc2 b1de1663d44b44ddb5917de6d6bb2c8d 42bf9ac8280a45d9be57ee6c26b96e45 - - default default] 10.0.0.154 "PUT /v2.0/ports/777101e2-a2ae-45cb-9faa-6ec8eece2c25/tags HTTP/1.1" status: 200 len: 227 time: 0.0410361
2026-06-13 23:59:03.437 9 INFO neutron.db.ovn_revision_numbers_db [None req-f3047bfc-49e6-449b-922d-8680ceac415f 39722df709be4183ba86ab3aa5e06cf1 799d194f5d38429c823455ee4e158f96 - - default default] Successfully bumped revision number for resource 4f45aece-0f6f-4712-b51a-dfbd98aed7bd (type: router_ports) to 1
2026-06-13 23:59:03.440 10 INFO neutron.wsgi [None req-1a496311-d693-4e06-b861-7f9f7f35b411 b1de1663d44b44ddb5917de6d6bb2c8d 42bf9ac8280a45d9be57ee6c26b96e45 - - default default] 10.0.0.154 "PUT /v2.0/ports/6cd9e0ca-8f0e-49a6-9757-d7bf207bcbe7/tags HTTP/1.1" status: 200 len: 212 time: 0.0523880
2026-06-13 23:59:03.450 9 INFO neutron.wsgi [None req-f3047bfc-49e6-449b-922d-8680ceac415f 39722df709be4183ba86ab3aa5e06cf1 799d194f5d38429c823455ee4e158f96 - - default default] 10.0.0.154 "PUT /v2.0/routers/df30e53b-2f36-41c8-880a-a8ae7014c9ee/add_router_interface HTTP/1.1" status: 200 len: 503 time: 3.0975592
2026-06-13 23:59:03.511 9 INFO neutron.db.ovn_revision_numbers_db [None req-994a81b5-3fe4-49cd-b805-57da2d353614 - - - - - -] Successfully bumped revision number for resource 4f45aece-0f6f-4712-b51a-dfbd98aed7bd (type: ports) to 2
2026-06-13 23:59:03.574 9 INFO neutron.wsgi [None req-f4ca2b9f-89b1-46fe-98a8-76568581efcb 3e0e65abffe346dd9bd0b1ef4fe1a5c0 ed972b1cf324461e8732f48fd06b5d47 - - default default] 10.0.0.154 "GET /v2.0/networks HTTP/1.1" status: 200 len: 6647 time: 0.1205983
2026-06-13 23:59:03.656 10 INFO neutron.wsgi [None req-43afa538-1b7e-4a26-b341-4df1cd1438bc b1de1663d44b44ddb5917de6d6bb2c8d 42bf9ac8280a45d9be57ee6c26b96e45 - - default default] 10.0.0.154 "GET /v2.0/ports?tags=red HTTP/1.1" status: 200 len: 2448 time: 0.2084615
2026-06-13 23:59:03.726 10 INFO neutron.wsgi [None req-26880467-a3a1-4556-9fa0-9ad9f202d774 b1de1663d44b44ddb5917de6d6bb2c8d 42bf9ac8280a45d9be57ee6c26b96e45 - - default default] 10.0.0.154 "GET /v2.0/ports?tags=red%2Cblue HTTP/1.1" status: 200 len: 1708 time: 0.0669205
2026-06-13 23:59:03.791 10 INFO neutron.wsgi [None req-e536a74b-aa81-444d-b8ff-0d36d8b83814 b1de1663d44b44ddb5917de6d6bb2c8d 42bf9ac8280a45d9be57ee6c26b96e45 - - default default] 10.0.0.154 "GET /v2.0/ports?tags-any=blue HTTP/1.1" status: 200 len: 1708 time: 0.0596688
2026-06-13 23:59:03.846 10 INFO neutron.wsgi [None req-a57daee8-d9cb-4476-9af4-9da9afe0ee0a b1de1663d44b44ddb5917de6d6bb2c8d 42bf9ac8280a45d9be57ee6c26b96e45 - - default default] 10.0.0.154 "GET /v2.0/ports?tags-any=red%2Cblue HTTP/1.1" status: 200 len: 2448 time: 0.0498910
2026-06-13 23:59:03.851 9 INFO neutron.wsgi [None req-388790e4-72ed-42c7-874c-9d3315e3efcf 3e0e65abffe346dd9bd0b1ef4fe1a5c0 ed972b1cf324461e8732f48fd06b5d47 - - default default] 10.0.0.154 "GET /v2.0/subnets HTTP/1.1" status: 200 len: 2096 time: 0.2710545
2026-06-13 23:59:03.965 10 INFO neutron.wsgi [None req-04d61cc7-efbe-4d52-b5ea-3f78adae2554 3e0e65abffe346dd9bd0b1ef4fe1a5c0 ed972b1cf324461e8732f48fd06b5d47 - - default default] 10.0.0.154 "GET /v2.0/routers HTTP/1.1" status: 200 len: 1170 time: 0.1024606
2026-06-13 23:59:03.994 9 INFO neutron.db.ovn_revision_numbers_db [None req-994a81b5-3fe4-49cd-b805-57da2d353614 - - - - - -] Successfully bumped revision number for resource 4f45aece-0f6f-4712-b51a-dfbd98aed7bd (type: router_ports) to 2
2026-06-13 23:59:04.034 10 WARNING neutron_lib.context [None req-16105420-bcc1-4801-ac98-f40289f6cf6e 39722df709be4183ba86ab3aa5e06cf1 799d194f5d38429c823455ee4e158f96 - - default default] Method 'is_advsvc' is deprecated since 2023.2 release (neutron-lib 3.8.0) and will be removed once support for the old RBAC API policies will be removed from Neutron. Please use method 'is_service_role' instead.
2026-06-13 23:59:04.161 9 INFO neutron.wsgi [None req-c16792e1-5468-4a69-be1d-403e96aa1d8d b1de1663d44b44ddb5917de6d6bb2c8d 42bf9ac8280a45d9be57ee6c26b96e45 - - default default] 10.0.0.154 "GET /v2.0/ports?not-tags=red HTTP/1.1" status: 200 len: 5463 time: 0.3071713
2026-06-13 23:59:04.189 10 INFO neutron.db.ovn_revision_numbers_db [None req-16105420-bcc1-4801-ac98-f40289f6cf6e 39722df709be4183ba86ab3aa5e06cf1 799d194f5d38429c823455ee4e158f96 - - default default] Successfully bumped revision number for resource 0d20463f-b836-408c-9aec-f7313b09917e (type: security_groups) to 1
2026-06-13 23:59:04.204 10 INFO neutron.db.ovn_revision_numbers_db [None req-16105420-bcc1-4801-ac98-f40289f6cf6e 39722df709be4183ba86ab3aa5e06cf1 799d194f5d38429c823455ee4e158f96 - - default default] Successfully bumped revision number for resource 42bf6636-386d-436c-888a-909e27dfcb56 (type: security_group_rules) to 0
2026-06-13 23:59:04.235 10 INFO neutron.db.ovn_revision_numbers_db [None req-16105420-bcc1-4801-ac98-f40289f6cf6e 39722df709be4183ba86ab3aa5e06cf1 799d194f5d38429c823455ee4e158f96 - - default default] Successfully bumped revision number for resource 46d5e814-fa67-403e-a159-819bc27820bc (type: security_group_rules) to 0
2026-06-13 23:59:04.258 10 INFO neutron.wsgi [None req-16105420-bcc1-4801-ac98-f40289f6cf6e 39722df709be4183ba86ab3aa5e06cf1 799d194f5d38429c823455ee4e158f96 - - default default] 10.0.0.154 "POST /v2.0/security-groups HTTP/1.1" status: 201 len: 1873 time: 0.2284968
2026-06-13 23:59:04.268 10 WARNING neutron_lib.context [None req-f0110213-8a65-4af4-abab-7fd771c714a4 39722df709be4183ba86ab3aa5e06cf1 799d194f5d38429c823455ee4e158f96 - - default default] Method 'is_advsvc' is deprecated since 2023.2 release (neutron-lib 3.8.0) and will be removed once support for the old RBAC API policies will be removed from Neutron. Please use method 'is_service_role' instead.
2026-06-13 23:59:04.276 9 INFO neutron.wsgi [None req-56983bae-face-410d-a883-0f593aff4193 b1de1663d44b44ddb5917de6d6bb2c8d 42bf9ac8280a45d9be57ee6c26b96e45 - - default default] 10.0.0.154 "GET /v2.0/ports?not-tags=red%2Cblue HTTP/1.1" status: 200 len: 6203 time: 0.1100836
2026-06-13 23:59:04.699 10 INFO neutron.wsgi [None req-85b959b5-5ff1-41e3-b9ac-6c5b933a599f b1de1663d44b44ddb5917de6d6bb2c8d 42bf9ac8280a45d9be57ee6c26b96e45 - - default default] 10.0.0.154 "GET /v2.0/ports?not-tags-any=blue HTTP/1.1" status: 200 len: 6203 time: 0.4159894
2026-06-13 23:59:04.775 10 INFO neutron.wsgi [None req-2981232b-7f65-41d5-ac41-9c873ef5db77 b1de1663d44b44ddb5917de6d6bb2c8d 42bf9ac8280a45d9be57ee6c26b96e45 - - default default] 10.0.0.154 "GET /v2.0/ports?not-tags-any=red%2Cblue HTTP/1.1" status: 200 len: 5463 time: 0.0655844
2026-06-13 23:59:04.815 10 INFO neutron.db.ovn_revision_numbers_db [None req-f0110213-8a65-4af4-abab-7fd771c714a4 39722df709be4183ba86ab3aa5e06cf1 799d194f5d38429c823455ee4e158f96 - - default default] Successfully bumped revision number for resource 526c4c16-0da4-4d7c-a3d4-9f5989dee692 (type: security_group_rules) to 0
2026-06-13 23:59:04.891 10 INFO neutron.wsgi [None req-f0110213-8a65-4af4-abab-7fd771c714a4 39722df709be4183ba86ab3aa5e06cf1 799d194f5d38429c823455ee4e158f96 - - default default] 10.0.0.154 "POST /v2.0/security-group-rules HTTP/1.1" status: 201 len: 796 time: 0.6274350
2026-06-13 23:59:04.906 9 WARNING neutron_lib.context [None req-15c26095-2acc-48aa-bab8-a21cab259b89 39722df709be4183ba86ab3aa5e06cf1 799d194f5d38429c823455ee4e158f96 - - default default] Method 'is_advsvc' is deprecated since 2023.2 release (neutron-lib 3.8.0) and will be removed once support for the old RBAC API policies will be removed from Neutron. Please use method 'is_service_role' instead.
2026-06-13 23:59:05.079 9 INFO neutron.db.ovn_revision_numbers_db [None req-15c26095-2acc-48aa-bab8-a21cab259b89 39722df709be4183ba86ab3aa5e06cf1 799d194f5d38429c823455ee4e158f96 - - default default] Successfully bumped revision number for resource cc5e8915-9853-452c-8186-60d940e80fed (type: security_group_rules) to 0
2026-06-13 23:59:05.108 9 INFO neutron.wsgi [None req-15c26095-2acc-48aa-bab8-a21cab259b89 39722df709be4183ba86ab3aa5e06cf1 799d194f5d38429c823455ee4e158f96 - - default default] 10.0.0.154 "POST /v2.0/security-group-rules HTTP/1.1" status: 201 len: 795 time: 0.2110839
2026-06-13 23:59:05.112 10 INFO neutron.wsgi [None req-699cc7ec-d586-48ec-8012-6e52bbebe5d1 b1de1663d44b44ddb5917de6d6bb2c8d 42bf9ac8280a45d9be57ee6c26b96e45 - - default default] 10.0.0.154 "DELETE /v2.0/ports/0b71c32e-3ca8-4a77-836d-47ae38d50d70 HTTP/1.1" status: 204 len: 168 time: 0.3189337
2026-06-13 23:59:05.118 9 WARNING neutron_lib.context [None req-5db62530-617a-410e-bc2a-030af9b05ebb 39722df709be4183ba86ab3aa5e06cf1 799d194f5d38429c823455ee4e158f96 - - default default] Method 'is_advsvc' is deprecated since 2023.2 release (neutron-lib 3.8.0) and will be removed once support for the old RBAC API policies will be removed from Neutron. Please use method 'is_service_role' instead.
2026-06-13 23:59:05.265 9 INFO neutron.db.ovn_revision_numbers_db [None req-5db62530-617a-410e-bc2a-030af9b05ebb 39722df709be4183ba86ab3aa5e06cf1 799d194f5d38429c823455ee4e158f96 - - default default] Successfully bumped revision number for resource 2e5b98dc-adff-415e-bf27-f1da69486e03 (type: security_group_rules) to 0
2026-06-13 23:59:05.294 9 INFO neutron.wsgi [None req-5db62530-617a-410e-bc2a-030af9b05ebb 39722df709be4183ba86ab3aa5e06cf1 799d194f5d38429c823455ee4e158f96 - - default default] 10.0.0.154 "POST /v2.0/security-group-rules HTTP/1.1" status: 201 len: 801 time: 0.1823454
2026-06-13 23:59:05.307 10 WARNING neutron_lib.context [None req-031320a8-d456-4b54-8388-96f5ee001522 39722df709be4183ba86ab3aa5e06cf1 799d194f5d38429c823455ee4e158f96 - - default default] Method 'is_advsvc' is deprecated since 2023.2 release (neutron-lib 3.8.0) and will be removed once support for the old RBAC API policies will be removed from Neutron. Please use method 'is_service_role' instead.
2026-06-13 23:59:05.439 10 INFO neutron.wsgi [None req-956ad97f-e2a4-44a7-8446-d2070751037d b1de1663d44b44ddb5917de6d6bb2c8d 42bf9ac8280a45d9be57ee6c26b96e45 - - default default] 10.0.0.154 "DELETE /v2.0/ports/3f1b2116-bf47-4e9f-b686-8580e8b3c10c HTTP/1.1" status: 204 len: 168 time: 0.3217404
2026-06-13 23:59:05.495 10 INFO neutron.db.ovn_revision_numbers_db [None req-031320a8-d456-4b54-8388-96f5ee001522 39722df709be4183ba86ab3aa5e06cf1 799d194f5d38429c823455ee4e158f96 - - default default] Successfully bumped revision number for resource 9f80b642-c66f-40ee-870b-407a71fe730f (type: security_group_rules) to 0
2026-06-13 23:59:05.519 10 INFO neutron.wsgi [None req-031320a8-d456-4b54-8388-96f5ee001522 39722df709be4183ba86ab3aa5e06cf1 799d194f5d38429c823455ee4e158f96 - - default default] 10.0.0.154 "POST /v2.0/security-group-rules HTTP/1.1" status: 201 len: 800 time: 0.2202079
2026-06-13 23:59:05.527 10 WARNING neutron_lib.context [None req-256c1ce6-17f6-44f0-9988-ae4966bd2e12 39722df709be4183ba86ab3aa5e06cf1 799d194f5d38429c823455ee4e158f96 - - default default] Method 'is_advsvc' is deprecated since 2023.2 release (neutron-lib 3.8.0) and will be removed once support for the old RBAC API policies will be removed from Neutron. Please use method 'is_service_role' instead.
2026-06-13 23:59:05.553 10 INFO neutron.db.securitygroups_db [None req-256c1ce6-17f6-44f0-9988-ae4966bd2e12 39722df709be4183ba86ab3aa5e06cf1 799d194f5d38429c823455ee4e158f96 - - default default] Project 799d194f5d38429c823455ee4e158f96 added a security group rule with legacy IPv6 ICMP protocol name icmp, ipv6-icmp should be used instead. It was automatically converted.
2026-06-13 23:59:05.631 10 INFO neutron.db.ovn_revision_numbers_db [None req-256c1ce6-17f6-44f0-9988-ae4966bd2e12 39722df709be4183ba86ab3aa5e06cf1 799d194f5d38429c823455ee4e158f96 - - default default] Successfully bumped revision number for resource 8e794826-27af-4aa8-9369-6764ef17c050 (type: security_group_rules) to 0
2026-06-13 23:59:05.652 10 INFO neutron.wsgi [None req-256c1ce6-17f6-44f0-9988-ae4966bd2e12 39722df709be4183ba86ab3aa5e06cf1 799d194f5d38429c823455ee4e158f96 - - default default] 10.0.0.154 "POST /v2.0/security-group-rules HTTP/1.1" status: 201 len: 806 time: 0.1288562
2026-06-13 23:59:05.660 10 WARNING neutron_lib.context [None req-f446455c-91cb-498d-9985-d0c5e6d00763 39722df709be4183ba86ab3aa5e06cf1 799d194f5d38429c823455ee4e158f96 - - default default] Method 'is_advsvc' is deprecated since 2023.2 release (neutron-lib 3.8.0) and will be removed once support for the old RBAC API policies will be removed from Neutron. Please use method 'is_service_role' instead.
2026-06-13 23:59:05.696 9 INFO neutron.wsgi [None req-1f9f9341-3d12-42dd-b6f1-d9f1593f7b03 b1de1663d44b44ddb5917de6d6bb2c8d 42bf9ac8280a45d9be57ee6c26b96e45 - - default default] 10.0.0.154 "DELETE /v2.0/ports/777101e2-a2ae-45cb-9faa-6ec8eece2c25 HTTP/1.1" status: 204 len: 168 time: 0.2514195
2026-06-13 23:59:05.711 10 INFO neutron.db.securitygroups_db [None req-f446455c-91cb-498d-9985-d0c5e6d00763 39722df709be4183ba86ab3aa5e06cf1 799d194f5d38429c823455ee4e158f96 - - default default] Project 799d194f5d38429c823455ee4e158f96 added a security group rule with legacy IPv6 ICMP protocol name icmp, ipv6-icmp should be used instead. It was automatically converted.
2026-06-13 23:59:05.847 10 INFO neutron.db.ovn_revision_numbers_db [None req-f446455c-91cb-498d-9985-d0c5e6d00763 39722df709be4183ba86ab3aa5e06cf1 799d194f5d38429c823455ee4e158f96 - - default default] Successfully bumped revision number for resource 844f27fa-5448-458b-8868-31551de58a36 (type: security_group_rules) to 0
2026-06-13 23:59:05.879 10 INFO neutron.wsgi [None req-f446455c-91cb-498d-9985-d0c5e6d00763 39722df709be4183ba86ab3aa5e06cf1 799d194f5d38429c823455ee4e158f96 - - default default] 10.0.0.154 "POST /v2.0/security-group-rules HTTP/1.1" status: 201 len: 805 time: 0.2224443
2026-06-13 23:59:05.956 10 INFO neutron.wsgi [None req-ff306387-fa44-41d0-97db-dce49ed9a411 b1de1663d44b44ddb5917de6d6bb2c8d 42bf9ac8280a45d9be57ee6c26b96e45 - - default default] 10.0.0.154 "DELETE /v2.0/ports/6cd9e0ca-8f0e-49a6-9757-d7bf207bcbe7 HTTP/1.1" status: 204 len: 168 time: 0.2532284
2026-06-13 23:59:06.197 10 INFO neutron.wsgi [None req-03dc4d29-1a04-4f11-8bf1-84405a58bc34 b1de1663d44b44ddb5917de6d6bb2c8d 42bf9ac8280a45d9be57ee6c26b96e45 - - default default] 10.0.0.154 "DELETE /v2.0/ports/bf42bad2-e6cb-4244-9af2-07c84e147cd4 HTTP/1.1" status: 204 len: 168 time: 0.2375183
2026-06-13 23:59:06.279 9 INFO neutron.db.ovn_revision_numbers_db [None req-c929280b-85cc-4f91-b625-3a3239a774ad ffe9042a33aa4d02b4b0570c5608a184 dadf9082a04b4d8f99ec28f752e4f7d0 - - default default] Successfully bumped revision number for resource f2f6b7be-bbb5-41b0-9c12-c37c47443ccf (type: security_groups) to 1
2026-06-13 23:59:06.292 9 INFO neutron.db.ovn_revision_numbers_db [None req-c929280b-85cc-4f91-b625-3a3239a774ad ffe9042a33aa4d02b4b0570c5608a184 dadf9082a04b4d8f99ec28f752e4f7d0 - - default default] Successfully bumped revision number for resource 12038d80-e58d-4d5e-9b7f-fb4356f7e2b9 (type: security_group_rules) to 0
2026-06-13 23:59:06.309 9 INFO neutron.db.ovn_revision_numbers_db [None req-c929280b-85cc-4f91-b625-3a3239a774ad ffe9042a33aa4d02b4b0570c5608a184 dadf9082a04b4d8f99ec28f752e4f7d0 - - default default] Successfully bumped revision number for resource 87d327ac-94c4-4e4b-b90d-b1ae7056b4bd (type: security_group_rules) to 0
2026-06-13 23:59:06.323 9 INFO neutron.db.ovn_revision_numbers_db [None req-c929280b-85cc-4f91-b625-3a3239a774ad ffe9042a33aa4d02b4b0570c5608a184 dadf9082a04b4d8f99ec28f752e4f7d0 - - default default] Successfully bumped revision number for resource dfa3d0d5-3084-467e-abb8-5fad5f2a7ae5 (type: security_group_rules) to 0
2026-06-13 23:59:06.343 10 INFO neutron.wsgi [None req-9d17be1e-a49d-4e68-ac7c-5844fd0e07c7 39722df709be4183ba86ab3aa5e06cf1 799d194f5d38429c823455ee4e158f96 - - default default] 10.0.0.154 "GET /v2.0/networks HTTP/1.1" status: 200 len: 1493 time: 0.1122158
2026-06-13 23:59:06.349 9 INFO neutron.db.ovn_revision_numbers_db [None req-c929280b-85cc-4f91-b625-3a3239a774ad ffe9042a33aa4d02b4b0570c5608a184 dadf9082a04b4d8f99ec28f752e4f7d0 - - default default] Successfully bumped revision number for resource f01b5b6f-7519-428e-be3f-0358f74c9ffe (type: security_group_rules) to 0
2026-06-13 23:59:06.386 9 INFO neutron.wsgi [None req-c929280b-85cc-4f91-b625-3a3239a774ad ffe9042a33aa4d02b4b0570c5608a184 dadf9082a04b4d8f99ec28f752e4f7d0 - - default default] 10.0.0.154 "GET /v2.0/security-groups?tenant_id=11633bc5e3bf4dacadac812c3bebd154&name=default HTTP/1.1" status: 200 len: 3120 time: 0.3593392
2026-06-13 23:59:06.386 10 INFO neutron.db.ovn_revision_numbers_db [None req-4385a36a-64e8-4311-83ec-234ff7390387 ffe9042a33aa4d02b4b0570c5608a184 dadf9082a04b4d8f99ec28f752e4f7d0 - - default default] Successfully bumped revision number for resource 7e2ee89c-dadd-4ec5-87ff-713266db0041 (type: security_groups) to 1
2026-06-13 23:59:06.401 10 INFO neutron.db.ovn_revision_numbers_db [None req-4385a36a-64e8-4311-83ec-234ff7390387 ffe9042a33aa4d02b4b0570c5608a184 dadf9082a04b4d8f99ec28f752e4f7d0 - - default default] Successfully bumped revision number for resource 4e4ec216-b1d7-4a4c-a03b-2d36846888be (type: security_group_rules) to 0
2026-06-13 23:59:06.418 10 INFO neutron.db.ovn_revision_numbers_db [None req-4385a36a-64e8-4311-83ec-234ff7390387 ffe9042a33aa4d02b4b0570c5608a184 dadf9082a04b4d8f99ec28f752e4f7d0 - - default default] Successfully bumped revision number for resource 5381b9ee-fda7-41fd-921a-c2ba89c03451 (type: security_group_rules) to 0
2026-06-13 23:59:06.430 10 INFO neutron.db.ovn_revision_numbers_db [None req-4385a36a-64e8-4311-83ec-234ff7390387 ffe9042a33aa4d02b4b0570c5608a184 dadf9082a04b4d8f99ec28f752e4f7d0 - - default default] Successfully bumped revision number for resource 992f62a3-241f-4866-bca1-276acc5e790c (type: security_group_rules) to 0
2026-06-13 23:59:06.444 10 INFO neutron.db.ovn_revision_numbers_db [None req-4385a36a-64e8-4311-83ec-234ff7390387 ffe9042a33aa4d02b4b0570c5608a184 dadf9082a04b4d8f99ec28f752e4f7d0 - - default default] Successfully bumped revision number for resource b7896af2-58d1-41a0-bba1-b77c1f4abdbf (type: security_group_rules) to 0
2026-06-13 23:59:06.464 10 INFO neutron.wsgi [None req-4385a36a-64e8-4311-83ec-234ff7390387 ffe9042a33aa4d02b4b0570c5608a184 dadf9082a04b4d8f99ec28f752e4f7d0 - - default default] 10.0.0.154 "GET /v2.0/security-groups?tenant_id=dfaa22a443424e4a8456c09536125b35&name=default HTTP/1.1" status: 200 len: 3120 time: 0.2661889
2026-06-13 23:59:06.489 9 INFO neutron.wsgi [req-5453ed76-6274-4985-b7c6-3cf157066677 req-3f775fb1-e16a-46c3-9d0b-b0d0cb7ee92c 39722df709be4183ba86ab3aa5e06cf1 799d194f5d38429c823455ee4e158f96 - - default default] 10.0.0.84 "GET /v2.0/security-groups?name=tempest-secgroup-smoke-493271399&fields=id&tenant_id=799d194f5d38429c823455ee4e158f96 HTTP/1.1" status: 200 len: 267 time: 0.0648911
2026-06-13 23:59:06.643 9 INFO neutron.wsgi [req-5453ed76-6274-4985-b7c6-3cf157066677 req-934a51c5-00b9-40f4-b464-7ec3b262fc90 39722df709be4183ba86ab3aa5e06cf1 799d194f5d38429c823455ee4e158f96 - - default default] 10.0.0.84 "GET /v2.0/networks?id=81c2ed36-5388-469c-b382-c400e6460cdb HTTP/1.1" status: 200 len: 860 time: 0.1473305
2026-06-13 23:59:06.666 9 INFO neutron.wsgi [req-5453ed76-6274-4985-b7c6-3cf157066677 req-b2751906-84e4-436f-af00-78759f308944 39722df709be4183ba86ab3aa5e06cf1 799d194f5d38429c823455ee4e158f96 - - default default] 10.0.0.84 "GET /v2.0/quotas/799d194f5d38429c823455ee4e158f96 HTTP/1.1" status: 200 len: 491 time: 0.0185666
2026-06-13 23:59:06.716 10 INFO neutron.wsgi [None req-c813b730-56f0-4f72-ab28-e177242bd241 ffe9042a33aa4d02b4b0570c5608a184 dadf9082a04b4d8f99ec28f752e4f7d0 - - default default] 10.0.0.154 "DELETE /v2.0/security-groups/7e2ee89c-dadd-4ec5-87ff-713266db0041 HTTP/1.1" status: 204 len: 168 time: 0.2460606
2026-06-13 23:59:06.754 9 INFO neutron.services.segments.plugin [-] Segment 9ba8bb77-765d-498d-8ea5-bf19d9c4d887 resource provider aggregate not found
2026-06-13 23:59:06.759 9 INFO neutron.services.segments.plugin [-] Segment 9ba8bb77-765d-498d-8ea5-bf19d9c4d887 resource provider aggregate not found
2026-06-13 23:59:06.776 9 INFO neutron.services.segments.plugin [-] Segment 9ba8bb77-765d-498d-8ea5-bf19d9c4d887 resource provider not found; error: Placement Client Error (4xx): {"errors": [{"status": 404, "title": "Not Found", "detail": "The resource could not be found.\n\n No resource provider with uuid 9ba8bb77-765d-498d-8ea5-bf19d9c4d887 found for delete ", "request_id": "req-31c6a1bc-f51a-43f2-9057-44fe14fe0204"}]}
2026-06-13 23:59:06.782 9 INFO neutron.services.segments.plugin [-] Segment 9ba8bb77-765d-498d-8ea5-bf19d9c4d887 resource provider not found; error: Placement Client Error (4xx): {"errors": [{"status": 404, "title": "Not Found", "detail": "The resource could not be found.\n\n No resource provider with uuid 9ba8bb77-765d-498d-8ea5-bf19d9c4d887 found for delete ", "request_id": "req-92f8db8b-9a3c-478f-b0df-d69189e0086c"}]}
2026-06-13 23:59:06.836 9 INFO neutron.wsgi [None req-3466cc05-777a-46b6-aafe-95896ede3251 b1de1663d44b44ddb5917de6d6bb2c8d 42bf9ac8280a45d9be57ee6c26b96e45 - - default default] 10.0.0.154 "DELETE /v2.0/networks/1cdfb62f-26c4-4f92-8c76-acdcd9c3df36 HTTP/1.1" status: 204 len: 168 time: 0.6344995
2026-06-13 23:59:06.861 9 INFO neutron.wsgi [req-5453ed76-6274-4985-b7c6-3cf157066677 req-391c8b53-5f68-4c86-ad67-94c5a5196607 39722df709be4183ba86ab3aa5e06cf1 799d194f5d38429c823455ee4e158f96 - - default default] 10.0.0.84 "GET /v2.0/ports?tenant_id=799d194f5d38429c823455ee4e158f96&fields=id HTTP/1.1" status: 200 len: 302 time: 0.1881566
2026-06-13 23:59:06.936 9 INFO neutron.wsgi [None req-64cbf7d2-bfc9-444b-b61a-799da024d0e6 ffe9042a33aa4d02b4b0570c5608a184 dadf9082a04b4d8f99ec28f752e4f7d0 - - default default] 10.0.0.154 "DELETE /v2.0/security-groups/f2f6b7be-bbb5-41b0-9c12-c37c47443ccf HTTP/1.1" status: 204 len: 168 time: 0.5462661
2026-06-13 23:59:06.952 10 INFO neutron.db.ovn_revision_numbers_db [None req-5497a7f2-dfc2-4947-9bb6-dda93d7cc3e5 ffe9042a33aa4d02b4b0570c5608a184 dadf9082a04b4d8f99ec28f752e4f7d0 - - default default] Successfully bumped revision number for resource 26da8027-e67e-4bdf-b26d-193e4d909824 (type: security_groups) to 1
2026-06-13 23:59:06.957 9 INFO neutron.wsgi [req-5453ed76-6274-4985-b7c6-3cf157066677 req-1ca7405a-1549-4009-8d19-d0f63ac0c0fc 277e49ef5d984633b8041c030935a035 28075bb2ca0d4cec8c9fcc8064ae0a7b - - 9ef2e5948c5541d992dd4c03bcbf193e 9ef2e5948c5541d992dd4c03bcbf193e] 10.0.0.84 "GET /v2.0/networks/81c2ed36-5388-469c-b382-c400e6460cdb?fields=segments HTTP/1.1" status: 200 len: 212 time: 0.0789015
2026-06-13 23:59:06.966 10 INFO neutron.db.ovn_revision_numbers_db [None req-5497a7f2-dfc2-4947-9bb6-dda93d7cc3e5 ffe9042a33aa4d02b4b0570c5608a184 dadf9082a04b4d8f99ec28f752e4f7d0 - - default default] Successfully bumped revision number for resource 473461ae-4189-456c-badf-66b8448f61a4 (type: security_group_rules) to 0
2026-06-13 23:59:06.980 10 INFO neutron.db.ovn_revision_numbers_db [None req-5497a7f2-dfc2-4947-9bb6-dda93d7cc3e5 ffe9042a33aa4d02b4b0570c5608a184 dadf9082a04b4d8f99ec28f752e4f7d0 - - default default] Successfully bumped revision number for resource 4ff485b2-a788-439d-85a6-fe61433ae7d5 (type: security_group_rules) to 0
2026-06-13 23:59:06.995 10 INFO neutron.db.ovn_revision_numbers_db [None req-5497a7f2-dfc2-4947-9bb6-dda93d7cc3e5 ffe9042a33aa4d02b4b0570c5608a184 dadf9082a04b4d8f99ec28f752e4f7d0 - - default default] Successfully bumped revision number for resource 9b7f5174-d9d1-4037-82c3-8f493fa78e3b (type: security_group_rules) to 0
2026-06-13 23:59:07.008 10 INFO neutron.db.ovn_revision_numbers_db [None req-5497a7f2-dfc2-4947-9bb6-dda93d7cc3e5 ffe9042a33aa4d02b4b0570c5608a184 dadf9082a04b4d8f99ec28f752e4f7d0 - - default default] Successfully bumped revision number for resource d6ff2bbe-c297-4f10-b7bb-9150b7f0bfae (type: security_group_rules) to 0
2026-06-13 23:59:07.029 10 INFO neutron.wsgi [None req-5497a7f2-dfc2-4947-9bb6-dda93d7cc3e5 ffe9042a33aa4d02b4b0570c5608a184 dadf9082a04b4d8f99ec28f752e4f7d0 - - default default] 10.0.0.154 "GET /v2.0/security-groups?tenant_id=8d8a1437fb24435286c8aee92a68c4a1&name=default HTTP/1.1" status: 200 len: 3120 time: 0.1977713
2026-06-13 23:59:07.034 9 INFO neutron.wsgi [req-5453ed76-6274-4985-b7c6-3cf157066677 req-f2ab7b99-7d40-49aa-b326-20d6fce86502 277e49ef5d984633b8041c030935a035 28075bb2ca0d4cec8c9fcc8064ae0a7b - - 9ef2e5948c5541d992dd4c03bcbf193e 9ef2e5948c5541d992dd4c03bcbf193e] 10.0.0.84 "GET /v2.0/networks/81c2ed36-5388-469c-b382-c400e6460cdb?fields=provider%3Aphysical_network&fields=provider%3Anetwork_type HTTP/1.1" status: 200 len: 277 time: 0.0688412
2026-06-13 23:59:07.159 10 INFO neutron.wsgi [req-d6905853-0002-47bf-b61f-ecc6e2999bc6 req-71189811-b954-40ec-a15d-5bab0917c4a0 39722df709be4183ba86ab3aa5e06cf1 799d194f5d38429c823455ee4e158f96 - - default default] 10.0.0.84 "GET /v2.0/ports?device_id=547e4cc2-51f8-4710-9aec-b16025af176d HTTP/1.1" status: 200 len: 210 time: 0.0198991
2026-06-13 23:59:07.275 10 INFO neutron.wsgi [None req-58308b73-191a-4adb-b526-b35e26fa9ee0 ffe9042a33aa4d02b4b0570c5608a184 dadf9082a04b4d8f99ec28f752e4f7d0 - - default default] 10.0.0.154 "DELETE /v2.0/security-groups/26da8027-e67e-4bdf-b26d-193e4d909824 HTTP/1.1" status: 204 len: 168 time: 0.2399335
2026-06-13 23:59:07.278 9 INFO neutron.wsgi [None req-8374ceca-07a0-4adb-a7e2-79748b5dd65b b1de1663d44b44ddb5917de6d6bb2c8d 42bf9ac8280a45d9be57ee6c26b96e45 - - default default] 10.0.0.154 "DELETE /v2.0/networks/82b8b260-c043-4b2f-90ab-d8054413feb1 HTTP/1.1" status: 204 len: 168 time: 0.4354076
2026-06-13 23:59:07.644 10 INFO neutron.services.segments.plugin [-] Segment 5dc089d9-7206-40bc-bc3a-a2dffd57ef12 resource provider aggregate not found
2026-06-13 23:59:07.650 10 INFO neutron.services.segments.plugin [-] Segment 5dc089d9-7206-40bc-bc3a-a2dffd57ef12 resource provider aggregate not found
2026-06-13 23:59:07.659 10 INFO neutron.services.segments.plugin [-] Segment 5dc089d9-7206-40bc-bc3a-a2dffd57ef12 resource provider not found; error: Placement Client Error (4xx): {"errors": [{"status": 404, "title": "Not Found", "detail": "The resource could not be found.\n\n No resource provider with uuid 5dc089d9-7206-40bc-bc3a-a2dffd57ef12 found for delete ", "request_id": "req-66fd7bc2-6cd0-41d8-a63b-e8075a93d23f"}]}
2026-06-13 23:59:07.669 10 INFO neutron.services.segments.plugin [-] Segment 5dc089d9-7206-40bc-bc3a-a2dffd57ef12 resource provider not found; error: Placement Client Error (4xx): {"errors": [{"status": 404, "title": "Not Found", "detail": "The resource could not be found.\n\n No resource provider with uuid 5dc089d9-7206-40bc-bc3a-a2dffd57ef12 found for delete ", "request_id": "req-122686bd-e255-462e-99e4-194d23f8fc14"}]}
2026-06-13 23:59:07.695 10 INFO neutron.wsgi [None req-2a357900-0ac2-4d38-b1fc-9e61ab2c993b b1de1663d44b44ddb5917de6d6bb2c8d 42bf9ac8280a45d9be57ee6c26b96e45 - - default default] 10.0.0.154 "DELETE /v2.0/networks/9c16cfca-3522-444f-b051-36bb2624f2a4 HTTP/1.1" status: 204 len: 168 time: 0.4127576
2026-06-13 23:59:07.859 9 INFO neutron.wsgi [req-5453ed76-6274-4985-b7c6-3cf157066677 req-e6d65221-d404-4d8d-9fe0-f889ddd0a699 39722df709be4183ba86ab3aa5e06cf1 799d194f5d38429c823455ee4e158f96 - - default default] 199.204.45.65 "GET /v2.0/networks?id=81c2ed36-5388-469c-b382-c400e6460cdb HTTP/1.1" status: 200 len: 860 time: 0.0686631
2026-06-13 23:59:07.911 9 INFO neutron.wsgi [req-5453ed76-6274-4985-b7c6-3cf157066677 req-7d11dc43-118d-444e-bb54-b7468be89b87 39722df709be4183ba86ab3aa5e06cf1 799d194f5d38429c823455ee4e158f96 - - default default] 199.204.45.65 "GET /v2.0/security-groups?fields=id&fields=name&tenant_id=799d194f5d38429c823455ee4e158f96 HTTP/1.1" status: 200 len: 379 time: 0.0459895
2026-06-13 23:59:07.922 9 WARNING neutron_lib.context [req-5453ed76-6274-4985-b7c6-3cf157066677 req-c312d85b-f199-4947-932c-4cc16106c107 39722df709be4183ba86ab3aa5e06cf1 799d194f5d38429c823455ee4e158f96 - - default default] Method 'is_advsvc' is deprecated since 2023.2 release (neutron-lib 3.8.0) and will be removed once support for the old RBAC API policies will be removed from Neutron. Please use method 'is_service_role' instead.
2026-06-13 23:59:08.096 10 INFO neutron.wsgi [None req-c3ab7740-a0e0-4990-8588-03c0ae0b7d49 b1de1663d44b44ddb5917de6d6bb2c8d 42bf9ac8280a45d9be57ee6c26b96e45 - - default default] 10.0.0.154 "DELETE /v2.0/networks/b5a82d01-f238-435b-b0cb-99289de1343a HTTP/1.1" status: 204 len: 168 time: 0.3933368
2026-06-13 23:59:08.498 9 INFO neutron.wsgi [req-2f9edee5-19cb-4c47-afc7-e589d181185b req-47b2eb42-5aac-4b6b-be57-5390a37a4118 39722df709be4183ba86ab3aa5e06cf1 799d194f5d38429c823455ee4e158f96 - - default default] 10.0.0.84 "GET /v2.0/ports?device_id=547e4cc2-51f8-4710-9aec-b16025af176d HTTP/1.1" status: 200 len: 210 time: 0.2706954
2026-06-13 23:59:08.610 9 WARNING neutron.scheduler.dhcp_agent_scheduler [req-5453ed76-6274-4985-b7c6-3cf157066677 req-c312d85b-f199-4947-932c-4cc16106c107 39722df709be4183ba86ab3aa5e06cf1 799d194f5d38429c823455ee4e158f96 - - default default] No more DHCP agents
2026-06-13 23:59:08.612 9 WARNING neutron.api.rpc.agentnotifiers.dhcp_rpc_agent_api [req-5453ed76-6274-4985-b7c6-3cf157066677 req-c312d85b-f199-4947-932c-4cc16106c107 39722df709be4183ba86ab3aa5e06cf1 799d194f5d38429c823455ee4e158f96 - - default default] Unable to schedule network 81c2ed36-5388-469c-b382-c400e6460cdb: no agents available; will retry on subsequent port and subnet creation events.
2026-06-13 23:59:08.800 9 INFO neutron.services.segments.plugin [-] Segment 02543d8c-d9e7-4796-bd72-8c12383432b2 resource provider aggregate not found
2026-06-13 23:59:08.811 9 INFO neutron.services.segments.plugin [-] Segment 02543d8c-d9e7-4796-bd72-8c12383432b2 resource provider aggregate not found
2026-06-13 23:59:08.826 9 INFO neutron.services.segments.plugin [-] Segment 02543d8c-d9e7-4796-bd72-8c12383432b2 resource provider not found; error: Placement Client Error (4xx): {"errors": [{"status": 404, "title": "Not Found", "detail": "The resource could not be found.\n\n No resource provider with uuid 02543d8c-d9e7-4796-bd72-8c12383432b2 found for delete ", "request_id": "req-197ea2f8-6935-4106-a8f6-a3e6d8cec42a"}]}
2026-06-13 23:59:08.829 9 INFO neutron.services.segments.plugin [-] Segment 02543d8c-d9e7-4796-bd72-8c12383432b2 resource provider not found; error: Placement Client Error (4xx): {"errors": [{"status": 404, "title": "Not Found", "detail": "The resource could not be found.\n\n No resource provider with uuid 02543d8c-d9e7-4796-bd72-8c12383432b2 found for delete ", "request_id": "req-f417c866-1338-46eb-a312-be602b16b1cf"}]}
2026-06-13 23:59:08.856 9 INFO neutron.db.ovn_revision_numbers_db [req-5453ed76-6274-4985-b7c6-3cf157066677 req-c312d85b-f199-4947-932c-4cc16106c107 39722df709be4183ba86ab3aa5e06cf1 799d194f5d38429c823455ee4e158f96 - - default default] Successfully bumped revision number for resource c8cccd06-a5b4-4064-9220-59f404b2dfe8 (type: ports) to 1
2026-06-13 23:59:08.865 9 INFO neutron.wsgi [None req-0ec97dc6-4840-47d7-ab70-4449b1564a28 b1de1663d44b44ddb5917de6d6bb2c8d 42bf9ac8280a45d9be57ee6c26b96e45 - - default default] 10.0.0.154 "DELETE /v2.0/networks/22558bf8-3d3b-42ae-baec-1f968462fbba HTTP/1.1" status: 204 len: 168 time: 0.7623179
2026-06-13 23:59:08.884 9 INFO neutron.wsgi [req-5453ed76-6274-4985-b7c6-3cf157066677 req-c312d85b-f199-4947-932c-4cc16106c107 39722df709be4183ba86ab3aa5e06cf1 799d194f5d38429c823455ee4e158f96 - - default default] 199.204.45.65 "POST /v2.0/ports HTTP/1.1" status: 201 len: 1158 time: 0.9690092 /var/lib/openstack/lib/python3.10/site-packages/pycadf/identifier.py:71: UserWarning: Invalid uuid: neutron. To ensure interoperability, identifiers should be a valid uuid. warnings.warn(('Invalid uuid: %s. To ensure interoperability, '
2026-06-13 23:59:09.306 9 INFO neutron.db.ovn_revision_numbers_db [req-5453ed76-6274-4985-b7c6-3cf157066677 req-e155f37c-d979-47f7-93a7-e27c40a27d64 277e49ef5d984633b8041c030935a035 28075bb2ca0d4cec8c9fcc8064ae0a7b - - 9ef2e5948c5541d992dd4c03bcbf193e 9ef2e5948c5541d992dd4c03bcbf193e] Successfully bumped revision number for resource c8cccd06-a5b4-4064-9220-59f404b2dfe8 (type: ports) to 2
2026-06-13 23:59:09.570 9 WARNING neutron.plugins.ml2.drivers.ovn.mech_driver.ovsdb.ovn_client [None req-994a81b5-3fe4-49cd-b805-57da2d353614 - - - - - -] No hosting information found for port 4f45aece-0f6f-4712-b51a-dfbd98aed7bd: RuntimeError: No hosting information found for port 4f45aece-0f6f-4712-b51a-dfbd98aed7bd
2026-06-13 23:59:09.571 9 INFO neutron.db.ovn_revision_numbers_db [req-5453ed76-6274-4985-b7c6-3cf157066677 req-e155f37c-d979-47f7-93a7-e27c40a27d64 277e49ef5d984633b8041c030935a035 28075bb2ca0d4cec8c9fcc8064ae0a7b - - 9ef2e5948c5541d992dd4c03bcbf193e 9ef2e5948c5541d992dd4c03bcbf193e] Successfully bumped revision number for resource c8cccd06-a5b4-4064-9220-59f404b2dfe8 (type: ports) to 2
2026-06-13 23:59:09.593 9 INFO neutron.wsgi [req-5453ed76-6274-4985-b7c6-3cf157066677 req-e155f37c-d979-47f7-93a7-e27c40a27d64 277e49ef5d984633b8041c030935a035 28075bb2ca0d4cec8c9fcc8064ae0a7b - - 9ef2e5948c5541d992dd4c03bcbf193e 9ef2e5948c5541d992dd4c03bcbf193e] 199.204.45.65 "PUT /v2.0/ports/c8cccd06-a5b4-4064-9220-59f404b2dfe8 HTTP/1.1" status: 200 len: 1376 time: 0.7014046
2026-06-13 23:59:09.643 9 INFO neutron.notifiers.nova [-] Nova event matching ['req-07986634-f566-47b8-b482-9918a755a23b'] response: {'name': 'network-changed', 'server_uuid': '547e4cc2-51f8-4710-9aec-b16025af176d', 'tag': 'c8cccd06-a5b4-4064-9220-59f404b2dfe8', 'status': 'completed', 'code': 200} /var/lib/openstack/lib/python3.10/site-packages/pycadf/identifier.py:71: UserWarning: Invalid uuid: neutron. To ensure interoperability, identifiers should be a valid uuid. warnings.warn(('Invalid uuid: %s. To ensure interoperability, '
2026-06-13 23:59:09.683 10 INFO neutron.services.segments.plugin [-] Segment 5a65291f-170a-4539-acc1-24a5ceb44bdb resource provider aggregate not found
2026-06-13 23:59:09.692 10 INFO neutron.services.segments.plugin [-] Segment 5a65291f-170a-4539-acc1-24a5ceb44bdb resource provider aggregate not found
2026-06-13 23:59:09.703 10 INFO neutron.services.segments.plugin [-] Segment 5a65291f-170a-4539-acc1-24a5ceb44bdb resource provider not found; error: Placement Client Error (4xx): {"errors": [{"status": 404, "title": "Not Found", "detail": "The resource could not be found.\n\n No resource provider with uuid 5a65291f-170a-4539-acc1-24a5ceb44bdb found for delete ", "request_id": "req-684378ba-a960-4e22-ac5a-371943a581a8"}]}
2026-06-13 23:59:09.709 10 INFO neutron.services.segments.plugin [-] Segment 5a65291f-170a-4539-acc1-24a5ceb44bdb resource provider not found; error: Placement Client Error (4xx): {"errors": [{"status": 404, "title": "Not Found", "detail": "The resource could not be found.\n\n No resource provider with uuid 5a65291f-170a-4539-acc1-24a5ceb44bdb found for delete ", "request_id": "req-7a831b8a-104b-4baa-a37b-a12cf69030d9"}]}
2026-06-13 23:59:09.716 9 INFO neutron.wsgi [req-5453ed76-6274-4985-b7c6-3cf157066677 req-8960edba-9317-4f0c-9655-89d245878142 277e49ef5d984633b8041c030935a035 28075bb2ca0d4cec8c9fcc8064ae0a7b - - 9ef2e5948c5541d992dd4c03bcbf193e 9ef2e5948c5541d992dd4c03bcbf193e] 199.204.45.65 "GET /v2.0/ports?tenant_id=799d194f5d38429c823455ee4e158f96&device_id=547e4cc2-51f8-4710-9aec-b16025af176d HTTP/1.1" status: 200 len: 1407 time: 0.0640030
2026-06-13 23:59:09.729 10 INFO neutron.wsgi [req-dfe685ba-3bd5-417c-9acf-ee8f509da69e req-f1cfd63b-b064-4bbf-951d-bfc178f5fd27 39722df709be4183ba86ab3aa5e06cf1 799d194f5d38429c823455ee4e158f96 - - default default] 10.0.0.84 "GET /v2.0/ports?device_id=547e4cc2-51f8-4710-9aec-b16025af176d HTTP/1.1" status: 200 len: 1168 time: 0.1532366
2026-06-13 23:59:09.757 9 INFO neutron.wsgi [req-5453ed76-6274-4985-b7c6-3cf157066677 req-3f068999-f64a-4667-a537-a815957be79e 277e49ef5d984633b8041c030935a035 28075bb2ca0d4cec8c9fcc8064ae0a7b - - 9ef2e5948c5541d992dd4c03bcbf193e 9ef2e5948c5541d992dd4c03bcbf193e] 199.204.45.65 "GET /v2.0/floatingips?fixed_ip_address=10.100.0.9&port_id=c8cccd06-a5b4-4064-9220-59f404b2dfe8 HTTP/1.1" status: 200 len: 217 time: 0.0359018
2026-06-13 23:59:09.803 10 INFO neutron.wsgi [req-dfe685ba-3bd5-417c-9acf-ee8f509da69e req-ea150280-422d-41aa-b76f-c11597328d0d 39722df709be4183ba86ab3aa5e06cf1 799d194f5d38429c823455ee4e158f96 - - default default] 10.0.0.84 "GET /v2.0/security-groups?id=0d20463f-b836-408c-9aec-f7313b09917e&fields=id&fields=name HTTP/1.1" status: 200 len: 312 time: 0.0684478
2026-06-13 23:59:09.807 9 INFO neutron.wsgi [req-5453ed76-6274-4985-b7c6-3cf157066677 req-e2fd36e8-2937-4c1a-a32e-e004f44e67c8 277e49ef5d984633b8041c030935a035 28075bb2ca0d4cec8c9fcc8064ae0a7b - - 9ef2e5948c5541d992dd4c03bcbf193e 9ef2e5948c5541d992dd4c03bcbf193e] 199.204.45.65 "GET /v2.0/subnets?id=fb27a4f5-03c7-47df-8a65-5ae74b0500a6 HTTP/1.1" status: 200 len: 852 time: 0.0430543
2026-06-13 23:59:09.850 9 INFO neutron.wsgi [req-5453ed76-6274-4985-b7c6-3cf157066677 req-7f6efff2-6411-47e7-80c7-cda51d4b0a36 277e49ef5d984633b8041c030935a035 28075bb2ca0d4cec8c9fcc8064ae0a7b - - 9ef2e5948c5541d992dd4c03bcbf193e 9ef2e5948c5541d992dd4c03bcbf193e] 199.204.45.65 "GET /v2.0/ports?network_id=81c2ed36-5388-469c-b382-c400e6460cdb&device_owner=network%3Adhcp HTTP/1.1" status: 200 len: 210 time: 0.0333984
2026-06-13 23:59:09.939 9 INFO neutron.wsgi [req-5453ed76-6274-4985-b7c6-3cf157066677 req-b1ec7245-4ce5-4743-8257-a5ce323590ce 277e49ef5d984633b8041c030935a035 28075bb2ca0d4cec8c9fcc8064ae0a7b - - 9ef2e5948c5541d992dd4c03bcbf193e 9ef2e5948c5541d992dd4c03bcbf193e] 199.204.45.65 "GET /v2.0/networks/81c2ed36-5388-469c-b382-c400e6460cdb?fields=segments HTTP/1.1" status: 200 len: 212 time: 0.0798943
2026-06-13 23:59:10.009 9 INFO neutron.wsgi [req-5453ed76-6274-4985-b7c6-3cf157066677 req-cd954e6d-aea2-486d-a566-1b06f208d448 277e49ef5d984633b8041c030935a035 28075bb2ca0d4cec8c9fcc8064ae0a7b - - 9ef2e5948c5541d992dd4c03bcbf193e 9ef2e5948c5541d992dd4c03bcbf193e] 199.204.45.65 "GET /v2.0/networks/81c2ed36-5388-469c-b382-c400e6460cdb?fields=provider%3Aphysical_network&fields=provider%3Anetwork_type HTTP/1.1" status: 200 len: 277 time: 0.0631430
2026-06-13 23:59:10.080 9 INFO neutron.db.ovn_revision_numbers_db [None req-847bf4a8-9092-4aed-a44c-8b9c5487b0f2 ffe9042a33aa4d02b4b0570c5608a184 dadf9082a04b4d8f99ec28f752e4f7d0 - - default default] Successfully bumped revision number for resource f480de21-cd81-4f0d-99bf-de07687c1aef (type: security_groups) to 1
2026-06-13 23:59:10.098 9 INFO neutron.wsgi [req-ebde0bd9-cb2a-4e09-a4fd-68e0b654ca62 req-51b45fbd-6993-444a-a59a-cbeeb7325451 277e49ef5d984633b8041c030935a035 28075bb2ca0d4cec8c9fcc8064ae0a7b - - 9ef2e5948c5541d992dd4c03bcbf193e 9ef2e5948c5541d992dd4c03bcbf193e] 199.204.45.65 "GET /v2.0/ports?tenant_id=799d194f5d38429c823455ee4e158f96&device_id=547e4cc2-51f8-4710-9aec-b16025af176d HTTP/1.1" status: 200 len: 1407 time: 0.0439579
2026-06-13 23:59:10.102 9 INFO neutron.db.ovn_revision_numbers_db [None req-847bf4a8-9092-4aed-a44c-8b9c5487b0f2 ffe9042a33aa4d02b4b0570c5608a184 dadf9082a04b4d8f99ec28f752e4f7d0 - - default default] Successfully bumped revision number for resource 5ee6b59e-0dfe-48cf-b473-f600c5572e94 (type: security_group_rules) to 0
2026-06-13 23:59:10.151 9 INFO neutron.db.ovn_revision_numbers_db [None req-847bf4a8-9092-4aed-a44c-8b9c5487b0f2 ffe9042a33aa4d02b4b0570c5608a184 dadf9082a04b4d8f99ec28f752e4f7d0 - - default default] Successfully bumped revision number for resource 6b714fc0-0ba1-4771-9902-c93ff7ef27de (type: security_group_rules) to 0
2026-06-13 23:59:10.186 9 INFO neutron.db.ovn_revision_numbers_db [None req-847bf4a8-9092-4aed-a44c-8b9c5487b0f2 ffe9042a33aa4d02b4b0570c5608a184 dadf9082a04b4d8f99ec28f752e4f7d0 - - default default] Successfully bumped revision number for resource 8c5e5999-a568-4308-a532-512516ad032f (type: security_group_rules) to 0
2026-06-13 23:59:10.210 9 INFO neutron.wsgi [req-ebde0bd9-cb2a-4e09-a4fd-68e0b654ca62 req-bc6e60b5-391c-45c0-8202-8c4e1cb294e8 277e49ef5d984633b8041c030935a035 28075bb2ca0d4cec8c9fcc8064ae0a7b - - 9ef2e5948c5541d992dd4c03bcbf193e 9ef2e5948c5541d992dd4c03bcbf193e] 199.204.45.65 "GET /v2.0/networks?id=81c2ed36-5388-469c-b382-c400e6460cdb HTTP/1.1" status: 200 len: 959 time: 0.1081316
2026-06-13 23:59:10.225 9 INFO neutron.db.ovn_revision_numbers_db [None req-847bf4a8-9092-4aed-a44c-8b9c5487b0f2 ffe9042a33aa4d02b4b0570c5608a184 dadf9082a04b4d8f99ec28f752e4f7d0 - - default default] Successfully bumped revision number for resource d428d7b7-abfe-4f41-a729-f2b6600417fb (type: security_group_rules) to 0
2026-06-13 23:59:10.239 10 INFO neutron.plugins.ml2.drivers.ovn.mech_driver.mech_driver [None req-7f51bcc4-bade-4819-b882-6b2b9175102a - - - - - -] OVN reports status up for port: c8cccd06-a5b4-4064-9220-59f404b2dfe8
2026-06-13 23:59:10.253 10 INFO neutron.plugins.ml2.plugin [None req-7f51bcc4-bade-4819-b882-6b2b9175102a - - - - - -] Attempt 1 to provision port c8cccd06-a5b4-4064-9220-59f404b2dfe8
2026-06-13 23:59:10.275 9 INFO neutron.wsgi [req-ebde0bd9-cb2a-4e09-a4fd-68e0b654ca62 req-fa3f7a61-dee5-409c-b1bc-8dad4e1e94fb 277e49ef5d984633b8041c030935a035 28075bb2ca0d4cec8c9fcc8064ae0a7b - - 9ef2e5948c5541d992dd4c03bcbf193e 9ef2e5948c5541d992dd4c03bcbf193e] 199.204.45.65 "GET /v2.0/floatingips?fixed_ip_address=10.100.0.9&port_id=c8cccd06-a5b4-4064-9220-59f404b2dfe8 HTTP/1.1" status: 200 len: 217 time: 0.0582540
2026-06-13 23:59:10.295 9 INFO neutron.wsgi [None req-847bf4a8-9092-4aed-a44c-8b9c5487b0f2 ffe9042a33aa4d02b4b0570c5608a184 dadf9082a04b4d8f99ec28f752e4f7d0 - - default default] 10.0.0.154 "GET /v2.0/security-groups?tenant_id=1e3c38e02a4f4e24a0ed3a67386141a5&name=default HTTP/1.1" status: 200 len: 3120 time: 0.5782282
2026-06-13 23:59:10.331 9 INFO neutron.wsgi [req-ebde0bd9-cb2a-4e09-a4fd-68e0b654ca62 req-c8a73f72-94fb-468d-8b29-f04288f1f610 277e49ef5d984633b8041c030935a035 28075bb2ca0d4cec8c9fcc8064ae0a7b - - 9ef2e5948c5541d992dd4c03bcbf193e 9ef2e5948c5541d992dd4c03bcbf193e] 199.204.45.65 "GET /v2.0/subnets?id=fb27a4f5-03c7-47df-8a65-5ae74b0500a6 HTTP/1.1" status: 200 len: 852 time: 0.0507693
2026-06-13 23:59:10.357 9 INFO neutron.wsgi [req-ebde0bd9-cb2a-4e09-a4fd-68e0b654ca62 req-01bfd909-ca31-4e6b-b707-320a02ffb620 277e49ef5d984633b8041c030935a035 28075bb2ca0d4cec8c9fcc8064ae0a7b - - 9ef2e5948c5541d992dd4c03bcbf193e 9ef2e5948c5541d992dd4c03bcbf193e] 199.204.45.65 "GET /v2.0/ports?network_id=81c2ed36-5388-469c-b382-c400e6460cdb&device_owner=network%3Adhcp HTTP/1.1" status: 200 len: 210 time: 0.0189838
2026-06-13 23:59:10.425 9 INFO neutron.wsgi [req-ebde0bd9-cb2a-4e09-a4fd-68e0b654ca62 req-54d07b7e-42c9-4b5e-b631-c6d03c0a2d86 277e49ef5d984633b8041c030935a035 28075bb2ca0d4cec8c9fcc8064ae0a7b - - 9ef2e5948c5541d992dd4c03bcbf193e 9ef2e5948c5541d992dd4c03bcbf193e] 199.204.45.65 "GET /v2.0/networks/81c2ed36-5388-469c-b382-c400e6460cdb?fields=segments HTTP/1.1" status: 200 len: 212 time: 0.0615513
2026-06-13 23:59:10.464 10 INFO neutron.notifiers.nova [-] Nova event matching ['req-43825c35-a99a-40d7-b817-bec5ea1197ec'] response: {'server_uuid': '547e4cc2-51f8-4710-9aec-b16025af176d', 'name': 'network-vif-plugged', 'status': 'completed', 'tag': 'c8cccd06-a5b4-4064-9220-59f404b2dfe8', 'code': 200}
2026-06-13 23:59:10.498 9 INFO neutron.wsgi [req-ebde0bd9-cb2a-4e09-a4fd-68e0b654ca62 req-eff60057-de21-4bd9-b2ce-53afa52d2a05 277e49ef5d984633b8041c030935a035 28075bb2ca0d4cec8c9fcc8064ae0a7b - - 9ef2e5948c5541d992dd4c03bcbf193e 9ef2e5948c5541d992dd4c03bcbf193e] 199.204.45.65 "GET /v2.0/networks/81c2ed36-5388-469c-b382-c400e6460cdb?fields=provider%3Aphysical_network&fields=provider%3Anetwork_type HTTP/1.1" status: 200 len: 277 time: 0.0679131
2026-06-13 23:59:10.612 10 INFO neutron.db.ovn_revision_numbers_db [None req-7f51bcc4-bade-4819-b882-6b2b9175102a - - - - - -] Successfully bumped revision number for resource c8cccd06-a5b4-4064-9220-59f404b2dfe8 (type: ports) to 4
2026-06-13 23:59:10.613 9 INFO neutron.wsgi [None req-8f844233-ebb2-45ba-8625-22bb181ca94e ffe9042a33aa4d02b4b0570c5608a184 dadf9082a04b4d8f99ec28f752e4f7d0 - - default default] 10.0.0.154 "DELETE /v2.0/security-groups/f480de21-cd81-4f0d-99bf-de07687c1aef HTTP/1.1" status: 204 len: 168 time: 0.3105261
2026-06-13 23:59:10.698 9 INFO neutron.db.ovn_revision_numbers_db [None req-2b894d61-e6bd-4918-851f-67e67e08a4b4 ffe9042a33aa4d02b4b0570c5608a184 dadf9082a04b4d8f99ec28f752e4f7d0 - - default default] Successfully bumped revision number for resource e48964f9-85aa-47b0-b07f-ad0596b6819b (type: security_groups) to 1
