2026-06-14 00:00:18.186 10 INFO neutron.wsgi [None req-670fc855-efd2-4487-b03d-f858e3798b6c ffe9042a33aa4d02b4b0570c5608a184 dadf9082a04b4d8f99ec28f752e4f7d0 - - default default] 10.0.0.154 "GET /v2.0/security-groups?tenant_id=205f92a7a8204f918487cda3a9a2b8b6&name=default HTTP/1.1" status: 200 len: 3120 time: 0.2249963
2026-06-14 00:00:18.353 9 INFO neutron.wsgi [None req-66262145-c8cb-4698-bff6-0236fe7cc82a ffe9042a33aa4d02b4b0570c5608a184 dadf9082a04b4d8f99ec28f752e4f7d0 - - default default] 10.0.0.154 "GET /v2.0/security-groups?tenant_id=b37f47841ef6428a8c07b28f0bfc404e&name=default HTTP/1.1" status: 200 len: 3120 time: 0.0650654
2026-06-14 00:00:18.415 10 INFO neutron.wsgi [None req-7d5045e0-8044-4604-af2e-169cc520bd8a ffe9042a33aa4d02b4b0570c5608a184 dadf9082a04b4d8f99ec28f752e4f7d0 - - default default] 10.0.0.154 "DELETE /v2.0/security-groups/b4c422bd-54f7-4d96-83bc-a11ddcadde0e HTTP/1.1" status: 204 len: 168 time: 0.2222154
2026-06-14 00:00:18.569 10 INFO neutron.wsgi [None req-83031671-a90a-4bbc-a900-5a1668e36639 ffe9042a33aa4d02b4b0570c5608a184 dadf9082a04b4d8f99ec28f752e4f7d0 - - default default] 10.0.0.154 "DELETE /v2.0/security-groups/abbbd673-7b13-4a7d-b267-9fad5da449db HTTP/1.1" status: 204 len: 168 time: 0.2109687
2026-06-14 00:00:18.667 9 ERROR ovsdbapp.backend.ovs_idl.command [None req-c7c3bb62-d100-4fdc-ada5-2fd886acff4f d82379a54e9d42c89121411f01267d1f eafe0b3200d849198858dac8a556d872 - - default default] Error executing command (DbGetCommand): ovsdbapp.backend.ovs_idl.idlutils.RowNotFound: Cannot find Logical_Router_Port with name=lrp-d3da53bb-547f-451f-a11d-a4e950ed47ef
2026-06-14 00:00:18.667 9 ERROR ovsdbapp.backend.ovs_idl.command
Traceback (most recent call last):
2026-06-14 00:00:18.667 9 ERROR ovsdbapp.backend.ovs_idl.command
File "/var/lib/openstack/lib/python3.10/site-packages/ovsdbapp/backend/ovs_idl/command.py", line 47, in execute
2026-06-14 00:00:18.667 9 ERROR ovsdbapp.backend.ovs_idl.command self.run_idl(None)
2026-06-14 00:00:18.667 9 ERROR ovsdbapp.backend.ovs_idl.command
File "/var/lib/openstack/lib/python3.10/site-packages/ovsdbapp/backend/ovs_idl/command.py", line 235, in run_idl
2026-06-14 00:00:18.667 9 ERROR ovsdbapp.backend.ovs_idl.command record = self.api.lookup(self.table, self.record)
2026-06-14 00:00:18.667 9 ERROR ovsdbapp.backend.ovs_idl.command
File "/var/lib/openstack/lib/python3.10/site-packages/ovsdbapp/backend/ovs_idl/__init__.py", line 184, in lookup
2026-06-14 00:00:18.667 9 ERROR ovsdbapp.backend.ovs_idl.command return self._lookup(table, record)
2026-06-14 00:00:18.667 9 ERROR ovsdbapp.backend.ovs_idl.command
File "/var/lib/openstack/lib/python3.10/site-packages/ovsdbapp/backend/ovs_idl/__init__.py", line 235, in _lookup
2026-06-14 00:00:18.667 9 ERROR ovsdbapp.backend.ovs_idl.command row = idlutils.row_by_value(self, rl.table, rl.column, record)
2026-06-14 00:00:18.667 9 ERROR ovsdbapp.backend.ovs_idl.command
File "/var/lib/openstack/lib/python3.10/site-packages/ovsdbapp/backend/ovs_idl/idlutils.py", line 114, in row_by_value
2026-06-14 00:00:18.667 9 ERROR ovsdbapp.backend.ovs_idl.command raise RowNotFound(table=table, col=column, match=match)
2026-06-14 00:00:18.667 9 ERROR ovsdbapp.backend.ovs_idl.command ovsdbapp.backend.ovs_idl.idlutils.RowNotFound: Cannot find Logical_Router_Port with name=lrp-d3da53bb-547f-451f-a11d-a4e950ed47ef
2026-06-14 00:00:18.667 9 ERROR ovsdbapp.backend.ovs_idl.command 
2026-06-14 00:00:18.668 9 ERROR neutron_lib.callbacks.manager [None req-c7c3bb62-d100-4fdc-ada5-2fd886acff4f d82379a54e9d42c89121411f01267d1f eafe0b3200d849198858dac8a556d872 - - default default] Error during notification for neutron.services.ovn_l3.plugin.OVNL3RouterPlugin._port_update-8748536747741 port, after_update: ovsdbapp.backend.ovs_idl.idlutils.RowNotFound: Cannot find Logical_Router_Port with name=lrp-d3da53bb-547f-451f-a11d-a4e950ed47ef
2026-06-14 00:00:18.668 9 ERROR neutron_lib.callbacks.manager
Traceback (most recent call last):
2026-06-14 00:00:18.668 9 ERROR neutron_lib.callbacks.manager
File "/var/lib/openstack/lib/python3.10/site-packages/neutron_lib/callbacks/manager.py", line 189, in _notify_loop
2026-06-14 00:00:18.668 9 ERROR neutron_lib.callbacks.manager callback.method(resource, event, trigger, payload=payload)
2026-06-14 00:00:18.668 9 ERROR neutron_lib.callbacks.manager
File "/var/lib/openstack/lib/python3.10/site-packages/neutron/services/ovn_l3/plugin.py", line 391, in _port_update
2026-06-14 00:00:18.668 9 ERROR neutron_lib.callbacks.manager l3plugin._ovn_client.update_router_port(context,
2026-06-14 00:00:18.668 9 ERROR neutron_lib.callbacks.manager
File "/var/lib/openstack/lib/python3.10/site-packages/neutron/plugins/ml2/drivers/ovn/mech_driver/ovsdb/ovn_client.py", line 1878, in update_router_port
2026-06-14 00:00:18.668 9 ERROR neutron_lib.callbacks.manager self._update_lrouter_port(context, port, if_exists=if_exists,
2026-06-14 00:00:18.668 9 ERROR neutron_lib.callbacks.manager
File "/var/lib/openstack/lib/python3.10/site-packages/neutron/plugins/ml2/drivers/ovn/mech_driver/ovsdb/ovn_client.py", line 1855, in _update_lrouter_port
2026-06-14 00:00:18.668 9 ERROR neutron_lib.callbacks.manager external_ids = self._nb_idl.db_get(
2026-06-14 00:00:18.668 9 ERROR neutron_lib.callbacks.manager
File "/var/lib/openstack/lib/python3.10/site-packages/ovsdbapp/backend/ovs_idl/command.py", line 47, in execute
2026-06-14 00:00:18.668 9 ERROR neutron_lib.callbacks.manager self.run_idl(None)
2026-06-14 00:00:18.668 9 ERROR neutron_lib.callbacks.manager
File "/var/lib/openstack/lib/python3.10/site-packages/ovsdbapp/backend/ovs_idl/command.py", line 235, in run_idl
2026-06-14 00:00:18.668 9 ERROR neutron_lib.callbacks.manager record = self.api.lookup(self.table, self.record)
2026-06-14 00:00:18.668 9 ERROR neutron_lib.callbacks.manager
File "/var/lib/openstack/lib/python3.10/site-packages/ovsdbapp/backend/ovs_idl/__init__.py", line 184, in lookup
2026-06-14 00:00:18.668 9 ERROR neutron_lib.callbacks.manager return self._lookup(table, record)
2026-06-14 00:00:18.668 9 ERROR neutron_lib.callbacks.manager
File "/var/lib/openstack/lib/python3.10/site-packages/ovsdbapp/backend/ovs_idl/__init__.py", line 235, in _lookup
2026-06-14 00:00:18.668 9 ERROR neutron_lib.callbacks.manager row = idlutils.row_by_value(self, rl.table, rl.column, record)
2026-06-14 00:00:18.668 9 ERROR neutron_lib.callbacks.manager
File "/var/lib/openstack/lib/python3.10/site-packages/ovsdbapp/backend/ovs_idl/idlutils.py", line 114, in row_by_value
2026-06-14 00:00:18.668 9 ERROR neutron_lib.callbacks.manager raise RowNotFound(table=table, col=column, match=match)
2026-06-14 00:00:18.668 9 ERROR neutron_lib.callbacks.manager ovsdbapp.backend.ovs_idl.idlutils.RowNotFound: Cannot find Logical_Router_Port with name=lrp-d3da53bb-547f-451f-a11d-a4e950ed47ef
2026-06-14 00:00:18.668 9 ERROR neutron_lib.callbacks.manager 
2026-06-14 00:00:18.817 10 INFO neutron.wsgi [None req-0b51f66e-3985-425e-8204-969afa384c08 ffe9042a33aa4d02b4b0570c5608a184 dadf9082a04b4d8f99ec28f752e4f7d0 - - default default] 10.0.0.154 "GET /v2.0/security-groups?tenant_id=e8e0c92c5646468ab53e98200318f6a7&name=default HTTP/1.1" status: 200 len: 3120 time: 0.0394833
2026-06-14 00:00:18.913 10 INFO neutron.plugins.ml2.drivers.ovn.mech_driver.mech_driver [None req-7f51bcc4-bade-4819-b882-6b2b9175102a - - - - - -] OVN reports status up for port: d3da53bb-547f-451f-a11d-a4e950ed47ef
2026-06-14 00:00:18.929 10 INFO neutron.plugins.ml2.plugin [None req-7f51bcc4-bade-4819-b882-6b2b9175102a - - - - - -] Attempt 1 to provision port d3da53bb-547f-451f-a11d-a4e950ed47ef
2026-06-14 00:00:18.954 9 INFO neutron.db.ovn_revision_numbers_db [None req-c7c3bb62-d100-4fdc-ada5-2fd886acff4f d82379a54e9d42c89121411f01267d1f eafe0b3200d849198858dac8a556d872 - - default default] Successfully bumped revision number for resource d3da53bb-547f-451f-a11d-a4e950ed47ef (type: ports) to 1
2026-06-14 00:00:19.041 9 WARNING neutron.scheduler.dhcp_agent_scheduler [None req-c7c3bb62-d100-4fdc-ada5-2fd886acff4f d82379a54e9d42c89121411f01267d1f eafe0b3200d849198858dac8a556d872 - - default default] No more DHCP agents
2026-06-14 00:00:19.042 9 WARNING neutron.api.rpc.agentnotifiers.dhcp_rpc_agent_api [None req-c7c3bb62-d100-4fdc-ada5-2fd886acff4f d82379a54e9d42c89121411f01267d1f eafe0b3200d849198858dac8a556d872 - - default default] Unable to schedule network e1d3c9c7-9974-41d2-bb32-d21b1428cb2e: no agents available; will retry on subsequent port and subnet creation events.
2026-06-14 00:00:19.162 10 INFO neutron.wsgi [None req-ac4d9706-a6b0-4228-9268-3b3e152512aa ffe9042a33aa4d02b4b0570c5608a184 dadf9082a04b4d8f99ec28f752e4f7d0 - - default default] 10.0.0.154 "DELETE /v2.0/security-groups/eb522cc7-8fdd-47cd-9d8c-b97b3a6cd8c5 HTTP/1.1" status: 204 len: 168 time: 0.3414721
2026-06-14 00:00:19.402 10 INFO neutron.db.ovn_revision_numbers_db [None req-7f51bcc4-bade-4819-b882-6b2b9175102a - - - - - -] Successfully bumped revision number for resource d3da53bb-547f-451f-a11d-a4e950ed47ef (type: ports) to 2
2026-06-14 00:00:19.443 9 INFO neutron.db.ovn_revision_numbers_db [None req-c7c3bb62-d100-4fdc-ada5-2fd886acff4f d82379a54e9d42c89121411f01267d1f eafe0b3200d849198858dac8a556d872 - - default default] Successfully bumped revision number for resource d3da53bb-547f-451f-a11d-a4e950ed47ef (type: router_ports) to 1
2026-06-14 00:00:19.582 10 INFO neutron.db.ovn_revision_numbers_db [None req-7f51bcc4-bade-4819-b882-6b2b9175102a - - - - - -] Successfully bumped revision number for resource d3da53bb-547f-451f-a11d-a4e950ed47ef (type: router_ports) to 2
2026-06-14 00:00:19.689 9 WARNING neutron.scheduler.dhcp_agent_scheduler [None req-6c55e84d-5e8e-40a1-accb-d0bf0553f29d - - - - - -] No more DHCP agents
2026-06-14 00:00:19.692 9 WARNING neutron.api.rpc.agentnotifiers.dhcp_rpc_agent_api [None req-6c55e84d-5e8e-40a1-accb-d0bf0553f29d - - - - - -] Unable to schedule network e1d3c9c7-9974-41d2-bb32-d21b1428cb2e: no agents available; will retry on subsequent port and subnet creation events.
2026-06-14 00:00:19.825 9 INFO neutron.db.ovn_revision_numbers_db [None req-6c55e84d-5e8e-40a1-accb-d0bf0553f29d - - - - - -] Successfully bumped revision number for resource 2217f2f8-e1ea-455a-bacc-f234944fe9c2 (type: ports) to 1
2026-06-14 00:00:20.037 9 INFO neutron.db.ovn_revision_numbers_db [None req-6c55e84d-5e8e-40a1-accb-d0bf0553f29d - - - - - -] Successfully bumped revision number for resource 2217f2f8-e1ea-455a-bacc-f234944fe9c2 (type: ports) to 1
2026-06-14 00:00:20.247 9 INFO neutron.wsgi [None req-c7c3bb62-d100-4fdc-ada5-2fd886acff4f d82379a54e9d42c89121411f01267d1f eafe0b3200d849198858dac8a556d872 - - default default] 10.0.0.154 "POST /v2.0/vpn/vpnservices HTTP/1.1" status: 201 len: 657 time: 6.4314694
2026-06-14 00:00:20.260 9 WARNING neutron_lib.context [None req-8ac26914-d6dc-4f41-9899-c64b1b607135 d82379a54e9d42c89121411f01267d1f eafe0b3200d849198858dac8a556d872 - - default default] Method 'is_advsvc' is deprecated since 2023.2 release (neutron-lib 3.8.0) and will be removed once support for the old RBAC API policies will be removed from Neutron. Please use method 'is_service_role' instead.
2026-06-14 00:00:20.856 9 WARNING neutron.plugins.ml2.drivers.ovn.mech_driver.ovsdb.ovn_client [None req-994a81b5-3fe4-49cd-b805-57da2d353614 - - - - - -] No hosting information found for port 867f95f8-cff3-47e8-887e-d1093ce10973: RuntimeError: No hosting information found for port 867f95f8-cff3-47e8-887e-d1093ce10973
2026-06-14 00:00:20.888 9 INFO neutron.wsgi [None req-8ac26914-d6dc-4f41-9899-c64b1b607135 d82379a54e9d42c89121411f01267d1f eafe0b3200d849198858dac8a556d872 - - default default] 10.0.0.154 "POST /v2.0/vpn/vpnservices HTTP/1.1" status: 201 len: 623 time: 0.6317530
2026-06-14 00:00:20.899 10 WARNING neutron_lib.context [None req-64e84710-3b1f-46be-84b6-fecb777eaf7d d82379a54e9d42c89121411f01267d1f eafe0b3200d849198858dac8a556d872 - - default default] Method 'is_advsvc' is deprecated since 2023.2 release (neutron-lib 3.8.0) and will be removed once support for the old RBAC API policies will be removed from Neutron. Please use method 'is_service_role' instead.
2026-06-14 00:00:20.931 10 INFO neutron.wsgi [None req-64e84710-3b1f-46be-84b6-fecb777eaf7d d82379a54e9d42c89121411f01267d1f eafe0b3200d849198858dac8a556d872 - - default default] 10.0.0.154 "POST /v2.0/vpn/ikepolicies HTTP/1.1" status: 201 len: 602 time: 0.0368350
2026-06-14 00:00:20.940 10 WARNING neutron_lib.context [None req-72df5704-d9f0-4c5b-9385-f32fcc270161 d82379a54e9d42c89121411f01267d1f eafe0b3200d849198858dac8a556d872 - - default default] Method 'is_advsvc' is deprecated since 2023.2 release (neutron-lib 3.8.0) and will be removed once support for the old RBAC API policies will be removed from Neutron. Please use method 'is_service_role' instead.
2026-06-14 00:00:20.972 10 INFO neutron.wsgi [None req-72df5704-d9f0-4c5b-9385-f32fcc270161 d82379a54e9d42c89121411f01267d1f eafe0b3200d849198858dac8a556d872 - - default default] 10.0.0.154 "POST /v2.0/vpn/ipsecpolicies HTTP/1.1" status: 201 len: 611 time: 0.0373678
2026-06-14 00:00:20.981 10 WARNING neutron_lib.context [None req-38b237cb-7865-4fff-a895-bfc5945ec019 d82379a54e9d42c89121411f01267d1f eafe0b3200d849198858dac8a556d872 - - default default] Method 'is_advsvc' is deprecated since 2023.2 release (neutron-lib 3.8.0) and will be removed once support for the old RBAC API policies will be removed from Neutron. Please use method 'is_service_role' instead.
2026-06-14 00:00:21.046 10 INFO neutron.wsgi [None req-38b237cb-7865-4fff-a895-bfc5945ec019 d82379a54e9d42c89121411f01267d1f eafe0b3200d849198858dac8a556d872 - - default default] 10.0.0.154 "POST /v2.0/vpn/endpoint-groups HTTP/1.1" status: 201 len: 528 time: 0.0687020
2026-06-14 00:00:21.055 9 WARNING neutron_lib.context [None req-514b11db-3309-44f0-9dc6-e0cfbe34fad3 d82379a54e9d42c89121411f01267d1f eafe0b3200d849198858dac8a556d872 - - default default] Method 'is_advsvc' is deprecated since 2023.2 release (neutron-lib 3.8.0) and will be removed once support for the old RBAC API policies will be removed from Neutron. Please use method 'is_service_role' instead.
2026-06-14 00:00:21.107 9 INFO neutron.wsgi [None req-514b11db-3309-44f0-9dc6-e0cfbe34fad3 d82379a54e9d42c89121411f01267d1f eafe0b3200d849198858dac8a556d872 - - default default] 10.0.0.154 "POST /v2.0/vpn/endpoint-groups HTTP/1.1" status: 201 len: 519 time: 0.0575340
2026-06-14 00:00:21.116 9 WARNING neutron_lib.context [None req-126a3199-d3f0-4241-809f-17cbea9372d9 d82379a54e9d42c89121411f01267d1f eafe0b3200d849198858dac8a556d872 - - default default] Method 'is_advsvc' is deprecated since 2023.2 release (neutron-lib 3.8.0) and will be removed once support for the old RBAC API policies will be removed from Neutron. Please use method 'is_service_role' instead.
2026-06-14 00:00:21.195 9 WARNING neutron_lib.context [None req-3669dd8c-48b4-410e-89ad-f4a571501b24 cc35375415c04932aa15e15693ac39da ffecf4c666d14fc9949868c6ad9614fd - - default default] Method 'is_advsvc' is deprecated since 2023.2 release (neutron-lib 3.8.0) and will be removed once support for the old RBAC API policies will be removed from Neutron. Please use method 'is_service_role' instead.
2026-06-14 00:00:21.384 9 INFO neutron.db.ovn_revision_numbers_db [None req-3669dd8c-48b4-410e-89ad-f4a571501b24 cc35375415c04932aa15e15693ac39da ffecf4c666d14fc9949868c6ad9614fd - - default default] Successfully bumped revision number for resource dcdb67ae-b0d0-4fe5-9834-8d28ec5a7f47 (type: security_groups) to 1
2026-06-14 00:00:21.407 9 INFO neutron.db.ovn_revision_numbers_db [None req-3669dd8c-48b4-410e-89ad-f4a571501b24 cc35375415c04932aa15e15693ac39da ffecf4c666d14fc9949868c6ad9614fd - - default default] Successfully bumped revision number for resource 007b2331-a417-48bb-b9e5-d76912944b72 (type: security_group_rules) to 0
2026-06-14 00:00:21.453 9 INFO neutron.db.ovn_revision_numbers_db [None req-3669dd8c-48b4-410e-89ad-f4a571501b24 cc35375415c04932aa15e15693ac39da ffecf4c666d14fc9949868c6ad9614fd - - default default] Successfully bumped revision number for resource 48a9f916-fa2e-4c8c-a719-bb43e6b38b55 (type: security_group_rules) to 0
2026-06-14 00:00:21.478 9 INFO neutron.db.ovn_revision_numbers_db [None req-3669dd8c-48b4-410e-89ad-f4a571501b24 cc35375415c04932aa15e15693ac39da ffecf4c666d14fc9949868c6ad9614fd - - default default] Successfully bumped revision number for resource 8421d91e-40f8-4b4f-9d7f-a561ce6241ce (type: security_group_rules) to 0
2026-06-14 00:00:21.510 9 INFO neutron.db.ovn_revision_numbers_db [None req-3669dd8c-48b4-410e-89ad-f4a571501b24 cc35375415c04932aa15e15693ac39da ffecf4c666d14fc9949868c6ad9614fd - - default default] Successfully bumped revision number for resource eba44f37-d5e1-42f8-af18-96e0b6d80bfb (type: security_group_rules) to 0
2026-06-14 00:00:21.583 9 INFO neutron.db.segments_db [None req-3669dd8c-48b4-410e-89ad-f4a571501b24 cc35375415c04932aa15e15693ac39da ffecf4c666d14fc9949868c6ad9614fd - - default default] Added segment 8693b976-882a-4c88-ac9f-a2b74bd7446c of type geneve for network c29e1a89-158a-4f48-bb75-9cbb15f74966
2026-06-14 00:00:21.821 9 INFO neutron.db.ovn_revision_numbers_db [None req-3669dd8c-48b4-410e-89ad-f4a571501b24 cc35375415c04932aa15e15693ac39da ffecf4c666d14fc9949868c6ad9614fd - - default default] Successfully bumped revision number for resource c29e1a89-158a-4f48-bb75-9cbb15f74966 (type: networks) to 1
2026-06-14 00:00:22.110 9 INFO neutron.db.ovn_revision_numbers_db [None req-126a3199-d3f0-4241-809f-17cbea9372d9 d82379a54e9d42c89121411f01267d1f eafe0b3200d849198858dac8a556d872 - - default default] Successfully bumped revision number for resource 53580124-da1b-4bea-a732-3c64d21fb429 (type: routers) to 5
2026-06-14 00:00:22.151 9 INFO neutron.wsgi [None req-126a3199-d3f0-4241-809f-17cbea9372d9 d82379a54e9d42c89121411f01267d1f eafe0b3200d849198858dac8a556d872 - - default default] 10.0.0.154 "POST /v2.0/vpn/ipsec-site-connections HTTP/1.1" status: 201 len: 1001 time: 1.0387363
2026-06-14 00:00:22.153 9 WARNING neutron.scheduler.dhcp_agent_scheduler [None req-3669dd8c-48b4-410e-89ad-f4a571501b24 cc35375415c04932aa15e15693ac39da ffecf4c666d14fc9949868c6ad9614fd - - default default] No more DHCP agents
2026-06-14 00:00:22.155 9 WARNING neutron.api.rpc.agentnotifiers.dhcp_rpc_agent_api [None req-3669dd8c-48b4-410e-89ad-f4a571501b24 cc35375415c04932aa15e15693ac39da ffecf4c666d14fc9949868c6ad9614fd - - default default] Unable to schedule network c29e1a89-158a-4f48-bb75-9cbb15f74966: no agents available; will retry on subsequent port and subnet creation events.
2026-06-14 00:00:22.164 10 WARNING neutron_lib.context [None req-a9759c62-309b-4718-b65b-af4616da78e0 d82379a54e9d42c89121411f01267d1f eafe0b3200d849198858dac8a556d872 - - default default] Method 'is_advsvc' is deprecated since 2023.2 release (neutron-lib 3.8.0) and will be removed once support for the old RBAC API policies will be removed from Neutron. Please use method 'is_service_role' instead.
2026-06-14 00:00:22.198 10 INFO neutron.wsgi [None req-a9759c62-309b-4718-b65b-af4616da78e0 d82379a54e9d42c89121411f01267d1f eafe0b3200d849198858dac8a556d872 - - default default] 10.0.0.154 "POST /v2.0/vpn/endpoint-groups HTTP/1.1" status: 201 len: 489 time: 0.0414612
2026-06-14 00:00:22.241 9 INFO neutron.db.ovn_revision_numbers_db [None req-3669dd8c-48b4-410e-89ad-f4a571501b24 cc35375415c04932aa15e15693ac39da ffecf4c666d14fc9949868c6ad9614fd - - default default] Successfully bumped revision number for resource 4023f07e-f0b6-4ae4-bbe4-a32a3e834727 (type: ports) to 1
2026-06-14 00:00:22.249 10 INFO neutron.wsgi [None req-69063112-5745-4150-a8c1-67ef16f8f00e d82379a54e9d42c89121411f01267d1f eafe0b3200d849198858dac8a556d872 - - default default] 10.0.0.154 "DELETE /v2.0/vpn/endpoint-groups/2dc8842d-16b0-4cdc-a717-6ac22c29b012 HTTP/1.1" status: 204 len: 168 time: 0.0442367
2026-06-14 00:00:22.267 9 INFO neutron.wsgi [None req-3669dd8c-48b4-410e-89ad-f4a571501b24 cc35375415c04932aa15e15693ac39da ffecf4c666d14fc9949868c6ad9614fd - - default default] 10.0.0.154 "POST /v2.0/networks HTTP/1.1" status: 201 len: 838 time: 1.2367575
2026-06-14 00:00:22.272 9 INFO neutron.wsgi [None req-e8ea92c9-3dfa-4df0-9f41-c0f68dc41d31 d82379a54e9d42c89121411f01267d1f eafe0b3200d849198858dac8a556d872 - - default default] 10.0.0.154 "GET /v2.0/vpn/endpoint-groups HTTP/1.1" status: 200 len: 828 time: 0.0132694
2026-06-14 00:00:22.280 10 WARNING neutron_lib.context [None req-5bc86a6d-7815-453e-861a-c4e669e02d1f cc35375415c04932aa15e15693ac39da ffecf4c666d14fc9949868c6ad9614fd - - default default] Method 'is_advsvc' is deprecated since 2023.2 release (neutron-lib 3.8.0) and will be removed once support for the old RBAC API policies will be removed from Neutron. Please use method 'is_service_role' instead.
2026-06-14 00:00:22.286 9 INFO neutron.wsgi [None req-befb45a6-793f-4b56-ad95-4b93152d4d94 d82379a54e9d42c89121411f01267d1f eafe0b3200d849198858dac8a556d872 - - default default] 10.0.0.154 "GET /v2.0/vpn/endpoint-groups HTTP/1.1" status: 200 len: 828 time: 0.0096853
2026-06-14 00:00:22.555 10 WARNING neutron.scheduler.dhcp_agent_scheduler [None req-5bc86a6d-7815-453e-861a-c4e669e02d1f cc35375415c04932aa15e15693ac39da ffecf4c666d14fc9949868c6ad9614fd - - default default] No more DHCP agents
2026-06-14 00:00:22.557 10 WARNING neutron.api.rpc.agentnotifiers.dhcp_rpc_agent_api [None req-5bc86a6d-7815-453e-861a-c4e669e02d1f cc35375415c04932aa15e15693ac39da ffecf4c666d14fc9949868c6ad9614fd - - default default] Unable to schedule network c29e1a89-158a-4f48-bb75-9cbb15f74966: no agents available; will retry on subsequent port and subnet creation events.
2026-06-14 00:00:22.810 9 INFO neutron.wsgi [None req-9a7e4608-5a4c-4545-9051-226b49754f0a e6b0c83d68514eb68449070dd30e248f ef8a9cad765042ef98d9d98f4d589a2a - - default default] 10.0.0.154 "POST /v2.0/vpn/ikepolicies HTTP/1.1" status: 201 len: 601 time: 0.1469417
2026-06-14 00:00:22.828 9 WARNING neutron_lib.context [None req-7ffcfc12-07e6-4bea-84fb-cf52be88eeef 14244470749c46afa72d32ad9c3b2964 ca4182c850224bc6aca9c6246ff6738e - - default default] Method 'is_advsvc' is deprecated since 2023.2 release (neutron-lib 3.8.0) and will be removed once support for the old RBAC API policies will be removed from Neutron. Please use method 'is_service_role' instead.
2026-06-14 00:00:22.833 9 INFO neutron.wsgi [None req-cfc952a7-1789-4635-b9f3-feaf850d0e62 d82379a54e9d42c89121411f01267d1f eafe0b3200d849198858dac8a556d872 - - default default] 10.0.0.154 "GET /v2.0/vpn/ikepolicies HTTP/1.1" status: 200 len: 990 time: 0.0179195
2026-06-14 00:00:23.032 10 INFO neutron.db.ovn_revision_numbers_db [None req-5bc86a6d-7815-453e-861a-c4e669e02d1f cc35375415c04932aa15e15693ac39da ffecf4c666d14fc9949868c6ad9614fd - - default default] Successfully bumped revision number for resource 4023f07e-f0b6-4ae4-bbe4-a32a3e834727 (type: ports) to 2
2026-06-14 00:00:23.064 10 INFO neutron.db.ovn_revision_numbers_db [None req-5bc86a6d-7815-453e-861a-c4e669e02d1f cc35375415c04932aa15e15693ac39da ffecf4c666d14fc9949868c6ad9614fd - - default default] Successfully bumped revision number for resource 766dff27-3f79-4123-bf40-61dd7ba9a1dc (type: subnets) to 0
2026-06-14 00:00:23.083 10 INFO neutron.wsgi [None req-5bc86a6d-7815-453e-861a-c4e669e02d1f cc35375415c04932aa15e15693ac39da ffecf4c666d14fc9949868c6ad9614fd - - default default] 10.0.0.154 "POST /v2.0/subnets HTTP/1.1" status: 201 len: 833 time: 0.8099558
2026-06-14 00:00:23.088 9 INFO neutron.wsgi [None req-e2900d4c-487e-4ae6-b4b9-bd9e8b637f7a e6b0c83d68514eb68449070dd30e248f ef8a9cad765042ef98d9d98f4d589a2a - - default default] 10.0.0.154 "DELETE /v2.0/vpn/ikepolicies/5dfbe3b7-44e9-4127-907b-e8380f809740 HTTP/1.1" status: 204 len: 168 time: 0.2492340
2026-06-14 00:00:23.132 10 INFO neutron.wsgi [None req-1cf929ba-1d95-487f-a3a5-385a46f63698 e6b0c83d68514eb68449070dd30e248f ef8a9cad765042ef98d9d98f4d589a2a - - default default] 10.0.0.154 "POST /v2.0/vpn/ipsecpolicies HTTP/1.1" status: 201 len: 611 time: 0.0384376
2026-06-14 00:00:23.148 10 INFO neutron.wsgi [None req-f33d8bcb-98c2-483e-ae57-6e6067bd07e6 d82379a54e9d42c89121411f01267d1f eafe0b3200d849198858dac8a556d872 - - default default] 10.0.0.154 "GET /v2.0/vpn/ipsecpolicies HTTP/1.1" status: 200 len: 1007 time: 0.0107589
2026-06-14 00:00:23.183 10 INFO neutron.wsgi [None req-7a3c9b78-a683-433e-a2e1-7d538e2a2bf5 e6b0c83d68514eb68449070dd30e248f ef8a9cad765042ef98d9d98f4d589a2a - - default default] 10.0.0.154 "DELETE /v2.0/vpn/ipsecpolicies/83f8499b-43e5-4861-b876-aa0b6b102f23 HTTP/1.1" status: 204 len: 168 time: 0.0288479
2026-06-14 00:00:23.194 10 WARNING neutron_lib.context [None req-a667f1b2-80b1-459c-a4d1-86d1eb09f488 d82379a54e9d42c89121411f01267d1f eafe0b3200d849198858dac8a556d872 - - default default] Method 'is_advsvc' is deprecated since 2023.2 release (neutron-lib 3.8.0) and will be removed once support for the old RBAC API policies will be removed from Neutron. Please use method 'is_service_role' instead.
2026-06-14 00:00:23.214 10 INFO neutron.wsgi [None req-ef503d3b-0cbf-48df-a301-9dca9d4ac76e 5e298aee61d74d4a817fa1d3431c3305 b45fc4fb885d44c9a744a0255b5fc5b3 - - default default] 10.0.0.154 "GET /v2.0/subnetpools?name=shared-default-subnetpool-v6 HTTP/1.1" status: 200 len: 212 time: 0.1260560
2026-06-14 00:00:23.222 10 WARNING neutron_lib.context [None req-f018c614-e1ef-4e7d-808d-6c8d771d7fb4 cc35375415c04932aa15e15693ac39da ffecf4c666d14fc9949868c6ad9614fd - - default default] Method 'is_advsvc' is deprecated since 2023.2 release (neutron-lib 3.8.0) and will be removed once support for the old RBAC API policies will be removed from Neutron. Please use method 'is_service_role' instead.
2026-06-14 00:00:23.257 10 WARNING neutron_lib.context [None req-ec4a7957-11e0-42f4-a35c-b3c74242cc1d 092dafdaa4da4a28a91e39c7518cd58a c380e34af33b43a18ed5297b9b34a093 - - default default] Method 'is_advsvc' is deprecated since 2023.2 release (neutron-lib 3.8.0) and will be removed once support for the old RBAC API policies will be removed from Neutron. Please use method 'is_service_role' instead.
2026-06-14 00:00:23.302 9 WARNING neutron.scheduler.dhcp_agent_scheduler [None req-7ffcfc12-07e6-4bea-84fb-cf52be88eeef 14244470749c46afa72d32ad9c3b2964 ca4182c850224bc6aca9c6246ff6738e - - default default] No more DHCP agents
2026-06-14 00:00:23.305 9 WARNING neutron.api.rpc.agentnotifiers.dhcp_rpc_agent_api [None req-7ffcfc12-07e6-4bea-84fb-cf52be88eeef 14244470749c46afa72d32ad9c3b2964 ca4182c850224bc6aca9c6246ff6738e - - default default] Unable to schedule network 7b8efc48-fb63-4bd9-9cba-92e000cacdfb: no agents available; will retry on subsequent port and subnet creation events.
2026-06-14 00:00:23.332 10 INFO neutron.db.segments_db [None req-a667f1b2-80b1-459c-a4d1-86d1eb09f488 d82379a54e9d42c89121411f01267d1f eafe0b3200d849198858dac8a556d872 - - default default] Added segment 92122b1a-6f10-44d8-be1c-6d2b585d94ef of type geneve for network a72e8be3-a854-453a-b6f6-8952680a5c00
2026-06-14 00:00:23.623 9 INFO neutron.wsgi [None req-7ffcfc12-07e6-4bea-84fb-cf52be88eeef 14244470749c46afa72d32ad9c3b2964 ca4182c850224bc6aca9c6246ff6738e - - default default] 10.0.0.154 "POST /v2.0/floatingips HTTP/1.1" status: 201 len: 751 time: 0.8417447
2026-06-14 00:00:23.680 9 INFO neutron.wsgi [None req-e9ad411c-ec18-413f-aac4-1280660c76da 14244470749c46afa72d32ad9c3b2964 ca4182c850224bc6aca9c6246ff6738e - - default default] 10.0.0.154 "PUT /v2.0/floatingips/ee5a3c22-5325-4579-8b96-72124cebd8d6/tags HTTP/1.1" status: 200 len: 218 time: 0.0519507
2026-06-14 00:00:23.716 9 INFO neutron.wsgi [None req-abba9843-626b-4ae2-abcb-1a795f37aa15 14244470749c46afa72d32ad9c3b2964 ca4182c850224bc6aca9c6246ff6738e - - default default] 10.0.0.154 "GET /v2.0/floatingips/ee5a3c22-5325-4579-8b96-72124cebd8d6/tags HTTP/1.1" status: 200 len: 218 time: 0.0298283
2026-06-14 00:00:23.761 9 INFO neutron.wsgi [None req-c65f5da8-a6ef-4112-b58a-3679f51e9896 14244470749c46afa72d32ad9c3b2964 ca4182c850224bc6aca9c6246ff6738e - - default default] 10.0.0.154 "PUT /v2.0/floatingips/ee5a3c22-5325-4579-8b96-72124cebd8d6/tags/green HTTP/1.1" status: 201 len: 201 time: 0.0406301
2026-06-14 00:00:23.780 10 INFO neutron.db.ovn_revision_numbers_db [None req-ec4a7957-11e0-42f4-a35c-b3c74242cc1d 092dafdaa4da4a28a91e39c7518cd58a c380e34af33b43a18ed5297b9b34a093 - - default default] Successfully bumped revision number for resource 05222cc3-db26-418a-8b68-479f593cd715 (type: security_groups) to 1
2026-06-14 00:00:23.795 9 INFO neutron.wsgi [None req-f5dbc97f-7d10-4615-9074-7be2ee6472c8 14244470749c46afa72d32ad9c3b2964 ca4182c850224bc6aca9c6246ff6738e - - default default] 10.0.0.154 "GET /v2.0/floatingips/ee5a3c22-5325-4579-8b96-72124cebd8d6/tags HTTP/1.1" status: 200 len: 227 time: 0.0293682
2026-06-14 00:00:23.802 10 INFO neutron.db.ovn_revision_numbers_db [None req-a667f1b2-80b1-459c-a4d1-86d1eb09f488 d82379a54e9d42c89121411f01267d1f eafe0b3200d849198858dac8a556d872 - - default default] Successfully bumped revision number for resource a72e8be3-a854-453a-b6f6-8952680a5c00 (type: networks) to 1
2026-06-14 00:00:23.816 10 INFO neutron.db.ovn_revision_numbers_db [None req-ec4a7957-11e0-42f4-a35c-b3c74242cc1d 092dafdaa4da4a28a91e39c7518cd58a c380e34af33b43a18ed5297b9b34a093 - - default default] Successfully bumped revision number for resource b28b69fc-53ee-42df-985d-d8ce78ba1cec (type: security_group_rules) to 0
2026-06-14 00:00:23.826 9 INFO neutron.wsgi [None req-41d831a1-e285-4e19-9ab9-b60f4a676261 14244470749c46afa72d32ad9c3b2964 ca4182c850224bc6aca9c6246ff6738e - - default default] 10.0.0.154 "PUT /v2.0/floatingips/ee5a3c22-5325-4579-8b96-72124cebd8d6/tags/red HTTP/1.1" status: 201 len: 201 time: 0.0272446
2026-06-14 00:00:23.851 10 INFO neutron.db.ovn_revision_numbers_db [None req-ec4a7957-11e0-42f4-a35c-b3c74242cc1d 092dafdaa4da4a28a91e39c7518cd58a c380e34af33b43a18ed5297b9b34a093 - - default default] Successfully bumped revision number for resource bfaaa6cd-b61f-4a66-8beb-18c0941dd81b (type: security_group_rules) to 0
2026-06-14 00:00:23.861 9 INFO neutron.wsgi [None req-7ed9bf3b-52d4-42fa-ac72-bd47bb4eafe4 14244470749c46afa72d32ad9c3b2964 ca4182c850224bc6aca9c6246ff6738e - - default default] 10.0.0.154 "GET /v2.0/floatingips/ee5a3c22-5325-4579-8b96-72124cebd8d6/tags HTTP/1.1" status: 200 len: 227 time: 0.0299745
2026-06-14 00:00:23.868 10 WARNING neutron.scheduler.dhcp_agent_scheduler [None req-f018c614-e1ef-4e7d-808d-6c8d771d7fb4 cc35375415c04932aa15e15693ac39da ffecf4c666d14fc9949868c6ad9614fd - - default default] No more DHCP agents
2026-06-14 00:00:23.873 10 WARNING neutron.api.rpc.agentnotifiers.dhcp_rpc_agent_api [None req-f018c614-e1ef-4e7d-808d-6c8d771d7fb4 cc35375415c04932aa15e15693ac39da ffecf4c666d14fc9949868c6ad9614fd - - default default] Unable to schedule network c29e1a89-158a-4f48-bb75-9cbb15f74966: no agents available; will retry on subsequent port and subnet creation events.
2026-06-14 00:00:23.883 10 INFO neutron.db.ovn_revision_numbers_db [None req-ec4a7957-11e0-42f4-a35c-b3c74242cc1d 092dafdaa4da4a28a91e39c7518cd58a c380e34af33b43a18ed5297b9b34a093 - - default default] Successfully bumped revision number for resource df20aa74-b56e-492a-988c-1f98c6dc2d66 (type: security_group_rules) to 0
2026-06-14 00:00:23.905 9 INFO neutron.wsgi [None req-4f89295d-32f3-4386-b65a-75a51f15dd39 14244470749c46afa72d32ad9c3b2964 ca4182c850224bc6aca9c6246ff6738e - - default default] 10.0.0.154 "PUT /v2.0/floatingips/ee5a3c22-5325-4579-8b96-72124cebd8d6/tags/black.or.white HTTP/1.1" status: 201 len: 201 time: 0.0393984
2026-06-14 00:00:23.916 10 INFO neutron.db.ovn_revision_numbers_db [None req-ec4a7957-11e0-42f4-a35c-b3c74242cc1d 092dafdaa4da4a28a91e39c7518cd58a c380e34af33b43a18ed5297b9b34a093 - - default default] Successfully bumped revision number for resource fb17c781-8038-44aa-a97a-f9a0060857c7 (type: security_group_rules) to 0
2026-06-14 00:00:23.938 9 INFO neutron.wsgi [None req-5f85c7fb-c97a-470f-aaa5-28db2d21c1dd 14244470749c46afa72d32ad9c3b2964 ca4182c850224bc6aca9c6246ff6738e - - default default] 10.0.0.154 "GET /v2.0/floatingips/ee5a3c22-5325-4579-8b96-72124cebd8d6/tags HTTP/1.1" status: 200 len: 245 time: 0.0287757
2026-06-14 00:00:23.952 10 INFO neutron.db.ovn_revision_numbers_db [None req-f018c614-e1ef-4e7d-808d-6c8d771d7fb4 cc35375415c04932aa15e15693ac39da ffecf4c666d14fc9949868c6ad9614fd - - default default] Successfully bumped revision number for resource f61a7f0c-073a-47d0-8fec-b9965b8f6b5a (type: subnets) to 0
2026-06-14 00:00:23.977 10 INFO neutron.wsgi [None req-f018c614-e1ef-4e7d-808d-6c8d771d7fb4 cc35375415c04932aa15e15693ac39da ffecf4c666d14fc9949868c6ad9614fd - - default default] 10.0.0.154 "POST /v2.0/subnets HTTP/1.1" status: 201 len: 906 time: 0.7585347
2026-06-14 00:00:23.988 9 WARNING neutron_lib.context [None req-d7fe3eaa-972e-4a50-a34a-5d5116f240e4 cc35375415c04932aa15e15693ac39da ffecf4c666d14fc9949868c6ad9614fd - - default default] Method 'is_advsvc' is deprecated since 2023.2 release (neutron-lib 3.8.0) and will be removed once support for the old RBAC API policies will be removed from Neutron. Please use method 'is_service_role' instead.
2026-06-14 00:00:23.994 10 INFO neutron.db.segments_db [None req-ec4a7957-11e0-42f4-a35c-b3c74242cc1d 092dafdaa4da4a28a91e39c7518cd58a c380e34af33b43a18ed5297b9b34a093 - - default default] Added segment 79f78f5b-1b51-49ac-a99e-35e2c2c3bb42 of type geneve for network 1e82da72-ca19-4dd6-8c8c-24e97f33f719
2026-06-14 00:00:24.012 9 INFO neutron.wsgi [None req-0f9042c4-386c-4960-8300-9ab83c6153b3 14244470749c46afa72d32ad9c3b2964 ca4182c850224bc6aca9c6246ff6738e - - default default] 10.0.0.154 "PUT /v2.0/floatingips/ee5a3c22-5325-4579-8b96-72124cebd8d6/tags HTTP/1.1" status: 200 len: 230 time: 0.0696349
2026-06-14 00:00:24.080 9 INFO neutron.db.segments_db [None req-d7fe3eaa-972e-4a50-a34a-5d5116f240e4 cc35375415c04932aa15e15693ac39da ffecf4c666d14fc9949868c6ad9614fd - - default default] Added segment fbeaf464-9144-4c5d-8b78-e93a4854491d of type geneve for network 74fcccba-5dbf-4ce7-9b5b-6cc1df4bcf8b
2026-06-14 00:00:24.106 10 WARNING neutron.scheduler.dhcp_agent_scheduler [None req-a667f1b2-80b1-459c-a4d1-86d1eb09f488 d82379a54e9d42c89121411f01267d1f eafe0b3200d849198858dac8a556d872 - - default default] No more DHCP agents
2026-06-14 00:00:24.113 10 WARNING neutron.api.rpc.agentnotifiers.dhcp_rpc_agent_api [None req-a667f1b2-80b1-459c-a4d1-86d1eb09f488 d82379a54e9d42c89121411f01267d1f eafe0b3200d849198858dac8a556d872 - - default default] Unable to schedule network a72e8be3-a854-453a-b6f6-8952680a5c00: no agents available; will retry on subsequent port and subnet creation events.
2026-06-14 00:00:24.137 10 INFO neutron.wsgi [None req-e9937341-0672-4839-83e0-cb87a2e9537c 14244470749c46afa72d32ad9c3b2964 ca4182c850224bc6aca9c6246ff6738e - - default default] 10.0.0.154 "GET /v2.0/floatingips/ee5a3c22-5325-4579-8b96-72124cebd8d6/tags HTTP/1.1" status: 200 len: 230 time: 0.1187930
2026-06-14 00:00:24.145 10 WARNING neutron.plugins.ml2.drivers.ovn.mech_driver.ovsdb.ovn_client [None req-7f51bcc4-bade-4819-b882-6b2b9175102a - - - - - -] No hosting information found for port d3da53bb-547f-451f-a11d-a4e950ed47ef: RuntimeError: No hosting information found for port d3da53bb-547f-451f-a11d-a4e950ed47ef
2026-06-14 00:00:24.192 9 INFO neutron.wsgi [None req-a00bfd11-da65-4fc2-bdb2-6f66a745002a 14244470749c46afa72d32ad9c3b2964 ca4182c850224bc6aca9c6246ff6738e - - default default] 10.0.0.154 "GET /v2.0/floatingips/ee5a3c22-5325-4579-8b96-72124cebd8d6/tags/red HTTP/1.1" status: 204 len: 168 time: 0.0503154
2026-06-14 00:00:24.244 9 INFO neutron.api.v2.resource [None req-125be8f4-b199-4c61-b445-21d1730f327a 14244470749c46afa72d32ad9c3b2964 ca4182c850224bc6aca9c6246ff6738e - - default default] show failed (client error): The resource could not be found.
2026-06-14 00:00:24.246 9 INFO neutron.wsgi [None req-125be8f4-b199-4c61-b445-21d1730f327a 14244470749c46afa72d32ad9c3b2964 ca4182c850224bc6aca9c6246ff6738e - - default default] 10.0.0.154 "GET /v2.0/floatingips/ee5a3c22-5325-4579-8b96-72124cebd8d6/tags/green HTTP/1.1" status: 404 len: 299 time: 0.0476894
2026-06-14 00:00:24.250 9 INFO neutron.db.ovn_revision_numbers_db [None req-d7fe3eaa-972e-4a50-a34a-5d5116f240e4 cc35375415c04932aa15e15693ac39da ffecf4c666d14fc9949868c6ad9614fd - - default default] Successfully bumped revision number for resource 74fcccba-5dbf-4ce7-9b5b-6cc1df4bcf8b (type: networks) to 1
2026-06-14 00:00:24.250 10 INFO neutron.db.ovn_revision_numbers_db [None req-ec4a7957-11e0-42f4-a35c-b3c74242cc1d 092dafdaa4da4a28a91e39c7518cd58a c380e34af33b43a18ed5297b9b34a093 - - default default] Successfully bumped revision number for resource 1e82da72-ca19-4dd6-8c8c-24e97f33f719 (type: networks) to 1
2026-06-14 00:00:24.263 10 INFO neutron.db.ovn_revision_numbers_db [None req-a667f1b2-80b1-459c-a4d1-86d1eb09f488 d82379a54e9d42c89121411f01267d1f eafe0b3200d849198858dac8a556d872 - - default default] Successfully bumped revision number for resource 9b3e7f2f-a6f6-4ac6-9eba-057e6eec8824 (type: ports) to 1
2026-06-14 00:00:24.293 10 INFO neutron.wsgi [None req-a667f1b2-80b1-459c-a4d1-86d1eb09f488 d82379a54e9d42c89121411f01267d1f eafe0b3200d849198858dac8a556d872 - - default default] 10.0.0.154 "POST /v2.0/networks HTTP/1.1" status: 201 len: 831 time: 1.1026912
2026-06-14 00:00:24.306 9 WARNING neutron_lib.context [None req-b2d2640f-01ca-4cad-b463-e24a88ba3f33 d82379a54e9d42c89121411f01267d1f eafe0b3200d849198858dac8a556d872 - - default default] Method 'is_advsvc' is deprecated since 2023.2 release (neutron-lib 3.8.0) and will be removed once support for the old RBAC API policies will be removed from Neutron. Please use method 'is_service_role' instead.
2026-06-14 00:00:24.321 9 INFO neutron.wsgi [None req-f6005323-3c37-4121-b73f-f8d9309ed906 14244470749c46afa72d32ad9c3b2964 ca4182c850224bc6aca9c6246ff6738e - - default default] 10.0.0.154 "DELETE /v2.0/floatingips/ee5a3c22-5325-4579-8b96-72124cebd8d6/tags/red HTTP/1.1" status: 204 len: 168 time: 0.0693605
2026-06-14 00:00:24.375 10 INFO neutron.wsgi [None req-a4cdcde7-d272-4b90-9950-fc40ef6cab78 14244470749c46afa72d32ad9c3b2964 ca4182c850224bc6aca9c6246ff6738e - - default default] 10.0.0.154 "GET /v2.0/floatingips/ee5a3c22-5325-4579-8b96-72124cebd8d6/tags HTTP/1.1" status: 200 len: 223 time: 0.0479271
2026-06-14 00:00:24.446 10 INFO neutron.api.v2.resource [None req-cce0ee42-9bb6-439b-ac1b-9b632097f1bb 14244470749c46afa72d32ad9c3b2964 ca4182c850224bc6aca9c6246ff6738e - - default default] delete failed (client error): The resource could not be found.
2026-06-14 00:00:24.448 10 INFO neutron.wsgi [None req-cce0ee42-9bb6-439b-ac1b-9b632097f1bb 14244470749c46afa72d32ad9c3b2964 ca4182c850224bc6aca9c6246ff6738e - - default default] 10.0.0.154 "DELETE /v2.0/floatingips/ee5a3c22-5325-4579-8b96-72124cebd8d6/tags/green HTTP/1.1" status: 404 len: 299 time: 0.0687346
2026-06-14 00:00:24.503 9 WARNING neutron.scheduler.dhcp_agent_scheduler [None req-d7fe3eaa-972e-4a50-a34a-5d5116f240e4 cc35375415c04932aa15e15693ac39da ffecf4c666d14fc9949868c6ad9614fd - - default default] No more DHCP agents
2026-06-14 00:00:24.507 9 WARNING neutron.api.rpc.agentnotifiers.dhcp_rpc_agent_api [None req-d7fe3eaa-972e-4a50-a34a-5d5116f240e4 cc35375415c04932aa15e15693ac39da ffecf4c666d14fc9949868c6ad9614fd - - default default] Unable to schedule network 74fcccba-5dbf-4ce7-9b5b-6cc1df4bcf8b: no agents available; will retry on subsequent port and subnet creation events.
2026-06-14 00:00:24.507 10 WARNING neutron.scheduler.dhcp_agent_scheduler [None req-ec4a7957-11e0-42f4-a35c-b3c74242cc1d 092dafdaa4da4a28a91e39c7518cd58a c380e34af33b43a18ed5297b9b34a093 - - default default] No more DHCP agents
2026-06-14 00:00:24.511 10 WARNING neutron.api.rpc.agentnotifiers.dhcp_rpc_agent_api [None req-ec4a7957-11e0-42f4-a35c-b3c74242cc1d 092dafdaa4da4a28a91e39c7518cd58a c380e34af33b43a18ed5297b9b34a093 - - default default] Unable to schedule network 1e82da72-ca19-4dd6-8c8c-24e97f33f719: no agents available; will retry on subsequent port and subnet creation events.
2026-06-14 00:00:24.531 10 INFO neutron.wsgi [None req-4450b702-48fa-41d3-89c7-1b4f751f0018 14244470749c46afa72d32ad9c3b2964 ca4182c850224bc6aca9c6246ff6738e - - default default] 10.0.0.154 "DELETE /v2.0/floatingips/ee5a3c22-5325-4579-8b96-72124cebd8d6/tags HTTP/1.1" status: 204 len: 168 time: 0.0778806
2026-06-14 00:00:24.582 10 INFO neutron.wsgi [None req-87465158-6fb5-40c8-b8dc-f89fdd821ca1 14244470749c46afa72d32ad9c3b2964 ca4182c850224bc6aca9c6246ff6738e - - default default] 10.0.0.154 "GET /v2.0/floatingips/ee5a3c22-5325-4579-8b96-72124cebd8d6/tags HTTP/1.1" status: 200 len: 205 time: 0.0425282
2026-06-14 00:00:24.612 9 INFO neutron.db.ovn_revision_numbers_db [None req-d7fe3eaa-972e-4a50-a34a-5d5116f240e4 cc35375415c04932aa15e15693ac39da ffecf4c666d14fc9949868c6ad9614fd - - default default] Successfully bumped revision number for resource f55aa56d-90a8-4866-83a1-dec5ed154f38 (type: ports) to 1
2026-06-14 00:00:24.618 9 WARNING neutron.scheduler.dhcp_agent_scheduler [None req-b2d2640f-01ca-4cad-b463-e24a88ba3f33 d82379a54e9d42c89121411f01267d1f eafe0b3200d849198858dac8a556d872 - - default default] No more DHCP agents
2026-06-14 00:00:24.620 9 WARNING neutron.api.rpc.agentnotifiers.dhcp_rpc_agent_api [None req-b2d2640f-01ca-4cad-b463-e24a88ba3f33 d82379a54e9d42c89121411f01267d1f eafe0b3200d849198858dac8a556d872 - - default default] Unable to schedule network a72e8be3-a854-453a-b6f6-8952680a5c00: no agents available; will retry on subsequent port and subnet creation events.
2026-06-14 00:00:24.649 10 INFO neutron.db.ovn_revision_numbers_db [None req-ec4a7957-11e0-42f4-a35c-b3c74242cc1d 092dafdaa4da4a28a91e39c7518cd58a c380e34af33b43a18ed5297b9b34a093 - - default default] Successfully bumped revision number for resource 90fb59dc-efb0-4409-934f-706bb4e4e074 (type: ports) to 1
2026-06-14 00:00:24.651 9 INFO neutron.wsgi [None req-d7fe3eaa-972e-4a50-a34a-5d5116f240e4 cc35375415c04932aa15e15693ac39da ffecf4c666d14fc9949868c6ad9614fd - - default default] 10.0.0.154 "POST /v2.0/networks HTTP/1.1" status: 201 len: 837 time: 0.6675861
2026-06-14 00:00:24.663 9 WARNING neutron_lib.context [None req-660a0299-07db-4492-b931-a149010d03b1 cc35375415c04932aa15e15693ac39da ffecf4c666d14fc9949868c6ad9614fd - - default default] Method 'is_advsvc' is deprecated since 2023.2 release (neutron-lib 3.8.0) and will be removed once support for the old RBAC API policies will be removed from Neutron. Please use method 'is_service_role' instead.
2026-06-14 00:00:24.682 10 INFO neutron.wsgi [None req-ec4a7957-11e0-42f4-a35c-b3c74242cc1d 092dafdaa4da4a28a91e39c7518cd58a c380e34af33b43a18ed5297b9b34a093 - - default default] 10.0.0.154 "POST /v2.0/networks HTTP/1.1" status: 201 len: 830 time: 1.4781644
2026-06-14 00:00:24.691 10 WARNING neutron_lib.context [None req-92f9e40f-e0b6-468b-a93f-d6e23206b2d3 092dafdaa4da4a28a91e39c7518cd58a c380e34af33b43a18ed5297b9b34a093 - - default default] Method 'is_advsvc' is deprecated since 2023.2 release (neutron-lib 3.8.0) and will be removed once support for the old RBAC API policies will be removed from Neutron. Please use method 'is_service_role' instead.
2026-06-14 00:00:24.925 9 WARNING neutron.scheduler.dhcp_agent_scheduler [None req-660a0299-07db-4492-b931-a149010d03b1 cc35375415c04932aa15e15693ac39da ffecf4c666d14fc9949868c6ad9614fd - - default default] No more DHCP agents
2026-06-14 00:00:24.932 9 WARNING neutron.api.rpc.agentnotifiers.dhcp_rpc_agent_api [None req-660a0299-07db-4492-b931-a149010d03b1 cc35375415c04932aa15e15693ac39da ffecf4c666d14fc9949868c6ad9614fd - - default default] Unable to schedule network 74fcccba-5dbf-4ce7-9b5b-6cc1df4bcf8b: no agents available; will retry on subsequent port and subnet creation events.
2026-06-14 00:00:24.998 10 WARNING neutron.scheduler.dhcp_agent_scheduler [None req-92f9e40f-e0b6-468b-a93f-d6e23206b2d3 092dafdaa4da4a28a91e39c7518cd58a c380e34af33b43a18ed5297b9b34a093 - - default default] No more DHCP agents
2026-06-14 00:00:25.000 10 WARNING neutron.api.rpc.agentnotifiers.dhcp_rpc_agent_api [None req-92f9e40f-e0b6-468b-a93f-d6e23206b2d3 092dafdaa4da4a28a91e39c7518cd58a c380e34af33b43a18ed5297b9b34a093 - - default default] Unable to schedule network 1e82da72-ca19-4dd6-8c8c-24e97f33f719: no agents available; will retry on subsequent port and subnet creation events.
2026-06-14 00:00:25.052 10 INFO neutron.wsgi [None req-85e0ff1a-6a9a-4320-955f-5f72f135b18f 14244470749c46afa72d32ad9c3b2964 ca4182c850224bc6aca9c6246ff6738e - - default default] 10.0.0.154 "DELETE /v2.0/floatingips/ee5a3c22-5325-4579-8b96-72124cebd8d6 HTTP/1.1" status: 204 len: 168 time: 0.4630101
2026-06-14 00:00:25.093 10 INFO neutron.db.ovn_revision_numbers_db [None req-92f9e40f-e0b6-468b-a93f-d6e23206b2d3 092dafdaa4da4a28a91e39c7518cd58a c380e34af33b43a18ed5297b9b34a093 - - default default] Successfully bumped revision number for resource 6c238b19-e843-430e-9b30-bc0470fc4f98 (type: ports) to 1
2026-06-14 00:00:25.116 10 INFO neutron.wsgi [None req-92f9e40f-e0b6-468b-a93f-d6e23206b2d3 092dafdaa4da4a28a91e39c7518cd58a c380e34af33b43a18ed5297b9b34a093 - - default default] 10.0.0.154 "POST /v2.0/ports HTTP/1.1" status: 201 len: 942 time: 0.4279974 /var/lib/openstack/lib/python3.10/site-packages/pycadf/identifier.py:71: UserWarning: Invalid uuid: neutron. To ensure interoperability, identifiers should be a valid uuid. warnings.warn(('Invalid uuid: %s. To ensure interoperability, '
2026-06-14 00:00:25.125 10 WARNING neutron_lib.context [None req-bbef2163-51ab-40e4-ae9c-22dfe44fc7cd 092dafdaa4da4a28a91e39c7518cd58a c380e34af33b43a18ed5297b9b34a093 - - default default] Method 'is_advsvc' is deprecated since 2023.2 release (neutron-lib 3.8.0) and will be removed once support for the old RBAC API policies will be removed from Neutron. Please use method 'is_service_role' instead.
2026-06-14 00:00:25.368 10 INFO neutron.wsgi [None req-bbef2163-51ab-40e4-ae9c-22dfe44fc7cd 092dafdaa4da4a28a91e39c7518cd58a c380e34af33b43a18ed5297b9b34a093 - - default default] 10.0.0.154 "POST /v2.0/trunks HTTP/1.1" status: 201 len: 608 time: 0.2480044
2026-06-14 00:00:25.376 10 WARNING neutron_lib.context [None req-45786ec3-8c33-41fb-90d0-083d705b5e3e 092dafdaa4da4a28a91e39c7518cd58a c380e34af33b43a18ed5297b9b34a093 - - default default] Method 'is_advsvc' is deprecated since 2023.2 release (neutron-lib 3.8.0) and will be removed once support for the old RBAC API policies will be removed from Neutron. Please use method 'is_service_role' instead.
2026-06-14 00:00:25.451 10 INFO neutron.db.segments_db [None req-45786ec3-8c33-41fb-90d0-083d705b5e3e 092dafdaa4da4a28a91e39c7518cd58a c380e34af33b43a18ed5297b9b34a093 - - default default] Added segment c7ef2060-b9d7-417e-9f58-72d6cc8481bc of type geneve for network 4d7f67af-62a9-4ecf-81d1-85fb36c24e2e
2026-06-14 00:00:25.466 9 INFO neutron.db.ovn_revision_numbers_db [None req-b2d2640f-01ca-4cad-b463-e24a88ba3f33 d82379a54e9d42c89121411f01267d1f eafe0b3200d849198858dac8a556d872 - - default default] Successfully bumped revision number for resource 9b3e7f2f-a6f6-4ac6-9eba-057e6eec8824 (type: ports) to 2
2026-06-14 00:00:25.507 9 INFO neutron.db.ovn_revision_numbers_db [None req-b2d2640f-01ca-4cad-b463-e24a88ba3f33 d82379a54e9d42c89121411f01267d1f eafe0b3200d849198858dac8a556d872 - - default default] Successfully bumped revision number for resource 01ff5440-f88d-44b6-9401-8c9c2fd74772 (type: subnets) to 0
2026-06-14 00:00:25.542 9 INFO neutron.wsgi [None req-b2d2640f-01ca-4cad-b463-e24a88ba3f33 d82379a54e9d42c89121411f01267d1f eafe0b3200d849198858dac8a556d872 - - default default] 10.0.0.154 "POST /v2.0/subnets HTTP/1.1" status: 201 len: 804 time: 1.2430179
2026-06-14 00:00:25.565 9 WARNING neutron_lib.context [None req-6769f2e0-65a2-4424-a1b8-6f360c35a616 d82379a54e9d42c89121411f01267d1f eafe0b3200d849198858dac8a556d872 - - default default] Method 'is_advsvc' is deprecated since 2023.2 release (neutron-lib 3.8.0) and will be removed once support for the old RBAC API policies will be removed from Neutron. Please use method 'is_service_role' instead.
2026-06-14 00:00:25.599 10 INFO neutron.db.ovn_revision_numbers_db [None req-45786ec3-8c33-41fb-90d0-083d705b5e3e 092dafdaa4da4a28a91e39c7518cd58a c380e34af33b43a18ed5297b9b34a093 - - default default] Successfully bumped revision number for resource 4d7f67af-62a9-4ecf-81d1-85fb36c24e2e (type: networks) to 1
2026-06-14 00:00:25.761 10 WARNING neutron.scheduler.dhcp_agent_scheduler [None req-45786ec3-8c33-41fb-90d0-083d705b5e3e 092dafdaa4da4a28a91e39c7518cd58a c380e34af33b43a18ed5297b9b34a093 - - default default] No more DHCP agents
2026-06-14 00:00:25.762 10 WARNING neutron.api.rpc.agentnotifiers.dhcp_rpc_agent_api [None req-45786ec3-8c33-41fb-90d0-083d705b5e3e 092dafdaa4da4a28a91e39c7518cd58a c380e34af33b43a18ed5297b9b34a093 - - default default] Unable to schedule network 4d7f67af-62a9-4ecf-81d1-85fb36c24e2e: no agents available; will retry on subsequent port and subnet creation events.
2026-06-14 00:00:25.877 9 INFO neutron.db.ovn_revision_numbers_db [None req-660a0299-07db-4492-b931-a149010d03b1 cc35375415c04932aa15e15693ac39da ffecf4c666d14fc9949868c6ad9614fd - - default default] Successfully bumped revision number for resource f55aa56d-90a8-4866-83a1-dec5ed154f38 (type: ports) to 2
2026-06-14 00:00:25.908 10 INFO neutron.db.ovn_revision_numbers_db [None req-45786ec3-8c33-41fb-90d0-083d705b5e3e 092dafdaa4da4a28a91e39c7518cd58a c380e34af33b43a18ed5297b9b34a093 - - default default] Successfully bumped revision number for resource aa70b149-f281-4839-abf8-a7f9f07a2e1a (type: ports) to 1
2026-06-14 00:00:25.929 9 INFO neutron.db.ovn_revision_numbers_db [None req-660a0299-07db-4492-b931-a149010d03b1 cc35375415c04932aa15e15693ac39da ffecf4c666d14fc9949868c6ad9614fd - - default default] Successfully bumped revision number for resource e2b7e3bf-1886-4ca3-96cc-693381c81694 (type: subnets) to 0
