2026-06-14 00:00:49.266 10 INFO neutron.db.ovn_revision_numbers_db [None req-d79ecc6e-b574-4c29-a1ea-3eaa4f152ea0 6da903301728494aa1d4adb1a45b4984 5cf8e22ebbaa4e169b19d97b4e8ca32e - - default default] Successfully bumped revision number for resource fc0bb16f-e800-45cb-bdba-c5d5c57fc893 (type: security_group_rules) to 0
2026-06-14 00:00:49.280 9 WARNING neutron.scheduler.dhcp_agent_scheduler [None req-91462cf8-7022-4ca6-956d-e30e40b1e5ea d82379a54e9d42c89121411f01267d1f eafe0b3200d849198858dac8a556d872 - - default default] No more DHCP agents
2026-06-14 00:00:49.284 9 WARNING neutron.api.rpc.agentnotifiers.dhcp_rpc_agent_api [None req-91462cf8-7022-4ca6-956d-e30e40b1e5ea d82379a54e9d42c89121411f01267d1f eafe0b3200d849198858dac8a556d872 - - default default] Unable to schedule network e2a7418e-9910-478b-814f-9a1c1d176d21: no agents available; will retry on subsequent port and subnet creation events.
2026-06-14 00:00:49.327 10 INFO neutron.db.segments_db [None req-d79ecc6e-b574-4c29-a1ea-3eaa4f152ea0 6da903301728494aa1d4adb1a45b4984 5cf8e22ebbaa4e169b19d97b4e8ca32e - - default default] Added segment 425ec652-7918-47c6-a3a1-ee3433eb98c5 of type geneve for network cc9fa2ba-cd5b-46fb-9ccf-745edadb05ec
2026-06-14 00:00:49.412 9 INFO neutron.db.ovn_revision_numbers_db [None req-91462cf8-7022-4ca6-956d-e30e40b1e5ea d82379a54e9d42c89121411f01267d1f eafe0b3200d849198858dac8a556d872 - - default default] Successfully bumped revision number for resource c2376335-b23d-430d-9128-4e2afad5908e (type: ports) to 1
2026-06-14 00:00:49.449 9 INFO neutron.wsgi [None req-91462cf8-7022-4ca6-956d-e30e40b1e5ea d82379a54e9d42c89121411f01267d1f eafe0b3200d849198858dac8a556d872 - - default default] 10.0.0.154 "POST /v2.0/networks HTTP/1.1" status: 201 len: 831 time: 0.7360234
2026-06-14 00:00:49.464 9 WARNING neutron_lib.context [None req-bfa2170c-8397-4bb1-8e8d-e1200a8b5853 d82379a54e9d42c89121411f01267d1f eafe0b3200d849198858dac8a556d872 - - default default] Method 'is_advsvc' is deprecated since 2023.2 release (neutron-lib 3.8.0) and will be removed once support for the old RBAC API policies will be removed from Neutron. Please use method 'is_service_role' instead.
2026-06-14 00:00:49.521 9 INFO neutron.wsgi [None req-3db7fe1b-07d7-4ae5-a5e3-594b8a1fb0f1 ffe9042a33aa4d02b4b0570c5608a184 dadf9082a04b4d8f99ec28f752e4f7d0 - - default default] 10.0.0.154 "DELETE /v2.0/security-groups/ac1a5196-157c-4453-b5c3-f71278f4b29d HTTP/1.1" status: 204 len: 168 time: 0.3882787
2026-06-14 00:00:49.740 9 WARNING neutron.scheduler.dhcp_agent_scheduler [None req-bfa2170c-8397-4bb1-8e8d-e1200a8b5853 d82379a54e9d42c89121411f01267d1f eafe0b3200d849198858dac8a556d872 - - default default] No more DHCP agents
2026-06-14 00:00:49.747 9 WARNING neutron.api.rpc.agentnotifiers.dhcp_rpc_agent_api [None req-bfa2170c-8397-4bb1-8e8d-e1200a8b5853 d82379a54e9d42c89121411f01267d1f eafe0b3200d849198858dac8a556d872 - - default default] Unable to schedule network e2a7418e-9910-478b-814f-9a1c1d176d21: no agents available; will retry on subsequent port and subnet creation events.
2026-06-14 00:00:49.772 9 INFO neutron.db.ovn_revision_numbers_db [None req-0b90289d-ea4c-4712-9fc9-66771fbaca2c ffe9042a33aa4d02b4b0570c5608a184 dadf9082a04b4d8f99ec28f752e4f7d0 - - default default] Successfully bumped revision number for resource de58702e-696f-4875-8dee-5bde85ccbba3 (type: security_groups) to 1
2026-06-14 00:00:49.779 10 INFO neutron.db.ovn_revision_numbers_db [None req-d79ecc6e-b574-4c29-a1ea-3eaa4f152ea0 6da903301728494aa1d4adb1a45b4984 5cf8e22ebbaa4e169b19d97b4e8ca32e - - default default] Successfully bumped revision number for resource cc9fa2ba-cd5b-46fb-9ccf-745edadb05ec (type: networks) to 1
2026-06-14 00:00:49.792 9 INFO neutron.db.ovn_revision_numbers_db [None req-0b90289d-ea4c-4712-9fc9-66771fbaca2c ffe9042a33aa4d02b4b0570c5608a184 dadf9082a04b4d8f99ec28f752e4f7d0 - - default default] Successfully bumped revision number for resource 2a94b309-d921-4bd2-ab4c-39090d8b4818 (type: security_group_rules) to 0
2026-06-14 00:00:49.806 9 INFO neutron.db.ovn_revision_numbers_db [None req-0b90289d-ea4c-4712-9fc9-66771fbaca2c ffe9042a33aa4d02b4b0570c5608a184 dadf9082a04b4d8f99ec28f752e4f7d0 - - default default] Successfully bumped revision number for resource 549a9496-bf92-41e8-98aa-5d3f6b07dfc5 (type: security_group_rules) to 0
2026-06-14 00:00:49.821 9 INFO neutron.db.ovn_revision_numbers_db [None req-0b90289d-ea4c-4712-9fc9-66771fbaca2c ffe9042a33aa4d02b4b0570c5608a184 dadf9082a04b4d8f99ec28f752e4f7d0 - - default default] Successfully bumped revision number for resource b39db59e-eb1e-4b83-834d-6e37e9c4c204 (type: security_group_rules) to 0
2026-06-14 00:00:49.841 9 INFO neutron.db.ovn_revision_numbers_db [None req-0b90289d-ea4c-4712-9fc9-66771fbaca2c ffe9042a33aa4d02b4b0570c5608a184 dadf9082a04b4d8f99ec28f752e4f7d0 - - default default] Successfully bumped revision number for resource c14d63f0-6923-4a65-857a-72a796ed5d1f (type: security_group_rules) to 0
2026-06-14 00:00:49.873 9 INFO neutron.wsgi [None req-0b90289d-ea4c-4712-9fc9-66771fbaca2c ffe9042a33aa4d02b4b0570c5608a184 dadf9082a04b4d8f99ec28f752e4f7d0 - - default default] 10.0.0.154 "GET /v2.0/security-groups?tenant_id=7d2d8069c57247bd9072771314429036&name=default HTTP/1.1" status: 200 len: 3124 time: 0.2442460
2026-06-14 00:00:49.967 10 WARNING neutron.scheduler.dhcp_agent_scheduler [None req-d79ecc6e-b574-4c29-a1ea-3eaa4f152ea0 6da903301728494aa1d4adb1a45b4984 5cf8e22ebbaa4e169b19d97b4e8ca32e - - default default] No more DHCP agents
2026-06-14 00:00:49.970 10 WARNING neutron.api.rpc.agentnotifiers.dhcp_rpc_agent_api [None req-d79ecc6e-b574-4c29-a1ea-3eaa4f152ea0 6da903301728494aa1d4adb1a45b4984 5cf8e22ebbaa4e169b19d97b4e8ca32e - - default default] Unable to schedule network cc9fa2ba-cd5b-46fb-9ccf-745edadb05ec: no agents available; will retry on subsequent port and subnet creation events.
2026-06-14 00:00:50.053 10 INFO neutron.db.ovn_revision_numbers_db [None req-d79ecc6e-b574-4c29-a1ea-3eaa4f152ea0 6da903301728494aa1d4adb1a45b4984 5cf8e22ebbaa4e169b19d97b4e8ca32e - - default default] Successfully bumped revision number for resource 4249f67d-3e63-4b44-90ae-289319f390bd (type: ports) to 1
2026-06-14 00:00:50.093 10 INFO neutron.wsgi [None req-d79ecc6e-b574-4c29-a1ea-3eaa4f152ea0 6da903301728494aa1d4adb1a45b4984 5cf8e22ebbaa4e169b19d97b4e8ca32e - - default default] 10.0.0.154 "POST /v2.0/networks HTTP/1.1" status: 201 len: 831 time: 1.0752699
2026-06-14 00:00:50.109 10 WARNING neutron_lib.context [None req-9c5e5224-d7db-4259-a798-a887b3f97f8f 6da903301728494aa1d4adb1a45b4984 5cf8e22ebbaa4e169b19d97b4e8ca32e - - default default] Method 'is_advsvc' is deprecated since 2023.2 release (neutron-lib 3.8.0) and will be removed once support for the old RBAC API policies will be removed from Neutron. Please use method 'is_service_role' instead.
2026-06-14 00:00:50.158 9 INFO neutron.wsgi [None req-6b1983ae-faca-4cf1-9914-030de9ca5032 ffe9042a33aa4d02b4b0570c5608a184 dadf9082a04b4d8f99ec28f752e4f7d0 - - default default] 10.0.0.154 "DELETE /v2.0/security-groups/de58702e-696f-4875-8dee-5bde85ccbba3 HTTP/1.1" status: 204 len: 168 time: 0.2788470
2026-06-14 00:00:50.199 10 INFO neutron.db.segments_db [None req-9c5e5224-d7db-4259-a798-a887b3f97f8f 6da903301728494aa1d4adb1a45b4984 5cf8e22ebbaa4e169b19d97b4e8ca32e - - default default] Added segment e2860b12-aef9-4e01-b801-436115a04412 of type geneve for network ad9ac8f0-bccb-42ed-9eec-077601c2139e
2026-06-14 00:00:50.255 9 INFO neutron.db.ovn_revision_numbers_db [None req-bfa2170c-8397-4bb1-8e8d-e1200a8b5853 d82379a54e9d42c89121411f01267d1f eafe0b3200d849198858dac8a556d872 - - default default] Successfully bumped revision number for resource c2376335-b23d-430d-9128-4e2afad5908e (type: ports) to 2
2026-06-14 00:00:50.285 9 INFO neutron.db.ovn_revision_numbers_db [None req-bfa2170c-8397-4bb1-8e8d-e1200a8b5853 d82379a54e9d42c89121411f01267d1f eafe0b3200d849198858dac8a556d872 - - default default] Successfully bumped revision number for resource 0a154c47-f943-4a35-9146-a81630b6a7cb (type: subnets) to 0
2026-06-14 00:00:50.307 9 INFO neutron.wsgi [None req-bfa2170c-8397-4bb1-8e8d-e1200a8b5853 d82379a54e9d42c89121411f01267d1f eafe0b3200d849198858dac8a556d872 - - default default] 10.0.0.154 "POST /v2.0/subnets HTTP/1.1" status: 201 len: 804 time: 0.8520908
2026-06-14 00:00:50.319 9 WARNING neutron_lib.context [None req-faf37a2a-8abf-4b23-aad8-81e3da2fb852 d82379a54e9d42c89121411f01267d1f eafe0b3200d849198858dac8a556d872 - - default default] Method 'is_advsvc' is deprecated since 2023.2 release (neutron-lib 3.8.0) and will be removed once support for the old RBAC API policies will be removed from Neutron. Please use method 'is_service_role' instead.
2026-06-14 00:00:50.329 10 INFO neutron.db.ovn_revision_numbers_db [None req-9c5e5224-d7db-4259-a798-a887b3f97f8f 6da903301728494aa1d4adb1a45b4984 5cf8e22ebbaa4e169b19d97b4e8ca32e - - default default] Successfully bumped revision number for resource ad9ac8f0-bccb-42ed-9eec-077601c2139e (type: networks) to 1
2026-06-14 00:00:50.555 10 WARNING neutron.scheduler.dhcp_agent_scheduler [None req-9c5e5224-d7db-4259-a798-a887b3f97f8f 6da903301728494aa1d4adb1a45b4984 5cf8e22ebbaa4e169b19d97b4e8ca32e - - default default] No more DHCP agents
2026-06-14 00:00:50.557 10 WARNING neutron.api.rpc.agentnotifiers.dhcp_rpc_agent_api [None req-9c5e5224-d7db-4259-a798-a887b3f97f8f 6da903301728494aa1d4adb1a45b4984 5cf8e22ebbaa4e169b19d97b4e8ca32e - - default default] Unable to schedule network ad9ac8f0-bccb-42ed-9eec-077601c2139e: no agents available; will retry on subsequent port and subnet creation events.
2026-06-14 00:00:50.650 10 INFO neutron.db.ovn_revision_numbers_db [None req-9c5e5224-d7db-4259-a798-a887b3f97f8f 6da903301728494aa1d4adb1a45b4984 5cf8e22ebbaa4e169b19d97b4e8ca32e - - default default] Successfully bumped revision number for resource 248aea84-468a-463b-8394-1323f26784be (type: ports) to 1
2026-06-14 00:00:50.683 10 INFO neutron.wsgi [None req-9c5e5224-d7db-4259-a798-a887b3f97f8f 6da903301728494aa1d4adb1a45b4984 5cf8e22ebbaa4e169b19d97b4e8ca32e - - default default] 10.0.0.154 "POST /v2.0/networks HTTP/1.1" status: 201 len: 830 time: 0.5802035
2026-06-14 00:00:50.769 10 INFO neutron.wsgi [None req-4c1a04e9-9144-422f-897e-421adff059b7 6da903301728494aa1d4adb1a45b4984 5cf8e22ebbaa4e169b19d97b4e8ca32e - - default default] 10.0.0.154 "PUT /v2.0/networks/cc9fa2ba-cd5b-46fb-9ccf-745edadb05ec/tags HTTP/1.1" status: 200 len: 218 time: 0.0764384
2026-06-14 00:00:50.814 9 INFO neutron.wsgi [req-47c9c893-a23b-48fc-9b40-d7c9c2da8553 req-e26465db-a078-420f-806b-7b6f262b90ce cc35375415c04932aa15e15693ac39da ffecf4c666d14fc9949868c6ad9614fd - - default default] 10.0.0.84 "GET /v2.0/ports?device_id=62b89012-5f5d-4e10-92da-4fd88efc88a8 HTTP/1.1" status: 200 len: 1398 time: 0.1511054
2026-06-14 00:00:50.817 10 INFO neutron.wsgi [None req-53c19fcf-4207-4c38-a5d2-b80b4bc27c25 6da903301728494aa1d4adb1a45b4984 5cf8e22ebbaa4e169b19d97b4e8ca32e - - default default] 10.0.0.154 "GET /v2.0/networks/cc9fa2ba-cd5b-46fb-9ccf-745edadb05ec/tags HTTP/1.1" status: 200 len: 218 time: 0.0415909
2026-06-14 00:00:50.884 9 INFO neutron.wsgi [req-47c9c893-a23b-48fc-9b40-d7c9c2da8553 req-9cf0a973-47b3-4282-8215-bba0124cc537 cc35375415c04932aa15e15693ac39da ffecf4c666d14fc9949868c6ad9614fd - - default default] 10.0.0.84 "GET /v2.0/security-groups?id=37a4f165-ee83-4081-a577-ebdfc046003f&fields=id&fields=name HTTP/1.1" status: 200 len: 311 time: 0.0545607
2026-06-14 00:00:50.897 10 INFO neutron.wsgi [None req-a369244f-f680-4019-ad03-6e9ff33e2809 6da903301728494aa1d4adb1a45b4984 5cf8e22ebbaa4e169b19d97b4e8ca32e - - default default] 10.0.0.154 "PUT /v2.0/networks/ad9ac8f0-bccb-42ed-9eec-077601c2139e/tags HTTP/1.1" status: 200 len: 210 time: 0.0664418
2026-06-14 00:00:50.960 9 INFO neutron.wsgi [None req-a4fa1d4f-3c9e-4117-a4d0-66616122eb34 6da903301728494aa1d4adb1a45b4984 5cf8e22ebbaa4e169b19d97b4e8ca32e - - default default] 10.0.0.154 "GET /v2.0/networks/ad9ac8f0-bccb-42ed-9eec-077601c2139e/tags HTTP/1.1" status: 200 len: 210 time: 0.0565534
2026-06-14 00:00:51.015 10 INFO neutron.wsgi [None req-ac347802-ed85-4426-9316-8715b9feb375 6da903301728494aa1d4adb1a45b4984 5cf8e22ebbaa4e169b19d97b4e8ca32e - - default default] 10.0.0.154 "PUT /v2.0/networks/ad9ac8f0-bccb-42ed-9eec-077601c2139e/tags HTTP/1.1" status: 200 len: 205 time: 0.0482831
2026-06-14 00:00:51.074 10 INFO neutron.wsgi [None req-49e921cb-8d21-446a-8037-efca6de8f63a 6da903301728494aa1d4adb1a45b4984 5cf8e22ebbaa4e169b19d97b4e8ca32e - - default default] 10.0.0.154 "GET /v2.0/networks/ad9ac8f0-bccb-42ed-9eec-077601c2139e/tags HTTP/1.1" status: 200 len: 205 time: 0.0532219
2026-06-14 00:00:51.118 10 INFO neutron.wsgi [None req-4c544247-9932-4b41-8a53-a68b775c10b6 6da903301728494aa1d4adb1a45b4984 5cf8e22ebbaa4e169b19d97b4e8ca32e - - default default] 10.0.0.154 "GET /v2.0/networks/cc9fa2ba-cd5b-46fb-9ccf-745edadb05ec/tags HTTP/1.1" status: 200 len: 218 time: 0.0394673
2026-06-14 00:00:51.138 9 WARNING neutron.scheduler.dhcp_agent_scheduler [None req-faf37a2a-8abf-4b23-aad8-81e3da2fb852 d82379a54e9d42c89121411f01267d1f eafe0b3200d849198858dac8a556d872 - - default default] No more DHCP agents
2026-06-14 00:00:51.140 9 WARNING neutron.api.rpc.agentnotifiers.dhcp_rpc_agent_api [None req-faf37a2a-8abf-4b23-aad8-81e3da2fb852 d82379a54e9d42c89121411f01267d1f eafe0b3200d849198858dac8a556d872 - - default default] Unable to schedule network 7b8efc48-fb63-4bd9-9cba-92e000cacdfb: no agents available; will retry on subsequent port and subnet creation events.
2026-06-14 00:00:51.296 9 INFO neutron.db.ovn_revision_numbers_db [None req-faf37a2a-8abf-4b23-aad8-81e3da2fb852 d82379a54e9d42c89121411f01267d1f eafe0b3200d849198858dac8a556d872 - - default default] Successfully bumped revision number for resource 846d8bea-ac8c-4bec-a2e9-9749bb8c2a16 (type: ports) to 1
2026-06-14 00:00:51.555 10 INFO neutron.services.segments.plugin [-] Segment 425ec652-7918-47c6-a3a1-ee3433eb98c5 resource provider aggregate not found
2026-06-14 00:00:51.562 10 INFO neutron.services.segments.plugin [-] Segment 425ec652-7918-47c6-a3a1-ee3433eb98c5 resource provider aggregate not found
2026-06-14 00:00:51.567 10 INFO neutron.services.segments.plugin [-] Segment 425ec652-7918-47c6-a3a1-ee3433eb98c5 resource provider not found; error: Placement Client Error (4xx): {"errors": [{"status": 404, "title": "Not Found", "detail": "The resource could not be found.\n\n No resource provider with uuid 425ec652-7918-47c6-a3a1-ee3433eb98c5 found for delete ", "request_id": "req-c618faf2-06b6-40fc-941b-8bdddf4e7566"}]}
2026-06-14 00:00:51.586 10 INFO neutron.services.segments.plugin [-] Segment 425ec652-7918-47c6-a3a1-ee3433eb98c5 resource provider not found; error: Placement Client Error (4xx): {"errors": [{"status": 404, "title": "Not Found", "detail": "The resource could not be found.\n\n No resource provider with uuid 425ec652-7918-47c6-a3a1-ee3433eb98c5 found for delete ", "request_id": "req-09d35424-37dd-4abd-8ef2-dd443d85326a"}]}
2026-06-14 00:00:51.606 10 INFO neutron.wsgi [None req-22383d56-16a2-4ded-9a90-c8813eb953a7 6da903301728494aa1d4adb1a45b4984 5cf8e22ebbaa4e169b19d97b4e8ca32e - - default default] 10.0.0.154 "DELETE /v2.0/networks/cc9fa2ba-cd5b-46fb-9ccf-745edadb05ec HTTP/1.1" status: 204 len: 168 time: 0.4726734
2026-06-14 00:00:51.979 9 WARNING neutron.plugins.ml2.drivers.ovn.mech_driver.ovsdb.ovn_client [None req-994a81b5-3fe4-49cd-b805-57da2d353614 - - - - - -] No hosting information found for port a021df83-7a60-465e-bba0-bd0217f61f50: RuntimeError: No hosting information found for port a021df83-7a60-465e-bba0-bd0217f61f50
2026-06-14 00:00:51.979 9 INFO neutron.plugins.ml2.drivers.ovn.mech_driver.mech_driver [None req-994a81b5-3fe4-49cd-b805-57da2d353614 - - - - - -] OVN reports status up for port: 7c47abdb-c74d-4e08-9174-446dca1a0c14
2026-06-14 00:00:52.005 9 INFO neutron.plugins.ml2.plugin [None req-994a81b5-3fe4-49cd-b805-57da2d353614 - - - - - -] Attempt 1 to provision port 7c47abdb-c74d-4e08-9174-446dca1a0c14
2026-06-14 00:00:52.133 9 INFO neutron.plugins.ml2.drivers.ovn.mech_driver.ovsdb.commands [None req-672a0582-121a-4b5c-8770-0f6208b840f1 - - - - - -] Schedule LRP lrp-846d8bea-ac8c-4bec-a2e9-9749bb8c2a16 on gateway db0ea0d5-f39b-4daa-9691-6f0e7c20266c with priority 1
2026-06-14 00:00:52.183 9 INFO neutron.services.segments.plugin [-] Segment e2860b12-aef9-4e01-b801-436115a04412 resource provider aggregate not found
2026-06-14 00:00:52.187 9 INFO neutron.services.segments.plugin [-] Segment e2860b12-aef9-4e01-b801-436115a04412 resource provider aggregate not found
2026-06-14 00:00:52.205 9 INFO neutron.services.segments.plugin [-] Segment e2860b12-aef9-4e01-b801-436115a04412 resource provider not found; error: Placement Client Error (4xx): {"errors": [{"status": 404, "title": "Not Found", "detail": "The resource could not be found.\n\n No resource provider with uuid e2860b12-aef9-4e01-b801-436115a04412 found for delete ", "request_id": "req-5356507b-f734-4870-9027-27cbae17934f"}]}
2026-06-14 00:00:52.205 9 INFO neutron.services.segments.plugin [-] Segment e2860b12-aef9-4e01-b801-436115a04412 resource provider not found; error: Placement Client Error (4xx): {"errors": [{"status": 404, "title": "Not Found", "detail": "The resource could not be found.\n\n No resource provider with uuid e2860b12-aef9-4e01-b801-436115a04412 found for delete ", "request_id": "req-eed43864-d7a8-4081-b433-2f471c67742e"}]}
2026-06-14 00:00:52.217 9 INFO neutron.db.ovn_revision_numbers_db [None req-faf37a2a-8abf-4b23-aad8-81e3da2fb852 d82379a54e9d42c89121411f01267d1f eafe0b3200d849198858dac8a556d872 - - default default] Successfully bumped revision number for resource 846d8bea-ac8c-4bec-a2e9-9749bb8c2a16 (type: router_ports) to 1
2026-06-14 00:00:52.523 9 INFO neutron.wsgi [None req-3956a4f5-9307-4c55-acea-5bf61b85db5b 6da903301728494aa1d4adb1a45b4984 5cf8e22ebbaa4e169b19d97b4e8ca32e - - default default] 10.0.0.154 "DELETE /v2.0/networks/ad9ac8f0-bccb-42ed-9eec-077601c2139e HTTP/1.1" status: 204 len: 168 time: 0.9122407
2026-06-14 00:00:52.593 9 INFO neutron.db.ovn_revision_numbers_db [None req-faf37a2a-8abf-4b23-aad8-81e3da2fb852 d82379a54e9d42c89121411f01267d1f eafe0b3200d849198858dac8a556d872 - - default default] Successfully bumped revision number for resource 6034d995-b253-4c78-b267-e7355c462117 (type: routers) to 2
2026-06-14 00:00:52.623 9 INFO neutron.wsgi [None req-faf37a2a-8abf-4b23-aad8-81e3da2fb852 d82379a54e9d42c89121411f01267d1f eafe0b3200d849198858dac8a556d872 - - default default] 10.0.0.154 "POST /v2.0/routers HTTP/1.1" status: 201 len: 1136 time: 2.3093846
2026-06-14 00:00:52.825 9 INFO neutron.db.ovn_revision_numbers_db [None req-994a81b5-3fe4-49cd-b805-57da2d353614 - - - - - -] Successfully bumped revision number for resource 7c47abdb-c74d-4e08-9174-446dca1a0c14 (type: ports) to 2
2026-06-14 00:00:52.970 9 INFO neutron.db.ovn_revision_numbers_db [None req-994a81b5-3fe4-49cd-b805-57da2d353614 - - - - - -] Successfully bumped revision number for resource 7c47abdb-c74d-4e08-9174-446dca1a0c14 (type: router_ports) to 2
2026-06-14 00:00:53.246 10 WARNING neutron.scheduler.dhcp_agent_scheduler [None req-61d2e657-d0e1-4abf-a325-72644d6178ba d82379a54e9d42c89121411f01267d1f eafe0b3200d849198858dac8a556d872 - - default default] No more DHCP agents
2026-06-14 00:00:53.247 10 WARNING neutron.api.rpc.agentnotifiers.dhcp_rpc_agent_api [None req-61d2e657-d0e1-4abf-a325-72644d6178ba d82379a54e9d42c89121411f01267d1f eafe0b3200d849198858dac8a556d872 - - default default] Unable to schedule network e2a7418e-9910-478b-814f-9a1c1d176d21: no agents available; will retry on subsequent port and subnet creation events.
2026-06-14 00:00:53.411 9 INFO neutron.db.ovn_revision_numbers_db [None req-ded31b59-ba6e-4301-946f-0455b7ffcd75 ffe9042a33aa4d02b4b0570c5608a184 dadf9082a04b4d8f99ec28f752e4f7d0 - - default default] Successfully bumped revision number for resource 72d30d77-de45-42ce-9aa9-43abb78f8b6a (type: security_groups) to 1
2026-06-14 00:00:53.423 10 INFO neutron.db.ovn_revision_numbers_db [None req-61d2e657-d0e1-4abf-a325-72644d6178ba d82379a54e9d42c89121411f01267d1f eafe0b3200d849198858dac8a556d872 - - default default] Successfully bumped revision number for resource 22731a9a-0667-43e0-a2e5-e9d9b34caebf (type: ports) to 1
2026-06-14 00:00:53.430 9 INFO neutron.db.ovn_revision_numbers_db [None req-ded31b59-ba6e-4301-946f-0455b7ffcd75 ffe9042a33aa4d02b4b0570c5608a184 dadf9082a04b4d8f99ec28f752e4f7d0 - - default default] Successfully bumped revision number for resource 1d815c02-26f9-4baa-ae95-5c642d00c52f (type: security_group_rules) to 0
2026-06-14 00:00:53.447 9 INFO neutron.db.ovn_revision_numbers_db [None req-ded31b59-ba6e-4301-946f-0455b7ffcd75 ffe9042a33aa4d02b4b0570c5608a184 dadf9082a04b4d8f99ec28f752e4f7d0 - - default default] Successfully bumped revision number for resource 368eb9e8-32a1-4aac-86be-a889c9e6c12c (type: security_group_rules) to 0
2026-06-14 00:00:53.460 9 INFO neutron.db.ovn_revision_numbers_db [None req-ded31b59-ba6e-4301-946f-0455b7ffcd75 ffe9042a33aa4d02b4b0570c5608a184 dadf9082a04b4d8f99ec28f752e4f7d0 - - default default] Successfully bumped revision number for resource 52cbb31c-425c-4d5c-87d5-e63c4a6a1c49 (type: security_group_rules) to 0
2026-06-14 00:00:53.474 9 INFO neutron.db.ovn_revision_numbers_db [None req-ded31b59-ba6e-4301-946f-0455b7ffcd75 ffe9042a33aa4d02b4b0570c5608a184 dadf9082a04b4d8f99ec28f752e4f7d0 - - default default] Successfully bumped revision number for resource 5d663041-5a5f-4491-b0c6-415d749e26fc (type: security_group_rules) to 0
2026-06-14 00:00:53.501 9 INFO neutron.wsgi [None req-ded31b59-ba6e-4301-946f-0455b7ffcd75 ffe9042a33aa4d02b4b0570c5608a184 dadf9082a04b4d8f99ec28f752e4f7d0 - - default default] 10.0.0.154 "GET /v2.0/security-groups?tenant_id=e90f9c15f2384c7e8131990b6e88ca82&name=default HTTP/1.1" status: 200 len: 3124 time: 0.2748513
2026-06-14 00:00:53.518 10 WARNING neutron_lib.context [None req-b03a23e1-2d5b-4ec8-b559-fd9098ab04c3 22706d3fd45848a28bf95dbf810091da fa06b874d2b147a79324ec53f3171497 - - default default] Method 'is_advsvc' is deprecated since 2023.2 release (neutron-lib 3.8.0) and will be removed once support for the old RBAC API policies will be removed from Neutron. Please use method 'is_service_role' instead.
2026-06-14 00:00:53.722 9 INFO neutron.wsgi [None req-6669d2d4-e041-4ee6-8e35-5d81dc858b48 ffe9042a33aa4d02b4b0570c5608a184 dadf9082a04b4d8f99ec28f752e4f7d0 - - default default] 10.0.0.154 "DELETE /v2.0/security-groups/72d30d77-de45-42ce-9aa9-43abb78f8b6a HTTP/1.1" status: 204 len: 168 time: 0.2157285
2026-06-14 00:00:53.850 9 INFO neutron.wsgi [None req-e0206403-7324-4f87-99d2-eb1fd417add4 ffe9042a33aa4d02b4b0570c5608a184 dadf9082a04b4d8f99ec28f752e4f7d0 - - default default] 10.0.0.154 "GET /v2.0/security-groups?tenant_id=5cf8e22ebbaa4e169b19d97b4e8ca32e&name=default HTTP/1.1" status: 200 len: 3124 time: 0.0373006
2026-06-14 00:00:53.899 10 INFO neutron.db.ovn_revision_numbers_db [None req-b03a23e1-2d5b-4ec8-b559-fd9098ab04c3 22706d3fd45848a28bf95dbf810091da fa06b874d2b147a79324ec53f3171497 - - default default] Successfully bumped revision number for resource 62d53e76-5bb8-457c-92c4-4294bda8450f (type: routers) to 1
2026-06-14 00:00:53.915 10 INFO neutron.wsgi [None req-b03a23e1-2d5b-4ec8-b559-fd9098ab04c3 22706d3fd45848a28bf95dbf810091da fa06b874d2b147a79324ec53f3171497 - - default default] 10.0.0.154 "POST /v2.0/routers HTTP/1.1" status: 201 len: 769 time: 0.4785545
2026-06-14 00:00:54.001 10 INFO neutron.wsgi [None req-4069562e-8bff-4229-9825-2565ca358964 22706d3fd45848a28bf95dbf810091da fa06b874d2b147a79324ec53f3171497 - - default default] 10.0.0.154 "PUT /v2.0/routers/62d53e76-5bb8-457c-92c4-4294bda8450f/tags HTTP/1.1" status: 200 len: 218 time: 0.0751019
2026-06-14 00:00:54.077 9 INFO neutron.wsgi [None req-fb5dc9b6-c08d-4dda-9fa8-64e997f122da ffe9042a33aa4d02b4b0570c5608a184 dadf9082a04b4d8f99ec28f752e4f7d0 - - default default] 10.0.0.154 "DELETE /v2.0/security-groups/e9012033-8707-441b-a779-818b093da7be HTTP/1.1" status: 204 len: 168 time: 0.2217267
2026-06-14 00:00:54.085 10 INFO neutron.wsgi [None req-eab7c123-a6f8-4a38-b31a-828b49c6a5b3 22706d3fd45848a28bf95dbf810091da fa06b874d2b147a79324ec53f3171497 - - default default] 10.0.0.154 "GET /v2.0/routers/62d53e76-5bb8-457c-92c4-4294bda8450f/tags HTTP/1.1" status: 200 len: 218 time: 0.0789213
2026-06-14 00:00:54.148 9 INFO neutron.wsgi [None req-e40d82db-d531-4e29-848b-40791b42ffb4 22706d3fd45848a28bf95dbf810091da fa06b874d2b147a79324ec53f3171497 - - default default] 10.0.0.154 "PUT /v2.0/routers/62d53e76-5bb8-457c-92c4-4294bda8450f/tags/green HTTP/1.1" status: 201 len: 201 time: 0.0592561
2026-06-14 00:00:54.209 10 INFO neutron.wsgi [None req-cfaa6ed8-ae84-4e45-ac68-451abd7aa772 22706d3fd45848a28bf95dbf810091da fa06b874d2b147a79324ec53f3171497 - - default default] 10.0.0.154 "GET /v2.0/routers/62d53e76-5bb8-457c-92c4-4294bda8450f/tags HTTP/1.1" status: 200 len: 227 time: 0.0559528
2026-06-14 00:00:54.268 10 INFO neutron.wsgi [None req-24543fbf-4ad3-4293-a8c7-34656e3642b1 22706d3fd45848a28bf95dbf810091da fa06b874d2b147a79324ec53f3171497 - - default default] 10.0.0.154 "PUT /v2.0/routers/62d53e76-5bb8-457c-92c4-4294bda8450f/tags/red HTTP/1.1" status: 201 len: 201 time: 0.0537982
2026-06-14 00:00:54.344 9 INFO neutron.wsgi [None req-ee3937f3-da0a-4b0b-bb65-59e80f95d925 22706d3fd45848a28bf95dbf810091da fa06b874d2b147a79324ec53f3171497 - - default default] 10.0.0.154 "GET /v2.0/routers/62d53e76-5bb8-457c-92c4-4294bda8450f/tags HTTP/1.1" status: 200 len: 227 time: 0.0563073
2026-06-14 00:00:54.414 9 INFO neutron.wsgi [None req-e3422025-92cd-4739-975e-da8d45de9273 22706d3fd45848a28bf95dbf810091da fa06b874d2b147a79324ec53f3171497 - - default default] 10.0.0.154 "PUT /v2.0/routers/62d53e76-5bb8-457c-92c4-4294bda8450f/tags/black.or.white HTTP/1.1" status: 201 len: 201 time: 0.0634410
2026-06-14 00:00:54.481 10 ERROR ovsdbapp.backend.ovs_idl.command [None req-61d2e657-d0e1-4abf-a325-72644d6178ba d82379a54e9d42c89121411f01267d1f eafe0b3200d849198858dac8a556d872 - - default default] Error executing command (DbGetCommand): ovsdbapp.backend.ovs_idl.idlutils.RowNotFound: Cannot find Logical_Router_Port with name=lrp-22731a9a-0667-43e0-a2e5-e9d9b34caebf
2026-06-14 00:00:54.481 10 ERROR ovsdbapp.backend.ovs_idl.command
Traceback (most recent call last):
2026-06-14 00:00:54.481 10 ERROR ovsdbapp.backend.ovs_idl.command
File "/var/lib/openstack/lib/python3.10/site-packages/ovsdbapp/backend/ovs_idl/command.py", line 47, in execute
2026-06-14 00:00:54.481 10 ERROR ovsdbapp.backend.ovs_idl.command self.run_idl(None)
2026-06-14 00:00:54.481 10 ERROR ovsdbapp.backend.ovs_idl.command
File "/var/lib/openstack/lib/python3.10/site-packages/ovsdbapp/backend/ovs_idl/command.py", line 235, in run_idl
2026-06-14 00:00:54.481 10 ERROR ovsdbapp.backend.ovs_idl.command record = self.api.lookup(self.table, self.record)
2026-06-14 00:00:54.481 10 ERROR ovsdbapp.backend.ovs_idl.command
File "/var/lib/openstack/lib/python3.10/site-packages/ovsdbapp/backend/ovs_idl/__init__.py", line 184, in lookup
2026-06-14 00:00:54.481 10 ERROR ovsdbapp.backend.ovs_idl.command return self._lookup(table, record)
2026-06-14 00:00:54.481 10 ERROR ovsdbapp.backend.ovs_idl.command
File "/var/lib/openstack/lib/python3.10/site-packages/ovsdbapp/backend/ovs_idl/__init__.py", line 235, in _lookup
2026-06-14 00:00:54.481 10 ERROR ovsdbapp.backend.ovs_idl.command row = idlutils.row_by_value(self, rl.table, rl.column, record)
2026-06-14 00:00:54.481 10 ERROR ovsdbapp.backend.ovs_idl.command
File "/var/lib/openstack/lib/python3.10/site-packages/ovsdbapp/backend/ovs_idl/idlutils.py", line 114, in row_by_value
2026-06-14 00:00:54.481 10 ERROR ovsdbapp.backend.ovs_idl.command raise RowNotFound(table=table, col=column, match=match)
2026-06-14 00:00:54.481 10 ERROR ovsdbapp.backend.ovs_idl.command ovsdbapp.backend.ovs_idl.idlutils.RowNotFound: Cannot find Logical_Router_Port with name=lrp-22731a9a-0667-43e0-a2e5-e9d9b34caebf
2026-06-14 00:00:54.481 10 ERROR ovsdbapp.backend.ovs_idl.command 
2026-06-14 00:00:54.482 10 ERROR neutron_lib.callbacks.manager [None req-61d2e657-d0e1-4abf-a325-72644d6178ba d82379a54e9d42c89121411f01267d1f eafe0b3200d849198858dac8a556d872 - - default default] Error during notification for neutron.services.ovn_l3.plugin.OVNL3RouterPlugin._port_update-8748536747741 port, after_update: ovsdbapp.backend.ovs_idl.idlutils.RowNotFound: Cannot find Logical_Router_Port with name=lrp-22731a9a-0667-43e0-a2e5-e9d9b34caebf
2026-06-14 00:00:54.482 10 ERROR neutron_lib.callbacks.manager
Traceback (most recent call last):
2026-06-14 00:00:54.482 10 ERROR neutron_lib.callbacks.manager
File "/var/lib/openstack/lib/python3.10/site-packages/neutron_lib/callbacks/manager.py", line 189, in _notify_loop
2026-06-14 00:00:54.482 10 ERROR neutron_lib.callbacks.manager callback.method(resource, event, trigger, payload=payload)
2026-06-14 00:00:54.482 10 ERROR neutron_lib.callbacks.manager
File "/var/lib/openstack/lib/python3.10/site-packages/neutron/services/ovn_l3/plugin.py", line 391, in _port_update
2026-06-14 00:00:54.482 10 ERROR neutron_lib.callbacks.manager l3plugin._ovn_client.update_router_port(context,
2026-06-14 00:00:54.482 10 ERROR neutron_lib.callbacks.manager
File "/var/lib/openstack/lib/python3.10/site-packages/neutron/plugins/ml2/drivers/ovn/mech_driver/ovsdb/ovn_client.py", line 1878, in update_router_port
2026-06-14 00:00:54.482 10 ERROR neutron_lib.callbacks.manager self._update_lrouter_port(context, port, if_exists=if_exists,
2026-06-14 00:00:54.482 10 ERROR neutron_lib.callbacks.manager
File "/var/lib/openstack/lib/python3.10/site-packages/neutron/plugins/ml2/drivers/ovn/mech_driver/ovsdb/ovn_client.py", line 1855, in _update_lrouter_port
2026-06-14 00:00:54.482 10 ERROR neutron_lib.callbacks.manager external_ids = self._nb_idl.db_get(
2026-06-14 00:00:54.482 10 ERROR neutron_lib.callbacks.manager
File "/var/lib/openstack/lib/python3.10/site-packages/ovsdbapp/backend/ovs_idl/command.py", line 47, in execute
2026-06-14 00:00:54.482 10 ERROR neutron_lib.callbacks.manager self.run_idl(None)
2026-06-14 00:00:54.482 10 ERROR neutron_lib.callbacks.manager
File "/var/lib/openstack/lib/python3.10/site-packages/ovsdbapp/backend/ovs_idl/command.py", line 235, in run_idl
2026-06-14 00:00:54.482 10 ERROR neutron_lib.callbacks.manager record = self.api.lookup(self.table, self.record)
2026-06-14 00:00:54.482 10 ERROR neutron_lib.callbacks.manager
File "/var/lib/openstack/lib/python3.10/site-packages/ovsdbapp/backend/ovs_idl/__init__.py", line 184, in lookup
2026-06-14 00:00:54.482 10 ERROR neutron_lib.callbacks.manager return self._lookup(table, record)
2026-06-14 00:00:54.482 10 ERROR neutron_lib.callbacks.manager
File "/var/lib/openstack/lib/python3.10/site-packages/ovsdbapp/backend/ovs_idl/__init__.py", line 235, in _lookup
2026-06-14 00:00:54.482 10 ERROR neutron_lib.callbacks.manager row = idlutils.row_by_value(self, rl.table, rl.column, record)
2026-06-14 00:00:54.482 10 ERROR neutron_lib.callbacks.manager
File "/var/lib/openstack/lib/python3.10/site-packages/ovsdbapp/backend/ovs_idl/idlutils.py", line 114, in row_by_value
2026-06-14 00:00:54.482 10 ERROR neutron_lib.callbacks.manager raise RowNotFound(table=table, col=column, match=match)
2026-06-14 00:00:54.482 10 ERROR neutron_lib.callbacks.manager ovsdbapp.backend.ovs_idl.idlutils.RowNotFound: Cannot find Logical_Router_Port with name=lrp-22731a9a-0667-43e0-a2e5-e9d9b34caebf
2026-06-14 00:00:54.482 10 ERROR neutron_lib.callbacks.manager 
2026-06-14 00:00:54.485 9 INFO neutron.wsgi [None req-9158f802-9403-4f5c-99d7-db6afc89d86f 22706d3fd45848a28bf95dbf810091da fa06b874d2b147a79324ec53f3171497 - - default default] 10.0.0.154 "GET /v2.0/routers/62d53e76-5bb8-457c-92c4-4294bda8450f/tags HTTP/1.1" status: 200 len: 245 time: 0.0665958
2026-06-14 00:00:54.558 9 INFO neutron.wsgi [None req-cb0267a0-51b3-4c4e-a4e9-ce74846eec4d 22706d3fd45848a28bf95dbf810091da fa06b874d2b147a79324ec53f3171497 - - default default] 10.0.0.154 "PUT /v2.0/routers/62d53e76-5bb8-457c-92c4-4294bda8450f/tags HTTP/1.1" status: 200 len: 230 time: 0.0671749
2026-06-14 00:00:54.620 9 INFO neutron.wsgi [None req-d8cee117-ec94-472c-93e3-0dcc67486e54 22706d3fd45848a28bf95dbf810091da fa06b874d2b147a79324ec53f3171497 - - default default] 10.0.0.154 "GET /v2.0/routers/62d53e76-5bb8-457c-92c4-4294bda8450f/tags HTTP/1.1" status: 200 len: 230 time: 0.0458076
2026-06-14 00:00:54.688 9 INFO neutron.wsgi [None req-4bc812b0-17a3-4490-9f6d-3a3b7bbf671f 22706d3fd45848a28bf95dbf810091da fa06b874d2b147a79324ec53f3171497 - - default default] 10.0.0.154 "GET /v2.0/routers/62d53e76-5bb8-457c-92c4-4294bda8450f/tags/red HTTP/1.1" status: 204 len: 168 time: 0.0612011
2026-06-14 00:00:54.699 10 INFO neutron.db.ovn_revision_numbers_db [None req-61d2e657-d0e1-4abf-a325-72644d6178ba d82379a54e9d42c89121411f01267d1f eafe0b3200d849198858dac8a556d872 - - default default] Successfully bumped revision number for resource 22731a9a-0667-43e0-a2e5-e9d9b34caebf (type: ports) to 1
2026-06-14 00:00:54.744 9 INFO neutron.api.v2.resource [None req-0a92f58d-b190-4814-88c1-ff2a7b737939 22706d3fd45848a28bf95dbf810091da fa06b874d2b147a79324ec53f3171497 - - default default] show failed (client error): The resource could not be found.
2026-06-14 00:00:54.745 9 INFO neutron.wsgi [None req-0a92f58d-b190-4814-88c1-ff2a7b737939 22706d3fd45848a28bf95dbf810091da fa06b874d2b147a79324ec53f3171497 - - default default] 10.0.0.154 "GET /v2.0/routers/62d53e76-5bb8-457c-92c4-4294bda8450f/tags/green HTTP/1.1" status: 404 len: 299 time: 0.0507758
2026-06-14 00:00:54.751 10 WARNING neutron.scheduler.dhcp_agent_scheduler [None req-61d2e657-d0e1-4abf-a325-72644d6178ba d82379a54e9d42c89121411f01267d1f eafe0b3200d849198858dac8a556d872 - - default default] No more DHCP agents
2026-06-14 00:00:54.752 10 WARNING neutron.api.rpc.agentnotifiers.dhcp_rpc_agent_api [None req-61d2e657-d0e1-4abf-a325-72644d6178ba d82379a54e9d42c89121411f01267d1f eafe0b3200d849198858dac8a556d872 - - default default] Unable to schedule network e2a7418e-9910-478b-814f-9a1c1d176d21: no agents available; will retry on subsequent port and subnet creation events.
2026-06-14 00:00:54.821 9 INFO neutron.wsgi [None req-1fbceb67-9be7-41db-918c-50f7c7011afd 22706d3fd45848a28bf95dbf810091da fa06b874d2b147a79324ec53f3171497 - - default default] 10.0.0.154 "DELETE /v2.0/routers/62d53e76-5bb8-457c-92c4-4294bda8450f/tags/red HTTP/1.1" status: 204 len: 168 time: 0.0714550
2026-06-14 00:00:54.878 9 INFO neutron.wsgi [None req-946c0879-c1fa-45cd-acf7-9a42b77c7a96 22706d3fd45848a28bf95dbf810091da fa06b874d2b147a79324ec53f3171497 - - default default] 10.0.0.154 "GET /v2.0/routers/62d53e76-5bb8-457c-92c4-4294bda8450f/tags HTTP/1.1" status: 200 len: 223 time: 0.0523252
2026-06-14 00:00:54.930 9 INFO neutron.api.v2.resource [None req-6ff83513-3b5f-46f7-863e-287a9f041c88 22706d3fd45848a28bf95dbf810091da fa06b874d2b147a79324ec53f3171497 - - default default] delete failed (client error): The resource could not be found.
2026-06-14 00:00:54.932 9 INFO neutron.wsgi [None req-6ff83513-3b5f-46f7-863e-287a9f041c88 22706d3fd45848a28bf95dbf810091da fa06b874d2b147a79324ec53f3171497 - - default default] 10.0.0.154 "DELETE /v2.0/routers/62d53e76-5bb8-457c-92c4-4294bda8450f/tags/green HTTP/1.1" status: 404 len: 299 time: 0.0484827
2026-06-14 00:00:55.003 9 INFO neutron.wsgi [None req-55ef8958-2490-4b49-bffc-e9b7efe97138 22706d3fd45848a28bf95dbf810091da fa06b874d2b147a79324ec53f3171497 - - default default] 10.0.0.154 "DELETE /v2.0/routers/62d53e76-5bb8-457c-92c4-4294bda8450f/tags HTTP/1.1" status: 204 len: 168 time: 0.0661857
2026-06-14 00:00:55.063 10 INFO neutron.db.ovn_revision_numbers_db [None req-61d2e657-d0e1-4abf-a325-72644d6178ba d82379a54e9d42c89121411f01267d1f eafe0b3200d849198858dac8a556d872 - - default default] Successfully bumped revision number for resource 22731a9a-0667-43e0-a2e5-e9d9b34caebf (type: router_ports) to 1
2026-06-14 00:00:55.069 10 INFO neutron.wsgi [None req-61d2e657-d0e1-4abf-a325-72644d6178ba d82379a54e9d42c89121411f01267d1f eafe0b3200d849198858dac8a556d872 - - default default] 10.0.0.154 "PUT /v2.0/routers/6034d995-b253-4c78-b267-e7355c462117/add_router_interface HTTP/1.1" status: 200 len: 503 time: 2.4398553
2026-06-14 00:00:55.073 9 INFO neutron.wsgi [None req-9df5f3e4-20a2-4ecb-a339-9a614537f711 22706d3fd45848a28bf95dbf810091da fa06b874d2b147a79324ec53f3171497 - - default default] 10.0.0.154 "GET /v2.0/routers/62d53e76-5bb8-457c-92c4-4294bda8450f/tags HTTP/1.1" status: 200 len: 205 time: 0.0642078
2026-06-14 00:00:55.079 9 WARNING neutron_lib.context [None req-88c884da-4c1d-44ff-9c5c-57d36916cc4a d82379a54e9d42c89121411f01267d1f eafe0b3200d849198858dac8a556d872 - - default default] Method 'is_advsvc' is deprecated since 2023.2 release (neutron-lib 3.8.0) and will be removed once support for the old RBAC API policies will be removed from Neutron. Please use method 'is_service_role' instead.
2026-06-14 00:00:55.123 10 INFO neutron.wsgi [None req-33fccae9-ab37-4756-9ba1-f70ea09d866c 22706d3fd45848a28bf95dbf810091da fa06b874d2b147a79324ec53f3171497 - - default default] 10.0.0.154 "GET /v2.0/routers/62d53e76-5bb8-457c-92c4-4294bda8450f HTTP/1.1" status: 200 len: 770 time: 0.0423641
2026-06-14 00:00:55.654 9 WARNING neutron.scheduler.dhcp_agent_scheduler [None req-88c884da-4c1d-44ff-9c5c-57d36916cc4a d82379a54e9d42c89121411f01267d1f eafe0b3200d849198858dac8a556d872 - - default default] No more DHCP agents
2026-06-14 00:00:55.656 9 WARNING neutron.api.rpc.agentnotifiers.dhcp_rpc_agent_api [None req-88c884da-4c1d-44ff-9c5c-57d36916cc4a d82379a54e9d42c89121411f01267d1f eafe0b3200d849198858dac8a556d872 - - default default] Unable to schedule network 7b8efc48-fb63-4bd9-9cba-92e000cacdfb: no agents available; will retry on subsequent port and subnet creation events.
2026-06-14 00:00:55.712 10 INFO neutron.db.ovn_revision_numbers_db [None req-c802df79-fe44-4d2c-a3ef-ea98297d9bb4 22706d3fd45848a28bf95dbf810091da fa06b874d2b147a79324ec53f3171497 - - default default] Successfully bumped revision number for resource 62d53e76-5bb8-457c-92c4-4294bda8450f (type: routers) to 7
2026-06-14 00:00:55.718 10 INFO neutron.wsgi [None req-c802df79-fe44-4d2c-a3ef-ea98297d9bb4 22706d3fd45848a28bf95dbf810091da fa06b874d2b147a79324ec53f3171497 - - default default] 10.0.0.154 "PUT /v2.0/routers/62d53e76-5bb8-457c-92c4-4294bda8450f HTTP/1.1" status: 200 len: 770 time: 0.5912921
2026-06-14 00:00:55.752 10 INFO neutron.wsgi [None req-bda4a129-67d9-4495-8b5e-b6074b9e882d 22706d3fd45848a28bf95dbf810091da fa06b874d2b147a79324ec53f3171497 - - default default] 10.0.0.154 "GET /v2.0/ports?device_id=62d53e76-5bb8-457c-92c4-4294bda8450f HTTP/1.1" status: 200 len: 205 time: 0.0294838
2026-06-14 00:00:55.818 9 INFO neutron.db.ovn_revision_numbers_db [None req-88c884da-4c1d-44ff-9c5c-57d36916cc4a d82379a54e9d42c89121411f01267d1f eafe0b3200d849198858dac8a556d872 - - default default] Successfully bumped revision number for resource d9d38740-78c6-423b-8c16-b18b769362b4 (type: ports) to 1
2026-06-14 00:00:56.050 10 INFO neutron.wsgi [None req-68ace974-7fc3-40ee-92a4-f861dee39dd7 22706d3fd45848a28bf95dbf810091da fa06b874d2b147a79324ec53f3171497 - - default default] 10.0.0.154 "DELETE /v2.0/routers/62d53e76-5bb8-457c-92c4-4294bda8450f HTTP/1.1" status: 204 len: 168 time: 0.2903821
2026-06-14 00:00:56.060 9 INFO neutron.db.ovn_revision_numbers_db [None req-88c884da-4c1d-44ff-9c5c-57d36916cc4a d82379a54e9d42c89121411f01267d1f eafe0b3200d849198858dac8a556d872 - - default default] Successfully bumped revision number for resource d9d38740-78c6-423b-8c16-b18b769362b4 (type: ports) to 1
2026-06-14 00:00:56.094 10 INFO neutron.wsgi [req-35fb372c-1862-4e49-b04d-153bdfb26492 req-f7632951-bed9-4717-9b2f-ee5c916d5bf7 cc35375415c04932aa15e15693ac39da ffecf4c666d14fc9949868c6ad9614fd - - default default] 10.0.0.84 "GET /v2.0/ports?device_id=62b89012-5f5d-4e10-92da-4fd88efc88a8 HTTP/1.1" status: 200 len: 1398 time: 0.1373627
2026-06-14 00:00:56.141 9 INFO neutron.db.segments_db [None req-88c884da-4c1d-44ff-9c5c-57d36916cc4a d82379a54e9d42c89121411f01267d1f eafe0b3200d849198858dac8a556d872 - - default default] Added segment 5ff93a08-5e2d-44df-b119-e47f173bc459 of type geneve for network ba27e3db-c220-4cc0-b187-ad68ebfffcf7
2026-06-14 00:00:56.162 10 INFO neutron.wsgi [req-35fb372c-1862-4e49-b04d-153bdfb26492 req-4090e0a7-95e4-43dc-b47f-83d5a292cc98 cc35375415c04932aa15e15693ac39da ffecf4c666d14fc9949868c6ad9614fd - - default default] 10.0.0.84 "GET /v2.0/security-groups?id=37a4f165-ee83-4081-a577-ebdfc046003f&fields=id&fields=name HTTP/1.1" status: 200 len: 311 time: 0.0565312
2026-06-14 00:00:56.300 9 INFO neutron.db.ovn_revision_numbers_db [None req-88c884da-4c1d-44ff-9c5c-57d36916cc4a d82379a54e9d42c89121411f01267d1f eafe0b3200d849198858dac8a556d872 - - default default] Successfully bumped revision number for resource ba27e3db-c220-4cc0-b187-ad68ebfffcf7 (type: networks) to 1
2026-06-14 00:00:56.458 9 WARNING neutron.scheduler.dhcp_agent_scheduler [None req-88c884da-4c1d-44ff-9c5c-57d36916cc4a d82379a54e9d42c89121411f01267d1f eafe0b3200d849198858dac8a556d872 - - default default] No more DHCP agents
2026-06-14 00:00:56.460 9 WARNING neutron.api.rpc.agentnotifiers.dhcp_rpc_agent_api [None req-88c884da-4c1d-44ff-9c5c-57d36916cc4a d82379a54e9d42c89121411f01267d1f eafe0b3200d849198858dac8a556d872 - - default default] Unable to schedule network ba27e3db-c220-4cc0-b187-ad68ebfffcf7: no agents available; will retry on subsequent port and subnet creation events.
2026-06-14 00:00:56.555 9 INFO neutron.db.ovn_revision_numbers_db [None req-88c884da-4c1d-44ff-9c5c-57d36916cc4a d82379a54e9d42c89121411f01267d1f eafe0b3200d849198858dac8a556d872 - - default default] Successfully bumped revision number for resource 1a64a10c-7d70-4d8c-97e6-a39947cb0636 (type: ports) to 1
2026-06-14 00:00:56.909 9 WARNING neutron.scheduler.dhcp_agent_scheduler [None req-88c884da-4c1d-44ff-9c5c-57d36916cc4a d82379a54e9d42c89121411f01267d1f eafe0b3200d849198858dac8a556d872 - - default default] No more DHCP agents
2026-06-14 00:00:56.911 9 WARNING neutron.api.rpc.agentnotifiers.dhcp_rpc_agent_api [None req-88c884da-4c1d-44ff-9c5c-57d36916cc4a d82379a54e9d42c89121411f01267d1f eafe0b3200d849198858dac8a556d872 - - default default] Unable to schedule network ba27e3db-c220-4cc0-b187-ad68ebfffcf7: no agents available; will retry on subsequent port and subnet creation events.
2026-06-14 00:00:56.942 9 INFO neutron.db.ovn_revision_numbers_db [None req-88c884da-4c1d-44ff-9c5c-57d36916cc4a d82379a54e9d42c89121411f01267d1f eafe0b3200d849198858dac8a556d872 - - default default] Successfully bumped revision number for resource 712cb34e-554d-48d9-b0d5-ce643edb703b (type: subnets) to 0
2026-06-14 00:00:57.141 10 INFO neutron.db.ovn_revision_numbers_db [None req-8e21e0e6-3fe5-4514-b2a8-f2fe0ccc481f ffe9042a33aa4d02b4b0570c5608a184 dadf9082a04b4d8f99ec28f752e4f7d0 - - default default] Successfully bumped revision number for resource 93f2f693-d008-4909-bb45-1b718805059a (type: security_groups) to 1
2026-06-14 00:00:57.154 10 INFO neutron.db.ovn_revision_numbers_db [None req-8e21e0e6-3fe5-4514-b2a8-f2fe0ccc481f ffe9042a33aa4d02b4b0570c5608a184 dadf9082a04b4d8f99ec28f752e4f7d0 - - default default] Successfully bumped revision number for resource 134b58b4-7c21-4121-8105-0cfe9ba96ca4 (type: security_group_rules) to 0
2026-06-14 00:00:57.167 10 INFO neutron.db.ovn_revision_numbers_db [None req-8e21e0e6-3fe5-4514-b2a8-f2fe0ccc481f ffe9042a33aa4d02b4b0570c5608a184 dadf9082a04b4d8f99ec28f752e4f7d0 - - default default] Successfully bumped revision number for resource 529de6b3-a6a3-4fd2-bc65-ce6816504431 (type: security_group_rules) to 0
2026-06-14 00:00:57.184 10 INFO neutron.db.ovn_revision_numbers_db [None req-8e21e0e6-3fe5-4514-b2a8-f2fe0ccc481f ffe9042a33aa4d02b4b0570c5608a184 dadf9082a04b4d8f99ec28f752e4f7d0 - - default default] Successfully bumped revision number for resource d8c72cbc-78da-4072-b917-8798aa6061a2 (type: security_group_rules) to 0
2026-06-14 00:00:57.215 10 INFO neutron.db.ovn_revision_numbers_db [None req-8e21e0e6-3fe5-4514-b2a8-f2fe0ccc481f ffe9042a33aa4d02b4b0570c5608a184 dadf9082a04b4d8f99ec28f752e4f7d0 - - default default] Successfully bumped revision number for resource dcc914d8-7791-4956-aa89-79be8a7974ff (type: security_group_rules) to 0
2026-06-14 00:00:57.247 10 INFO neutron.wsgi [None req-8e21e0e6-3fe5-4514-b2a8-f2fe0ccc481f ffe9042a33aa4d02b4b0570c5608a184 dadf9082a04b4d8f99ec28f752e4f7d0 - - default default] 10.0.0.154 "GET /v2.0/security-groups?tenant_id=db3e682dd6444dc8a35e0b48245003f0&name=default HTTP/1.1" status: 200 len: 3124 time: 0.4071887
2026-06-14 00:00:57.354 9 WARNING neutron.scheduler.dhcp_agent_scheduler [None req-88c884da-4c1d-44ff-9c5c-57d36916cc4a d82379a54e9d42c89121411f01267d1f eafe0b3200d849198858dac8a556d872 - - default default] No more DHCP agents
2026-06-14 00:00:57.356 9 WARNING neutron.api.rpc.agentnotifiers.dhcp_rpc_agent_api [None req-88c884da-4c1d-44ff-9c5c-57d36916cc4a d82379a54e9d42c89121411f01267d1f eafe0b3200d849198858dac8a556d872 - - default default] Unable to schedule network ba27e3db-c220-4cc0-b187-ad68ebfffcf7: no agents available; will retry on subsequent port and subnet creation events.
2026-06-14 00:00:57.488 10 INFO neutron.wsgi [None req-bc23fc2a-73d2-419f-8f24-3b8b93872ebb ffe9042a33aa4d02b4b0570c5608a184 dadf9082a04b4d8f99ec28f752e4f7d0 - - default default] 10.0.0.154 "DELETE /v2.0/security-groups/93f2f693-d008-4909-bb45-1b718805059a HTTP/1.1" status: 204 len: 168 time: 0.2360053
2026-06-14 00:00:57.560 9 INFO neutron.db.ovn_revision_numbers_db [None req-88c884da-4c1d-44ff-9c5c-57d36916cc4a d82379a54e9d42c89121411f01267d1f eafe0b3200d849198858dac8a556d872 - - default default] Successfully bumped revision number for resource 4adc6dec-fb15-46b7-9170-2379a39a761d (type: ports) to 1
2026-06-14 00:00:57.778 9 WARNING neutron.plugins.ml2.drivers.ovn.mech_driver.ovsdb.ovn_client [None req-994a81b5-3fe4-49cd-b805-57da2d353614 - - - - - -] No hosting information found for port 7c47abdb-c74d-4e08-9174-446dca1a0c14: RuntimeError: No hosting information found for port 7c47abdb-c74d-4e08-9174-446dca1a0c14
2026-06-14 00:00:57.779 9 INFO neutron.plugins.ml2.drivers.ovn.mech_driver.mech_driver [None req-994a81b5-3fe4-49cd-b805-57da2d353614 - - - - - -] OVN reports status up for port: 97fb658c-e9ae-4c85-b9ce-7f13553deade
2026-06-14 00:00:57.783 9 INFO neutron.db.ovn_revision_numbers_db [None req-ac4d0fc3-bcb9-4c90-948b-58bbe425c410 ffe9042a33aa4d02b4b0570c5608a184 dadf9082a04b4d8f99ec28f752e4f7d0 - - default default] Successfully bumped revision number for resource 2d928ee4-a725-4e3f-aa0e-5084e4aa5636 (type: security_groups) to 1
2026-06-14 00:00:57.800 9 INFO neutron.plugins.ml2.plugin [None req-994a81b5-3fe4-49cd-b805-57da2d353614 - - - - - -] Attempt 1 to provision port 97fb658c-e9ae-4c85-b9ce-7f13553deade
2026-06-14 00:00:57.816 9 INFO neutron.db.ovn_revision_numbers_db [None req-ac4d0fc3-bcb9-4c90-948b-58bbe425c410 ffe9042a33aa4d02b4b0570c5608a184 dadf9082a04b4d8f99ec28f752e4f7d0 - - default default] Successfully bumped revision number for resource 29820501-f4cf-467a-ab1d-5dd30feb564e (type: security_group_rules) to 0
2026-06-14 00:00:57.841 9 INFO neutron.db.ovn_revision_numbers_db [None req-ac4d0fc3-bcb9-4c90-948b-58bbe425c410 ffe9042a33aa4d02b4b0570c5608a184 dadf9082a04b4d8f99ec28f752e4f7d0 - - default default] Successfully bumped revision number for resource 92d488f3-7c58-4173-bf8b-de6c9c48d328 (type: security_group_rules) to 0
2026-06-14 00:00:57.867 9 INFO neutron.db.ovn_revision_numbers_db [None req-ac4d0fc3-bcb9-4c90-948b-58bbe425c410 ffe9042a33aa4d02b4b0570c5608a184 dadf9082a04b4d8f99ec28f752e4f7d0 - - default default] Successfully bumped revision number for resource a3b51cd7-a0c5-4933-8d64-fc07c02decfc (type: security_group_rules) to 0
2026-06-14 00:00:57.894 9 INFO neutron.db.ovn_revision_numbers_db [None req-ac4d0fc3-bcb9-4c90-948b-58bbe425c410 ffe9042a33aa4d02b4b0570c5608a184 dadf9082a04b4d8f99ec28f752e4f7d0 - - default default] Successfully bumped revision number for resource af841ac8-530a-4cf2-8d6b-52e9ea2bf2ea (type: security_group_rules) to 0
2026-06-14 00:00:57.928 9 INFO neutron.wsgi [None req-ac4d0fc3-bcb9-4c90-948b-58bbe425c410 ffe9042a33aa4d02b4b0570c5608a184 dadf9082a04b4d8f99ec28f752e4f7d0 - - default default] 10.0.0.154 "GET /v2.0/security-groups?tenant_id=fa06b874d2b147a79324ec53f3171497&name=default HTTP/1.1" status: 200 len: 3124 time: 0.3327744
2026-06-14 00:00:58.002 9 INFO neutron.notifiers.nova [-] Nova event matching ['req-9d874835-26d7-4241-94b7-35adb4d57ec4'] response: {'server_uuid': '62b89012-5f5d-4e10-92da-4fd88efc88a8', 'name': 'network-vif-plugged', 'status': 'completed', 'tag': '97fb658c-e9ae-4c85-b9ce-7f13553deade', 'code': 200}
2026-06-14 00:00:58.191 10 INFO neutron.wsgi [None req-f8fd4c39-2528-48cd-b2df-3681ed5a83fa ffe9042a33aa4d02b4b0570c5608a184 dadf9082a04b4d8f99ec28f752e4f7d0 - - default default] 10.0.0.154 "DELETE /v2.0/security-groups/2d928ee4-a725-4e3f-aa0e-5084e4aa5636 HTTP/1.1" status: 204 len: 168 time: 0.2566619
2026-06-14 00:00:58.244 10 INFO neutron.wsgi [-] 10.0.0.111 "GET / HTTP/1.1" status: 200 len: 246 time: 0.0040584
2026-06-14 00:00:58.247 10 INFO neutron.wsgi [-] 10.0.0.111 "GET / HTTP/1.1" status: 200 len: 246 time: 0.0019858
2026-06-14 00:00:58.281 9 INFO neutron.db.ovn_revision_numbers_db [None req-994a81b5-3fe4-49cd-b805-57da2d353614 - - - - - -] Successfully bumped revision number for resource 97fb658c-e9ae-4c85-b9ce-7f13553deade (type: ports) to 4
2026-06-14 00:00:58.317 9 ERROR ovsdbapp.backend.ovs_idl.command [None req-88c884da-4c1d-44ff-9c5c-57d36916cc4a d82379a54e9d42c89121411f01267d1f eafe0b3200d849198858dac8a556d872 - - default default] Error executing command (DbGetCommand): ovsdbapp.backend.ovs_idl.idlutils.RowNotFound: Cannot find Logical_Router_Port with name=lrp-4adc6dec-fb15-46b7-9170-2379a39a761d
