2026-06-13 23:59:34.125 10 ERROR neutron_lib.callbacks.manager [None req-4e99fa2e-0af5-4d13-98a9-8924bbae6f19 ffe9042a33aa4d02b4b0570c5608a184 dadf9082a04b4d8f99ec28f752e4f7d0 - - default default] Error during notification for neutron.services.ovn_l3.plugin.OVNL3RouterPlugin._port_update-8748536747741 port, after_update: ovsdbapp.backend.ovs_idl.idlutils.RowNotFound: Cannot find Logical_Router_Port with name=lrp-020a3844-5ea2-4932-8f24-e025defe040f
2026-06-13 23:59:34.125 10 ERROR neutron_lib.callbacks.manager
Traceback (most recent call last):
2026-06-13 23:59:34.125 10 ERROR neutron_lib.callbacks.manager
File "/var/lib/openstack/lib/python3.10/site-packages/neutron_lib/callbacks/manager.py", line 189, in _notify_loop
2026-06-13 23:59:34.125 10 ERROR neutron_lib.callbacks.manager callback.method(resource, event, trigger, payload=payload)
2026-06-13 23:59:34.125 10 ERROR neutron_lib.callbacks.manager
File "/var/lib/openstack/lib/python3.10/site-packages/neutron/services/ovn_l3/plugin.py", line 391, in _port_update
2026-06-13 23:59:34.125 10 ERROR neutron_lib.callbacks.manager l3plugin._ovn_client.update_router_port(context,
2026-06-13 23:59:34.125 10 ERROR neutron_lib.callbacks.manager
File "/var/lib/openstack/lib/python3.10/site-packages/neutron/plugins/ml2/drivers/ovn/mech_driver/ovsdb/ovn_client.py", line 1878, in update_router_port
2026-06-13 23:59:34.125 10 ERROR neutron_lib.callbacks.manager self._update_lrouter_port(context, port, if_exists=if_exists,
2026-06-13 23:59:34.125 10 ERROR neutron_lib.callbacks.manager
File "/var/lib/openstack/lib/python3.10/site-packages/neutron/plugins/ml2/drivers/ovn/mech_driver/ovsdb/ovn_client.py", line 1855, in _update_lrouter_port
2026-06-13 23:59:34.125 10 ERROR neutron_lib.callbacks.manager external_ids = self._nb_idl.db_get(
2026-06-13 23:59:34.125 10 ERROR neutron_lib.callbacks.manager
File "/var/lib/openstack/lib/python3.10/site-packages/ovsdbapp/backend/ovs_idl/command.py", line 47, in execute
2026-06-13 23:59:34.125 10 ERROR neutron_lib.callbacks.manager self.run_idl(None)
2026-06-13 23:59:34.125 10 ERROR neutron_lib.callbacks.manager
File "/var/lib/openstack/lib/python3.10/site-packages/ovsdbapp/backend/ovs_idl/command.py", line 235, in run_idl
2026-06-13 23:59:34.125 10 ERROR neutron_lib.callbacks.manager record = self.api.lookup(self.table, self.record)
2026-06-13 23:59:34.125 10 ERROR neutron_lib.callbacks.manager
File "/var/lib/openstack/lib/python3.10/site-packages/ovsdbapp/backend/ovs_idl/__init__.py", line 184, in lookup
2026-06-13 23:59:34.125 10 ERROR neutron_lib.callbacks.manager return self._lookup(table, record)
2026-06-13 23:59:34.125 10 ERROR neutron_lib.callbacks.manager
File "/var/lib/openstack/lib/python3.10/site-packages/ovsdbapp/backend/ovs_idl/__init__.py", line 235, in _lookup
2026-06-13 23:59:34.125 10 ERROR neutron_lib.callbacks.manager row = idlutils.row_by_value(self, rl.table, rl.column, record)
2026-06-13 23:59:34.125 10 ERROR neutron_lib.callbacks.manager
File "/var/lib/openstack/lib/python3.10/site-packages/ovsdbapp/backend/ovs_idl/idlutils.py", line 114, in row_by_value
2026-06-13 23:59:34.125 10 ERROR neutron_lib.callbacks.manager raise RowNotFound(table=table, col=column, match=match)
2026-06-13 23:59:34.125 10 ERROR neutron_lib.callbacks.manager ovsdbapp.backend.ovs_idl.idlutils.RowNotFound: Cannot find Logical_Router_Port with name=lrp-020a3844-5ea2-4932-8f24-e025defe040f
2026-06-13 23:59:34.125 10 ERROR neutron_lib.callbacks.manager 
2026-06-13 23:59:34.260 9 INFO neutron.db.ovn_revision_numbers_db [None req-ab46c11e-e476-4e28-b476-30ebb8a685c9 - - - - - -] Successfully bumped revision number for resource 316a3aa0-a2ed-4f8c-9301-4bd6689750d8 (type: router_ports) to 3
2026-06-13 23:59:34.368 10 INFO neutron.db.ovn_revision_numbers_db [None req-4e99fa2e-0af5-4d13-98a9-8924bbae6f19 ffe9042a33aa4d02b4b0570c5608a184 dadf9082a04b4d8f99ec28f752e4f7d0 - - default default] Successfully bumped revision number for resource 020a3844-5ea2-4932-8f24-e025defe040f (type: ports) to 1
2026-06-13 23:59:34.448 10 WARNING neutron.scheduler.dhcp_agent_scheduler [None req-4e99fa2e-0af5-4d13-98a9-8924bbae6f19 ffe9042a33aa4d02b4b0570c5608a184 dadf9082a04b4d8f99ec28f752e4f7d0 - - default default] No more DHCP agents
2026-06-13 23:59:34.450 10 WARNING neutron.api.rpc.agentnotifiers.dhcp_rpc_agent_api [None req-4e99fa2e-0af5-4d13-98a9-8924bbae6f19 ffe9042a33aa4d02b4b0570c5608a184 dadf9082a04b4d8f99ec28f752e4f7d0 - - default default] Unable to schedule network e605c95e-bc75-4c06-aa30-385cf1fbf5b8: no agents available; will retry on subsequent port and subnet creation events.
2026-06-13 23:59:34.522 9 INFO neutron.db.ovn_revision_numbers_db [None req-0ad44e0b-8122-4cac-b5b7-fbba4b11ace0 ffe9042a33aa4d02b4b0570c5608a184 dadf9082a04b4d8f99ec28f752e4f7d0 - - default default] Successfully bumped revision number for resource 2e360dc8-ddcd-4d40-abf6-389924b3f644 (type: security_groups) to 1
2026-06-13 23:59:34.552 9 INFO neutron.db.ovn_revision_numbers_db [None req-0ad44e0b-8122-4cac-b5b7-fbba4b11ace0 ffe9042a33aa4d02b4b0570c5608a184 dadf9082a04b4d8f99ec28f752e4f7d0 - - default default] Successfully bumped revision number for resource 308c1069-ab2d-478b-b857-1c0eb786e2ec (type: security_group_rules) to 0
2026-06-13 23:59:34.568 9 INFO neutron.db.ovn_revision_numbers_db [None req-ab46c11e-e476-4e28-b476-30ebb8a685c9 - - - - - -] Successfully bumped revision number for resource 316a3aa0-a2ed-4f8c-9301-4bd6689750d8 (type: ports) to 2
2026-06-13 23:59:34.569 9 INFO neutron.db.ovn_revision_numbers_db [None req-0ad44e0b-8122-4cac-b5b7-fbba4b11ace0 ffe9042a33aa4d02b4b0570c5608a184 dadf9082a04b4d8f99ec28f752e4f7d0 - - default default] Successfully bumped revision number for resource 4f0c244a-b488-4816-82b7-1ca0d95a7700 (type: security_group_rules) to 0
2026-06-13 23:59:34.570 10 INFO neutron.plugins.ml2.drivers.ovn.mech_driver.mech_driver [None req-7f51bcc4-bade-4819-b882-6b2b9175102a - - - - - -] OVN reports status down for port: 772f4c68-f91f-4a27-81a9-bae99ac7263b
2026-06-13 23:59:34.586 9 INFO neutron.db.ovn_revision_numbers_db [None req-0ad44e0b-8122-4cac-b5b7-fbba4b11ace0 ffe9042a33aa4d02b4b0570c5608a184 dadf9082a04b4d8f99ec28f752e4f7d0 - - default default] Successfully bumped revision number for resource 70496f81-a7ba-475b-ab86-34faa76f394d (type: security_group_rules) to 0
2026-06-13 23:59:34.603 10 INFO neutron.notifiers.nova [-] Nova event matching ['req-0503a234-a940-41aa-b2c8-f07545625e96'] response: {'server_uuid': '22f63cc2-6130-49d4-bac2-a7ecc3bf7c0f', 'name': 'network-vif-plugged', 'status': 'completed', 'tag': '772f4c68-f91f-4a27-81a9-bae99ac7263b', 'code': 200}
2026-06-13 23:59:34.604 10 INFO neutron.notifiers.nova [-] Nova event matching ['req-0503a234-a940-41aa-b2c8-f07545625e96'] response: {'server_uuid': 'd97f7f13-f3ab-4039-b85f-963b906fcd9a', 'name': 'network-vif-plugged', 'status': 'completed', 'tag': '8ac85b1f-49f7-472e-af93-f021cf7c1b08', 'code': 200}
2026-06-13 23:59:34.604 10 INFO neutron.notifiers.nova [-] Nova event matching ['req-0503a234-a940-41aa-b2c8-f07545625e96'] response: {'server_uuid': 'd97f7f13-f3ab-4039-b85f-963b906fcd9a', 'name': 'network-vif-plugged', 'status': 'completed', 'tag': '8ac85b1f-49f7-472e-af93-f021cf7c1b08', 'code': 200}
2026-06-13 23:59:34.612 9 INFO neutron.db.ovn_revision_numbers_db [None req-0ad44e0b-8122-4cac-b5b7-fbba4b11ace0 ffe9042a33aa4d02b4b0570c5608a184 dadf9082a04b4d8f99ec28f752e4f7d0 - - default default] Successfully bumped revision number for resource e67956ba-622e-4b66-8bc7-502ad207c474 (type: security_group_rules) to 0
2026-06-13 23:59:34.617 10 INFO neutron.wsgi [req-ca2fe982-5e0f-471e-865d-279ac8ea3c54 req-79d3cf41-0261-4ab3-96ac-10e9ed83a469 a7ea0d7aa8394f25ae24937a84d7b6b8 96f63ec0f7e444d1a64b51ad8834a55f - - default default] 10.0.0.84 "GET /v2.0/ports?device_id=22f63cc2-6130-49d4-bac2-a7ecc3bf7c0f HTTP/1.1" status: 200 len: 1174 time: 0.0962298
2026-06-13 23:59:34.639 9 INFO neutron.wsgi [None req-0ad44e0b-8122-4cac-b5b7-fbba4b11ace0 ffe9042a33aa4d02b4b0570c5608a184 dadf9082a04b4d8f99ec28f752e4f7d0 - - default default] 10.0.0.154 "GET /v2.0/security-groups?tenant_id=ea28e7f2ea0f45caafd310033d19e2f6&name=default HTTP/1.1" status: 200 len: 3120 time: 0.5659351
2026-06-13 23:59:34.946 10 INFO neutron.wsgi [req-ca2fe982-5e0f-471e-865d-279ac8ea3c54 req-d33815d1-7d5e-41d1-bad9-86b44f47d290 a7ea0d7aa8394f25ae24937a84d7b6b8 96f63ec0f7e444d1a64b51ad8834a55f - - default default] 10.0.0.84 "GET /v2.0/security-groups?id=400a8014-e657-459e-b6b5-e018ff9699d4&fields=id&fields=name HTTP/1.1" status: 200 len: 286 time: 0.3239841
2026-06-13 23:59:34.966 10 INFO neutron.wsgi [req-c33ced46-22d2-4692-8873-e503118ef05b req-97159c54-8259-41c5-a389-9f62b29c3d5c a7ea0d7aa8394f25ae24937a84d7b6b8 96f63ec0f7e444d1a64b51ad8834a55f - - default default] 199.204.45.65 "GET /v2.0/ports?device_id=22f63cc2-6130-49d4-bac2-a7ecc3bf7c0f HTTP/1.1" status: 200 len: 1174 time: 0.0713246
2026-06-13 23:59:34.992 9 INFO neutron.wsgi [None req-d692c905-e30b-4746-b35d-efc4c775c9f0 ffe9042a33aa4d02b4b0570c5608a184 dadf9082a04b4d8f99ec28f752e4f7d0 - - default default] 10.0.0.154 "DELETE /v2.0/security-groups/2e360dc8-ddcd-4d40-abf6-389924b3f644 HTTP/1.1" status: 204 len: 168 time: 0.3459582
2026-06-13 23:59:35.046 9 INFO neutron.db.ovn_revision_numbers_db [None req-ab46c11e-e476-4e28-b476-30ebb8a685c9 - - - - - -] Successfully bumped revision number for resource 316a3aa0-a2ed-4f8c-9301-4bd6689750d8 (type: ports) to 4
2026-06-13 23:59:35.250 9 INFO neutron.wsgi [req-734fc01f-5b1f-44d0-bec7-f42d3ea964f7 req-6009eaec-51c4-4cd2-89b2-0f3363601e9d 39722df709be4183ba86ab3aa5e06cf1 799d194f5d38429c823455ee4e158f96 - - default default] 10.0.0.84 "GET /v2.0/ports?device_id=d97f7f13-f3ab-4039-b85f-963b906fcd9a HTTP/1.1" status: 200 len: 1170 time: 0.0660357
2026-06-13 23:59:35.303 9 INFO neutron.db.ovn_revision_numbers_db [None req-3c1dff6a-9b86-43b4-a48d-d19da6c3a95c ffe9042a33aa4d02b4b0570c5608a184 dadf9082a04b4d8f99ec28f752e4f7d0 - - default default] Successfully bumped revision number for resource 1fc3ba95-a9ae-4efb-8bd2-ea3900e5896f (type: security_groups) to 1
2026-06-13 23:59:35.321 9 INFO neutron.wsgi [req-734fc01f-5b1f-44d0-bec7-f42d3ea964f7 req-452b0d46-c61a-4da4-b00a-a7802cec7b45 39722df709be4183ba86ab3aa5e06cf1 799d194f5d38429c823455ee4e158f96 - - default default] 10.0.0.84 "GET /v2.0/security-groups?id=a3dc0bb1-1445-4a53-8cfc-30c4022e209f&fields=id&fields=name HTTP/1.1" status: 200 len: 313 time: 0.0632370
2026-06-13 23:59:35.330 9 INFO neutron.db.ovn_revision_numbers_db [None req-3c1dff6a-9b86-43b4-a48d-d19da6c3a95c ffe9042a33aa4d02b4b0570c5608a184 dadf9082a04b4d8f99ec28f752e4f7d0 - - default default] Successfully bumped revision number for resource 5bd5cd7f-e91c-4d9d-9365-99c3ea506de8 (type: security_group_rules) to 0
2026-06-13 23:59:35.348 9 INFO neutron.db.ovn_revision_numbers_db [None req-3c1dff6a-9b86-43b4-a48d-d19da6c3a95c ffe9042a33aa4d02b4b0570c5608a184 dadf9082a04b4d8f99ec28f752e4f7d0 - - default default] Successfully bumped revision number for resource e13b7f3f-e74a-4fa5-be6c-859dc8d1d124 (type: security_group_rules) to 0
2026-06-13 23:59:35.373 9 INFO neutron.db.ovn_revision_numbers_db [None req-3c1dff6a-9b86-43b4-a48d-d19da6c3a95c ffe9042a33aa4d02b4b0570c5608a184 dadf9082a04b4d8f99ec28f752e4f7d0 - - default default] Successfully bumped revision number for resource e5a22b11-8b43-4a03-8507-1e8bcc7a31f1 (type: security_group_rules) to 0
2026-06-13 23:59:35.400 9 INFO neutron.db.ovn_revision_numbers_db [None req-3c1dff6a-9b86-43b4-a48d-d19da6c3a95c ffe9042a33aa4d02b4b0570c5608a184 dadf9082a04b4d8f99ec28f752e4f7d0 - - default default] Successfully bumped revision number for resource f7609fae-87ee-42db-b389-dec5568a6127 (type: security_group_rules) to 0
2026-06-13 23:59:35.405 9 INFO neutron.db.ovn_revision_numbers_db [None req-ab46c11e-e476-4e28-b476-30ebb8a685c9 - - - - - -] Successfully bumped revision number for resource 316a3aa0-a2ed-4f8c-9301-4bd6689750d8 (type: router_ports) to 4
2026-06-13 23:59:35.415 10 INFO neutron.db.ovn_revision_numbers_db [None req-7f51bcc4-bade-4819-b882-6b2b9175102a - - - - - -] Successfully bumped revision number for resource 772f4c68-f91f-4a27-81a9-bae99ac7263b (type: ports) to 5
2026-06-13 23:59:35.431 9 INFO neutron.wsgi [None req-3c1dff6a-9b86-43b4-a48d-d19da6c3a95c ffe9042a33aa4d02b4b0570c5608a184 dadf9082a04b4d8f99ec28f752e4f7d0 - - default default] 10.0.0.154 "GET /v2.0/security-groups?tenant_id=f26001b9fb754b2294f3fd3ff3795aef&name=default HTTP/1.1" status: 200 len: 3120 time: 0.3191888
2026-06-13 23:59:35.466 10 INFO neutron.wsgi [req-6de825dc-31aa-4fd5-9f02-8cc8074c0018 req-9a7cfaaf-4418-4879-883d-856d1634927d 39722df709be4183ba86ab3aa5e06cf1 799d194f5d38429c823455ee4e158f96 - - default default] 10.0.0.84 "GET /v2.0/ports?device_id=d97f7f13-f3ab-4039-b85f-963b906fcd9a HTTP/1.1" status: 200 len: 1170 time: 0.0704725
2026-06-13 23:59:35.545 9 INFO neutron.plugins.ml2.drivers.ovn.mech_driver.mech_driver [None req-994a81b5-3fe4-49cd-b805-57da2d353614 - - - - - -] OVN reports status up for port: 020a3844-5ea2-4932-8f24-e025defe040f
2026-06-13 23:59:35.555 9 INFO neutron.plugins.ml2.plugin [None req-994a81b5-3fe4-49cd-b805-57da2d353614 - - - - - -] Attempt 1 to provision port 020a3844-5ea2-4932-8f24-e025defe040f
2026-06-13 23:59:35.590 10 INFO neutron.wsgi [req-6de825dc-31aa-4fd5-9f02-8cc8074c0018 req-0b5e2521-07df-4394-9b49-b8e7045836de 39722df709be4183ba86ab3aa5e06cf1 799d194f5d38429c823455ee4e158f96 - - default default] 10.0.0.84 "GET /v2.0/security-groups?id=a3dc0bb1-1445-4a53-8cfc-30c4022e209f&fields=id&fields=name HTTP/1.1" status: 200 len: 313 time: 0.1090434 /var/lib/openstack/lib/python3.10/site-packages/pycadf/identifier.py:71: UserWarning: Invalid uuid: neutron. To ensure interoperability, identifiers should be a valid uuid. warnings.warn(('Invalid uuid: %s. To ensure interoperability, '
2026-06-13 23:59:35.659 10 INFO neutron.wsgi [req-c33ced46-22d2-4692-8873-e503118ef05b req-d913a3d0-b6a4-4667-8955-304b2fdeeb10 a7ea0d7aa8394f25ae24937a84d7b6b8 96f63ec0f7e444d1a64b51ad8834a55f - - default default] 199.204.45.65 "DELETE /v2.0/ports/772f4c68-f91f-4a27-81a9-bae99ac7263b HTTP/1.1" status: 204 len: 173 time: 0.6873634
2026-06-13 23:59:35.673 10 INFO neutron.wsgi [None req-80d999f0-a8df-4cd7-9aed-750acd80890c 3e0e65abffe346dd9bd0b1ef4fe1a5c0 ed972b1cf324461e8732f48fd06b5d47 - - default default] 10.0.0.154 "GET /v2.0/ports?device_id=d97f7f13-f3ab-4039-b85f-963b906fcd9a HTTP/1.1" status: 200 len: 1404 time: 0.0568287
2026-06-13 23:59:35.757 9 INFO neutron.wsgi [None req-2e4b2b1d-c785-4d72-ab08-95515c7eaee7 ffe9042a33aa4d02b4b0570c5608a184 dadf9082a04b4d8f99ec28f752e4f7d0 - - default default] 10.0.0.154 "DELETE /v2.0/security-groups/1fc3ba95-a9ae-4efb-8bd2-ea3900e5896f HTTP/1.1" status: 204 len: 168 time: 0.3178241
2026-06-13 23:59:35.976 10 INFO neutron.db.ovn_revision_numbers_db [None req-4e99fa2e-0af5-4d13-98a9-8924bbae6f19 ffe9042a33aa4d02b4b0570c5608a184 dadf9082a04b4d8f99ec28f752e4f7d0 - - default default] Successfully bumped revision number for resource 020a3844-5ea2-4932-8f24-e025defe040f (type: router_ports) to 1
2026-06-13 23:59:35.981 10 INFO neutron.wsgi [None req-4e99fa2e-0af5-4d13-98a9-8924bbae6f19 ffe9042a33aa4d02b4b0570c5608a184 dadf9082a04b4d8f99ec28f752e4f7d0 - - default default] 10.0.0.154 "PUT /v2.0/routers/56921837-55b9-4323-bca5-b9b913bd99da/add_router_interface HTTP/1.1" status: 200 len: 503 time: 3.2014384
2026-06-13 23:59:36.095 10 INFO neutron.db.ovn_revision_numbers_db [None req-4146c00f-4dab-49ee-a9a7-b2a63abd5609 ffe9042a33aa4d02b4b0570c5608a184 dadf9082a04b4d8f99ec28f752e4f7d0 - - default default] Successfully bumped revision number for resource d922f843-9afd-4a48-b890-f2ffb249ff31 (type: security_groups) to 1
2026-06-13 23:59:36.109 10 INFO neutron.db.ovn_revision_numbers_db [None req-4146c00f-4dab-49ee-a9a7-b2a63abd5609 ffe9042a33aa4d02b4b0570c5608a184 dadf9082a04b4d8f99ec28f752e4f7d0 - - default default] Successfully bumped revision number for resource 179b861d-2a67-4caa-8f8b-e53225f06b4a (type: security_group_rules) to 0
2026-06-13 23:59:36.123 10 INFO neutron.db.ovn_revision_numbers_db [None req-4146c00f-4dab-49ee-a9a7-b2a63abd5609 ffe9042a33aa4d02b4b0570c5608a184 dadf9082a04b4d8f99ec28f752e4f7d0 - - default default] Successfully bumped revision number for resource 1aa9857c-99bd-4f72-bfc0-41c25585fe67 (type: security_group_rules) to 0
2026-06-13 23:59:36.146 10 INFO neutron.db.ovn_revision_numbers_db [None req-4146c00f-4dab-49ee-a9a7-b2a63abd5609 ffe9042a33aa4d02b4b0570c5608a184 dadf9082a04b4d8f99ec28f752e4f7d0 - - default default] Successfully bumped revision number for resource 3cf8219a-8fd5-4fc4-8915-82ad78ea2140 (type: security_group_rules) to 0
2026-06-13 23:59:36.163 10 INFO neutron.db.ovn_revision_numbers_db [None req-4146c00f-4dab-49ee-a9a7-b2a63abd5609 ffe9042a33aa4d02b4b0570c5608a184 dadf9082a04b4d8f99ec28f752e4f7d0 - - default default] Successfully bumped revision number for resource 4bf06890-c47d-44a7-9355-2e336420078d (type: security_group_rules) to 0
2026-06-13 23:59:36.191 10 INFO neutron.wsgi [None req-4146c00f-4dab-49ee-a9a7-b2a63abd5609 ffe9042a33aa4d02b4b0570c5608a184 dadf9082a04b4d8f99ec28f752e4f7d0 - - default default] 10.0.0.154 "GET /v2.0/security-groups?tenant_id=01e190c7020345d999b2285c1de20adb&name=default HTTP/1.1" status: 200 len: 3120 time: 0.2447376
2026-06-13 23:59:36.380 9 INFO neutron.db.ovn_revision_numbers_db [None req-994a81b5-3fe4-49cd-b805-57da2d353614 - - - - - -] Successfully bumped revision number for resource 020a3844-5ea2-4932-8f24-e025defe040f (type: ports) to 2
2026-06-13 23:59:36.455 10 INFO neutron.wsgi [None req-48f21ba0-d798-4cbf-b90e-fd3c4da709f2 ffe9042a33aa4d02b4b0570c5608a184 dadf9082a04b4d8f99ec28f752e4f7d0 - - default default] 10.0.0.154 "DELETE /v2.0/security-groups/d922f843-9afd-4a48-b890-f2ffb249ff31 HTTP/1.1" status: 204 len: 168 time: 0.2580166
2026-06-13 23:59:36.595 9 INFO neutron.db.ovn_revision_numbers_db [None req-994a81b5-3fe4-49cd-b805-57da2d353614 - - - - - -] Successfully bumped revision number for resource 020a3844-5ea2-4932-8f24-e025defe040f (type: router_ports) to 2
2026-06-13 23:59:36.636 10 INFO neutron.notifiers.nova [-] Nova event matching ['req-750374f9-8f7b-4b85-b920-18902bdc67b8'] response: {'server_uuid': '22f63cc2-6130-49d4-bac2-a7ecc3bf7c0f', 'name': 'network-vif-unplugged', 'status': 'completed', 'tag': '772f4c68-f91f-4a27-81a9-bae99ac7263b', 'code': 200}
2026-06-13 23:59:36.637 10 INFO neutron.notifiers.nova [-] Nova event matching ['req-750374f9-8f7b-4b85-b920-18902bdc67b8'] response: {'server_uuid': '22f63cc2-6130-49d4-bac2-a7ecc3bf7c0f', 'name': 'network-vif-unplugged', 'status': 'completed', 'tag': '772f4c68-f91f-4a27-81a9-bae99ac7263b', 'code': 200}
2026-06-13 23:59:36.637 10 INFO neutron.notifiers.nova [-] Nova event matching ['req-750374f9-8f7b-4b85-b920-18902bdc67b8'] response: {'server_uuid': '22f63cc2-6130-49d4-bac2-a7ecc3bf7c0f', 'name': 'network-vif-deleted', 'tag': '772f4c68-f91f-4a27-81a9-bae99ac7263b', 'status': 'completed', 'code': 200} /var/lib/openstack/lib/python3.10/site-packages/pycadf/identifier.py:71: UserWarning: Invalid uuid: neutron. To ensure interoperability, identifiers should be a valid uuid. warnings.warn(('Invalid uuid: %s. To ensure interoperability, '
2026-06-13 23:59:36.742 10 WARNING neutron_lib.context [None req-8ea2a074-cbb7-468d-8302-33ce6f003026 a746bfa6524f44dab2e5bca2bce3e83c e8e0c92c5646468ab53e98200318f6a7 - - default default] Method 'is_advsvc' is deprecated since 2023.2 release (neutron-lib 3.8.0) and will be removed once support for the old RBAC API policies will be removed from Neutron. Please use method 'is_service_role' instead.
2026-06-13 23:59:36.752 9 INFO neutron.db.ovn_revision_numbers_db [None req-384ad1c1-cffa-4834-bf97-465fbb8e00d6 39722df709be4183ba86ab3aa5e06cf1 799d194f5d38429c823455ee4e158f96 - - default default] Successfully bumped revision number for resource 08711318-e664-4a5f-96c9-423c0c4e36ac (type: floatingips) to 4
2026-06-13 23:59:36.858 9 INFO neutron.db.ovn_revision_numbers_db [None req-384ad1c1-cffa-4834-bf97-465fbb8e00d6 39722df709be4183ba86ab3aa5e06cf1 799d194f5d38429c823455ee4e158f96 - - default default] Successfully bumped revision number for resource 08711318-e664-4a5f-96c9-423c0c4e36ac (type: floatingips) to 5
2026-06-13 23:59:36.858 9 INFO neutron.db.l3_db [None req-384ad1c1-cffa-4834-bf97-465fbb8e00d6 39722df709be4183ba86ab3aa5e06cf1 799d194f5d38429c823455ee4e158f96 - - default default] Floating IP 08711318-e664-4a5f-96c9-423c0c4e36ac associated. External IP: 10.96.250.211, port: 8ac85b1f-49f7-472e-af93-f021cf7c1b08.
2026-06-13 23:59:36.870 10 INFO neutron.db.ovn_revision_numbers_db [None req-8ea2a074-cbb7-468d-8302-33ce6f003026 a746bfa6524f44dab2e5bca2bce3e83c e8e0c92c5646468ab53e98200318f6a7 - - default default] Successfully bumped revision number for resource 1f797b13-50dd-48a3-8fe8-8c2a242c3d44 (type: security_groups) to 1
2026-06-13 23:59:36.884 9 INFO neutron.wsgi [None req-384ad1c1-cffa-4834-bf97-465fbb8e00d6 39722df709be4183ba86ab3aa5e06cf1 799d194f5d38429c823455ee4e158f96 - - default default] 10.0.0.154 "PUT /v2.0/floatingips/08711318-e664-4a5f-96c9-423c0c4e36ac HTTP/1.1" status: 200 len: 1049 time: 1.2005453
2026-06-13 23:59:36.888 10 INFO neutron.db.ovn_revision_numbers_db [None req-8ea2a074-cbb7-468d-8302-33ce6f003026 a746bfa6524f44dab2e5bca2bce3e83c e8e0c92c5646468ab53e98200318f6a7 - - default default] Successfully bumped revision number for resource 6d4b2335-cc50-4ece-b6e4-7cf5db20d3a1 (type: security_group_rules) to 0
2026-06-13 23:59:36.904 10 INFO neutron.db.ovn_revision_numbers_db [None req-8ea2a074-cbb7-468d-8302-33ce6f003026 a746bfa6524f44dab2e5bca2bce3e83c e8e0c92c5646468ab53e98200318f6a7 - - default default] Successfully bumped revision number for resource c9810e50-6572-48f6-8002-146d045f2037 (type: security_group_rules) to 0
2026-06-13 23:59:36.932 10 INFO neutron.wsgi [None req-8ea2a074-cbb7-468d-8302-33ce6f003026 a746bfa6524f44dab2e5bca2bce3e83c e8e0c92c5646468ab53e98200318f6a7 - - default default] 10.0.0.154 "POST /v2.0/security-groups HTTP/1.1" status: 201 len: 1875 time: 0.1977646
2026-06-13 23:59:36.937 9 INFO neutron.wsgi [None req-a7beb1ee-3d2a-4ded-b685-d9ba2ebfa3ec 39722df709be4183ba86ab3aa5e06cf1 799d194f5d38429c823455ee4e158f96 - - default default] 10.0.0.154 "GET /v2.0/floatingips/08711318-e664-4a5f-96c9-423c0c4e36ac HTTP/1.1" status: 200 len: 1051 time: 0.0471778
2026-06-13 23:59:36.943 9 WARNING neutron_lib.context [None req-dcc1128e-3f6a-4283-a313-c0d3e54b53fe a746bfa6524f44dab2e5bca2bce3e83c e8e0c92c5646468ab53e98200318f6a7 - - default default] Method 'is_advsvc' is deprecated since 2023.2 release (neutron-lib 3.8.0) and will be removed once support for the old RBAC API policies will be removed from Neutron. Please use method 'is_service_role' instead.
2026-06-13 23:59:36.955 9 INFO neutron.notifiers.nova [-] Nova event matching ['req-80cb7c6a-50e4-4199-8746-27e4c0442c71'] response: {'name': 'network-changed', 'server_uuid': 'd97f7f13-f3ab-4039-b85f-963b906fcd9a', 'tag': '8ac85b1f-49f7-472e-af93-f021cf7c1b08', 'status': 'completed', 'code': 200}
2026-06-13 23:59:37.030 10 INFO neutron.wsgi [req-04cf5d14-5e4b-4b30-adf2-191233fb9a00 req-16bd0517-d1ef-4867-b0d5-0e9dc1bb57fc 277e49ef5d984633b8041c030935a035 28075bb2ca0d4cec8c9fcc8064ae0a7b - - 9ef2e5948c5541d992dd4c03bcbf193e 9ef2e5948c5541d992dd4c03bcbf193e] 199.204.45.65 "GET /v2.0/ports?tenant_id=799d194f5d38429c823455ee4e158f96&device_id=d97f7f13-f3ab-4039-b85f-963b906fcd9a HTTP/1.1" status: 200 len: 1409 time: 0.0528736
2026-06-13 23:59:37.101 10 INFO neutron.wsgi [req-04cf5d14-5e4b-4b30-adf2-191233fb9a00 req-228751e1-3802-4417-bffe-f3337eb9d47e 277e49ef5d984633b8041c030935a035 28075bb2ca0d4cec8c9fcc8064ae0a7b - - 9ef2e5948c5541d992dd4c03bcbf193e 9ef2e5948c5541d992dd4c03bcbf193e] 199.204.45.65 "GET /v2.0/networks?id=81c2ed36-5388-469c-b382-c400e6460cdb HTTP/1.1" status: 200 len: 959 time: 0.0638332
2026-06-13 23:59:37.128 9 INFO neutron.db.ovn_revision_numbers_db [None req-dcc1128e-3f6a-4283-a313-c0d3e54b53fe a746bfa6524f44dab2e5bca2bce3e83c e8e0c92c5646468ab53e98200318f6a7 - - default default] Successfully bumped revision number for resource 6563fe83-7172-460b-a5ac-a7824245d5f8 (type: security_group_rules) to 0
2026-06-13 23:59:37.158 9 INFO neutron.wsgi [None req-dcc1128e-3f6a-4283-a313-c0d3e54b53fe a746bfa6524f44dab2e5bca2bce3e83c e8e0c92c5646468ab53e98200318f6a7 - - default default] 10.0.0.154 "POST /v2.0/security-group-rules HTTP/1.1" status: 201 len: 796 time: 0.2192903
2026-06-13 23:59:37.170 9 WARNING neutron_lib.context [None req-d47f69bb-d32a-42d3-a6af-55046b645b13 a746bfa6524f44dab2e5bca2bce3e83c e8e0c92c5646468ab53e98200318f6a7 - - default default] Method 'is_advsvc' is deprecated since 2023.2 release (neutron-lib 3.8.0) and will be removed once support for the old RBAC API policies will be removed from Neutron. Please use method 'is_service_role' instead.
2026-06-13 23:59:37.187 10 INFO neutron.wsgi [req-04cf5d14-5e4b-4b30-adf2-191233fb9a00 req-444cbdeb-4491-4606-8bc8-5779d5cd7ec3 277e49ef5d984633b8041c030935a035 28075bb2ca0d4cec8c9fcc8064ae0a7b - - 9ef2e5948c5541d992dd4c03bcbf193e 9ef2e5948c5541d992dd4c03bcbf193e] 199.204.45.65 "GET /v2.0/floatingips?fixed_ip_address=10.100.0.6&port_id=8ac85b1f-49f7-472e-af93-f021cf7c1b08 HTTP/1.1" status: 200 len: 1059 time: 0.0779591
2026-06-13 23:59:37.222 10 INFO neutron.wsgi [req-04cf5d14-5e4b-4b30-adf2-191233fb9a00 req-21931bf5-a9e3-419d-9f18-5a3722698d6f 277e49ef5d984633b8041c030935a035 28075bb2ca0d4cec8c9fcc8064ae0a7b - - 9ef2e5948c5541d992dd4c03bcbf193e 9ef2e5948c5541d992dd4c03bcbf193e] 199.204.45.65 "GET /v2.0/subnets?id=fb27a4f5-03c7-47df-8a65-5ae74b0500a6 HTTP/1.1" status: 200 len: 852 time: 0.0298021
2026-06-13 23:59:37.246 10 INFO neutron.wsgi [req-04cf5d14-5e4b-4b30-adf2-191233fb9a00 req-80b61d3d-7b27-4e13-bf41-548cd745df63 277e49ef5d984633b8041c030935a035 28075bb2ca0d4cec8c9fcc8064ae0a7b - - 9ef2e5948c5541d992dd4c03bcbf193e 9ef2e5948c5541d992dd4c03bcbf193e] 199.204.45.65 "GET /v2.0/ports?network_id=81c2ed36-5388-469c-b382-c400e6460cdb&device_owner=network%3Adhcp HTTP/1.1" status: 200 len: 210 time: 0.0178397
2026-06-13 23:59:37.309 10 INFO neutron.wsgi [req-04cf5d14-5e4b-4b30-adf2-191233fb9a00 req-88b46ddb-bbf9-47f1-aaa4-6fdb3b809d96 277e49ef5d984633b8041c030935a035 28075bb2ca0d4cec8c9fcc8064ae0a7b - - 9ef2e5948c5541d992dd4c03bcbf193e 9ef2e5948c5541d992dd4c03bcbf193e] 199.204.45.65 "GET /v2.0/networks/81c2ed36-5388-469c-b382-c400e6460cdb?fields=segments HTTP/1.1" status: 200 len: 212 time: 0.0584390
2026-06-13 23:59:37.375 10 INFO neutron.wsgi [req-04cf5d14-5e4b-4b30-adf2-191233fb9a00 req-97f039e9-48f5-4214-a2a7-f5fa02ef1c29 277e49ef5d984633b8041c030935a035 28075bb2ca0d4cec8c9fcc8064ae0a7b - - 9ef2e5948c5541d992dd4c03bcbf193e 9ef2e5948c5541d992dd4c03bcbf193e] 199.204.45.65 "GET /v2.0/networks/81c2ed36-5388-469c-b382-c400e6460cdb?fields=provider%3Aphysical_network&fields=provider%3Anetwork_type HTTP/1.1" status: 200 len: 277 time: 0.0597243
2026-06-13 23:59:37.377 9 INFO neutron.db.ovn_revision_numbers_db [None req-d47f69bb-d32a-42d3-a6af-55046b645b13 a746bfa6524f44dab2e5bca2bce3e83c e8e0c92c5646468ab53e98200318f6a7 - - default default] Successfully bumped revision number for resource 362108ae-51ef-48b8-bd37-87680c4ffb0e (type: security_group_rules) to 0
2026-06-13 23:59:37.419 9 INFO neutron.wsgi [None req-d47f69bb-d32a-42d3-a6af-55046b645b13 a746bfa6524f44dab2e5bca2bce3e83c e8e0c92c5646468ab53e98200318f6a7 - - default default] 10.0.0.154 "POST /v2.0/security-group-rules HTTP/1.1" status: 201 len: 795 time: 0.2541811
2026-06-13 23:59:37.438 10 WARNING neutron_lib.context [None req-8bcd63da-f5c6-400e-a597-e9a823595f8d a746bfa6524f44dab2e5bca2bce3e83c e8e0c92c5646468ab53e98200318f6a7 - - default default] Method 'is_advsvc' is deprecated since 2023.2 release (neutron-lib 3.8.0) and will be removed once support for the old RBAC API policies will be removed from Neutron. Please use method 'is_service_role' instead.
2026-06-13 23:59:37.603 10 INFO neutron.db.ovn_revision_numbers_db [None req-8bcd63da-f5c6-400e-a597-e9a823595f8d a746bfa6524f44dab2e5bca2bce3e83c e8e0c92c5646468ab53e98200318f6a7 - - default default] Successfully bumped revision number for resource 02a6cb3e-e5df-4c45-ab6e-b56d79248eb0 (type: security_group_rules) to 0
2026-06-13 23:59:37.636 10 INFO neutron.wsgi [None req-8bcd63da-f5c6-400e-a597-e9a823595f8d a746bfa6524f44dab2e5bca2bce3e83c e8e0c92c5646468ab53e98200318f6a7 - - default default] 10.0.0.154 "POST /v2.0/security-group-rules HTTP/1.1" status: 201 len: 801 time: 0.2055087
2026-06-13 23:59:37.645 10 WARNING neutron_lib.context [None req-c04c0053-97cf-47af-90d7-e993dfec2a67 a746bfa6524f44dab2e5bca2bce3e83c e8e0c92c5646468ab53e98200318f6a7 - - default default] Method 'is_advsvc' is deprecated since 2023.2 release (neutron-lib 3.8.0) and will be removed once support for the old RBAC API policies will be removed from Neutron. Please use method 'is_service_role' instead.
2026-06-13 23:59:37.787 10 INFO neutron.db.ovn_revision_numbers_db [None req-c04c0053-97cf-47af-90d7-e993dfec2a67 a746bfa6524f44dab2e5bca2bce3e83c e8e0c92c5646468ab53e98200318f6a7 - - default default] Successfully bumped revision number for resource 832a5afc-0f37-49fa-96cb-83cb1fac8ee2 (type: security_group_rules) to 0
2026-06-13 23:59:37.816 10 INFO neutron.wsgi [None req-c04c0053-97cf-47af-90d7-e993dfec2a67 a746bfa6524f44dab2e5bca2bce3e83c e8e0c92c5646468ab53e98200318f6a7 - - default default] 10.0.0.154 "POST /v2.0/security-group-rules HTTP/1.1" status: 201 len: 800 time: 0.1746240
2026-06-13 23:59:37.826 10 WARNING neutron_lib.context [None req-641f6107-abf8-46da-8644-a30e05e1c898 a746bfa6524f44dab2e5bca2bce3e83c e8e0c92c5646468ab53e98200318f6a7 - - default default] Method 'is_advsvc' is deprecated since 2023.2 release (neutron-lib 3.8.0) and will be removed once support for the old RBAC API policies will be removed from Neutron. Please use method 'is_service_role' instead.
2026-06-13 23:59:37.865 10 INFO neutron.db.securitygroups_db [None req-641f6107-abf8-46da-8644-a30e05e1c898 a746bfa6524f44dab2e5bca2bce3e83c e8e0c92c5646468ab53e98200318f6a7 - - default default] Project e8e0c92c5646468ab53e98200318f6a7 added a security group rule with legacy IPv6 ICMP protocol name icmp, ipv6-icmp should be used instead. It was automatically converted.
2026-06-13 23:59:37.977 10 INFO neutron.db.ovn_revision_numbers_db [None req-641f6107-abf8-46da-8644-a30e05e1c898 a746bfa6524f44dab2e5bca2bce3e83c e8e0c92c5646468ab53e98200318f6a7 - - default default] Successfully bumped revision number for resource e843ddc1-2145-429b-86c4-5024ea8cf2bb (type: security_group_rules) to 0
2026-06-13 23:59:38.007 10 INFO neutron.wsgi [None req-641f6107-abf8-46da-8644-a30e05e1c898 a746bfa6524f44dab2e5bca2bce3e83c e8e0c92c5646468ab53e98200318f6a7 - - default default] 10.0.0.154 "POST /v2.0/security-group-rules HTTP/1.1" status: 201 len: 806 time: 0.1863182
2026-06-13 23:59:38.018 10 WARNING neutron_lib.context [None req-c3ff9568-0a2a-488b-91df-e7ddc1783904 a746bfa6524f44dab2e5bca2bce3e83c e8e0c92c5646468ab53e98200318f6a7 - - default default] Method 'is_advsvc' is deprecated since 2023.2 release (neutron-lib 3.8.0) and will be removed once support for the old RBAC API policies will be removed from Neutron. Please use method 'is_service_role' instead.
2026-06-13 23:59:38.056 10 INFO neutron.db.securitygroups_db [None req-c3ff9568-0a2a-488b-91df-e7ddc1783904 a746bfa6524f44dab2e5bca2bce3e83c e8e0c92c5646468ab53e98200318f6a7 - - default default] Project e8e0c92c5646468ab53e98200318f6a7 added a security group rule with legacy IPv6 ICMP protocol name icmp, ipv6-icmp should be used instead. It was automatically converted.
2026-06-13 23:59:38.426 10 INFO neutron.db.ovn_revision_numbers_db [None req-c3ff9568-0a2a-488b-91df-e7ddc1783904 a746bfa6524f44dab2e5bca2bce3e83c e8e0c92c5646468ab53e98200318f6a7 - - default default] Successfully bumped revision number for resource c0db2868-5212-40ca-9082-3662cb43e31f (type: security_group_rules) to 0
2026-06-13 23:59:38.461 10 INFO neutron.wsgi [None req-c3ff9568-0a2a-488b-91df-e7ddc1783904 a746bfa6524f44dab2e5bca2bce3e83c e8e0c92c5646468ab53e98200318f6a7 - - default default] 10.0.0.154 "POST /v2.0/security-group-rules HTTP/1.1" status: 201 len: 805 time: 0.4483316
2026-06-13 23:59:38.883 10 WARNING neutron_lib.context [None req-a03b3410-72a7-424d-a10d-b48c25845ef5 a746bfa6524f44dab2e5bca2bce3e83c e8e0c92c5646468ab53e98200318f6a7 - - default default] Method 'is_advsvc' is deprecated since 2023.2 release (neutron-lib 3.8.0) and will be removed once support for the old RBAC API policies will be removed from Neutron. Please use method 'is_service_role' instead.
2026-06-13 23:59:38.961 9 INFO neutron.wsgi [None req-f2f3d1c0-ab20-469b-ac8d-1243f91ab586 ffe9042a33aa4d02b4b0570c5608a184 dadf9082a04b4d8f99ec28f752e4f7d0 - - default default] 10.0.0.154 "PUT /v2.0/routers/71e6bcf4-4812-4978-a96f-d9eda1041477/remove_router_interface HTTP/1.1" status: 200 len: 503 time: 1.7491062 /var/lib/openstack/lib/python3.10/site-packages/pycadf/identifier.py:71: UserWarning: Invalid uuid: neutron. To ensure interoperability, identifiers should be a valid uuid. warnings.warn(('Invalid uuid: %s. To ensure interoperability, '
2026-06-13 23:59:39.002 10 INFO neutron.db.ovn_revision_numbers_db [None req-a03b3410-72a7-424d-a10d-b48c25845ef5 a746bfa6524f44dab2e5bca2bce3e83c e8e0c92c5646468ab53e98200318f6a7 - - default default] Successfully bumped revision number for resource 05cd2160-7d85-485c-bbd2-c69b8ac832b8 (type: security_groups) to 1
2026-06-13 23:59:39.015 10 INFO neutron.db.ovn_revision_numbers_db [None req-a03b3410-72a7-424d-a10d-b48c25845ef5 a746bfa6524f44dab2e5bca2bce3e83c e8e0c92c5646468ab53e98200318f6a7 - - default default] Successfully bumped revision number for resource 13ba58e7-687f-4ecd-8878-0b32570f13fb (type: security_group_rules) to 0
2026-06-13 23:59:39.029 10 INFO neutron.db.ovn_revision_numbers_db [None req-a03b3410-72a7-424d-a10d-b48c25845ef5 a746bfa6524f44dab2e5bca2bce3e83c e8e0c92c5646468ab53e98200318f6a7 - - default default] Successfully bumped revision number for resource cadeb213-90c5-4073-9d76-0fabae329577 (type: security_group_rules) to 0
2026-06-13 23:59:39.045 10 INFO neutron.wsgi [None req-a03b3410-72a7-424d-a10d-b48c25845ef5 a746bfa6524f44dab2e5bca2bce3e83c e8e0c92c5646468ab53e98200318f6a7 - - default default] 10.0.0.154 "POST /v2.0/security-groups HTTP/1.1" status: 201 len: 1860 time: 0.1684771
2026-06-13 23:59:39.055 10 WARNING neutron_lib.context [None req-a0ff2e08-864f-4bdc-83e5-5a99ed911b78 a746bfa6524f44dab2e5bca2bce3e83c e8e0c92c5646468ab53e98200318f6a7 - - default default] Method 'is_advsvc' is deprecated since 2023.2 release (neutron-lib 3.8.0) and will be removed once support for the old RBAC API policies will be removed from Neutron. Please use method 'is_service_role' instead.
2026-06-13 23:59:39.178 10 INFO neutron.db.ovn_revision_numbers_db [None req-a0ff2e08-864f-4bdc-83e5-5a99ed911b78 a746bfa6524f44dab2e5bca2bce3e83c e8e0c92c5646468ab53e98200318f6a7 - - default default] Successfully bumped revision number for resource d027455a-e12b-419b-8508-68b8a91d5e0e (type: security_group_rules) to 0
2026-06-13 23:59:39.200 10 INFO neutron.wsgi [None req-a0ff2e08-864f-4bdc-83e5-5a99ed911b78 a746bfa6524f44dab2e5bca2bce3e83c e8e0c92c5646468ab53e98200318f6a7 - - default default] 10.0.0.154 "POST /v2.0/security-group-rules HTTP/1.1" status: 201 len: 796 time: 0.1495104
2026-06-13 23:59:39.210 10 WARNING neutron_lib.context [None req-cabdf594-bf34-4549-8a69-abc3dd01c018 a746bfa6524f44dab2e5bca2bce3e83c e8e0c92c5646468ab53e98200318f6a7 - - default default] Method 'is_advsvc' is deprecated since 2023.2 release (neutron-lib 3.8.0) and will be removed once support for the old RBAC API policies will be removed from Neutron. Please use method 'is_service_role' instead.
2026-06-13 23:59:39.338 10 INFO neutron.db.ovn_revision_numbers_db [None req-cabdf594-bf34-4549-8a69-abc3dd01c018 a746bfa6524f44dab2e5bca2bce3e83c e8e0c92c5646468ab53e98200318f6a7 - - default default] Successfully bumped revision number for resource 223a40b3-d823-4df0-9866-6b04cbd074f9 (type: security_group_rules) to 0
2026-06-13 23:59:39.369 10 INFO neutron.wsgi [None req-cabdf594-bf34-4549-8a69-abc3dd01c018 a746bfa6524f44dab2e5bca2bce3e83c e8e0c92c5646468ab53e98200318f6a7 - - default default] 10.0.0.154 "POST /v2.0/security-group-rules HTTP/1.1" status: 201 len: 801 time: 0.1643882
2026-06-13 23:59:39.381 10 WARNING neutron_lib.context [None req-9502f496-7a19-4b02-a929-166687db704f a746bfa6524f44dab2e5bca2bce3e83c e8e0c92c5646468ab53e98200318f6a7 - - default default] Method 'is_advsvc' is deprecated since 2023.2 release (neutron-lib 3.8.0) and will be removed once support for the old RBAC API policies will be removed from Neutron. Please use method 'is_service_role' instead.
2026-06-13 23:59:39.651 10 WARNING neutron.scheduler.dhcp_agent_scheduler [None req-9502f496-7a19-4b02-a929-166687db704f a746bfa6524f44dab2e5bca2bce3e83c e8e0c92c5646468ab53e98200318f6a7 - - default default] No more DHCP agents
2026-06-13 23:59:39.653 10 WARNING neutron.api.rpc.agentnotifiers.dhcp_rpc_agent_api [None req-9502f496-7a19-4b02-a929-166687db704f a746bfa6524f44dab2e5bca2bce3e83c e8e0c92c5646468ab53e98200318f6a7 - - default default] Unable to schedule network 7b8efc48-fb63-4bd9-9cba-92e000cacdfb: no agents available; will retry on subsequent port and subnet creation events.
2026-06-13 23:59:39.958 10 INFO neutron.wsgi [None req-9502f496-7a19-4b02-a929-166687db704f a746bfa6524f44dab2e5bca2bce3e83c e8e0c92c5646468ab53e98200318f6a7 - - default default] 10.0.0.154 "POST /v2.0/floatingips HTTP/1.1" status: 201 len: 751 time: 0.5826316
2026-06-13 23:59:40.109 9 INFO neutron.wsgi [req-63ce8b71-64e2-4993-ad59-15c89d7a1315 req-b7a7a7fa-69db-4135-90e1-85658d2d112e a746bfa6524f44dab2e5bca2bce3e83c e8e0c92c5646468ab53e98200318f6a7 - - default default] 10.0.0.84 "GET /v2.0/security-groups?name=tempest-securitygroup--164146875&fields=id&tenant_id=e8e0c92c5646468ab53e98200318f6a7 HTTP/1.1" status: 200 len: 267 time: 0.0789175
2026-06-13 23:59:40.136 9 INFO neutron.wsgi [None req-029254fe-ee4e-4abf-a04a-d80c902ec64e ffe9042a33aa4d02b4b0570c5608a184 dadf9082a04b4d8f99ec28f752e4f7d0 - - default default] 10.0.0.154 "DELETE /v2.0/routers/71e6bcf4-4812-4978-a96f-d9eda1041477 HTTP/1.1" status: 204 len: 168 time: 1.1692567
2026-06-13 23:59:40.165 9 INFO neutron.wsgi [req-63ce8b71-64e2-4993-ad59-15c89d7a1315 req-b882a4c2-67c7-412f-8462-b5959db5ea63 a746bfa6524f44dab2e5bca2bce3e83c e8e0c92c5646468ab53e98200318f6a7 - - default default] 10.0.0.84 "GET /v2.0/security-groups?name=tempest-secgroup-smoke-1126896525&fields=id&tenant_id=e8e0c92c5646468ab53e98200318f6a7 HTTP/1.1" status: 200 len: 267 time: 0.0480454
2026-06-13 23:59:40.266 9 INFO neutron.wsgi [req-63ce8b71-64e2-4993-ad59-15c89d7a1315 req-0182fbb3-95db-4cc2-a722-b6cff3b28163 a746bfa6524f44dab2e5bca2bce3e83c e8e0c92c5646468ab53e98200318f6a7 - - default default] 10.0.0.84 "GET /v2.0/networks?id=5f6cec66-f6cd-4486-878e-85c7dffecced HTTP/1.1" status: 200 len: 871 time: 0.0868466
2026-06-13 23:59:40.283 9 INFO neutron.wsgi [req-63ce8b71-64e2-4993-ad59-15c89d7a1315 req-55abf9f4-80ef-42dd-899b-fb01ba81e6ac a746bfa6524f44dab2e5bca2bce3e83c e8e0c92c5646468ab53e98200318f6a7 - - default default] 10.0.0.84 "GET /v2.0/quotas/e8e0c92c5646468ab53e98200318f6a7 HTTP/1.1" status: 200 len: 491 time: 0.0107012
2026-06-13 23:59:40.378 9 INFO neutron.wsgi [req-63ce8b71-64e2-4993-ad59-15c89d7a1315 req-b3cda436-10a4-47bd-a2ee-ffa3ea72fcae a746bfa6524f44dab2e5bca2bce3e83c e8e0c92c5646468ab53e98200318f6a7 - - default default] 10.0.0.84 "GET /v2.0/ports?tenant_id=e8e0c92c5646468ab53e98200318f6a7&fields=id HTTP/1.1" status: 200 len: 302 time: 0.0902603
2026-06-13 23:59:40.383 10 INFO neutron.wsgi [None req-ab4cbd7b-38af-4b40-aa9b-cf6ba8c66472 ffe9042a33aa4d02b4b0570c5608a184 dadf9082a04b4d8f99ec28f752e4f7d0 - - default default] 10.0.0.154 "DELETE /v2.0/subnets/af6f9b56-44c4-4b23-8970-d52c034ad8c8 HTTP/1.1" status: 204 len: 168 time: 0.2392020
2026-06-13 23:59:40.457 9 INFO neutron.wsgi [req-63ce8b71-64e2-4993-ad59-15c89d7a1315 req-c38785c2-b04c-4a4d-8b87-11882fc166a4 277e49ef5d984633b8041c030935a035 28075bb2ca0d4cec8c9fcc8064ae0a7b - - 9ef2e5948c5541d992dd4c03bcbf193e 9ef2e5948c5541d992dd4c03bcbf193e] 10.0.0.84 "GET /v2.0/networks/5f6cec66-f6cd-4486-878e-85c7dffecced?fields=segments HTTP/1.1" status: 200 len: 212 time: 0.0658302
2026-06-13 23:59:40.522 9 INFO neutron.wsgi [req-63ce8b71-64e2-4993-ad59-15c89d7a1315 req-8c674776-bc3e-4e89-95a7-cea7589c5f0d 277e49ef5d984633b8041c030935a035 28075bb2ca0d4cec8c9fcc8064ae0a7b - - 9ef2e5948c5541d992dd4c03bcbf193e 9ef2e5948c5541d992dd4c03bcbf193e] 10.0.0.84 "GET /v2.0/networks/5f6cec66-f6cd-4486-878e-85c7dffecced?fields=provider%3Aphysical_network&fields=provider%3Anetwork_type HTTP/1.1" status: 200 len: 277 time: 0.0557706
2026-06-13 23:59:40.690 10 INFO neutron.wsgi [req-4f1475cf-d6c7-483c-8215-483c76fe6478 req-4db726c2-52b6-4d38-b46b-9f7c648880c6 a746bfa6524f44dab2e5bca2bce3e83c e8e0c92c5646468ab53e98200318f6a7 - - default default] 10.0.0.84 "GET /v2.0/ports?device_id=cfdf3602-a236-4d85-8710-bd404a300ead HTTP/1.1" status: 200 len: 210 time: 0.0191984
2026-06-13 23:59:40.861 10 INFO neutron.services.segments.plugin [-] Segment 979eff49-6008-48ea-b982-5be3717cade3 resource provider aggregate not found
2026-06-13 23:59:40.873 10 INFO neutron.wsgi [None req-ca9a0123-4bf5-4bd7-949c-bab11255c56e ffe9042a33aa4d02b4b0570c5608a184 dadf9082a04b4d8f99ec28f752e4f7d0 - - default default] 10.0.0.154 "DELETE /v2.0/networks/591134d5-4f44-4dac-95c9-a5d5e90f759e HTTP/1.1" status: 204 len: 168 time: 0.4832168
2026-06-13 23:59:40.874 10 INFO neutron.services.segments.plugin [-] Segment 979eff49-6008-48ea-b982-5be3717cade3 resource provider aggregate not found
2026-06-13 23:59:40.878 10 INFO neutron.services.segments.plugin [-] Segment 979eff49-6008-48ea-b982-5be3717cade3 resource provider not found; error: Placement Client Error (4xx): {"errors": [{"status": 404, "title": "Not Found", "detail": "The resource could not be found.\n\n No resource provider with uuid 979eff49-6008-48ea-b982-5be3717cade3 found for delete ", "request_id": "req-1b79df46-1e4c-4c94-a0d9-ca8eb6173b11"}]}
2026-06-13 23:59:40.885 10 INFO neutron.services.segments.plugin [-] Segment 979eff49-6008-48ea-b982-5be3717cade3 resource provider not found; error: Placement Client Error (4xx): {"errors": [{"status": 404, "title": "Not Found", "detail": "The resource could not be found.\n\n No resource provider with uuid 979eff49-6008-48ea-b982-5be3717cade3 found for delete ", "request_id": "req-d7bc85af-c67a-4ddb-aea3-b3603c0cc9b9"}]}
2026-06-13 23:59:40.936 9 WARNING neutron_lib.context [None req-816a3d6b-61f9-4617-acd3-0871b064a094 1583fbf81b754cbaad4fa6413829cc59 14c7d49d535c42c1b9580db273b473a0 - - default default] Method 'is_advsvc' is deprecated since 2023.2 release (neutron-lib 3.8.0) and will be removed once support for the old RBAC API policies will be removed from Neutron. Please use method 'is_service_role' instead.
2026-06-13 23:59:41.072 9 INFO neutron.wsgi [None req-4b2ceb1a-b087-4bdc-8be4-04166a53d963 ffe9042a33aa4d02b4b0570c5608a184 dadf9082a04b4d8f99ec28f752e4f7d0 - - default default] 10.0.0.154 "GET /v2.0/security-groups?tenant_id=96f63ec0f7e444d1a64b51ad8834a55f&name=default HTTP/1.1" status: 200 len: 3120 time: 0.0414155
2026-06-13 23:59:41.072 9 INFO neutron.db.ovn_revision_numbers_db [None req-816a3d6b-61f9-4617-acd3-0871b064a094 1583fbf81b754cbaad4fa6413829cc59 14c7d49d535c42c1b9580db273b473a0 - - default default] Successfully bumped revision number for resource 553c4cc6-ab23-4967-9c74-34df5decffbf (type: security_groups) to 1
2026-06-13 23:59:41.088 9 INFO neutron.db.ovn_revision_numbers_db [None req-816a3d6b-61f9-4617-acd3-0871b064a094 1583fbf81b754cbaad4fa6413829cc59 14c7d49d535c42c1b9580db273b473a0 - - default default] Successfully bumped revision number for resource 292b4b15-29b1-4314-9143-61d27d505f4d (type: security_group_rules) to 0
2026-06-13 23:59:41.102 9 INFO neutron.db.ovn_revision_numbers_db [None req-816a3d6b-61f9-4617-acd3-0871b064a094 1583fbf81b754cbaad4fa6413829cc59 14c7d49d535c42c1b9580db273b473a0 - - default default] Successfully bumped revision number for resource 6050dec9-d5ee-4da7-8993-c2068ceb2735 (type: security_group_rules) to 0
2026-06-13 23:59:41.116 9 INFO neutron.db.ovn_revision_numbers_db [None req-816a3d6b-61f9-4617-acd3-0871b064a094 1583fbf81b754cbaad4fa6413829cc59 14c7d49d535c42c1b9580db273b473a0 - - default default] Successfully bumped revision number for resource 72bb9c36-83f6-42d8-b63a-2565b236847f (type: security_group_rules) to 0
2026-06-13 23:59:41.131 9 INFO neutron.db.ovn_revision_numbers_db [None req-816a3d6b-61f9-4617-acd3-0871b064a094 1583fbf81b754cbaad4fa6413829cc59 14c7d49d535c42c1b9580db273b473a0 - - default default] Successfully bumped revision number for resource 8cf76fc5-a4a7-4227-83d1-b309fc5e3558 (type: security_group_rules) to 0
2026-06-13 23:59:41.237 9 INFO neutron.db.ovn_revision_numbers_db [None req-816a3d6b-61f9-4617-acd3-0871b064a094 1583fbf81b754cbaad4fa6413829cc59 14c7d49d535c42c1b9580db273b473a0 - - default default] Successfully bumped revision number for resource cbea509b-fe64-4410-affc-e302b49af620 (type: security_groups) to 1
2026-06-13 23:59:41.251 9 INFO neutron.db.ovn_revision_numbers_db [None req-816a3d6b-61f9-4617-acd3-0871b064a094 1583fbf81b754cbaad4fa6413829cc59 14c7d49d535c42c1b9580db273b473a0 - - default default] Successfully bumped revision number for resource 847e3c3d-fc84-465b-8507-b4011d7fd014 (type: security_group_rules) to 0
2026-06-13 23:59:41.266 9 INFO neutron.db.ovn_revision_numbers_db [None req-816a3d6b-61f9-4617-acd3-0871b064a094 1583fbf81b754cbaad4fa6413829cc59 14c7d49d535c42c1b9580db273b473a0 - - default default] Successfully bumped revision number for resource f52fd011-259e-4e11-af17-3cb0cf7389f3 (type: security_group_rules) to 0
2026-06-13 23:59:41.288 9 INFO neutron.wsgi [None req-816a3d6b-61f9-4617-acd3-0871b064a094 1583fbf81b754cbaad4fa6413829cc59 14c7d49d535c42c1b9580db273b473a0 - - default default] 10.0.0.154 "POST /v2.0/security-groups HTTP/1.1" status: 201 len: 1801 time: 0.6176302
2026-06-13 23:59:41.294 10 INFO neutron.wsgi [None req-d22de696-20df-496a-9e0f-9af1d4073633 ffe9042a33aa4d02b4b0570c5608a184 dadf9082a04b4d8f99ec28f752e4f7d0 - - default default] 10.0.0.154 "DELETE /v2.0/security-groups/400a8014-e657-459e-b6b5-e018ff9699d4 HTTP/1.1" status: 204 len: 168 time: 0.2179408
2026-06-13 23:59:41.303 9 WARNING neutron_lib.context [None req-e307cda4-e778-44d6-9f89-da40e88060db 1583fbf81b754cbaad4fa6413829cc59 14c7d49d535c42c1b9580db273b473a0 - - default default] Method 'is_advsvc' is deprecated since 2023.2 release (neutron-lib 3.8.0) and will be removed once support for the old RBAC API policies will be removed from Neutron. Please use method 'is_service_role' instead.
2026-06-13 23:59:41.419 9 INFO neutron.db.ovn_revision_numbers_db [None req-e307cda4-e778-44d6-9f89-da40e88060db 1583fbf81b754cbaad4fa6413829cc59 14c7d49d535c42c1b9580db273b473a0 - - default default] Successfully bumped revision number for resource cc877cb0-5659-4d8b-b988-0dd5d6e3cbf7 (type: security_groups) to 1
2026-06-13 23:59:41.434 9 INFO neutron.db.ovn_revision_numbers_db [None req-e307cda4-e778-44d6-9f89-da40e88060db 1583fbf81b754cbaad4fa6413829cc59 14c7d49d535c42c1b9580db273b473a0 - - default default] Successfully bumped revision number for resource d2667bc8-8493-4c5c-baa9-ee972830c57c (type: security_group_rules) to 0
2026-06-13 23:59:41.447 9 INFO neutron.db.ovn_revision_numbers_db [None req-e307cda4-e778-44d6-9f89-da40e88060db 1583fbf81b754cbaad4fa6413829cc59 14c7d49d535c42c1b9580db273b473a0 - - default default] Successfully bumped revision number for resource e655e3ab-a497-4590-9182-8acc3c5fe5ff (type: security_group_rules) to 0
2026-06-13 23:59:41.472 9 INFO neutron.wsgi [None req-e307cda4-e778-44d6-9f89-da40e88060db 1583fbf81b754cbaad4fa6413829cc59 14c7d49d535c42c1b9580db273b473a0 - - default default] 10.0.0.154 "POST /v2.0/security-groups HTTP/1.1" status: 201 len: 1801 time: 0.1773319
2026-06-13 23:59:41.482 10 WARNING neutron_lib.context [None req-07a54477-355d-48ac-bd2c-7b74fc48a881 1583fbf81b754cbaad4fa6413829cc59 14c7d49d535c42c1b9580db273b473a0 - - default default] Method 'is_advsvc' is deprecated since 2023.2 release (neutron-lib 3.8.0) and will be removed once support for the old RBAC API policies will be removed from Neutron. Please use method 'is_service_role' instead.
2026-06-13 23:59:41.494 10 INFO neutron.wsgi [req-63ce8b71-64e2-4993-ad59-15c89d7a1315 req-5a1902b8-46f0-4d1e-afc5-def8c4b032bd a746bfa6524f44dab2e5bca2bce3e83c e8e0c92c5646468ab53e98200318f6a7 - - default default] 199.204.45.65 "GET /v2.0/networks?id=5f6cec66-f6cd-4486-878e-85c7dffecced HTTP/1.1" status: 200 len: 871 time: 0.0899324
2026-06-13 23:59:41.551 10 INFO neutron.wsgi [req-63ce8b71-64e2-4993-ad59-15c89d7a1315 req-0596911e-4f86-4bad-bf36-7adbcce48eb5 a746bfa6524f44dab2e5bca2bce3e83c e8e0c92c5646468ab53e98200318f6a7 - - default default] 199.204.45.65 "GET /v2.0/security-groups?fields=id&fields=name&tenant_id=e8e0c92c5646468ab53e98200318f6a7 HTTP/1.1" status: 200 len: 472 time: 0.0471961
2026-06-13 23:59:41.573 10 WARNING neutron_lib.context [req-63ce8b71-64e2-4993-ad59-15c89d7a1315 req-7fd8aa84-7b74-424c-866f-9ccf7451ea4b a746bfa6524f44dab2e5bca2bce3e83c e8e0c92c5646468ab53e98200318f6a7 - - default default] Method 'is_advsvc' is deprecated since 2023.2 release (neutron-lib 3.8.0) and will be removed once support for the old RBAC API policies will be removed from Neutron. Please use method 'is_service_role' instead.
