2026-06-13 23:56:49.809 10 INFO neutron.wsgi [req-d03f56d3-35dd-4c98-ab0e-1c1691ef47ab req-2aec2160-7f4c-45b5-bd2c-f507945dc06f c468cd31e2bf4aecb78772b07f1ed827 2ca3cfa1940e46c3acd5db493732b0d9 - - default default] 10.0.0.84 "GET /v2.0/ports?device_id=bef93672-dce3-4d50-a971-d0681c42f86b HTTP/1.1" status: 200 len: 1168 time: 0.0526538
2026-06-13 23:56:49.809 10 INFO neutron.db.ovn_revision_numbers_db [req-2445c66b-4954-409d-b505-bb568f4ef4ae req-ee220854-92a4-45a8-b26e-9a7721266af9 277e49ef5d984633b8041c030935a035 28075bb2ca0d4cec8c9fcc8064ae0a7b - - 9ef2e5948c5541d992dd4c03bcbf193e 9ef2e5948c5541d992dd4c03bcbf193e] Successfully bumped revision number for resource ea7c6b42-65f8-4e26-82f2-b2c7e8b3904d (type: ports) to 2
2026-06-13 23:56:49.853 10 INFO neutron.wsgi [req-2445c66b-4954-409d-b505-bb568f4ef4ae req-ee220854-92a4-45a8-b26e-9a7721266af9 277e49ef5d984633b8041c030935a035 28075bb2ca0d4cec8c9fcc8064ae0a7b - - 9ef2e5948c5541d992dd4c03bcbf193e 9ef2e5948c5541d992dd4c03bcbf193e] 199.204.45.65 "PUT /v2.0/ports/ea7c6b42-65f8-4e26-82f2-b2c7e8b3904d HTTP/1.1" status: 200 len: 1376 time: 1.0646224
2026-06-13 23:56:49.885 10 INFO neutron.wsgi [req-d03f56d3-35dd-4c98-ab0e-1c1691ef47ab req-4a14cf46-0bf1-47f6-a1e2-b3abbb79ee83 c468cd31e2bf4aecb78772b07f1ed827 2ca3cfa1940e46c3acd5db493732b0d9 - - default default] 10.0.0.84 "GET /v2.0/security-groups?id=ff3c15ca-ca0e-4208-af2c-ff84d5a5b1f6&fields=id&fields=name HTTP/1.1" status: 200 len: 313 time: 0.0713413
2026-06-13 23:56:49.887 9 INFO neutron.wsgi [req-d952536d-c2f9-4dd1-aa92-1cf593475c32 req-b3d361a2-8208-49d1-b1bf-6290be7d3dc3 e85ad9ba0761486b89ba28cf75500e95 5ca0aa1104294bff9838032208f1803a - - default default] 10.0.0.84 "GET /v2.0/ports?device_id=9209ec30-5db5-45e2-9589-17e6a75ecf08 HTTP/1.1" status: 200 len: 1168 time: 0.0578017
2026-06-13 23:56:49.937 9 WARNING neutron.scheduler.dhcp_agent_scheduler [None req-efcab8e6-c783-4084-9c00-0c2a4a9bb548 ffe9042a33aa4d02b4b0570c5608a184 dadf9082a04b4d8f99ec28f752e4f7d0 - - default default] No more DHCP agents
2026-06-13 23:56:49.944 9 WARNING neutron.api.rpc.agentnotifiers.dhcp_rpc_agent_api [None req-efcab8e6-c783-4084-9c00-0c2a4a9bb548 ffe9042a33aa4d02b4b0570c5608a184 dadf9082a04b4d8f99ec28f752e4f7d0 - - default default] Unable to schedule network 7b8efc48-fb63-4bd9-9cba-92e000cacdfb: no agents available; will retry on subsequent port and subnet creation events.
2026-06-13 23:56:49.955 10 INFO neutron.wsgi [req-2445c66b-4954-409d-b505-bb568f4ef4ae req-93a0dadb-15c3-4328-9ab2-b946441910bc 277e49ef5d984633b8041c030935a035 28075bb2ca0d4cec8c9fcc8064ae0a7b - - 9ef2e5948c5541d992dd4c03bcbf193e 9ef2e5948c5541d992dd4c03bcbf193e] 199.204.45.65 "GET /v2.0/ports?tenant_id=2ca3cfa1940e46c3acd5db493732b0d9&device_id=bef93672-dce3-4d50-a971-d0681c42f86b HTTP/1.1" status: 200 len: 1407 time: 0.0646408
2026-06-13 23:56:49.988 9 INFO neutron.wsgi [req-d952536d-c2f9-4dd1-aa92-1cf593475c32 req-09cdafce-fd56-40f1-8eef-c7c8fba7987c e85ad9ba0761486b89ba28cf75500e95 5ca0aa1104294bff9838032208f1803a - - default default] 10.0.0.84 "GET /v2.0/security-groups?id=9da1d277-0a8e-44fa-9d0a-924def0b70f2&fields=id&fields=name HTTP/1.1" status: 200 len: 312 time: 0.0963089
2026-06-13 23:56:49.994 10 INFO neutron.wsgi [req-2445c66b-4954-409d-b505-bb568f4ef4ae req-d291d6e0-67b4-45eb-85de-78cb93e67c7a 277e49ef5d984633b8041c030935a035 28075bb2ca0d4cec8c9fcc8064ae0a7b - - 9ef2e5948c5541d992dd4c03bcbf193e 9ef2e5948c5541d992dd4c03bcbf193e] 199.204.45.65 "GET /v2.0/floatingips?fixed_ip_address=10.100.0.4&port_id=ea7c6b42-65f8-4e26-82f2-b2c7e8b3904d HTTP/1.1" status: 200 len: 217 time: 0.0291996
2026-06-13 23:56:50.043 10 INFO neutron.wsgi [req-2445c66b-4954-409d-b505-bb568f4ef4ae req-c449c518-aca8-4cf1-8eee-859aa8e5c1a4 277e49ef5d984633b8041c030935a035 28075bb2ca0d4cec8c9fcc8064ae0a7b - - 9ef2e5948c5541d992dd4c03bcbf193e 9ef2e5948c5541d992dd4c03bcbf193e] 199.204.45.65 "GET /v2.0/subnets?id=a8653e94-5357-4b6a-a7ff-3dde1062116f HTTP/1.1" status: 200 len: 873 time: 0.0423939
2026-06-13 23:56:50.093 10 INFO neutron.wsgi [req-2445c66b-4954-409d-b505-bb568f4ef4ae req-b6d8a701-7d62-404f-8833-811877c59245 277e49ef5d984633b8041c030935a035 28075bb2ca0d4cec8c9fcc8064ae0a7b - - 9ef2e5948c5541d992dd4c03bcbf193e 9ef2e5948c5541d992dd4c03bcbf193e] 199.204.45.65 "GET /v2.0/ports?network_id=dd85b149-0462-480c-8bae-d9406c55b8f9&device_owner=network%3Adhcp HTTP/1.1" status: 200 len: 210 time: 0.0392208
2026-06-13 23:56:50.102 9 INFO neutron.notifiers.nova [-] Nova event matching ['req-b524de31-56ac-4f78-876e-f71abbb20c2d'] response: {'server_uuid': '9209ec30-5db5-45e2-9589-17e6a75ecf08', 'name': 'network-vif-plugged', 'status': 'completed', 'tag': '251f2803-bc24-4964-a6be-b50602b5ea90', 'code': 200}
2026-06-13 23:56:50.150 10 INFO neutron.db.ovn_revision_numbers_db [None req-b49bd53f-e9e0-433b-9585-f7a4ab838d09 ffe9042a33aa4d02b4b0570c5608a184 dadf9082a04b4d8f99ec28f752e4f7d0 - - default default] Successfully bumped revision number for resource b0b46228-0742-4871-9c82-5850c3db9d1e (type: ports) to 2
2026-06-13 23:56:50.168 10 INFO neutron.wsgi [req-2445c66b-4954-409d-b505-bb568f4ef4ae req-e246d582-c582-4783-9785-3bb2f8865245 277e49ef5d984633b8041c030935a035 28075bb2ca0d4cec8c9fcc8064ae0a7b - - 9ef2e5948c5541d992dd4c03bcbf193e 9ef2e5948c5541d992dd4c03bcbf193e] 199.204.45.65 "GET /v2.0/networks/dd85b149-0462-480c-8bae-d9406c55b8f9?fields=segments HTTP/1.1" status: 200 len: 212 time: 0.0657866
2026-06-13 23:56:50.215 10 INFO neutron.db.ovn_revision_numbers_db [None req-b49bd53f-e9e0-433b-9585-f7a4ab838d09 ffe9042a33aa4d02b4b0570c5608a184 dadf9082a04b4d8f99ec28f752e4f7d0 - - default default] Successfully bumped revision number for resource b67cbc57-e5b6-4cb5-9845-b6f9be322646 (type: subnets) to 0
2026-06-13 23:56:50.234 10 INFO neutron.wsgi [None req-b49bd53f-e9e0-433b-9585-f7a4ab838d09 ffe9042a33aa4d02b4b0570c5608a184 dadf9082a04b4d8f99ec28f752e4f7d0 - - default default] 10.0.0.154 "POST /v2.0/subnets HTTP/1.1" status: 201 len: 867 time: 1.3006465
2026-06-13 23:56:50.243 10 INFO neutron.wsgi [req-2445c66b-4954-409d-b505-bb568f4ef4ae req-6c92ae48-34f5-4a0d-86e2-3d3e1bc4112b 277e49ef5d984633b8041c030935a035 28075bb2ca0d4cec8c9fcc8064ae0a7b - - 9ef2e5948c5541d992dd4c03bcbf193e 9ef2e5948c5541d992dd4c03bcbf193e] 199.204.45.65 "GET /v2.0/networks/dd85b149-0462-480c-8bae-d9406c55b8f9?fields=provider%3Aphysical_network&fields=provider%3Anetwork_type HTTP/1.1" status: 200 len: 277 time: 0.0669308
2026-06-13 23:56:50.297 10 INFO neutron.notifiers.nova [-] Nova event matching ['req-a5a1b03c-8629-4bfe-914b-f6b57ba58721'] response: {'name': 'network-changed', 'server_uuid': 'bef93672-dce3-4d50-a971-d0681c42f86b', 'tag': 'ea7c6b42-65f8-4e26-82f2-b2c7e8b3904d', 'status': 'completed', 'code': 200}
2026-06-13 23:56:50.343 9 INFO neutron.db.ovn_revision_numbers_db [None req-efcab8e6-c783-4084-9c00-0c2a4a9bb548 ffe9042a33aa4d02b4b0570c5608a184 dadf9082a04b4d8f99ec28f752e4f7d0 - - default default] Successfully bumped revision number for resource 77176f9c-5848-46f1-8ef8-8825f2feea13 (type: ports) to 1
2026-06-13 23:56:50.387 10 INFO neutron.wsgi [req-034a6e7f-1a1e-4137-a026-255dd7681c1c req-506ac9d6-7584-475a-91e3-5a3a4c49c929 277e49ef5d984633b8041c030935a035 28075bb2ca0d4cec8c9fcc8064ae0a7b - - 9ef2e5948c5541d992dd4c03bcbf193e 9ef2e5948c5541d992dd4c03bcbf193e] 199.204.45.65 "GET /v2.0/ports?tenant_id=2ca3cfa1940e46c3acd5db493732b0d9&device_id=bef93672-dce3-4d50-a971-d0681c42f86b HTTP/1.1" status: 200 len: 1407 time: 0.0552630
2026-06-13 23:56:50.451 9 INFO neutron.db.ovn_revision_numbers_db [None req-994a81b5-3fe4-49cd-b805-57da2d353614 - - - - - -] Successfully bumped revision number for resource 251f2803-bc24-4964-a6be-b50602b5ea90 (type: ports) to 4
2026-06-13 23:56:50.496 10 INFO neutron.wsgi [req-034a6e7f-1a1e-4137-a026-255dd7681c1c req-e3dfa35e-8fa7-40a5-a0e8-670cf4c430d8 277e49ef5d984633b8041c030935a035 28075bb2ca0d4cec8c9fcc8064ae0a7b - - 9ef2e5948c5541d992dd4c03bcbf193e 9ef2e5948c5541d992dd4c03bcbf193e] 199.204.45.65 "GET /v2.0/networks?id=dd85b149-0462-480c-8bae-d9406c55b8f9 HTTP/1.1" status: 200 len: 978 time: 0.0907714
2026-06-13 23:56:50.529 10 INFO neutron.wsgi [req-034a6e7f-1a1e-4137-a026-255dd7681c1c req-77fe44a3-2043-4397-8078-d0dca7005ef3 277e49ef5d984633b8041c030935a035 28075bb2ca0d4cec8c9fcc8064ae0a7b - - 9ef2e5948c5541d992dd4c03bcbf193e 9ef2e5948c5541d992dd4c03bcbf193e] 199.204.45.65 "GET /v2.0/floatingips?fixed_ip_address=10.100.0.4&port_id=ea7c6b42-65f8-4e26-82f2-b2c7e8b3904d HTTP/1.1" status: 200 len: 217 time: 0.0257084
2026-06-13 23:56:50.543 9 INFO neutron.plugins.ml2.drivers.ovn.mech_driver.mech_driver [None req-994a81b5-3fe4-49cd-b805-57da2d353614 - - - - - -] OVN reports status up for port: ea7c6b42-65f8-4e26-82f2-b2c7e8b3904d
2026-06-13 23:56:50.562 9 INFO neutron.plugins.ml2.plugin [None req-994a81b5-3fe4-49cd-b805-57da2d353614 - - - - - -] Attempt 1 to provision port ea7c6b42-65f8-4e26-82f2-b2c7e8b3904d
2026-06-13 23:56:50.588 10 INFO neutron.wsgi [req-034a6e7f-1a1e-4137-a026-255dd7681c1c req-5edb1ca9-d6d5-4b93-97d1-8736e1ae3710 277e49ef5d984633b8041c030935a035 28075bb2ca0d4cec8c9fcc8064ae0a7b - - 9ef2e5948c5541d992dd4c03bcbf193e 9ef2e5948c5541d992dd4c03bcbf193e] 199.204.45.65 "GET /v2.0/subnets?id=a8653e94-5357-4b6a-a7ff-3dde1062116f HTTP/1.1" status: 200 len: 873 time: 0.0535529
2026-06-13 23:56:50.626 10 INFO neutron.wsgi [req-034a6e7f-1a1e-4137-a026-255dd7681c1c req-107acdcf-5d1e-4bdb-b71e-b00b1bcd8b3d 277e49ef5d984633b8041c030935a035 28075bb2ca0d4cec8c9fcc8064ae0a7b - - 9ef2e5948c5541d992dd4c03bcbf193e 9ef2e5948c5541d992dd4c03bcbf193e] 199.204.45.65 "GET /v2.0/ports?network_id=dd85b149-0462-480c-8bae-d9406c55b8f9&device_owner=network%3Adhcp HTTP/1.1" status: 200 len: 210 time: 0.0252616
2026-06-13 23:56:50.714 10 INFO neutron.wsgi [req-034a6e7f-1a1e-4137-a026-255dd7681c1c req-1cc280d0-10ae-47c4-b59c-f963df5266ed 277e49ef5d984633b8041c030935a035 28075bb2ca0d4cec8c9fcc8064ae0a7b - - 9ef2e5948c5541d992dd4c03bcbf193e 9ef2e5948c5541d992dd4c03bcbf193e] 199.204.45.65 "GET /v2.0/networks/dd85b149-0462-480c-8bae-d9406c55b8f9?fields=segments HTTP/1.1" status: 200 len: 212 time: 0.0789695
2026-06-13 23:56:50.809 10 INFO neutron.wsgi [req-034a6e7f-1a1e-4137-a026-255dd7681c1c req-e64db8d4-b4b9-4ab4-bc1f-ec6c2327fb39 277e49ef5d984633b8041c030935a035 28075bb2ca0d4cec8c9fcc8064ae0a7b - - 9ef2e5948c5541d992dd4c03bcbf193e 9ef2e5948c5541d992dd4c03bcbf193e] 199.204.45.65 "GET /v2.0/networks/dd85b149-0462-480c-8bae-d9406c55b8f9?fields=provider%3Aphysical_network&fields=provider%3Anetwork_type HTTP/1.1" status: 200 len: 277 time: 0.0907266
2026-06-13 23:56:50.877 10 WARNING neutron.scheduler.dhcp_agent_scheduler [None req-4a3e6c9f-efe3-4ce1-ac8f-2066acaa5554 ffe9042a33aa4d02b4b0570c5608a184 dadf9082a04b4d8f99ec28f752e4f7d0 - - default default] No more DHCP agents
2026-06-13 23:56:50.879 10 WARNING neutron.api.rpc.agentnotifiers.dhcp_rpc_agent_api [None req-4a3e6c9f-efe3-4ce1-ac8f-2066acaa5554 ffe9042a33aa4d02b4b0570c5608a184 dadf9082a04b4d8f99ec28f752e4f7d0 - - default default] Unable to schedule network 7b8efc48-fb63-4bd9-9cba-92e000cacdfb: no agents available; will retry on subsequent port and subnet creation events.
2026-06-13 23:56:51.001 9 INFO neutron.db.ovn_revision_numbers_db [None req-994a81b5-3fe4-49cd-b805-57da2d353614 - - - - - -] Successfully bumped revision number for resource ea7c6b42-65f8-4e26-82f2-b2c7e8b3904d (type: ports) to 4
2026-06-13 23:56:51.021 10 INFO neutron.wsgi [req-a27b70ca-6715-4957-8df1-f78472ab2336 req-e91114a1-aac4-4535-ba3f-edd118daf767 c468cd31e2bf4aecb78772b07f1ed827 2ca3cfa1940e46c3acd5db493732b0d9 - - default default] 10.0.0.84 "GET /v2.0/ports?device_id=bef93672-dce3-4d50-a971-d0681c42f86b HTTP/1.1" status: 200 len: 1170 time: 0.0653422 /var/lib/openstack/lib/python3.10/site-packages/pycadf/identifier.py:71: UserWarning: Invalid uuid: neutron. To ensure interoperability, identifiers should be a valid uuid. warnings.warn(('Invalid uuid: %s. To ensure interoperability, '
2026-06-13 23:56:51.087 10 INFO neutron.db.ovn_revision_numbers_db [None req-4a3e6c9f-efe3-4ce1-ac8f-2066acaa5554 ffe9042a33aa4d02b4b0570c5608a184 dadf9082a04b4d8f99ec28f752e4f7d0 - - default default] Successfully bumped revision number for resource 928fd0c3-3cd6-40fd-9d3e-2fa0ccb29e4b (type: ports) to 1
2026-06-13 23:56:51.134 9 INFO neutron.wsgi [req-7c2ce3af-e574-4ccf-add8-169c2e111370 req-7fd54de6-8bd2-42d1-97a5-42dc199a7f80 e85ad9ba0761486b89ba28cf75500e95 5ca0aa1104294bff9838032208f1803a - - default default] 10.0.0.84 "GET /v2.0/ports?device_id=9209ec30-5db5-45e2-9589-17e6a75ecf08 HTTP/1.1" status: 200 len: 1170 time: 0.0496199 /var/lib/openstack/lib/python3.10/site-packages/pycadf/identifier.py:71: UserWarning: Invalid uuid: neutron. To ensure interoperability, identifiers should be a valid uuid. warnings.warn(('Invalid uuid: %s. To ensure interoperability, '
2026-06-13 23:56:51.205 9 INFO neutron.wsgi [req-7c2ce3af-e574-4ccf-add8-169c2e111370 req-88e29b34-af42-439c-8237-cdd86faa7b1c e85ad9ba0761486b89ba28cf75500e95 5ca0aa1104294bff9838032208f1803a - - default default] 10.0.0.84 "GET /v2.0/security-groups?id=9da1d277-0a8e-44fa-9d0a-924def0b70f2&fields=id&fields=name HTTP/1.1" status: 200 len: 312 time: 0.0613647
2026-06-13 23:56:51.303 9 INFO neutron.plugins.ml2.drivers.ovn.mech_driver.ovsdb.commands [None req-672a0582-121a-4b5c-8770-0f6208b840f1 - - - - - -] Schedule LRP lrp-77176f9c-5848-46f1-8ef8-8825f2feea13 on gateway db0ea0d5-f39b-4daa-9691-6f0e7c20266c with priority 1
2026-06-13 23:56:51.311 10 INFO neutron.wsgi [req-a27b70ca-6715-4957-8df1-f78472ab2336 req-3756decf-a95a-4002-a50a-390e915fd835 c468cd31e2bf4aecb78772b07f1ed827 2ca3cfa1940e46c3acd5db493732b0d9 - - default default] 10.0.0.84 "GET /v2.0/security-groups?id=ff3c15ca-ca0e-4208-af2c-ff84d5a5b1f6&fields=id&fields=name HTTP/1.1" status: 200 len: 313 time: 0.2816286
2026-06-13 23:56:51.339 9 INFO neutron.plugins.ml2.drivers.ovn.mech_driver.ovsdb.ovsdb_monitor [None req-ab46c11e-e476-4e28-b476-30ebb8a685c9 - - - - - -] Router ea7fab93-630c-43ba-be88-3137f565da8a is bound to host instance
2026-06-13 23:56:51.361 9 INFO neutron.db.ovn_revision_numbers_db [None req-efcab8e6-c783-4084-9c00-0c2a4a9bb548 ffe9042a33aa4d02b4b0570c5608a184 dadf9082a04b4d8f99ec28f752e4f7d0 - - default default] Successfully bumped revision number for resource 77176f9c-5848-46f1-8ef8-8825f2feea13 (type: router_ports) to 1
2026-06-13 23:56:51.491 9 INFO neutron.db.ovn_revision_numbers_db [None req-efcab8e6-c783-4084-9c00-0c2a4a9bb548 ffe9042a33aa4d02b4b0570c5608a184 dadf9082a04b4d8f99ec28f752e4f7d0 - - default default] Successfully bumped revision number for resource ea7fab93-630c-43ba-be88-3137f565da8a (type: routers) to 2
2026-06-13 23:56:51.534 9 INFO neutron.wsgi [None req-efcab8e6-c783-4084-9c00-0c2a4a9bb548 ffe9042a33aa4d02b4b0570c5608a184 dadf9082a04b4d8f99ec28f752e4f7d0 - - default default] 10.0.0.154 "POST /v2.0/routers HTTP/1.1" status: 201 len: 1161 time: 2.1615050
2026-06-13 23:56:51.934 10 INFO neutron.plugins.ml2.drivers.ovn.mech_driver.ovsdb.commands [None req-57c74d76-7977-41bf-be44-b308bb707c93 - - - - - -] Schedule LRP lrp-928fd0c3-3cd6-40fd-9d3e-2fa0ccb29e4b on gateway db0ea0d5-f39b-4daa-9691-6f0e7c20266c with priority 1
2026-06-13 23:56:51.965 10 INFO neutron.plugins.ml2.drivers.ovn.mech_driver.ovsdb.ovsdb_monitor [-] Router 2c20c54a-da20-4173-ab53-8fbf87be6ea2 is bound to host instance
2026-06-13 23:56:52.012 10 INFO neutron.db.ovn_revision_numbers_db [None req-4a3e6c9f-efe3-4ce1-ac8f-2066acaa5554 ffe9042a33aa4d02b4b0570c5608a184 dadf9082a04b4d8f99ec28f752e4f7d0 - - default default] Successfully bumped revision number for resource 928fd0c3-3cd6-40fd-9d3e-2fa0ccb29e4b (type: router_ports) to 1
2026-06-13 23:56:52.030 9 INFO neutron.plugins.ml2.drivers.ovn.mech_driver.mech_driver [None req-994a81b5-3fe4-49cd-b805-57da2d353614 - - - - - -] OVN reports status up for port: 928fd0c3-3cd6-40fd-9d3e-2fa0ccb29e4b
2026-06-13 23:56:52.053 9 INFO neutron.plugins.ml2.plugin [None req-994a81b5-3fe4-49cd-b805-57da2d353614 - - - - - -] Attempt 1 to provision port 928fd0c3-3cd6-40fd-9d3e-2fa0ccb29e4b
2026-06-13 23:56:52.114 10 INFO neutron.db.ovn_revision_numbers_db [None req-4a3e6c9f-efe3-4ce1-ac8f-2066acaa5554 ffe9042a33aa4d02b4b0570c5608a184 dadf9082a04b4d8f99ec28f752e4f7d0 - - default default] Successfully bumped revision number for resource 2c20c54a-da20-4173-ab53-8fbf87be6ea2 (type: routers) to 2
2026-06-13 23:56:52.131 10 INFO neutron.wsgi [None req-4a3e6c9f-efe3-4ce1-ac8f-2066acaa5554 ffe9042a33aa4d02b4b0570c5608a184 dadf9082a04b4d8f99ec28f752e4f7d0 - - default default] 10.0.0.154 "POST /v2.0/routers HTTP/1.1" status: 201 len: 1169 time: 1.8917937
2026-06-13 23:56:52.157 9 INFO neutron.notifiers.nova [-] Nova event matching ['req-f654a877-75fc-4291-b35a-379a5ed2abe2'] response: {'server_uuid': '9209ec30-5db5-45e2-9589-17e6a75ecf08', 'name': 'network-vif-plugged', 'status': 'completed', 'tag': '251f2803-bc24-4964-a6be-b50602b5ea90', 'code': 200}
2026-06-13 23:56:52.158 9 INFO neutron.notifiers.nova [-] Nova event matching ['req-f654a877-75fc-4291-b35a-379a5ed2abe2'] response: {'server_uuid': 'bef93672-dce3-4d50-a971-d0681c42f86b', 'name': 'network-vif-plugged', 'status': 'completed', 'tag': 'ea7c6b42-65f8-4e26-82f2-b2c7e8b3904d', 'code': 200}
2026-06-13 23:56:52.158 9 INFO neutron.notifiers.nova [-] Nova event matching ['req-f654a877-75fc-4291-b35a-379a5ed2abe2'] response: {'server_uuid': 'bef93672-dce3-4d50-a971-d0681c42f86b', 'name': 'network-vif-plugged', 'status': 'completed', 'tag': 'ea7c6b42-65f8-4e26-82f2-b2c7e8b3904d', 'code': 200}
2026-06-13 23:56:52.438 10 INFO neutron.wsgi [req-1c90e3a6-3b41-40d8-919f-f9030ef9b422 req-ab808dca-fe7f-4578-8a2d-b7126e52cce3 e85ad9ba0761486b89ba28cf75500e95 5ca0aa1104294bff9838032208f1803a - - default default] 10.0.0.84 "GET /v2.0/ports?device_id=9209ec30-5db5-45e2-9589-17e6a75ecf08 HTTP/1.1" status: 200 len: 1170 time: 0.1632960
2026-06-13 23:56:52.552 10 INFO neutron.wsgi [req-1c90e3a6-3b41-40d8-919f-f9030ef9b422 req-b39fc5af-2389-4fbf-9412-5c46aa90d88d e85ad9ba0761486b89ba28cf75500e95 5ca0aa1104294bff9838032208f1803a - - default default] 10.0.0.84 "GET /v2.0/security-groups?id=9da1d277-0a8e-44fa-9d0a-924def0b70f2&fields=id&fields=name HTTP/1.1" status: 200 len: 312 time: 0.1057262
2026-06-13 23:56:52.616 9 WARNING neutron.scheduler.dhcp_agent_scheduler [None req-8840fc63-6334-49b6-87c6-c5f1e2222ad6 ffe9042a33aa4d02b4b0570c5608a184 dadf9082a04b4d8f99ec28f752e4f7d0 - - default default] No more DHCP agents
2026-06-13 23:56:52.627 9 INFO neutron.wsgi [req-8cb85926-2463-4add-bdc7-4c7f8bca1245 req-7b018e05-32bd-43e0-8311-a861274349f6 c468cd31e2bf4aecb78772b07f1ed827 2ca3cfa1940e46c3acd5db493732b0d9 - - default default] 10.0.0.84 "GET /v2.0/ports?device_id=bef93672-dce3-4d50-a971-d0681c42f86b HTTP/1.1" status: 200 len: 1170 time: 0.2364681
2026-06-13 23:56:52.644 9 WARNING neutron.api.rpc.agentnotifiers.dhcp_rpc_agent_api [None req-8840fc63-6334-49b6-87c6-c5f1e2222ad6 ffe9042a33aa4d02b4b0570c5608a184 dadf9082a04b4d8f99ec28f752e4f7d0 - - default default] Unable to schedule network dfadc33c-0b65-4c2f-9aaa-0644a0caa642: no agents available; will retry on subsequent port and subnet creation events.
2026-06-13 23:56:52.740 9 INFO neutron.wsgi [req-8cb85926-2463-4add-bdc7-4c7f8bca1245 req-f4b735a3-a729-4d7c-8c37-fc6de3f0c443 c468cd31e2bf4aecb78772b07f1ed827 2ca3cfa1940e46c3acd5db493732b0d9 - - default default] 10.0.0.84 "GET /v2.0/security-groups?id=ff3c15ca-ca0e-4208-af2c-ff84d5a5b1f6&fields=id&fields=name HTTP/1.1" status: 200 len: 313 time: 0.0923202
2026-06-13 23:56:52.767 9 INFO neutron.db.ovn_revision_numbers_db [None req-ab46c11e-e476-4e28-b476-30ebb8a685c9 - - - - - -] Successfully bumped revision number for resource 77176f9c-5848-46f1-8ef8-8825f2feea13 (type: ports) to 1
2026-06-13 23:56:52.878 10 INFO neutron.wsgi [req-2db4c891-b3ad-4b7b-a8a4-1194a97bc821 req-b535c195-0821-40b3-b495-b32b94a75e14 e85ad9ba0761486b89ba28cf75500e95 5ca0aa1104294bff9838032208f1803a - - default default] 10.0.0.84 "GET /v2.0/ports?device_id=9209ec30-5db5-45e2-9589-17e6a75ecf08 HTTP/1.1" status: 200 len: 1170 time: 0.2444327
2026-06-13 23:56:52.902 9 INFO neutron.wsgi [req-d0973aef-1b60-41e7-b9ba-aee9f0eb8bdb req-16fab4e0-d293-49ab-bc4d-8e4881bb0cb7 c468cd31e2bf4aecb78772b07f1ed827 2ca3cfa1940e46c3acd5db493732b0d9 - - default default] 10.0.0.84 "GET /v2.0/ports?device_id=bef93672-dce3-4d50-a971-d0681c42f86b HTTP/1.1" status: 200 len: 1170 time: 0.0762517
2026-06-13 23:56:52.996 9 INFO neutron.db.ovn_revision_numbers_db [None req-8840fc63-6334-49b6-87c6-c5f1e2222ad6 ffe9042a33aa4d02b4b0570c5608a184 dadf9082a04b4d8f99ec28f752e4f7d0 - - default default] Successfully bumped revision number for resource 3d53f10b-6388-4f6d-a0aa-a2cd2edc09af (type: ports) to 1
2026-06-13 23:56:53.252 10 WARNING neutron.scheduler.dhcp_agent_scheduler [None req-1065023a-160c-47f6-a9ae-220cf4283e90 ffe9042a33aa4d02b4b0570c5608a184 dadf9082a04b4d8f99ec28f752e4f7d0 - - default default] No more DHCP agents
2026-06-13 23:56:53.273 10 WARNING neutron.api.rpc.agentnotifiers.dhcp_rpc_agent_api [None req-1065023a-160c-47f6-a9ae-220cf4283e90 ffe9042a33aa4d02b4b0570c5608a184 dadf9082a04b4d8f99ec28f752e4f7d0 - - default default] Unable to schedule network 686f5746-804e-4d86-b23b-69017cd8cd4b: no agents available; will retry on subsequent port and subnet creation events.
2026-06-13 23:56:53.650 10 INFO neutron.db.ovn_revision_numbers_db [None req-8a797485-0782-4344-856a-90fa7ec4346b - - - - - -] Successfully bumped revision number for resource 928fd0c3-3cd6-40fd-9d3e-2fa0ccb29e4b (type: ports) to 1
2026-06-13 23:56:53.672 10 WARNING neutron.plugins.ml2.drivers.ovn.mech_driver.ovsdb.ovn_client [None req-7f51bcc4-bade-4819-b882-6b2b9175102a - - - - - -] No hosting information found for port 6550778a-b804-4e62-8d06-70cdc8f5927f: RuntimeError: No hosting information found for port 6550778a-b804-4e62-8d06-70cdc8f5927f
2026-06-13 23:56:53.672 10 INFO neutron.plugins.ml2.drivers.ovn.mech_driver.mech_driver [None req-7f51bcc4-bade-4819-b882-6b2b9175102a - - - - - -] OVN reports status up for port: 77176f9c-5848-46f1-8ef8-8825f2feea13
2026-06-13 23:56:53.698 10 INFO neutron.plugins.ml2.plugin [None req-7f51bcc4-bade-4819-b882-6b2b9175102a - - - - - -] Attempt 1 to provision port 77176f9c-5848-46f1-8ef8-8825f2feea13
2026-06-13 23:56:53.804 10 INFO neutron.db.ovn_revision_numbers_db [None req-1065023a-160c-47f6-a9ae-220cf4283e90 ffe9042a33aa4d02b4b0570c5608a184 dadf9082a04b4d8f99ec28f752e4f7d0 - - default default] Successfully bumped revision number for resource 3748a83f-a32b-4cc4-ab55-5d7ee57982e1 (type: ports) to 1
2026-06-13 23:56:54.099 9 INFO neutron.db.ovn_revision_numbers_db [None req-ab46c11e-e476-4e28-b476-30ebb8a685c9 - - - - - -] Successfully bumped revision number for resource 77176f9c-5848-46f1-8ef8-8825f2feea13 (type: router_ports) to 3
2026-06-13 23:56:54.225 10 INFO neutron.wsgi [req-73386aec-a127-40d5-b0fb-7b86b45b7512 req-95ca80f0-29b9-4393-95ac-0e5d1a6badc4 277e49ef5d984633b8041c030935a035 28075bb2ca0d4cec8c9fcc8064ae0a7b - - 9ef2e5948c5541d992dd4c03bcbf193e 9ef2e5948c5541d992dd4c03bcbf193e] 199.204.45.65 "GET /v2.0/ports?device_id=9209ec30-5db5-45e2-9589-17e6a75ecf08&fields=binding%3Ahost_id&fields=binding%3Avif_type HTTP/1.1" status: 200 len: 265 time: 0.1442595
2026-06-13 23:56:54.260 10 INFO neutron.db.ovn_revision_numbers_db [None req-c41085ab-2183-4132-9b61-35e93063a11a c468cd31e2bf4aecb78772b07f1ed827 2ca3cfa1940e46c3acd5db493732b0d9 - - default default] Successfully bumped revision number for resource 9fe88d82-e8b0-4c4c-9e35-eaafec054903 (type: floatingips) to 1
2026-06-13 23:56:54.546 9 INFO neutron.db.ovn_revision_numbers_db [None req-d15251be-423d-48de-9f9c-c502be1a479b e85ad9ba0761486b89ba28cf75500e95 5ca0aa1104294bff9838032208f1803a - - default default] Successfully bumped revision number for resource 8ec4b1b0-7b43-471c-b29d-219e06d26623 (type: floatingips) to 1
2026-06-13 23:56:54.638 10 INFO neutron.wsgi [req-73386aec-a127-40d5-b0fb-7b86b45b7512 req-f94fc4b1-237c-44df-baca-6c6703043bb0 277e49ef5d984633b8041c030935a035 28075bb2ca0d4cec8c9fcc8064ae0a7b - - 9ef2e5948c5541d992dd4c03bcbf193e 9ef2e5948c5541d992dd4c03bcbf193e] 199.204.45.65 "GET /v2.0/ports?tenant_id=5ca0aa1104294bff9838032208f1803a&device_id=9209ec30-5db5-45e2-9589-17e6a75ecf08 HTTP/1.1" status: 200 len: 1409 time: 0.3516839
2026-06-13 23:56:54.704 9 ERROR ovsdbapp.backend.ovs_idl.command [None req-8840fc63-6334-49b6-87c6-c5f1e2222ad6 ffe9042a33aa4d02b4b0570c5608a184 dadf9082a04b4d8f99ec28f752e4f7d0 - - default default] Error executing command (DbGetCommand): ovsdbapp.backend.ovs_idl.idlutils.RowNotFound: Cannot find Logical_Router_Port with name=lrp-3d53f10b-6388-4f6d-a0aa-a2cd2edc09af
2026-06-13 23:56:54.704 9 ERROR ovsdbapp.backend.ovs_idl.command
Traceback (most recent call last):
2026-06-13 23:56:54.704 9 ERROR ovsdbapp.backend.ovs_idl.command
File "/var/lib/openstack/lib/python3.10/site-packages/ovsdbapp/backend/ovs_idl/command.py", line 47, in execute
2026-06-13 23:56:54.704 9 ERROR ovsdbapp.backend.ovs_idl.command self.run_idl(None)
2026-06-13 23:56:54.704 9 ERROR ovsdbapp.backend.ovs_idl.command
File "/var/lib/openstack/lib/python3.10/site-packages/ovsdbapp/backend/ovs_idl/command.py", line 235, in run_idl
2026-06-13 23:56:54.704 9 ERROR ovsdbapp.backend.ovs_idl.command record = self.api.lookup(self.table, self.record)
2026-06-13 23:56:54.704 9 ERROR ovsdbapp.backend.ovs_idl.command
File "/var/lib/openstack/lib/python3.10/site-packages/ovsdbapp/backend/ovs_idl/__init__.py", line 184, in lookup
2026-06-13 23:56:54.704 9 ERROR ovsdbapp.backend.ovs_idl.command return self._lookup(table, record)
2026-06-13 23:56:54.704 9 ERROR ovsdbapp.backend.ovs_idl.command
File "/var/lib/openstack/lib/python3.10/site-packages/ovsdbapp/backend/ovs_idl/__init__.py", line 235, in _lookup
2026-06-13 23:56:54.704 9 ERROR ovsdbapp.backend.ovs_idl.command row = idlutils.row_by_value(self, rl.table, rl.column, record)
2026-06-13 23:56:54.704 9 ERROR ovsdbapp.backend.ovs_idl.command
File "/var/lib/openstack/lib/python3.10/site-packages/ovsdbapp/backend/ovs_idl/idlutils.py", line 114, in row_by_value
2026-06-13 23:56:54.704 9 ERROR ovsdbapp.backend.ovs_idl.command raise RowNotFound(table=table, col=column, match=match)
2026-06-13 23:56:54.704 9 ERROR ovsdbapp.backend.ovs_idl.command ovsdbapp.backend.ovs_idl.idlutils.RowNotFound: Cannot find Logical_Router_Port with name=lrp-3d53f10b-6388-4f6d-a0aa-a2cd2edc09af
2026-06-13 23:56:54.704 9 ERROR ovsdbapp.backend.ovs_idl.command 
2026-06-13 23:56:54.705 9 ERROR neutron_lib.callbacks.manager [None req-8840fc63-6334-49b6-87c6-c5f1e2222ad6 ffe9042a33aa4d02b4b0570c5608a184 dadf9082a04b4d8f99ec28f752e4f7d0 - - default default] Error during notification for neutron.services.ovn_l3.plugin.OVNL3RouterPlugin._port_update-8748536747741 port, after_update: ovsdbapp.backend.ovs_idl.idlutils.RowNotFound: Cannot find Logical_Router_Port with name=lrp-3d53f10b-6388-4f6d-a0aa-a2cd2edc09af
2026-06-13 23:56:54.705 9 ERROR neutron_lib.callbacks.manager
Traceback (most recent call last):
2026-06-13 23:56:54.705 9 ERROR neutron_lib.callbacks.manager
File "/var/lib/openstack/lib/python3.10/site-packages/neutron_lib/callbacks/manager.py", line 189, in _notify_loop
2026-06-13 23:56:54.705 9 ERROR neutron_lib.callbacks.manager callback.method(resource, event, trigger, payload=payload)
2026-06-13 23:56:54.705 9 ERROR neutron_lib.callbacks.manager
File "/var/lib/openstack/lib/python3.10/site-packages/neutron/services/ovn_l3/plugin.py", line 391, in _port_update
2026-06-13 23:56:54.705 9 ERROR neutron_lib.callbacks.manager l3plugin._ovn_client.update_router_port(context,
2026-06-13 23:56:54.705 9 ERROR neutron_lib.callbacks.manager
File "/var/lib/openstack/lib/python3.10/site-packages/neutron/plugins/ml2/drivers/ovn/mech_driver/ovsdb/ovn_client.py", line 1878, in update_router_port
2026-06-13 23:56:54.705 9 ERROR neutron_lib.callbacks.manager self._update_lrouter_port(context, port, if_exists=if_exists,
2026-06-13 23:56:54.705 9 ERROR neutron_lib.callbacks.manager
File "/var/lib/openstack/lib/python3.10/site-packages/neutron/plugins/ml2/drivers/ovn/mech_driver/ovsdb/ovn_client.py", line 1855, in _update_lrouter_port
2026-06-13 23:56:54.705 9 ERROR neutron_lib.callbacks.manager external_ids = self._nb_idl.db_get(
2026-06-13 23:56:54.705 9 ERROR neutron_lib.callbacks.manager
File "/var/lib/openstack/lib/python3.10/site-packages/ovsdbapp/backend/ovs_idl/command.py", line 47, in execute
2026-06-13 23:56:54.705 9 ERROR neutron_lib.callbacks.manager self.run_idl(None)
2026-06-13 23:56:54.705 9 ERROR neutron_lib.callbacks.manager
File "/var/lib/openstack/lib/python3.10/site-packages/ovsdbapp/backend/ovs_idl/command.py", line 235, in run_idl
2026-06-13 23:56:54.705 9 ERROR neutron_lib.callbacks.manager record = self.api.lookup(self.table, self.record)
2026-06-13 23:56:54.705 9 ERROR neutron_lib.callbacks.manager
File "/var/lib/openstack/lib/python3.10/site-packages/ovsdbapp/backend/ovs_idl/__init__.py", line 184, in lookup
2026-06-13 23:56:54.705 9 ERROR neutron_lib.callbacks.manager return self._lookup(table, record)
2026-06-13 23:56:54.705 9 ERROR neutron_lib.callbacks.manager
File "/var/lib/openstack/lib/python3.10/site-packages/ovsdbapp/backend/ovs_idl/__init__.py", line 235, in _lookup
2026-06-13 23:56:54.705 9 ERROR neutron_lib.callbacks.manager row = idlutils.row_by_value(self, rl.table, rl.column, record)
2026-06-13 23:56:54.705 9 ERROR neutron_lib.callbacks.manager
File "/var/lib/openstack/lib/python3.10/site-packages/ovsdbapp/backend/ovs_idl/idlutils.py", line 114, in row_by_value
2026-06-13 23:56:54.705 9 ERROR neutron_lib.callbacks.manager raise RowNotFound(table=table, col=column, match=match)
2026-06-13 23:56:54.705 9 ERROR neutron_lib.callbacks.manager ovsdbapp.backend.ovs_idl.idlutils.RowNotFound: Cannot find Logical_Router_Port with name=lrp-3d53f10b-6388-4f6d-a0aa-a2cd2edc09af
2026-06-13 23:56:54.705 9 ERROR neutron_lib.callbacks.manager 
2026-06-13 23:56:54.779 9 INFO neutron.db.ovn_revision_numbers_db [None req-d15251be-423d-48de-9f9c-c502be1a479b e85ad9ba0761486b89ba28cf75500e95 5ca0aa1104294bff9838032208f1803a - - default default] Successfully bumped revision number for resource 8ec4b1b0-7b43-471c-b29d-219e06d26623 (type: floatingips) to 2
2026-06-13 23:56:54.780 9 INFO neutron.db.l3_db [None req-d15251be-423d-48de-9f9c-c502be1a479b e85ad9ba0761486b89ba28cf75500e95 5ca0aa1104294bff9838032208f1803a - - default default] Floating IP 8ec4b1b0-7b43-471c-b29d-219e06d26623 associated. External IP: 10.96.250.205, port: 251f2803-bc24-4964-a6be-b50602b5ea90.
2026-06-13 23:56:54.808 9 INFO neutron.db.ovn_revision_numbers_db [None req-ab46c11e-e476-4e28-b476-30ebb8a685c9 - - - - - -] Successfully bumped revision number for resource 77176f9c-5848-46f1-8ef8-8825f2feea13 (type: ports) to 2
2026-06-13 23:56:54.817 9 INFO neutron.wsgi [None req-d15251be-423d-48de-9f9c-c502be1a479b e85ad9ba0761486b89ba28cf75500e95 5ca0aa1104294bff9838032208f1803a - - default default] 10.0.0.154 "PUT /v2.0/floatingips/8ec4b1b0-7b43-471c-b29d-219e06d26623 HTTP/1.1" status: 200 len: 1049 time: 1.9227409
2026-06-13 23:56:54.837 10 INFO neutron.wsgi [req-73386aec-a127-40d5-b0fb-7b86b45b7512 req-5b214872-72d7-41b9-abd1-c8483c3d27d4 277e49ef5d984633b8041c030935a035 28075bb2ca0d4cec8c9fcc8064ae0a7b - - 9ef2e5948c5541d992dd4c03bcbf193e 9ef2e5948c5541d992dd4c03bcbf193e] 199.204.45.65 "GET /v2.0/networks?id=30641fc6-69ff-401a-bf72-2ad05cc9369b HTTP/1.1" status: 200 len: 981 time: 0.1657341
2026-06-13 23:56:54.861 9 INFO neutron.notifiers.nova [-] Nova event matching ['req-db0f62b3-5228-4422-8ecd-f26fde40ce1f'] response: {'name': 'network-changed', 'server_uuid': '9209ec30-5db5-45e2-9589-17e6a75ecf08', 'tag': '251f2803-bc24-4964-a6be-b50602b5ea90', 'status': 'completed', 'code': 200}
2026-06-13 23:56:54.956 10 INFO neutron.db.ovn_revision_numbers_db [None req-c41085ab-2183-4132-9b61-35e93063a11a c468cd31e2bf4aecb78772b07f1ed827 2ca3cfa1940e46c3acd5db493732b0d9 - - default default] Successfully bumped revision number for resource 9fe88d82-e8b0-4c4c-9e35-eaafec054903 (type: floatingips) to 2
2026-06-13 23:56:54.957 10 INFO neutron.db.l3_db [None req-c41085ab-2183-4132-9b61-35e93063a11a c468cd31e2bf4aecb78772b07f1ed827 2ca3cfa1940e46c3acd5db493732b0d9 - - default default] Floating IP 9fe88d82-e8b0-4c4c-9e35-eaafec054903 associated. External IP: 10.96.250.220, port: ea7c6b42-65f8-4e26-82f2-b2c7e8b3904d.
2026-06-13 23:56:54.966 9 INFO neutron.db.ovn_revision_numbers_db [None req-8840fc63-6334-49b6-87c6-c5f1e2222ad6 ffe9042a33aa4d02b4b0570c5608a184 dadf9082a04b4d8f99ec28f752e4f7d0 - - default default] Successfully bumped revision number for resource 3d53f10b-6388-4f6d-a0aa-a2cd2edc09af (type: ports) to 1
2026-06-13 23:56:55.026 9 WARNING neutron.scheduler.dhcp_agent_scheduler [None req-8840fc63-6334-49b6-87c6-c5f1e2222ad6 ffe9042a33aa4d02b4b0570c5608a184 dadf9082a04b4d8f99ec28f752e4f7d0 - - default default] No more DHCP agents
2026-06-13 23:56:55.027 9 WARNING neutron.api.rpc.agentnotifiers.dhcp_rpc_agent_api [None req-8840fc63-6334-49b6-87c6-c5f1e2222ad6 ffe9042a33aa4d02b4b0570c5608a184 dadf9082a04b4d8f99ec28f752e4f7d0 - - default default] Unable to schedule network dfadc33c-0b65-4c2f-9aaa-0644a0caa642: no agents available; will retry on subsequent port and subnet creation events.
2026-06-13 23:56:55.028 10 INFO neutron.wsgi [req-73386aec-a127-40d5-b0fb-7b86b45b7512 req-af518542-7aae-4732-976e-0480a63356de 277e49ef5d984633b8041c030935a035 28075bb2ca0d4cec8c9fcc8064ae0a7b - - 9ef2e5948c5541d992dd4c03bcbf193e 9ef2e5948c5541d992dd4c03bcbf193e] 199.204.45.65 "GET /v2.0/floatingips?fixed_ip_address=10.100.0.3&port_id=251f2803-bc24-4964-a6be-b50602b5ea90 HTTP/1.1" status: 200 len: 1059 time: 0.1824212
2026-06-13 23:56:55.053 10 INFO neutron.wsgi [req-83efb3d4-46dc-4b0c-aa0f-88f0b7299e7a req-adf130ec-4b56-4d96-bf65-670eb6ddd0b4 e85ad9ba0761486b89ba28cf75500e95 5ca0aa1104294bff9838032208f1803a - - default default] 10.0.0.84 "GET /v2.0/ports?device_id=9209ec30-5db5-45e2-9589-17e6a75ecf08 HTTP/1.1" status: 200 len: 1170 time: 0.1611471
2026-06-13 23:56:55.094 10 INFO neutron.wsgi [None req-c41085ab-2183-4132-9b61-35e93063a11a c468cd31e2bf4aecb78772b07f1ed827 2ca3cfa1940e46c3acd5db493732b0d9 - - default default] 10.0.0.154 "PUT /v2.0/floatingips/9fe88d82-e8b0-4c4c-9e35-eaafec054903 HTTP/1.1" status: 200 len: 1049 time: 2.1794200
2026-06-13 23:56:55.172 10 INFO neutron.wsgi [req-73386aec-a127-40d5-b0fb-7b86b45b7512 req-22ef75e6-e44e-410e-b166-d605b0c8f49f 277e49ef5d984633b8041c030935a035 28075bb2ca0d4cec8c9fcc8064ae0a7b - - 9ef2e5948c5541d992dd4c03bcbf193e 9ef2e5948c5541d992dd4c03bcbf193e] 199.204.45.65 "GET /v2.0/subnets?id=21a023cf-1f3b-40fc-893f-d66c01fd17de HTTP/1.1" status: 200 len: 877 time: 0.1163335
2026-06-13 23:56:55.182 10 INFO neutron.db.ovn_revision_numbers_db [None req-8a797485-0782-4344-856a-90fa7ec4346b - - - - - -] Successfully bumped revision number for resource 928fd0c3-3cd6-40fd-9d3e-2fa0ccb29e4b (type: router_ports) to 3
2026-06-13 23:56:55.187 9 INFO neutron.wsgi [req-7fcdd17d-7c50-4c04-b0e0-270764f5ec77 req-d526a17e-8b83-4961-836f-e06e51ca470f c468cd31e2bf4aecb78772b07f1ed827 2ca3cfa1940e46c3acd5db493732b0d9 - - default default] 10.0.0.84 "GET /v2.0/ports?device_id=bef93672-dce3-4d50-a971-d0681c42f86b HTTP/1.1" status: 200 len: 1170 time: 0.0543494
2026-06-13 23:56:55.209 10 INFO neutron.db.ovn_revision_numbers_db [None req-7f51bcc4-bade-4819-b882-6b2b9175102a - - - - - -] Successfully bumped revision number for resource 77176f9c-5848-46f1-8ef8-8825f2feea13 (type: ports) to 4
2026-06-13 23:56:55.220 10 INFO neutron.wsgi [req-83efb3d4-46dc-4b0c-aa0f-88f0b7299e7a req-8eb0000f-1be7-463f-92c1-9b092301e922 e85ad9ba0761486b89ba28cf75500e95 5ca0aa1104294bff9838032208f1803a - - default default] 10.0.0.84 "GET /v2.0/security-groups?id=9da1d277-0a8e-44fa-9d0a-924def0b70f2&fields=id&fields=name HTTP/1.1" status: 200 len: 312 time: 0.1578257
2026-06-13 23:56:55.255 10 INFO neutron.wsgi [req-73386aec-a127-40d5-b0fb-7b86b45b7512 req-dc13ca85-38cb-490b-b105-4847dc410bfd 277e49ef5d984633b8041c030935a035 28075bb2ca0d4cec8c9fcc8064ae0a7b - - 9ef2e5948c5541d992dd4c03bcbf193e 9ef2e5948c5541d992dd4c03bcbf193e] 199.204.45.65 "GET /v2.0/ports?network_id=30641fc6-69ff-401a-bf72-2ad05cc9369b&device_owner=network%3Adhcp HTTP/1.1" status: 200 len: 210 time: 0.0760069
2026-06-13 23:56:55.257 9 INFO neutron.wsgi [req-7fcdd17d-7c50-4c04-b0e0-270764f5ec77 req-68aba35e-8f1a-46aa-8d7a-0f10c4cb4f5a c468cd31e2bf4aecb78772b07f1ed827 2ca3cfa1940e46c3acd5db493732b0d9 - - default default] 10.0.0.84 "GET /v2.0/security-groups?id=ff3c15ca-ca0e-4208-af2c-ff84d5a5b1f6&fields=id&fields=name HTTP/1.1" status: 200 len: 313 time: 0.0621283
2026-06-13 23:56:55.263 10 INFO neutron.notifiers.nova [-] Nova event matching ['req-5057640b-59bf-477c-9824-3c781d4586cf'] response: {'name': 'network-changed', 'server_uuid': 'bef93672-dce3-4d50-a971-d0681c42f86b', 'tag': 'ea7c6b42-65f8-4e26-82f2-b2c7e8b3904d', 'status': 'completed', 'code': 200}
2026-06-13 23:56:55.335 9 INFO neutron.wsgi [req-6e6ddf8d-45d1-4522-9547-cf2b15262814 req-cc8e5042-c91f-40b7-8931-a0707fb97081 277e49ef5d984633b8041c030935a035 28075bb2ca0d4cec8c9fcc8064ae0a7b - - 9ef2e5948c5541d992dd4c03bcbf193e 9ef2e5948c5541d992dd4c03bcbf193e] 199.204.45.65 "GET /v2.0/ports?tenant_id=2ca3cfa1940e46c3acd5db493732b0d9&device_id=bef93672-dce3-4d50-a971-d0681c42f86b HTTP/1.1" status: 200 len: 1409 time: 0.0477629
2026-06-13 23:56:55.434 9 INFO neutron.wsgi [req-6e6ddf8d-45d1-4522-9547-cf2b15262814 req-e29136e0-095f-43c8-854a-8c96282d500b 277e49ef5d984633b8041c030935a035 28075bb2ca0d4cec8c9fcc8064ae0a7b - - 9ef2e5948c5541d992dd4c03bcbf193e 9ef2e5948c5541d992dd4c03bcbf193e] 199.204.45.65 "GET /v2.0/networks?id=dd85b149-0462-480c-8bae-d9406c55b8f9 HTTP/1.1" status: 200 len: 978 time: 0.0939565
2026-06-13 23:56:55.487 10 INFO neutron.wsgi [req-73386aec-a127-40d5-b0fb-7b86b45b7512 req-1b383238-cb62-4300-9921-ec722aa8bd5d 277e49ef5d984633b8041c030935a035 28075bb2ca0d4cec8c9fcc8064ae0a7b - - 9ef2e5948c5541d992dd4c03bcbf193e 9ef2e5948c5541d992dd4c03bcbf193e] 199.204.45.65 "GET /v2.0/networks/30641fc6-69ff-401a-bf72-2ad05cc9369b?fields=segments HTTP/1.1" status: 200 len: 212 time: 0.2226446
2026-06-13 23:56:55.499 9 INFO neutron.wsgi [req-6e6ddf8d-45d1-4522-9547-cf2b15262814 req-952c0b82-9b0b-46a7-9881-d1716fca08a4 277e49ef5d984633b8041c030935a035 28075bb2ca0d4cec8c9fcc8064ae0a7b - - 9ef2e5948c5541d992dd4c03bcbf193e 9ef2e5948c5541d992dd4c03bcbf193e] 199.204.45.65 "GET /v2.0/floatingips?fixed_ip_address=10.100.0.4&port_id=ea7c6b42-65f8-4e26-82f2-b2c7e8b3904d HTTP/1.1" status: 200 len: 1059 time: 0.0594411
2026-06-13 23:56:55.552 9 INFO neutron.wsgi [req-6e6ddf8d-45d1-4522-9547-cf2b15262814 req-626d459e-c2a7-497a-8cd2-7d5b6720d63f 277e49ef5d984633b8041c030935a035 28075bb2ca0d4cec8c9fcc8064ae0a7b - - 9ef2e5948c5541d992dd4c03bcbf193e 9ef2e5948c5541d992dd4c03bcbf193e] 199.204.45.65 "GET /v2.0/subnets?id=a8653e94-5357-4b6a-a7ff-3dde1062116f HTTP/1.1" status: 200 len: 873 time: 0.0396638
2026-06-13 23:56:55.578 9 INFO neutron.wsgi [req-6e6ddf8d-45d1-4522-9547-cf2b15262814 req-9cdadbc2-0e2a-49b4-ba46-e83a85b57c14 277e49ef5d984633b8041c030935a035 28075bb2ca0d4cec8c9fcc8064ae0a7b - - 9ef2e5948c5541d992dd4c03bcbf193e 9ef2e5948c5541d992dd4c03bcbf193e] 199.204.45.65 "GET /v2.0/ports?network_id=dd85b149-0462-480c-8bae-d9406c55b8f9&device_owner=network%3Adhcp HTTP/1.1" status: 200 len: 210 time: 0.0213799
2026-06-13 23:56:55.667 9 INFO neutron.wsgi [req-6e6ddf8d-45d1-4522-9547-cf2b15262814 req-0e9ed055-2ec8-4276-be66-1cbf8719e2b6 277e49ef5d984633b8041c030935a035 28075bb2ca0d4cec8c9fcc8064ae0a7b - - 9ef2e5948c5541d992dd4c03bcbf193e 9ef2e5948c5541d992dd4c03bcbf193e] 199.204.45.65 "GET /v2.0/networks/dd85b149-0462-480c-8bae-d9406c55b8f9?fields=segments HTTP/1.1" status: 200 len: 212 time: 0.0801020
2026-06-13 23:56:55.679 9 INFO neutron.plugins.ml2.drivers.ovn.mech_driver.mech_driver [None req-994a81b5-3fe4-49cd-b805-57da2d353614 - - - - - -] OVN reports status down for port: ea7c6b42-65f8-4e26-82f2-b2c7e8b3904d
2026-06-13 23:56:55.994 9 INFO neutron.wsgi [req-6e6ddf8d-45d1-4522-9547-cf2b15262814 req-233d5d4f-780f-409f-adef-589532f7714d 277e49ef5d984633b8041c030935a035 28075bb2ca0d4cec8c9fcc8064ae0a7b - - 9ef2e5948c5541d992dd4c03bcbf193e 9ef2e5948c5541d992dd4c03bcbf193e] 199.204.45.65 "GET /v2.0/networks/dd85b149-0462-480c-8bae-d9406c55b8f9?fields=provider%3Aphysical_network&fields=provider%3Anetwork_type HTTP/1.1" status: 200 len: 277 time: 0.3156717
2026-06-13 23:56:56.018 10 INFO neutron.wsgi [req-73386aec-a127-40d5-b0fb-7b86b45b7512 req-71055034-fc3d-4fca-89af-f39b6854e9d6 277e49ef5d984633b8041c030935a035 28075bb2ca0d4cec8c9fcc8064ae0a7b - - 9ef2e5948c5541d992dd4c03bcbf193e 9ef2e5948c5541d992dd4c03bcbf193e] 199.204.45.65 "GET /v2.0/networks/30641fc6-69ff-401a-bf72-2ad05cc9369b?fields=provider%3Aphysical_network&fields=provider%3Anetwork_type HTTP/1.1" status: 200 len: 277 time: 0.5157428
2026-06-13 23:56:56.069 9 INFO neutron.wsgi [req-06cef7c5-33da-4969-b34f-e93ba21b6dea req-2c95b340-d02a-4fa9-b5f4-dd4bd83a0614 c468cd31e2bf4aecb78772b07f1ed827 2ca3cfa1940e46c3acd5db493732b0d9 - - default default] 199.204.45.65 "GET /v2.0/ports?device_id=bef93672-dce3-4d50-a971-d0681c42f86b HTTP/1.1" status: 200 len: 1170 time: 0.0552166
2026-06-13 23:56:56.071 10 ERROR ovsdbapp.backend.ovs_idl.command [None req-1065023a-160c-47f6-a9ae-220cf4283e90 ffe9042a33aa4d02b4b0570c5608a184 dadf9082a04b4d8f99ec28f752e4f7d0 - - default default] Error executing command (DbGetCommand): ovsdbapp.backend.ovs_idl.idlutils.RowNotFound: Cannot find Logical_Router_Port with name=lrp-3748a83f-a32b-4cc4-ab55-5d7ee57982e1
2026-06-13 23:56:56.071 10 ERROR ovsdbapp.backend.ovs_idl.command
Traceback (most recent call last):
2026-06-13 23:56:56.071 10 ERROR ovsdbapp.backend.ovs_idl.command
File "/var/lib/openstack/lib/python3.10/site-packages/ovsdbapp/backend/ovs_idl/command.py", line 47, in execute
2026-06-13 23:56:56.071 10 ERROR ovsdbapp.backend.ovs_idl.command self.run_idl(None)
2026-06-13 23:56:56.071 10 ERROR ovsdbapp.backend.ovs_idl.command
File "/var/lib/openstack/lib/python3.10/site-packages/ovsdbapp/backend/ovs_idl/command.py", line 235, in run_idl
2026-06-13 23:56:56.071 10 ERROR ovsdbapp.backend.ovs_idl.command record = self.api.lookup(self.table, self.record)
2026-06-13 23:56:56.071 10 ERROR ovsdbapp.backend.ovs_idl.command
File "/var/lib/openstack/lib/python3.10/site-packages/ovsdbapp/backend/ovs_idl/__init__.py", line 184, in lookup
2026-06-13 23:56:56.071 10 ERROR ovsdbapp.backend.ovs_idl.command return self._lookup(table, record)
2026-06-13 23:56:56.071 10 ERROR ovsdbapp.backend.ovs_idl.command
File "/var/lib/openstack/lib/python3.10/site-packages/ovsdbapp/backend/ovs_idl/__init__.py", line 235, in _lookup
2026-06-13 23:56:56.071 10 ERROR ovsdbapp.backend.ovs_idl.command row = idlutils.row_by_value(self, rl.table, rl.column, record)
2026-06-13 23:56:56.071 10 ERROR ovsdbapp.backend.ovs_idl.command
File "/var/lib/openstack/lib/python3.10/site-packages/ovsdbapp/backend/ovs_idl/idlutils.py", line 114, in row_by_value
2026-06-13 23:56:56.071 10 ERROR ovsdbapp.backend.ovs_idl.command raise RowNotFound(table=table, col=column, match=match)
2026-06-13 23:56:56.071 10 ERROR ovsdbapp.backend.ovs_idl.command ovsdbapp.backend.ovs_idl.idlutils.RowNotFound: Cannot find Logical_Router_Port with name=lrp-3748a83f-a32b-4cc4-ab55-5d7ee57982e1
2026-06-13 23:56:56.071 10 ERROR ovsdbapp.backend.ovs_idl.command 
2026-06-13 23:56:56.072 10 ERROR neutron_lib.callbacks.manager [None req-1065023a-160c-47f6-a9ae-220cf4283e90 ffe9042a33aa4d02b4b0570c5608a184 dadf9082a04b4d8f99ec28f752e4f7d0 - - default default] Error during notification for neutron.services.ovn_l3.plugin.OVNL3RouterPlugin._port_update-8748536747741 port, after_update: ovsdbapp.backend.ovs_idl.idlutils.RowNotFound: Cannot find Logical_Router_Port with name=lrp-3748a83f-a32b-4cc4-ab55-5d7ee57982e1
2026-06-13 23:56:56.072 10 ERROR neutron_lib.callbacks.manager
Traceback (most recent call last):
2026-06-13 23:56:56.072 10 ERROR neutron_lib.callbacks.manager
File "/var/lib/openstack/lib/python3.10/site-packages/neutron_lib/callbacks/manager.py", line 189, in _notify_loop
2026-06-13 23:56:56.072 10 ERROR neutron_lib.callbacks.manager callback.method(resource, event, trigger, payload=payload)
2026-06-13 23:56:56.072 10 ERROR neutron_lib.callbacks.manager
File "/var/lib/openstack/lib/python3.10/site-packages/neutron/services/ovn_l3/plugin.py", line 391, in _port_update
2026-06-13 23:56:56.072 10 ERROR neutron_lib.callbacks.manager l3plugin._ovn_client.update_router_port(context,
2026-06-13 23:56:56.072 10 ERROR neutron_lib.callbacks.manager
File "/var/lib/openstack/lib/python3.10/site-packages/neutron/plugins/ml2/drivers/ovn/mech_driver/ovsdb/ovn_client.py", line 1878, in update_router_port
2026-06-13 23:56:56.072 10 ERROR neutron_lib.callbacks.manager self._update_lrouter_port(context, port, if_exists=if_exists,
2026-06-13 23:56:56.072 10 ERROR neutron_lib.callbacks.manager
File "/var/lib/openstack/lib/python3.10/site-packages/neutron/plugins/ml2/drivers/ovn/mech_driver/ovsdb/ovn_client.py", line 1855, in _update_lrouter_port
2026-06-13 23:56:56.072 10 ERROR neutron_lib.callbacks.manager external_ids = self._nb_idl.db_get(
2026-06-13 23:56:56.072 10 ERROR neutron_lib.callbacks.manager
File "/var/lib/openstack/lib/python3.10/site-packages/ovsdbapp/backend/ovs_idl/command.py", line 47, in execute
2026-06-13 23:56:56.072 10 ERROR neutron_lib.callbacks.manager self.run_idl(None)
2026-06-13 23:56:56.072 10 ERROR neutron_lib.callbacks.manager
File "/var/lib/openstack/lib/python3.10/site-packages/ovsdbapp/backend/ovs_idl/command.py", line 235, in run_idl
2026-06-13 23:56:56.072 10 ERROR neutron_lib.callbacks.manager record = self.api.lookup(self.table, self.record)
2026-06-13 23:56:56.072 10 ERROR neutron_lib.callbacks.manager
File "/var/lib/openstack/lib/python3.10/site-packages/ovsdbapp/backend/ovs_idl/__init__.py", line 184, in lookup
2026-06-13 23:56:56.072 10 ERROR neutron_lib.callbacks.manager return self._lookup(table, record)
2026-06-13 23:56:56.072 10 ERROR neutron_lib.callbacks.manager
File "/var/lib/openstack/lib/python3.10/site-packages/ovsdbapp/backend/ovs_idl/__init__.py", line 235, in _lookup
2026-06-13 23:56:56.072 10 ERROR neutron_lib.callbacks.manager row = idlutils.row_by_value(self, rl.table, rl.column, record)
2026-06-13 23:56:56.072 10 ERROR neutron_lib.callbacks.manager
File "/var/lib/openstack/lib/python3.10/site-packages/ovsdbapp/backend/ovs_idl/idlutils.py", line 114, in row_by_value
2026-06-13 23:56:56.072 10 ERROR neutron_lib.callbacks.manager raise RowNotFound(table=table, col=column, match=match)
2026-06-13 23:56:56.072 10 ERROR neutron_lib.callbacks.manager ovsdbapp.backend.ovs_idl.idlutils.RowNotFound: Cannot find Logical_Router_Port with name=lrp-3748a83f-a32b-4cc4-ab55-5d7ee57982e1
2026-06-13 23:56:56.072 10 ERROR neutron_lib.callbacks.manager 
2026-06-13 23:56:56.154 10 INFO neutron.wsgi [req-a362bc81-c0b9-4f4b-a60d-1178392b77b7 req-975715ec-deee-47c9-9673-f6ab90676713 c468cd31e2bf4aecb78772b07f1ed827 2ca3cfa1940e46c3acd5db493732b0d9 - - default default] 10.0.0.84 "GET /v2.0/ports?device_id=bef93672-dce3-4d50-a971-d0681c42f86b HTTP/1.1" status: 200 len: 1170 time: 0.5328736
2026-06-13 23:56:56.165 10 INFO neutron.wsgi [req-f3a0fe58-ca07-42f0-8768-e4f1310cf047 req-843d7263-450d-4263-8205-1c30bb72bbd9 277e49ef5d984633b8041c030935a035 28075bb2ca0d4cec8c9fcc8064ae0a7b - - 9ef2e5948c5541d992dd4c03bcbf193e 9ef2e5948c5541d992dd4c03bcbf193e] 199.204.45.65 "GET /v2.0/ports?tenant_id=5ca0aa1104294bff9838032208f1803a&device_id=9209ec30-5db5-45e2-9589-17e6a75ecf08 HTTP/1.1" status: 200 len: 1409 time: 0.0976717
2026-06-13 23:56:56.288 10 INFO neutron.wsgi [req-a362bc81-c0b9-4f4b-a60d-1178392b77b7 req-72db6fb5-bd66-47d8-bd86-6aabc1961542 c468cd31e2bf4aecb78772b07f1ed827 2ca3cfa1940e46c3acd5db493732b0d9 - - default default] 10.0.0.84 "GET /v2.0/security-groups?id=ff3c15ca-ca0e-4208-af2c-ff84d5a5b1f6&fields=id&fields=name HTTP/1.1" status: 200 len: 313 time: 0.1292713
2026-06-13 23:56:56.298 10 INFO neutron.db.ovn_revision_numbers_db [None req-8a797485-0782-4344-856a-90fa7ec4346b - - - - - -] Successfully bumped revision number for resource 928fd0c3-3cd6-40fd-9d3e-2fa0ccb29e4b (type: ports) to 2
2026-06-13 23:56:56.326 10 INFO neutron.wsgi [req-f3a0fe58-ca07-42f0-8768-e4f1310cf047 req-c5469d7a-ebf9-411c-8b1b-b8ca35fe6d09 277e49ef5d984633b8041c030935a035 28075bb2ca0d4cec8c9fcc8064ae0a7b - - 9ef2e5948c5541d992dd4c03bcbf193e 9ef2e5948c5541d992dd4c03bcbf193e] 199.204.45.65 "GET /v2.0/networks?id=30641fc6-69ff-401a-bf72-2ad05cc9369b HTTP/1.1" status: 200 len: 981 time: 0.1432123
2026-06-13 23:56:56.389 10 INFO neutron.db.ovn_revision_numbers_db [None req-7f51bcc4-bade-4819-b882-6b2b9175102a - - - - - -] Successfully bumped revision number for resource 77176f9c-5848-46f1-8ef8-8825f2feea13 (type: router_ports) to 4
2026-06-13 23:56:56.406 9 INFO neutron.db.ovn_revision_numbers_db [None req-994a81b5-3fe4-49cd-b805-57da2d353614 - - - - - -] Successfully bumped revision number for resource ea7c6b42-65f8-4e26-82f2-b2c7e8b3904d (type: ports) to 5
2026-06-13 23:56:56.409 10 INFO neutron.wsgi [req-f3a0fe58-ca07-42f0-8768-e4f1310cf047 req-51fcb046-10e4-483e-b0c2-67da5e21011c 277e49ef5d984633b8041c030935a035 28075bb2ca0d4cec8c9fcc8064ae0a7b - - 9ef2e5948c5541d992dd4c03bcbf193e 9ef2e5948c5541d992dd4c03bcbf193e] 199.204.45.65 "GET /v2.0/floatingips?fixed_ip_address=10.100.0.3&port_id=251f2803-bc24-4964-a6be-b50602b5ea90 HTTP/1.1" status: 200 len: 1059 time: 0.0731866
2026-06-13 23:56:56.485 9 INFO neutron.db.ovn_revision_numbers_db [None req-8840fc63-6334-49b6-87c6-c5f1e2222ad6 ffe9042a33aa4d02b4b0570c5608a184 dadf9082a04b4d8f99ec28f752e4f7d0 - - default default] Successfully bumped revision number for resource 3d53f10b-6388-4f6d-a0aa-a2cd2edc09af (type: router_ports) to 1
