2026-06-13 23:58:25.698 9 INFO neutron.db.ovn_revision_numbers_db [None req-892e3ead-81e6-4061-92ad-9ba63569d630 ceb10072dd624187972bb39852f2cef9 44f8b71a2d744697bfce068ff4cbc09e - - default default] Successfully bumped revision number for resource 5ac3e59a-34cc-409d-935c-e466b9537a9d (type: security_groups) to 1
2026-06-13 23:58:25.719 9 INFO neutron.db.ovn_revision_numbers_db [None req-892e3ead-81e6-4061-92ad-9ba63569d630 ceb10072dd624187972bb39852f2cef9 44f8b71a2d744697bfce068ff4cbc09e - - default default] Successfully bumped revision number for resource 41982e41-9a1a-49af-bf30-225eeab113ab (type: security_group_rules) to 0
2026-06-13 23:58:25.735 9 INFO neutron.db.ovn_revision_numbers_db [None req-892e3ead-81e6-4061-92ad-9ba63569d630 ceb10072dd624187972bb39852f2cef9 44f8b71a2d744697bfce068ff4cbc09e - - default default] Successfully bumped revision number for resource bd034c50-6888-4026-ab40-f4d072bd01e1 (type: security_group_rules) to 0
2026-06-13 23:58:25.752 9 INFO neutron.db.ovn_revision_numbers_db [None req-892e3ead-81e6-4061-92ad-9ba63569d630 ceb10072dd624187972bb39852f2cef9 44f8b71a2d744697bfce068ff4cbc09e - - default default] Successfully bumped revision number for resource e14da45b-183f-46b6-8638-0d8e44f6a057 (type: security_group_rules) to 0
2026-06-13 23:58:25.767 9 INFO neutron.db.ovn_revision_numbers_db [None req-892e3ead-81e6-4061-92ad-9ba63569d630 ceb10072dd624187972bb39852f2cef9 44f8b71a2d744697bfce068ff4cbc09e - - default default] Successfully bumped revision number for resource feb2b6af-14a4-451a-9f63-080c4d76bf4e (type: security_group_rules) to 0
2026-06-13 23:58:25.808 9 INFO neutron.wsgi [None req-e28c1032-d4dc-423e-a3ec-b99f2ec15fef ffe9042a33aa4d02b4b0570c5608a184 dadf9082a04b4d8f99ec28f752e4f7d0 - - default default] 10.0.0.154 "DELETE /v2.0/security-groups/8089f732-d4b8-46be-80a1-3a9325137e2b HTTP/1.1" status: 204 len: 168 time: 0.2546897
2026-06-13 23:58:25.822 9 INFO neutron.db.segments_db [None req-892e3ead-81e6-4061-92ad-9ba63569d630 ceb10072dd624187972bb39852f2cef9 44f8b71a2d744697bfce068ff4cbc09e - - default default] Added segment ce2a7b3e-c0e1-45b8-83e0-b70dc1f15456 of type geneve for network 3915b74a-cb3f-4a0b-b1f3-8a10db8fd177
2026-06-13 23:58:26.011 9 INFO neutron.db.ovn_revision_numbers_db [None req-892e3ead-81e6-4061-92ad-9ba63569d630 ceb10072dd624187972bb39852f2cef9 44f8b71a2d744697bfce068ff4cbc09e - - default default] Successfully bumped revision number for resource 3915b74a-cb3f-4a0b-b1f3-8a10db8fd177 (type: networks) to 1
2026-06-13 23:58:26.246 9 WARNING neutron.scheduler.dhcp_agent_scheduler [None req-892e3ead-81e6-4061-92ad-9ba63569d630 ceb10072dd624187972bb39852f2cef9 44f8b71a2d744697bfce068ff4cbc09e - - default default] No more DHCP agents
2026-06-13 23:58:26.249 9 WARNING neutron.api.rpc.agentnotifiers.dhcp_rpc_agent_api [None req-892e3ead-81e6-4061-92ad-9ba63569d630 ceb10072dd624187972bb39852f2cef9 44f8b71a2d744697bfce068ff4cbc09e - - default default] Unable to schedule network 3915b74a-cb3f-4a0b-b1f3-8a10db8fd177: no agents available; will retry on subsequent port and subnet creation events.
2026-06-13 23:58:26.329 9 INFO neutron.db.ovn_revision_numbers_db [None req-892e3ead-81e6-4061-92ad-9ba63569d630 ceb10072dd624187972bb39852f2cef9 44f8b71a2d744697bfce068ff4cbc09e - - default default] Successfully bumped revision number for resource 006fa5f0-e9e8-4e21-8817-80f62cbf0b05 (type: ports) to 1
2026-06-13 23:58:26.352 9 INFO neutron.wsgi [None req-892e3ead-81e6-4061-92ad-9ba63569d630 ceb10072dd624187972bb39852f2cef9 44f8b71a2d744697bfce068ff4cbc09e - - default default] 10.0.0.154 "POST /v2.0/networks HTTP/1.1" status: 201 len: 828 time: 0.8826463
2026-06-13 23:58:26.361 10 WARNING neutron_lib.context [None req-e8b45f92-e28a-4f07-8664-a2ac3f770f14 ceb10072dd624187972bb39852f2cef9 44f8b71a2d744697bfce068ff4cbc09e - - default default] Method 'is_advsvc' is deprecated since 2023.2 release (neutron-lib 3.8.0) and will be removed once support for the old RBAC API policies will be removed from Neutron. Please use method 'is_service_role' instead.
2026-06-13 23:58:26.437 10 INFO neutron.db.segments_db [None req-e8b45f92-e28a-4f07-8664-a2ac3f770f14 ceb10072dd624187972bb39852f2cef9 44f8b71a2d744697bfce068ff4cbc09e - - default default] Added segment 763ec150-3c56-4a1a-aa12-8dc53289e9e5 of type geneve for network 3916150f-6eb6-41cb-904b-85b7e42c097f
2026-06-13 23:58:26.605 10 INFO neutron.db.ovn_revision_numbers_db [None req-e8b45f92-e28a-4f07-8664-a2ac3f770f14 ceb10072dd624187972bb39852f2cef9 44f8b71a2d744697bfce068ff4cbc09e - - default default] Successfully bumped revision number for resource 3916150f-6eb6-41cb-904b-85b7e42c097f (type: networks) to 1
2026-06-13 23:58:26.801 10 WARNING neutron.scheduler.dhcp_agent_scheduler [None req-e8b45f92-e28a-4f07-8664-a2ac3f770f14 ceb10072dd624187972bb39852f2cef9 44f8b71a2d744697bfce068ff4cbc09e - - default default] No more DHCP agents
2026-06-13 23:58:26.804 10 WARNING neutron.api.rpc.agentnotifiers.dhcp_rpc_agent_api [None req-e8b45f92-e28a-4f07-8664-a2ac3f770f14 ceb10072dd624187972bb39852f2cef9 44f8b71a2d744697bfce068ff4cbc09e - - default default] Unable to schedule network 3916150f-6eb6-41cb-904b-85b7e42c097f: no agents available; will retry on subsequent port and subnet creation events.
2026-06-13 23:58:26.895 10 INFO neutron.db.ovn_revision_numbers_db [None req-e8b45f92-e28a-4f07-8664-a2ac3f770f14 ceb10072dd624187972bb39852f2cef9 44f8b71a2d744697bfce068ff4cbc09e - - default default] Successfully bumped revision number for resource 66feaf96-8523-4c4f-9c5c-63fbc3f9ead8 (type: ports) to 1
2026-06-13 23:58:26.917 10 INFO neutron.wsgi [None req-e8b45f92-e28a-4f07-8664-a2ac3f770f14 ceb10072dd624187972bb39852f2cef9 44f8b71a2d744697bfce068ff4cbc09e - - default default] 10.0.0.154 "POST /v2.0/networks HTTP/1.1" status: 201 len: 829 time: 0.5599427
2026-06-13 23:58:26.925 10 WARNING neutron_lib.context [None req-f5a0d449-0c97-43b6-aa5f-fe6692c07a09 ceb10072dd624187972bb39852f2cef9 44f8b71a2d744697bfce068ff4cbc09e - - default default] Method 'is_advsvc' is deprecated since 2023.2 release (neutron-lib 3.8.0) and will be removed once support for the old RBAC API policies will be removed from Neutron. Please use method 'is_service_role' instead.
2026-06-13 23:58:27.118 10 WARNING neutron.scheduler.dhcp_agent_scheduler [None req-f5a0d449-0c97-43b6-aa5f-fe6692c07a09 ceb10072dd624187972bb39852f2cef9 44f8b71a2d744697bfce068ff4cbc09e - - default default] No more DHCP agents
2026-06-13 23:58:27.122 10 WARNING neutron.api.rpc.agentnotifiers.dhcp_rpc_agent_api [None req-f5a0d449-0c97-43b6-aa5f-fe6692c07a09 ceb10072dd624187972bb39852f2cef9 44f8b71a2d744697bfce068ff4cbc09e - - default default] Unable to schedule network 3915b74a-cb3f-4a0b-b1f3-8a10db8fd177: no agents available; will retry on subsequent port and subnet creation events.
2026-06-13 23:58:27.145 9 INFO neutron.db.ovn_revision_numbers_db [None req-e05c9958-3c61-4414-b629-04df49ca9de3 ffe9042a33aa4d02b4b0570c5608a184 dadf9082a04b4d8f99ec28f752e4f7d0 - - default default] Successfully bumped revision number for resource f4547e41-ac50-4aca-b524-df4c749c6ebc (type: security_groups) to 1
2026-06-13 23:58:27.160 9 INFO neutron.db.ovn_revision_numbers_db [None req-e05c9958-3c61-4414-b629-04df49ca9de3 ffe9042a33aa4d02b4b0570c5608a184 dadf9082a04b4d8f99ec28f752e4f7d0 - - default default] Successfully bumped revision number for resource 2c1b61d1-0f3c-49f8-a46c-8a062fc3e1dd (type: security_group_rules) to 0
2026-06-13 23:58:27.172 9 INFO neutron.db.ovn_revision_numbers_db [None req-e05c9958-3c61-4414-b629-04df49ca9de3 ffe9042a33aa4d02b4b0570c5608a184 dadf9082a04b4d8f99ec28f752e4f7d0 - - default default] Successfully bumped revision number for resource 49e2b111-97cb-457c-b1fb-d3b42ff1b17c (type: security_group_rules) to 0
2026-06-13 23:58:27.187 9 INFO neutron.db.ovn_revision_numbers_db [None req-e05c9958-3c61-4414-b629-04df49ca9de3 ffe9042a33aa4d02b4b0570c5608a184 dadf9082a04b4d8f99ec28f752e4f7d0 - - default default] Successfully bumped revision number for resource 65bd6d5d-eeaf-47b0-bd50-84f73e343d29 (type: security_group_rules) to 0
2026-06-13 23:58:27.198 9 INFO neutron.db.ovn_revision_numbers_db [None req-e05c9958-3c61-4414-b629-04df49ca9de3 ffe9042a33aa4d02b4b0570c5608a184 dadf9082a04b4d8f99ec28f752e4f7d0 - - default default] Successfully bumped revision number for resource fb883fe1-927d-44a0-a5ef-b1827145feba (type: security_group_rules) to 0
2026-06-13 23:58:27.222 9 INFO neutron.wsgi [None req-e05c9958-3c61-4414-b629-04df49ca9de3 ffe9042a33aa4d02b4b0570c5608a184 dadf9082a04b4d8f99ec28f752e4f7d0 - - default default] 10.0.0.154 "GET /v2.0/security-groups?tenant_id=74f2baf43ec743d09180084c680d036b&name=default HTTP/1.1" status: 200 len: 3120 time: 0.3063104
2026-06-13 23:58:27.532 10 INFO neutron.wsgi [None req-6b153091-f816-45c7-bb2c-4cf0c88b7780 ffe9042a33aa4d02b4b0570c5608a184 dadf9082a04b4d8f99ec28f752e4f7d0 - - default default] 10.0.0.154 "DELETE /v2.0/security-groups/f4547e41-ac50-4aca-b524-df4c749c6ebc HTTP/1.1" status: 204 len: 168 time: 0.3046610
2026-06-13 23:58:27.672 10 INFO neutron.db.ovn_revision_numbers_db [None req-f5a0d449-0c97-43b6-aa5f-fe6692c07a09 ceb10072dd624187972bb39852f2cef9 44f8b71a2d744697bfce068ff4cbc09e - - default default] Successfully bumped revision number for resource 006fa5f0-e9e8-4e21-8817-80f62cbf0b05 (type: ports) to 2
2026-06-13 23:58:27.712 10 INFO neutron.db.ovn_revision_numbers_db [None req-f5a0d449-0c97-43b6-aa5f-fe6692c07a09 ceb10072dd624187972bb39852f2cef9 44f8b71a2d744697bfce068ff4cbc09e - - default default] Successfully bumped revision number for resource 77a5bda1-95b3-495b-860a-67a0734a97af (type: subnets) to 0
2026-06-13 23:58:27.731 10 INFO neutron.wsgi [None req-f5a0d449-0c97-43b6-aa5f-fe6692c07a09 ceb10072dd624187972bb39852f2cef9 44f8b71a2d744697bfce068ff4cbc09e - - default default] 10.0.0.154 "POST /v2.0/subnets HTTP/1.1" status: 201 len: 801 time: 0.8102653
2026-06-13 23:58:27.739 10 WARNING neutron_lib.context [None req-608887ea-520e-43e6-833e-c449e9061659 ceb10072dd624187972bb39852f2cef9 44f8b71a2d744697bfce068ff4cbc09e - - default default] Method 'is_advsvc' is deprecated since 2023.2 release (neutron-lib 3.8.0) and will be removed once support for the old RBAC API policies will be removed from Neutron. Please use method 'is_service_role' instead.
2026-06-13 23:58:27.874 9 INFO neutron.db.ovn_revision_numbers_db [None req-936998be-6d16-4b71-8453-5b6386b50e1e ffe9042a33aa4d02b4b0570c5608a184 dadf9082a04b4d8f99ec28f752e4f7d0 - - default default] Successfully bumped revision number for resource 4198d12c-36c8-4d07-bac0-d9e58477f40a (type: security_groups) to 1
2026-06-13 23:58:27.897 9 INFO neutron.db.ovn_revision_numbers_db [None req-936998be-6d16-4b71-8453-5b6386b50e1e ffe9042a33aa4d02b4b0570c5608a184 dadf9082a04b4d8f99ec28f752e4f7d0 - - default default] Successfully bumped revision number for resource 1511b7c3-c324-42dc-8df2-9fe1eb75e2f7 (type: security_group_rules) to 0
2026-06-13 23:58:27.910 9 INFO neutron.db.ovn_revision_numbers_db [None req-936998be-6d16-4b71-8453-5b6386b50e1e ffe9042a33aa4d02b4b0570c5608a184 dadf9082a04b4d8f99ec28f752e4f7d0 - - default default] Successfully bumped revision number for resource 415e79ca-d084-45fb-9433-59135c07719d (type: security_group_rules) to 0
2026-06-13 23:58:27.936 9 INFO neutron.db.ovn_revision_numbers_db [None req-936998be-6d16-4b71-8453-5b6386b50e1e ffe9042a33aa4d02b4b0570c5608a184 dadf9082a04b4d8f99ec28f752e4f7d0 - - default default] Successfully bumped revision number for resource a764a347-8d3f-43c5-b1d2-8f01bfc6993a (type: security_group_rules) to 0
2026-06-13 23:58:27.951 9 INFO neutron.db.ovn_revision_numbers_db [None req-936998be-6d16-4b71-8453-5b6386b50e1e ffe9042a33aa4d02b4b0570c5608a184 dadf9082a04b4d8f99ec28f752e4f7d0 - - default default] Successfully bumped revision number for resource d3abf1f8-8a84-4f2b-b822-c625cb5b069b (type: security_group_rules) to 0
2026-06-13 23:58:27.973 9 INFO neutron.wsgi [None req-936998be-6d16-4b71-8453-5b6386b50e1e ffe9042a33aa4d02b4b0570c5608a184 dadf9082a04b4d8f99ec28f752e4f7d0 - - default default] 10.0.0.154 "GET /v2.0/security-groups?tenant_id=e34c4f144947451aab0800cef15d05be&name=default HTTP/1.1" status: 200 len: 3120 time: 0.2486763
2026-06-13 23:58:28.054 10 WARNING neutron.scheduler.dhcp_agent_scheduler [None req-608887ea-520e-43e6-833e-c449e9061659 ceb10072dd624187972bb39852f2cef9 44f8b71a2d744697bfce068ff4cbc09e - - default default] No more DHCP agents
2026-06-13 23:58:28.059 10 WARNING neutron.api.rpc.agentnotifiers.dhcp_rpc_agent_api [None req-608887ea-520e-43e6-833e-c449e9061659 ceb10072dd624187972bb39852f2cef9 44f8b71a2d744697bfce068ff4cbc09e - - default default] Unable to schedule network 3916150f-6eb6-41cb-904b-85b7e42c097f: no agents available; will retry on subsequent port and subnet creation events.
2026-06-13 23:58:28.241 9 INFO neutron.wsgi [-] 10.0.0.111 "GET / HTTP/1.1" status: 200 len: 246 time: 0.0016227
2026-06-13 23:58:28.243 9 INFO neutron.wsgi [-] 10.0.0.111 "GET / HTTP/1.1" status: 200 len: 246 time: 0.0012770
2026-06-13 23:58:28.285 10 INFO neutron.wsgi [None req-bf5d00e8-b251-48e3-bdf8-c805ddced557 ffe9042a33aa4d02b4b0570c5608a184 dadf9082a04b4d8f99ec28f752e4f7d0 - - default default] 10.0.0.154 "DELETE /v2.0/security-groups/4198d12c-36c8-4d07-bac0-d9e58477f40a HTTP/1.1" status: 204 len: 168 time: 0.3041742
2026-06-13 23:58:28.341 9 INFO neutron.db.ovn_revision_numbers_db [None req-2f017dd7-165b-499f-aea0-a28daf5d1a53 5e02c5096e4b4da6a6aa64978928cd9e 42cd746617d3475dad59c39062fe4a98 - - default default] Successfully bumped revision number for resource f298544f-9f34-4a47-bbfc-1da0c8539b82 (type: security_groups) to 1
2026-06-13 23:58:28.356 9 INFO neutron.db.ovn_revision_numbers_db [None req-2f017dd7-165b-499f-aea0-a28daf5d1a53 5e02c5096e4b4da6a6aa64978928cd9e 42cd746617d3475dad59c39062fe4a98 - - default default] Successfully bumped revision number for resource 1e072f58-c2b8-49a6-9cdc-6e25d70a47d6 (type: security_group_rules) to 0
2026-06-13 23:58:28.372 9 INFO neutron.db.ovn_revision_numbers_db [None req-2f017dd7-165b-499f-aea0-a28daf5d1a53 5e02c5096e4b4da6a6aa64978928cd9e 42cd746617d3475dad59c39062fe4a98 - - default default] Successfully bumped revision number for resource 4c0f0309-a48a-42fc-96fd-6508f5718759 (type: security_group_rules) to 0
2026-06-13 23:58:28.387 9 INFO neutron.db.ovn_revision_numbers_db [None req-2f017dd7-165b-499f-aea0-a28daf5d1a53 5e02c5096e4b4da6a6aa64978928cd9e 42cd746617d3475dad59c39062fe4a98 - - default default] Successfully bumped revision number for resource 73e85344-9ad6-4643-b730-5eb9d8ed2e57 (type: security_group_rules) to 0
2026-06-13 23:58:28.417 9 INFO neutron.db.ovn_revision_numbers_db [None req-2f017dd7-165b-499f-aea0-a28daf5d1a53 5e02c5096e4b4da6a6aa64978928cd9e 42cd746617d3475dad59c39062fe4a98 - - default default] Successfully bumped revision number for resource e4745d5a-0a14-4d4f-83c7-c4004f6bddce (type: security_group_rules) to 0
2026-06-13 23:58:28.477 9 INFO neutron.db.segments_db [None req-2f017dd7-165b-499f-aea0-a28daf5d1a53 5e02c5096e4b4da6a6aa64978928cd9e 42cd746617d3475dad59c39062fe4a98 - - default default] Added segment e62617e0-7af0-48ce-be00-b6a8f3a0c257 of type geneve for network ee25c984-cc2e-45c1-92ab-65e6e8422495
2026-06-13 23:58:28.601 10 INFO neutron.db.ovn_revision_numbers_db [None req-608887ea-520e-43e6-833e-c449e9061659 ceb10072dd624187972bb39852f2cef9 44f8b71a2d744697bfce068ff4cbc09e - - default default] Successfully bumped revision number for resource 66feaf96-8523-4c4f-9c5c-63fbc3f9ead8 (type: ports) to 2
2026-06-13 23:58:28.622 9 INFO neutron.db.ovn_revision_numbers_db [None req-2f017dd7-165b-499f-aea0-a28daf5d1a53 5e02c5096e4b4da6a6aa64978928cd9e 42cd746617d3475dad59c39062fe4a98 - - default default] Successfully bumped revision number for resource ee25c984-cc2e-45c1-92ab-65e6e8422495 (type: networks) to 1
2026-06-13 23:58:28.637 10 INFO neutron.db.ovn_revision_numbers_db [None req-608887ea-520e-43e6-833e-c449e9061659 ceb10072dd624187972bb39852f2cef9 44f8b71a2d744697bfce068ff4cbc09e - - default default] Successfully bumped revision number for resource 2d9fa2b9-6645-4920-8450-d2b01017e483 (type: subnets) to 0
2026-06-13 23:58:28.671 10 INFO neutron.wsgi [None req-608887ea-520e-43e6-833e-c449e9061659 ceb10072dd624187972bb39852f2cef9 44f8b71a2d744697bfce068ff4cbc09e - - default default] 10.0.0.154 "POST /v2.0/subnets HTTP/1.1" status: 201 len: 801 time: 0.9358609
2026-06-13 23:58:28.680 10 WARNING neutron_lib.context [None req-b1764e96-9ca4-440f-936b-050a8fb44adc ceb10072dd624187972bb39852f2cef9 44f8b71a2d744697bfce068ff4cbc09e - - default default] Method 'is_advsvc' is deprecated since 2023.2 release (neutron-lib 3.8.0) and will be removed once support for the old RBAC API policies will be removed from Neutron. Please use method 'is_service_role' instead.
2026-06-13 23:58:28.785 10 INFO neutron.db.ovn_revision_numbers_db [None req-b1764e96-9ca4-440f-936b-050a8fb44adc ceb10072dd624187972bb39852f2cef9 44f8b71a2d744697bfce068ff4cbc09e - - default default] Successfully bumped revision number for resource 38e8412b-8f8d-41eb-a4e4-5fe654112cd4 (type: routers) to 1
2026-06-13 23:58:28.803 10 INFO neutron.wsgi [None req-b1764e96-9ca4-440f-936b-050a8fb44adc ceb10072dd624187972bb39852f2cef9 44f8b71a2d744697bfce068ff4cbc09e - - default default] 10.0.0.154 "POST /v2.0/routers HTTP/1.1" status: 201 len: 802 time: 0.1274500
2026-06-13 23:58:28.847 9 WARNING neutron.scheduler.dhcp_agent_scheduler [None req-2f017dd7-165b-499f-aea0-a28daf5d1a53 5e02c5096e4b4da6a6aa64978928cd9e 42cd746617d3475dad59c39062fe4a98 - - default default] No more DHCP agents
2026-06-13 23:58:28.849 9 WARNING neutron.api.rpc.agentnotifiers.dhcp_rpc_agent_api [None req-2f017dd7-165b-499f-aea0-a28daf5d1a53 5e02c5096e4b4da6a6aa64978928cd9e 42cd746617d3475dad59c39062fe4a98 - - default default] Unable to schedule network ee25c984-cc2e-45c1-92ab-65e6e8422495: no agents available; will retry on subsequent port and subnet creation events.
2026-06-13 23:58:29.149 9 INFO neutron.db.ovn_revision_numbers_db [None req-2f017dd7-165b-499f-aea0-a28daf5d1a53 5e02c5096e4b4da6a6aa64978928cd9e 42cd746617d3475dad59c39062fe4a98 - - default default] Successfully bumped revision number for resource e836abb7-97d4-4242-9a34-f235ef6f932c (type: ports) to 1
2026-06-13 23:58:29.170 9 INFO neutron.wsgi [None req-2f017dd7-165b-499f-aea0-a28daf5d1a53 5e02c5096e4b4da6a6aa64978928cd9e 42cd746617d3475dad59c39062fe4a98 - - default default] 10.0.0.154 "POST /v2.0/networks HTTP/1.1" status: 201 len: 927 time: 1.1047962
2026-06-13 23:58:29.245 10 WARNING neutron.scheduler.dhcp_agent_scheduler [None req-1f8d8471-be25-4c49-8e40-541f97575fbf ceb10072dd624187972bb39852f2cef9 44f8b71a2d744697bfce068ff4cbc09e - - default default] No more DHCP agents
2026-06-13 23:58:29.246 10 WARNING neutron.api.rpc.agentnotifiers.dhcp_rpc_agent_api [None req-1f8d8471-be25-4c49-8e40-541f97575fbf ceb10072dd624187972bb39852f2cef9 44f8b71a2d744697bfce068ff4cbc09e - - default default] Unable to schedule network 3915b74a-cb3f-4a0b-b1f3-8a10db8fd177: no agents available; will retry on subsequent port and subnet creation events.
2026-06-13 23:58:29.354 9 WARNING neutron.scheduler.dhcp_agent_scheduler [None req-86822fc4-6556-4008-b0c2-b66135d07156 5e02c5096e4b4da6a6aa64978928cd9e 42cd746617d3475dad59c39062fe4a98 - - default default] No more DHCP agents
2026-06-13 23:58:29.355 9 WARNING neutron.api.rpc.agentnotifiers.dhcp_rpc_agent_api [None req-86822fc4-6556-4008-b0c2-b66135d07156 5e02c5096e4b4da6a6aa64978928cd9e 42cd746617d3475dad59c39062fe4a98 - - default default] Unable to schedule network ee25c984-cc2e-45c1-92ab-65e6e8422495: no agents available; will retry on subsequent port and subnet creation events.
2026-06-13 23:58:29.412 10 INFO neutron.db.ovn_revision_numbers_db [None req-1f8d8471-be25-4c49-8e40-541f97575fbf ceb10072dd624187972bb39852f2cef9 44f8b71a2d744697bfce068ff4cbc09e - - default default] Successfully bumped revision number for resource 4dc9d6d9-07ef-4f24-b32e-113337c626a2 (type: ports) to 1
2026-06-13 23:58:29.893 9 INFO neutron.db.ovn_revision_numbers_db [None req-86822fc4-6556-4008-b0c2-b66135d07156 5e02c5096e4b4da6a6aa64978928cd9e 42cd746617d3475dad59c39062fe4a98 - - default default] Successfully bumped revision number for resource e836abb7-97d4-4242-9a34-f235ef6f932c (type: ports) to 2
2026-06-13 23:58:29.930 9 INFO neutron.db.ovn_revision_numbers_db [None req-86822fc4-6556-4008-b0c2-b66135d07156 5e02c5096e4b4da6a6aa64978928cd9e 42cd746617d3475dad59c39062fe4a98 - - default default] Successfully bumped revision number for resource 5092477d-d9cd-491a-a284-f6c7eaa63759 (type: subnets) to 0
2026-06-13 23:58:29.946 9 INFO neutron.wsgi [None req-86822fc4-6556-4008-b0c2-b66135d07156 5e02c5096e4b4da6a6aa64978928cd9e 42cd746617d3475dad59c39062fe4a98 - - default default] 10.0.0.154 "POST /v2.0/subnets HTTP/1.1" status: 201 len: 819 time: 0.7707803
2026-06-13 23:58:29.955 9 WARNING neutron.api.v2.base [None req-75aaf11d-b9e8-4bc6-b26d-5646bcee1e8b 5e02c5096e4b4da6a6aa64978928cd9e 42cd746617d3475dad59c39062fe4a98 - - default default] An exception happened while processing the request body. The exception message is [Invalid input for target_tenant. Reason: 'None' is not a valid string.].: webob.exc.HTTPBadRequest: Invalid input for target_tenant. Reason: 'None' is not a valid string.
2026-06-13 23:58:29.956 9 INFO neutron.api.v2.resource [None req-75aaf11d-b9e8-4bc6-b26d-5646bcee1e8b 5e02c5096e4b4da6a6aa64978928cd9e 42cd746617d3475dad59c39062fe4a98 - - default default] create failed (client error): Invalid input for target_tenant. Reason: 'None' is not a valid string.
2026-06-13 23:58:29.957 9 INFO neutron.wsgi [None req-75aaf11d-b9e8-4bc6-b26d-5646bcee1e8b 5e02c5096e4b4da6a6aa64978928cd9e 42cd746617d3475dad59c39062fe4a98 - - default default] 10.0.0.154 "POST /v2.0/rbac-policies HTTP/1.1" status: 400 len: 346 time: 0.0069125
2026-06-13 23:58:30.114 10 ERROR ovsdbapp.backend.ovs_idl.command [None req-1f8d8471-be25-4c49-8e40-541f97575fbf ceb10072dd624187972bb39852f2cef9 44f8b71a2d744697bfce068ff4cbc09e - - default default] Error executing command (DbGetCommand): ovsdbapp.backend.ovs_idl.idlutils.RowNotFound: Cannot find Logical_Router_Port with name=lrp-4dc9d6d9-07ef-4f24-b32e-113337c626a2
2026-06-13 23:58:30.114 10 ERROR ovsdbapp.backend.ovs_idl.command
Traceback (most recent call last):
2026-06-13 23:58:30.114 10 ERROR ovsdbapp.backend.ovs_idl.command
File "/var/lib/openstack/lib/python3.10/site-packages/ovsdbapp/backend/ovs_idl/command.py", line 47, in execute
2026-06-13 23:58:30.114 10 ERROR ovsdbapp.backend.ovs_idl.command self.run_idl(None)
2026-06-13 23:58:30.114 10 ERROR ovsdbapp.backend.ovs_idl.command
File "/var/lib/openstack/lib/python3.10/site-packages/ovsdbapp/backend/ovs_idl/command.py", line 235, in run_idl
2026-06-13 23:58:30.114 10 ERROR ovsdbapp.backend.ovs_idl.command record = self.api.lookup(self.table, self.record)
2026-06-13 23:58:30.114 10 ERROR ovsdbapp.backend.ovs_idl.command
File "/var/lib/openstack/lib/python3.10/site-packages/ovsdbapp/backend/ovs_idl/__init__.py", line 184, in lookup
2026-06-13 23:58:30.114 10 ERROR ovsdbapp.backend.ovs_idl.command return self._lookup(table, record)
2026-06-13 23:58:30.114 10 ERROR ovsdbapp.backend.ovs_idl.command
File "/var/lib/openstack/lib/python3.10/site-packages/ovsdbapp/backend/ovs_idl/__init__.py", line 235, in _lookup
2026-06-13 23:58:30.114 10 ERROR ovsdbapp.backend.ovs_idl.command row = idlutils.row_by_value(self, rl.table, rl.column, record)
2026-06-13 23:58:30.114 10 ERROR ovsdbapp.backend.ovs_idl.command
File "/var/lib/openstack/lib/python3.10/site-packages/ovsdbapp/backend/ovs_idl/idlutils.py", line 114, in row_by_value
2026-06-13 23:58:30.114 10 ERROR ovsdbapp.backend.ovs_idl.command raise RowNotFound(table=table, col=column, match=match)
2026-06-13 23:58:30.114 10 ERROR ovsdbapp.backend.ovs_idl.command ovsdbapp.backend.ovs_idl.idlutils.RowNotFound: Cannot find Logical_Router_Port with name=lrp-4dc9d6d9-07ef-4f24-b32e-113337c626a2
2026-06-13 23:58:30.114 10 ERROR ovsdbapp.backend.ovs_idl.command 
2026-06-13 23:58:30.115 10 ERROR neutron_lib.callbacks.manager [None req-1f8d8471-be25-4c49-8e40-541f97575fbf ceb10072dd624187972bb39852f2cef9 44f8b71a2d744697bfce068ff4cbc09e - - default default] Error during notification for neutron.services.ovn_l3.plugin.OVNL3RouterPlugin._port_update-8748536747741 port, after_update: ovsdbapp.backend.ovs_idl.idlutils.RowNotFound: Cannot find Logical_Router_Port with name=lrp-4dc9d6d9-07ef-4f24-b32e-113337c626a2
2026-06-13 23:58:30.115 10 ERROR neutron_lib.callbacks.manager
Traceback (most recent call last):
2026-06-13 23:58:30.115 10 ERROR neutron_lib.callbacks.manager
File "/var/lib/openstack/lib/python3.10/site-packages/neutron_lib/callbacks/manager.py", line 189, in _notify_loop
2026-06-13 23:58:30.115 10 ERROR neutron_lib.callbacks.manager callback.method(resource, event, trigger, payload=payload)
2026-06-13 23:58:30.115 10 ERROR neutron_lib.callbacks.manager
File "/var/lib/openstack/lib/python3.10/site-packages/neutron/services/ovn_l3/plugin.py", line 391, in _port_update
2026-06-13 23:58:30.115 10 ERROR neutron_lib.callbacks.manager l3plugin._ovn_client.update_router_port(context,
2026-06-13 23:58:30.115 10 ERROR neutron_lib.callbacks.manager
File "/var/lib/openstack/lib/python3.10/site-packages/neutron/plugins/ml2/drivers/ovn/mech_driver/ovsdb/ovn_client.py", line 1878, in update_router_port
2026-06-13 23:58:30.115 10 ERROR neutron_lib.callbacks.manager self._update_lrouter_port(context, port, if_exists=if_exists,
2026-06-13 23:58:30.115 10 ERROR neutron_lib.callbacks.manager
File "/var/lib/openstack/lib/python3.10/site-packages/neutron/plugins/ml2/drivers/ovn/mech_driver/ovsdb/ovn_client.py", line 1855, in _update_lrouter_port
2026-06-13 23:58:30.115 10 ERROR neutron_lib.callbacks.manager external_ids = self._nb_idl.db_get(
2026-06-13 23:58:30.115 10 ERROR neutron_lib.callbacks.manager
File "/var/lib/openstack/lib/python3.10/site-packages/ovsdbapp/backend/ovs_idl/command.py", line 47, in execute
2026-06-13 23:58:30.115 10 ERROR neutron_lib.callbacks.manager self.run_idl(None)
2026-06-13 23:58:30.115 10 ERROR neutron_lib.callbacks.manager
File "/var/lib/openstack/lib/python3.10/site-packages/ovsdbapp/backend/ovs_idl/command.py", line 235, in run_idl
2026-06-13 23:58:30.115 10 ERROR neutron_lib.callbacks.manager record = self.api.lookup(self.table, self.record)
2026-06-13 23:58:30.115 10 ERROR neutron_lib.callbacks.manager
File "/var/lib/openstack/lib/python3.10/site-packages/ovsdbapp/backend/ovs_idl/__init__.py", line 184, in lookup
2026-06-13 23:58:30.115 10 ERROR neutron_lib.callbacks.manager return self._lookup(table, record)
2026-06-13 23:58:30.115 10 ERROR neutron_lib.callbacks.manager
File "/var/lib/openstack/lib/python3.10/site-packages/ovsdbapp/backend/ovs_idl/__init__.py", line 235, in _lookup
2026-06-13 23:58:30.115 10 ERROR neutron_lib.callbacks.manager row = idlutils.row_by_value(self, rl.table, rl.column, record)
2026-06-13 23:58:30.115 10 ERROR neutron_lib.callbacks.manager
File "/var/lib/openstack/lib/python3.10/site-packages/ovsdbapp/backend/ovs_idl/idlutils.py", line 114, in row_by_value
2026-06-13 23:58:30.115 10 ERROR neutron_lib.callbacks.manager raise RowNotFound(table=table, col=column, match=match)
2026-06-13 23:58:30.115 10 ERROR neutron_lib.callbacks.manager ovsdbapp.backend.ovs_idl.idlutils.RowNotFound: Cannot find Logical_Router_Port with name=lrp-4dc9d6d9-07ef-4f24-b32e-113337c626a2
2026-06-13 23:58:30.115 10 ERROR neutron_lib.callbacks.manager 
2026-06-13 23:58:30.259 10 INFO neutron.plugins.ml2.drivers.ovn.mech_driver.mech_driver [None req-7f51bcc4-bade-4819-b882-6b2b9175102a - - - - - -] OVN reports status up for port: 4dc9d6d9-07ef-4f24-b32e-113337c626a2
2026-06-13 23:58:30.274 10 INFO neutron.plugins.ml2.plugin [None req-7f51bcc4-bade-4819-b882-6b2b9175102a - - - - - -] Attempt 1 to provision port 4dc9d6d9-07ef-4f24-b32e-113337c626a2
2026-06-13 23:58:30.290 10 INFO neutron.db.ovn_revision_numbers_db [None req-1f8d8471-be25-4c49-8e40-541f97575fbf ceb10072dd624187972bb39852f2cef9 44f8b71a2d744697bfce068ff4cbc09e - - default default] Successfully bumped revision number for resource 4dc9d6d9-07ef-4f24-b32e-113337c626a2 (type: ports) to 1
2026-06-13 23:58:30.363 10 WARNING neutron.scheduler.dhcp_agent_scheduler [None req-1f8d8471-be25-4c49-8e40-541f97575fbf ceb10072dd624187972bb39852f2cef9 44f8b71a2d744697bfce068ff4cbc09e - - default default] No more DHCP agents
2026-06-13 23:58:30.365 10 WARNING neutron.api.rpc.agentnotifiers.dhcp_rpc_agent_api [None req-1f8d8471-be25-4c49-8e40-541f97575fbf ceb10072dd624187972bb39852f2cef9 44f8b71a2d744697bfce068ff4cbc09e - - default default] Unable to schedule network 3915b74a-cb3f-4a0b-b1f3-8a10db8fd177: no agents available; will retry on subsequent port and subnet creation events.
2026-06-13 23:58:30.494 9 INFO neutron.services.segments.plugin [-] Segment e62617e0-7af0-48ce-be00-b6a8f3a0c257 resource provider aggregate not found
2026-06-13 23:58:30.499 9 INFO neutron.services.segments.plugin [-] Segment e62617e0-7af0-48ce-be00-b6a8f3a0c257 resource provider aggregate not found
2026-06-13 23:58:30.510 9 INFO neutron.services.segments.plugin [-] Segment e62617e0-7af0-48ce-be00-b6a8f3a0c257 resource provider not found; error: Placement Client Error (4xx): {"errors": [{"status": 404, "title": "Not Found", "detail": "The resource could not be found.\n\n No resource provider with uuid e62617e0-7af0-48ce-be00-b6a8f3a0c257 found for delete ", "request_id": "req-77b727fb-7ab2-48d3-bdd0-e78ab4b304bc"}]}
2026-06-13 23:58:30.522 9 INFO neutron.services.segments.plugin [-] Segment e62617e0-7af0-48ce-be00-b6a8f3a0c257 resource provider not found; error: Placement Client Error (4xx): {"errors": [{"status": 404, "title": "Not Found", "detail": "The resource could not be found.\n\n No resource provider with uuid e62617e0-7af0-48ce-be00-b6a8f3a0c257 found for delete ", "request_id": "req-093ad595-87b3-46ef-94e9-67fab6481a3f"}]}
2026-06-13 23:58:30.530 9 INFO neutron.wsgi [None req-bc244e18-4f28-4475-b2b0-7187ca2e3d32 5e02c5096e4b4da6a6aa64978928cd9e 42cd746617d3475dad59c39062fe4a98 - - default default] 10.0.0.154 "DELETE /v2.0/networks/ee25c984-cc2e-45c1-92ab-65e6e8422495 HTTP/1.1" status: 204 len: 168 time: 0.5674582
2026-06-13 23:58:30.559 10 INFO neutron.db.ovn_revision_numbers_db [None req-1f8d8471-be25-4c49-8e40-541f97575fbf ceb10072dd624187972bb39852f2cef9 44f8b71a2d744697bfce068ff4cbc09e - - default default] Successfully bumped revision number for resource 4dc9d6d9-07ef-4f24-b32e-113337c626a2 (type: router_ports) to 1
2026-06-13 23:58:30.567 10 INFO neutron.wsgi [None req-1f8d8471-be25-4c49-8e40-541f97575fbf ceb10072dd624187972bb39852f2cef9 44f8b71a2d744697bfce068ff4cbc09e - - default default] 10.0.0.154 "PUT /v2.0/routers/38e8412b-8f8d-41eb-a4e4-5fe654112cd4/add_router_interface HTTP/1.1" status: 200 len: 503 time: 1.7575712
2026-06-13 23:58:30.636 10 INFO neutron.wsgi [None req-de91c5c7-7562-49cf-8dd8-2f3607ec8d17 ceb10072dd624187972bb39852f2cef9 44f8b71a2d744697bfce068ff4cbc09e - - default default] 10.0.0.154 "GET /v2.0/ports/4dc9d6d9-07ef-4f24-b32e-113337c626a2 HTTP/1.1" status: 200 len: 1137 time: 0.0625980
2026-06-13 23:58:30.695 10 INFO neutron.db.segments_db [None req-96603a25-5443-4267-b5a4-361f4cb72eed 5e02c5096e4b4da6a6aa64978928cd9e 42cd746617d3475dad59c39062fe4a98 - - default default] Added segment 1d5fd21c-caf5-46ee-b1f4-c49a6cd9b95f of type geneve for network 081d4a5e-52f1-45d2-bc70-70039c632af0
2026-06-13 23:58:30.889 10 INFO neutron.db.ovn_revision_numbers_db [None req-7f51bcc4-bade-4819-b882-6b2b9175102a - - - - - -] Successfully bumped revision number for resource 4dc9d6d9-07ef-4f24-b32e-113337c626a2 (type: ports) to 2
2026-06-13 23:58:30.971 10 INFO neutron.db.ovn_revision_numbers_db [None req-96603a25-5443-4267-b5a4-361f4cb72eed 5e02c5096e4b4da6a6aa64978928cd9e 42cd746617d3475dad59c39062fe4a98 - - default default] Successfully bumped revision number for resource 081d4a5e-52f1-45d2-bc70-70039c632af0 (type: networks) to 1
2026-06-13 23:58:31.095 9 INFO neutron.db.ovn_revision_numbers_db [None req-8d51bbc4-ae31-4ea7-a44c-5f016c1a8fb6 ffe9042a33aa4d02b4b0570c5608a184 dadf9082a04b4d8f99ec28f752e4f7d0 - - default default] Successfully bumped revision number for resource 41bad649-de86-418e-b79d-dd22f2d361bc (type: security_groups) to 1
2026-06-13 23:58:31.107 9 INFO neutron.db.ovn_revision_numbers_db [None req-8d51bbc4-ae31-4ea7-a44c-5f016c1a8fb6 ffe9042a33aa4d02b4b0570c5608a184 dadf9082a04b4d8f99ec28f752e4f7d0 - - default default] Successfully bumped revision number for resource 1f279abe-dfb5-4a30-ac31-5e675b12e516 (type: security_group_rules) to 0
2026-06-13 23:58:31.118 9 INFO neutron.db.ovn_revision_numbers_db [None req-8d51bbc4-ae31-4ea7-a44c-5f016c1a8fb6 ffe9042a33aa4d02b4b0570c5608a184 dadf9082a04b4d8f99ec28f752e4f7d0 - - default default] Successfully bumped revision number for resource 271fccbf-0aa0-42f4-b9f3-0d7c9bae6f90 (type: security_group_rules) to 0
2026-06-13 23:58:31.129 9 INFO neutron.db.ovn_revision_numbers_db [None req-8d51bbc4-ae31-4ea7-a44c-5f016c1a8fb6 ffe9042a33aa4d02b4b0570c5608a184 dadf9082a04b4d8f99ec28f752e4f7d0 - - default default] Successfully bumped revision number for resource 3236d08f-91cd-449e-9d9e-64ead0f9edaf (type: security_group_rules) to 0
2026-06-13 23:58:31.139 9 INFO neutron.db.ovn_revision_numbers_db [None req-8d51bbc4-ae31-4ea7-a44c-5f016c1a8fb6 ffe9042a33aa4d02b4b0570c5608a184 dadf9082a04b4d8f99ec28f752e4f7d0 - - default default] Successfully bumped revision number for resource c85bb36f-935f-46c8-adf0-d2814f696faa (type: security_group_rules) to 0
2026-06-13 23:58:31.157 9 INFO neutron.wsgi [None req-8d51bbc4-ae31-4ea7-a44c-5f016c1a8fb6 ffe9042a33aa4d02b4b0570c5608a184 dadf9082a04b4d8f99ec28f752e4f7d0 - - default default] 10.0.0.154 "GET /v2.0/security-groups?tenant_id=323af6bd623b4d038a280a1acdf8c6ab&name=default HTTP/1.1" status: 200 len: 3120 time: 0.3438330
2026-06-13 23:58:31.327 10 INFO neutron.db.ovn_revision_numbers_db [None req-7f51bcc4-bade-4819-b882-6b2b9175102a - - - - - -] Successfully bumped revision number for resource 4dc9d6d9-07ef-4f24-b32e-113337c626a2 (type: router_ports) to 2
2026-06-13 23:58:31.338 9 INFO neutron.wsgi [None req-b70c5cc1-cdaf-4dfd-8890-dcdd24c793eb ffe9042a33aa4d02b4b0570c5608a184 dadf9082a04b4d8f99ec28f752e4f7d0 - - default default] 10.0.0.154 "DELETE /v2.0/security-groups/41bad649-de86-418e-b79d-dd22f2d361bc HTTP/1.1" status: 204 len: 168 time: 0.1753261
2026-06-13 23:58:31.472 10 WARNING neutron.scheduler.dhcp_agent_scheduler [None req-96603a25-5443-4267-b5a4-361f4cb72eed 5e02c5096e4b4da6a6aa64978928cd9e 42cd746617d3475dad59c39062fe4a98 - - default default] No more DHCP agents
2026-06-13 23:58:31.476 10 WARNING neutron.api.rpc.agentnotifiers.dhcp_rpc_agent_api [None req-96603a25-5443-4267-b5a4-361f4cb72eed 5e02c5096e4b4da6a6aa64978928cd9e 42cd746617d3475dad59c39062fe4a98 - - default default] Unable to schedule network 081d4a5e-52f1-45d2-bc70-70039c632af0: no agents available; will retry on subsequent port and subnet creation events.
2026-06-13 23:58:31.591 9 INFO neutron.db.ovn_revision_numbers_db [None req-59f813f6-bd04-4a77-a8c3-9e588c430f7c ffe9042a33aa4d02b4b0570c5608a184 dadf9082a04b4d8f99ec28f752e4f7d0 - - default default] Successfully bumped revision number for resource 4bde2bda-c4f3-4249-b187-43f3e995e5bd (type: security_groups) to 1
2026-06-13 23:58:31.602 10 INFO neutron.db.ovn_revision_numbers_db [None req-96603a25-5443-4267-b5a4-361f4cb72eed 5e02c5096e4b4da6a6aa64978928cd9e 42cd746617d3475dad59c39062fe4a98 - - default default] Successfully bumped revision number for resource b921db40-b02a-4762-a5ce-b05fbf3255b4 (type: ports) to 1
2026-06-13 23:58:31.605 9 INFO neutron.db.ovn_revision_numbers_db [None req-59f813f6-bd04-4a77-a8c3-9e588c430f7c ffe9042a33aa4d02b4b0570c5608a184 dadf9082a04b4d8f99ec28f752e4f7d0 - - default default] Successfully bumped revision number for resource 201c97c7-5475-4658-b0ab-279067912a6d (type: security_group_rules) to 0
2026-06-13 23:58:31.619 9 INFO neutron.db.ovn_revision_numbers_db [None req-59f813f6-bd04-4a77-a8c3-9e588c430f7c ffe9042a33aa4d02b4b0570c5608a184 dadf9082a04b4d8f99ec28f752e4f7d0 - - default default] Successfully bumped revision number for resource 77b97e66-65be-469e-b743-ea581de90019 (type: security_group_rules) to 0
2026-06-13 23:58:31.626 10 INFO neutron.wsgi [None req-96603a25-5443-4267-b5a4-361f4cb72eed 5e02c5096e4b4da6a6aa64978928cd9e 42cd746617d3475dad59c39062fe4a98 - - default default] 10.0.0.154 "POST /v2.0/networks HTTP/1.1" status: 201 len: 928 time: 1.0909269
2026-06-13 23:58:31.640 9 INFO neutron.db.ovn_revision_numbers_db [None req-59f813f6-bd04-4a77-a8c3-9e588c430f7c ffe9042a33aa4d02b4b0570c5608a184 dadf9082a04b4d8f99ec28f752e4f7d0 - - default default] Successfully bumped revision number for resource d666cd56-d0da-4c22-a630-aa5ee54dfc3f (type: security_group_rules) to 0
2026-06-13 23:58:31.649 10 WARNING neutron.scheduler.dhcp_agent_scheduler [None req-bccd0975-b333-40e2-b634-995c2cabed54 ceb10072dd624187972bb39852f2cef9 44f8b71a2d744697bfce068ff4cbc09e - - default default] No more DHCP agents
2026-06-13 23:58:31.651 10 WARNING neutron.api.rpc.agentnotifiers.dhcp_rpc_agent_api [None req-bccd0975-b333-40e2-b634-995c2cabed54 ceb10072dd624187972bb39852f2cef9 44f8b71a2d744697bfce068ff4cbc09e - - default default] Unable to schedule network 3916150f-6eb6-41cb-904b-85b7e42c097f: no agents available; will retry on subsequent port and subnet creation events.
2026-06-13 23:58:31.661 9 INFO neutron.db.ovn_revision_numbers_db [None req-59f813f6-bd04-4a77-a8c3-9e588c430f7c ffe9042a33aa4d02b4b0570c5608a184 dadf9082a04b4d8f99ec28f752e4f7d0 - - default default] Successfully bumped revision number for resource fb5fa339-9247-4d06-acb9-6ce236206a61 (type: security_group_rules) to 0
2026-06-13 23:58:31.694 9 INFO neutron.wsgi [None req-59f813f6-bd04-4a77-a8c3-9e588c430f7c ffe9042a33aa4d02b4b0570c5608a184 dadf9082a04b4d8f99ec28f752e4f7d0 - - default default] 10.0.0.154 "GET /v2.0/security-groups?tenant_id=7dd96bb770d941dea46943491bb76ac7&name=default HTTP/1.1" status: 200 len: 3120 time: 0.2651381
2026-06-13 23:58:31.810 9 WARNING neutron.scheduler.dhcp_agent_scheduler [None req-d46c6467-a80b-41bd-bd5f-d7e09ce7277d 5e02c5096e4b4da6a6aa64978928cd9e 42cd746617d3475dad59c39062fe4a98 - - default default] No more DHCP agents
2026-06-13 23:58:31.812 9 WARNING neutron.api.rpc.agentnotifiers.dhcp_rpc_agent_api [None req-d46c6467-a80b-41bd-bd5f-d7e09ce7277d 5e02c5096e4b4da6a6aa64978928cd9e 42cd746617d3475dad59c39062fe4a98 - - default default] Unable to schedule network 081d4a5e-52f1-45d2-bc70-70039c632af0: no agents available; will retry on subsequent port and subnet creation events.
2026-06-13 23:58:31.827 10 INFO neutron.db.ovn_revision_numbers_db [None req-bccd0975-b333-40e2-b634-995c2cabed54 ceb10072dd624187972bb39852f2cef9 44f8b71a2d744697bfce068ff4cbc09e - - default default] Successfully bumped revision number for resource 43c15606-1a20-4748-b90f-219790c7242b (type: ports) to 1
2026-06-13 23:58:31.968 10 INFO neutron.wsgi [None req-e393125e-c035-426d-b5a7-63bf57ae5572 ffe9042a33aa4d02b4b0570c5608a184 dadf9082a04b4d8f99ec28f752e4f7d0 - - default default] 10.0.0.154 "DELETE /v2.0/security-groups/4bde2bda-c4f3-4249-b187-43f3e995e5bd HTTP/1.1" status: 204 len: 168 time: 0.2691498
2026-06-13 23:58:32.283 9 INFO neutron.db.ovn_revision_numbers_db [None req-d46c6467-a80b-41bd-bd5f-d7e09ce7277d 5e02c5096e4b4da6a6aa64978928cd9e 42cd746617d3475dad59c39062fe4a98 - - default default] Successfully bumped revision number for resource b921db40-b02a-4762-a5ce-b05fbf3255b4 (type: ports) to 2
2026-06-13 23:58:32.316 9 INFO neutron.db.ovn_revision_numbers_db [None req-d46c6467-a80b-41bd-bd5f-d7e09ce7277d 5e02c5096e4b4da6a6aa64978928cd9e 42cd746617d3475dad59c39062fe4a98 - - default default] Successfully bumped revision number for resource 8ba1afc4-8f87-49c7-b3f4-d0244ee9e404 (type: subnets) to 0
2026-06-13 23:58:32.331 10 ERROR ovsdbapp.backend.ovs_idl.command [None req-bccd0975-b333-40e2-b634-995c2cabed54 ceb10072dd624187972bb39852f2cef9 44f8b71a2d744697bfce068ff4cbc09e - - default default] Error executing command (DbGetCommand): ovsdbapp.backend.ovs_idl.idlutils.RowNotFound: Cannot find Logical_Router_Port with name=lrp-43c15606-1a20-4748-b90f-219790c7242b
2026-06-13 23:58:32.331 10 ERROR ovsdbapp.backend.ovs_idl.command
Traceback (most recent call last):
2026-06-13 23:58:32.331 10 ERROR ovsdbapp.backend.ovs_idl.command
File "/var/lib/openstack/lib/python3.10/site-packages/ovsdbapp/backend/ovs_idl/command.py", line 47, in execute
2026-06-13 23:58:32.331 10 ERROR ovsdbapp.backend.ovs_idl.command self.run_idl(None)
2026-06-13 23:58:32.331 10 ERROR ovsdbapp.backend.ovs_idl.command
File "/var/lib/openstack/lib/python3.10/site-packages/ovsdbapp/backend/ovs_idl/command.py", line 235, in run_idl
2026-06-13 23:58:32.331 10 ERROR ovsdbapp.backend.ovs_idl.command record = self.api.lookup(self.table, self.record)
2026-06-13 23:58:32.331 10 ERROR ovsdbapp.backend.ovs_idl.command
File "/var/lib/openstack/lib/python3.10/site-packages/ovsdbapp/backend/ovs_idl/__init__.py", line 184, in lookup
2026-06-13 23:58:32.331 10 ERROR ovsdbapp.backend.ovs_idl.command return self._lookup(table, record)
2026-06-13 23:58:32.331 10 ERROR ovsdbapp.backend.ovs_idl.command
File "/var/lib/openstack/lib/python3.10/site-packages/ovsdbapp/backend/ovs_idl/__init__.py", line 235, in _lookup
2026-06-13 23:58:32.331 10 ERROR ovsdbapp.backend.ovs_idl.command row = idlutils.row_by_value(self, rl.table, rl.column, record)
2026-06-13 23:58:32.331 10 ERROR ovsdbapp.backend.ovs_idl.command
File "/var/lib/openstack/lib/python3.10/site-packages/ovsdbapp/backend/ovs_idl/idlutils.py", line 114, in row_by_value
2026-06-13 23:58:32.331 10 ERROR ovsdbapp.backend.ovs_idl.command raise RowNotFound(table=table, col=column, match=match)
2026-06-13 23:58:32.331 10 ERROR ovsdbapp.backend.ovs_idl.command ovsdbapp.backend.ovs_idl.idlutils.RowNotFound: Cannot find Logical_Router_Port with name=lrp-43c15606-1a20-4748-b90f-219790c7242b
2026-06-13 23:58:32.331 10 ERROR ovsdbapp.backend.ovs_idl.command 
2026-06-13 23:58:32.332 9 INFO neutron.wsgi [None req-d46c6467-a80b-41bd-bd5f-d7e09ce7277d 5e02c5096e4b4da6a6aa64978928cd9e 42cd746617d3475dad59c39062fe4a98 - - default default] 10.0.0.154 "POST /v2.0/subnets HTTP/1.1" status: 201 len: 822 time: 0.7002792
2026-06-13 23:58:32.332 10 ERROR neutron_lib.callbacks.manager [None req-bccd0975-b333-40e2-b634-995c2cabed54 ceb10072dd624187972bb39852f2cef9 44f8b71a2d744697bfce068ff4cbc09e - - default default] Error during notification for neutron.services.ovn_l3.plugin.OVNL3RouterPlugin._port_update-8748536747741 port, after_update: ovsdbapp.backend.ovs_idl.idlutils.RowNotFound: Cannot find Logical_Router_Port with name=lrp-43c15606-1a20-4748-b90f-219790c7242b
2026-06-13 23:58:32.332 10 ERROR neutron_lib.callbacks.manager
Traceback (most recent call last):
2026-06-13 23:58:32.332 10 ERROR neutron_lib.callbacks.manager
File "/var/lib/openstack/lib/python3.10/site-packages/neutron_lib/callbacks/manager.py", line 189, in _notify_loop
2026-06-13 23:58:32.332 10 ERROR neutron_lib.callbacks.manager callback.method(resource, event, trigger, payload=payload)
2026-06-13 23:58:32.332 10 ERROR neutron_lib.callbacks.manager
File "/var/lib/openstack/lib/python3.10/site-packages/neutron/services/ovn_l3/plugin.py", line 391, in _port_update
2026-06-13 23:58:32.332 10 ERROR neutron_lib.callbacks.manager l3plugin._ovn_client.update_router_port(context,
2026-06-13 23:58:32.332 10 ERROR neutron_lib.callbacks.manager
File "/var/lib/openstack/lib/python3.10/site-packages/neutron/plugins/ml2/drivers/ovn/mech_driver/ovsdb/ovn_client.py", line 1878, in update_router_port
2026-06-13 23:58:32.332 10 ERROR neutron_lib.callbacks.manager self._update_lrouter_port(context, port, if_exists=if_exists,
2026-06-13 23:58:32.332 10 ERROR neutron_lib.callbacks.manager
File "/var/lib/openstack/lib/python3.10/site-packages/neutron/plugins/ml2/drivers/ovn/mech_driver/ovsdb/ovn_client.py", line 1855, in _update_lrouter_port
2026-06-13 23:58:32.332 10 ERROR neutron_lib.callbacks.manager external_ids = self._nb_idl.db_get(
2026-06-13 23:58:32.332 10 ERROR neutron_lib.callbacks.manager
File "/var/lib/openstack/lib/python3.10/site-packages/ovsdbapp/backend/ovs_idl/command.py", line 47, in execute
2026-06-13 23:58:32.332 10 ERROR neutron_lib.callbacks.manager self.run_idl(None)
2026-06-13 23:58:32.332 10 ERROR neutron_lib.callbacks.manager
File "/var/lib/openstack/lib/python3.10/site-packages/ovsdbapp/backend/ovs_idl/command.py", line 235, in run_idl
2026-06-13 23:58:32.332 10 ERROR neutron_lib.callbacks.manager record = self.api.lookup(self.table, self.record)
2026-06-13 23:58:32.332 10 ERROR neutron_lib.callbacks.manager
File "/var/lib/openstack/lib/python3.10/site-packages/ovsdbapp/backend/ovs_idl/__init__.py", line 184, in lookup
2026-06-13 23:58:32.332 10 ERROR neutron_lib.callbacks.manager return self._lookup(table, record)
2026-06-13 23:58:32.332 10 ERROR neutron_lib.callbacks.manager
File "/var/lib/openstack/lib/python3.10/site-packages/ovsdbapp/backend/ovs_idl/__init__.py", line 235, in _lookup
2026-06-13 23:58:32.332 10 ERROR neutron_lib.callbacks.manager row = idlutils.row_by_value(self, rl.table, rl.column, record)
2026-06-13 23:58:32.332 10 ERROR neutron_lib.callbacks.manager
File "/var/lib/openstack/lib/python3.10/site-packages/ovsdbapp/backend/ovs_idl/idlutils.py", line 114, in row_by_value
2026-06-13 23:58:32.332 10 ERROR neutron_lib.callbacks.manager raise RowNotFound(table=table, col=column, match=match)
2026-06-13 23:58:32.332 10 ERROR neutron_lib.callbacks.manager ovsdbapp.backend.ovs_idl.idlutils.RowNotFound: Cannot find Logical_Router_Port with name=lrp-43c15606-1a20-4748-b90f-219790c7242b
2026-06-13 23:58:32.332 10 ERROR neutron_lib.callbacks.manager 
2026-06-13 23:58:32.342 9 WARNING neutron.api.v2.base [None req-1e6ce4ae-bda8-443f-ac89-e4c4a03b579b 5e02c5096e4b4da6a6aa64978928cd9e 42cd746617d3475dad59c39062fe4a98 - - default default] An exception happened while processing the request body. The exception message is [Invalid input for target_tenant. Reason: '1234123412341234123412341234123412341234123412341234123412341234123412341234123412341234123412341234123412341234123412341234123412341234123412341234123412341234123412341234123412341234123412341234123412341234123412341234123412341234123412341234123412341234123412341234123412341234123412341234123412341234123412341234123412341234123412341234123412341234123412341234123412341234123412341234123412341234' exceeds maximum length of 255.].: webob.exc.HTTPBadRequest: Invalid input for target_tenant. Reason: '1234123412341234123412341234123412341234123412341234123412341234123412341234123412341234123412341234123412341234123412341234123412341234123412341234123412341234123412341234123412341234123412341234123412341234123412341234123412341234123412341234123412341234123412341234123412341234123412341234123412341234123412341234123412341234123412341234123412341234123412341234123412341234123412341234123412341234' exceeds maximum length of 255.
2026-06-13 23:58:32.343 9 INFO neutron.api.v2.resource [None req-1e6ce4ae-bda8-443f-ac89-e4c4a03b579b 5e02c5096e4b4da6a6aa64978928cd9e 42cd746617d3475dad59c39062fe4a98 - - default default] create failed (client error): Invalid input for target_tenant. Reason: '1234123412341234123412341234123412341234123412341234123412341234123412341234123412341234123412341234123412341234123412341234123412341234123412341234123412341234123412341234123412341234123412341234123412341234123412341234123412341234123412341234123412341234123412341234123412341234123412341234123412341234123412341234123412341234123412341234123412341234123412341234123412341234123412341234123412341234' exceeds maximum length of 255.
2026-06-13 23:58:32.344 9 INFO neutron.wsgi [None req-1e6ce4ae-bda8-443f-ac89-e4c4a03b579b 5e02c5096e4b4da6a6aa64978928cd9e 42cd746617d3475dad59c39062fe4a98 - - default default] 10.0.0.154 "POST /v2.0/rbac-policies HTTP/1.1" status: 400 len: 750 time: 0.0065525
2026-06-13 23:58:32.539 10 INFO neutron.db.ovn_revision_numbers_db [None req-bccd0975-b333-40e2-b634-995c2cabed54 ceb10072dd624187972bb39852f2cef9 44f8b71a2d744697bfce068ff4cbc09e - - default default] Successfully bumped revision number for resource 43c15606-1a20-4748-b90f-219790c7242b (type: ports) to 1
2026-06-13 23:58:32.604 10 WARNING neutron.scheduler.dhcp_agent_scheduler [None req-bccd0975-b333-40e2-b634-995c2cabed54 ceb10072dd624187972bb39852f2cef9 44f8b71a2d744697bfce068ff4cbc09e - - default default] No more DHCP agents
2026-06-13 23:58:32.605 10 WARNING neutron.api.rpc.agentnotifiers.dhcp_rpc_agent_api [None req-bccd0975-b333-40e2-b634-995c2cabed54 ceb10072dd624187972bb39852f2cef9 44f8b71a2d744697bfce068ff4cbc09e - - default default] Unable to schedule network 3916150f-6eb6-41cb-904b-85b7e42c097f: no agents available; will retry on subsequent port and subnet creation events.
2026-06-13 23:58:32.744 10 INFO neutron.db.ovn_revision_numbers_db [None req-bccd0975-b333-40e2-b634-995c2cabed54 ceb10072dd624187972bb39852f2cef9 44f8b71a2d744697bfce068ff4cbc09e - - default default] Successfully bumped revision number for resource 43c15606-1a20-4748-b90f-219790c7242b (type: router_ports) to 1
2026-06-13 23:58:32.750 10 INFO neutron.wsgi [None req-bccd0975-b333-40e2-b634-995c2cabed54 ceb10072dd624187972bb39852f2cef9 44f8b71a2d744697bfce068ff4cbc09e - - default default] 10.0.0.154 "PUT /v2.0/routers/38e8412b-8f8d-41eb-a4e4-5fe654112cd4/add_router_interface HTTP/1.1" status: 200 len: 503 time: 2.1068566
2026-06-13 23:58:32.789 10 INFO neutron.wsgi [None req-d1fe5be9-7662-40a8-9be2-1f0b46c3b04f ceb10072dd624187972bb39852f2cef9 44f8b71a2d744697bfce068ff4cbc09e - - default default] 10.0.0.154 "GET /v2.0/ports/43c15606-1a20-4748-b90f-219790c7242b HTTP/1.1" status: 200 len: 1135 time: 0.0321019
