2026-06-14 00:00:07.887 10 INFO neutron.db.ovn_revision_numbers_db [None req-dcf56cc2-622a-4703-9bd5-c00576a227df d82379a54e9d42c89121411f01267d1f eafe0b3200d849198858dac8a556d872 - - default default] Successfully bumped revision number for resource a496b87c-feb9-4450-9b82-49f97727e2cc (type: ports) to 2
2026-06-14 00:00:07.889 9 INFO neutron.api.v2.resource [None req-e0615962-8fe5-4aa8-a89b-44c83d3f6c55 a746bfa6524f44dab2e5bca2bce3e83c e8e0c92c5646468ab53e98200318f6a7 - - default default] show failed (client error): The resource could not be found.
2026-06-14 00:00:07.890 9 INFO neutron.wsgi [None req-e0615962-8fe5-4aa8-a89b-44c83d3f6c55 a746bfa6524f44dab2e5bca2bce3e83c e8e0c92c5646468ab53e98200318f6a7 - - default default] 10.0.0.154 "GET /v2.0/security-groups/05cd2160-7d85-485c-bbd2-c69b8ac832b8 HTTP/1.1" status: 404 len: 347 time: 0.0138845
2026-06-14 00:00:07.950 10 INFO neutron.db.ovn_revision_numbers_db [None req-dcf56cc2-622a-4703-9bd5-c00576a227df d82379a54e9d42c89121411f01267d1f eafe0b3200d849198858dac8a556d872 - - default default] Successfully bumped revision number for resource 2687d569-41f0-4e63-b5eb-39d7fbdac3cf (type: subnets) to 0
2026-06-14 00:00:07.969 10 INFO neutron.wsgi [None req-dcf56cc2-622a-4703-9bd5-c00576a227df d82379a54e9d42c89121411f01267d1f eafe0b3200d849198858dac8a556d872 - - default default] 10.0.0.154 "POST /v2.0/subnets HTTP/1.1" status: 201 len: 801 time: 1.0832653
2026-06-14 00:00:07.981 9 WARNING neutron_lib.context [None req-e91fbe83-2340-4e3e-9229-abcb3849dad4 d82379a54e9d42c89121411f01267d1f eafe0b3200d849198858dac8a556d872 - - default default] Method 'is_advsvc' is deprecated since 2023.2 release (neutron-lib 3.8.0) and will be removed once support for the old RBAC API policies will be removed from Neutron. Please use method 'is_service_role' instead.
2026-06-14 00:00:08.036 10 INFO neutron.db.ovn_revision_numbers_db [None req-fcbafb48-92fe-40b2-a866-324f09a6cbd0 d01f4dbfe09e4ac9801a58f27b3e6dfe 9defa13d185c45b6a73025ef6ff16de0 - - default default] Successfully bumped revision number for resource e5ba5c84-d8af-4f86-9a60-d010f0ebe52b (type: networks) to 1
2026-06-14 00:00:08.265 10 WARNING neutron.scheduler.dhcp_agent_scheduler [None req-fcbafb48-92fe-40b2-a866-324f09a6cbd0 d01f4dbfe09e4ac9801a58f27b3e6dfe 9defa13d185c45b6a73025ef6ff16de0 - - default default] No more DHCP agents
2026-06-14 00:00:08.267 10 WARNING neutron.api.rpc.agentnotifiers.dhcp_rpc_agent_api [None req-fcbafb48-92fe-40b2-a866-324f09a6cbd0 d01f4dbfe09e4ac9801a58f27b3e6dfe 9defa13d185c45b6a73025ef6ff16de0 - - default default] Unable to schedule network e5ba5c84-d8af-4f86-9a60-d010f0ebe52b: no agents available; will retry on subsequent port and subnet creation events.
2026-06-14 00:00:08.362 10 INFO neutron.db.ovn_revision_numbers_db [None req-fcbafb48-92fe-40b2-a866-324f09a6cbd0 d01f4dbfe09e4ac9801a58f27b3e6dfe 9defa13d185c45b6a73025ef6ff16de0 - - default default] Successfully bumped revision number for resource 3dfa77af-fab3-4ebc-98af-a1cd75572ce2 (type: ports) to 1
2026-06-14 00:00:08.392 10 INFO neutron.wsgi [None req-fcbafb48-92fe-40b2-a866-324f09a6cbd0 d01f4dbfe09e4ac9801a58f27b3e6dfe 9defa13d185c45b6a73025ef6ff16de0 - - default default] 10.0.0.154 "POST /v2.0/networks HTTP/1.1" status: 201 len: 830 time: 0.6264603
2026-06-14 00:00:08.415 10 WARNING neutron_lib.context [None req-965b3276-56bc-44d2-b73f-b637dcafc657 d01f4dbfe09e4ac9801a58f27b3e6dfe 9defa13d185c45b6a73025ef6ff16de0 - - default default] Method 'is_advsvc' is deprecated since 2023.2 release (neutron-lib 3.8.0) and will be removed once support for the old RBAC API policies will be removed from Neutron. Please use method 'is_service_role' instead.
2026-06-14 00:00:08.580 9 INFO neutron.wsgi [None req-829bbc3f-14d4-4ea0-a0d6-5f543fcd702f ffe9042a33aa4d02b4b0570c5608a184 dadf9082a04b4d8f99ec28f752e4f7d0 - - default default] 10.0.0.154 "GET /v2.0/security-groups?tenant_id=fb95a95814af4ca0bc84b6170098e076&name=default HTTP/1.1" status: 200 len: 3120 time: 0.2233424
2026-06-14 00:00:08.588 9 INFO neutron.wsgi [None req-b1566a4b-3d44-4b8b-afad-fac52be99c81 a746bfa6524f44dab2e5bca2bce3e83c e8e0c92c5646468ab53e98200318f6a7 - - default default] 10.0.0.154 "DELETE /v2.0/floatingips/b7e66c51-3b49-4034-98bd-444e12748353 HTTP/1.1" status: 204 len: 168 time: 0.6926382
2026-06-14 00:00:08.758 10 WARNING neutron.scheduler.dhcp_agent_scheduler [None req-965b3276-56bc-44d2-b73f-b637dcafc657 d01f4dbfe09e4ac9801a58f27b3e6dfe 9defa13d185c45b6a73025ef6ff16de0 - - default default] No more DHCP agents
2026-06-14 00:00:08.761 10 WARNING neutron.api.rpc.agentnotifiers.dhcp_rpc_agent_api [None req-965b3276-56bc-44d2-b73f-b637dcafc657 d01f4dbfe09e4ac9801a58f27b3e6dfe 9defa13d185c45b6a73025ef6ff16de0 - - default default] Unable to schedule network e5ba5c84-d8af-4f86-9a60-d010f0ebe52b: no agents available; will retry on subsequent port and subnet creation events.
2026-06-14 00:00:08.826 9 WARNING neutron.scheduler.dhcp_agent_scheduler [None req-e91fbe83-2340-4e3e-9229-abcb3849dad4 d82379a54e9d42c89121411f01267d1f eafe0b3200d849198858dac8a556d872 - - default default] No more DHCP agents
2026-06-14 00:00:08.829 9 WARNING neutron.api.rpc.agentnotifiers.dhcp_rpc_agent_api [None req-e91fbe83-2340-4e3e-9229-abcb3849dad4 d82379a54e9d42c89121411f01267d1f eafe0b3200d849198858dac8a556d872 - - default default] Unable to schedule network 7b8efc48-fb63-4bd9-9cba-92e000cacdfb: no agents available; will retry on subsequent port and subnet creation events.
2026-06-14 00:00:08.936 9 INFO neutron.wsgi [None req-0e2defd6-0955-40c2-b3ff-98ea323f1d51 a746bfa6524f44dab2e5bca2bce3e83c e8e0c92c5646468ab53e98200318f6a7 - - default default] 10.0.0.154 "DELETE /v2.0/security-groups/1f797b13-50dd-48a3-8fe8-8c2a242c3d44 HTTP/1.1" status: 204 len: 168 time: 0.3420644
2026-06-14 00:00:08.994 10 INFO neutron.wsgi [None req-c5d74141-6116-49f4-a05f-086a4bd9ebdd ffe9042a33aa4d02b4b0570c5608a184 dadf9082a04b4d8f99ec28f752e4f7d0 - - default default] 10.0.0.154 "DELETE /v2.0/security-groups/1d8055b6-f9d8-4c58-ac84-5398c85da92b HTTP/1.1" status: 204 len: 168 time: 0.4084792
2026-06-14 00:00:09.043 9 INFO neutron.db.ovn_revision_numbers_db [None req-e91fbe83-2340-4e3e-9229-abcb3849dad4 d82379a54e9d42c89121411f01267d1f eafe0b3200d849198858dac8a556d872 - - default default] Successfully bumped revision number for resource 32deb514-9c97-4608-a784-189458818140 (type: ports) to 1
2026-06-14 00:00:09.426 10 INFO neutron.db.ovn_revision_numbers_db [None req-ec828c7f-7694-4d81-8a23-1f988c302c65 ffe9042a33aa4d02b4b0570c5608a184 dadf9082a04b4d8f99ec28f752e4f7d0 - - default default] Successfully bumped revision number for resource 1c5e4437-6fae-44cb-b4df-4712d43e43b8 (type: security_groups) to 1
2026-06-14 00:00:09.460 10 INFO neutron.db.ovn_revision_numbers_db [None req-ec828c7f-7694-4d81-8a23-1f988c302c65 ffe9042a33aa4d02b4b0570c5608a184 dadf9082a04b4d8f99ec28f752e4f7d0 - - default default] Successfully bumped revision number for resource 052f6f4b-8cb4-4808-a8aa-a3ad53105699 (type: security_group_rules) to 0
2026-06-14 00:00:09.491 10 INFO neutron.db.ovn_revision_numbers_db [None req-ec828c7f-7694-4d81-8a23-1f988c302c65 ffe9042a33aa4d02b4b0570c5608a184 dadf9082a04b4d8f99ec28f752e4f7d0 - - default default] Successfully bumped revision number for resource 76fd994a-4646-46fe-a0a5-e266b7082676 (type: security_group_rules) to 0
2026-06-14 00:00:09.529 10 INFO neutron.db.ovn_revision_numbers_db [None req-ec828c7f-7694-4d81-8a23-1f988c302c65 ffe9042a33aa4d02b4b0570c5608a184 dadf9082a04b4d8f99ec28f752e4f7d0 - - default default] Successfully bumped revision number for resource be59247c-45a6-4347-b0f9-8bcb625ee626 (type: security_group_rules) to 0
2026-06-14 00:00:09.560 10 INFO neutron.db.ovn_revision_numbers_db [None req-ec828c7f-7694-4d81-8a23-1f988c302c65 ffe9042a33aa4d02b4b0570c5608a184 dadf9082a04b4d8f99ec28f752e4f7d0 - - default default] Successfully bumped revision number for resource c3fbf62d-e348-4c07-8c6c-6e4cef091128 (type: security_group_rules) to 0
2026-06-14 00:00:09.596 10 INFO neutron.wsgi [None req-ec828c7f-7694-4d81-8a23-1f988c302c65 ffe9042a33aa4d02b4b0570c5608a184 dadf9082a04b4d8f99ec28f752e4f7d0 - - default default] 10.0.0.154 "GET /v2.0/security-groups?tenant_id=379d7aaa27af4a77a87caba72a4e7df8&name=default HTTP/1.1" status: 200 len: 3120 time: 0.4910676
2026-06-14 00:00:09.620 10 INFO neutron.db.ovn_revision_numbers_db [None req-965b3276-56bc-44d2-b73f-b637dcafc657 d01f4dbfe09e4ac9801a58f27b3e6dfe 9defa13d185c45b6a73025ef6ff16de0 - - default default] Successfully bumped revision number for resource 3dfa77af-fab3-4ebc-98af-a1cd75572ce2 (type: ports) to 2
2026-06-14 00:00:09.671 10 INFO neutron.db.ovn_revision_numbers_db [None req-965b3276-56bc-44d2-b73f-b637dcafc657 d01f4dbfe09e4ac9801a58f27b3e6dfe 9defa13d185c45b6a73025ef6ff16de0 - - default default] Successfully bumped revision number for resource 1485a2b7-a7b5-4635-8339-072e4572ec15 (type: subnets) to 0
2026-06-14 00:00:09.690 10 INFO neutron.wsgi [None req-965b3276-56bc-44d2-b73f-b637dcafc657 d01f4dbfe09e4ac9801a58f27b3e6dfe 9defa13d185c45b6a73025ef6ff16de0 - - default default] 10.0.0.154 "POST /v2.0/subnets HTTP/1.1" status: 201 len: 804 time: 1.2860203
2026-06-14 00:00:09.800 10 INFO neutron.wsgi [None req-decd5e3e-f4e1-4099-8e93-35e87a3f4290 d01f4dbfe09e4ac9801a58f27b3e6dfe 9defa13d185c45b6a73025ef6ff16de0 - - default default] 10.0.0.154 "PUT /v2.0/subnets/4e73e526-1596-4244-bd92-34e41c0916ce/tags HTTP/1.1" status: 200 len: 210 time: 0.0923214
2026-06-14 00:00:09.870 10 INFO neutron.wsgi [None req-61b88107-88d7-46ff-9544-88b61d66cbb7 d01f4dbfe09e4ac9801a58f27b3e6dfe 9defa13d185c45b6a73025ef6ff16de0 - - default default] 10.0.0.154 "PUT /v2.0/subnets/2632118f-85b2-4d14-8f6c-3b7a3bd713f4/tags HTTP/1.1" status: 200 len: 218 time: 0.0648727
2026-06-14 00:00:09.912 9 INFO neutron.wsgi [None req-577a9dba-2b51-4930-81e1-1b8dc15b7cc5 ffe9042a33aa4d02b4b0570c5608a184 dadf9082a04b4d8f99ec28f752e4f7d0 - - default default] 10.0.0.154 "DELETE /v2.0/security-groups/1c5e4437-6fae-44cb-b4df-4712d43e43b8 HTTP/1.1" status: 204 len: 168 time: 0.3082538
2026-06-14 00:00:09.946 10 INFO neutron.wsgi [None req-265eb0bd-0501-4ae9-8c88-3315c01c027d d01f4dbfe09e4ac9801a58f27b3e6dfe 9defa13d185c45b6a73025ef6ff16de0 - - default default] 10.0.0.154 "PUT /v2.0/subnets/5c5a2381-d3f2-45d8-915d-0910865c6a5e/tags HTTP/1.1" status: 200 len: 227 time: 0.0687554
2026-06-14 00:00:09.973 9 INFO neutron.plugins.ml2.drivers.ovn.mech_driver.ovsdb.commands [None req-672a0582-121a-4b5c-8770-0f6208b840f1 - - - - - -] Schedule LRP lrp-32deb514-9c97-4608-a784-189458818140 on gateway db0ea0d5-f39b-4daa-9691-6f0e7c20266c with priority 1
2026-06-14 00:00:09.984 10 INFO neutron.plugins.ml2.drivers.ovn.mech_driver.mech_driver [None req-7f51bcc4-bade-4819-b882-6b2b9175102a - - - - - -] OVN reports status up for port: 32deb514-9c97-4608-a784-189458818140
2026-06-14 00:00:09.991 10 INFO neutron.plugins.ml2.plugin [None req-7f51bcc4-bade-4819-b882-6b2b9175102a - - - - - -] Attempt 1 to provision port 32deb514-9c97-4608-a784-189458818140
2026-06-14 00:00:10.058 9 INFO neutron.wsgi [None req-d33d818f-fac6-41af-94f9-d142767ff9dd d01f4dbfe09e4ac9801a58f27b3e6dfe 9defa13d185c45b6a73025ef6ff16de0 - - default default] 10.0.0.154 "PUT /v2.0/subnets/2f58f70d-d8c8-4758-bbb5-8c835b07e992/tags HTTP/1.1" status: 200 len: 212 time: 0.1059024
2026-06-14 00:00:10.062 9 INFO neutron.db.ovn_revision_numbers_db [None req-e91fbe83-2340-4e3e-9229-abcb3849dad4 d82379a54e9d42c89121411f01267d1f eafe0b3200d849198858dac8a556d872 - - default default] Successfully bumped revision number for resource 32deb514-9c97-4608-a784-189458818140 (type: router_ports) to 1
2026-06-14 00:00:10.178 9 INFO neutron.wsgi [None req-93a0c003-cc5c-422d-976c-f094d7adc64a d01f4dbfe09e4ac9801a58f27b3e6dfe 9defa13d185c45b6a73025ef6ff16de0 - - default default] 10.0.0.154 "GET /v2.0/subnets?tags=red HTTP/1.1" status: 200 len: 2027 time: 0.0914326
2026-06-14 00:00:10.238 9 INFO neutron.db.ovn_revision_numbers_db [None req-e91fbe83-2340-4e3e-9229-abcb3849dad4 d82379a54e9d42c89121411f01267d1f eafe0b3200d849198858dac8a556d872 - - default default] Successfully bumped revision number for resource 53580124-da1b-4bea-a732-3c64d21fb429 (type: routers) to 2
2026-06-14 00:00:10.253 9 INFO neutron.wsgi [None req-9a95c8b9-be50-4af9-8e82-9ab3a3f7ce7d d01f4dbfe09e4ac9801a58f27b3e6dfe 9defa13d185c45b6a73025ef6ff16de0 - - default default] 10.0.0.154 "GET /v2.0/subnets?tags=red%2Cblue HTTP/1.1" status: 200 len: 1430 time: 0.0683486
2026-06-14 00:00:10.278 9 INFO neutron.wsgi [None req-e91fbe83-2340-4e3e-9229-abcb3849dad4 d82379a54e9d42c89121411f01267d1f eafe0b3200d849198858dac8a556d872 - - default default] 10.0.0.154 "POST /v2.0/routers HTTP/1.1" status: 201 len: 1134 time: 2.3031881
2026-06-14 00:00:10.327 9 INFO neutron.wsgi [None req-303faa6e-131d-4841-8427-e1b119a878b7 d01f4dbfe09e4ac9801a58f27b3e6dfe 9defa13d185c45b6a73025ef6ff16de0 - - default default] 10.0.0.154 "GET /v2.0/subnets?tags-any=blue HTTP/1.1" status: 200 len: 1430 time: 0.0688205
2026-06-14 00:00:10.380 9 INFO neutron.wsgi [None req-f45a0622-f42f-44d2-88a6-37023c0870bb d01f4dbfe09e4ac9801a58f27b3e6dfe 9defa13d185c45b6a73025ef6ff16de0 - - default default] 10.0.0.154 "GET /v2.0/subnets?tags-any=red%2Cblue HTTP/1.1" status: 200 len: 2027 time: 0.0464537
2026-06-14 00:00:10.500 9 INFO neutron.wsgi [None req-a5fb395f-b969-4276-88f6-8d26176e7659 d01f4dbfe09e4ac9801a58f27b3e6dfe 9defa13d185c45b6a73025ef6ff16de0 - - default default] 10.0.0.154 "GET /v2.0/subnets?not-tags=red HTTP/1.1" status: 200 len: 2018 time: 0.1136086
2026-06-14 00:00:10.606 10 INFO neutron.wsgi [None req-d3a83f51-a7cd-4b49-9654-02d953b700fb d01f4dbfe09e4ac9801a58f27b3e6dfe 9defa13d185c45b6a73025ef6ff16de0 - - default default] 10.0.0.154 "GET /v2.0/subnets?not-tags=red%2Cblue HTTP/1.1" status: 200 len: 2615 time: 0.0972266
2026-06-14 00:00:10.683 10 INFO neutron.wsgi [None req-6867e51e-1afb-4fb1-bcfe-bb5087bc7595 d01f4dbfe09e4ac9801a58f27b3e6dfe 9defa13d185c45b6a73025ef6ff16de0 - - default default] 10.0.0.154 "GET /v2.0/subnets?not-tags-any=blue HTTP/1.1" status: 200 len: 2615 time: 0.0690768
2026-06-14 00:00:10.750 10 INFO neutron.wsgi [None req-320b157c-0892-4540-bf4e-5282d2399310 d01f4dbfe09e4ac9801a58f27b3e6dfe 9defa13d185c45b6a73025ef6ff16de0 - - default default] 10.0.0.154 "GET /v2.0/subnets?not-tags-any=red%2Cblue HTTP/1.1" status: 200 len: 2018 time: 0.0621376
2026-06-14 00:00:11.076 9 INFO neutron.wsgi [None req-c1dce151-b854-4ac8-b96f-c74293349635 d01f4dbfe09e4ac9801a58f27b3e6dfe 9defa13d185c45b6a73025ef6ff16de0 - - default default] 10.0.0.154 "DELETE /v2.0/subnets/4e73e526-1596-4244-bd92-34e41c0916ce HTTP/1.1" status: 204 len: 168 time: 0.3182731
2026-06-14 00:00:11.255 9 WARNING neutron.scheduler.dhcp_agent_scheduler [None req-c1edc8dc-ab09-4653-a3d2-99d1d5d1dd39 d82379a54e9d42c89121411f01267d1f eafe0b3200d849198858dac8a556d872 - - default default] No more DHCP agents
2026-06-14 00:00:11.257 9 WARNING neutron.api.rpc.agentnotifiers.dhcp_rpc_agent_api [None req-c1edc8dc-ab09-4653-a3d2-99d1d5d1dd39 d82379a54e9d42c89121411f01267d1f eafe0b3200d849198858dac8a556d872 - - default default] Unable to schedule network e35e0017-2f67-49ab-883f-2799e7496381: no agents available; will retry on subsequent port and subnet creation events.
2026-06-14 00:00:11.321 10 INFO neutron.wsgi [None req-256a78c6-126e-4a87-a035-1d55d9af95c4 ffe9042a33aa4d02b4b0570c5608a184 dadf9082a04b4d8f99ec28f752e4f7d0 - - default default] 10.0.0.154 "PUT /v2.0/routers/463381c4-c379-4984-8885-968e66cc9d63/remove_router_interface HTTP/1.1" status: 200 len: 503 time: 2.3371184 /var/lib/openstack/lib/python3.10/site-packages/pycadf/identifier.py:71: UserWarning: Invalid uuid: neutron. To ensure interoperability, identifiers should be a valid uuid. warnings.warn(('Invalid uuid: %s. To ensure interoperability, '
2026-06-14 00:00:11.418 10 INFO neutron.wsgi [None req-b8612810-6bc9-4ff5-b42a-af7ac44cec59 d01f4dbfe09e4ac9801a58f27b3e6dfe 9defa13d185c45b6a73025ef6ff16de0 - - default default] 10.0.0.154 "DELETE /v2.0/subnets/2632118f-85b2-4d14-8f6c-3b7a3bd713f4 HTTP/1.1" status: 204 len: 168 time: 0.3318558
2026-06-14 00:00:11.789 10 INFO neutron.wsgi [None req-5f2fe75e-bdc2-4a6e-9e9d-4f32a327d214 d01f4dbfe09e4ac9801a58f27b3e6dfe 9defa13d185c45b6a73025ef6ff16de0 - - default default] 10.0.0.154 "DELETE /v2.0/subnets/5c5a2381-d3f2-45d8-915d-0910865c6a5e HTTP/1.1" status: 204 len: 168 time: 0.3637755
2026-06-14 00:00:11.803 9 INFO neutron.db.ovn_revision_numbers_db [None req-c1edc8dc-ab09-4653-a3d2-99d1d5d1dd39 d82379a54e9d42c89121411f01267d1f eafe0b3200d849198858dac8a556d872 - - default default] Successfully bumped revision number for resource 867f95f8-cff3-47e8-887e-d1093ce10973 (type: ports) to 1
2026-06-14 00:00:12.257 10 INFO neutron.wsgi [None req-910d668b-b7ca-42c8-b794-1ad97d4add40 d01f4dbfe09e4ac9801a58f27b3e6dfe 9defa13d185c45b6a73025ef6ff16de0 - - default default] 10.0.0.154 "DELETE /v2.0/subnets/2f58f70d-d8c8-4758-bbb5-8c835b07e992 HTTP/1.1" status: 204 len: 168 time: 0.4573600
2026-06-14 00:00:12.385 9 ERROR ovsdbapp.backend.ovs_idl.command [None req-c1edc8dc-ab09-4653-a3d2-99d1d5d1dd39 d82379a54e9d42c89121411f01267d1f eafe0b3200d849198858dac8a556d872 - - default default] Error executing command (DbGetCommand): ovsdbapp.backend.ovs_idl.idlutils.RowNotFound: Cannot find Logical_Router_Port with name=lrp-867f95f8-cff3-47e8-887e-d1093ce10973
2026-06-14 00:00:12.385 9 ERROR ovsdbapp.backend.ovs_idl.command
Traceback (most recent call last):
2026-06-14 00:00:12.385 9 ERROR ovsdbapp.backend.ovs_idl.command
File "/var/lib/openstack/lib/python3.10/site-packages/ovsdbapp/backend/ovs_idl/command.py", line 47, in execute
2026-06-14 00:00:12.385 9 ERROR ovsdbapp.backend.ovs_idl.command self.run_idl(None)
2026-06-14 00:00:12.385 9 ERROR ovsdbapp.backend.ovs_idl.command
File "/var/lib/openstack/lib/python3.10/site-packages/ovsdbapp/backend/ovs_idl/command.py", line 235, in run_idl
2026-06-14 00:00:12.385 9 ERROR ovsdbapp.backend.ovs_idl.command record = self.api.lookup(self.table, self.record)
2026-06-14 00:00:12.385 9 ERROR ovsdbapp.backend.ovs_idl.command
File "/var/lib/openstack/lib/python3.10/site-packages/ovsdbapp/backend/ovs_idl/__init__.py", line 184, in lookup
2026-06-14 00:00:12.385 9 ERROR ovsdbapp.backend.ovs_idl.command return self._lookup(table, record)
2026-06-14 00:00:12.385 9 ERROR ovsdbapp.backend.ovs_idl.command
File "/var/lib/openstack/lib/python3.10/site-packages/ovsdbapp/backend/ovs_idl/__init__.py", line 235, in _lookup
2026-06-14 00:00:12.385 9 ERROR ovsdbapp.backend.ovs_idl.command row = idlutils.row_by_value(self, rl.table, rl.column, record)
2026-06-14 00:00:12.385 9 ERROR ovsdbapp.backend.ovs_idl.command
File "/var/lib/openstack/lib/python3.10/site-packages/ovsdbapp/backend/ovs_idl/idlutils.py", line 114, in row_by_value
2026-06-14 00:00:12.385 9 ERROR ovsdbapp.backend.ovs_idl.command raise RowNotFound(table=table, col=column, match=match)
2026-06-14 00:00:12.385 9 ERROR ovsdbapp.backend.ovs_idl.command ovsdbapp.backend.ovs_idl.idlutils.RowNotFound: Cannot find Logical_Router_Port with name=lrp-867f95f8-cff3-47e8-887e-d1093ce10973
2026-06-14 00:00:12.385 9 ERROR ovsdbapp.backend.ovs_idl.command 
2026-06-14 00:00:12.385 9 ERROR neutron_lib.callbacks.manager [None req-c1edc8dc-ab09-4653-a3d2-99d1d5d1dd39 d82379a54e9d42c89121411f01267d1f eafe0b3200d849198858dac8a556d872 - - default default] Error during notification for neutron.services.ovn_l3.plugin.OVNL3RouterPlugin._port_update-8748536747741 port, after_update: ovsdbapp.backend.ovs_idl.idlutils.RowNotFound: Cannot find Logical_Router_Port with name=lrp-867f95f8-cff3-47e8-887e-d1093ce10973
2026-06-14 00:00:12.385 9 ERROR neutron_lib.callbacks.manager
Traceback (most recent call last):
2026-06-14 00:00:12.385 9 ERROR neutron_lib.callbacks.manager
File "/var/lib/openstack/lib/python3.10/site-packages/neutron_lib/callbacks/manager.py", line 189, in _notify_loop
2026-06-14 00:00:12.385 9 ERROR neutron_lib.callbacks.manager callback.method(resource, event, trigger, payload=payload)
2026-06-14 00:00:12.385 9 ERROR neutron_lib.callbacks.manager
File "/var/lib/openstack/lib/python3.10/site-packages/neutron/services/ovn_l3/plugin.py", line 391, in _port_update
2026-06-14 00:00:12.385 9 ERROR neutron_lib.callbacks.manager l3plugin._ovn_client.update_router_port(context,
2026-06-14 00:00:12.385 9 ERROR neutron_lib.callbacks.manager
File "/var/lib/openstack/lib/python3.10/site-packages/neutron/plugins/ml2/drivers/ovn/mech_driver/ovsdb/ovn_client.py", line 1878, in update_router_port
2026-06-14 00:00:12.385 9 ERROR neutron_lib.callbacks.manager self._update_lrouter_port(context, port, if_exists=if_exists,
2026-06-14 00:00:12.385 9 ERROR neutron_lib.callbacks.manager
File "/var/lib/openstack/lib/python3.10/site-packages/neutron/plugins/ml2/drivers/ovn/mech_driver/ovsdb/ovn_client.py", line 1855, in _update_lrouter_port
2026-06-14 00:00:12.385 9 ERROR neutron_lib.callbacks.manager external_ids = self._nb_idl.db_get(
2026-06-14 00:00:12.385 9 ERROR neutron_lib.callbacks.manager
File "/var/lib/openstack/lib/python3.10/site-packages/ovsdbapp/backend/ovs_idl/command.py", line 47, in execute
2026-06-14 00:00:12.385 9 ERROR neutron_lib.callbacks.manager self.run_idl(None)
2026-06-14 00:00:12.385 9 ERROR neutron_lib.callbacks.manager
File "/var/lib/openstack/lib/python3.10/site-packages/ovsdbapp/backend/ovs_idl/command.py", line 235, in run_idl
2026-06-14 00:00:12.385 9 ERROR neutron_lib.callbacks.manager record = self.api.lookup(self.table, self.record)
2026-06-14 00:00:12.385 9 ERROR neutron_lib.callbacks.manager
File "/var/lib/openstack/lib/python3.10/site-packages/ovsdbapp/backend/ovs_idl/__init__.py", line 184, in lookup
2026-06-14 00:00:12.385 9 ERROR neutron_lib.callbacks.manager return self._lookup(table, record)
2026-06-14 00:00:12.385 9 ERROR neutron_lib.callbacks.manager
File "/var/lib/openstack/lib/python3.10/site-packages/ovsdbapp/backend/ovs_idl/__init__.py", line 235, in _lookup
2026-06-14 00:00:12.385 9 ERROR neutron_lib.callbacks.manager row = idlutils.row_by_value(self, rl.table, rl.column, record)
2026-06-14 00:00:12.385 9 ERROR neutron_lib.callbacks.manager
File "/var/lib/openstack/lib/python3.10/site-packages/ovsdbapp/backend/ovs_idl/idlutils.py", line 114, in row_by_value
2026-06-14 00:00:12.385 9 ERROR neutron_lib.callbacks.manager raise RowNotFound(table=table, col=column, match=match)
2026-06-14 00:00:12.385 9 ERROR neutron_lib.callbacks.manager ovsdbapp.backend.ovs_idl.idlutils.RowNotFound: Cannot find Logical_Router_Port with name=lrp-867f95f8-cff3-47e8-887e-d1093ce10973
2026-06-14 00:00:12.385 9 ERROR neutron_lib.callbacks.manager 
2026-06-14 00:00:12.532 10 INFO neutron.wsgi [None req-403ab46a-4e09-4482-850b-f15654b259a0 d01f4dbfe09e4ac9801a58f27b3e6dfe 9defa13d185c45b6a73025ef6ff16de0 - - default default] 10.0.0.154 "DELETE /v2.0/subnets/1485a2b7-a7b5-4635-8339-072e4572ec15 HTTP/1.1" status: 204 len: 168 time: 0.2701614
2026-06-14 00:00:12.634 9 INFO neutron.plugins.ml2.drivers.ovn.mech_driver.mech_driver [None req-994a81b5-3fe4-49cd-b805-57da2d353614 - - - - - -] OVN reports status up for port: 867f95f8-cff3-47e8-887e-d1093ce10973
2026-06-14 00:00:12.654 9 INFO neutron.plugins.ml2.plugin [None req-994a81b5-3fe4-49cd-b805-57da2d353614 - - - - - -] Attempt 1 to provision port 867f95f8-cff3-47e8-887e-d1093ce10973
2026-06-14 00:00:12.663 10 INFO neutron.wsgi [None req-2163c289-f3ad-4bd1-a659-63c0f3da77da ffe9042a33aa4d02b4b0570c5608a184 dadf9082a04b4d8f99ec28f752e4f7d0 - - default default] 10.0.0.154 "DELETE /v2.0/routers/463381c4-c379-4984-8885-968e66cc9d63 HTTP/1.1" status: 204 len: 168 time: 1.3343577
2026-06-14 00:00:12.689 9 INFO neutron.db.ovn_revision_numbers_db [None req-c1edc8dc-ab09-4653-a3d2-99d1d5d1dd39 d82379a54e9d42c89121411f01267d1f eafe0b3200d849198858dac8a556d872 - - default default] Successfully bumped revision number for resource 867f95f8-cff3-47e8-887e-d1093ce10973 (type: ports) to 1
2026-06-14 00:00:12.816 9 WARNING neutron.scheduler.dhcp_agent_scheduler [None req-c1edc8dc-ab09-4653-a3d2-99d1d5d1dd39 d82379a54e9d42c89121411f01267d1f eafe0b3200d849198858dac8a556d872 - - default default] No more DHCP agents
2026-06-14 00:00:12.817 9 WARNING neutron.api.rpc.agentnotifiers.dhcp_rpc_agent_api [None req-c1edc8dc-ab09-4653-a3d2-99d1d5d1dd39 d82379a54e9d42c89121411f01267d1f eafe0b3200d849198858dac8a556d872 - - default default] Unable to schedule network e35e0017-2f67-49ab-883f-2799e7496381: no agents available; will retry on subsequent port and subnet creation events.
2026-06-14 00:00:12.869 10 INFO neutron.wsgi [None req-fbe22f5e-67c9-487c-be52-f0feaba6a93e ffe9042a33aa4d02b4b0570c5608a184 dadf9082a04b4d8f99ec28f752e4f7d0 - - default default] 10.0.0.154 "DELETE /v2.0/subnets/235edea9-319d-4e35-b750-591103cb98e0 HTTP/1.1" status: 204 len: 168 time: 0.1999366
2026-06-14 00:00:13.241 10 INFO neutron.services.segments.plugin [-] Segment 1ab8989d-a676-4d90-b230-fe41eb150831 resource provider aggregate not found
2026-06-14 00:00:13.242 9 INFO neutron.wsgi [-] 10.0.0.111 "GET / HTTP/1.1" status: 200 len: 246 time: 0.0012374
2026-06-14 00:00:13.244 9 INFO neutron.wsgi [-] 10.0.0.111 "GET / HTTP/1.1" status: 200 len: 246 time: 0.0009470
2026-06-14 00:00:13.244 10 INFO neutron.services.segments.plugin [-] Segment 1ab8989d-a676-4d90-b230-fe41eb150831 resource provider aggregate not found
2026-06-14 00:00:13.263 10 INFO neutron.services.segments.plugin [-] Segment 1ab8989d-a676-4d90-b230-fe41eb150831 resource provider not found; error: Placement Client Error (4xx): {"errors": [{"status": 404, "title": "Not Found", "detail": "The resource could not be found.\n\n No resource provider with uuid 1ab8989d-a676-4d90-b230-fe41eb150831 found for delete ", "request_id": "req-8afdfd43-5156-4e22-bd12-748a13cd26a0"}]}
2026-06-14 00:00:13.267 10 INFO neutron.services.segments.plugin [-] Segment 1ab8989d-a676-4d90-b230-fe41eb150831 resource provider not found; error: Placement Client Error (4xx): {"errors": [{"status": 404, "title": "Not Found", "detail": "The resource could not be found.\n\n No resource provider with uuid 1ab8989d-a676-4d90-b230-fe41eb150831 found for delete ", "request_id": "req-e8827554-7f0c-4992-a0eb-ea28121f62a1"}]}
2026-06-14 00:00:13.286 10 INFO neutron.wsgi [None req-ceb0379b-3252-4bdb-a46f-b6ba41e5a9c7 ffe9042a33aa4d02b4b0570c5608a184 dadf9082a04b4d8f99ec28f752e4f7d0 - - default default] 10.0.0.154 "DELETE /v2.0/networks/5f6cec66-f6cd-4486-878e-85c7dffecced HTTP/1.1" status: 204 len: 168 time: 0.4132104
2026-06-14 00:00:13.414 9 INFO neutron.services.segments.plugin [-] Segment 2b3be342-3a66-4b81-9914-5edd1b62f87b resource provider aggregate not found
2026-06-14 00:00:13.442 9 INFO neutron.services.segments.plugin [-] Segment 2b3be342-3a66-4b81-9914-5edd1b62f87b resource provider not found; error: Placement Client Error (4xx): {"errors": [{"status": 404, "title": "Not Found", "detail": "The resource could not be found.\n\n No resource provider with uuid 2b3be342-3a66-4b81-9914-5edd1b62f87b found for delete ", "request_id": "req-b6df0c4f-1a7b-458d-a2ed-447891a8228b"}]}
2026-06-14 00:00:13.486 9 INFO neutron.services.segments.plugin [-] Segment 2b3be342-3a66-4b81-9914-5edd1b62f87b resource provider aggregate not found
2026-06-14 00:00:13.528 9 INFO neutron.wsgi [None req-c3b44a02-4f66-40e9-ab38-f8f89d725d13 d01f4dbfe09e4ac9801a58f27b3e6dfe 9defa13d185c45b6a73025ef6ff16de0 - - default default] 10.0.0.154 "DELETE /v2.0/networks/cd22b726-9a26-40d3-8e3b-752dcfbd8ad8 HTTP/1.1" status: 204 len: 168 time: 0.9897053
2026-06-14 00:00:13.534 9 INFO neutron.services.segments.plugin [-] Segment 2b3be342-3a66-4b81-9914-5edd1b62f87b resource provider not found; error: Placement Client Error (4xx): {"errors": [{"status": 404, "title": "Not Found", "detail": "The resource could not be found.\n\n No resource provider with uuid 2b3be342-3a66-4b81-9914-5edd1b62f87b found for delete ", "request_id": "req-dd341ff6-a94b-4383-8d5f-9ba0e386f6ec"}]}
2026-06-14 00:00:13.801 9 INFO neutron.db.ovn_revision_numbers_db [None req-c1edc8dc-ab09-4653-a3d2-99d1d5d1dd39 d82379a54e9d42c89121411f01267d1f eafe0b3200d849198858dac8a556d872 - - default default] Successfully bumped revision number for resource 867f95f8-cff3-47e8-887e-d1093ce10973 (type: router_ports) to 1
2026-06-14 00:00:13.807 9 INFO neutron.wsgi [None req-c1edc8dc-ab09-4653-a3d2-99d1d5d1dd39 d82379a54e9d42c89121411f01267d1f eafe0b3200d849198858dac8a556d872 - - default default] 10.0.0.154 "PUT /v2.0/routers/53580124-da1b-4bea-a732-3c64d21fb429/add_router_interface HTTP/1.1" status: 200 len: 503 time: 3.5094538
2026-06-14 00:00:13.817 9 INFO neutron.db.ovn_revision_numbers_db [None req-994a81b5-3fe4-49cd-b805-57da2d353614 - - - - - -] Successfully bumped revision number for resource 867f95f8-cff3-47e8-887e-d1093ce10973 (type: ports) to 2
2026-06-14 00:00:13.824 9 WARNING neutron_lib.context [None req-c7c3bb62-d100-4fdc-ada5-2fd886acff4f d82379a54e9d42c89121411f01267d1f eafe0b3200d849198858dac8a556d872 - - default default] Method 'is_advsvc' is deprecated since 2023.2 release (neutron-lib 3.8.0) and will be removed once support for the old RBAC API policies will be removed from Neutron. Please use method 'is_service_role' instead.
2026-06-14 00:00:13.937 10 INFO neutron.wsgi [None req-4a3a22fd-786a-467b-9169-a8e226670921 d01f4dbfe09e4ac9801a58f27b3e6dfe 9defa13d185c45b6a73025ef6ff16de0 - - default default] 10.0.0.154 "DELETE /v2.0/networks/15799d50-7ae2-4fa3-a597-6967c57fd933 HTTP/1.1" status: 204 len: 168 time: 0.4031713
2026-06-14 00:00:14.337 9 INFO neutron.db.ovn_revision_numbers_db [None req-994a81b5-3fe4-49cd-b805-57da2d353614 - - - - - -] Successfully bumped revision number for resource 867f95f8-cff3-47e8-887e-d1093ce10973 (type: router_ports) to 2
2026-06-14 00:00:14.366 10 INFO neutron.wsgi [None req-4bf5118f-91d2-4c67-bdb3-54bc2e7cca15 d01f4dbfe09e4ac9801a58f27b3e6dfe 9defa13d185c45b6a73025ef6ff16de0 - - default default] 10.0.0.154 "DELETE /v2.0/networks/e5a4db2b-2161-43f6-bb28-c0107be05df5 HTTP/1.1" status: 204 len: 168 time: 0.4223096
2026-06-14 00:00:14.803 10 INFO neutron.wsgi [None req-4ed55972-00bd-4a5c-adee-f062e3d8efa0 d01f4dbfe09e4ac9801a58f27b3e6dfe 9defa13d185c45b6a73025ef6ff16de0 - - default default] 10.0.0.154 "DELETE /v2.0/networks/f35e7c37-b078-4f27-a0f8-24a76fcd29a1 HTTP/1.1" status: 204 len: 168 time: 0.4323699
2026-06-14 00:00:14.977 9 WARNING neutron.scheduler.dhcp_agent_scheduler [None req-c7c3bb62-d100-4fdc-ada5-2fd886acff4f d82379a54e9d42c89121411f01267d1f eafe0b3200d849198858dac8a556d872 - - default default] No more DHCP agents
2026-06-14 00:00:14.982 9 WARNING neutron.api.rpc.agentnotifiers.dhcp_rpc_agent_api [None req-c7c3bb62-d100-4fdc-ada5-2fd886acff4f d82379a54e9d42c89121411f01267d1f eafe0b3200d849198858dac8a556d872 - - default default] Unable to schedule network 7b8efc48-fb63-4bd9-9cba-92e000cacdfb: no agents available; will retry on subsequent port and subnet creation events.
2026-06-14 00:00:15.257 10 INFO neutron.wsgi [None req-4b7a55ed-1f25-4e2e-8970-e63333d769a8 d01f4dbfe09e4ac9801a58f27b3e6dfe 9defa13d185c45b6a73025ef6ff16de0 - - default default] 10.0.0.154 "DELETE /v2.0/networks/e5ba5c84-d8af-4f86-9a60-d010f0ebe52b HTTP/1.1" status: 204 len: 168 time: 0.4408293
2026-06-14 00:00:15.278 10 INFO neutron.services.segments.plugin [-] Segment 4b72f65a-7189-4b15-a1f2-bc3441794aab resource provider aggregate not found
2026-06-14 00:00:15.285 10 INFO neutron.services.segments.plugin [-] Segment 4b72f65a-7189-4b15-a1f2-bc3441794aab resource provider aggregate not found
2026-06-14 00:00:15.290 10 INFO neutron.services.segments.plugin [-] Segment 4b72f65a-7189-4b15-a1f2-bc3441794aab resource provider not found; error: Placement Client Error (4xx): {"errors": [{"status": 404, "title": "Not Found", "detail": "The resource could not be found.\n\n No resource provider with uuid 4b72f65a-7189-4b15-a1f2-bc3441794aab found for delete ", "request_id": "req-9e19dc68-2381-49e0-977f-48da7f774c90"}]}
2026-06-14 00:00:15.301 10 INFO neutron.services.segments.plugin [-] Segment 4b72f65a-7189-4b15-a1f2-bc3441794aab resource provider not found; error: Placement Client Error (4xx): {"errors": [{"status": 404, "title": "Not Found", "detail": "The resource could not be found.\n\n No resource provider with uuid 4b72f65a-7189-4b15-a1f2-bc3441794aab found for delete ", "request_id": "req-e86d6a56-d4ad-4a1a-a76e-338071bad5a7"}]}
2026-06-14 00:00:15.304 10 INFO neutron.services.segments.plugin [-] Segment 18768426-5b62-43aa-a47c-b719666c8603 resource provider aggregate not found
2026-06-14 00:00:15.312 10 INFO neutron.services.segments.plugin [-] Segment 18768426-5b62-43aa-a47c-b719666c8603 resource provider aggregate not found
2026-06-14 00:00:15.316 10 INFO neutron.services.segments.plugin [-] Segment 18768426-5b62-43aa-a47c-b719666c8603 resource provider not found; error: Placement Client Error (4xx): {"errors": [{"status": 404, "title": "Not Found", "detail": "The resource could not be found.\n\n No resource provider with uuid 18768426-5b62-43aa-a47c-b719666c8603 found for delete ", "request_id": "req-cab3ebd5-eb4c-49eb-9c65-34e8b70b7704"}]}
2026-06-14 00:00:15.327 10 INFO neutron.services.segments.plugin [-] Segment 00579d3d-0b05-4114-87d2-01dc5954d118 resource provider aggregate not found
2026-06-14 00:00:15.330 10 INFO neutron.services.segments.plugin [-] Segment 18768426-5b62-43aa-a47c-b719666c8603 resource provider not found; error: Placement Client Error (4xx): {"errors": [{"status": 404, "title": "Not Found", "detail": "The resource could not be found.\n\n No resource provider with uuid 18768426-5b62-43aa-a47c-b719666c8603 found for delete ", "request_id": "req-ab61ec07-f2b8-44a8-85d9-10777627b4ee"}]}
2026-06-14 00:00:15.337 10 INFO neutron.services.segments.plugin [-] Segment 00579d3d-0b05-4114-87d2-01dc5954d118 resource provider not found; error: Placement Client Error (4xx): {"errors": [{"status": 404, "title": "Not Found", "detail": "The resource could not be found.\n\n No resource provider with uuid 00579d3d-0b05-4114-87d2-01dc5954d118 found for delete ", "request_id": "req-01ebeaac-9d40-4601-93e7-1d1f0ef42488"}]}
2026-06-14 00:00:15.342 10 INFO neutron.services.segments.plugin [-] Segment 00579d3d-0b05-4114-87d2-01dc5954d118 resource provider aggregate not found
2026-06-14 00:00:15.352 10 INFO neutron.services.segments.plugin [-] Segment 9d110969-1b14-4d81-bccb-3eae42a3b7d6 resource provider aggregate not found
2026-06-14 00:00:15.361 10 INFO neutron.services.segments.plugin [-] Segment 9d110969-1b14-4d81-bccb-3eae42a3b7d6 resource provider not found; error: Placement Client Error (4xx): {"errors": [{"status": 404, "title": "Not Found", "detail": "The resource could not be found.\n\n No resource provider with uuid 9d110969-1b14-4d81-bccb-3eae42a3b7d6 found for delete ", "request_id": "req-4b9cb72c-ab99-453a-88c2-039aba6fef14"}]}
2026-06-14 00:00:15.365 10 INFO neutron.services.segments.plugin [-] Segment 00579d3d-0b05-4114-87d2-01dc5954d118 resource provider not found; error: Placement Client Error (4xx): {"errors": [{"status": 404, "title": "Not Found", "detail": "The resource could not be found.\n\n No resource provider with uuid 00579d3d-0b05-4114-87d2-01dc5954d118 found for delete ", "request_id": "req-3a2f94fd-242e-47f3-b48d-ab7b42e3e185"}]}
2026-06-14 00:00:15.383 10 INFO neutron.services.segments.plugin [-] Segment 9d110969-1b14-4d81-bccb-3eae42a3b7d6 resource provider aggregate not found
2026-06-14 00:00:15.405 10 INFO neutron.services.segments.plugin [-] Segment 9d110969-1b14-4d81-bccb-3eae42a3b7d6 resource provider not found; error: Placement Client Error (4xx): {"errors": [{"status": 404, "title": "Not Found", "detail": "The resource could not be found.\n\n No resource provider with uuid 9d110969-1b14-4d81-bccb-3eae42a3b7d6 found for delete ", "request_id": "req-4b281cb3-49d0-4f22-a253-ceafdf732f37"}]}
2026-06-14 00:00:15.502 9 INFO neutron.db.ovn_revision_numbers_db [None req-c7c3bb62-d100-4fdc-ada5-2fd886acff4f d82379a54e9d42c89121411f01267d1f eafe0b3200d849198858dac8a556d872 - - default default] Successfully bumped revision number for resource 9f4d3c5a-4b1e-4e69-b72d-3ad94288c15b (type: ports) to 1
2026-06-14 00:00:15.656 10 WARNING neutron.plugins.ml2.drivers.ovn.mech_driver.ovsdb.ovn_client [None req-7f51bcc4-bade-4819-b882-6b2b9175102a - - - - - -] No hosting information found for port 32deb514-9c97-4608-a784-189458818140: RuntimeError: No hosting information found for port 32deb514-9c97-4608-a784-189458818140
2026-06-14 00:00:15.846 9 INFO neutron.wsgi [None req-9e51e434-ea8d-44bf-8820-8e9599a48ec5 ffe9042a33aa4d02b4b0570c5608a184 dadf9082a04b4d8f99ec28f752e4f7d0 - - default default] 10.0.0.154 "PUT /v2.0/routers/56921837-55b9-4323-bca5-b9b913bd99da/remove_router_interface HTTP/1.1" status: 200 len: 503 time: 2.5535889
2026-06-14 00:00:15.937 9 INFO neutron.db.ovn_revision_numbers_db [None req-c7c3bb62-d100-4fdc-ada5-2fd886acff4f d82379a54e9d42c89121411f01267d1f eafe0b3200d849198858dac8a556d872 - - default default] Successfully bumped revision number for resource 9f4d3c5a-4b1e-4e69-b72d-3ad94288c15b (type: ports) to 1
2026-06-14 00:00:16.059 9 INFO neutron.db.segments_db [None req-c7c3bb62-d100-4fdc-ada5-2fd886acff4f d82379a54e9d42c89121411f01267d1f eafe0b3200d849198858dac8a556d872 - - default default] Added segment 5132ba72-0929-4c18-b867-9c502c9ab629 of type geneve for network e1d3c9c7-9974-41d2-bb32-d21b1428cb2e /var/lib/openstack/lib/python3.10/site-packages/pycadf/identifier.py:71: UserWarning: Invalid uuid: neutron. To ensure interoperability, identifiers should be a valid uuid. warnings.warn(('Invalid uuid: %s. To ensure interoperability, '
2026-06-14 00:00:16.218 9 INFO neutron.wsgi [None req-f070e3f7-983f-487b-a3ef-ecb02c6059b0 ffe9042a33aa4d02b4b0570c5608a184 dadf9082a04b4d8f99ec28f752e4f7d0 - - default default] 10.0.0.5 "GET /v2.0/networks HTTP/1.1" status: 200 len: 3847 time: 0.4780018
2026-06-14 00:00:16.281 9 INFO neutron.wsgi [None req-20159fba-2dfe-4911-af16-248bb7e6b9ef ffe9042a33aa4d02b4b0570c5608a184 dadf9082a04b4d8f99ec28f752e4f7d0 - - default default] 10.0.0.5 "GET /v2.0/floatingips HTTP/1.1" status: 200 len: 193 time: 0.0583313
2026-06-14 00:00:16.353 9 INFO neutron.wsgi [None req-6c267f80-17e8-4a53-aec6-eaf438536c17 ffe9042a33aa4d02b4b0570c5608a184 dadf9082a04b4d8f99ec28f752e4f7d0 - - default default] 10.0.0.5 "GET /v2.0/subnets HTTP/1.1" status: 200 len: 2701 time: 0.0683367
2026-06-14 00:00:16.369 9 INFO neutron.db.ovn_revision_numbers_db [None req-c7c3bb62-d100-4fdc-ada5-2fd886acff4f d82379a54e9d42c89121411f01267d1f eafe0b3200d849198858dac8a556d872 - - default default] Successfully bumped revision number for resource e1d3c9c7-9974-41d2-bb32-d21b1428cb2e (type: networks) to 1
2026-06-14 00:00:16.457 9 INFO neutron.wsgi [None req-0e626566-704f-4b24-acdd-84a136739448 ffe9042a33aa4d02b4b0570c5608a184 dadf9082a04b4d8f99ec28f752e4f7d0 - - default default] 10.0.0.5 "GET /v2.0/ports HTTP/1.1" status: 200 len: 11791 time: 0.1029506
2026-06-14 00:00:16.505 9 INFO neutron.wsgi [None req-3bff05e4-3bbf-4234-ae7a-eee78eb2b453 ffe9042a33aa4d02b4b0570c5608a184 dadf9082a04b4d8f99ec28f752e4f7d0 - - default default] 10.0.0.5 "GET /v2.0/agents HTTP/1.1" status: 200 len: 1390 time: 0.0257070
2026-06-14 00:00:16.538 9 INFO neutron.wsgi [None req-4acbee9e-6fcb-462d-9d87-c20728214471 ffe9042a33aa4d02b4b0570c5608a184 dadf9082a04b4d8f99ec28f752e4f7d0 - - default default] 10.0.0.5 "GET /v2.0/network-ip-availabilities HTTP/1.1" status: 200 len: 2390 time: 0.0294683
2026-06-14 00:00:16.548 10 INFO neutron.db.ovn_revision_numbers_db [None req-136cdf14-e52b-4236-8e8f-c56003f5cc8f ffe9042a33aa4d02b4b0570c5608a184 dadf9082a04b4d8f99ec28f752e4f7d0 - - default default] Successfully bumped revision number for resource 42b00a37-17f5-49ec-91b8-f40a943ea9e2 (type: security_groups) to 1
2026-06-14 00:00:16.598 10 INFO neutron.db.ovn_revision_numbers_db [None req-136cdf14-e52b-4236-8e8f-c56003f5cc8f ffe9042a33aa4d02b4b0570c5608a184 dadf9082a04b4d8f99ec28f752e4f7d0 - - default default] Successfully bumped revision number for resource 00ec4e92-8dd9-43dd-9fe3-847ac593206a (type: security_group_rules) to 0
2026-06-14 00:00:16.630 9 INFO neutron.wsgi [None req-7a751d3a-1621-467c-94ec-3805b4759cbe ffe9042a33aa4d02b4b0570c5608a184 dadf9082a04b4d8f99ec28f752e4f7d0 - - default default] 10.0.0.5 "GET /v2.0/security-groups HTTP/1.1" status: 200 len: 32098 time: 0.0883706
2026-06-14 00:00:16.668 10 INFO neutron.db.ovn_revision_numbers_db [None req-136cdf14-e52b-4236-8e8f-c56003f5cc8f ffe9042a33aa4d02b4b0570c5608a184 dadf9082a04b4d8f99ec28f752e4f7d0 - - default default] Successfully bumped revision number for resource 7c4624f2-05d6-4073-8e51-04919d865c69 (type: security_group_rules) to 0
2026-06-14 00:00:16.701 10 INFO neutron.db.ovn_revision_numbers_db [None req-136cdf14-e52b-4236-8e8f-c56003f5cc8f ffe9042a33aa4d02b4b0570c5608a184 dadf9082a04b4d8f99ec28f752e4f7d0 - - default default] Successfully bumped revision number for resource 976cacf5-cd65-4cad-988c-5e999d11e30f (type: security_group_rules) to 0
2026-06-14 00:00:16.766 9 WARNING neutron.scheduler.dhcp_agent_scheduler [None req-c7c3bb62-d100-4fdc-ada5-2fd886acff4f d82379a54e9d42c89121411f01267d1f eafe0b3200d849198858dac8a556d872 - - default default] No more DHCP agents
2026-06-14 00:00:16.771 9 WARNING neutron.api.rpc.agentnotifiers.dhcp_rpc_agent_api [None req-c7c3bb62-d100-4fdc-ada5-2fd886acff4f d82379a54e9d42c89121411f01267d1f eafe0b3200d849198858dac8a556d872 - - default default] Unable to schedule network e1d3c9c7-9974-41d2-bb32-d21b1428cb2e: no agents available; will retry on subsequent port and subnet creation events.
2026-06-14 00:00:16.773 10 INFO neutron.db.ovn_revision_numbers_db [None req-136cdf14-e52b-4236-8e8f-c56003f5cc8f ffe9042a33aa4d02b4b0570c5608a184 dadf9082a04b4d8f99ec28f752e4f7d0 - - default default] Successfully bumped revision number for resource f36cd813-94db-469c-b303-4f602a77b20c (type: security_group_rules) to 0
2026-06-14 00:00:16.797 9 INFO neutron.wsgi [None req-d715486f-6beb-48e5-a75f-8b5de41588ff ffe9042a33aa4d02b4b0570c5608a184 dadf9082a04b4d8f99ec28f752e4f7d0 - - default default] 10.0.0.5 "GET /v2.0/routers HTTP/1.1" status: 200 len: 1749 time: 0.1595583
2026-06-14 00:00:16.822 10 INFO neutron.wsgi [None req-136cdf14-e52b-4236-8e8f-c56003f5cc8f ffe9042a33aa4d02b4b0570c5608a184 dadf9082a04b4d8f99ec28f752e4f7d0 - - default default] 10.0.0.154 "GET /v2.0/security-groups?tenant_id=839d2bd4c56c4be39a0ba4c75505c8bd&name=default HTTP/1.1" status: 200 len: 3120 time: 0.6142344
2026-06-14 00:00:16.823 9 INFO neutron.wsgi [None req-0aea64e8-b274-4082-af1b-b3e714010b8c ffe9042a33aa4d02b4b0570c5608a184 dadf9082a04b4d8f99ec28f752e4f7d0 - - default default] 10.0.0.5 "GET /v2.0/agents?binary=ovn-controller HTTP/1.1" status: 200 len: 591 time: 0.0248513
2026-06-14 00:00:16.878 9 INFO neutron.wsgi [None req-41eb3e25-6004-4c05-9739-5194d107e96a ffe9042a33aa4d02b4b0570c5608a184 dadf9082a04b4d8f99ec28f752e4f7d0 - - default default] 10.0.0.5 "GET /v2.0/subnets HTTP/1.1" status: 200 len: 2701 time: 0.0530660
2026-06-14 00:00:16.904 9 INFO neutron.wsgi [None req-c427b02c-a0fb-4781-85f2-0674b590a62a ffe9042a33aa4d02b4b0570c5608a184 dadf9082a04b4d8f99ec28f752e4f7d0 - - default default] 10.0.0.5 "GET /v2.0/subnetpools HTTP/1.1" status: 200 len: 193 time: 0.0245528
2026-06-14 00:00:16.926 9 INFO neutron.db.ovn_revision_numbers_db [None req-c7c3bb62-d100-4fdc-ada5-2fd886acff4f d82379a54e9d42c89121411f01267d1f eafe0b3200d849198858dac8a556d872 - - default default] Successfully bumped revision number for resource 65e4e902-3f09-477c-871b-aafb7b8a8f9d (type: ports) to 1
2026-06-14 00:00:17.029 10 INFO neutron.wsgi [None req-dcabc6e1-fe63-4bff-bae2-11b91c58acf2 ffe9042a33aa4d02b4b0570c5608a184 dadf9082a04b4d8f99ec28f752e4f7d0 - - default default] 10.0.0.154 "DELETE /v2.0/routers/56921837-55b9-4323-bca5-b9b913bd99da HTTP/1.1" status: 204 len: 168 time: 1.1762040
2026-06-14 00:00:17.095 9 WARNING neutron.scheduler.dhcp_agent_scheduler [None req-c7c3bb62-d100-4fdc-ada5-2fd886acff4f d82379a54e9d42c89121411f01267d1f eafe0b3200d849198858dac8a556d872 - - default default] No more DHCP agents
2026-06-14 00:00:17.098 9 WARNING neutron.api.rpc.agentnotifiers.dhcp_rpc_agent_api [None req-c7c3bb62-d100-4fdc-ada5-2fd886acff4f d82379a54e9d42c89121411f01267d1f eafe0b3200d849198858dac8a556d872 - - default default] Unable to schedule network e1d3c9c7-9974-41d2-bb32-d21b1428cb2e: no agents available; will retry on subsequent port and subnet creation events.
2026-06-14 00:00:17.130 9 INFO neutron.db.ovn_revision_numbers_db [None req-c7c3bb62-d100-4fdc-ada5-2fd886acff4f d82379a54e9d42c89121411f01267d1f eafe0b3200d849198858dac8a556d872 - - default default] Successfully bumped revision number for resource f3c56bc8-027c-455e-8b73-b6fa9a50ee3f (type: subnets) to 0
2026-06-14 00:00:17.153 9 INFO neutron.wsgi [None req-1b239cdd-4f5e-428e-8fec-6d662fc73566 ffe9042a33aa4d02b4b0570c5608a184 dadf9082a04b4d8f99ec28f752e4f7d0 - - default default] 10.0.0.154 "DELETE /v2.0/security-groups/42b00a37-17f5-49ec-91b8-f40a943ea9e2 HTTP/1.1" status: 204 len: 168 time: 0.3266966
2026-06-14 00:00:17.446 10 INFO neutron.wsgi [None req-cc6d6943-e66e-46f7-9e7a-594c919b2d02 ffe9042a33aa4d02b4b0570c5608a184 dadf9082a04b4d8f99ec28f752e4f7d0 - - default default] 10.0.0.154 "GET /v2.0/security-groups?tenant_id=9defa13d185c45b6a73025ef6ff16de0&name=default HTTP/1.1" status: 200 len: 3120 time: 0.0650463
2026-06-14 00:00:17.494 10 INFO neutron.wsgi [None req-75491be2-b1a9-46c8-9bf4-2d308a76f18e ffe9042a33aa4d02b4b0570c5608a184 dadf9082a04b4d8f99ec28f752e4f7d0 - - default default] 10.0.0.154 "DELETE /v2.0/subnets/acf4e4c6-c9c3-4a9e-959b-c2662110c876 HTTP/1.1" status: 204 len: 168 time: 0.4604294
2026-06-14 00:00:17.758 10 INFO neutron.wsgi [None req-59665b9f-1935-4041-b7dc-4c683901f498 ffe9042a33aa4d02b4b0570c5608a184 dadf9082a04b4d8f99ec28f752e4f7d0 - - default default] 10.0.0.154 "DELETE /v2.0/security-groups/bfa2b03a-b8a8-4d82-9e80-07d16f510e02 HTTP/1.1" status: 204 len: 168 time: 0.3053038
2026-06-14 00:00:17.841 9 WARNING neutron.scheduler.dhcp_agent_scheduler [None req-c7c3bb62-d100-4fdc-ada5-2fd886acff4f d82379a54e9d42c89121411f01267d1f eafe0b3200d849198858dac8a556d872 - - default default] No more DHCP agents
2026-06-14 00:00:17.843 9 WARNING neutron.api.rpc.agentnotifiers.dhcp_rpc_agent_api [None req-c7c3bb62-d100-4fdc-ada5-2fd886acff4f d82379a54e9d42c89121411f01267d1f eafe0b3200d849198858dac8a556d872 - - default default] Unable to schedule network e1d3c9c7-9974-41d2-bb32-d21b1428cb2e: no agents available; will retry on subsequent port and subnet creation events.
2026-06-14 00:00:17.899 10 INFO neutron.services.segments.plugin [-] Segment 4503f4ef-9419-45bf-b36b-42b5da7fea10 resource provider aggregate not found
2026-06-14 00:00:17.914 10 INFO neutron.services.segments.plugin [-] Segment 4503f4ef-9419-45bf-b36b-42b5da7fea10 resource provider aggregate not found
2026-06-14 00:00:17.922 10 INFO neutron.services.segments.plugin [-] Segment 4503f4ef-9419-45bf-b36b-42b5da7fea10 resource provider not found; error: Placement Client Error (4xx): {"errors": [{"status": 404, "title": "Not Found", "detail": "The resource could not be found.\n\n No resource provider with uuid 4503f4ef-9419-45bf-b36b-42b5da7fea10 found for delete ", "request_id": "req-3d555137-cf7a-4e66-9abb-4e0d9df04bbd"}]}
2026-06-14 00:00:17.931 10 INFO neutron.services.segments.plugin [-] Segment 4503f4ef-9419-45bf-b36b-42b5da7fea10 resource provider not found; error: Placement Client Error (4xx): {"errors": [{"status": 404, "title": "Not Found", "detail": "The resource could not be found.\n\n No resource provider with uuid 4503f4ef-9419-45bf-b36b-42b5da7fea10 found for delete ", "request_id": "req-d1734234-a8e9-4b2c-b4f1-d1dd7e092529"}]}
2026-06-14 00:00:17.952 10 INFO neutron.wsgi [None req-022a6b17-4934-4c16-8bbe-cc251b27328f ffe9042a33aa4d02b4b0570c5608a184 dadf9082a04b4d8f99ec28f752e4f7d0 - - default default] 10.0.0.154 "DELETE /v2.0/networks/e605c95e-bc75-4c06-aa30-385cf1fbf5b8 HTTP/1.1" status: 204 len: 168 time: 0.4485049
2026-06-14 00:00:18.060 9 INFO neutron.db.ovn_revision_numbers_db [None req-c7c3bb62-d100-4fdc-ada5-2fd886acff4f d82379a54e9d42c89121411f01267d1f eafe0b3200d849198858dac8a556d872 - - default default] Successfully bumped revision number for resource d3da53bb-547f-451f-a11d-a4e950ed47ef (type: ports) to 1
2026-06-14 00:00:18.101 10 INFO neutron.db.ovn_revision_numbers_db [None req-670fc855-efd2-4487-b03d-f858e3798b6c ffe9042a33aa4d02b4b0570c5608a184 dadf9082a04b4d8f99ec28f752e4f7d0 - - default default] Successfully bumped revision number for resource b4c422bd-54f7-4d96-83bc-a11ddcadde0e (type: security_groups) to 1
2026-06-14 00:00:18.116 10 INFO neutron.db.ovn_revision_numbers_db [None req-670fc855-efd2-4487-b03d-f858e3798b6c ffe9042a33aa4d02b4b0570c5608a184 dadf9082a04b4d8f99ec28f752e4f7d0 - - default default] Successfully bumped revision number for resource 5b683fc6-f7e6-49c0-a3e9-3eccdc1a2286 (type: security_group_rules) to 0
2026-06-14 00:00:18.131 10 INFO neutron.db.ovn_revision_numbers_db [None req-670fc855-efd2-4487-b03d-f858e3798b6c ffe9042a33aa4d02b4b0570c5608a184 dadf9082a04b4d8f99ec28f752e4f7d0 - - default default] Successfully bumped revision number for resource 9dd9da97-5948-427e-905f-d83ae696b653 (type: security_group_rules) to 0
2026-06-14 00:00:18.146 10 INFO neutron.db.ovn_revision_numbers_db [None req-670fc855-efd2-4487-b03d-f858e3798b6c ffe9042a33aa4d02b4b0570c5608a184 dadf9082a04b4d8f99ec28f752e4f7d0 - - default default] Successfully bumped revision number for resource bb0ed537-bba5-4606-b70f-c86bec32dcf5 (type: security_group_rules) to 0
2026-06-14 00:00:18.160 10 INFO neutron.db.ovn_revision_numbers_db [None req-670fc855-efd2-4487-b03d-f858e3798b6c ffe9042a33aa4d02b4b0570c5608a184 dadf9082a04b4d8f99ec28f752e4f7d0 - - default default] Successfully bumped revision number for resource e27e255b-f0c4-4df0-8dc8-ff1fb3245145 (type: security_group_rules) to 0
