2026-06-13 23:57:19.931 10 INFO neutron.wsgi [req-0d2878a4-aa30-4c4e-847b-cb8aa3de41b1 req-724598d3-8a60-4ebb-8248-26f28923d00c 797433a8fce34e48824cb2c4d16da02a 66567b239eea44a8ad124d0bb8dd3c8e - - default default] 10.0.0.84 "GET /v2.0/security-groups?id=b0564993-5992-4fb2-b30b-7112afe0bb54&fields=id&fields=name HTTP/1.1" status: 200 len: 312 time: 0.0552490
2026-06-13 23:57:19.970 10 INFO neutron.wsgi [None req-70994248-9f17-4b3d-996e-8e277a8d6cee ffe9042a33aa4d02b4b0570c5608a184 dadf9082a04b4d8f99ec28f752e4f7d0 - - default default] 10.0.0.154 "DELETE /v2.0/security-groups/d543b3f9-7fd5-4f33-8d8f-2ea029d34174 HTTP/1.1" status: 204 len: 168 time: 0.2577009 /var/lib/openstack/lib/python3.10/site-packages/pycadf/identifier.py:71: UserWarning: Invalid uuid: neutron. To ensure interoperability, identifiers should be a valid uuid. warnings.warn(('Invalid uuid: %s. To ensure interoperability, '
2026-06-13 23:57:20.038 9 INFO neutron.wsgi [None req-39db0c71-5df4-46ed-b9d2-32a9da4172bf ffe9042a33aa4d02b4b0570c5608a184 dadf9082a04b4d8f99ec28f752e4f7d0 - - default default] 10.0.0.154 "PUT /v2.0/routers/36c1a11b-5e3b-4264-8f5e-e9e339e6bae7/remove_router_interface HTTP/1.1" status: 200 len: 503 time: 1.2213054
2026-06-13 23:57:20.132 9 INFO neutron.wsgi [req-4761dce0-d09d-4684-a8cb-d05758457288 req-7c84a55e-70d0-441c-81c5-de6ac21c5cce 797433a8fce34e48824cb2c4d16da02a 66567b239eea44a8ad124d0bb8dd3c8e - - default default] 10.0.0.84 "GET /v2.0/ports?device_id=ec264fea-3e9a-4662-8be7-91d2aacb6a47 HTTP/1.1" status: 200 len: 1170 time: 0.1257465
2026-06-13 23:57:20.303 10 INFO neutron.db.ovn_revision_numbers_db [None req-585e8f28-362e-40ff-b9cb-833a21a7c324 ffe9042a33aa4d02b4b0570c5608a184 dadf9082a04b4d8f99ec28f752e4f7d0 - - default default] Successfully bumped revision number for resource 6c86c0ae-1c1c-4c83-80c3-0bb0caa777d5 (type: security_groups) to 1
2026-06-13 23:57:20.329 10 INFO neutron.db.ovn_revision_numbers_db [None req-585e8f28-362e-40ff-b9cb-833a21a7c324 ffe9042a33aa4d02b4b0570c5608a184 dadf9082a04b4d8f99ec28f752e4f7d0 - - default default] Successfully bumped revision number for resource 011fe78a-c2d8-4cc7-b946-e8fea1a1b7d2 (type: security_group_rules) to 0
2026-06-13 23:57:20.357 10 INFO neutron.db.ovn_revision_numbers_db [None req-585e8f28-362e-40ff-b9cb-833a21a7c324 ffe9042a33aa4d02b4b0570c5608a184 dadf9082a04b4d8f99ec28f752e4f7d0 - - default default] Successfully bumped revision number for resource 831d0675-c95e-49be-a871-3b23cba8e500 (type: security_group_rules) to 0
2026-06-13 23:57:20.376 10 INFO neutron.db.ovn_revision_numbers_db [None req-585e8f28-362e-40ff-b9cb-833a21a7c324 ffe9042a33aa4d02b4b0570c5608a184 dadf9082a04b4d8f99ec28f752e4f7d0 - - default default] Successfully bumped revision number for resource a8f6e5cb-41a5-4152-80b8-8e7206f67538 (type: security_group_rules) to 0
2026-06-13 23:57:20.408 10 INFO neutron.db.ovn_revision_numbers_db [None req-585e8f28-362e-40ff-b9cb-833a21a7c324 ffe9042a33aa4d02b4b0570c5608a184 dadf9082a04b4d8f99ec28f752e4f7d0 - - default default] Successfully bumped revision number for resource d33433f9-3363-40aa-9679-29e5a569f394 (type: security_group_rules) to 0
2026-06-13 23:57:20.433 10 INFO neutron.wsgi [None req-585e8f28-362e-40ff-b9cb-833a21a7c324 ffe9042a33aa4d02b4b0570c5608a184 dadf9082a04b4d8f99ec28f752e4f7d0 - - default default] 10.0.0.154 "GET /v2.0/security-groups?tenant_id=450589fa310a456c80f651c788ed3b92&name=default HTTP/1.1" status: 200 len: 3120 time: 0.2819760
2026-06-13 23:57:20.746 10 INFO neutron.wsgi [None req-60beb9cb-3a9b-4a7a-ad04-0aa1d03a0677 ffe9042a33aa4d02b4b0570c5608a184 dadf9082a04b4d8f99ec28f752e4f7d0 - - default default] 10.0.0.154 "DELETE /v2.0/security-groups/6c86c0ae-1c1c-4c83-80c3-0bb0caa777d5 HTTP/1.1" status: 204 len: 168 time: 0.3054504
2026-06-13 23:57:21.072 9 INFO neutron.db.ovn_revision_numbers_db [None req-1bb1a5b7-c689-463e-8114-8b7788e2a529 797433a8fce34e48824cb2c4d16da02a 66567b239eea44a8ad124d0bb8dd3c8e - - default default] Successfully bumped revision number for resource 2a06ff7d-b295-4284-b13e-0f62036b207d (type: floatingips) to 1
2026-06-13 23:57:21.179 10 INFO neutron.wsgi [None req-66a0a5ee-dd6f-49ef-bbec-84ad18a7bd61 ffe9042a33aa4d02b4b0570c5608a184 dadf9082a04b4d8f99ec28f752e4f7d0 - - default default] 10.0.0.154 "DELETE /v2.0/routers/36c1a11b-5e3b-4264-8f5e-e9e339e6bae7 HTTP/1.1" status: 204 len: 168 time: 1.1277490
2026-06-13 23:57:21.215 9 INFO neutron.db.ovn_revision_numbers_db [None req-1bb1a5b7-c689-463e-8114-8b7788e2a529 797433a8fce34e48824cb2c4d16da02a 66567b239eea44a8ad124d0bb8dd3c8e - - default default] Successfully bumped revision number for resource 2a06ff7d-b295-4284-b13e-0f62036b207d (type: floatingips) to 2
2026-06-13 23:57:21.216 9 INFO neutron.db.l3_db [None req-1bb1a5b7-c689-463e-8114-8b7788e2a529 797433a8fce34e48824cb2c4d16da02a 66567b239eea44a8ad124d0bb8dd3c8e - - default default] Floating IP 2a06ff7d-b295-4284-b13e-0f62036b207d associated. External IP: 10.96.250.216, port: 4a733613-84d8-4b96-bc9a-b6d177b5fcce.
2026-06-13 23:57:21.250 9 INFO neutron.wsgi [None req-1bb1a5b7-c689-463e-8114-8b7788e2a529 797433a8fce34e48824cb2c4d16da02a 66567b239eea44a8ad124d0bb8dd3c8e - - default default] 10.0.0.154 "PUT /v2.0/floatingips/2a06ff7d-b295-4284-b13e-0f62036b207d HTTP/1.1" status: 200 len: 1049 time: 1.1060364
2026-06-13 23:57:21.302 9 INFO neutron.notifiers.nova [-] Nova event matching ['req-2faa45be-17cb-4bc9-9cde-42be6658d561'] response: {'name': 'network-changed', 'server_uuid': 'ec264fea-3e9a-4662-8be7-91d2aacb6a47', 'tag': '4a733613-84d8-4b96-bc9a-b6d177b5fcce', 'status': 'completed', 'code': 200} /var/lib/openstack/lib/python3.10/site-packages/pycadf/identifier.py:71: UserWarning: Invalid uuid: neutron. To ensure interoperability, identifiers should be a valid uuid. warnings.warn(('Invalid uuid: %s. To ensure interoperability, '
2026-06-13 23:57:21.396 9 INFO neutron.wsgi [req-0209812f-f416-4590-9409-b63c20d8fdb9 req-77cff757-9355-4591-a6a0-ee1d7d2c341b 277e49ef5d984633b8041c030935a035 28075bb2ca0d4cec8c9fcc8064ae0a7b - - 9ef2e5948c5541d992dd4c03bcbf193e 9ef2e5948c5541d992dd4c03bcbf193e] 199.204.45.65 "GET /v2.0/ports?tenant_id=66567b239eea44a8ad124d0bb8dd3c8e&device_id=ec264fea-3e9a-4662-8be7-91d2aacb6a47 HTTP/1.1" status: 200 len: 1409 time: 0.0728903
2026-06-13 23:57:21.437 10 INFO neutron.wsgi [req-5ae78492-ad82-4407-8d18-f52b0109152a req-e991556a-87c1-41b2-9ea7-5987dc043a8b 797433a8fce34e48824cb2c4d16da02a 66567b239eea44a8ad124d0bb8dd3c8e - - default default] 10.0.0.84 "GET /v2.0/ports?device_id=ec264fea-3e9a-4662-8be7-91d2aacb6a47 HTTP/1.1" status: 200 len: 1170 time: 0.1259403
2026-06-13 23:57:21.457 10 INFO neutron.wsgi [None req-48170212-be0f-4d81-ae83-31e9ebeaf08c ffe9042a33aa4d02b4b0570c5608a184 dadf9082a04b4d8f99ec28f752e4f7d0 - - default default] 10.0.0.154 "DELETE /v2.0/subnets/21a023cf-1f3b-40fc-893f-d66c01fd17de HTTP/1.1" status: 204 len: 168 time: 0.2678792
2026-06-13 23:57:21.509 9 INFO neutron.wsgi [req-0209812f-f416-4590-9409-b63c20d8fdb9 req-2f4fdc98-ca52-4ddf-8f4a-2510e7ee0ad5 277e49ef5d984633b8041c030935a035 28075bb2ca0d4cec8c9fcc8064ae0a7b - - 9ef2e5948c5541d992dd4c03bcbf193e 9ef2e5948c5541d992dd4c03bcbf193e] 199.204.45.65 "GET /v2.0/networks?id=31fdfe12-6a3c-46d0-b6af-656a5e17525d HTTP/1.1" status: 200 len: 973 time: 0.1050029
2026-06-13 23:57:21.529 10 INFO neutron.wsgi [req-5ae78492-ad82-4407-8d18-f52b0109152a req-c0eff54f-1f78-43b4-85ab-fad1ae31a436 797433a8fce34e48824cb2c4d16da02a 66567b239eea44a8ad124d0bb8dd3c8e - - default default] 10.0.0.84 "GET /v2.0/security-groups?id=b0564993-5992-4fb2-b30b-7112afe0bb54&fields=id&fields=name HTTP/1.1" status: 200 len: 312 time: 0.0865290
2026-06-13 23:57:21.589 9 INFO neutron.wsgi [req-0209812f-f416-4590-9409-b63c20d8fdb9 req-09130a7f-e349-491a-bebc-60c28e05f0b7 277e49ef5d984633b8041c030935a035 28075bb2ca0d4cec8c9fcc8064ae0a7b - - 9ef2e5948c5541d992dd4c03bcbf193e 9ef2e5948c5541d992dd4c03bcbf193e] 199.204.45.65 "GET /v2.0/floatingips?fixed_ip_address=10.100.0.9&port_id=4a733613-84d8-4b96-bc9a-b6d177b5fcce HTTP/1.1" status: 200 len: 1059 time: 0.0715897
2026-06-13 23:57:21.640 9 INFO neutron.wsgi [req-0209812f-f416-4590-9409-b63c20d8fdb9 req-a9334457-f525-4238-8a11-b3f8c1d3263e 277e49ef5d984633b8041c030935a035 28075bb2ca0d4cec8c9fcc8064ae0a7b - - 9ef2e5948c5541d992dd4c03bcbf193e 9ef2e5948c5541d992dd4c03bcbf193e] 199.204.45.65 "GET /v2.0/subnets?id=9b2a993f-216d-40dc-8cae-0f9d0dbbe735 HTTP/1.1" status: 200 len: 868 time: 0.0435221
2026-06-13 23:57:21.667 9 INFO neutron.wsgi [req-0209812f-f416-4590-9409-b63c20d8fdb9 req-17045be1-a45f-4274-98c2-b83b936dfd98 277e49ef5d984633b8041c030935a035 28075bb2ca0d4cec8c9fcc8064ae0a7b - - 9ef2e5948c5541d992dd4c03bcbf193e 9ef2e5948c5541d992dd4c03bcbf193e] 199.204.45.65 "GET /v2.0/ports?network_id=31fdfe12-6a3c-46d0-b6af-656a5e17525d&device_owner=network%3Adhcp HTTP/1.1" status: 200 len: 210 time: 0.0212426
2026-06-13 23:57:21.680 9 INFO neutron.db.ovn_revision_numbers_db [None req-2193ed81-0e84-43dd-9634-3fb51572ca08 ffe9042a33aa4d02b4b0570c5608a184 dadf9082a04b4d8f99ec28f752e4f7d0 - - default default] Successfully bumped revision number for resource e09575ab-4cf7-4163-9f11-102b201914a3 (type: security_groups) to 1
2026-06-13 23:57:21.721 9 INFO neutron.db.ovn_revision_numbers_db [None req-2193ed81-0e84-43dd-9634-3fb51572ca08 ffe9042a33aa4d02b4b0570c5608a184 dadf9082a04b4d8f99ec28f752e4f7d0 - - default default] Successfully bumped revision number for resource 35ca5412-ae42-42e6-94fd-4c1489e49e3f (type: security_group_rules) to 0
2026-06-13 23:57:21.734 9 INFO neutron.wsgi [req-0209812f-f416-4590-9409-b63c20d8fdb9 req-e6a48465-ddb7-4124-ad11-dcddba92c692 277e49ef5d984633b8041c030935a035 28075bb2ca0d4cec8c9fcc8064ae0a7b - - 9ef2e5948c5541d992dd4c03bcbf193e 9ef2e5948c5541d992dd4c03bcbf193e] 199.204.45.65 "GET /v2.0/networks/31fdfe12-6a3c-46d0-b6af-656a5e17525d?fields=segments HTTP/1.1" status: 200 len: 212 time: 0.0622623
2026-06-13 23:57:21.739 9 INFO neutron.db.ovn_revision_numbers_db [None req-2193ed81-0e84-43dd-9634-3fb51572ca08 ffe9042a33aa4d02b4b0570c5608a184 dadf9082a04b4d8f99ec28f752e4f7d0 - - default default] Successfully bumped revision number for resource 435da9d4-638b-4562-bf85-c823bac92cff (type: security_group_rules) to 0
2026-06-13 23:57:21.772 9 INFO neutron.db.ovn_revision_numbers_db [None req-2193ed81-0e84-43dd-9634-3fb51572ca08 ffe9042a33aa4d02b4b0570c5608a184 dadf9082a04b4d8f99ec28f752e4f7d0 - - default default] Successfully bumped revision number for resource 4d90705b-8f2b-4388-9a78-a99df483846b (type: security_group_rules) to 0
2026-06-13 23:57:21.793 9 INFO neutron.db.ovn_revision_numbers_db [None req-2193ed81-0e84-43dd-9634-3fb51572ca08 ffe9042a33aa4d02b4b0570c5608a184 dadf9082a04b4d8f99ec28f752e4f7d0 - - default default] Successfully bumped revision number for resource 68ff01fb-1ab3-4138-9f9b-473c4a861523 (type: security_group_rules) to 0
2026-06-13 23:57:21.836 9 INFO neutron.wsgi [None req-2193ed81-0e84-43dd-9634-3fb51572ca08 ffe9042a33aa4d02b4b0570c5608a184 dadf9082a04b4d8f99ec28f752e4f7d0 - - default default] 10.0.0.154 "GET /v2.0/security-groups?tenant_id=4b845c42b18942579a539700eadb13e9&name=default HTTP/1.1" status: 200 len: 3120 time: 0.5254064
2026-06-13 23:57:21.840 9 INFO neutron.wsgi [req-0209812f-f416-4590-9409-b63c20d8fdb9 req-26ab6fde-26d3-437b-87bf-06cd0c00c7a6 277e49ef5d984633b8041c030935a035 28075bb2ca0d4cec8c9fcc8064ae0a7b - - 9ef2e5948c5541d992dd4c03bcbf193e 9ef2e5948c5541d992dd4c03bcbf193e] 199.204.45.65 "GET /v2.0/networks/31fdfe12-6a3c-46d0-b6af-656a5e17525d?fields=provider%3Aphysical_network&fields=provider%3Anetwork_type HTTP/1.1" status: 200 len: 277 time: 0.0976136
2026-06-13 23:57:21.886 10 INFO neutron.services.segments.plugin [-] Segment 83095157-ca0d-40a9-8459-eb681d91ef7a resource provider aggregate not found
2026-06-13 23:57:21.892 9 INFO neutron.wsgi [req-28593421-6941-482a-a18f-9f4dfde8bbfe req-8277f693-1aff-4eae-bf86-e6fd8a8ccbf0 797433a8fce34e48824cb2c4d16da02a 66567b239eea44a8ad124d0bb8dd3c8e - - default default] 10.0.0.84 "GET /v2.0/ports?device_id=ec264fea-3e9a-4662-8be7-91d2aacb6a47 HTTP/1.1" status: 200 len: 1170 time: 0.0496061
2026-06-13 23:57:21.903 10 INFO neutron.services.segments.plugin [-] Segment 83095157-ca0d-40a9-8459-eb681d91ef7a resource provider aggregate not found
2026-06-13 23:57:21.916 9 INFO neutron.plugins.ml2.drivers.ovn.mech_driver.mech_driver [None req-994a81b5-3fe4-49cd-b805-57da2d353614 - - - - - -] OVN reports status down for port: 4a733613-84d8-4b96-bc9a-b6d177b5fcce
2026-06-13 23:57:21.917 10 INFO neutron.services.segments.plugin [-] Segment 83095157-ca0d-40a9-8459-eb681d91ef7a resource provider not found; error: Placement Client Error (4xx): {"errors": [{"status": 404, "title": "Not Found", "detail": "The resource could not be found.\n\n No resource provider with uuid 83095157-ca0d-40a9-8459-eb681d91ef7a found for delete ", "request_id": "req-b9590561-d119-47ec-a073-a9a3a48bc2ad"}]}
2026-06-13 23:57:21.923 10 INFO neutron.services.segments.plugin [-] Segment 83095157-ca0d-40a9-8459-eb681d91ef7a resource provider not found; error: Placement Client Error (4xx): {"errors": [{"status": 404, "title": "Not Found", "detail": "The resource could not be found.\n\n No resource provider with uuid 83095157-ca0d-40a9-8459-eb681d91ef7a found for delete ", "request_id": "req-3d0eed6c-5b9d-4da3-a054-a00ef4f70302"}]}
2026-06-13 23:57:21.961 10 INFO neutron.wsgi [None req-74836dc4-1aab-468f-be0f-ba8b8b9e1bdc ffe9042a33aa4d02b4b0570c5608a184 dadf9082a04b4d8f99ec28f752e4f7d0 - - default default] 10.0.0.154 "DELETE /v2.0/networks/30641fc6-69ff-401a-bf72-2ad05cc9369b HTTP/1.1" status: 204 len: 168 time: 0.4996753
2026-06-13 23:57:21.964 9 INFO neutron.wsgi [req-28593421-6941-482a-a18f-9f4dfde8bbfe req-ec604802-354c-48b9-9f05-7dfda0020b73 797433a8fce34e48824cb2c4d16da02a 66567b239eea44a8ad124d0bb8dd3c8e - - default default] 10.0.0.84 "GET /v2.0/security-groups?id=b0564993-5992-4fb2-b30b-7112afe0bb54&fields=id&fields=name HTTP/1.1" status: 200 len: 312 time: 0.0603881
2026-06-13 23:57:22.111 10 INFO neutron.wsgi [None req-645d6c48-4bfd-48bf-a420-aec7f14fb0b2 ffe9042a33aa4d02b4b0570c5608a184 dadf9082a04b4d8f99ec28f752e4f7d0 - - default default] 10.0.0.154 "GET /v2.0/security-groups?tenant_id=5ca0aa1104294bff9838032208f1803a&name=default HTTP/1.1" status: 200 len: 3116 time: 0.0396965
2026-06-13 23:57:22.138 10 INFO neutron.wsgi [None req-e1261363-af3e-4026-85bc-528b22ae11d3 ffe9042a33aa4d02b4b0570c5608a184 dadf9082a04b4d8f99ec28f752e4f7d0 - - default default] 10.0.0.154 "DELETE /v2.0/security-groups/e09575ab-4cf7-4163-9f11-102b201914a3 HTTP/1.1" status: 204 len: 168 time: 0.2886508
2026-06-13 23:57:22.216 9 INFO neutron.wsgi [req-902cc019-28fa-4128-8e94-9b522eab0672 req-a78a69e4-70bd-4f0b-bd9b-8ddd0386e177 797433a8fce34e48824cb2c4d16da02a 66567b239eea44a8ad124d0bb8dd3c8e - - default default] 199.204.45.65 "GET /v2.0/ports?device_id=ec264fea-3e9a-4662-8be7-91d2aacb6a47 HTTP/1.1" status: 200 len: 1168 time: 0.0515904
2026-06-13 23:57:22.280 9 INFO neutron.db.ovn_revision_numbers_db [None req-994a81b5-3fe4-49cd-b805-57da2d353614 - - - - - -] Successfully bumped revision number for resource 4a733613-84d8-4b96-bc9a-b6d177b5fcce (type: ports) to 5
2026-06-13 23:57:22.375 10 INFO neutron.wsgi [None req-3416f387-a256-45b9-9459-f2d81b62f483 ffe9042a33aa4d02b4b0570c5608a184 dadf9082a04b4d8f99ec28f752e4f7d0 - - default default] 10.0.0.154 "DELETE /v2.0/security-groups/916105dd-b59a-4ed0-b6a5-055e19ae860b HTTP/1.1" status: 204 len: 168 time: 0.2578528
2026-06-13 23:57:22.386 10 INFO neutron.db.ovn_revision_numbers_db [None req-04ac05bb-a090-436f-afde-2774e983fafd ffe9042a33aa4d02b4b0570c5608a184 dadf9082a04b4d8f99ec28f752e4f7d0 - - default default] Successfully bumped revision number for resource 5994c724-0e32-4032-813e-c7b700c718f4 (type: security_groups) to 1
2026-06-13 23:57:22.402 10 INFO neutron.db.ovn_revision_numbers_db [None req-04ac05bb-a090-436f-afde-2774e983fafd ffe9042a33aa4d02b4b0570c5608a184 dadf9082a04b4d8f99ec28f752e4f7d0 - - default default] Successfully bumped revision number for resource 1d0ba520-3259-4520-a5a0-b4cf716f8c14 (type: security_group_rules) to 0
2026-06-13 23:57:22.423 10 INFO neutron.db.ovn_revision_numbers_db [None req-04ac05bb-a090-436f-afde-2774e983fafd ffe9042a33aa4d02b4b0570c5608a184 dadf9082a04b4d8f99ec28f752e4f7d0 - - default default] Successfully bumped revision number for resource 5f68ae1b-e57c-4fc5-9a53-7c0fbd74d634 (type: security_group_rules) to 0
2026-06-13 23:57:22.437 10 INFO neutron.db.ovn_revision_numbers_db [None req-04ac05bb-a090-436f-afde-2774e983fafd ffe9042a33aa4d02b4b0570c5608a184 dadf9082a04b4d8f99ec28f752e4f7d0 - - default default] Successfully bumped revision number for resource bffc9e40-546f-4081-9836-43bb332dee6c (type: security_group_rules) to 0
2026-06-13 23:57:22.451 10 INFO neutron.db.ovn_revision_numbers_db [None req-04ac05bb-a090-436f-afde-2774e983fafd ffe9042a33aa4d02b4b0570c5608a184 dadf9082a04b4d8f99ec28f752e4f7d0 - - default default] Successfully bumped revision number for resource c3310161-545a-40a0-bcd5-6814cc661590 (type: security_group_rules) to 0
2026-06-13 23:57:22.482 10 INFO neutron.wsgi [None req-04ac05bb-a090-436f-afde-2774e983fafd ffe9042a33aa4d02b4b0570c5608a184 dadf9082a04b4d8f99ec28f752e4f7d0 - - default default] 10.0.0.154 "GET /v2.0/security-groups?tenant_id=5ba5d009dd8e4ae69235adb935197cf2&name=default HTTP/1.1" status: 200 len: 3120 time: 0.2356589
2026-06-13 23:57:22.666 9 INFO neutron.db.l3_db [req-902cc019-28fa-4128-8e94-9b522eab0672 req-3e68e61b-8638-4d3b-95e0-027b972bae35 797433a8fce34e48824cb2c4d16da02a 66567b239eea44a8ad124d0bb8dd3c8e - - default default] Floating IP 2a06ff7d-b295-4284-b13e-0f62036b207d disassociated. External IP: 10.96.250.216, port: 4a733613-84d8-4b96-bc9a-b6d177b5fcce.
2026-06-13 23:57:22.693 10 INFO neutron.wsgi [None req-6426968d-0eab-46f8-9807-a36ed1a5aedf ffe9042a33aa4d02b4b0570c5608a184 dadf9082a04b4d8f99ec28f752e4f7d0 - - default default] 10.0.0.154 "DELETE /v2.0/security-groups/5994c724-0e32-4032-813e-c7b700c718f4 HTTP/1.1" status: 204 len: 168 time: 0.2042274
2026-06-13 23:57:22.807 9 INFO neutron.wsgi [req-902cc019-28fa-4128-8e94-9b522eab0672 req-3e68e61b-8638-4d3b-95e0-027b972bae35 797433a8fce34e48824cb2c4d16da02a 66567b239eea44a8ad124d0bb8dd3c8e - - default default] 199.204.45.65 "DELETE /v2.0/ports/4a733613-84d8-4b96-bc9a-b6d177b5fcce HTTP/1.1" status: 204 len: 173 time: 0.5839462
2026-06-13 23:57:23.064 10 INFO neutron.wsgi [req-bd411114-33f4-4f1e-82c6-98d57a865398 req-76aca566-af11-433c-b974-034854be547d 797433a8fce34e48824cb2c4d16da02a 66567b239eea44a8ad124d0bb8dd3c8e - - default default] 10.0.0.84 "GET /v2.0/ports?device_id=ec264fea-3e9a-4662-8be7-91d2aacb6a47 HTTP/1.1" status: 200 len: 210 time: 0.0232549
2026-06-13 23:57:23.349 9 INFO neutron.notifiers.nova [-] Nova event matching ['req-1de3d3e1-33e8-43f6-be01-4926304b5db5'] response: {'server_uuid': 'ec264fea-3e9a-4662-8be7-91d2aacb6a47', 'name': 'network-vif-unplugged', 'status': 'completed', 'tag': '4a733613-84d8-4b96-bc9a-b6d177b5fcce', 'code': 200}
2026-06-13 23:57:23.350 9 INFO neutron.notifiers.nova [-] Nova event matching ['req-1de3d3e1-33e8-43f6-be01-4926304b5db5'] response: {'server_uuid': 'ec264fea-3e9a-4662-8be7-91d2aacb6a47', 'name': 'network-vif-unplugged', 'status': 'completed', 'tag': '4a733613-84d8-4b96-bc9a-b6d177b5fcce', 'code': 200}
2026-06-13 23:57:23.350 9 INFO neutron.notifiers.nova [-] Nova event matching ['req-1de3d3e1-33e8-43f6-be01-4926304b5db5'] response: {'server_uuid': 'ec264fea-3e9a-4662-8be7-91d2aacb6a47', 'name': 'network-vif-deleted', 'tag': '4a733613-84d8-4b96-bc9a-b6d177b5fcce', 'status': 'completed', 'code': 200} /var/lib/openstack/lib/python3.10/site-packages/pycadf/identifier.py:71: UserWarning: Invalid uuid: neutron. To ensure interoperability, identifiers should be a valid uuid. warnings.warn(('Invalid uuid: %s. To ensure interoperability, '
2026-06-13 23:57:24.309 9 INFO neutron.wsgi [None req-835152f1-b7a5-4770-b601-dd0cd63dcaba 797433a8fce34e48824cb2c4d16da02a 66567b239eea44a8ad124d0bb8dd3c8e - - default default] 10.0.0.154 "DELETE /v2.0/security-groups/b0564993-5992-4fb2-b30b-7112afe0bb54 HTTP/1.1" status: 204 len: 168 time: 0.1639585
2026-06-13 23:57:24.324 9 INFO neutron.api.v2.resource [None req-bfa81a6e-7814-4fad-a31e-f09815e75e0b 797433a8fce34e48824cb2c4d16da02a 66567b239eea44a8ad124d0bb8dd3c8e - - default default] show failed (client error): The resource could not be found.
2026-06-13 23:57:24.325 9 INFO neutron.wsgi [None req-bfa81a6e-7814-4fad-a31e-f09815e75e0b 797433a8fce34e48824cb2c4d16da02a 66567b239eea44a8ad124d0bb8dd3c8e - - default default] 10.0.0.154 "GET /v2.0/security-groups/b0564993-5992-4fb2-b30b-7112afe0bb54 HTTP/1.1" status: 404 len: 347 time: 0.0108812
2026-06-13 23:57:24.355 10 INFO neutron.db.ovn_revision_numbers_db [None req-21d54303-6878-49bc-aea5-d2e26294b8a9 ffe9042a33aa4d02b4b0570c5608a184 dadf9082a04b4d8f99ec28f752e4f7d0 - - default default] Successfully bumped revision number for resource 78515589-d065-4742-9084-a963fd12a9c2 (type: security_groups) to 1
2026-06-13 23:57:24.371 10 INFO neutron.db.ovn_revision_numbers_db [None req-21d54303-6878-49bc-aea5-d2e26294b8a9 ffe9042a33aa4d02b4b0570c5608a184 dadf9082a04b4d8f99ec28f752e4f7d0 - - default default] Successfully bumped revision number for resource 17af9e49-8dc1-42d7-9902-592432a973a4 (type: security_group_rules) to 0
2026-06-13 23:57:24.385 10 INFO neutron.db.ovn_revision_numbers_db [None req-21d54303-6878-49bc-aea5-d2e26294b8a9 ffe9042a33aa4d02b4b0570c5608a184 dadf9082a04b4d8f99ec28f752e4f7d0 - - default default] Successfully bumped revision number for resource 725f03a9-22f3-4b5f-8ad5-35ac982dc5b4 (type: security_group_rules) to 0
2026-06-13 23:57:24.411 10 INFO neutron.db.ovn_revision_numbers_db [None req-21d54303-6878-49bc-aea5-d2e26294b8a9 ffe9042a33aa4d02b4b0570c5608a184 dadf9082a04b4d8f99ec28f752e4f7d0 - - default default] Successfully bumped revision number for resource c401020c-6da1-45b7-97a0-7fe9000df7ea (type: security_group_rules) to 0
2026-06-13 23:57:24.435 10 INFO neutron.db.ovn_revision_numbers_db [None req-21d54303-6878-49bc-aea5-d2e26294b8a9 ffe9042a33aa4d02b4b0570c5608a184 dadf9082a04b4d8f99ec28f752e4f7d0 - - default default] Successfully bumped revision number for resource dccff319-01cd-418a-93f8-3b5d5276a64b (type: security_group_rules) to 0
2026-06-13 23:57:24.498 10 INFO neutron.db.segments_db [None req-21d54303-6878-49bc-aea5-d2e26294b8a9 ffe9042a33aa4d02b4b0570c5608a184 dadf9082a04b4d8f99ec28f752e4f7d0 - - default default] Added segment 25c925e3-c3cd-44e3-aea6-82f005494cae of type geneve for network 5459e536-7333-4bf4-bfe6-7d454e54251a
2026-06-13 23:57:24.655 10 INFO neutron.db.ovn_revision_numbers_db [None req-21d54303-6878-49bc-aea5-d2e26294b8a9 ffe9042a33aa4d02b4b0570c5608a184 dadf9082a04b4d8f99ec28f752e4f7d0 - - default default] Successfully bumped revision number for resource 5459e536-7333-4bf4-bfe6-7d454e54251a (type: networks) to 1
2026-06-13 23:57:24.707 9 INFO neutron.wsgi [None req-c261a835-ad39-47f2-ac3a-ee6009f684e0 797433a8fce34e48824cb2c4d16da02a 66567b239eea44a8ad124d0bb8dd3c8e - - default default] 10.0.0.154 "DELETE /v2.0/floatingips/2a06ff7d-b295-4284-b13e-0f62036b207d HTTP/1.1" status: 204 len: 168 time: 0.3772399
2026-06-13 23:57:24.814 10 WARNING neutron.scheduler.dhcp_agent_scheduler [None req-21d54303-6878-49bc-aea5-d2e26294b8a9 ffe9042a33aa4d02b4b0570c5608a184 dadf9082a04b4d8f99ec28f752e4f7d0 - - default default] No more DHCP agents
2026-06-13 23:57:24.816 10 WARNING neutron.api.rpc.agentnotifiers.dhcp_rpc_agent_api [None req-21d54303-6878-49bc-aea5-d2e26294b8a9 ffe9042a33aa4d02b4b0570c5608a184 dadf9082a04b4d8f99ec28f752e4f7d0 - - default default] Unable to schedule network 5459e536-7333-4bf4-bfe6-7d454e54251a: no agents available; will retry on subsequent port and subnet creation events.
2026-06-13 23:57:24.891 10 INFO neutron.db.ovn_revision_numbers_db [None req-21d54303-6878-49bc-aea5-d2e26294b8a9 ffe9042a33aa4d02b4b0570c5608a184 dadf9082a04b4d8f99ec28f752e4f7d0 - - default default] Successfully bumped revision number for resource 6a6b6563-fab9-4137-a220-b9348c27e73b (type: ports) to 1
2026-06-13 23:57:24.916 10 INFO neutron.wsgi [None req-21d54303-6878-49bc-aea5-d2e26294b8a9 ffe9042a33aa4d02b4b0570c5608a184 dadf9082a04b4d8f99ec28f752e4f7d0 - - default default] 10.0.0.154 "POST /v2.0/networks HTTP/1.1" status: 201 len: 945 time: 0.8737464
2026-06-13 23:57:25.120 9 WARNING neutron.scheduler.dhcp_agent_scheduler [None req-e211b6b3-8a5b-47bf-9ab2-8dea998e6ac5 ffe9042a33aa4d02b4b0570c5608a184 dadf9082a04b4d8f99ec28f752e4f7d0 - - default default] No more DHCP agents
2026-06-13 23:57:25.125 9 WARNING neutron.api.rpc.agentnotifiers.dhcp_rpc_agent_api [None req-e211b6b3-8a5b-47bf-9ab2-8dea998e6ac5 ffe9042a33aa4d02b4b0570c5608a184 dadf9082a04b4d8f99ec28f752e4f7d0 - - default default] Unable to schedule network 5459e536-7333-4bf4-bfe6-7d454e54251a: no agents available; will retry on subsequent port and subnet creation events.
2026-06-13 23:57:25.304 10 INFO neutron.db.ovn_revision_numbers_db [None req-d2e91a9e-6f17-422d-aa3f-5c34ec12cf15 ffe9042a33aa4d02b4b0570c5608a184 dadf9082a04b4d8f99ec28f752e4f7d0 - - default default] Successfully bumped revision number for resource 31d34e54-d1a7-4d10-bb4f-eef833057fa8 (type: security_groups) to 1
2026-06-13 23:57:25.320 10 INFO neutron.db.ovn_revision_numbers_db [None req-d2e91a9e-6f17-422d-aa3f-5c34ec12cf15 ffe9042a33aa4d02b4b0570c5608a184 dadf9082a04b4d8f99ec28f752e4f7d0 - - default default] Successfully bumped revision number for resource 5cc467c2-ddd4-4233-9b23-fd0ffd5290b5 (type: security_group_rules) to 0
2026-06-13 23:57:25.336 10 INFO neutron.db.ovn_revision_numbers_db [None req-d2e91a9e-6f17-422d-aa3f-5c34ec12cf15 ffe9042a33aa4d02b4b0570c5608a184 dadf9082a04b4d8f99ec28f752e4f7d0 - - default default] Successfully bumped revision number for resource 98eeba26-7b4e-4ac1-afe4-5a97c50e354b (type: security_group_rules) to 0
2026-06-13 23:57:25.350 10 INFO neutron.db.ovn_revision_numbers_db [None req-d2e91a9e-6f17-422d-aa3f-5c34ec12cf15 ffe9042a33aa4d02b4b0570c5608a184 dadf9082a04b4d8f99ec28f752e4f7d0 - - default default] Successfully bumped revision number for resource eb5d2f1b-b50b-46b4-84c0-6085d885a782 (type: security_group_rules) to 0
2026-06-13 23:57:25.363 10 INFO neutron.db.ovn_revision_numbers_db [None req-d2e91a9e-6f17-422d-aa3f-5c34ec12cf15 ffe9042a33aa4d02b4b0570c5608a184 dadf9082a04b4d8f99ec28f752e4f7d0 - - default default] Successfully bumped revision number for resource ecb8f8b1-037b-403a-b4ca-015887de4238 (type: security_group_rules) to 0
2026-06-13 23:57:25.384 10 INFO neutron.wsgi [None req-d2e91a9e-6f17-422d-aa3f-5c34ec12cf15 ffe9042a33aa4d02b4b0570c5608a184 dadf9082a04b4d8f99ec28f752e4f7d0 - - default default] 10.0.0.154 "GET /v2.0/security-groups?tenant_id=c73cbbf3e7544a728baa560e75373d85&name=default HTTP/1.1" status: 200 len: 3120 time: 0.4033842
2026-06-13 23:57:25.582 10 INFO neutron.wsgi [None req-ab52a7e5-2707-4fae-a02b-8cd1f1070e17 ffe9042a33aa4d02b4b0570c5608a184 dadf9082a04b4d8f99ec28f752e4f7d0 - - default default] 10.0.0.154 "DELETE /v2.0/security-groups/31d34e54-d1a7-4d10-bb4f-eef833057fa8 HTTP/1.1" status: 204 len: 168 time: 0.1931472
2026-06-13 23:57:26.071 9 INFO neutron.db.ovn_revision_numbers_db [None req-e211b6b3-8a5b-47bf-9ab2-8dea998e6ac5 ffe9042a33aa4d02b4b0570c5608a184 dadf9082a04b4d8f99ec28f752e4f7d0 - - default default] Successfully bumped revision number for resource 6a6b6563-fab9-4137-a220-b9348c27e73b (type: ports) to 2
2026-06-13 23:57:26.126 9 INFO neutron.db.ovn_revision_numbers_db [None req-e211b6b3-8a5b-47bf-9ab2-8dea998e6ac5 ffe9042a33aa4d02b4b0570c5608a184 dadf9082a04b4d8f99ec28f752e4f7d0 - - default default] Successfully bumped revision number for resource 01088bbc-9be6-43b7-92d3-ec9471efa3af (type: subnets) to 0
2026-06-13 23:57:26.156 9 INFO neutron.wsgi [None req-e211b6b3-8a5b-47bf-9ab2-8dea998e6ac5 ffe9042a33aa4d02b4b0570c5608a184 dadf9082a04b4d8f99ec28f752e4f7d0 - - default default] 10.0.0.154 "POST /v2.0/subnets HTTP/1.1" status: 201 len: 865 time: 1.2355952
2026-06-13 23:57:26.270 9 INFO neutron.wsgi [None req-485682fc-e5cb-4e64-abd9-81044e91c45a ffe9042a33aa4d02b4b0570c5608a184 dadf9082a04b4d8f99ec28f752e4f7d0 - - default default] 10.0.0.154 "PUT /v2.0/routers/8dd7c6ef-d6d2-4153-b812-fcf2c94d37b6/remove_router_interface HTTP/1.1" status: 200 len: 503 time: 1.5584626
2026-06-13 23:57:26.794 9 WARNING neutron.scheduler.dhcp_agent_scheduler [None req-864e5ad8-2291-44ff-9196-e468f8559e10 ffe9042a33aa4d02b4b0570c5608a184 dadf9082a04b4d8f99ec28f752e4f7d0 - - default default] No more DHCP agents
2026-06-13 23:57:26.801 9 WARNING neutron.api.rpc.agentnotifiers.dhcp_rpc_agent_api [None req-864e5ad8-2291-44ff-9196-e468f8559e10 ffe9042a33aa4d02b4b0570c5608a184 dadf9082a04b4d8f99ec28f752e4f7d0 - - default default] Unable to schedule network 7b8efc48-fb63-4bd9-9cba-92e000cacdfb: no agents available; will retry on subsequent port and subnet creation events.
2026-06-13 23:57:26.972 9 INFO neutron.db.ovn_revision_numbers_db [None req-864e5ad8-2291-44ff-9196-e468f8559e10 ffe9042a33aa4d02b4b0570c5608a184 dadf9082a04b4d8f99ec28f752e4f7d0 - - default default] Successfully bumped revision number for resource d42f6dff-b8c4-4373-8ed4-e3fdf6194292 (type: ports) to 1
2026-06-13 23:57:27.100 10 INFO neutron.db.ovn_revision_numbers_db [None req-27607bb5-1800-4b81-a09f-d41c3529c760 ffe9042a33aa4d02b4b0570c5608a184 dadf9082a04b4d8f99ec28f752e4f7d0 - - default default] Successfully bumped revision number for resource e1996ecf-c8c4-4038-a2e9-9e028d066697 (type: security_groups) to 1
2026-06-13 23:57:27.125 10 INFO neutron.db.ovn_revision_numbers_db [None req-27607bb5-1800-4b81-a09f-d41c3529c760 ffe9042a33aa4d02b4b0570c5608a184 dadf9082a04b4d8f99ec28f752e4f7d0 - - default default] Successfully bumped revision number for resource 670e8fdb-09f9-40b4-8cec-ebfbcce51e36 (type: security_group_rules) to 0
2026-06-13 23:57:27.138 10 INFO neutron.db.ovn_revision_numbers_db [None req-27607bb5-1800-4b81-a09f-d41c3529c760 ffe9042a33aa4d02b4b0570c5608a184 dadf9082a04b4d8f99ec28f752e4f7d0 - - default default] Successfully bumped revision number for resource 7a1031b5-d497-406c-8a92-3f0b2562b780 (type: security_group_rules) to 0
2026-06-13 23:57:27.159 10 INFO neutron.wsgi [None req-ca1225de-6a8b-41ba-bcbf-9b1f0dd5d0b7 ffe9042a33aa4d02b4b0570c5608a184 dadf9082a04b4d8f99ec28f752e4f7d0 - - default default] 10.0.0.154 "DELETE /v2.0/routers/8dd7c6ef-d6d2-4153-b812-fcf2c94d37b6 HTTP/1.1" status: 204 len: 168 time: 0.8847415
2026-06-13 23:57:27.160 10 INFO neutron.db.ovn_revision_numbers_db [None req-27607bb5-1800-4b81-a09f-d41c3529c760 ffe9042a33aa4d02b4b0570c5608a184 dadf9082a04b4d8f99ec28f752e4f7d0 - - default default] Successfully bumped revision number for resource 94e05e2e-07f7-444c-ad75-fbaedeb0b6dc (type: security_group_rules) to 0
2026-06-13 23:57:27.184 10 INFO neutron.db.ovn_revision_numbers_db [None req-27607bb5-1800-4b81-a09f-d41c3529c760 ffe9042a33aa4d02b4b0570c5608a184 dadf9082a04b4d8f99ec28f752e4f7d0 - - default default] Successfully bumped revision number for resource ebf4197f-9be0-40e2-bce7-38a3e44ddd28 (type: security_group_rules) to 0
2026-06-13 23:57:27.214 10 INFO neutron.wsgi [None req-27607bb5-1800-4b81-a09f-d41c3529c760 ffe9042a33aa4d02b4b0570c5608a184 dadf9082a04b4d8f99ec28f752e4f7d0 - - default default] 10.0.0.154 "GET /v2.0/security-groups?tenant_id=66cbf8eb80094a7fbd44f09b7b76c69d&name=default HTTP/1.1" status: 200 len: 3120 time: 0.4671388 /var/lib/openstack/lib/python3.10/site-packages/pycadf/identifier.py:71: UserWarning: Invalid uuid: neutron. To ensure interoperability, identifiers should be a valid uuid. warnings.warn(('Invalid uuid: %s. To ensure interoperability, '
2026-06-13 23:57:27.393 10 INFO neutron.wsgi [None req-549c8cce-bdfb-4c34-845b-0182bdc26c9b ffe9042a33aa4d02b4b0570c5608a184 dadf9082a04b4d8f99ec28f752e4f7d0 - - default default] 10.0.0.154 "DELETE /v2.0/subnets/9b2a993f-216d-40dc-8cae-0f9d0dbbe735 HTTP/1.1" status: 204 len: 168 time: 0.2263086
2026-06-13 23:57:27.558 9 INFO neutron.wsgi [None req-f358c29e-5f81-4046-9acd-205f9c4a396a ffe9042a33aa4d02b4b0570c5608a184 dadf9082a04b4d8f99ec28f752e4f7d0 - - default default] 10.0.0.154 "DELETE /v2.0/security-groups/e1996ecf-c8c4-4038-a2e9-9e028d066697 HTTP/1.1" status: 204 len: 168 time: 0.3336694
2026-06-13 23:57:27.613 9 INFO neutron.wsgi [None req-edef6d4a-a847-4774-a448-abbcb7c706be eeeabfc5fcd3467a87e071261a0a7279 122a8f49f8354136b41365f7833d7eb1 - - default default] 10.0.0.154 "GET /v2.0/extensions HTTP/1.1" status: 200 len: 18678 time: 0.1287231
2026-06-13 23:57:27.621 9 INFO neutron.wsgi [None req-36912a65-5af4-4457-b8c1-45221204a8f3 eeeabfc5fcd3467a87e071261a0a7279 122a8f49f8354136b41365f7833d7eb1 - - default default] 10.0.0.154 "GET /v2.0/extensions/address-group HTTP/1.1" status: 200 len: 353 time: 0.0038297
2026-06-13 23:57:27.628 9 INFO neutron.wsgi [None req-fe9b15f8-eba8-4dfc-9ca0-438ee02f2667 eeeabfc5fcd3467a87e071261a0a7279 122a8f49f8354136b41365f7833d7eb1 - - default default] 10.0.0.154 "GET /v2.0/extensions/address-scope HTTP/1.1" status: 200 len: 357 time: 0.0041831
2026-06-13 23:57:27.673 15 INFO neutron.plugins.ml2.drivers.ovn.mech_driver.ovsdb.maintenance [None req-36053ac8-3962-4c3b-8f8d-3aa7c6cde5f2 - - - - - -] Maintenance task: Synchronization completed (took 0.44 seconds)
2026-06-13 23:57:27.800 10 INFO neutron.services.segments.plugin [-] Segment 8f3f77b1-4679-469f-a1b0-146c5942c0da resource provider aggregate not found
2026-06-13 23:57:27.804 10 INFO neutron.services.segments.plugin [-] Segment 8f3f77b1-4679-469f-a1b0-146c5942c0da resource provider aggregate not found
2026-06-13 23:57:27.822 10 INFO neutron.services.segments.plugin [-] Segment 8f3f77b1-4679-469f-a1b0-146c5942c0da resource provider not found; error: Placement Client Error (4xx): {"errors": [{"status": 404, "title": "Not Found", "detail": "The resource could not be found.\n\n No resource provider with uuid 8f3f77b1-4679-469f-a1b0-146c5942c0da found for delete ", "request_id": "req-4597c619-bc7a-4971-8eaf-490920ef7070"}]}
2026-06-13 23:57:27.827 10 INFO neutron.services.segments.plugin [-] Segment 8f3f77b1-4679-469f-a1b0-146c5942c0da resource provider not found; error: Placement Client Error (4xx): {"errors": [{"status": 404, "title": "Not Found", "detail": "The resource could not be found.\n\n No resource provider with uuid 8f3f77b1-4679-469f-a1b0-146c5942c0da found for delete ", "request_id": "req-32d36c9f-f84a-4955-a8c9-f6610dc6d4b2"}]}
2026-06-13 23:57:27.850 10 INFO neutron.wsgi [None req-a2e478dc-7d2b-41d8-bc02-1227149e0530 ffe9042a33aa4d02b4b0570c5608a184 dadf9082a04b4d8f99ec28f752e4f7d0 - - default default] 10.0.0.154 "DELETE /v2.0/networks/31fdfe12-6a3c-46d0-b6af-656a5e17525d HTTP/1.1" status: 204 len: 168 time: 0.4503865
2026-06-13 23:57:27.858 9 INFO neutron.wsgi [None req-6f3b6f60-52ed-451b-8f94-2e020b5e63fa eeeabfc5fcd3467a87e071261a0a7279 122a8f49f8354136b41365f7833d7eb1 - - default default] 10.0.0.154 "GET /v2.0/extensions/agent HTTP/1.1" status: 200 len: 347 time: 0.2241452
2026-06-13 23:57:27.869 10 INFO neutron.wsgi [None req-46b00d64-609b-4cfb-a3e3-639158eeb41f eeeabfc5fcd3467a87e071261a0a7279 122a8f49f8354136b41365f7833d7eb1 - - default default] 10.0.0.154 "GET /v2.0/extensions/allowed-address-pairs HTTP/1.1" status: 200 len: 378 time: 0.0052936
2026-06-13 23:57:27.882 9 INFO neutron.wsgi [None req-0a992183-47c6-4e75-b140-9291f58aa850 eeeabfc5fcd3467a87e071261a0a7279 122a8f49f8354136b41365f7833d7eb1 - - default default] 10.0.0.154 "GET /v2.0/extensions/auto-allocated-topology HTTP/1.1" status: 200 len: 394 time: 0.0056500
2026-06-13 23:57:27.891 9 INFO neutron.wsgi [None req-98ec35f8-f485-418e-9f70-af1c6111c07b eeeabfc5fcd3467a87e071261a0a7279 122a8f49f8354136b41365f7833d7eb1 - - default default] 10.0.0.154 "GET /v2.0/extensions/availability_zone HTTP/1.1" status: 200 len: 372 time: 0.0047712
2026-06-13 23:57:27.891 10 INFO neutron.db.ovn_revision_numbers_db [None req-87efdebb-0592-45f0-b6f9-0dfbe514edad ffe9042a33aa4d02b4b0570c5608a184 dadf9082a04b4d8f99ec28f752e4f7d0 - - default default] Successfully bumped revision number for resource 18e4d9a9-5e74-46f3-abf0-3bb6d86812a0 (type: security_groups) to 1
2026-06-13 23:57:27.901 10 INFO neutron.wsgi [None req-0aa53da1-08a0-4466-9c1f-35969cccefae eeeabfc5fcd3467a87e071261a0a7279 122a8f49f8354136b41365f7833d7eb1 - - default default] 10.0.0.154 "GET /v2.0/extensions/default-subnetpools HTTP/1.1" status: 200 len: 405 time: 0.0067146
2026-06-13 23:57:27.910 9 INFO neutron.wsgi [None req-e3947df1-b6b3-45a5-b53a-23c4169ddb20 eeeabfc5fcd3467a87e071261a0a7279 122a8f49f8354136b41365f7833d7eb1 - - default default] 10.0.0.154 "GET /v2.0/extensions/dhcp_agent_scheduler HTTP/1.1" status: 200 len: 381 time: 0.0050106
2026-06-13 23:57:27.912 10 INFO neutron.db.ovn_revision_numbers_db [None req-87efdebb-0592-45f0-b6f9-0dfbe514edad ffe9042a33aa4d02b4b0570c5608a184 dadf9082a04b4d8f99ec28f752e4f7d0 - - default default] Successfully bumped revision number for resource 62d79177-49eb-4a42-a279-21d78817239f (type: security_group_rules) to 0
2026-06-13 23:57:27.919 10 INFO neutron.wsgi [None req-9f0e100e-c2b3-4de8-bd4c-2af8d21efe0c eeeabfc5fcd3467a87e071261a0a7279 122a8f49f8354136b41365f7833d7eb1 - - default default] 10.0.0.154 "GET /v2.0/extensions/dns-integration HTTP/1.1" status: 200 len: 366 time: 0.0052247
2026-06-13 23:57:27.932 9 INFO neutron.wsgi [None req-e4cbf85a-b63c-460b-bab0-9397f9871fca eeeabfc5fcd3467a87e071261a0a7279 122a8f49f8354136b41365f7833d7eb1 - - default default] 10.0.0.154 "GET /v2.0/extensions/dns-domain-ports HTTP/1.1" status: 200 len: 399 time: 0.0057988
2026-06-13 23:57:27.940 10 INFO neutron.wsgi [None req-dda74b80-28f4-4939-b650-f07a295f70a1 eeeabfc5fcd3467a87e071261a0a7279 122a8f49f8354136b41365f7833d7eb1 - - default default] 10.0.0.154 "GET /v2.0/extensions/dns-integration-domain-keywords HTTP/1.1" status: 200 len: 477 time: 0.0052342
2026-06-13 23:57:27.942 10 INFO neutron.db.ovn_revision_numbers_db [None req-87efdebb-0592-45f0-b6f9-0dfbe514edad ffe9042a33aa4d02b4b0570c5608a184 dadf9082a04b4d8f99ec28f752e4f7d0 - - default default] Successfully bumped revision number for resource 7bd8e861-3052-42e7-8817-33c261ed8283 (type: security_group_rules) to 0
2026-06-13 23:57:27.947 9 INFO neutron.plugins.ml2.drivers.ovn.mech_driver.ovsdb.commands [None req-672a0582-121a-4b5c-8770-0f6208b840f1 - - - - - -] Schedule LRP lrp-d42f6dff-b8c4-4373-8ed4-e3fdf6194292 on gateway db0ea0d5-f39b-4daa-9691-6f0e7c20266c with priority 1
2026-06-13 23:57:27.953 9 INFO neutron.wsgi [None req-8e520fc0-1d42-4cf5-b4e5-5b9bf6b06897 eeeabfc5fcd3467a87e071261a0a7279 122a8f49f8354136b41365f7833d7eb1 - - default default] 10.0.0.154 "GET /v2.0/extensions/empty-string-filtering HTTP/1.1" status: 200 len: 413 time: 0.0088766
2026-06-13 23:57:27.958 9 INFO neutron.plugins.ml2.drivers.ovn.mech_driver.mech_driver [None req-994a81b5-3fe4-49cd-b805-57da2d353614 - - - - - -] OVN reports status up for port: d42f6dff-b8c4-4373-8ed4-e3fdf6194292
2026-06-13 23:57:27.964 10 INFO neutron.wsgi [None req-8ae7edce-a504-4f74-842d-dc6f2f6db245 eeeabfc5fcd3467a87e071261a0a7279 122a8f49f8354136b41365f7833d7eb1 - - default default] 10.0.0.154 "GET /v2.0/extensions/external-net HTTP/1.1" status: 200 len: 394 time: 0.0048065
2026-06-13 23:57:27.969 10 INFO neutron.db.ovn_revision_numbers_db [None req-87efdebb-0592-45f0-b6f9-0dfbe514edad ffe9042a33aa4d02b4b0570c5608a184 dadf9082a04b4d8f99ec28f752e4f7d0 - - default default] Successfully bumped revision number for resource ab938e32-aca4-45c5-8525-d60a69e1bc37 (type: security_group_rules) to 0
2026-06-13 23:57:27.976 10 INFO neutron.wsgi [None req-076c1378-ad66-4c2b-acf3-e45ee543a9b1 eeeabfc5fcd3467a87e071261a0a7279 122a8f49f8354136b41365f7833d7eb1 - - default default] 10.0.0.154 "GET /v2.0/extensions/extra_dhcp_opt HTTP/1.1" status: 200 len: 498 time: 0.0045338
2026-06-13 23:57:27.976 9 INFO neutron.plugins.ml2.drivers.ovn.mech_driver.ovsdb.ovsdb_monitor [None req-ab46c11e-e476-4e28-b476-30ebb8a685c9 - - - - - -] Router 8735db3f-653b-4b8f-aa12-6ab13d457290 is bound to host instance
2026-06-13 23:57:27.978 9 INFO neutron.plugins.ml2.plugin [None req-994a81b5-3fe4-49cd-b805-57da2d353614 - - - - - -] Attempt 1 to provision port d42f6dff-b8c4-4373-8ed4-e3fdf6194292
2026-06-13 23:57:27.983 10 INFO neutron.wsgi [None req-8b449264-549d-48d7-abb8-c797a40e1c0b eeeabfc5fcd3467a87e071261a0a7279 122a8f49f8354136b41365f7833d7eb1 - - default default] 10.0.0.154 "GET /v2.0/extensions/extraroute HTTP/1.1" status: 200 len: 375 time: 0.0039730
2026-06-13 23:57:27.992 10 INFO neutron.wsgi [None req-233aeb2e-2419-4791-a5a2-b7622cacfae2 eeeabfc5fcd3467a87e071261a0a7279 122a8f49f8354136b41365f7833d7eb1 - - default default] 10.0.0.154 "GET /v2.0/extensions/floating-ip-port-forwarding-detail HTTP/1.1" status: 200 len: 465 time: 0.0037191
2026-06-13 23:57:28.001 10 INFO neutron.wsgi [None req-03183f98-13e7-47c7-823b-7315fdae0637 eeeabfc5fcd3467a87e071261a0a7279 122a8f49f8354136b41365f7833d7eb1 - - default default] 10.0.0.154 "GET /v2.0/extensions/fip-port-details HTTP/1.1" status: 200 len: 406 time: 0.0057652
2026-06-13 23:57:28.010 9 INFO neutron.db.ovn_revision_numbers_db [None req-864e5ad8-2291-44ff-9196-e468f8559e10 ffe9042a33aa4d02b4b0570c5608a184 dadf9082a04b4d8f99ec28f752e4f7d0 - - default default] Successfully bumped revision number for resource d42f6dff-b8c4-4373-8ed4-e3fdf6194292 (type: router_ports) to 1
2026-06-13 23:57:28.010 10 INFO neutron.wsgi [None req-eca4c001-20df-4fce-b5ba-cad01a6d9f48 eeeabfc5fcd3467a87e071261a0a7279 122a8f49f8354136b41365f7833d7eb1 - - default default] 10.0.0.154 "GET /v2.0/extensions/flavors HTTP/1.1" status: 200 len: 387 time: 0.0055943
2026-06-13 23:57:28.011 10 INFO neutron.db.ovn_revision_numbers_db [None req-87efdebb-0592-45f0-b6f9-0dfbe514edad ffe9042a33aa4d02b4b0570c5608a184 dadf9082a04b4d8f99ec28f752e4f7d0 - - default default] Successfully bumped revision number for resource e3a24bc7-c48e-47ba-8cd7-dd3ab804f74f (type: security_group_rules) to 0
2026-06-13 23:57:28.021 10 INFO neutron.wsgi [None req-a17ae02a-af52-4062-920a-38451fb72fad eeeabfc5fcd3467a87e071261a0a7279 122a8f49f8354136b41365f7833d7eb1 - - default default] 10.0.0.154 "GET /v2.0/extensions/floatingip-pools HTTP/1.1" status: 200 len: 382 time: 0.0051405
2026-06-13 23:57:28.038 10 INFO neutron.wsgi [None req-9d0218fd-d8b0-441d-8d7e-680feb155ce1 eeeabfc5fcd3467a87e071261a0a7279 122a8f49f8354136b41365f7833d7eb1 - - default default] 10.0.0.154 "GET /v2.0/extensions/ip_allocation HTTP/1.1" status: 200 len: 356 time: 0.0097091
2026-06-13 23:57:28.052 10 INFO neutron.wsgi [None req-92c1d361-0392-45b5-85ad-30f798773de0 eeeabfc5fcd3467a87e071261a0a7279 122a8f49f8354136b41365f7833d7eb1 - - default default] 10.0.0.154 "GET /v2.0/extensions/l2_adjacency HTTP/1.1" status: 200 len: 372 time: 0.0079911
2026-06-13 23:57:28.058 10 INFO neutron.wsgi [None req-87efdebb-0592-45f0-b6f9-0dfbe514edad ffe9042a33aa4d02b4b0570c5608a184 dadf9082a04b4d8f99ec28f752e4f7d0 - - default default] 10.0.0.154 "GET /v2.0/security-groups?tenant_id=0b358737cef3476c92a641bdd5068a85&name=default HTTP/1.1" status: 200 len: 3120 time: 0.3547106
2026-06-13 23:57:28.066 9 INFO neutron.wsgi [None req-fc25610b-e175-4848-89a1-9d7f0ef1a67b eeeabfc5fcd3467a87e071261a0a7279 122a8f49f8354136b41365f7833d7eb1 - - default default] 10.0.0.154 "GET /v2.0/extensions/router HTTP/1.1" status: 200 len: 450 time: 0.0085690
2026-06-13 23:57:28.074 10 INFO neutron.wsgi [None req-db98b7a0-6c20-4bb5-988b-5ebf7c429a7f eeeabfc5fcd3467a87e071261a0a7279 122a8f49f8354136b41365f7833d7eb1 - - default default] 10.0.0.154 "GET /v2.0/extensions/enable-default-route-bfd HTTP/1.1" status: 200 len: 406 time: 0.0033855
2026-06-13 23:57:28.081 10 INFO neutron.wsgi [None req-0c65fef5-4c7c-4c02-acb3-232d9763edd2 eeeabfc5fcd3467a87e071261a0a7279 122a8f49f8354136b41365f7833d7eb1 - - default default] 10.0.0.154 "GET /v2.0/extensions/enable-default-route-ecmp HTTP/1.1" status: 200 len: 409 time: 0.0034890
2026-06-13 23:57:28.087 10 INFO neutron.wsgi [None req-60263c22-5fcc-47f3-8388-8ced6cba5cf0 eeeabfc5fcd3467a87e071261a0a7279 122a8f49f8354136b41365f7833d7eb1 - - default default] 10.0.0.154 "GET /v2.0/extensions/ext-gw-mode HTTP/1.1" status: 200 len: 462 time: 0.0033596
2026-06-13 23:57:28.095 9 INFO neutron.wsgi [None req-f88cbbe8-ed75-48f8-868d-53cbc37672e2 eeeabfc5fcd3467a87e071261a0a7279 122a8f49f8354136b41365f7833d7eb1 - - default default] 10.0.0.154 "GET /v2.0/extensions/l3-ha HTTP/1.1" status: 200 len: 360 time: 0.0037892
2026-06-13 23:57:28.105 10 INFO neutron.wsgi [None req-703de61e-7719-40bf-8bf4-ebdb0ef2cf49 eeeabfc5fcd3467a87e071261a0a7279 122a8f49f8354136b41365f7833d7eb1 - - default default] 10.0.0.154 "GET /v2.0/extensions/external-gateway-multihoming HTTP/1.1" status: 200 len: 421 time: 0.0053511
2026-06-13 23:57:28.115 10 INFO neutron.wsgi [None req-7707ecdb-914f-465d-aa35-4cd0294f7756 eeeabfc5fcd3467a87e071261a0a7279 122a8f49f8354136b41365f7833d7eb1 - - default default] 10.0.0.154 "GET /v2.0/extensions/l3-flavors HTTP/1.1" status: 200 len: 366 time: 0.0048425
2026-06-13 23:57:28.124 10 INFO neutron.wsgi [None req-92e0e9ea-1b62-4013-8494-30cfa5f4b37c eeeabfc5fcd3467a87e071261a0a7279 122a8f49f8354136b41365f7833d7eb1 - - default default] 10.0.0.154 "GET /v2.0/extensions/logging HTTP/1.1" status: 200 len: 407 time: 0.0041411
2026-06-13 23:57:28.129 9 INFO neutron.wsgi [None req-1b321f71-734c-4564-96b4-ef2fe8ec064a ffe9042a33aa4d02b4b0570c5608a184 dadf9082a04b4d8f99ec28f752e4f7d0 - - default default] 10.0.0.154 "GET /v2.0/security-groups?tenant_id=66567b239eea44a8ad124d0bb8dd3c8e&name=default HTTP/1.1" status: 200 len: 3120 time: 0.0943558
2026-06-13 23:57:28.131 10 INFO neutron.wsgi [None req-929b9b18-51f5-417b-9efe-87cb2b5591e8 eeeabfc5fcd3467a87e071261a0a7279 122a8f49f8354136b41365f7833d7eb1 - - default default] 10.0.0.154 "GET /v2.0/extensions/multi-provider HTTP/1.1" status: 200 len: 406 time: 0.0040002
2026-06-13 23:57:28.144 10 INFO neutron.wsgi [None req-b4b369ca-87f4-43e6-9ef8-8724d397af20 eeeabfc5fcd3467a87e071261a0a7279 122a8f49f8354136b41365f7833d7eb1 - - default default] 10.0.0.154 "GET /v2.0/extensions/net-mtu HTTP/1.1" status: 200 len: 370 time: 0.0083153
2026-06-13 23:57:28.154 9 INFO neutron.db.ovn_revision_numbers_db [None req-864e5ad8-2291-44ff-9196-e468f8559e10 ffe9042a33aa4d02b4b0570c5608a184 dadf9082a04b4d8f99ec28f752e4f7d0 - - default default] Successfully bumped revision number for resource 8735db3f-653b-4b8f-aa12-6ab13d457290 (type: routers) to 2
2026-06-13 23:57:28.158 10 INFO neutron.wsgi [None req-9ed7260a-5a81-41eb-9838-57d903ddf826 eeeabfc5fcd3467a87e071261a0a7279 122a8f49f8354136b41365f7833d7eb1 - - default default] 10.0.0.154 "GET /v2.0/extensions/net-mtu-writable HTTP/1.1" status: 200 len: 401 time: 0.0070212
2026-06-13 23:57:28.169 9 INFO neutron.wsgi [None req-64025d05-c492-4ed3-b6b0-b1afe2487815 eeeabfc5fcd3467a87e071261a0a7279 122a8f49f8354136b41365f7833d7eb1 - - default default] 10.0.0.154 "GET /v2.0/extensions/network_availability_zone HTTP/1.1" status: 200 len: 394 time: 0.0040276
2026-06-13 23:57:28.173 9 INFO neutron.wsgi [None req-864e5ad8-2291-44ff-9196-e468f8559e10 ffe9042a33aa4d02b4b0570c5608a184 dadf9082a04b4d8f99ec28f752e4f7d0 - - default default] 10.0.0.154 "POST /v2.0/routers HTTP/1.1" status: 201 len: 1167 time: 2.0101085
2026-06-13 23:57:28.179 10 INFO neutron.wsgi [None req-baeb3e17-6f69-469f-8727-b6fae0814bf2 eeeabfc5fcd3467a87e071261a0a7279 122a8f49f8354136b41365f7833d7eb1 - - default default] 10.0.0.154 "GET /v2.0/extensions/network-ip-availability HTTP/1.1" status: 200 len: 410 time: 0.0041873
2026-06-13 23:57:28.190 10 INFO neutron.wsgi [None req-5ce9e57a-daf5-4b28-8a39-98c7fd997034 eeeabfc5fcd3467a87e071261a0a7279 122a8f49f8354136b41365f7833d7eb1 - - default default] 10.0.0.154 "GET /v2.0/extensions/pagination HTTP/1.1" status: 200 len: 386 time: 0.0059698
2026-06-13 23:57:28.203 10 INFO neutron.wsgi [None req-a56819e4-8d2c-491c-9189-bcb4625c70a6 eeeabfc5fcd3467a87e071261a0a7279 122a8f49f8354136b41365f7833d7eb1 - - default default] 10.0.0.154 "GET /v2.0/extensions/port-device-profile HTTP/1.1" status: 200 len: 383 time: 0.0070839
2026-06-13 23:57:28.218 9 INFO neutron.wsgi [None req-20ae66a2-3dc5-4222-89de-7d726b939521 eeeabfc5fcd3467a87e071261a0a7279 122a8f49f8354136b41365f7833d7eb1 - - default default] 10.0.0.154 "GET /v2.0/extensions/port-mac-address-regenerate HTTP/1.1" status: 200 len: 403 time: 0.0113156
2026-06-13 23:57:28.229 9 INFO neutron.wsgi [None req-b90e75ad-5786-4150-9a37-e8db63f4f013 eeeabfc5fcd3467a87e071261a0a7279 122a8f49f8354136b41365f7833d7eb1 - - default default] 10.0.0.154 "GET /v2.0/extensions/port-numa-affinity-policy HTTP/1.1" status: 200 len: 392 time: 0.0059569
2026-06-13 23:57:28.241 10 INFO neutron.wsgi [None req-424e2cb8-d2ca-492a-96a2-5c80badc6516 eeeabfc5fcd3467a87e071261a0a7279 122a8f49f8354136b41365f7833d7eb1 - - default default] 10.0.0.154 "GET /v2.0/extensions/port-resource-request HTTP/1.1" status: 200 len: 379 time: 0.0065162
2026-06-13 23:57:28.243 9 INFO neutron.wsgi [-] 10.0.0.111 "GET / HTTP/1.1" status: 200 len: 246 time: 0.0012903
2026-06-13 23:57:28.244 9 INFO neutron.wsgi [-] 10.0.0.111 "GET / HTTP/1.1" status: 200 len: 246 time: 0.0008769
2026-06-13 23:57:28.253 10 INFO neutron.wsgi [None req-2583a82c-a7c6-4c82-87a5-ba627f3f2713 eeeabfc5fcd3467a87e071261a0a7279 122a8f49f8354136b41365f7833d7eb1 - - default default] 10.0.0.154 "GET /v2.0/extensions/port-resource-request-groups HTTP/1.1" status: 200 len: 465 time: 0.0068190
2026-06-13 23:57:28.267 9 INFO neutron.wsgi [None req-7913050b-6da0-44eb-9b25-07e21d9d0223 eeeabfc5fcd3467a87e071261a0a7279 122a8f49f8354136b41365f7833d7eb1 - - default default] 10.0.0.154 "GET /v2.0/extensions/binding HTTP/1.1" status: 200 len: 387 time: 0.0092831
