2026-06-13 23:36:13.244 9 INFO neutron.wsgi [-] 10.0.0.111 "GET / HTTP/1.1" status: 200 len: 246 time: 0.0025480
2026-06-13 23:36:28.244 10 INFO neutron.wsgi [-] 10.0.0.111 "GET / HTTP/1.1" status: 200 len: 246 time: 0.0031056
2026-06-13 23:36:28.244 9 INFO neutron.wsgi [-] 10.0.0.111 "GET / HTTP/1.1" status: 200 len: 246 time: 0.0035405
2026-06-13 23:36:43.242 9 INFO neutron.wsgi [-] 10.0.0.111 "GET / HTTP/1.1" status: 200 len: 246 time: 0.0024731
2026-06-13 23:36:43.243 10 INFO neutron.wsgi [-] 10.0.0.111 "GET / HTTP/1.1" status: 200 len: 246 time: 0.0027237
2026-06-13 23:36:58.242 10 INFO neutron.wsgi [-] 10.0.0.111 "GET / HTTP/1.1" status: 200 len: 246 time: 0.0027466
2026-06-13 23:36:58.243 9 INFO neutron.wsgi [-] 10.0.0.111 "GET / HTTP/1.1" status: 200 len: 246 time: 0.0030296
2026-06-13 23:37:13.242 9 INFO neutron.wsgi [-] 10.0.0.111 "GET / HTTP/1.1" status: 200 len: 246 time: 0.0025709
2026-06-13 23:37:13.246 10 INFO neutron.wsgi [-] 10.0.0.111 "GET / HTTP/1.1" status: 200 len: 246 time: 0.0061686
2026-06-13 23:37:28.241 10 INFO neutron.wsgi [-] 10.0.0.111 "GET / HTTP/1.1" status: 200 len: 246 time: 0.0015950
2026-06-13 23:37:28.242 9 INFO neutron.wsgi [-] 10.0.0.111 "GET / HTTP/1.1" status: 200 len: 246 time: 0.0024359
2026-06-13 23:37:43.243 10 INFO neutron.wsgi [-] 10.0.0.111 "GET / HTTP/1.1" status: 200 len: 246 time: 0.0030062
2026-06-13 23:37:43.245 9 INFO neutron.wsgi [-] 10.0.0.111 "GET / HTTP/1.1" status: 200 len: 246 time: 0.0051322
2026-06-13 23:37:58.242 9 INFO neutron.wsgi [-] 10.0.0.111 "GET / HTTP/1.1" status: 200 len: 246 time: 0.0024838
2026-06-13 23:37:58.246 9 INFO neutron.wsgi [-] 10.0.0.111 "GET / HTTP/1.1" status: 200 len: 246 time: 0.0022118
2026-06-13 23:38:13.243 9 INFO neutron.wsgi [-] 10.0.0.111 "GET / HTTP/1.1" status: 200 len: 246 time: 0.0032747
2026-06-13 23:38:13.244 10 INFO neutron.wsgi [-] 10.0.0.111 "GET / HTTP/1.1" status: 200 len: 246 time: 0.0036025
2026-06-13 23:38:28.243 9 INFO neutron.wsgi [-] 10.0.0.111 "GET / HTTP/1.1" status: 200 len: 246 time: 0.0022545
2026-06-13 23:38:28.246 9 INFO neutron.wsgi [-] 10.0.0.111 "GET / HTTP/1.1" status: 200 len: 246 time: 0.0018513
2026-06-13 23:38:43.242 10 INFO neutron.wsgi [-] 10.0.0.111 "GET / HTTP/1.1" status: 200 len: 246 time: 0.0026519
2026-06-13 23:38:43.243 9 INFO neutron.wsgi [-] 10.0.0.111 "GET / HTTP/1.1" status: 200 len: 246 time: 0.0031281
2026-06-13 23:38:48.330 10 INFO neutron.api.v2.resource [None req-4b6e8dd4-827e-4ac1-93e3-5de5d60aed07 ffe9042a33aa4d02b4b0570c5608a184 dadf9082a04b4d8f99ec28f752e4f7d0 - - default default] show failed (client error): The resource could not be found.
2026-06-13 23:38:48.331 10 INFO neutron.wsgi [None req-4b6e8dd4-827e-4ac1-93e3-5de5d60aed07 ffe9042a33aa4d02b4b0570c5608a184 dadf9082a04b4d8f99ec28f752e4f7d0 - - default default] 199.204.45.65,10.0.0.111 "GET /v2.0/security-groups/manila-service-security-group?project_id=28075bb2ca0d4cec8c9fcc8064ae0a7b HTTP/1.1" status: 404 len: 321 time: 0.1405261
2026-06-13 23:38:48.494 10 INFO neutron.db.ovn_revision_numbers_db [None req-8681e87c-2f11-4c81-8295-d9f7a9bbe45b ffe9042a33aa4d02b4b0570c5608a184 dadf9082a04b4d8f99ec28f752e4f7d0 - - default default] Successfully bumped revision number for resource 908f54d4-db81-4bf0-bbc9-a742eb0f31ac (type: security_groups) to 1
2026-06-13 23:38:48.512 10 INFO neutron.db.ovn_revision_numbers_db [None req-8681e87c-2f11-4c81-8295-d9f7a9bbe45b ffe9042a33aa4d02b4b0570c5608a184 dadf9082a04b4d8f99ec28f752e4f7d0 - - default default] Successfully bumped revision number for resource 36d6daf3-7ac6-484a-89f5-4d3ffacb7c63 (type: security_group_rules) to 0
2026-06-13 23:38:48.527 10 INFO neutron.db.ovn_revision_numbers_db [None req-8681e87c-2f11-4c81-8295-d9f7a9bbe45b ffe9042a33aa4d02b4b0570c5608a184 dadf9082a04b4d8f99ec28f752e4f7d0 - - default default] Successfully bumped revision number for resource 43b0bbb7-b434-47a1-bc46-8b693fd5ae6c (type: security_group_rules) to 0
2026-06-13 23:38:48.541 10 INFO neutron.db.ovn_revision_numbers_db [None req-8681e87c-2f11-4c81-8295-d9f7a9bbe45b ffe9042a33aa4d02b4b0570c5608a184 dadf9082a04b4d8f99ec28f752e4f7d0 - - default default] Successfully bumped revision number for resource 65f52099-33fc-4b57-80de-e6a1c84e919d (type: security_group_rules) to 0
2026-06-13 23:38:48.552 10 INFO neutron.db.ovn_revision_numbers_db [None req-8681e87c-2f11-4c81-8295-d9f7a9bbe45b ffe9042a33aa4d02b4b0570c5608a184 dadf9082a04b4d8f99ec28f752e4f7d0 - - default default] Successfully bumped revision number for resource bae31f26-c800-4ade-bbf9-39ce26f29aae (type: security_group_rules) to 0
2026-06-13 23:38:48.565 10 INFO neutron.wsgi [None req-8681e87c-2f11-4c81-8295-d9f7a9bbe45b ffe9042a33aa4d02b4b0570c5608a184 dadf9082a04b4d8f99ec28f752e4f7d0 - - default default] 199.204.45.65,10.0.0.111 "GET /v2.0/security-groups?name=manila-service-security-group&project_id=28075bb2ca0d4cec8c9fcc8064ae0a7b HTTP/1.1" status: 200 len: 197 time: 0.2304940
2026-06-13 23:38:48.769 10 INFO neutron.db.ovn_revision_numbers_db [None req-8913c3d7-af09-4e15-973c-9d73cbc549ec ffe9042a33aa4d02b4b0570c5608a184 dadf9082a04b4d8f99ec28f752e4f7d0 - - default default] Successfully bumped revision number for resource 8f95e994-ecde-4dfc-9dfd-6c54e5aa156d (type: security_groups) to 1
2026-06-13 23:38:48.783 10 INFO neutron.db.ovn_revision_numbers_db [None req-8913c3d7-af09-4e15-973c-9d73cbc549ec ffe9042a33aa4d02b4b0570c5608a184 dadf9082a04b4d8f99ec28f752e4f7d0 - - default default] Successfully bumped revision number for resource 0c56a02d-59e4-430d-b96d-d4c71e075b17 (type: security_group_rules) to 0
2026-06-13 23:38:48.795 10 INFO neutron.db.ovn_revision_numbers_db [None req-8913c3d7-af09-4e15-973c-9d73cbc549ec ffe9042a33aa4d02b4b0570c5608a184 dadf9082a04b4d8f99ec28f752e4f7d0 - - default default] Successfully bumped revision number for resource 2beb2be0-66be-44a2-a28b-d2774741e9b6 (type: security_group_rules) to 0
2026-06-13 23:38:48.813 10 INFO neutron.wsgi [None req-8913c3d7-af09-4e15-973c-9d73cbc549ec ffe9042a33aa4d02b4b0570c5608a184 dadf9082a04b4d8f99ec28f752e4f7d0 - - default default] 199.204.45.65,10.0.0.111 "POST /v2.0/security-groups HTTP/1.1" status: 201 len: 1805 time: 0.1763432 /var/lib/openstack/lib/python3.10/site-packages/pycadf/identifier.py:71: UserWarning: Invalid uuid: unknown. To ensure interoperability, identifiers should be a valid uuid. warnings.warn(('Invalid uuid: %s. To ensure interoperability, '
2026-06-13 23:38:49.844 9 INFO neutron.wsgi [None req-8c0241cf-91c7-47d4-8705-d07726d59879 ffe9042a33aa4d02b4b0570c5608a184 dadf9082a04b4d8f99ec28f752e4f7d0 - - default default] 199.204.45.65,10.0.0.111 "GET /v2.0/security-groups/8f95e994-ecde-4dfc-9dfd-6c54e5aa156d?project_id=28075bb2ca0d4cec8c9fcc8064ae0a7b HTTP/1.1" status: 200 len: 1800 time: 0.0663812
2026-06-13 23:38:49.874 9 INFO neutron.wsgi [None req-cf4c6b90-1251-4337-866d-ed26bad44164 ffe9042a33aa4d02b4b0570c5608a184 dadf9082a04b4d8f99ec28f752e4f7d0 - - default default] 199.204.45.65,10.0.0.111 "GET /v2.0/security-groups/8f95e994-ecde-4dfc-9dfd-6c54e5aa156d HTTP/1.1" status: 200 len: 1800 time: 0.0227025
2026-06-13 23:38:49.982 9 INFO neutron.wsgi [None req-1e25e960-c78c-4473-97b2-900842d8f63c ffe9042a33aa4d02b4b0570c5608a184 dadf9082a04b4d8f99ec28f752e4f7d0 - - default default] 199.204.45.65,10.0.0.111 "GET /v2.0/security-groups/8f95e994-ecde-4dfc-9dfd-6c54e5aa156d?project_id=28075bb2ca0d4cec8c9fcc8064ae0a7b HTTP/1.1" status: 200 len: 1800 time: 0.0358691
2026-06-13 23:38:50.105 9 INFO neutron.db.ovn_revision_numbers_db [None req-6a7ebade-55c0-460c-ad37-8b0069b00240 ffe9042a33aa4d02b4b0570c5608a184 dadf9082a04b4d8f99ec28f752e4f7d0 - - default default] Successfully bumped revision number for resource 2ed11657-e807-469e-96c8-fa4f1ba43464 (type: security_group_rules) to 0
2026-06-13 23:38:50.133 9 INFO neutron.wsgi [None req-6a7ebade-55c0-460c-ad37-8b0069b00240 ffe9042a33aa4d02b4b0570c5608a184 dadf9082a04b4d8f99ec28f752e4f7d0 - - default default] 199.204.45.65,10.0.0.111 "POST /v2.0/security-group-rules HTTP/1.1" status: 201 len: 777 time: 0.1421835
2026-06-13 23:38:51.055 10 INFO neutron.wsgi [None req-b22db0f2-f834-4050-a083-cd5dae2ebd05 ffe9042a33aa4d02b4b0570c5608a184 dadf9082a04b4d8f99ec28f752e4f7d0 - - default default] 199.204.45.65,10.0.0.111 "GET /v2.0/security-groups/8f95e994-ecde-4dfc-9dfd-6c54e5aa156d?project_id=28075bb2ca0d4cec8c9fcc8064ae0a7b HTTP/1.1" status: 200 len: 2410 time: 0.0586686
2026-06-13 23:38:51.085 10 INFO neutron.wsgi [None req-64031688-2326-41a8-86b3-02dd57d6b7dd ffe9042a33aa4d02b4b0570c5608a184 dadf9082a04b4d8f99ec28f752e4f7d0 - - default default] 199.204.45.65,10.0.0.111 "GET /v2.0/security-groups/8f95e994-ecde-4dfc-9dfd-6c54e5aa156d HTTP/1.1" status: 200 len: 2410 time: 0.0227387
2026-06-13 23:38:51.184 10 INFO neutron.wsgi [None req-2ca9a96f-b22f-408b-a33d-9589fd056eb9 ffe9042a33aa4d02b4b0570c5608a184 dadf9082a04b4d8f99ec28f752e4f7d0 - - default default] 199.204.45.65,10.0.0.111 "GET /v2.0/security-groups/8f95e994-ecde-4dfc-9dfd-6c54e5aa156d?project_id=28075bb2ca0d4cec8c9fcc8064ae0a7b HTTP/1.1" status: 200 len: 2410 time: 0.0307949
2026-06-13 23:38:51.300 10 INFO neutron.db.ovn_revision_numbers_db [None req-6772584a-331e-41b3-9ff7-5502717777f7 ffe9042a33aa4d02b4b0570c5608a184 dadf9082a04b4d8f99ec28f752e4f7d0 - - default default] Successfully bumped revision number for resource 1fe58d90-5894-4ffc-ac9d-08b5343dce86 (type: security_group_rules) to 0
2026-06-13 23:38:51.329 10 INFO neutron.wsgi [None req-6772584a-331e-41b3-9ff7-5502717777f7 ffe9042a33aa4d02b4b0570c5608a184 dadf9082a04b4d8f99ec28f752e4f7d0 - - default default] 199.204.45.65,10.0.0.111 "POST /v2.0/security-group-rules HTTP/1.1" status: 201 len: 779 time: 0.1352713
2026-06-13 23:38:52.282 9 INFO neutron.wsgi [None req-cfbbc697-543a-4ef8-a1a0-cbf949c4bf03 ffe9042a33aa4d02b4b0570c5608a184 dadf9082a04b4d8f99ec28f752e4f7d0 - - default default] 199.204.45.65,10.0.0.111 "GET /v2.0/security-groups/8f95e994-ecde-4dfc-9dfd-6c54e5aa156d?project_id=28075bb2ca0d4cec8c9fcc8064ae0a7b HTTP/1.1" status: 200 len: 3022 time: 0.0533502
2026-06-13 23:38:52.315 9 INFO neutron.wsgi [None req-5b26957e-6977-4048-8435-a5cd4361d783 ffe9042a33aa4d02b4b0570c5608a184 dadf9082a04b4d8f99ec28f752e4f7d0 - - default default] 199.204.45.65,10.0.0.111 "GET /v2.0/security-groups/8f95e994-ecde-4dfc-9dfd-6c54e5aa156d HTTP/1.1" status: 200 len: 3022 time: 0.0265734
2026-06-13 23:38:52.420 9 INFO neutron.wsgi [None req-48ad4bdf-49a2-47ce-8952-12290fdd9e8e ffe9042a33aa4d02b4b0570c5608a184 dadf9082a04b4d8f99ec28f752e4f7d0 - - default default] 199.204.45.65,10.0.0.111 "GET /v2.0/security-groups/8f95e994-ecde-4dfc-9dfd-6c54e5aa156d?project_id=28075bb2ca0d4cec8c9fcc8064ae0a7b HTTP/1.1" status: 200 len: 3022 time: 0.0399356
2026-06-13 23:38:52.574 9 INFO neutron.db.ovn_revision_numbers_db [None req-ce0c7111-6898-443c-a30f-b327ba215134 ffe9042a33aa4d02b4b0570c5608a184 dadf9082a04b4d8f99ec28f752e4f7d0 - - default default] Successfully bumped revision number for resource 0c92dcd0-d597-44ed-8a6b-3df307cefd30 (type: security_group_rules) to 0
2026-06-13 23:38:52.597 9 INFO neutron.wsgi [None req-ce0c7111-6898-443c-a30f-b327ba215134 ffe9042a33aa4d02b4b0570c5608a184 dadf9082a04b4d8f99ec28f752e4f7d0 - - default default] 199.204.45.65,10.0.0.111 "POST /v2.0/security-group-rules HTTP/1.1" status: 201 len: 781 time: 0.1710429
2026-06-13 23:38:53.595 10 INFO neutron.wsgi [None req-ac7c9c0b-2de2-48a9-8010-3a8cf7b46c2e ffe9042a33aa4d02b4b0570c5608a184 dadf9082a04b4d8f99ec28f752e4f7d0 - - default default] 199.204.45.65,10.0.0.111 "GET /v2.0/security-groups/8f95e994-ecde-4dfc-9dfd-6c54e5aa156d?project_id=28075bb2ca0d4cec8c9fcc8064ae0a7b HTTP/1.1" status: 200 len: 3636 time: 0.0651712
2026-06-13 23:38:53.631 10 INFO neutron.wsgi [None req-6cf69649-aa8b-4616-b54a-635e74a72010 ffe9042a33aa4d02b4b0570c5608a184 dadf9082a04b4d8f99ec28f752e4f7d0 - - default default] 199.204.45.65,10.0.0.111 "GET /v2.0/security-groups/8f95e994-ecde-4dfc-9dfd-6c54e5aa156d HTTP/1.1" status: 200 len: 3636 time: 0.0301487
2026-06-13 23:38:53.731 10 INFO neutron.wsgi [None req-31af1b49-a131-4a3c-a20e-37450984578d ffe9042a33aa4d02b4b0570c5608a184 dadf9082a04b4d8f99ec28f752e4f7d0 - - default default] 199.204.45.65,10.0.0.111 "GET /v2.0/security-groups/8f95e994-ecde-4dfc-9dfd-6c54e5aa156d?project_id=28075bb2ca0d4cec8c9fcc8064ae0a7b HTTP/1.1" status: 200 len: 3636 time: 0.0327847
2026-06-13 23:38:53.861 10 INFO neutron.db.ovn_revision_numbers_db [None req-11c04ad8-0599-42f9-8879-0f0be65aa34e ffe9042a33aa4d02b4b0570c5608a184 dadf9082a04b4d8f99ec28f752e4f7d0 - - default default] Successfully bumped revision number for resource f8424f90-9440-4934-b57d-f74e0d4605e7 (type: security_group_rules) to 0
2026-06-13 23:38:53.884 10 INFO neutron.wsgi [None req-11c04ad8-0599-42f9-8879-0f0be65aa34e ffe9042a33aa4d02b4b0570c5608a184 dadf9082a04b4d8f99ec28f752e4f7d0 - - default default] 199.204.45.65,10.0.0.111 "POST /v2.0/security-group-rules HTTP/1.1" status: 201 len: 782 time: 0.1474831
2026-06-13 23:38:58.243 9 INFO neutron.wsgi [-] 10.0.0.111 "GET / HTTP/1.1" status: 200 len: 246 time: 0.0021727
2026-06-13 23:38:58.243 10 INFO neutron.wsgi [-] 10.0.0.111 "GET / HTTP/1.1" status: 200 len: 246 time: 0.0016038
2026-06-13 23:39:13.245 9 INFO neutron.wsgi [-] 10.0.0.111 "GET / HTTP/1.1" status: 200 len: 246 time: 0.0027261
2026-06-13 23:39:13.249 9 INFO neutron.wsgi [-] 10.0.0.111 "GET / HTTP/1.1" status: 200 len: 246 time: 0.0028543
2026-06-13 23:39:28.242 10 INFO neutron.wsgi [-] 10.0.0.111 "GET / HTTP/1.1" status: 200 len: 246 time: 0.0026972
2026-06-13 23:39:28.242 9 INFO neutron.wsgi [-] 10.0.0.111 "GET / HTTP/1.1" status: 200 len: 246 time: 0.0027506
2026-06-13 23:39:43.241 10 INFO neutron.wsgi [-] 10.0.0.111 "GET / HTTP/1.1" status: 200 len: 246 time: 0.0018153
2026-06-13 23:39:43.242 10 INFO neutron.wsgi [-] 10.0.0.111 "GET / HTTP/1.1" status: 200 len: 246 time: 0.0009255
2026-06-13 23:39:58.241 10 INFO neutron.wsgi [-] 10.0.0.111 "GET / HTTP/1.1" status: 200 len: 246 time: 0.0017774
2026-06-13 23:39:58.242 9 INFO neutron.wsgi [-] 10.0.0.111 "GET / HTTP/1.1" status: 200 len: 246 time: 0.0025682
2026-06-13 23:40:13.242 10 INFO neutron.wsgi [-] 10.0.0.111 "GET / HTTP/1.1" status: 200 len: 246 time: 0.0016413
2026-06-13 23:40:13.244 9 INFO neutron.wsgi [-] 10.0.0.111 "GET / HTTP/1.1" status: 200 len: 246 time: 0.0033016
2026-06-13 23:40:28.243 9 INFO neutron.wsgi [-] 10.0.0.111 "GET / HTTP/1.1" status: 200 len: 246 time: 0.0026708
2026-06-13 23:40:28.244 10 INFO neutron.wsgi [-] 10.0.0.111 "GET / HTTP/1.1" status: 200 len: 246 time: 0.0036767
2026-06-13 23:40:43.243 10 INFO neutron.wsgi [-] 10.0.0.111 "GET / HTTP/1.1" status: 200 len: 246 time: 0.0023265
2026-06-13 23:40:43.246 10 INFO neutron.wsgi [-] 10.0.0.111 "GET / HTTP/1.1" status: 200 len: 246 time: 0.0018156
2026-06-13 23:40:58.243 10 INFO neutron.wsgi [-] 10.0.0.111 "GET / HTTP/1.1" status: 200 len: 246 time: 0.0027213
2026-06-13 23:40:58.243 9 INFO neutron.wsgi [-] 10.0.0.111 "GET / HTTP/1.1" status: 200 len: 246 time: 0.0032628
2026-06-13 23:41:00.124 10 INFO neutron.wsgi [None req-beba3a88-b6e1-44b9-8bd3-e340865fb41e 036e3e8a6ba3468fb04eeb244756f3c3 28075bb2ca0d4cec8c9fcc8064ae0a7b - - 9ef2e5948c5541d992dd4c03bcbf193e 9ef2e5948c5541d992dd4c03bcbf193e] 199.204.45.65 "GET /v2.0/networks?tenant_id=28075bb2ca0d4cec8c9fcc8064ae0a7b&shared=False HTTP/1.1" status: 200 len: 213 time: 0.1457629
2026-06-13 23:41:00.216 10 INFO neutron.db.segments_db [None req-c2fe30a1-0c4e-44a8-a680-79e80014e1c6 036e3e8a6ba3468fb04eeb244756f3c3 28075bb2ca0d4cec8c9fcc8064ae0a7b - - 9ef2e5948c5541d992dd4c03bcbf193e 9ef2e5948c5541d992dd4c03bcbf193e] Added segment 3c4ccd21-459d-41ce-afe1-e53e2063445a of type geneve for network 1edf0a9b-6b2a-449d-91ff-e96b5282783a
2026-06-13 23:41:00.358 10 INFO neutron.db.ovn_revision_numbers_db [None req-c2fe30a1-0c4e-44a8-a680-79e80014e1c6 036e3e8a6ba3468fb04eeb244756f3c3 28075bb2ca0d4cec8c9fcc8064ae0a7b - - 9ef2e5948c5541d992dd4c03bcbf193e 9ef2e5948c5541d992dd4c03bcbf193e] Successfully bumped revision number for resource 1edf0a9b-6b2a-449d-91ff-e96b5282783a (type: networks) to 1
2026-06-13 23:41:00.568 10 WARNING neutron.scheduler.dhcp_agent_scheduler [None req-c2fe30a1-0c4e-44a8-a680-79e80014e1c6 036e3e8a6ba3468fb04eeb244756f3c3 28075bb2ca0d4cec8c9fcc8064ae0a7b - - 9ef2e5948c5541d992dd4c03bcbf193e 9ef2e5948c5541d992dd4c03bcbf193e] No more DHCP agents
2026-06-13 23:41:00.570 10 WARNING neutron.api.rpc.agentnotifiers.dhcp_rpc_agent_api [None req-c2fe30a1-0c4e-44a8-a680-79e80014e1c6 036e3e8a6ba3468fb04eeb244756f3c3 28075bb2ca0d4cec8c9fcc8064ae0a7b - - 9ef2e5948c5541d992dd4c03bcbf193e 9ef2e5948c5541d992dd4c03bcbf193e] Unable to schedule network 1edf0a9b-6b2a-449d-91ff-e96b5282783a: no agents available; will retry on subsequent port and subnet creation events.
2026-06-13 23:41:00.638 10 INFO neutron.db.ovn_revision_numbers_db [None req-c2fe30a1-0c4e-44a8-a680-79e80014e1c6 036e3e8a6ba3468fb04eeb244756f3c3 28075bb2ca0d4cec8c9fcc8064ae0a7b - - 9ef2e5948c5541d992dd4c03bcbf193e 9ef2e5948c5541d992dd4c03bcbf193e] Successfully bumped revision number for resource a5544024-8c79-4a53-be10-efd4e8a14289 (type: ports) to 1
2026-06-13 23:41:00.652 10 INFO neutron.wsgi [None req-c2fe30a1-0c4e-44a8-a680-79e80014e1c6 036e3e8a6ba3468fb04eeb244756f3c3 28075bb2ca0d4cec8c9fcc8064ae0a7b - - 9ef2e5948c5541d992dd4c03bcbf193e 9ef2e5948c5541d992dd4c03bcbf193e] 199.204.45.65 "POST /v2.0/networks HTTP/1.1" status: 201 len: 925 time: 0.5205209
2026-06-13 23:41:00.683 10 INFO neutron.wsgi [None req-78d51e8c-e6c9-46c1-9ceb-cd0ca31b1d90 036e3e8a6ba3468fb04eeb244756f3c3 28075bb2ca0d4cec8c9fcc8064ae0a7b - - 9ef2e5948c5541d992dd4c03bcbf193e 9ef2e5948c5541d992dd4c03bcbf193e] 199.204.45.65 "GET /v2.0/ports?device_id=manila-share&binding%3Ahost_id=instance HTTP/1.1" status: 200 len: 210 time: 0.0229104
2026-06-13 23:41:00.696 10 INFO neutron.wsgi [None req-6ed3a2e4-be6c-499e-8db1-de2ef002468f 036e3e8a6ba3468fb04eeb244756f3c3 28075bb2ca0d4cec8c9fcc8064ae0a7b - - 9ef2e5948c5541d992dd4c03bcbf193e 9ef2e5948c5541d992dd4c03bcbf193e] 199.204.45.65 "GET /v2.0/extensions HTTP/1.1" status: 200 len: 18683 time: 0.0054317
2026-06-13 23:41:00.906 10 WARNING neutron.scheduler.dhcp_agent_scheduler [None req-fbf2248e-2dc2-4f9f-af5e-6d172cc425e6 036e3e8a6ba3468fb04eeb244756f3c3 28075bb2ca0d4cec8c9fcc8064ae0a7b - - 9ef2e5948c5541d992dd4c03bcbf193e 9ef2e5948c5541d992dd4c03bcbf193e] No more DHCP agents
2026-06-13 23:41:00.908 10 WARNING neutron.api.rpc.agentnotifiers.dhcp_rpc_agent_api [None req-fbf2248e-2dc2-4f9f-af5e-6d172cc425e6 036e3e8a6ba3468fb04eeb244756f3c3 28075bb2ca0d4cec8c9fcc8064ae0a7b - - 9ef2e5948c5541d992dd4c03bcbf193e 9ef2e5948c5541d992dd4c03bcbf193e] Unable to schedule network 1edf0a9b-6b2a-449d-91ff-e96b5282783a: no agents available; will retry on subsequent port and subnet creation events.
2026-06-13 23:41:00.995 10 INFO neutron.db.ovn_revision_numbers_db [None req-fbf2248e-2dc2-4f9f-af5e-6d172cc425e6 036e3e8a6ba3468fb04eeb244756f3c3 28075bb2ca0d4cec8c9fcc8064ae0a7b - - 9ef2e5948c5541d992dd4c03bcbf193e 9ef2e5948c5541d992dd4c03bcbf193e] Successfully bumped revision number for resource 7993e946-e1ab-409f-a2c3-e0dfbc811ff1 (type: ports) to 1
2026-06-13 23:41:01.164 10 INFO neutron.db.ovn_revision_numbers_db [None req-fbf2248e-2dc2-4f9f-af5e-6d172cc425e6 036e3e8a6ba3468fb04eeb244756f3c3 28075bb2ca0d4cec8c9fcc8064ae0a7b - - 9ef2e5948c5541d992dd4c03bcbf193e 9ef2e5948c5541d992dd4c03bcbf193e] Successfully bumped revision number for resource 7993e946-e1ab-409f-a2c3-e0dfbc811ff1 (type: ports) to 1
2026-06-13 23:41:01.201 10 INFO neutron.wsgi [None req-fbf2248e-2dc2-4f9f-af5e-6d172cc425e6 036e3e8a6ba3468fb04eeb244756f3c3 28075bb2ca0d4cec8c9fcc8064ae0a7b - - 9ef2e5948c5541d992dd4c03bcbf193e 9ef2e5948c5541d992dd4c03bcbf193e] 199.204.45.65 "POST /v2.0/ports HTTP/1.1" status: 201 len: 1144 time: 0.4962888
2026-06-13 23:41:01.252 10 INFO neutron.wsgi [None req-cd3d41ae-edf7-4ed9-88d9-a9438800c463 036e3e8a6ba3468fb04eeb244756f3c3 28075bb2ca0d4cec8c9fcc8064ae0a7b - - 9ef2e5948c5541d992dd4c03bcbf193e 9ef2e5948c5541d992dd4c03bcbf193e] 199.204.45.65 "GET /v2.0/networks/1edf0a9b-6b2a-449d-91ff-e96b5282783a HTTP/1.1" status: 200 len: 907 time: 0.0446043
2026-06-13 23:41:01.822 10 INFO neutron.plugins.ml2.drivers.ovn.mech_driver.mech_driver [-] OVN reports status up for port: 7993e946-e1ab-409f-a2c3-e0dfbc811ff1
2026-06-13 23:41:01.833 10 INFO neutron.plugins.ml2.plugin [None req-7f51bcc4-bade-4819-b882-6b2b9175102a - - - - - -] Attempt 1 to provision port 7993e946-e1ab-409f-a2c3-e0dfbc811ff1
2026-06-13 23:41:02.104 10 INFO neutron.db.ovn_revision_numbers_db [None req-7f51bcc4-bade-4819-b882-6b2b9175102a - - - - - -] Successfully bumped revision number for resource 7993e946-e1ab-409f-a2c3-e0dfbc811ff1 (type: ports) to 3
2026-06-13 23:41:02.928 10 INFO neutron.wsgi [None req-c1e6f9d4-5cf0-4406-9860-44c6bc26fcce 036e3e8a6ba3468fb04eeb244756f3c3 28075bb2ca0d4cec8c9fcc8064ae0a7b - - 9ef2e5948c5541d992dd4c03bcbf193e 9ef2e5948c5541d992dd4c03bcbf193e] 199.204.45.65 "GET /v2.0/ports?device_id=manila-share&binding%3Ahost_id=instance HTTP/1.1" status: 200 len: 1172 time: 0.0452254
2026-06-13 23:41:02.975 10 INFO neutron.wsgi [None req-8f7ca078-6699-4aaa-b828-a9f2076545d6 036e3e8a6ba3468fb04eeb244756f3c3 28075bb2ca0d4cec8c9fcc8064ae0a7b - - 9ef2e5948c5541d992dd4c03bcbf193e 9ef2e5948c5541d992dd4c03bcbf193e] 199.204.45.65 "GET /v2.0/networks/1edf0a9b-6b2a-449d-91ff-e96b5282783a HTTP/1.1" status: 200 len: 907 time: 0.0419703
2026-06-13 23:41:13.243 10 INFO neutron.wsgi [-] 10.0.0.111 "GET / HTTP/1.1" status: 200 len: 246 time: 0.0024793
2026-06-13 23:41:13.244 9 INFO neutron.wsgi [-] 10.0.0.111 "GET / HTTP/1.1" status: 200 len: 246 time: 0.0032759
2026-06-13 23:41:16.340 9 INFO neutron.wsgi [None req-f53580a6-34b1-493c-aa93-7139c904a282 ffe9042a33aa4d02b4b0570c5608a184 dadf9082a04b4d8f99ec28f752e4f7d0 - - default default] 199.204.45.65,10.0.0.111 "GET /v2.0/quotas/28075bb2ca0d4cec8c9fcc8064ae0a7b HTTP/1.1" status: 200 len: 467 time: 0.0237756 /var/lib/openstack/lib/python3.10/site-packages/neutron/extensions/quotasv2.py:139: UserWarning: Neutron quota engine will require "--force" parameter to set a quota limit without checking the resource usage. warnings.warn('Neutron quota engine will require "--force" '
2026-06-13 23:41:16.889 9 INFO neutron.wsgi [None req-40191869-7aaf-4cf0-993c-f1ce95178a12 ffe9042a33aa4d02b4b0570c5608a184 dadf9082a04b4d8f99ec28f752e4f7d0 - - default default] 199.204.45.65,10.0.0.111 "PUT /v2.0/quotas/28075bb2ca0d4cec8c9fcc8064ae0a7b HTTP/1.1" status: 200 len: 466 time: 0.0332723
2026-06-13 23:41:28.242 10 INFO neutron.wsgi [-] 10.0.0.111 "GET / HTTP/1.1" status: 200 len: 246 time: 0.0017495
2026-06-13 23:41:28.243 9 INFO neutron.wsgi [-] 10.0.0.111 "GET / HTTP/1.1" status: 200 len: 246 time: 0.0030160
2026-06-13 23:41:43.244 9 INFO neutron.wsgi [-] 10.0.0.111 "GET / HTTP/1.1" status: 200 len: 246 time: 0.0035570
2026-06-13 23:41:43.245 10 INFO neutron.wsgi [-] 10.0.0.111 "GET / HTTP/1.1" status: 200 len: 246 time: 0.0051727
2026-06-13 23:41:58.243 10 INFO neutron.wsgi [-] 10.0.0.111 "GET / HTTP/1.1" status: 200 len: 246 time: 0.0027783
2026-06-13 23:41:58.246 10 INFO neutron.wsgi [-] 10.0.0.111 "GET / HTTP/1.1" status: 200 len: 246 time: 0.0019414
2026-06-13 23:42:13.243 9 INFO neutron.wsgi [-] 10.0.0.111 "GET / HTTP/1.1" status: 200 len: 246 time: 0.0024235
2026-06-13 23:42:13.243 10 INFO neutron.wsgi [-] 10.0.0.111 "GET / HTTP/1.1" status: 200 len: 246 time: 0.0024955 /var/lib/openstack/lib/python3.10/site-packages/pycadf/identifier.py:71: UserWarning: Invalid uuid: neutron. To ensure interoperability, identifiers should be a valid uuid. warnings.warn(('Invalid uuid: %s. To ensure interoperability, '
2026-06-13 23:42:15.748 9 INFO neutron.wsgi [None req-7948a4e7-d59c-47ad-9abb-11a00fe9c383 ffe9042a33aa4d02b4b0570c5608a184 dadf9082a04b4d8f99ec28f752e4f7d0 - - default default] 10.0.0.5 "GET /v2.0/subnets HTTP/1.1" status: 200 len: 1437 time: 0.0901346
2026-06-13 23:42:15.797 9 INFO neutron.wsgi [None req-5872f5c8-8b6a-4860-b278-859050419ae6 ffe9042a33aa4d02b4b0570c5608a184 dadf9082a04b4d8f99ec28f752e4f7d0 - - default default] 10.0.0.5 "GET /v2.0/agents HTTP/1.1" status: 200 len: 1390 time: 0.0475814
2026-06-13 23:42:15.813 9 INFO neutron.wsgi [None req-f78ad261-e28a-40ce-88c0-b25a3c6aa1fd ffe9042a33aa4d02b4b0570c5608a184 dadf9082a04b4d8f99ec28f752e4f7d0 - - default default] 10.0.0.5 "GET /v2.0/network-ip-availabilities HTTP/1.1" status: 200 len: 1280 time: 0.0143890
2026-06-13 23:42:15.844 9 INFO neutron.wsgi [None req-46c0945d-57b2-4e79-a736-7469c0c91010 ffe9042a33aa4d02b4b0570c5608a184 dadf9082a04b4d8f99ec28f752e4f7d0 - - default default] 10.0.0.5 "GET /v2.0/floatingips HTTP/1.1" status: 200 len: 193 time: 0.0302792
2026-06-13 23:42:15.916 9 INFO neutron.wsgi [None req-92a8715c-d85f-4333-ae70-3cd33e43c9e4 ffe9042a33aa4d02b4b0570c5608a184 dadf9082a04b4d8f99ec28f752e4f7d0 - - default default] 10.0.0.5 "GET /v2.0/networks HTTP/1.1" status: 200 len: 2349 time: 0.0710747
2026-06-13 23:42:15.978 9 INFO neutron.wsgi [None req-631e044f-5c8e-4e76-a2ef-924e0d8f4268 ffe9042a33aa4d02b4b0570c5608a184 dadf9082a04b4d8f99ec28f752e4f7d0 - - default default] 10.0.0.5 "GET /v2.0/security-groups HTTP/1.1" status: 200 len: 17578 time: 0.0576367
2026-06-13 23:42:16.027 9 INFO neutron.wsgi [None req-d0d6fce7-a29b-40c2-a73d-1e1fc2f98bef ffe9042a33aa4d02b4b0570c5608a184 dadf9082a04b4d8f99ec28f752e4f7d0 - - default default] 10.0.0.5 "GET /v2.0/ports HTTP/1.1" status: 200 len: 5351 time: 0.0431881
2026-06-13 23:42:16.060 9 INFO neutron.wsgi [None req-05456599-55a9-4c1b-83b6-f34f25b936ef ffe9042a33aa4d02b4b0570c5608a184 dadf9082a04b4d8f99ec28f752e4f7d0 - - default default] 10.0.0.5 "GET /v2.0/subnets HTTP/1.1" status: 200 len: 1437 time: 0.0288506
2026-06-13 23:42:16.070 9 INFO neutron.wsgi [None req-69c43e0e-2d19-457c-9bc8-7903de91d7cc ffe9042a33aa4d02b4b0570c5608a184 dadf9082a04b4d8f99ec28f752e4f7d0 - - default default] 10.0.0.5 "GET /v2.0/subnetpools HTTP/1.1" status: 200 len: 193 time: 0.0092828
2026-06-13 23:42:16.100 9 INFO neutron.wsgi [None req-4099b7f2-9251-420c-b46a-b593479dfd24 ffe9042a33aa4d02b4b0570c5608a184 dadf9082a04b4d8f99ec28f752e4f7d0 - - default default] 10.0.0.5 "GET /v2.0/routers HTTP/1.1" status: 200 len: 189 time: 0.0286775
2026-06-13 23:42:16.114 9 INFO neutron.wsgi [None req-67ff7fc2-3762-4d81-b519-777fd0a970ea ffe9042a33aa4d02b4b0570c5608a184 dadf9082a04b4d8f99ec28f752e4f7d0 - - default default] 10.0.0.5 "GET /v2.0/agents?binary=ovn-controller HTTP/1.1" status: 200 len: 591 time: 0.0134385
2026-06-13 23:42:27.271 15 INFO neutron.db.ovn_revision_numbers_db [None req-36053ac8-3962-4c3b-8f8d-3aa7c6cde5f2 - - - - - -] Successfully bumped revision number for resource 8f95e994-ecde-4dfc-9dfd-6c54e5aa156d (type: security_groups) to 5
2026-06-13 23:42:27.271 15 INFO neutron.plugins.ml2.drivers.ovn.mech_driver.ovsdb.maintenance [None req-36053ac8-3962-4c3b-8f8d-3aa7c6cde5f2 - - - - - -] Maintenance task: Synchronization completed (took 0.05 seconds)
2026-06-13 23:42:28.242 10 INFO neutron.wsgi [-] 10.0.0.111 "GET / HTTP/1.1" status: 200 len: 246 time: 0.0023668
2026-06-13 23:42:28.243 9 INFO neutron.wsgi [-] 10.0.0.111 "GET / HTTP/1.1" status: 200 len: 246 time: 0.0028574
2026-06-13 23:42:43.243 10 INFO neutron.wsgi [-] 10.0.0.111 "GET / HTTP/1.1" status: 200 len: 246 time: 0.0024581
2026-06-13 23:42:43.245 9 INFO neutron.wsgi [-] 10.0.0.111 "GET / HTTP/1.1" status: 200 len: 246 time: 0.0047395
2026-06-13 23:42:58.243 10 INFO neutron.wsgi [-] 10.0.0.111 "GET / HTTP/1.1" status: 200 len: 246 time: 0.0027268
2026-06-13 23:42:58.244 9 INFO neutron.wsgi [-] 10.0.0.111 "GET / HTTP/1.1" status: 200 len: 246 time: 0.0034375
2026-06-13 23:43:13.244 9 INFO neutron.wsgi [-] 10.0.0.111 "GET / HTTP/1.1" status: 200 len: 246 time: 0.0035141
2026-06-13 23:43:13.246 10 INFO neutron.wsgi [-] 10.0.0.111 "GET / HTTP/1.1" status: 200 len: 246 time: 0.0032246
2026-06-13 23:43:15.728 9 INFO neutron.wsgi [None req-b08185d8-3345-47a6-b1e6-8ebce8928f01 ffe9042a33aa4d02b4b0570c5608a184 dadf9082a04b4d8f99ec28f752e4f7d0 - - default default] 10.0.0.5 "GET /v2.0/floatingips HTTP/1.1" status: 200 len: 193 time: 0.0630820
2026-06-13 23:43:15.802 9 INFO neutron.wsgi [None req-d91878a6-31dc-4ce1-aa07-8849f29a0a84 ffe9042a33aa4d02b4b0570c5608a184 dadf9082a04b4d8f99ec28f752e4f7d0 - - default default] 10.0.0.5 "GET /v2.0/security-groups HTTP/1.1" status: 200 len: 17578 time: 0.0724101
2026-06-13 23:43:15.840 9 INFO neutron.wsgi [None req-353485f0-4a3c-4a63-b073-693b8fc689a3 ffe9042a33aa4d02b4b0570c5608a184 dadf9082a04b4d8f99ec28f752e4f7d0 - - default default] 10.0.0.5 "GET /v2.0/subnets HTTP/1.1" status: 200 len: 1437 time: 0.0321147
2026-06-13 23:43:15.857 9 INFO neutron.wsgi [None req-9eb56029-3615-4a8c-8536-4f236293fb8e ffe9042a33aa4d02b4b0570c5608a184 dadf9082a04b4d8f99ec28f752e4f7d0 - - default default] 10.0.0.5 "GET /v2.0/network-ip-availabilities HTTP/1.1" status: 200 len: 1280 time: 0.0154629
2026-06-13 23:43:15.948 9 INFO neutron.wsgi [None req-d6c515bd-ea9d-4ed4-82b6-ef3ff40d1a58 ffe9042a33aa4d02b4b0570c5608a184 dadf9082a04b4d8f99ec28f752e4f7d0 - - default default] 10.0.0.5 "GET /v2.0/ports HTTP/1.1" status: 200 len: 5351 time: 0.0899661
2026-06-13 23:43:15.977 9 INFO neutron.wsgi [None req-89cf0930-b16b-4998-92db-08fc1c647152 ffe9042a33aa4d02b4b0570c5608a184 dadf9082a04b4d8f99ec28f752e4f7d0 - - default default] 10.0.0.5 "GET /v2.0/subnets HTTP/1.1" status: 200 len: 1437 time: 0.0253582
2026-06-13 23:43:15.984 9 INFO neutron.wsgi [None req-dd87c452-6cd9-4e6a-8a80-43e9e5487c4a ffe9042a33aa4d02b4b0570c5608a184 dadf9082a04b4d8f99ec28f752e4f7d0 - - default default] 10.0.0.5 "GET /v2.0/subnetpools HTTP/1.1" status: 200 len: 193 time: 0.0064321
2026-06-13 23:43:16.047 9 INFO neutron.wsgi [None req-35802ecc-c88c-4dfa-a79e-0942edba2df2 ffe9042a33aa4d02b4b0570c5608a184 dadf9082a04b4d8f99ec28f752e4f7d0 - - default default] 10.0.0.5 "GET /v2.0/networks HTTP/1.1" status: 200 len: 2349 time: 0.0629721
2026-06-13 23:43:16.070 9 INFO neutron.wsgi [None req-5cba9546-4500-493a-8039-7b1123f400e3 ffe9042a33aa4d02b4b0570c5608a184 dadf9082a04b4d8f99ec28f752e4f7d0 - - default default] 10.0.0.5 "GET /v2.0/routers HTTP/1.1" status: 200 len: 189 time: 0.0188749
2026-06-13 23:43:16.105 9 INFO neutron.wsgi [None req-a37a9539-9539-4fa7-80f1-486a4434b0c8 ffe9042a33aa4d02b4b0570c5608a184 dadf9082a04b4d8f99ec28f752e4f7d0 - - default default] 10.0.0.5 "GET /v2.0/agents?binary=ovn-controller HTTP/1.1" status: 200 len: 591 time: 0.0341151
2026-06-13 23:43:16.116 9 INFO neutron.wsgi [None req-2a5626a3-e89c-4f17-8e55-95e8694cceca ffe9042a33aa4d02b4b0570c5608a184 dadf9082a04b4d8f99ec28f752e4f7d0 - - default default] 10.0.0.5 "GET /v2.0/agents HTTP/1.1" status: 200 len: 1390 time: 0.0103314
2026-06-13 23:43:28.242 10 INFO neutron.wsgi [-] 10.0.0.111 "GET / HTTP/1.1" status: 200 len: 246 time: 0.0023901
2026-06-13 23:43:28.243 9 INFO neutron.wsgi [-] 10.0.0.111 "GET / HTTP/1.1" status: 200 len: 246 time: 0.0023739
2026-06-13 23:43:43.241 10 INFO neutron.wsgi [-] 10.0.0.111 "GET / HTTP/1.1" status: 200 len: 246 time: 0.0015843
2026-06-13 23:43:43.242 9 INFO neutron.wsgi [-] 10.0.0.111 "GET / HTTP/1.1" status: 200 len: 246 time: 0.0016732
2026-06-13 23:43:58.243 10 INFO neutron.wsgi [-] 10.0.0.111 "GET / HTTP/1.1" status: 200 len: 246 time: 0.0030847
2026-06-13 23:43:58.243 9 INFO neutron.wsgi [-] 10.0.0.111 "GET / HTTP/1.1" status: 200 len: 246 time: 0.0027637
2026-06-13 23:44:13.243 9 INFO neutron.wsgi [-] 10.0.0.111 "GET / HTTP/1.1" status: 200 len: 246 time: 0.0024195
2026-06-13 23:44:13.243 10 INFO neutron.wsgi [-] 10.0.0.111 "GET / HTTP/1.1" status: 200 len: 246 time: 0.0025055
2026-06-13 23:44:15.876 9 INFO neutron.wsgi [None req-4f2d17b2-29ea-4ecc-952c-2af8014221d4 ffe9042a33aa4d02b4b0570c5608a184 dadf9082a04b4d8f99ec28f752e4f7d0 - - default default] 10.0.0.5 "GET /v2.0/subnets HTTP/1.1" status: 200 len: 1437 time: 0.1152196
2026-06-13 23:44:15.890 9 INFO neutron.wsgi [None req-dcb65883-73e7-4ae2-b037-0293ba296b9d ffe9042a33aa4d02b4b0570c5608a184 dadf9082a04b4d8f99ec28f752e4f7d0 - - default default] 10.0.0.5 "GET /v2.0/network-ip-availabilities HTTP/1.1" status: 200 len: 1280 time: 0.0114286
2026-06-13 23:44:15.946 9 INFO neutron.wsgi [None req-ad0058c1-51a7-4bf5-9720-89c3d3463fb0 ffe9042a33aa4d02b4b0570c5608a184 dadf9082a04b4d8f99ec28f752e4f7d0 - - default default] 10.0.0.5 "GET /v2.0/security-groups HTTP/1.1" status: 200 len: 17578 time: 0.0551729
2026-06-13 23:44:15.994 9 INFO neutron.wsgi [None req-63631181-a1c2-4067-9e29-453e5e4be349 ffe9042a33aa4d02b4b0570c5608a184 dadf9082a04b4d8f99ec28f752e4f7d0 - - default default] 10.0.0.5 "GET /v2.0/agents HTTP/1.1" status: 200 len: 1390 time: 0.0413837
2026-06-13 23:44:16.053 9 INFO neutron.wsgi [None req-2ed6ef71-3ebe-4923-afc1-76311c06918b ffe9042a33aa4d02b4b0570c5608a184 dadf9082a04b4d8f99ec28f752e4f7d0 - - default default] 10.0.0.5 "GET /v2.0/networks HTTP/1.1" status: 200 len: 2349 time: 0.0579834
2026-06-13 23:44:16.105 9 INFO neutron.wsgi [None req-be3e26b5-5ef0-46b9-a9c1-0f76e9137e39 ffe9042a33aa4d02b4b0570c5608a184 dadf9082a04b4d8f99ec28f752e4f7d0 - - default default] 10.0.0.5 "GET /v2.0/ports HTTP/1.1" status: 200 len: 5351 time: 0.0497401
2026-06-13 23:44:16.132 9 INFO neutron.wsgi [None req-cff8c614-7585-4e0d-9f03-2a11f6c0d5c5 ffe9042a33aa4d02b4b0570c5608a184 dadf9082a04b4d8f99ec28f752e4f7d0 - - default default] 10.0.0.5 "GET /v2.0/routers HTTP/1.1" status: 200 len: 189 time: 0.0222363
2026-06-13 23:44:16.145 9 INFO neutron.wsgi [None req-728d1ed1-104e-490b-b07c-28a961fe2edb ffe9042a33aa4d02b4b0570c5608a184 dadf9082a04b4d8f99ec28f752e4f7d0 - - default default] 10.0.0.5 "GET /v2.0/agents?binary=ovn-controller HTTP/1.1" status: 200 len: 591 time: 0.0115728
2026-06-13 23:44:16.164 9 INFO neutron.wsgi [None req-134391db-8fa1-4c18-b6ec-b50fbb6368ad ffe9042a33aa4d02b4b0570c5608a184 dadf9082a04b4d8f99ec28f752e4f7d0 - - default default] 10.0.0.5 "GET /v2.0/floatingips HTTP/1.1" status: 200 len: 193 time: 0.0182939
2026-06-13 23:44:16.199 9 INFO neutron.wsgi [None req-6d825643-9250-4590-bd69-0ddddae83dfb ffe9042a33aa4d02b4b0570c5608a184 dadf9082a04b4d8f99ec28f752e4f7d0 - - default default] 10.0.0.5 "GET /v2.0/subnets HTTP/1.1" status: 200 len: 1437 time: 0.0338643
2026-06-13 23:44:16.211 9 INFO neutron.wsgi [None req-fa3657ea-1505-4ea9-b561-153991426aa9 ffe9042a33aa4d02b4b0570c5608a184 dadf9082a04b4d8f99ec28f752e4f7d0 - - default default] 10.0.0.5 "GET /v2.0/subnetpools HTTP/1.1" status: 200 len: 193 time: 0.0109870
2026-06-13 23:44:28.243 10 INFO neutron.wsgi [-] 10.0.0.111 "GET / HTTP/1.1" status: 200 len: 246 time: 0.0027399
2026-06-13 23:44:28.248 10 INFO neutron.wsgi [-] 10.0.0.111 "GET / HTTP/1.1" status: 200 len: 246 time: 0.0031884
2026-06-13 23:44:43.243 10 INFO neutron.wsgi [-] 10.0.0.111 "GET / HTTP/1.1" status: 200 len: 246 time: 0.0024641
2026-06-13 23:44:43.245 10 INFO neutron.wsgi [-] 10.0.0.111 "GET / HTTP/1.1" status: 200 len: 246 time: 0.0019779
2026-06-13 23:44:58.242 9 INFO neutron.wsgi [-] 10.0.0.111 "GET / HTTP/1.1" status: 200 len: 246 time: 0.0024934
2026-06-13 23:44:58.247 9 INFO neutron.wsgi [-] 10.0.0.111 "GET / HTTP/1.1" status: 200 len: 246 time: 0.0032887
2026-06-13 23:45:13.242 9 INFO neutron.wsgi [-] 10.0.0.111 "GET / HTTP/1.1" status: 200 len: 246 time: 0.0017412
2026-06-13 23:45:13.244 10 INFO neutron.wsgi [-] 10.0.0.111 "GET / HTTP/1.1" status: 200 len: 246 time: 0.0033770
2026-06-13 23:45:15.789 9 INFO neutron.wsgi [None req-b230a80b-4465-461a-99cf-3c26a1584437 ffe9042a33aa4d02b4b0570c5608a184 dadf9082a04b4d8f99ec28f752e4f7d0 - - default default] 10.0.0.5 "GET /v2.0/networks HTTP/1.1" status: 200 len: 2349 time: 0.1193357
2026-06-13 23:45:15.839 9 INFO neutron.wsgi [None req-f6731afb-c2b6-47ba-8058-81a013b2cc74 ffe9042a33aa4d02b4b0570c5608a184 dadf9082a04b4d8f99ec28f752e4f7d0 - - default default] 10.0.0.5 "GET /v2.0/ports HTTP/1.1" status: 200 len: 5351 time: 0.0463271
2026-06-13 23:45:15.906 9 INFO neutron.wsgi [None req-662e5b00-f470-425b-b9aa-a2f97c0f27a6 ffe9042a33aa4d02b4b0570c5608a184 dadf9082a04b4d8f99ec28f752e4f7d0 - - default default] 10.0.0.5 "GET /v2.0/agents HTTP/1.1" status: 200 len: 1390 time: 0.0642343
2026-06-13 23:45:15.947 9 INFO neutron.wsgi [None req-fa7b9772-3e17-4f3a-ba98-374df7e15acb ffe9042a33aa4d02b4b0570c5608a184 dadf9082a04b4d8f99ec28f752e4f7d0 - - default default] 10.0.0.5 "GET /v2.0/network-ip-availabilities HTTP/1.1" status: 200 len: 1280 time: 0.0143743
2026-06-13 23:45:15.979 9 INFO neutron.wsgi [None req-1fe5187b-d4ed-4dc8-a8ac-bcc2815cc8c8 ffe9042a33aa4d02b4b0570c5608a184 dadf9082a04b4d8f99ec28f752e4f7d0 - - default default] 10.0.0.5 "GET /v2.0/subnets HTTP/1.1" status: 200 len: 1437 time: 0.0299978
2026-06-13 23:45:15.988 9 INFO neutron.wsgi [None req-e8b43121-6dee-48d0-9743-9a998c5f9c98 ffe9042a33aa4d02b4b0570c5608a184 dadf9082a04b4d8f99ec28f752e4f7d0 - - default default] 10.0.0.5 "GET /v2.0/subnetpools HTTP/1.1" status: 200 len: 193 time: 0.0079837
2026-06-13 23:45:16.006 9 INFO neutron.wsgi [None req-37d99b81-79ca-48e9-ada6-5f4acfe5c60a ffe9042a33aa4d02b4b0570c5608a184 dadf9082a04b4d8f99ec28f752e4f7d0 - - default default] 10.0.0.5 "GET /v2.0/floatingips HTTP/1.1" status: 200 len: 193 time: 0.0174837
2026-06-13 23:45:16.039 9 INFO neutron.wsgi [None req-bb9e369c-7aa7-4e34-a692-3b324567a9cd ffe9042a33aa4d02b4b0570c5608a184 dadf9082a04b4d8f99ec28f752e4f7d0 - - default default] 10.0.0.5 "GET /v2.0/subnets HTTP/1.1" status: 200 len: 1437 time: 0.0326731
2026-06-13 23:45:16.076 9 INFO neutron.wsgi [None req-c9e237f6-66d2-4661-ae2b-b7051634bea5 ffe9042a33aa4d02b4b0570c5608a184 dadf9082a04b4d8f99ec28f752e4f7d0 - - default default] 10.0.0.5 "GET /v2.0/routers HTTP/1.1" status: 200 len: 189 time: 0.0354562
2026-06-13 23:45:16.092 9 INFO neutron.wsgi [None req-1d5b0c29-557d-4ebc-95f1-9928ac8926a4 ffe9042a33aa4d02b4b0570c5608a184 dadf9082a04b4d8f99ec28f752e4f7d0 - - default default] 10.0.0.5 "GET /v2.0/agents?binary=ovn-controller HTTP/1.1" status: 200 len: 591 time: 0.0154855
2026-06-13 23:45:16.162 9 INFO neutron.wsgi [None req-ed0f484c-0500-4431-87e5-37f520491e31 ffe9042a33aa4d02b4b0570c5608a184 dadf9082a04b4d8f99ec28f752e4f7d0 - - default default] 10.0.0.5 "GET /v2.0/security-groups HTTP/1.1" status: 200 len: 17578 time: 0.0692754
2026-06-13 23:45:28.242 10 INFO neutron.wsgi [-] 10.0.0.111 "GET / HTTP/1.1" status: 200 len: 246 time: 0.0013356
2026-06-13 23:45:28.243 9 INFO neutron.wsgi [-] 10.0.0.111 "GET / HTTP/1.1" status: 200 len: 246 time: 0.0028489
2026-06-13 23:45:43.244 9 INFO neutron.wsgi [-] 10.0.0.111 "GET / HTTP/1.1" status: 200 len: 246 time: 0.0030267
2026-06-13 23:45:43.247 9 INFO neutron.wsgi [-] 10.0.0.111 "GET / HTTP/1.1" status: 200 len: 246 time: 0.0022104
2026-06-13 23:45:58.243 10 INFO neutron.wsgi [-] 10.0.0.111 "GET / HTTP/1.1" status: 200 len: 246 time: 0.0024586
2026-06-13 23:45:58.243 9 INFO neutron.wsgi [-] 10.0.0.111 "GET / HTTP/1.1" status: 200 len: 246 time: 0.0024245
2026-06-13 23:46:13.243 9 INFO neutron.wsgi [-] 10.0.0.111 "GET / HTTP/1.1" status: 200 len: 246 time: 0.0024376
2026-06-13 23:46:13.244 10 INFO neutron.wsgi [-] 10.0.0.111 "GET / HTTP/1.1" status: 200 len: 246 time: 0.0036223
2026-06-13 23:46:15.771 9 INFO neutron.wsgi [None req-2a6b0988-7019-4465-a6d7-43d62696d2d1 ffe9042a33aa4d02b4b0570c5608a184 dadf9082a04b4d8f99ec28f752e4f7d0 - - default default] 10.0.0.5 "GET /v2.0/floatingips HTTP/1.1" status: 200 len: 193 time: 0.0678940
2026-06-13 23:46:15.822 9 INFO neutron.wsgi [None req-30c19fdf-a516-4495-bc20-7fdb4c3c041b ffe9042a33aa4d02b4b0570c5608a184 dadf9082a04b4d8f99ec28f752e4f7d0 - - default default] 10.0.0.5 "GET /v2.0/security-groups HTTP/1.1" status: 200 len: 17578 time: 0.0503585
2026-06-13 23:46:15.861 9 INFO neutron.wsgi [None req-cd9b3c77-a953-423d-9e2f-716408e43b4d ffe9042a33aa4d02b4b0570c5608a184 dadf9082a04b4d8f99ec28f752e4f7d0 - - default default] 10.0.0.5 "GET /v2.0/subnets HTTP/1.1" status: 200 len: 1437 time: 0.0322390
2026-06-13 23:46:15.917 9 INFO neutron.wsgi [None req-453144b1-1080-4005-80d5-fea96164f96f ffe9042a33aa4d02b4b0570c5608a184 dadf9082a04b4d8f99ec28f752e4f7d0 - - default default] 10.0.0.5 "GET /v2.0/ports HTTP/1.1" status: 200 len: 5351 time: 0.0535657
2026-06-13 23:46:15.968 9 INFO neutron.wsgi [None req-451d29c7-9b05-406e-8ca6-86ad5bea31f6 ffe9042a33aa4d02b4b0570c5608a184 dadf9082a04b4d8f99ec28f752e4f7d0 - - default default] 10.0.0.5 "GET /v2.0/agents HTTP/1.1" status: 200 len: 1390 time: 0.0475380
2026-06-13 23:46:16.035 9 INFO neutron.wsgi [None req-3c4e6e53-1a6e-4ed3-baf9-4e206ac17c82 ffe9042a33aa4d02b4b0570c5608a184 dadf9082a04b4d8f99ec28f752e4f7d0 - - default default] 10.0.0.5 "GET /v2.0/networks HTTP/1.1" status: 200 len: 2349 time: 0.0647876
2026-06-13 23:46:16.066 9 INFO neutron.wsgi [None req-22e97d74-c2e0-4582-b176-4d2824cce83e ffe9042a33aa4d02b4b0570c5608a184 dadf9082a04b4d8f99ec28f752e4f7d0 - - default default] 10.0.0.5 "GET /v2.0/subnets HTTP/1.1" status: 200 len: 1437 time: 0.0300379
2026-06-13 23:46:16.077 9 INFO neutron.wsgi [None req-323c0759-4251-4b08-a32e-3531cd7cab26 ffe9042a33aa4d02b4b0570c5608a184 dadf9082a04b4d8f99ec28f752e4f7d0 - - default default] 10.0.0.5 "GET /v2.0/subnetpools HTTP/1.1" status: 200 len: 193 time: 0.0086775
2026-06-13 23:46:16.090 9 INFO neutron.wsgi [None req-a15ab856-29a7-4042-8a21-49d32e72aeb1 ffe9042a33aa4d02b4b0570c5608a184 dadf9082a04b4d8f99ec28f752e4f7d0 - - default default] 10.0.0.5 "GET /v2.0/network-ip-availabilities HTTP/1.1" status: 200 len: 1280 time: 0.0121853
2026-06-13 23:46:16.115 9 INFO neutron.wsgi [None req-27e75f7b-9789-4d39-8fc1-0e2284a8262b ffe9042a33aa4d02b4b0570c5608a184 dadf9082a04b4d8f99ec28f752e4f7d0 - - default default] 10.0.0.5 "GET /v2.0/routers HTTP/1.1" status: 200 len: 189 time: 0.0233743
2026-06-13 23:46:16.124 9 INFO neutron.wsgi [None req-2d6ce88b-5d69-4a58-8323-87eaca8ae7b0 ffe9042a33aa4d02b4b0570c5608a184 dadf9082a04b4d8f99ec28f752e4f7d0 - - default default] 10.0.0.5 "GET /v2.0/agents?binary=ovn-controller HTTP/1.1" status: 200 len: 591 time: 0.0088973
2026-06-13 23:46:28.243 9 INFO neutron.wsgi [-] 10.0.0.111 "GET / HTTP/1.1" status: 200 len: 246 time: 0.0026350
2026-06-13 23:46:28.243 10 INFO neutron.wsgi [-] 10.0.0.111 "GET / HTTP/1.1" status: 200 len: 246 time: 0.0029268
2026-06-13 23:46:43.243 9 INFO neutron.wsgi [-] 10.0.0.111 "GET / HTTP/1.1" status: 200 len: 246 time: 0.0025103
2026-06-13 23:46:43.243 10 INFO neutron.wsgi [-] 10.0.0.111 "GET / HTTP/1.1" status: 200 len: 246 time: 0.0027807
2026-06-13 23:46:58.243 9 INFO neutron.wsgi [-] 10.0.0.111 "GET / HTTP/1.1" status: 200 len: 246 time: 0.0026970
2026-06-13 23:46:58.243 10 INFO neutron.wsgi [-] 10.0.0.111 "GET / HTTP/1.1" status: 200 len: 246 time: 0.0033383
2026-06-13 23:47:13.241 9 INFO neutron.wsgi [-] 10.0.0.111 "GET / HTTP/1.1" status: 200 len: 246 time: 0.0017304
2026-06-13 23:47:13.242 10 INFO neutron.wsgi [-] 10.0.0.111 "GET / HTTP/1.1" status: 200 len: 246 time: 0.0025408
2026-06-13 23:47:15.743 9 INFO neutron.wsgi [None req-cd5872d8-37f8-48aa-ae91-1b06da9e8f71 ffe9042a33aa4d02b4b0570c5608a184 dadf9082a04b4d8f99ec28f752e4f7d0 - - default default] 10.0.0.5 "GET /v2.0/agents HTTP/1.1" status: 200 len: 1390 time: 0.0954194
2026-06-13 23:47:15.785 9 INFO neutron.wsgi [None req-a03a32e9-2f2f-4158-ab89-f4e524cb8e86 ffe9042a33aa4d02b4b0570c5608a184 dadf9082a04b4d8f99ec28f752e4f7d0 - - default default] 10.0.0.5 "GET /v2.0/security-groups HTTP/1.1" status: 200 len: 17578 time: 0.0417452
2026-06-13 23:47:15.822 9 INFO neutron.wsgi [None req-3213ee05-e595-41b9-92f3-1b937955bfa8 ffe9042a33aa4d02b4b0570c5608a184 dadf9082a04b4d8f99ec28f752e4f7d0 - - default default] 10.0.0.5 "GET /v2.0/routers HTTP/1.1" status: 200 len: 189 time: 0.0296953
2026-06-13 23:47:15.834 9 INFO neutron.wsgi [None req-1b644165-6856-4228-a36f-df8674758f1f ffe9042a33aa4d02b4b0570c5608a184 dadf9082a04b4d8f99ec28f752e4f7d0 - - default default] 10.0.0.5 "GET /v2.0/agents?binary=ovn-controller HTTP/1.1" status: 200 len: 591 time: 0.0110004
2026-06-13 23:47:15.885 9 INFO neutron.wsgi [None req-2fa1ebd7-6181-454a-8b9e-223ee1095b01 ffe9042a33aa4d02b4b0570c5608a184 dadf9082a04b4d8f99ec28f752e4f7d0 - - default default] 10.0.0.5 "GET /v2.0/networks HTTP/1.1" status: 200 len: 2349 time: 0.0509334
2026-06-13 23:47:15.914 9 INFO neutron.wsgi [None req-4d0ddb2e-bd48-4911-8a91-dc9d74650ad8 ffe9042a33aa4d02b4b0570c5608a184 dadf9082a04b4d8f99ec28f752e4f7d0 - - default default] 10.0.0.5 "GET /v2.0/subnets HTTP/1.1" status: 200 len: 1437 time: 0.0277567
2026-06-13 23:47:15.958 9 INFO neutron.wsgi [None req-bb3bf4b8-99cd-4100-a950-70793fad4229 ffe9042a33aa4d02b4b0570c5608a184 dadf9082a04b4d8f99ec28f752e4f7d0 - - default default] 10.0.0.5 "GET /v2.0/ports HTTP/1.1" status: 200 len: 5351 time: 0.0431485
2026-06-13 23:47:15.972 9 INFO neutron.wsgi [None req-0f48f4ac-e280-4d50-9e69-5cab9e7d14f9 ffe9042a33aa4d02b4b0570c5608a184 dadf9082a04b4d8f99ec28f752e4f7d0 - - default default] 10.0.0.5 "GET /v2.0/network-ip-availabilities HTTP/1.1" status: 200 len: 1280 time: 0.0115602
2026-06-13 23:47:16.001 9 INFO neutron.wsgi [None req-928e4f8f-ead2-412f-bdc5-994fcf4fb844 ffe9042a33aa4d02b4b0570c5608a184 dadf9082a04b4d8f99ec28f752e4f7d0 - - default default] 10.0.0.5 "GET /v2.0/subnets HTTP/1.1" status: 200 len: 1437 time: 0.0284913
2026-06-13 23:47:16.012 9 INFO neutron.wsgi [None req-eadc369f-d26d-462a-aeca-a99675cc1746 ffe9042a33aa4d02b4b0570c5608a184 dadf9082a04b4d8f99ec28f752e4f7d0 - - default default] 10.0.0.5 "GET /v2.0/subnetpools HTTP/1.1" status: 200 len: 193 time: 0.0100374
2026-06-13 23:47:16.033 9 INFO neutron.wsgi [None req-f86aa039-be97-4be0-9961-cc00a2daa083 ffe9042a33aa4d02b4b0570c5608a184 dadf9082a04b4d8f99ec28f752e4f7d0 - - default default] 10.0.0.5 "GET /v2.0/floatingips HTTP/1.1" status: 200 len: 193 time: 0.0204999
2026-06-13 23:47:28.242 10 INFO neutron.wsgi [-] 10.0.0.111 "GET / HTTP/1.1" status: 200 len: 246 time: 0.0025957
2026-06-13 23:47:28.242 9 INFO neutron.wsgi [-] 10.0.0.111 "GET / HTTP/1.1" status: 200 len: 246 time: 0.0025823
2026-06-13 23:47:43.242 9 INFO neutron.wsgi [-] 10.0.0.111 "GET / HTTP/1.1" status: 200 len: 246 time: 0.0024145
2026-06-13 23:47:43.243 10 INFO neutron.wsgi [-] 10.0.0.111 "GET / HTTP/1.1" status: 200 len: 246 time: 0.0031607
2026-06-13 23:47:58.242 10 INFO neutron.wsgi [-] 10.0.0.111 "GET / HTTP/1.1" status: 200 len: 246 time: 0.0024176
2026-06-13 23:47:58.243 9 INFO neutron.wsgi [-] 10.0.0.111 "GET / HTTP/1.1" status: 200 len: 246 time: 0.0024853
2026-06-13 23:48:13.242 9 INFO neutron.wsgi [-] 10.0.0.111 "GET / HTTP/1.1" status: 200 len: 246 time: 0.0013404
2026-06-13 23:48:13.246 10 INFO neutron.wsgi [-] 10.0.0.111 "GET / HTTP/1.1" status: 200 len: 246 time: 0.0050039
2026-06-13 23:48:15.833 9 INFO neutron.wsgi [None req-827f01ce-3979-4267-9371-e27c0ed9dab7 ffe9042a33aa4d02b4b0570c5608a184 dadf9082a04b4d8f99ec28f752e4f7d0 - - default default] 10.0.0.5 "GET /v2.0/networks HTTP/1.1" status: 200 len: 2349 time: 0.1460109
2026-06-13 23:48:15.890 9 INFO neutron.wsgi [None req-312ec603-7923-4280-9d0a-c85e28f9056c ffe9042a33aa4d02b4b0570c5608a184 dadf9082a04b4d8f99ec28f752e4f7d0 - - default default] 10.0.0.5 "GET /v2.0/agents HTTP/1.1" status: 200 len: 1390 time: 0.0554540
2026-06-13 23:48:15.944 9 INFO neutron.wsgi [None req-3ac7ce4c-e8af-4988-a226-5657a9495b78 ffe9042a33aa4d02b4b0570c5608a184 dadf9082a04b4d8f99ec28f752e4f7d0 - - default default] 10.0.0.5 "GET /v2.0/security-groups HTTP/1.1" status: 200 len: 17578 time: 0.0512352
2026-06-13 23:48:15.987 9 INFO neutron.wsgi [None req-c81d3c5a-0026-41b1-829d-826bf48e4978 ffe9042a33aa4d02b4b0570c5608a184 dadf9082a04b4d8f99ec28f752e4f7d0 - - default default] 10.0.0.5 "GET /v2.0/subnets HTTP/1.1" status: 200 len: 1437 time: 0.0367060
2026-06-13 23:48:16.023 9 INFO neutron.wsgi [None req-753eccea-9856-46e0-b4ad-8233792927c5 ffe9042a33aa4d02b4b0570c5608a184 dadf9082a04b4d8f99ec28f752e4f7d0 - - default default] 10.0.0.5 "GET /v2.0/subnets HTTP/1.1" status: 200 len: 1437 time: 0.0351734
2026-06-13 23:48:16.032 9 INFO neutron.wsgi [None req-6a5eae1b-c229-43ab-ac6c-7f5c3780cc27 ffe9042a33aa4d02b4b0570c5608a184 dadf9082a04b4d8f99ec28f752e4f7d0 - - default default] 10.0.0.5 "GET /v2.0/subnetpools HTTP/1.1" status: 200 len: 193 time: 0.0077524
2026-06-13 23:48:16.086 9 INFO neutron.wsgi [None req-48d7325f-2808-41ce-8d53-ff350d254a8b ffe9042a33aa4d02b4b0570c5608a184 dadf9082a04b4d8f99ec28f752e4f7d0 - - default default] 10.0.0.5 "GET /v2.0/ports HTTP/1.1" status: 200 len: 5351 time: 0.0529673
2026-06-13 23:48:16.114 9 INFO neutron.wsgi [None req-a48054fd-9903-4386-bf03-fb21f0dc1ae5 ffe9042a33aa4d02b4b0570c5608a184 dadf9082a04b4d8f99ec28f752e4f7d0 - - default default] 10.0.0.5 "GET /v2.0/routers HTTP/1.1" status: 200 len: 189 time: 0.0239770
2026-06-13 23:48:16.124 9 INFO neutron.wsgi [None req-582b2e2f-0a91-4672-b62d-9f3ef3693bc8 ffe9042a33aa4d02b4b0570c5608a184 dadf9082a04b4d8f99ec28f752e4f7d0 - - default default] 10.0.0.5 "GET /v2.0/agents?binary=ovn-controller HTTP/1.1" status: 200 len: 591 time: 0.0101478
2026-06-13 23:48:16.160 9 INFO neutron.wsgi [None req-a72b19f6-b7dc-4ac6-8e45-e8c9dc0b8328 ffe9042a33aa4d02b4b0570c5608a184 dadf9082a04b4d8f99ec28f752e4f7d0 - - default default] 10.0.0.5 "GET /v2.0/floatingips HTTP/1.1" status: 200 len: 193 time: 0.0328426
2026-06-13 23:48:16.176 9 INFO neutron.wsgi [None req-b4d55ff7-da04-4a62-86f8-14fc14025839 ffe9042a33aa4d02b4b0570c5608a184 dadf9082a04b4d8f99ec28f752e4f7d0 - - default default] 10.0.0.5 "GET /v2.0/network-ip-availabilities HTTP/1.1" status: 200 len: 1280 time: 0.0145957
2026-06-13 23:48:28.242 10 INFO neutron.wsgi [-] 10.0.0.111 "GET / HTTP/1.1" status: 200 len: 246 time: 0.0024519
2026-06-13 23:48:28.243 9 INFO neutron.wsgi [-] 10.0.0.111 "GET / HTTP/1.1" status: 200 len: 246 time: 0.0028310
2026-06-13 23:48:43.242 10 INFO neutron.wsgi [-] 10.0.0.111 "GET / HTTP/1.1" status: 200 len: 246 time: 0.0023522
2026-06-13 23:48:43.243 9 INFO neutron.wsgi [-] 10.0.0.111 "GET / HTTP/1.1" status: 200 len: 246 time: 0.0021517
