2026-06-13 23:56:15.938 9 INFO neutron.wsgi [None req-e443502f-c472-4a32-83de-47458fccc07a ffe9042a33aa4d02b4b0570c5608a184 dadf9082a04b4d8f99ec28f752e4f7d0 - - default default] 10.0.0.5 "GET /v2.0/networks HTTP/1.1" status: 200 len: 2349 time: 0.0804989
2026-06-13 23:56:15.957 9 INFO neutron.wsgi [None req-b79195dd-9039-430a-ab0f-192c84a4c14c ffe9042a33aa4d02b4b0570c5608a184 dadf9082a04b4d8f99ec28f752e4f7d0 - - default default] 10.0.0.5 "GET /v2.0/network-ip-availabilities HTTP/1.1" status: 200 len: 1280 time: 0.0179648
2026-06-13 23:56:15.982 9 INFO neutron.wsgi [None req-bed9db56-594f-4788-a9c7-6b3b9544d98a ffe9042a33aa4d02b4b0570c5608a184 dadf9082a04b4d8f99ec28f752e4f7d0 - - default default] 10.0.0.5 "GET /v2.0/floatingips HTTP/1.1" status: 200 len: 193 time: 0.0239494
2026-06-13 23:56:16.019 9 INFO neutron.wsgi [None req-0e9f3faf-9fb6-42ad-a039-177676f71633 ffe9042a33aa4d02b4b0570c5608a184 dadf9082a04b4d8f99ec28f752e4f7d0 - - default default] 10.0.0.5 "GET /v2.0/subnets HTTP/1.1" status: 200 len: 1437 time: 0.0350590
2026-06-13 23:56:16.093 9 INFO neutron.wsgi [None req-8cf2b29c-95ef-4ba9-81c9-232bbe286903 ffe9042a33aa4d02b4b0570c5608a184 dadf9082a04b4d8f99ec28f752e4f7d0 - - default default] 10.0.0.5 "GET /v2.0/security-groups HTTP/1.1" status: 200 len: 17578 time: 0.0732751
2026-06-13 23:56:16.155 9 INFO neutron.wsgi [None req-2c39a9a7-f2a5-47cd-bbfe-3606d9fcebdb ffe9042a33aa4d02b4b0570c5608a184 dadf9082a04b4d8f99ec28f752e4f7d0 - - default default] 10.0.0.5 "GET /v2.0/ports HTTP/1.1" status: 200 len: 5351 time: 0.0565324
2026-06-13 23:56:16.205 9 INFO neutron.wsgi [None req-57662418-2f95-403e-84b4-0c730775df54 ffe9042a33aa4d02b4b0570c5608a184 dadf9082a04b4d8f99ec28f752e4f7d0 - - default default] 10.0.0.5 "GET /v2.0/subnets HTTP/1.1" status: 200 len: 1437 time: 0.0443850
2026-06-13 23:56:16.214 9 INFO neutron.wsgi [None req-cc7b4981-b9c5-47b3-8805-fe6f920bbdb5 ffe9042a33aa4d02b4b0570c5608a184 dadf9082a04b4d8f99ec28f752e4f7d0 - - default default] 10.0.0.5 "GET /v2.0/subnetpools HTTP/1.1" status: 200 len: 193 time: 0.0073295
2026-06-13 23:56:16.536 9 INFO neutron.wsgi [None req-11236d24-5711-4717-a0b0-22adfcab8de1 ffe9042a33aa4d02b4b0570c5608a184 dadf9082a04b4d8f99ec28f752e4f7d0 - - default default] 10.0.0.154 "GET /v2.0/floatingips HTTP/1.1" status: 200 len: 212 time: 0.0253251
2026-06-13 23:56:16.568 9 INFO neutron.wsgi [None req-4bda9f96-efec-41e6-bb8d-0a6247c33a23 ffe9042a33aa4d02b4b0570c5608a184 dadf9082a04b4d8f99ec28f752e4f7d0 - - default default] 10.0.0.154 "GET /v2.0/routers HTTP/1.1" status: 200 len: 208 time: 0.0258102
2026-06-13 23:56:16.621 9 INFO neutron.wsgi [None req-d05eda1e-524d-498f-a690-3e4dc8f5eb07 ffe9042a33aa4d02b4b0570c5608a184 dadf9082a04b4d8f99ec28f752e4f7d0 - - default default] 10.0.0.154 "GET /v2.0/ports HTTP/1.1" status: 200 len: 5370 time: 0.0479591
2026-06-13 23:56:16.662 9 INFO neutron.wsgi [None req-b4486a37-9b09-4548-b097-82f23ada0eae ffe9042a33aa4d02b4b0570c5608a184 dadf9082a04b4d8f99ec28f752e4f7d0 - - default default] 10.0.0.154 "GET /v2.0/subnets HTTP/1.1" status: 200 len: 1456 time: 0.0361419
2026-06-13 23:56:16.731 9 INFO neutron.wsgi [None req-ccf2146c-bddd-46ac-a1a4-e9337b90e2cc ffe9042a33aa4d02b4b0570c5608a184 dadf9082a04b4d8f99ec28f752e4f7d0 - - default default] 10.0.0.154 "GET /v2.0/networks HTTP/1.1" status: 200 len: 2368 time: 0.0653684
2026-06-13 23:56:16.791 10 INFO neutron.wsgi [None req-d6045e74-f759-4553-8d02-dec2bdfb6521 ffe9042a33aa4d02b4b0570c5608a184 dadf9082a04b4d8f99ec28f752e4f7d0 - - default default] 10.0.0.154 "GET /v2.0/security-groups HTTP/1.1" status: 200 len: 17597 time: 0.0539057
2026-06-13 23:56:16.805 10 INFO neutron.wsgi [None req-feeeb089-de5a-4af8-9ae6-5897004abb38 ffe9042a33aa4d02b4b0570c5608a184 dadf9082a04b4d8f99ec28f752e4f7d0 - - default default] 10.0.0.154 "GET /v2.0/subnetpools HTTP/1.1" status: 200 len: 212 time: 0.0089099
2026-06-13 23:56:27.484 9 INFO neutron.db.ovn_revision_numbers_db [None req-9ebaf04d-f052-40fe-817a-ead79106a3bf ffe9042a33aa4d02b4b0570c5608a184 dadf9082a04b4d8f99ec28f752e4f7d0 - - default default] Successfully bumped revision number for resource 72170806-8200-4f5a-bcaa-0fe7de62e4d8 (type: security_groups) to 1
2026-06-13 23:56:27.509 9 INFO neutron.db.ovn_revision_numbers_db [None req-9ebaf04d-f052-40fe-817a-ead79106a3bf ffe9042a33aa4d02b4b0570c5608a184 dadf9082a04b4d8f99ec28f752e4f7d0 - - default default] Successfully bumped revision number for resource 14544d7c-bc53-47c8-974d-b48856700ee3 (type: security_group_rules) to 0
2026-06-13 23:56:27.528 9 INFO neutron.db.ovn_revision_numbers_db [None req-9ebaf04d-f052-40fe-817a-ead79106a3bf ffe9042a33aa4d02b4b0570c5608a184 dadf9082a04b4d8f99ec28f752e4f7d0 - - default default] Successfully bumped revision number for resource 367eab49-6d13-46b0-babf-3aed08aa19ab (type: security_group_rules) to 0
2026-06-13 23:56:27.545 9 INFO neutron.db.ovn_revision_numbers_db [None req-9ebaf04d-f052-40fe-817a-ead79106a3bf ffe9042a33aa4d02b4b0570c5608a184 dadf9082a04b4d8f99ec28f752e4f7d0 - - default default] Successfully bumped revision number for resource 49be5c92-03b2-429e-9bb9-bd30a3618e63 (type: security_group_rules) to 0
2026-06-13 23:56:27.560 9 INFO neutron.db.ovn_revision_numbers_db [None req-9ebaf04d-f052-40fe-817a-ead79106a3bf ffe9042a33aa4d02b4b0570c5608a184 dadf9082a04b4d8f99ec28f752e4f7d0 - - default default] Successfully bumped revision number for resource 5e90cfc6-21d9-43c8-895a-cf8eb99b4c6e (type: security_group_rules) to 0
2026-06-13 23:56:27.612 9 INFO neutron.db.segments_db [None req-9ebaf04d-f052-40fe-817a-ead79106a3bf ffe9042a33aa4d02b4b0570c5608a184 dadf9082a04b4d8f99ec28f752e4f7d0 - - default default] Added segment b7555c59-aefa-4a37-90ac-2a06ea7e923a of type geneve for network 2733cc50-638c-4dec-9adc-e1bd5d549b11
2026-06-13 23:56:27.614 10 INFO neutron.db.ovn_revision_numbers_db [None req-c5fa36ec-d99a-4862-a419-b6e880e76c93 ffe9042a33aa4d02b4b0570c5608a184 dadf9082a04b4d8f99ec28f752e4f7d0 - - default default] Successfully bumped revision number for resource f10ffe8b-bbae-4ec6-be7c-97aac3647a11 (type: security_groups) to 1
2026-06-13 23:56:27.651 10 INFO neutron.db.ovn_revision_numbers_db [None req-c5fa36ec-d99a-4862-a419-b6e880e76c93 ffe9042a33aa4d02b4b0570c5608a184 dadf9082a04b4d8f99ec28f752e4f7d0 - - default default] Successfully bumped revision number for resource 59af94a2-443c-4af2-a958-09da4ce13d4c (type: security_group_rules) to 0
2026-06-13 23:56:27.667 10 INFO neutron.db.ovn_revision_numbers_db [None req-c5fa36ec-d99a-4862-a419-b6e880e76c93 ffe9042a33aa4d02b4b0570c5608a184 dadf9082a04b4d8f99ec28f752e4f7d0 - - default default] Successfully bumped revision number for resource 8cb201c9-fc83-472a-be46-e8fc357c8357 (type: security_group_rules) to 0
2026-06-13 23:56:27.681 10 INFO neutron.db.ovn_revision_numbers_db [None req-c5fa36ec-d99a-4862-a419-b6e880e76c93 ffe9042a33aa4d02b4b0570c5608a184 dadf9082a04b4d8f99ec28f752e4f7d0 - - default default] Successfully bumped revision number for resource da4a9b83-f509-4e26-a137-c3cc174bd930 (type: security_group_rules) to 0
2026-06-13 23:56:27.697 10 INFO neutron.db.ovn_revision_numbers_db [None req-c5fa36ec-d99a-4862-a419-b6e880e76c93 ffe9042a33aa4d02b4b0570c5608a184 dadf9082a04b4d8f99ec28f752e4f7d0 - - default default] Successfully bumped revision number for resource eba37674-6642-4564-b368-5765a83bb2a5 (type: security_group_rules) to 0
2026-06-13 23:56:27.706 10 INFO neutron.db.ovn_revision_numbers_db [None req-6f5dd36f-9e3e-4a7d-8580-452303936c9f ffe9042a33aa4d02b4b0570c5608a184 dadf9082a04b4d8f99ec28f752e4f7d0 - - default default] Successfully bumped revision number for resource e6aa5f21-6e66-43af-9486-49475abee697 (type: security_groups) to 1
2026-06-13 23:56:27.723 10 INFO neutron.db.ovn_revision_numbers_db [None req-6f5dd36f-9e3e-4a7d-8580-452303936c9f ffe9042a33aa4d02b4b0570c5608a184 dadf9082a04b4d8f99ec28f752e4f7d0 - - default default] Successfully bumped revision number for resource 225d5d58-2a4c-43a2-a0a5-48533506569c (type: security_group_rules) to 0
2026-06-13 23:56:27.738 10 INFO neutron.db.ovn_revision_numbers_db [None req-6f5dd36f-9e3e-4a7d-8580-452303936c9f ffe9042a33aa4d02b4b0570c5608a184 dadf9082a04b4d8f99ec28f752e4f7d0 - - default default] Successfully bumped revision number for resource 51627ee8-87da-4820-9264-653d1813333d (type: security_group_rules) to 0
2026-06-13 23:56:27.752 10 INFO neutron.db.segments_db [None req-c5fa36ec-d99a-4862-a419-b6e880e76c93 ffe9042a33aa4d02b4b0570c5608a184 dadf9082a04b4d8f99ec28f752e4f7d0 - - default default] Added segment 2f5284d4-deb9-4799-94c4-afcecec7583c of type geneve for network 1d391bbf-4002-4e71-81c0-c25830d76198
2026-06-13 23:56:27.763 10 INFO neutron.db.ovn_revision_numbers_db [None req-6f5dd36f-9e3e-4a7d-8580-452303936c9f ffe9042a33aa4d02b4b0570c5608a184 dadf9082a04b4d8f99ec28f752e4f7d0 - - default default] Successfully bumped revision number for resource 5acefe52-d705-47ae-af2c-f64e5ccce9dd (type: security_group_rules) to 0
2026-06-13 23:56:27.771 9 INFO neutron.db.ovn_revision_numbers_db [None req-9ebaf04d-f052-40fe-817a-ead79106a3bf ffe9042a33aa4d02b4b0570c5608a184 dadf9082a04b4d8f99ec28f752e4f7d0 - - default default] Successfully bumped revision number for resource 2733cc50-638c-4dec-9adc-e1bd5d549b11 (type: networks) to 1
2026-06-13 23:56:27.780 10 INFO neutron.db.ovn_revision_numbers_db [None req-6f5dd36f-9e3e-4a7d-8580-452303936c9f ffe9042a33aa4d02b4b0570c5608a184 dadf9082a04b4d8f99ec28f752e4f7d0 - - default default] Successfully bumped revision number for resource a049b291-d83b-46ec-9de8-882822ee55b4 (type: security_group_rules) to 0
2026-06-13 23:56:27.855 10 INFO neutron.db.segments_db [None req-6f5dd36f-9e3e-4a7d-8580-452303936c9f ffe9042a33aa4d02b4b0570c5608a184 dadf9082a04b4d8f99ec28f752e4f7d0 - - default default] Added segment b0aae8ef-e8a1-4e69-b08d-453c3f8b7927 of type geneve for network dd85b149-0462-480c-8bae-d9406c55b8f9
2026-06-13 23:56:27.902 10 INFO neutron.db.ovn_revision_numbers_db [None req-c5fa36ec-d99a-4862-a419-b6e880e76c93 ffe9042a33aa4d02b4b0570c5608a184 dadf9082a04b4d8f99ec28f752e4f7d0 - - default default] Successfully bumped revision number for resource 1d391bbf-4002-4e71-81c0-c25830d76198 (type: networks) to 1
2026-06-13 23:56:27.970 9 WARNING neutron.scheduler.dhcp_agent_scheduler [None req-9ebaf04d-f052-40fe-817a-ead79106a3bf ffe9042a33aa4d02b4b0570c5608a184 dadf9082a04b4d8f99ec28f752e4f7d0 - - default default] No more DHCP agents
2026-06-13 23:56:27.974 9 WARNING neutron.api.rpc.agentnotifiers.dhcp_rpc_agent_api [None req-9ebaf04d-f052-40fe-817a-ead79106a3bf ffe9042a33aa4d02b4b0570c5608a184 dadf9082a04b4d8f99ec28f752e4f7d0 - - default default] Unable to schedule network 2733cc50-638c-4dec-9adc-e1bd5d549b11: no agents available; will retry on subsequent port and subnet creation events.
2026-06-13 23:56:28.059 9 INFO neutron.db.ovn_revision_numbers_db [None req-9ebaf04d-f052-40fe-817a-ead79106a3bf ffe9042a33aa4d02b4b0570c5608a184 dadf9082a04b4d8f99ec28f752e4f7d0 - - default default] Successfully bumped revision number for resource 1db01f6a-9cb0-4498-abd4-67f123af34ce (type: ports) to 1
2026-06-13 23:56:28.081 9 INFO neutron.wsgi [None req-9ebaf04d-f052-40fe-817a-ead79106a3bf ffe9042a33aa4d02b4b0570c5608a184 dadf9082a04b4d8f99ec28f752e4f7d0 - - default default] 10.0.0.154 "POST /v2.0/networks HTTP/1.1" status: 201 len: 949 time: 0.9629459
2026-06-13 23:56:28.085 10 INFO neutron.db.ovn_revision_numbers_db [None req-6f5dd36f-9e3e-4a7d-8580-452303936c9f ffe9042a33aa4d02b4b0570c5608a184 dadf9082a04b4d8f99ec28f752e4f7d0 - - default default] Successfully bumped revision number for resource dd85b149-0462-480c-8bae-d9406c55b8f9 (type: networks) to 1
2026-06-13 23:56:28.168 10 WARNING neutron.scheduler.dhcp_agent_scheduler [None req-c5fa36ec-d99a-4862-a419-b6e880e76c93 ffe9042a33aa4d02b4b0570c5608a184 dadf9082a04b4d8f99ec28f752e4f7d0 - - default default] No more DHCP agents
2026-06-13 23:56:28.173 10 WARNING neutron.api.rpc.agentnotifiers.dhcp_rpc_agent_api [None req-c5fa36ec-d99a-4862-a419-b6e880e76c93 ffe9042a33aa4d02b4b0570c5608a184 dadf9082a04b4d8f99ec28f752e4f7d0 - - default default] Unable to schedule network 1d391bbf-4002-4e71-81c0-c25830d76198: no agents available; will retry on subsequent port and subnet creation events.
2026-06-13 23:56:28.242 10 INFO neutron.wsgi [-] 10.0.0.111 "GET / HTTP/1.1" status: 200 len: 246 time: 0.0013027
2026-06-13 23:56:28.243 10 INFO neutron.wsgi [-] 10.0.0.111 "GET / HTTP/1.1" status: 200 len: 246 time: 0.0009453
2026-06-13 23:56:28.282 10 INFO neutron.db.ovn_revision_numbers_db [None req-c5fa36ec-d99a-4862-a419-b6e880e76c93 ffe9042a33aa4d02b4b0570c5608a184 dadf9082a04b4d8f99ec28f752e4f7d0 - - default default] Successfully bumped revision number for resource c675214c-acb8-43da-93f8-87b2aaac9cb1 (type: ports) to 1
2026-06-13 23:56:28.284 9 WARNING neutron.scheduler.dhcp_agent_scheduler [None req-c6a46e32-7a38-45dd-98d5-8fa851cade93 ffe9042a33aa4d02b4b0570c5608a184 dadf9082a04b4d8f99ec28f752e4f7d0 - - default default] No more DHCP agents
2026-06-13 23:56:28.286 9 WARNING neutron.api.rpc.agentnotifiers.dhcp_rpc_agent_api [None req-c6a46e32-7a38-45dd-98d5-8fa851cade93 ffe9042a33aa4d02b4b0570c5608a184 dadf9082a04b4d8f99ec28f752e4f7d0 - - default default] Unable to schedule network 2733cc50-638c-4dec-9adc-e1bd5d549b11: no agents available; will retry on subsequent port and subnet creation events.
2026-06-13 23:56:28.314 10 WARNING neutron.scheduler.dhcp_agent_scheduler [None req-6f5dd36f-9e3e-4a7d-8580-452303936c9f ffe9042a33aa4d02b4b0570c5608a184 dadf9082a04b4d8f99ec28f752e4f7d0 - - default default] No more DHCP agents
2026-06-13 23:56:28.317 10 WARNING neutron.api.rpc.agentnotifiers.dhcp_rpc_agent_api [None req-6f5dd36f-9e3e-4a7d-8580-452303936c9f ffe9042a33aa4d02b4b0570c5608a184 dadf9082a04b4d8f99ec28f752e4f7d0 - - default default] Unable to schedule network dd85b149-0462-480c-8bae-d9406c55b8f9: no agents available; will retry on subsequent port and subnet creation events.
2026-06-13 23:56:28.320 10 INFO neutron.wsgi [None req-c5fa36ec-d99a-4862-a419-b6e880e76c93 ffe9042a33aa4d02b4b0570c5608a184 dadf9082a04b4d8f99ec28f752e4f7d0 - - default default] 10.0.0.154 "POST /v2.0/networks HTTP/1.1" status: 201 len: 947 time: 0.9562187
2026-06-13 23:56:28.398 10 INFO neutron.db.ovn_revision_numbers_db [None req-6f5dd36f-9e3e-4a7d-8580-452303936c9f ffe9042a33aa4d02b4b0570c5608a184 dadf9082a04b4d8f99ec28f752e4f7d0 - - default default] Successfully bumped revision number for resource 905bacea-39fd-4469-a67e-1eb3a4fc3596 (type: ports) to 1
2026-06-13 23:56:28.426 10 INFO neutron.wsgi [None req-6f5dd36f-9e3e-4a7d-8580-452303936c9f ffe9042a33aa4d02b4b0570c5608a184 dadf9082a04b4d8f99ec28f752e4f7d0 - - default default] 10.0.0.154 "POST /v2.0/networks HTTP/1.1" status: 201 len: 950 time: 0.9405963
2026-06-13 23:56:28.609 10 INFO neutron.db.ovn_revision_numbers_db [None req-3eca4eae-43b0-498f-955c-8f782f7a06fa ffe9042a33aa4d02b4b0570c5608a184 dadf9082a04b4d8f99ec28f752e4f7d0 - - default default] Successfully bumped revision number for resource 5d4e90eb-927a-4cb0-9161-d8598aa5cc21 (type: security_groups) to 1
2026-06-13 23:56:28.621 10 WARNING neutron.scheduler.dhcp_agent_scheduler [None req-77257f5e-6dda-4ff8-b863-d9726a6d7278 ffe9042a33aa4d02b4b0570c5608a184 dadf9082a04b4d8f99ec28f752e4f7d0 - - default default] No more DHCP agents
2026-06-13 23:56:28.624 10 WARNING neutron.api.rpc.agentnotifiers.dhcp_rpc_agent_api [None req-77257f5e-6dda-4ff8-b863-d9726a6d7278 ffe9042a33aa4d02b4b0570c5608a184 dadf9082a04b4d8f99ec28f752e4f7d0 - - default default] Unable to schedule network dd85b149-0462-480c-8bae-d9406c55b8f9: no agents available; will retry on subsequent port and subnet creation events.
2026-06-13 23:56:28.635 10 INFO neutron.db.ovn_revision_numbers_db [None req-3eca4eae-43b0-498f-955c-8f782f7a06fa ffe9042a33aa4d02b4b0570c5608a184 dadf9082a04b4d8f99ec28f752e4f7d0 - - default default] Successfully bumped revision number for resource 08924fe7-4a88-46c8-915f-53a9cbc9ff58 (type: security_group_rules) to 0
2026-06-13 23:56:28.660 10 INFO neutron.db.ovn_revision_numbers_db [None req-3eca4eae-43b0-498f-955c-8f782f7a06fa ffe9042a33aa4d02b4b0570c5608a184 dadf9082a04b4d8f99ec28f752e4f7d0 - - default default] Successfully bumped revision number for resource 1b9e40ca-a9e1-4b4e-94b5-35f344d75c65 (type: security_group_rules) to 0
2026-06-13 23:56:28.677 10 INFO neutron.db.ovn_revision_numbers_db [None req-3eca4eae-43b0-498f-955c-8f782f7a06fa ffe9042a33aa4d02b4b0570c5608a184 dadf9082a04b4d8f99ec28f752e4f7d0 - - default default] Successfully bumped revision number for resource 1d89a6be-fdde-4d2b-a5dd-44e385ec46e7 (type: security_group_rules) to 0
2026-06-13 23:56:28.692 10 INFO neutron.db.ovn_revision_numbers_db [None req-3eca4eae-43b0-498f-955c-8f782f7a06fa ffe9042a33aa4d02b4b0570c5608a184 dadf9082a04b4d8f99ec28f752e4f7d0 - - default default] Successfully bumped revision number for resource f378c4d2-fa90-4a02-bc2c-2a1fdf8e32f7 (type: security_group_rules) to 0
2026-06-13 23:56:28.723 9 WARNING neutron.scheduler.dhcp_agent_scheduler [None req-2c65c555-223f-4a99-b05b-432539be7fc3 ffe9042a33aa4d02b4b0570c5608a184 dadf9082a04b4d8f99ec28f752e4f7d0 - - default default] No more DHCP agents
2026-06-13 23:56:28.725 9 WARNING neutron.api.rpc.agentnotifiers.dhcp_rpc_agent_api [None req-2c65c555-223f-4a99-b05b-432539be7fc3 ffe9042a33aa4d02b4b0570c5608a184 dadf9082a04b4d8f99ec28f752e4f7d0 - - default default] Unable to schedule network 1d391bbf-4002-4e71-81c0-c25830d76198: no agents available; will retry on subsequent port and subnet creation events.
2026-06-13 23:56:28.726 10 INFO neutron.wsgi [None req-3eca4eae-43b0-498f-955c-8f782f7a06fa ffe9042a33aa4d02b4b0570c5608a184 dadf9082a04b4d8f99ec28f752e4f7d0 - - default default] 10.0.0.154 "GET /v2.0/security-groups?tenant_id=d13529f6398d43b9aabace91815c7d1a&name=default HTTP/1.1" status: 200 len: 3116 time: 0.3932185
2026-06-13 23:56:29.023 10 INFO neutron.wsgi [None req-47b19422-8454-4b19-8b05-df171347134c ffe9042a33aa4d02b4b0570c5608a184 dadf9082a04b4d8f99ec28f752e4f7d0 - - default default] 10.0.0.154 "DELETE /v2.0/security-groups/5d4e90eb-927a-4cb0-9161-d8598aa5cc21 HTTP/1.1" status: 204 len: 168 time: 0.2884684
2026-06-13 23:56:29.134 9 INFO neutron.db.ovn_revision_numbers_db [None req-c6a46e32-7a38-45dd-98d5-8fa851cade93 ffe9042a33aa4d02b4b0570c5608a184 dadf9082a04b4d8f99ec28f752e4f7d0 - - default default] Successfully bumped revision number for resource 1db01f6a-9cb0-4498-abd4-67f123af34ce (type: ports) to 2
2026-06-13 23:56:29.157 10 INFO neutron.db.ovn_revision_numbers_db [None req-77257f5e-6dda-4ff8-b863-d9726a6d7278 ffe9042a33aa4d02b4b0570c5608a184 dadf9082a04b4d8f99ec28f752e4f7d0 - - default default] Successfully bumped revision number for resource 905bacea-39fd-4469-a67e-1eb3a4fc3596 (type: ports) to 2
2026-06-13 23:56:29.190 9 INFO neutron.db.ovn_revision_numbers_db [None req-c6a46e32-7a38-45dd-98d5-8fa851cade93 ffe9042a33aa4d02b4b0570c5608a184 dadf9082a04b4d8f99ec28f752e4f7d0 - - default default] Successfully bumped revision number for resource 53c1091a-43b1-4b9e-8f96-3b365e044cc9 (type: subnets) to 0
2026-06-13 23:56:29.194 10 INFO neutron.db.ovn_revision_numbers_db [None req-77257f5e-6dda-4ff8-b863-d9726a6d7278 ffe9042a33aa4d02b4b0570c5608a184 dadf9082a04b4d8f99ec28f752e4f7d0 - - default default] Successfully bumped revision number for resource a8653e94-5357-4b6a-a7ff-3dde1062116f (type: subnets) to 0
2026-06-13 23:56:29.209 10 INFO neutron.wsgi [None req-77257f5e-6dda-4ff8-b863-d9726a6d7278 ffe9042a33aa4d02b4b0570c5608a184 dadf9082a04b4d8f99ec28f752e4f7d0 - - default default] 10.0.0.154 "POST /v2.0/subnets HTTP/1.1" status: 201 len: 870 time: 0.7754745
2026-06-13 23:56:29.217 9 INFO neutron.wsgi [None req-c6a46e32-7a38-45dd-98d5-8fa851cade93 ffe9042a33aa4d02b4b0570c5608a184 dadf9082a04b4d8f99ec28f752e4f7d0 - - default default] 10.0.0.154 "POST /v2.0/subnets HTTP/1.1" status: 201 len: 870 time: 1.1288605
2026-06-13 23:56:29.524 9 INFO neutron.db.ovn_revision_numbers_db [None req-2c65c555-223f-4a99-b05b-432539be7fc3 ffe9042a33aa4d02b4b0570c5608a184 dadf9082a04b4d8f99ec28f752e4f7d0 - - default default] Successfully bumped revision number for resource c675214c-acb8-43da-93f8-87b2aaac9cb1 (type: ports) to 2
2026-06-13 23:56:29.567 9 INFO neutron.db.ovn_revision_numbers_db [None req-2c65c555-223f-4a99-b05b-432539be7fc3 ffe9042a33aa4d02b4b0570c5608a184 dadf9082a04b4d8f99ec28f752e4f7d0 - - default default] Successfully bumped revision number for resource 7f642bfe-4e1a-4cce-a0c6-646172dc07ba (type: subnets) to 0
2026-06-13 23:56:29.612 9 INFO neutron.wsgi [None req-2c65c555-223f-4a99-b05b-432539be7fc3 ffe9042a33aa4d02b4b0570c5608a184 dadf9082a04b4d8f99ec28f752e4f7d0 - - default default] 10.0.0.154 "POST /v2.0/subnets HTTP/1.1" status: 201 len: 867 time: 1.2847488
2026-06-13 23:56:29.897 9 WARNING neutron.scheduler.dhcp_agent_scheduler [None req-c69e8734-1bcf-44dd-bb22-45a8b813c0ee ffe9042a33aa4d02b4b0570c5608a184 dadf9082a04b4d8f99ec28f752e4f7d0 - - default default] No more DHCP agents
2026-06-13 23:56:29.899 9 WARNING neutron.api.rpc.agentnotifiers.dhcp_rpc_agent_api [None req-c69e8734-1bcf-44dd-bb22-45a8b813c0ee ffe9042a33aa4d02b4b0570c5608a184 dadf9082a04b4d8f99ec28f752e4f7d0 - - default default] Unable to schedule network 7b8efc48-fb63-4bd9-9cba-92e000cacdfb: no agents available; will retry on subsequent port and subnet creation events.
2026-06-13 23:56:29.940 10 WARNING neutron.scheduler.dhcp_agent_scheduler [None req-7c68b77a-cb50-4c37-bfa6-a420601c68dc ffe9042a33aa4d02b4b0570c5608a184 dadf9082a04b4d8f99ec28f752e4f7d0 - - default default] No more DHCP agents
2026-06-13 23:56:29.943 10 WARNING neutron.api.rpc.agentnotifiers.dhcp_rpc_agent_api [None req-7c68b77a-cb50-4c37-bfa6-a420601c68dc ffe9042a33aa4d02b4b0570c5608a184 dadf9082a04b4d8f99ec28f752e4f7d0 - - default default] Unable to schedule network 7b8efc48-fb63-4bd9-9cba-92e000cacdfb: no agents available; will retry on subsequent port and subnet creation events.
2026-06-13 23:56:30.026 9 INFO neutron.db.ovn_revision_numbers_db [None req-c69e8734-1bcf-44dd-bb22-45a8b813c0ee ffe9042a33aa4d02b4b0570c5608a184 dadf9082a04b4d8f99ec28f752e4f7d0 - - default default] Successfully bumped revision number for resource 70d5e2df-7ecf-4aad-9751-64a086980618 (type: ports) to 1
2026-06-13 23:56:30.100 10 INFO neutron.db.ovn_revision_numbers_db [None req-7c68b77a-cb50-4c37-bfa6-a420601c68dc ffe9042a33aa4d02b4b0570c5608a184 dadf9082a04b4d8f99ec28f752e4f7d0 - - default default] Successfully bumped revision number for resource dc9329b0-6199-4a16-9cc2-65a87094f2e3 (type: ports) to 1
2026-06-13 23:56:30.310 10 WARNING neutron.scheduler.dhcp_agent_scheduler [None req-e0dfefd1-9df3-4696-9738-40c5d0c8a3bc ffe9042a33aa4d02b4b0570c5608a184 dadf9082a04b4d8f99ec28f752e4f7d0 - - default default] No more DHCP agents
2026-06-13 23:56:30.315 10 WARNING neutron.api.rpc.agentnotifiers.dhcp_rpc_agent_api [None req-e0dfefd1-9df3-4696-9738-40c5d0c8a3bc ffe9042a33aa4d02b4b0570c5608a184 dadf9082a04b4d8f99ec28f752e4f7d0 - - default default] Unable to schedule network 7b8efc48-fb63-4bd9-9cba-92e000cacdfb: no agents available; will retry on subsequent port and subnet creation events.
2026-06-13 23:56:30.446 9 INFO neutron.plugins.ml2.drivers.ovn.mech_driver.ovsdb.extensions.qos [None req-c69e8734-1bcf-44dd-bb22-45a8b813c0ee ffe9042a33aa4d02b4b0570c5608a184 dadf9082a04b4d8f99ec28f752e4f7d0 - - default default] Starting OVNClientQosExtension
2026-06-13 23:56:30.528 10 INFO neutron.db.ovn_revision_numbers_db [None req-e0dfefd1-9df3-4696-9738-40c5d0c8a3bc ffe9042a33aa4d02b4b0570c5608a184 dadf9082a04b4d8f99ec28f752e4f7d0 - - default default] Successfully bumped revision number for resource 10f6f087-8b6f-4013-adeb-70fb24861a07 (type: ports) to 1
2026-06-13 23:56:30.602 10 INFO neutron.plugins.ml2.drivers.ovn.mech_driver.ovsdb.extensions.qos [None req-7c68b77a-cb50-4c37-bfa6-a420601c68dc ffe9042a33aa4d02b4b0570c5608a184 dadf9082a04b4d8f99ec28f752e4f7d0 - - default default] Starting OVNClientQosExtension
2026-06-13 23:56:30.815 9 INFO neutron.plugins.ml2.drivers.ovn.mech_driver.ovsdb.commands [None req-672a0582-121a-4b5c-8770-0f6208b840f1 - - - - - -] Schedule LRP lrp-70d5e2df-7ecf-4aad-9751-64a086980618 on gateway db0ea0d5-f39b-4daa-9691-6f0e7c20266c with priority 1
2026-06-13 23:56:30.848 9 INFO neutron.plugins.ml2.drivers.ovn.mech_driver.ovsdb.ovsdb_monitor [-] Router 2fca7d32-d2ac-488d-9bd0-554b741fd3af is bound to host instance
2026-06-13 23:56:30.885 10 INFO neutron.plugins.ml2.drivers.ovn.mech_driver.mech_driver [None req-7f51bcc4-bade-4819-b882-6b2b9175102a - - - - - -] OVN reports status up for port: 70d5e2df-7ecf-4aad-9751-64a086980618
2026-06-13 23:56:30.888 9 INFO neutron.db.ovn_revision_numbers_db [None req-c69e8734-1bcf-44dd-bb22-45a8b813c0ee ffe9042a33aa4d02b4b0570c5608a184 dadf9082a04b4d8f99ec28f752e4f7d0 - - default default] Successfully bumped revision number for resource 70d5e2df-7ecf-4aad-9751-64a086980618 (type: router_ports) to 1
2026-06-13 23:56:30.899 10 INFO neutron.plugins.ml2.plugin [None req-7f51bcc4-bade-4819-b882-6b2b9175102a - - - - - -] Attempt 1 to provision port 70d5e2df-7ecf-4aad-9751-64a086980618
2026-06-13 23:56:30.987 9 INFO neutron.db.ovn_revision_numbers_db [None req-c69e8734-1bcf-44dd-bb22-45a8b813c0ee ffe9042a33aa4d02b4b0570c5608a184 dadf9082a04b4d8f99ec28f752e4f7d0 - - default default] Successfully bumped revision number for resource 2fca7d32-d2ac-488d-9bd0-554b741fd3af (type: routers) to 2
2026-06-13 23:56:31.022 9 INFO neutron.wsgi [None req-c69e8734-1bcf-44dd-bb22-45a8b813c0ee ffe9042a33aa4d02b4b0570c5608a184 dadf9082a04b4d8f99ec28f752e4f7d0 - - default default] 10.0.0.154 "POST /v2.0/routers HTTP/1.1" status: 201 len: 1172 time: 1.7970717
2026-06-13 23:56:31.253 10 INFO neutron.plugins.ml2.drivers.ovn.mech_driver.ovsdb.commands [None req-57c74d76-7977-41bf-be44-b308bb707c93 - - - - - -] Schedule LRP lrp-dc9329b0-6199-4a16-9cc2-65a87094f2e3 on gateway db0ea0d5-f39b-4daa-9691-6f0e7c20266c with priority 1
2026-06-13 23:56:31.306 10 INFO neutron.db.ovn_revision_numbers_db [None req-7c68b77a-cb50-4c37-bfa6-a420601c68dc ffe9042a33aa4d02b4b0570c5608a184 dadf9082a04b4d8f99ec28f752e4f7d0 - - default default] Successfully bumped revision number for resource dc9329b0-6199-4a16-9cc2-65a87094f2e3 (type: router_ports) to 1
2026-06-13 23:56:31.324 10 INFO neutron.db.ovn_revision_numbers_db [None req-a44d30bf-5d7f-4388-8780-90be108d4f1d ffe9042a33aa4d02b4b0570c5608a184 dadf9082a04b4d8f99ec28f752e4f7d0 - - default default] Successfully bumped revision number for resource 916105dd-b59a-4ed0-b6a5-055e19ae860b (type: security_groups) to 1
2026-06-13 23:56:31.353 10 INFO neutron.db.ovn_revision_numbers_db [None req-a44d30bf-5d7f-4388-8780-90be108d4f1d ffe9042a33aa4d02b4b0570c5608a184 dadf9082a04b4d8f99ec28f752e4f7d0 - - default default] Successfully bumped revision number for resource 1d4e61f6-301a-461f-9cb1-f2d29e244e40 (type: security_group_rules) to 0
2026-06-13 23:56:31.387 10 INFO neutron.db.ovn_revision_numbers_db [None req-a44d30bf-5d7f-4388-8780-90be108d4f1d ffe9042a33aa4d02b4b0570c5608a184 dadf9082a04b4d8f99ec28f752e4f7d0 - - default default] Successfully bumped revision number for resource 300b9667-9bb3-4db6-a212-cb3792e8cd1f (type: security_group_rules) to 0
2026-06-13 23:56:31.428 10 INFO neutron.db.ovn_revision_numbers_db [None req-a44d30bf-5d7f-4388-8780-90be108d4f1d ffe9042a33aa4d02b4b0570c5608a184 dadf9082a04b4d8f99ec28f752e4f7d0 - - default default] Successfully bumped revision number for resource 9b6f731b-d3e5-4054-bf71-3d75547ebfdd (type: security_group_rules) to 0
2026-06-13 23:56:31.431 10 INFO neutron.db.ovn_revision_numbers_db [None req-7c68b77a-cb50-4c37-bfa6-a420601c68dc ffe9042a33aa4d02b4b0570c5608a184 dadf9082a04b4d8f99ec28f752e4f7d0 - - default default] Successfully bumped revision number for resource eb31c7fb-a59f-4ed2-a5f2-b9d47b381b18 (type: routers) to 2
2026-06-13 23:56:31.471 10 INFO neutron.wsgi [None req-7c68b77a-cb50-4c37-bfa6-a420601c68dc ffe9042a33aa4d02b4b0570c5608a184 dadf9082a04b4d8f99ec28f752e4f7d0 - - default default] 10.0.0.154 "POST /v2.0/routers HTTP/1.1" status: 201 len: 1172 time: 2.2541695
2026-06-13 23:56:31.472 10 INFO neutron.db.ovn_revision_numbers_db [None req-a44d30bf-5d7f-4388-8780-90be108d4f1d ffe9042a33aa4d02b4b0570c5608a184 dadf9082a04b4d8f99ec28f752e4f7d0 - - default default] Successfully bumped revision number for resource e5d30e6f-77ec-4ec1-8d12-e6393efaa634 (type: security_group_rules) to 0
2026-06-13 23:56:31.537 10 INFO neutron.db.segments_db [None req-a44d30bf-5d7f-4388-8780-90be108d4f1d ffe9042a33aa4d02b4b0570c5608a184 dadf9082a04b4d8f99ec28f752e4f7d0 - - default default] Added segment 83095157-ca0d-40a9-8459-eb681d91ef7a of type geneve for network 30641fc6-69ff-401a-bf72-2ad05cc9369b
2026-06-13 23:56:31.633 10 INFO neutron.plugins.ml2.drivers.ovn.mech_driver.ovsdb.commands [None req-57c74d76-7977-41bf-be44-b308bb707c93 - - - - - -] Schedule LRP lrp-10f6f087-8b6f-4013-adeb-70fb24861a07 on gateway db0ea0d5-f39b-4daa-9691-6f0e7c20266c with priority 1
2026-06-13 23:56:31.701 10 INFO neutron.db.ovn_revision_numbers_db [None req-e0dfefd1-9df3-4696-9738-40c5d0c8a3bc ffe9042a33aa4d02b4b0570c5608a184 dadf9082a04b4d8f99ec28f752e4f7d0 - - default default] Successfully bumped revision number for resource 10f6f087-8b6f-4013-adeb-70fb24861a07 (type: router_ports) to 1
2026-06-13 23:56:31.719 10 INFO neutron.db.ovn_revision_numbers_db [None req-a44d30bf-5d7f-4388-8780-90be108d4f1d ffe9042a33aa4d02b4b0570c5608a184 dadf9082a04b4d8f99ec28f752e4f7d0 - - default default] Successfully bumped revision number for resource 30641fc6-69ff-401a-bf72-2ad05cc9369b (type: networks) to 1
2026-06-13 23:56:31.786 10 INFO neutron.db.ovn_revision_numbers_db [None req-e0dfefd1-9df3-4696-9738-40c5d0c8a3bc ffe9042a33aa4d02b4b0570c5608a184 dadf9082a04b4d8f99ec28f752e4f7d0 - - default default] Successfully bumped revision number for resource 1abc4570-28da-450f-a7c3-35ddaff874d2 (type: routers) to 2
2026-06-13 23:56:31.814 10 INFO neutron.wsgi [None req-e0dfefd1-9df3-4696-9738-40c5d0c8a3bc ffe9042a33aa4d02b4b0570c5608a184 dadf9082a04b4d8f99ec28f752e4f7d0 - - default default] 10.0.0.154 "POST /v2.0/routers HTTP/1.1" status: 201 len: 1169 time: 2.1886082
2026-06-13 23:56:32.053 10 WARNING neutron.scheduler.dhcp_agent_scheduler [None req-a44d30bf-5d7f-4388-8780-90be108d4f1d ffe9042a33aa4d02b4b0570c5608a184 dadf9082a04b4d8f99ec28f752e4f7d0 - - default default] No more DHCP agents
2026-06-13 23:56:32.062 10 WARNING neutron.api.rpc.agentnotifiers.dhcp_rpc_agent_api [None req-a44d30bf-5d7f-4388-8780-90be108d4f1d ffe9042a33aa4d02b4b0570c5608a184 dadf9082a04b4d8f99ec28f752e4f7d0 - - default default] Unable to schedule network 30641fc6-69ff-401a-bf72-2ad05cc9369b: no agents available; will retry on subsequent port and subnet creation events.
2026-06-13 23:56:32.156 9 WARNING neutron.scheduler.dhcp_agent_scheduler [None req-ff7bfcc5-b12c-4520-b8ea-a5107118c0b6 ffe9042a33aa4d02b4b0570c5608a184 dadf9082a04b4d8f99ec28f752e4f7d0 - - default default] No more DHCP agents
2026-06-13 23:56:32.162 9 WARNING neutron.api.rpc.agentnotifiers.dhcp_rpc_agent_api [None req-ff7bfcc5-b12c-4520-b8ea-a5107118c0b6 ffe9042a33aa4d02b4b0570c5608a184 dadf9082a04b4d8f99ec28f752e4f7d0 - - default default] Unable to schedule network 2733cc50-638c-4dec-9adc-e1bd5d549b11: no agents available; will retry on subsequent port and subnet creation events.
2026-06-13 23:56:32.188 10 INFO neutron.db.ovn_revision_numbers_db [None req-a44d30bf-5d7f-4388-8780-90be108d4f1d ffe9042a33aa4d02b4b0570c5608a184 dadf9082a04b4d8f99ec28f752e4f7d0 - - default default] Successfully bumped revision number for resource 97bd1875-4ef6-4134-9b46-70d1930af36c (type: ports) to 1
2026-06-13 23:56:32.215 10 INFO neutron.wsgi [None req-a44d30bf-5d7f-4388-8780-90be108d4f1d ffe9042a33aa4d02b4b0570c5608a184 dadf9082a04b4d8f99ec28f752e4f7d0 - - default default] 10.0.0.154 "POST /v2.0/networks HTTP/1.1" status: 201 len: 953 time: 1.4749269
2026-06-13 23:56:32.395 10 WARNING neutron.scheduler.dhcp_agent_scheduler [None req-485fe147-deff-4f11-b60c-392ead859aae ffe9042a33aa4d02b4b0570c5608a184 dadf9082a04b4d8f99ec28f752e4f7d0 - - default default] No more DHCP agents
2026-06-13 23:56:32.399 10 WARNING neutron.api.rpc.agentnotifiers.dhcp_rpc_agent_api [None req-485fe147-deff-4f11-b60c-392ead859aae ffe9042a33aa4d02b4b0570c5608a184 dadf9082a04b4d8f99ec28f752e4f7d0 - - default default] Unable to schedule network 30641fc6-69ff-401a-bf72-2ad05cc9369b: no agents available; will retry on subsequent port and subnet creation events.
2026-06-13 23:56:32.430 9 INFO neutron.db.ovn_revision_numbers_db [None req-ab46c11e-e476-4e28-b476-30ebb8a685c9 - - - - - -] Successfully bumped revision number for resource 70d5e2df-7ecf-4aad-9751-64a086980618 (type: ports) to 1
2026-06-13 23:56:32.550 9 INFO neutron.db.ovn_revision_numbers_db [None req-ff7bfcc5-b12c-4520-b8ea-a5107118c0b6 ffe9042a33aa4d02b4b0570c5608a184 dadf9082a04b4d8f99ec28f752e4f7d0 - - default default] Successfully bumped revision number for resource 54af1e59-aaaf-4179-b3e8-e503720b1b19 (type: ports) to 1
2026-06-13 23:56:32.560 9 WARNING neutron.scheduler.dhcp_agent_scheduler [None req-d6a53fba-89c6-43b2-a5f7-68376b4b59a0 ffe9042a33aa4d02b4b0570c5608a184 dadf9082a04b4d8f99ec28f752e4f7d0 - - default default] No more DHCP agents
2026-06-13 23:56:32.564 9 WARNING neutron.api.rpc.agentnotifiers.dhcp_rpc_agent_api [None req-d6a53fba-89c6-43b2-a5f7-68376b4b59a0 ffe9042a33aa4d02b4b0570c5608a184 dadf9082a04b4d8f99ec28f752e4f7d0 - - default default] Unable to schedule network dd85b149-0462-480c-8bae-d9406c55b8f9: no agents available; will retry on subsequent port and subnet creation events.
2026-06-13 23:56:32.602 10 WARNING neutron.scheduler.dhcp_agent_scheduler [None req-3e8a1712-5820-4031-9c98-0e59e00b8e1b ffe9042a33aa4d02b4b0570c5608a184 dadf9082a04b4d8f99ec28f752e4f7d0 - - default default] No more DHCP agents
2026-06-13 23:56:32.606 10 WARNING neutron.api.rpc.agentnotifiers.dhcp_rpc_agent_api [None req-3e8a1712-5820-4031-9c98-0e59e00b8e1b ffe9042a33aa4d02b4b0570c5608a184 dadf9082a04b4d8f99ec28f752e4f7d0 - - default default] Unable to schedule network 1d391bbf-4002-4e71-81c0-c25830d76198: no agents available; will retry on subsequent port and subnet creation events.
2026-06-13 23:56:32.769 10 INFO neutron.db.ovn_revision_numbers_db [None req-3e8a1712-5820-4031-9c98-0e59e00b8e1b ffe9042a33aa4d02b4b0570c5608a184 dadf9082a04b4d8f99ec28f752e4f7d0 - - default default] Successfully bumped revision number for resource 27a10c5f-7f90-4845-8678-67dffa3ed74f (type: ports) to 1
2026-06-13 23:56:32.913 9 INFO neutron.db.ovn_revision_numbers_db [None req-d6a53fba-89c6-43b2-a5f7-68376b4b59a0 ffe9042a33aa4d02b4b0570c5608a184 dadf9082a04b4d8f99ec28f752e4f7d0 - - default default] Successfully bumped revision number for resource 5e64f298-f7d0-4ee3-8ded-7678173babfe (type: ports) to 1
2026-06-13 23:56:33.174 10 INFO neutron.db.ovn_revision_numbers_db [None req-485fe147-deff-4f11-b60c-392ead859aae ffe9042a33aa4d02b4b0570c5608a184 dadf9082a04b4d8f99ec28f752e4f7d0 - - default default] Successfully bumped revision number for resource 97bd1875-4ef6-4134-9b46-70d1930af36c (type: ports) to 2
2026-06-13 23:56:33.223 10 INFO neutron.db.ovn_revision_numbers_db [None req-485fe147-deff-4f11-b60c-392ead859aae ffe9042a33aa4d02b4b0570c5608a184 dadf9082a04b4d8f99ec28f752e4f7d0 - - default default] Successfully bumped revision number for resource 21a023cf-1f3b-40fc-893f-d66c01fd17de (type: subnets) to 0
2026-06-13 23:56:33.242 10 INFO neutron.wsgi [None req-485fe147-deff-4f11-b60c-392ead859aae ffe9042a33aa4d02b4b0570c5608a184 dadf9082a04b4d8f99ec28f752e4f7d0 - - default default] 10.0.0.154 "POST /v2.0/subnets HTTP/1.1" status: 201 len: 874 time: 1.0214257
2026-06-13 23:56:33.275 9 INFO neutron.db.ovn_revision_numbers_db [None req-ab46c11e-e476-4e28-b476-30ebb8a685c9 - - - - - -] Successfully bumped revision number for resource 70d5e2df-7ecf-4aad-9751-64a086980618 (type: router_ports) to 3
2026-06-13 23:56:33.569 10 ERROR ovsdbapp.backend.ovs_idl.command [None req-3e8a1712-5820-4031-9c98-0e59e00b8e1b ffe9042a33aa4d02b4b0570c5608a184 dadf9082a04b4d8f99ec28f752e4f7d0 - - default default] Error executing command (DbGetCommand): ovsdbapp.backend.ovs_idl.idlutils.RowNotFound: Cannot find Logical_Router_Port with name=lrp-27a10c5f-7f90-4845-8678-67dffa3ed74f
2026-06-13 23:56:33.569 10 ERROR ovsdbapp.backend.ovs_idl.command
Traceback (most recent call last):
2026-06-13 23:56:33.569 10 ERROR ovsdbapp.backend.ovs_idl.command
File "/var/lib/openstack/lib/python3.10/site-packages/ovsdbapp/backend/ovs_idl/command.py", line 47, in execute
2026-06-13 23:56:33.569 10 ERROR ovsdbapp.backend.ovs_idl.command self.run_idl(None)
2026-06-13 23:56:33.569 10 ERROR ovsdbapp.backend.ovs_idl.command
File "/var/lib/openstack/lib/python3.10/site-packages/ovsdbapp/backend/ovs_idl/command.py", line 235, in run_idl
2026-06-13 23:56:33.569 10 ERROR ovsdbapp.backend.ovs_idl.command record = self.api.lookup(self.table, self.record)
2026-06-13 23:56:33.569 10 ERROR ovsdbapp.backend.ovs_idl.command
File "/var/lib/openstack/lib/python3.10/site-packages/ovsdbapp/backend/ovs_idl/__init__.py", line 184, in lookup
2026-06-13 23:56:33.569 10 ERROR ovsdbapp.backend.ovs_idl.command return self._lookup(table, record)
2026-06-13 23:56:33.569 10 ERROR ovsdbapp.backend.ovs_idl.command
File "/var/lib/openstack/lib/python3.10/site-packages/ovsdbapp/backend/ovs_idl/__init__.py", line 235, in _lookup
2026-06-13 23:56:33.569 10 ERROR ovsdbapp.backend.ovs_idl.command row = idlutils.row_by_value(self, rl.table, rl.column, record)
2026-06-13 23:56:33.569 10 ERROR ovsdbapp.backend.ovs_idl.command
File "/var/lib/openstack/lib/python3.10/site-packages/ovsdbapp/backend/ovs_idl/idlutils.py", line 114, in row_by_value
2026-06-13 23:56:33.569 10 ERROR ovsdbapp.backend.ovs_idl.command raise RowNotFound(table=table, col=column, match=match)
2026-06-13 23:56:33.569 10 ERROR ovsdbapp.backend.ovs_idl.command ovsdbapp.backend.ovs_idl.idlutils.RowNotFound: Cannot find Logical_Router_Port with name=lrp-27a10c5f-7f90-4845-8678-67dffa3ed74f
2026-06-13 23:56:33.569 10 ERROR ovsdbapp.backend.ovs_idl.command 
2026-06-13 23:56:33.570 10 ERROR neutron_lib.callbacks.manager [None req-3e8a1712-5820-4031-9c98-0e59e00b8e1b ffe9042a33aa4d02b4b0570c5608a184 dadf9082a04b4d8f99ec28f752e4f7d0 - - default default] Error during notification for neutron.services.ovn_l3.plugin.OVNL3RouterPlugin._port_update-8748536747741 port, after_update: ovsdbapp.backend.ovs_idl.idlutils.RowNotFound: Cannot find Logical_Router_Port with name=lrp-27a10c5f-7f90-4845-8678-67dffa3ed74f
2026-06-13 23:56:33.570 10 ERROR neutron_lib.callbacks.manager
Traceback (most recent call last):
2026-06-13 23:56:33.570 10 ERROR neutron_lib.callbacks.manager
File "/var/lib/openstack/lib/python3.10/site-packages/neutron_lib/callbacks/manager.py", line 189, in _notify_loop
2026-06-13 23:56:33.570 10 ERROR neutron_lib.callbacks.manager callback.method(resource, event, trigger, payload=payload)
2026-06-13 23:56:33.570 10 ERROR neutron_lib.callbacks.manager
File "/var/lib/openstack/lib/python3.10/site-packages/neutron/services/ovn_l3/plugin.py", line 391, in _port_update
2026-06-13 23:56:33.570 10 ERROR neutron_lib.callbacks.manager l3plugin._ovn_client.update_router_port(context,
2026-06-13 23:56:33.570 10 ERROR neutron_lib.callbacks.manager
File "/var/lib/openstack/lib/python3.10/site-packages/neutron/plugins/ml2/drivers/ovn/mech_driver/ovsdb/ovn_client.py", line 1878, in update_router_port
2026-06-13 23:56:33.570 10 ERROR neutron_lib.callbacks.manager self._update_lrouter_port(context, port, if_exists=if_exists,
2026-06-13 23:56:33.570 10 ERROR neutron_lib.callbacks.manager
File "/var/lib/openstack/lib/python3.10/site-packages/neutron/plugins/ml2/drivers/ovn/mech_driver/ovsdb/ovn_client.py", line 1855, in _update_lrouter_port
2026-06-13 23:56:33.570 10 ERROR neutron_lib.callbacks.manager external_ids = self._nb_idl.db_get(
2026-06-13 23:56:33.570 10 ERROR neutron_lib.callbacks.manager
File "/var/lib/openstack/lib/python3.10/site-packages/ovsdbapp/backend/ovs_idl/command.py", line 47, in execute
2026-06-13 23:56:33.570 10 ERROR neutron_lib.callbacks.manager self.run_idl(None)
2026-06-13 23:56:33.570 10 ERROR neutron_lib.callbacks.manager
File "/var/lib/openstack/lib/python3.10/site-packages/ovsdbapp/backend/ovs_idl/command.py", line 235, in run_idl
2026-06-13 23:56:33.570 10 ERROR neutron_lib.callbacks.manager record = self.api.lookup(self.table, self.record)
2026-06-13 23:56:33.570 10 ERROR neutron_lib.callbacks.manager
File "/var/lib/openstack/lib/python3.10/site-packages/ovsdbapp/backend/ovs_idl/__init__.py", line 184, in lookup
2026-06-13 23:56:33.570 10 ERROR neutron_lib.callbacks.manager return self._lookup(table, record)
2026-06-13 23:56:33.570 10 ERROR neutron_lib.callbacks.manager
File "/var/lib/openstack/lib/python3.10/site-packages/ovsdbapp/backend/ovs_idl/__init__.py", line 235, in _lookup
2026-06-13 23:56:33.570 10 ERROR neutron_lib.callbacks.manager row = idlutils.row_by_value(self, rl.table, rl.column, record)
2026-06-13 23:56:33.570 10 ERROR neutron_lib.callbacks.manager
File "/var/lib/openstack/lib/python3.10/site-packages/ovsdbapp/backend/ovs_idl/idlutils.py", line 114, in row_by_value
2026-06-13 23:56:33.570 10 ERROR neutron_lib.callbacks.manager raise RowNotFound(table=table, col=column, match=match)
2026-06-13 23:56:33.570 10 ERROR neutron_lib.callbacks.manager ovsdbapp.backend.ovs_idl.idlutils.RowNotFound: Cannot find Logical_Router_Port with name=lrp-27a10c5f-7f90-4845-8678-67dffa3ed74f
2026-06-13 23:56:33.570 10 ERROR neutron_lib.callbacks.manager 
2026-06-13 23:56:33.621 9 INFO neutron.db.ovn_revision_numbers_db [None req-ab46c11e-e476-4e28-b476-30ebb8a685c9 - - - - - -] Successfully bumped revision number for resource 70d5e2df-7ecf-4aad-9751-64a086980618 (type: ports) to 2
2026-06-13 23:56:33.656 9 ERROR ovsdbapp.backend.ovs_idl.command [None req-ff7bfcc5-b12c-4520-b8ea-a5107118c0b6 ffe9042a33aa4d02b4b0570c5608a184 dadf9082a04b4d8f99ec28f752e4f7d0 - - default default] Error executing command (DbGetCommand): ovsdbapp.backend.ovs_idl.idlutils.RowNotFound: Cannot find Logical_Router_Port with name=lrp-54af1e59-aaaf-4179-b3e8-e503720b1b19
2026-06-13 23:56:33.656 9 ERROR ovsdbapp.backend.ovs_idl.command
Traceback (most recent call last):
2026-06-13 23:56:33.656 9 ERROR ovsdbapp.backend.ovs_idl.command
File "/var/lib/openstack/lib/python3.10/site-packages/ovsdbapp/backend/ovs_idl/command.py", line 47, in execute
2026-06-13 23:56:33.656 9 ERROR ovsdbapp.backend.ovs_idl.command self.run_idl(None)
2026-06-13 23:56:33.656 9 ERROR ovsdbapp.backend.ovs_idl.command
File "/var/lib/openstack/lib/python3.10/site-packages/ovsdbapp/backend/ovs_idl/command.py", line 235, in run_idl
2026-06-13 23:56:33.656 9 ERROR ovsdbapp.backend.ovs_idl.command record = self.api.lookup(self.table, self.record)
2026-06-13 23:56:33.656 9 ERROR ovsdbapp.backend.ovs_idl.command
File "/var/lib/openstack/lib/python3.10/site-packages/ovsdbapp/backend/ovs_idl/__init__.py", line 184, in lookup
2026-06-13 23:56:33.656 9 ERROR ovsdbapp.backend.ovs_idl.command return self._lookup(table, record)
2026-06-13 23:56:33.656 9 ERROR ovsdbapp.backend.ovs_idl.command
File "/var/lib/openstack/lib/python3.10/site-packages/ovsdbapp/backend/ovs_idl/__init__.py", line 235, in _lookup
2026-06-13 23:56:33.656 9 ERROR ovsdbapp.backend.ovs_idl.command row = idlutils.row_by_value(self, rl.table, rl.column, record)
2026-06-13 23:56:33.656 9 ERROR ovsdbapp.backend.ovs_idl.command
File "/var/lib/openstack/lib/python3.10/site-packages/ovsdbapp/backend/ovs_idl/idlutils.py", line 114, in row_by_value
2026-06-13 23:56:33.656 9 ERROR ovsdbapp.backend.ovs_idl.command raise RowNotFound(table=table, col=column, match=match)
2026-06-13 23:56:33.656 9 ERROR ovsdbapp.backend.ovs_idl.command ovsdbapp.backend.ovs_idl.idlutils.RowNotFound: Cannot find Logical_Router_Port with name=lrp-54af1e59-aaaf-4179-b3e8-e503720b1b19
2026-06-13 23:56:33.656 9 ERROR ovsdbapp.backend.ovs_idl.command 
2026-06-13 23:56:33.657 9 ERROR neutron_lib.callbacks.manager [None req-ff7bfcc5-b12c-4520-b8ea-a5107118c0b6 ffe9042a33aa4d02b4b0570c5608a184 dadf9082a04b4d8f99ec28f752e4f7d0 - - default default] Error during notification for neutron.services.ovn_l3.plugin.OVNL3RouterPlugin._port_update-8748536747741 port, after_update: ovsdbapp.backend.ovs_idl.idlutils.RowNotFound: Cannot find Logical_Router_Port with name=lrp-54af1e59-aaaf-4179-b3e8-e503720b1b19
2026-06-13 23:56:33.657 9 ERROR neutron_lib.callbacks.manager
Traceback (most recent call last):
2026-06-13 23:56:33.657 9 ERROR neutron_lib.callbacks.manager
File "/var/lib/openstack/lib/python3.10/site-packages/neutron_lib/callbacks/manager.py", line 189, in _notify_loop
2026-06-13 23:56:33.657 9 ERROR neutron_lib.callbacks.manager callback.method(resource, event, trigger, payload=payload)
2026-06-13 23:56:33.657 9 ERROR neutron_lib.callbacks.manager
File "/var/lib/openstack/lib/python3.10/site-packages/neutron/services/ovn_l3/plugin.py", line 391, in _port_update
2026-06-13 23:56:33.657 9 ERROR neutron_lib.callbacks.manager l3plugin._ovn_client.update_router_port(context,
2026-06-13 23:56:33.657 9 ERROR neutron_lib.callbacks.manager
File "/var/lib/openstack/lib/python3.10/site-packages/neutron/plugins/ml2/drivers/ovn/mech_driver/ovsdb/ovn_client.py", line 1878, in update_router_port
2026-06-13 23:56:33.657 9 ERROR neutron_lib.callbacks.manager self._update_lrouter_port(context, port, if_exists=if_exists,
2026-06-13 23:56:33.657 9 ERROR neutron_lib.callbacks.manager
File "/var/lib/openstack/lib/python3.10/site-packages/neutron/plugins/ml2/drivers/ovn/mech_driver/ovsdb/ovn_client.py", line 1855, in _update_lrouter_port
2026-06-13 23:56:33.657 9 ERROR neutron_lib.callbacks.manager external_ids = self._nb_idl.db_get(
2026-06-13 23:56:33.657 9 ERROR neutron_lib.callbacks.manager
File "/var/lib/openstack/lib/python3.10/site-packages/ovsdbapp/backend/ovs_idl/command.py", line 47, in execute
2026-06-13 23:56:33.657 9 ERROR neutron_lib.callbacks.manager self.run_idl(None)
2026-06-13 23:56:33.657 9 ERROR neutron_lib.callbacks.manager
File "/var/lib/openstack/lib/python3.10/site-packages/ovsdbapp/backend/ovs_idl/command.py", line 235, in run_idl
2026-06-13 23:56:33.657 9 ERROR neutron_lib.callbacks.manager record = self.api.lookup(self.table, self.record)
2026-06-13 23:56:33.657 9 ERROR neutron_lib.callbacks.manager
File "/var/lib/openstack/lib/python3.10/site-packages/ovsdbapp/backend/ovs_idl/__init__.py", line 184, in lookup
2026-06-13 23:56:33.657 9 ERROR neutron_lib.callbacks.manager return self._lookup(table, record)
2026-06-13 23:56:33.657 9 ERROR neutron_lib.callbacks.manager
File "/var/lib/openstack/lib/python3.10/site-packages/ovsdbapp/backend/ovs_idl/__init__.py", line 235, in _lookup
2026-06-13 23:56:33.657 9 ERROR neutron_lib.callbacks.manager row = idlutils.row_by_value(self, rl.table, rl.column, record)
2026-06-13 23:56:33.657 9 ERROR neutron_lib.callbacks.manager
File "/var/lib/openstack/lib/python3.10/site-packages/ovsdbapp/backend/ovs_idl/idlutils.py", line 114, in row_by_value
2026-06-13 23:56:33.657 9 ERROR neutron_lib.callbacks.manager raise RowNotFound(table=table, col=column, match=match)
2026-06-13 23:56:33.657 9 ERROR neutron_lib.callbacks.manager ovsdbapp.backend.ovs_idl.idlutils.RowNotFound: Cannot find Logical_Router_Port with name=lrp-54af1e59-aaaf-4179-b3e8-e503720b1b19
2026-06-13 23:56:33.657 9 ERROR neutron_lib.callbacks.manager 
2026-06-13 23:56:33.931 10 INFO neutron.db.ovn_revision_numbers_db [None req-3e8a1712-5820-4031-9c98-0e59e00b8e1b ffe9042a33aa4d02b4b0570c5608a184 dadf9082a04b4d8f99ec28f752e4f7d0 - - default default] Successfully bumped revision number for resource 27a10c5f-7f90-4845-8678-67dffa3ed74f (type: ports) to 1
2026-06-13 23:56:33.938 10 WARNING neutron.scheduler.dhcp_agent_scheduler [None req-ac06f4d1-cbc2-4ae2-8732-e6f410a77447 ffe9042a33aa4d02b4b0570c5608a184 dadf9082a04b4d8f99ec28f752e4f7d0 - - default default] No more DHCP agents
2026-06-13 23:56:33.941 10 WARNING neutron.api.rpc.agentnotifiers.dhcp_rpc_agent_api [None req-ac06f4d1-cbc2-4ae2-8732-e6f410a77447 ffe9042a33aa4d02b4b0570c5608a184 dadf9082a04b4d8f99ec28f752e4f7d0 - - default default] Unable to schedule network 7b8efc48-fb63-4bd9-9cba-92e000cacdfb: no agents available; will retry on subsequent port and subnet creation events.
2026-06-13 23:56:33.990 9 INFO neutron.plugins.ml2.drivers.ovn.mech_driver.mech_driver [None req-994a81b5-3fe4-49cd-b805-57da2d353614 - - - - - -] OVN reports status up for port: 27a10c5f-7f90-4845-8678-67dffa3ed74f
2026-06-13 23:56:34.012 9 INFO neutron.plugins.ml2.plugin [None req-994a81b5-3fe4-49cd-b805-57da2d353614 - - - - - -] Attempt 1 to provision port 27a10c5f-7f90-4845-8678-67dffa3ed74f
2026-06-13 23:56:34.012 10 INFO neutron.plugins.ml2.drivers.ovn.mech_driver.mech_driver [None req-7f51bcc4-bade-4819-b882-6b2b9175102a - - - - - -] OVN reports status up for port: dc9329b0-6199-4a16-9cc2-65a87094f2e3
2026-06-13 23:56:34.030 10 INFO neutron.plugins.ml2.plugin [None req-7f51bcc4-bade-4819-b882-6b2b9175102a - - - - - -] Attempt 1 to provision port dc9329b0-6199-4a16-9cc2-65a87094f2e3
2026-06-13 23:56:34.046 10 WARNING neutron.scheduler.dhcp_agent_scheduler [None req-3e8a1712-5820-4031-9c98-0e59e00b8e1b ffe9042a33aa4d02b4b0570c5608a184 dadf9082a04b4d8f99ec28f752e4f7d0 - - default default] No more DHCP agents
2026-06-13 23:56:34.048 10 WARNING neutron.api.rpc.agentnotifiers.dhcp_rpc_agent_api [None req-3e8a1712-5820-4031-9c98-0e59e00b8e1b ffe9042a33aa4d02b4b0570c5608a184 dadf9082a04b4d8f99ec28f752e4f7d0 - - default default] Unable to schedule network 1d391bbf-4002-4e71-81c0-c25830d76198: no agents available; will retry on subsequent port and subnet creation events.
