2026-06-13 23:59:50.246 9 INFO neutron.wsgi [None req-9de5da75-a7d2-47f3-bf8b-3e368c816e01 db52d7c6266a4b99adb7bc66bf4bfb3e 8ca505e5171a4653b698ef04dc41d717 - - default default] 10.0.0.154 "GET /v2.0/networks?tags=red HTTP/1.1" status: 200 len: 2069 time: 0.0802007
2026-06-13 23:59:50.268 10 INFO neutron.db.ovn_revision_numbers_db [None req-7f51bcc4-bade-4819-b882-6b2b9175102a - - - - - -] Successfully bumped revision number for resource 8ac85b1f-49f7-472e-af93-f021cf7c1b08 (type: ports) to 5
2026-06-13 23:59:50.339 9 INFO neutron.wsgi [None req-c61ea11f-69f8-495a-a041-8c1207c9de5c db52d7c6266a4b99adb7bc66bf4bfb3e 8ca505e5171a4653b698ef04dc41d717 - - default default] 10.0.0.154 "GET /v2.0/networks?tags=red%2Cblue HTTP/1.1" status: 200 len: 1456 time: 0.0883267
2026-06-13 23:59:50.413 9 INFO neutron.wsgi [None req-c5832984-19cd-4c77-96aa-9821d06e48c8 db52d7c6266a4b99adb7bc66bf4bfb3e 8ca505e5171a4653b698ef04dc41d717 - - default default] 10.0.0.154 "GET /v2.0/networks?tags-any=blue HTTP/1.1" status: 200 len: 1456 time: 0.0690668
2026-06-13 23:59:50.480 9 INFO neutron.wsgi [None req-b9c5f033-7087-4abc-9449-896e807a4811 db52d7c6266a4b99adb7bc66bf4bfb3e 8ca505e5171a4653b698ef04dc41d717 - - default default] 10.0.0.154 "GET /v2.0/networks?tags-any=red%2Cblue HTTP/1.1" status: 200 len: 2069 time: 0.0622301
2026-06-13 23:59:50.614 9 INFO neutron.wsgi [None req-4b6abae8-42c2-4d72-a82f-5517fe1597a9 db52d7c6266a4b99adb7bc66bf4bfb3e 8ca505e5171a4653b698ef04dc41d717 - - default default] 10.0.0.154 "GET /v2.0/networks?not-tags=red HTTP/1.1" status: 200 len: 2067 time: 0.1295364
2026-06-13 23:59:50.658 10 INFO neutron.db.l3_db [req-edc4a914-e404-447b-b646-a9f269e097fe req-eb2ae69b-d672-48e0-88a8-4afb819781c2 39722df709be4183ba86ab3aa5e06cf1 799d194f5d38429c823455ee4e158f96 - - default default] Floating IP 08711318-e664-4a5f-96c9-423c0c4e36ac disassociated. External IP: 10.96.250.211, port: 8ac85b1f-49f7-472e-af93-f021cf7c1b08.
2026-06-13 23:59:50.736 9 INFO neutron.wsgi [None req-a349d887-3535-4ca6-9b8a-9ec4e21bc62b db52d7c6266a4b99adb7bc66bf4bfb3e 8ca505e5171a4653b698ef04dc41d717 - - default default] 10.0.0.154 "GET /v2.0/networks?not-tags=red%2Cblue HTTP/1.1" status: 200 len: 2680 time: 0.1175003
2026-06-13 23:59:50.798 10 INFO neutron.wsgi [req-edc4a914-e404-447b-b646-a9f269e097fe req-eb2ae69b-d672-48e0-88a8-4afb819781c2 39722df709be4183ba86ab3aa5e06cf1 799d194f5d38429c823455ee4e158f96 - - default default] 199.204.45.65 "DELETE /v2.0/ports/8ac85b1f-49f7-472e-af93-f021cf7c1b08 HTTP/1.1" status: 204 len: 173 time: 0.6163824
2026-06-13 23:59:50.853 9 INFO neutron.wsgi [None req-6feb372d-bf1c-476e-946d-2cbd82002d44 db52d7c6266a4b99adb7bc66bf4bfb3e 8ca505e5171a4653b698ef04dc41d717 - - default default] 10.0.0.154 "GET /v2.0/networks?not-tags-any=blue HTTP/1.1" status: 200 len: 2680 time: 0.1125889 /var/lib/openstack/lib/python3.10/site-packages/pycadf/identifier.py:71: UserWarning: Invalid uuid: neutron. To ensure interoperability, identifiers should be a valid uuid. warnings.warn(('Invalid uuid: %s. To ensure interoperability, '
2026-06-13 23:59:50.970 10 INFO neutron.wsgi [None req-7f12bff1-3c62-48f4-ad40-b63201207512 db52d7c6266a4b99adb7bc66bf4bfb3e 8ca505e5171a4653b698ef04dc41d717 - - default default] 10.0.0.154 "GET /v2.0/networks?not-tags-any=red%2Cblue HTTP/1.1" status: 200 len: 2067 time: 0.1115592
2026-06-13 23:59:51.014 10 WARNING neutron_lib.context [None req-3110a4fb-c938-4797-b9b3-b41f7e573f79 c092e53104ce4cc39113311d70da2b04 2ee5de22920d4495aff16335ad745b3b - - default default] Method 'is_advsvc' is deprecated since 2023.2 release (neutron-lib 3.8.0) and will be removed once support for the old RBAC API policies will be removed from Neutron. Please use method 'is_service_role' instead.
2026-06-13 23:59:51.077 10 INFO neutron.wsgi [req-befde7ef-f7a5-4dd5-99ea-c378911d17ab req-5f9ace58-ea1b-4026-b218-4551aa98bb3b 39722df709be4183ba86ab3aa5e06cf1 799d194f5d38429c823455ee4e158f96 - - default default] 10.0.0.84 "GET /v2.0/ports?device_id=d97f7f13-f3ab-4039-b85f-963b906fcd9a HTTP/1.1" status: 200 len: 210 time: 0.0279925
2026-06-13 23:59:51.088 10 INFO neutron.wsgi [None req-3110a4fb-c938-4797-b9b3-b41f7e573f79 c092e53104ce4cc39113311d70da2b04 2ee5de22920d4495aff16335ad745b3b - - default default] 10.0.0.154 "POST /v2.0/subnetpools HTTP/1.1" status: 201 len: 715 time: 0.2533090
2026-06-13 23:59:51.096 10 WARNING neutron_lib.context [None req-af798a84-40de-46a2-9cb6-b0d5290399ca c092e53104ce4cc39113311d70da2b04 2ee5de22920d4495aff16335ad745b3b - - default default] Method 'is_advsvc' is deprecated since 2023.2 release (neutron-lib 3.8.0) and will be removed once support for the old RBAC API policies will be removed from Neutron. Please use method 'is_service_role' instead.
2026-06-13 23:59:51.160 10 INFO neutron.wsgi [None req-af798a84-40de-46a2-9cb6-b0d5290399ca c092e53104ce4cc39113311d70da2b04 2ee5de22920d4495aff16335ad745b3b - - default default] 10.0.0.154 "POST /v2.0/subnetpools HTTP/1.1" status: 201 len: 715 time: 0.0679355
2026-06-13 23:59:51.170 10 WARNING neutron_lib.context [None req-5ef1736a-90a3-4179-b66d-11122b109ef1 c092e53104ce4cc39113311d70da2b04 2ee5de22920d4495aff16335ad745b3b - - default default] Method 'is_advsvc' is deprecated since 2023.2 release (neutron-lib 3.8.0) and will be removed once support for the old RBAC API policies will be removed from Neutron. Please use method 'is_service_role' instead.
2026-06-13 23:59:51.231 10 INFO neutron.wsgi [None req-5ef1736a-90a3-4179-b66d-11122b109ef1 c092e53104ce4cc39113311d70da2b04 2ee5de22920d4495aff16335ad745b3b - - default default] 10.0.0.154 "POST /v2.0/subnetpools HTTP/1.1" status: 201 len: 715 time: 0.0667653
2026-06-13 23:59:51.240 10 WARNING neutron_lib.context [None req-f4421a21-7fd1-4807-bd18-6b306cdbd9ba c092e53104ce4cc39113311d70da2b04 2ee5de22920d4495aff16335ad745b3b - - default default] Method 'is_advsvc' is deprecated since 2023.2 release (neutron-lib 3.8.0) and will be removed once support for the old RBAC API policies will be removed from Neutron. Please use method 'is_service_role' instead.
2026-06-13 23:59:51.295 10 INFO neutron.wsgi [None req-f4421a21-7fd1-4807-bd18-6b306cdbd9ba c092e53104ce4cc39113311d70da2b04 2ee5de22920d4495aff16335ad745b3b - - default default] 10.0.0.154 "POST /v2.0/subnetpools HTTP/1.1" status: 201 len: 715 time: 0.0586443
2026-06-13 23:59:51.309 9 WARNING neutron_lib.context [None req-3114bdd9-f762-4a7f-a539-26adb4e26cc1 c092e53104ce4cc39113311d70da2b04 2ee5de22920d4495aff16335ad745b3b - - default default] Method 'is_advsvc' is deprecated since 2023.2 release (neutron-lib 3.8.0) and will be removed once support for the old RBAC API policies will be removed from Neutron. Please use method 'is_service_role' instead.
2026-06-13 23:59:51.361 9 INFO neutron.wsgi [None req-3114bdd9-f762-4a7f-a539-26adb4e26cc1 c092e53104ce4cc39113311d70da2b04 2ee5de22920d4495aff16335ad745b3b - - default default] 10.0.0.154 "POST /v2.0/subnetpools HTTP/1.1" status: 201 len: 715 time: 0.0600984
2026-06-13 23:59:51.382 10 INFO neutron.services.segments.plugin [-] Segment 5390e0c0-20d8-467b-98d5-fd324af62587 resource provider aggregate not found
2026-06-13 23:59:51.386 10 INFO neutron.services.segments.plugin [-] Segment 5390e0c0-20d8-467b-98d5-fd324af62587 resource provider aggregate not found
2026-06-13 23:59:51.399 9 INFO neutron.wsgi [None req-b0b954ac-f962-447d-8d60-16e647144a83 c092e53104ce4cc39113311d70da2b04 2ee5de22920d4495aff16335ad745b3b - - default default] 10.0.0.154 "PUT /v2.0/subnetpools/96564415-8d23-4313-9f26-81131a47905a/tags HTTP/1.1" status: 200 len: 210 time: 0.0343819
2026-06-13 23:59:51.402 10 INFO neutron.services.segments.plugin [-] Segment 5390e0c0-20d8-467b-98d5-fd324af62587 resource provider not found; error: Placement Client Error (4xx): {"errors": [{"status": 404, "title": "Not Found", "detail": "The resource could not be found.\n\n No resource provider with uuid 5390e0c0-20d8-467b-98d5-fd324af62587 found for delete ", "request_id": "req-2274da5e-a1bc-47df-8c6e-d3f08e034e3d"}]}
2026-06-13 23:59:51.405 10 INFO neutron.services.segments.plugin [-] Segment 5390e0c0-20d8-467b-98d5-fd324af62587 resource provider not found; error: Placement Client Error (4xx): {"errors": [{"status": 404, "title": "Not Found", "detail": "The resource could not be found.\n\n No resource provider with uuid 5390e0c0-20d8-467b-98d5-fd324af62587 found for delete ", "request_id": "req-76b73694-84e7-4cf6-a6a7-77465f11ac10"}]}
2026-06-13 23:59:51.424 10 INFO neutron.wsgi [None req-0918b490-717d-4661-a627-53d404079961 db52d7c6266a4b99adb7bc66bf4bfb3e 8ca505e5171a4653b698ef04dc41d717 - - default default] 10.0.0.154 "DELETE /v2.0/networks/8f0fe52f-f765-46ac-abbb-378867a6d8a9 HTTP/1.1" status: 204 len: 168 time: 0.4488702
2026-06-13 23:59:51.472 9 INFO neutron.wsgi [None req-d286e0cc-cd48-4cdf-b509-a10cc3a04f60 c092e53104ce4cc39113311d70da2b04 2ee5de22920d4495aff16335ad745b3b - - default default] 10.0.0.154 "PUT /v2.0/subnetpools/757fcc72-400f-4e74-8f2f-88ccd7f76419/tags HTTP/1.1" status: 200 len: 218 time: 0.0672624
2026-06-13 23:59:51.516 10 INFO neutron.wsgi [None req-79be64fb-60a8-46a0-b32c-1ed4532d7d15 c092e53104ce4cc39113311d70da2b04 2ee5de22920d4495aff16335ad745b3b - - default default] 10.0.0.154 "PUT /v2.0/subnetpools/1f883707-004e-4de7-a687-933d9ef9b4cb/tags HTTP/1.1" status: 200 len: 227 time: 0.0399086
2026-06-13 23:59:51.584 9 INFO neutron.wsgi [None req-0fd7f512-be7c-4927-9ed0-6e89c84d91f2 c092e53104ce4cc39113311d70da2b04 2ee5de22920d4495aff16335ad745b3b - - default default] 10.0.0.154 "PUT /v2.0/subnetpools/5755daa4-a2ca-41de-b21b-b0d682bc0a5c/tags HTTP/1.1" status: 200 len: 212 time: 0.0561316
2026-06-13 23:59:51.622 10 INFO neutron.wsgi [None req-de7da747-0396-44dc-9e6b-a3c688f13b8f c092e53104ce4cc39113311d70da2b04 2ee5de22920d4495aff16335ad745b3b - - default default] 10.0.0.154 "GET /v2.0/subnetpools?tags=red HTTP/1.1" status: 200 len: 1758 time: 0.0314662
2026-06-13 23:59:51.648 10 INFO neutron.wsgi [None req-1727ea70-5da3-4ab1-820f-ae299fd5b331 c092e53104ce4cc39113311d70da2b04 2ee5de22920d4495aff16335ad745b3b - - default default] 10.0.0.154 "GET /v2.0/subnetpools?tags=red%2Cblue HTTP/1.1" status: 200 len: 1251 time: 0.0211663
2026-06-13 23:59:51.676 10 INFO neutron.wsgi [None req-f4ac7aac-7033-4db0-b807-c33f64e759c9 c092e53104ce4cc39113311d70da2b04 2ee5de22920d4495aff16335ad745b3b - - default default] 10.0.0.154 "GET /v2.0/subnetpools?tags-any=blue HTTP/1.1" status: 200 len: 1251 time: 0.0234327
2026-06-13 23:59:51.704 10 INFO neutron.wsgi [None req-f51382bd-95d3-475a-9f95-c96b7968b0f1 c092e53104ce4cc39113311d70da2b04 2ee5de22920d4495aff16335ad745b3b - - default default] 10.0.0.154 "GET /v2.0/subnetpools?tags-any=red%2Cblue HTTP/1.1" status: 200 len: 1758 time: 0.0229430
2026-06-13 23:59:51.732 10 INFO neutron.wsgi [None req-dd6c4fb9-e958-43a2-96ca-8e6721a7854f c092e53104ce4cc39113311d70da2b04 2ee5de22920d4495aff16335ad745b3b - - default default] 10.0.0.154 "GET /v2.0/subnetpools?not-tags=red HTTP/1.1" status: 200 len: 1223 time: 0.0234563
2026-06-13 23:59:51.763 10 INFO neutron.wsgi [None req-51eda42a-1f38-4a63-8eb8-b0ba7249bdb5 c092e53104ce4cc39113311d70da2b04 2ee5de22920d4495aff16335ad745b3b - - default default] 10.0.0.154 "GET /v2.0/subnetpools?not-tags=red%2Cblue HTTP/1.1" status: 200 len: 1730 time: 0.0268764
2026-06-13 23:59:51.794 10 INFO neutron.wsgi [None req-27ac4473-5e1e-44ec-998c-3c40575644a3 c092e53104ce4cc39113311d70da2b04 2ee5de22920d4495aff16335ad745b3b - - default default] 10.0.0.154 "GET /v2.0/subnetpools?not-tags-any=blue HTTP/1.1" status: 200 len: 1730 time: 0.0243835
2026-06-13 23:59:51.874 9 INFO neutron.services.segments.plugin [-] Segment da669df5-98e4-452e-9b15-0be22733d15f resource provider aggregate not found
2026-06-13 23:59:51.882 9 INFO neutron.services.segments.plugin [-] Segment da669df5-98e4-452e-9b15-0be22733d15f resource provider aggregate not found
2026-06-13 23:59:51.893 9 INFO neutron.services.segments.plugin [-] Segment da669df5-98e4-452e-9b15-0be22733d15f resource provider not found; error: Placement Client Error (4xx): {"errors": [{"status": 404, "title": "Not Found", "detail": "The resource could not be found.\n\n No resource provider with uuid da669df5-98e4-452e-9b15-0be22733d15f found for delete ", "request_id": "req-48796b79-c508-4e93-aeac-48044db4cde4"}]}
2026-06-13 23:59:51.895 9 INFO neutron.services.segments.plugin [-] Segment da669df5-98e4-452e-9b15-0be22733d15f resource provider not found; error: Placement Client Error (4xx): {"errors": [{"status": 404, "title": "Not Found", "detail": "The resource could not be found.\n\n No resource provider with uuid da669df5-98e4-452e-9b15-0be22733d15f found for delete ", "request_id": "req-5b8f8ed9-05e1-4682-8e0c-c49c95001dde"}]}
2026-06-13 23:59:51.918 9 INFO neutron.wsgi [None req-11dbdcb2-0e7e-4f3d-a99d-1e6385ced66b db52d7c6266a4b99adb7bc66bf4bfb3e 8ca505e5171a4653b698ef04dc41d717 - - default default] 10.0.0.154 "DELETE /v2.0/networks/aa454208-b2bd-49de-930e-f1a9172dab5e HTTP/1.1" status: 204 len: 168 time: 0.4881513
2026-06-13 23:59:52.062 10 INFO neutron.wsgi [None req-e320a99b-66d4-41af-8907-c6090d676997 c092e53104ce4cc39113311d70da2b04 2ee5de22920d4495aff16335ad745b3b - - default default] 10.0.0.154 "GET /v2.0/subnetpools?not-tags-any=red%2Cblue HTTP/1.1" status: 200 len: 1223 time: 0.2636354
2026-06-13 23:59:52.093 10 INFO neutron.notifiers.nova [-] Nova event matching ['req-ae81ce64-e263-4267-a426-96dabcbd8677'] response: {'server_uuid': 'd97f7f13-f3ab-4039-b85f-963b906fcd9a', 'name': 'network-vif-unplugged', 'status': 'completed', 'tag': '8ac85b1f-49f7-472e-af93-f021cf7c1b08', 'code': 200}
2026-06-13 23:59:52.093 10 INFO neutron.notifiers.nova [-] Nova event matching ['req-ae81ce64-e263-4267-a426-96dabcbd8677'] response: {'server_uuid': 'd97f7f13-f3ab-4039-b85f-963b906fcd9a', 'name': 'network-vif-deleted', 'tag': '8ac85b1f-49f7-472e-af93-f021cf7c1b08', 'status': 'completed', 'code': 200}
2026-06-13 23:59:52.125 10 INFO neutron.wsgi [None req-681f5ddb-ada6-4f4c-9c74-b2cb0241df1d c092e53104ce4cc39113311d70da2b04 2ee5de22920d4495aff16335ad745b3b - - default default] 10.0.0.154 "DELETE /v2.0/subnetpools/96564415-8d23-4313-9f26-81131a47905a HTTP/1.1" status: 204 len: 168 time: 0.0579677
2026-06-13 23:59:52.215 10 INFO neutron.wsgi [None req-14b14375-f9d4-49da-a92e-56153b963651 c092e53104ce4cc39113311d70da2b04 2ee5de22920d4495aff16335ad745b3b - - default default] 10.0.0.154 "DELETE /v2.0/subnetpools/757fcc72-400f-4e74-8f2f-88ccd7f76419 HTTP/1.1" status: 204 len: 168 time: 0.0849848
2026-06-13 23:59:52.295 9 INFO neutron.wsgi [None req-d5585335-37b0-44bd-aba7-c3eea5a8799f c092e53104ce4cc39113311d70da2b04 2ee5de22920d4495aff16335ad745b3b - - default default] 10.0.0.154 "DELETE /v2.0/subnetpools/1f883707-004e-4de7-a687-933d9ef9b4cb HTTP/1.1" status: 204 len: 168 time: 0.0751045
2026-06-13 23:59:52.329 10 INFO neutron.wsgi [None req-f56615b6-95d7-4397-9aec-7b8555b52c9a 39722df709be4183ba86ab3aa5e06cf1 799d194f5d38429c823455ee4e158f96 - - default default] 10.0.0.154 "DELETE /v2.0/security-groups/a3dc0bb1-1445-4a53-8cfc-30c4022e209f HTTP/1.1" status: 204 len: 168 time: 0.1934123
2026-06-13 23:59:52.330 9 INFO neutron.wsgi [None req-a035e6f6-1917-4236-8436-6010a573f446 db52d7c6266a4b99adb7bc66bf4bfb3e 8ca505e5171a4653b698ef04dc41d717 - - default default] 10.0.0.154 "DELETE /v2.0/networks/f8b2418f-cad4-4e84-8817-46ab6c319988 HTTP/1.1" status: 204 len: 168 time: 0.4039164
2026-06-13 23:59:52.355 10 INFO neutron.wsgi [None req-12febd29-7366-4afd-8e5d-75fa22d538fa c092e53104ce4cc39113311d70da2b04 2ee5de22920d4495aff16335ad745b3b - - default default] 10.0.0.154 "DELETE /v2.0/subnetpools/5755daa4-a2ca-41de-b21b-b0d682bc0a5c HTTP/1.1" status: 204 len: 168 time: 0.0552046
2026-06-13 23:59:52.472 10 INFO neutron.wsgi [None req-cdd2a345-c256-4b15-abb7-81b114ddc04f c092e53104ce4cc39113311d70da2b04 2ee5de22920d4495aff16335ad745b3b - - default default] 10.0.0.154 "DELETE /v2.0/subnetpools/3517df27-2428-45ee-adf5-f9febd74ea7b HTTP/1.1" status: 204 len: 168 time: 0.1114533
2026-06-13 23:59:52.750 10 INFO neutron.wsgi [None req-2db4ed83-86bb-4e68-ab0e-d4e2a03a66a8 39722df709be4183ba86ab3aa5e06cf1 799d194f5d38429c823455ee4e158f96 - - default default] 10.0.0.154 "DELETE /v2.0/floatingips/08711318-e664-4a5f-96c9-423c0c4e36ac HTTP/1.1" status: 204 len: 168 time: 0.3800621
2026-06-13 23:59:52.750 9 INFO neutron.wsgi [None req-da4f60d1-a6fc-4e1f-9799-d773c7b769e2 db52d7c6266a4b99adb7bc66bf4bfb3e 8ca505e5171a4653b698ef04dc41d717 - - default default] 10.0.0.154 "DELETE /v2.0/networks/41938a33-4506-4469-9b53-90b705b117da HTTP/1.1" status: 204 len: 168 time: 0.4148839
2026-06-13 23:59:52.954 10 INFO neutron.plugins.ml2.drivers.ovn.mech_driver.mech_driver [None req-7f51bcc4-bade-4819-b882-6b2b9175102a - - - - - -] OVN reports status down for port: c8cccd06-a5b4-4064-9220-59f404b2dfe8
2026-06-13 23:59:52.986 9 INFO neutron.wsgi [req-4ee1b2f0-4f44-4003-b239-1d88ee1fd4ea req-377095ff-2636-4730-912d-53fda26d6a1a 39722df709be4183ba86ab3aa5e06cf1 799d194f5d38429c823455ee4e158f96 - - default default] 10.0.0.84 "GET /v2.0/ports?device_id=547e4cc2-51f8-4710-9aec-b16025af176d HTTP/1.1" status: 200 len: 1170 time: 0.0904577
2026-06-13 23:59:53.033 9 INFO neutron.wsgi [req-4ee1b2f0-4f44-4003-b239-1d88ee1fd4ea req-ae579e0a-ace6-463f-90bd-cf2671c57108 39722df709be4183ba86ab3aa5e06cf1 799d194f5d38429c823455ee4e158f96 - - default default] 10.0.0.84 "GET /v2.0/security-groups?id=0d20463f-b836-408c-9aec-f7313b09917e&fields=id&fields=name HTTP/1.1" status: 200 len: 312 time: 0.0418458
2026-06-13 23:59:53.205 10 INFO neutron.wsgi [None req-c0fc5ecd-afd3-49ba-91dd-5567ee7aa1f9 db52d7c6266a4b99adb7bc66bf4bfb3e 8ca505e5171a4653b698ef04dc41d717 - - default default] 10.0.0.154 "DELETE /v2.0/networks/67852794-3cae-4ccb-b4a5-ba11173c4177 HTTP/1.1" status: 204 len: 168 time: 0.4492879
2026-06-13 23:59:53.273 10 INFO neutron.wsgi [req-f2e6c118-bfdd-4da3-8a48-f198e5fa7d84 req-687016d3-c4f7-44a8-b8fa-51e4f413fbc8 39722df709be4183ba86ab3aa5e06cf1 799d194f5d38429c823455ee4e158f96 - - default default] 199.204.45.65 "GET /v2.0/ports?device_id=547e4cc2-51f8-4710-9aec-b16025af176d HTTP/1.1" status: 200 len: 1168 time: 0.0453868
2026-06-13 23:59:53.349 10 INFO neutron.db.ovn_revision_numbers_db [None req-7f51bcc4-bade-4819-b882-6b2b9175102a - - - - - -] Successfully bumped revision number for resource c8cccd06-a5b4-4064-9220-59f404b2dfe8 (type: ports) to 5
2026-06-13 23:59:53.437 10 INFO neutron.services.segments.plugin [-] Segment 694c923c-899c-4ea3-90cc-5a4706d374c0 resource provider aggregate not found
2026-06-13 23:59:53.444 10 INFO neutron.services.segments.plugin [-] Segment 694c923c-899c-4ea3-90cc-5a4706d374c0 resource provider aggregate not found
2026-06-13 23:59:53.464 10 INFO neutron.services.segments.plugin [-] Segment 694c923c-899c-4ea3-90cc-5a4706d374c0 resource provider not found; error: Placement Client Error (4xx): {"errors": [{"status": 404, "title": "Not Found", "detail": "The resource could not be found.\n\n No resource provider with uuid 694c923c-899c-4ea3-90cc-5a4706d374c0 found for delete ", "request_id": "req-dbfdc387-b7fe-4a15-ab2e-7f9e4c24ccdc"}]}
2026-06-13 23:59:53.464 10 INFO neutron.services.segments.plugin [-] Segment 694c923c-899c-4ea3-90cc-5a4706d374c0 resource provider not found; error: Placement Client Error (4xx): {"errors": [{"status": 404, "title": "Not Found", "detail": "The resource could not be found.\n\n No resource provider with uuid 694c923c-899c-4ea3-90cc-5a4706d374c0 found for delete ", "request_id": "req-f147d743-7abe-4365-95bd-aef39caebbff"}]} /var/lib/openstack/lib/python3.10/site-packages/pycadf/identifier.py:71: UserWarning: Invalid uuid: neutron. To ensure interoperability, identifiers should be a valid uuid. warnings.warn(('Invalid uuid: %s. To ensure interoperability, '
2026-06-13 23:59:53.670 10 INFO neutron.wsgi [req-f2e6c118-bfdd-4da3-8a48-f198e5fa7d84 req-beb59f79-4772-403e-b96a-52e78feae858 39722df709be4183ba86ab3aa5e06cf1 799d194f5d38429c823455ee4e158f96 - - default default] 199.204.45.65 "DELETE /v2.0/ports/c8cccd06-a5b4-4064-9220-59f404b2dfe8 HTTP/1.1" status: 204 len: 173 time: 0.3918109
2026-06-13 23:59:53.674 10 INFO neutron.db.ovn_revision_numbers_db [None req-be352aba-fa7c-4553-8ea7-19e8a8d312e6 ffe9042a33aa4d02b4b0570c5608a184 dadf9082a04b4d8f99ec28f752e4f7d0 - - default default] Successfully bumped revision number for resource e52bddaf-0ee7-4532-ad1a-81ed3d7dd91b (type: security_groups) to 1
2026-06-13 23:59:53.688 10 INFO neutron.db.ovn_revision_numbers_db [None req-be352aba-fa7c-4553-8ea7-19e8a8d312e6 ffe9042a33aa4d02b4b0570c5608a184 dadf9082a04b4d8f99ec28f752e4f7d0 - - default default] Successfully bumped revision number for resource 1de6bfa5-f527-47eb-9d73-43e6e52a14c0 (type: security_group_rules) to 0
2026-06-13 23:59:53.700 10 INFO neutron.db.ovn_revision_numbers_db [None req-be352aba-fa7c-4553-8ea7-19e8a8d312e6 ffe9042a33aa4d02b4b0570c5608a184 dadf9082a04b4d8f99ec28f752e4f7d0 - - default default] Successfully bumped revision number for resource 291c1e80-783d-4036-97a7-d27f59e6bc5c (type: security_group_rules) to 0
2026-06-13 23:59:53.714 10 INFO neutron.db.ovn_revision_numbers_db [None req-be352aba-fa7c-4553-8ea7-19e8a8d312e6 ffe9042a33aa4d02b4b0570c5608a184 dadf9082a04b4d8f99ec28f752e4f7d0 - - default default] Successfully bumped revision number for resource c25ae643-d569-49d7-ae66-cccf0c58cb04 (type: security_group_rules) to 0
2026-06-13 23:59:53.725 10 INFO neutron.db.ovn_revision_numbers_db [None req-be352aba-fa7c-4553-8ea7-19e8a8d312e6 ffe9042a33aa4d02b4b0570c5608a184 dadf9082a04b4d8f99ec28f752e4f7d0 - - default default] Successfully bumped revision number for resource e2e1de7f-dfd0-47ba-94af-36a191c06541 (type: security_group_rules) to 0
2026-06-13 23:59:53.746 10 INFO neutron.wsgi [None req-be352aba-fa7c-4553-8ea7-19e8a8d312e6 ffe9042a33aa4d02b4b0570c5608a184 dadf9082a04b4d8f99ec28f752e4f7d0 - - default default] 10.0.0.154 "GET /v2.0/security-groups?tenant_id=bec850094216403981495993a5ff4e85&name=default HTTP/1.1" status: 200 len: 3120 time: 0.4215348
2026-06-13 23:59:53.977 9 INFO neutron.services.segments.plugin [-] Segment 5af869c8-ad28-4d5c-a601-805b0a045bd0 resource provider aggregate not found
2026-06-13 23:59:53.983 9 INFO neutron.services.segments.plugin [-] Segment 5af869c8-ad28-4d5c-a601-805b0a045bd0 resource provider aggregate not found
2026-06-13 23:59:53.995 9 INFO neutron.services.segments.plugin [-] Segment 5af869c8-ad28-4d5c-a601-805b0a045bd0 resource provider not found; error: Placement Client Error (4xx): {"errors": [{"status": 404, "title": "Not Found", "detail": "The resource could not be found.\n\n No resource provider with uuid 5af869c8-ad28-4d5c-a601-805b0a045bd0 found for delete ", "request_id": "req-7a758545-8270-4021-a188-4d3b9ea38d5f"}]}
2026-06-13 23:59:54.000 9 INFO neutron.services.segments.plugin [-] Segment 5af869c8-ad28-4d5c-a601-805b0a045bd0 resource provider not found; error: Placement Client Error (4xx): {"errors": [{"status": 404, "title": "Not Found", "detail": "The resource could not be found.\n\n No resource provider with uuid 5af869c8-ad28-4d5c-a601-805b0a045bd0 found for delete ", "request_id": "req-3c23302e-754f-4ff7-85ef-f9cdc6e62344"}]}
2026-06-13 23:59:54.006 9 INFO neutron.services.segments.plugin [-] Segment a865bb49-3997-4f4c-ab4c-a3f5bb1fab77 resource provider aggregate not found
2026-06-13 23:59:54.011 9 INFO neutron.services.segments.plugin [-] Segment a865bb49-3997-4f4c-ab4c-a3f5bb1fab77 resource provider aggregate not found
2026-06-13 23:59:54.017 9 INFO neutron.services.segments.plugin [-] Segment a865bb49-3997-4f4c-ab4c-a3f5bb1fab77 resource provider not found; error: Placement Client Error (4xx): {"errors": [{"status": 404, "title": "Not Found", "detail": "The resource could not be found.\n\n No resource provider with uuid a865bb49-3997-4f4c-ab4c-a3f5bb1fab77 found for delete ", "request_id": "req-4537f8a4-e7c3-4895-bc4c-c4cabe0c9fff"}]}
2026-06-13 23:59:54.023 9 INFO neutron.services.segments.plugin [-] Segment a865bb49-3997-4f4c-ab4c-a3f5bb1fab77 resource provider not found; error: Placement Client Error (4xx): {"errors": [{"status": 404, "title": "Not Found", "detail": "The resource could not be found.\n\n No resource provider with uuid a865bb49-3997-4f4c-ab4c-a3f5bb1fab77 found for delete ", "request_id": "req-93f0e633-3150-4e39-9067-eb06cba95a98"}]}
2026-06-13 23:59:54.029 9 INFO neutron.wsgi [None req-e239a80b-9d9b-4aea-899b-d1c1c9abbae8 ffe9042a33aa4d02b4b0570c5608a184 dadf9082a04b4d8f99ec28f752e4f7d0 - - default default] 10.0.0.154 "DELETE /v2.0/security-groups/e52bddaf-0ee7-4532-ad1a-81ed3d7dd91b HTTP/1.1" status: 204 len: 168 time: 0.2765934
2026-06-13 23:59:54.136 10 INFO neutron.wsgi [req-5d2dce53-43fb-4a49-84c8-0117b492a880 req-13f607ea-8994-4518-b0e6-0eb17bd90c7d 39722df709be4183ba86ab3aa5e06cf1 799d194f5d38429c823455ee4e158f96 - - default default] 10.0.0.84 "GET /v2.0/ports?device_id=547e4cc2-51f8-4710-9aec-b16025af176d HTTP/1.1" status: 200 len: 210 time: 0.0213971
2026-06-13 23:59:54.138 10 INFO neutron.notifiers.nova [-] Nova event matching ['req-9d171a10-39e2-4dbc-9925-1fd82aac681b'] response: {'server_uuid': '547e4cc2-51f8-4710-9aec-b16025af176d', 'name': 'network-vif-unplugged', 'status': 'completed', 'tag': 'c8cccd06-a5b4-4064-9220-59f404b2dfe8', 'code': 200}
2026-06-13 23:59:54.138 10 INFO neutron.notifiers.nova [-] Nova event matching ['req-9d171a10-39e2-4dbc-9925-1fd82aac681b'] response: {'server_uuid': '547e4cc2-51f8-4710-9aec-b16025af176d', 'name': 'network-vif-unplugged', 'status': 'completed', 'tag': 'c8cccd06-a5b4-4064-9220-59f404b2dfe8', 'code': 200}
2026-06-13 23:59:54.138 10 INFO neutron.notifiers.nova [-] Nova event matching ['req-9d171a10-39e2-4dbc-9925-1fd82aac681b'] response: {'server_uuid': '547e4cc2-51f8-4710-9aec-b16025af176d', 'name': 'network-vif-deleted', 'tag': 'c8cccd06-a5b4-4064-9220-59f404b2dfe8', 'status': 'completed', 'code': 200}
2026-06-13 23:59:54.310 10 INFO neutron.db.ovn_revision_numbers_db [None req-0873c2f7-7b61-43d2-a9dc-2a9d26a4e896 ffe9042a33aa4d02b4b0570c5608a184 dadf9082a04b4d8f99ec28f752e4f7d0 - - default default] Successfully bumped revision number for resource 206c4139-9661-4534-8110-55b0dc142ae3 (type: security_groups) to 1
2026-06-13 23:59:54.324 10 INFO neutron.db.ovn_revision_numbers_db [None req-0873c2f7-7b61-43d2-a9dc-2a9d26a4e896 ffe9042a33aa4d02b4b0570c5608a184 dadf9082a04b4d8f99ec28f752e4f7d0 - - default default] Successfully bumped revision number for resource 8f6f01c0-d50c-4fce-90e8-e1db4001c7d1 (type: security_group_rules) to 0
2026-06-13 23:59:54.338 10 INFO neutron.db.ovn_revision_numbers_db [None req-0873c2f7-7b61-43d2-a9dc-2a9d26a4e896 ffe9042a33aa4d02b4b0570c5608a184 dadf9082a04b4d8f99ec28f752e4f7d0 - - default default] Successfully bumped revision number for resource ab47dc06-552a-4d9e-bee7-a8a54426db4d (type: security_group_rules) to 0
2026-06-13 23:59:54.354 10 INFO neutron.db.ovn_revision_numbers_db [None req-0873c2f7-7b61-43d2-a9dc-2a9d26a4e896 ffe9042a33aa4d02b4b0570c5608a184 dadf9082a04b4d8f99ec28f752e4f7d0 - - default default] Successfully bumped revision number for resource c0988380-a50a-4bc1-97de-badc95b15e52 (type: security_group_rules) to 0
2026-06-13 23:59:54.367 10 INFO neutron.db.ovn_revision_numbers_db [None req-0873c2f7-7b61-43d2-a9dc-2a9d26a4e896 ffe9042a33aa4d02b4b0570c5608a184 dadf9082a04b4d8f99ec28f752e4f7d0 - - default default] Successfully bumped revision number for resource ef98f548-70e3-432f-8c3a-2aa4df4fa5c2 (type: security_group_rules) to 0
2026-06-13 23:59:54.389 10 INFO neutron.wsgi [None req-0873c2f7-7b61-43d2-a9dc-2a9d26a4e896 ffe9042a33aa4d02b4b0570c5608a184 dadf9082a04b4d8f99ec28f752e4f7d0 - - default default] 10.0.0.154 "GET /v2.0/security-groups?tenant_id=fe28c18b6cce40bfa72833015c0f181c&name=default HTTP/1.1" status: 200 len: 3120 time: 0.2086468
2026-06-13 23:59:54.463 9 INFO neutron.db.ovn_revision_numbers_db [None req-46423245-fc29-4271-903b-a40b9cdb3ff4 ffe9042a33aa4d02b4b0570c5608a184 dadf9082a04b4d8f99ec28f752e4f7d0 - - default default] Successfully bumped revision number for resource 9e136dc7-3bcb-439a-ae67-0021be0be70b (type: security_groups) to 1
2026-06-13 23:59:54.477 9 INFO neutron.db.ovn_revision_numbers_db [None req-46423245-fc29-4271-903b-a40b9cdb3ff4 ffe9042a33aa4d02b4b0570c5608a184 dadf9082a04b4d8f99ec28f752e4f7d0 - - default default] Successfully bumped revision number for resource 099f1e99-f6c0-4194-b223-b196ab953654 (type: security_group_rules) to 0
2026-06-13 23:59:54.494 9 INFO neutron.db.ovn_revision_numbers_db [None req-46423245-fc29-4271-903b-a40b9cdb3ff4 ffe9042a33aa4d02b4b0570c5608a184 dadf9082a04b4d8f99ec28f752e4f7d0 - - default default] Successfully bumped revision number for resource 09eb2ffc-9fe4-4d03-9852-d3d647c61592 (type: security_group_rules) to 0
2026-06-13 23:59:54.510 9 INFO neutron.db.ovn_revision_numbers_db [None req-46423245-fc29-4271-903b-a40b9cdb3ff4 ffe9042a33aa4d02b4b0570c5608a184 dadf9082a04b4d8f99ec28f752e4f7d0 - - default default] Successfully bumped revision number for resource 7764eee0-e4d7-40b7-9698-bb2956b36d6d (type: security_group_rules) to 0
2026-06-13 23:59:54.525 9 INFO neutron.db.ovn_revision_numbers_db [None req-46423245-fc29-4271-903b-a40b9cdb3ff4 ffe9042a33aa4d02b4b0570c5608a184 dadf9082a04b4d8f99ec28f752e4f7d0 - - default default] Successfully bumped revision number for resource 78ec5ce2-558a-4f6d-9f50-755e8e12596e (type: security_group_rules) to 0
2026-06-13 23:59:54.547 9 INFO neutron.wsgi [None req-46423245-fc29-4271-903b-a40b9cdb3ff4 ffe9042a33aa4d02b4b0570c5608a184 dadf9082a04b4d8f99ec28f752e4f7d0 - - default default] 10.0.0.154 "GET /v2.0/security-groups?tenant_id=843b8488cb964b368ee545f52f09cb1e&name=default HTTP/1.1" status: 200 len: 3120 time: 0.4503100
2026-06-13 23:59:54.664 10 INFO neutron.wsgi [None req-9206e70e-1a7a-405a-99f6-a0e3534525ea ffe9042a33aa4d02b4b0570c5608a184 dadf9082a04b4d8f99ec28f752e4f7d0 - - default default] 10.0.0.154 "DELETE /v2.0/security-groups/206c4139-9661-4534-8110-55b0dc142ae3 HTTP/1.1" status: 204 len: 168 time: 0.2684035
2026-06-13 23:59:54.776 10 INFO neutron.wsgi [None req-90529f19-2fa7-4939-9723-1fc4eb984b68 ffe9042a33aa4d02b4b0570c5608a184 dadf9082a04b4d8f99ec28f752e4f7d0 - - default default] 10.0.0.154 "DELETE /v2.0/security-groups/9e136dc7-3bcb-439a-ae67-0021be0be70b HTTP/1.1" status: 204 len: 168 time: 0.2219827
2026-06-13 23:59:54.877 10 INFO neutron.db.ovn_revision_numbers_db [None req-539358d7-2a8d-487b-bc35-836ea25b4115 ffe9042a33aa4d02b4b0570c5608a184 dadf9082a04b4d8f99ec28f752e4f7d0 - - default default] Successfully bumped revision number for resource 5a33e113-10a0-419b-90ed-be171b941dcd (type: security_groups) to 1
2026-06-13 23:59:54.904 10 INFO neutron.db.ovn_revision_numbers_db [None req-539358d7-2a8d-487b-bc35-836ea25b4115 ffe9042a33aa4d02b4b0570c5608a184 dadf9082a04b4d8f99ec28f752e4f7d0 - - default default] Successfully bumped revision number for resource 636b89fc-aad1-4d04-a1cf-6f45f39e3d41 (type: security_group_rules) to 0
2026-06-13 23:59:54.917 10 INFO neutron.db.ovn_revision_numbers_db [None req-539358d7-2a8d-487b-bc35-836ea25b4115 ffe9042a33aa4d02b4b0570c5608a184 dadf9082a04b4d8f99ec28f752e4f7d0 - - default default] Successfully bumped revision number for resource b33a3aa9-7114-4ce1-b661-6270758d444c (type: security_group_rules) to 0
2026-06-13 23:59:54.937 10 INFO neutron.db.ovn_revision_numbers_db [None req-539358d7-2a8d-487b-bc35-836ea25b4115 ffe9042a33aa4d02b4b0570c5608a184 dadf9082a04b4d8f99ec28f752e4f7d0 - - default default] Successfully bumped revision number for resource db41b777-cdc1-4632-ad56-88e3dc5c542e (type: security_group_rules) to 0
2026-06-13 23:59:54.954 10 INFO neutron.db.ovn_revision_numbers_db [None req-539358d7-2a8d-487b-bc35-836ea25b4115 ffe9042a33aa4d02b4b0570c5608a184 dadf9082a04b4d8f99ec28f752e4f7d0 - - default default] Successfully bumped revision number for resource e793f61d-8fe4-4782-ac31-97e19e2f165b (type: security_group_rules) to 0
2026-06-13 23:59:54.979 10 INFO neutron.wsgi [None req-539358d7-2a8d-487b-bc35-836ea25b4115 ffe9042a33aa4d02b4b0570c5608a184 dadf9082a04b4d8f99ec28f752e4f7d0 - - default default] 10.0.0.154 "GET /v2.0/security-groups?tenant_id=2ee5de22920d4495aff16335ad745b3b&name=default HTTP/1.1" status: 200 len: 3120 time: 0.2208648
2026-06-13 23:59:55.052 10 INFO neutron.db.ovn_revision_numbers_db [None req-a3f94ac2-1237-461c-b770-46b8e3905dbe ffe9042a33aa4d02b4b0570c5608a184 dadf9082a04b4d8f99ec28f752e4f7d0 - - default default] Successfully bumped revision number for resource 1b2d64ed-feb5-42c3-84bf-5ec0794ec5f2 (type: security_groups) to 1
2026-06-13 23:59:55.064 10 INFO neutron.db.ovn_revision_numbers_db [None req-a3f94ac2-1237-461c-b770-46b8e3905dbe ffe9042a33aa4d02b4b0570c5608a184 dadf9082a04b4d8f99ec28f752e4f7d0 - - default default] Successfully bumped revision number for resource 5acef9a2-6e60-4054-9973-c3a052c148fc (type: security_group_rules) to 0
2026-06-13 23:59:55.085 10 INFO neutron.db.ovn_revision_numbers_db [None req-a3f94ac2-1237-461c-b770-46b8e3905dbe ffe9042a33aa4d02b4b0570c5608a184 dadf9082a04b4d8f99ec28f752e4f7d0 - - default default] Successfully bumped revision number for resource a7f15dc1-715b-4d82-9773-bee2ce1d09f5 (type: security_group_rules) to 0
2026-06-13 23:59:55.102 10 INFO neutron.db.ovn_revision_numbers_db [None req-a3f94ac2-1237-461c-b770-46b8e3905dbe ffe9042a33aa4d02b4b0570c5608a184 dadf9082a04b4d8f99ec28f752e4f7d0 - - default default] Successfully bumped revision number for resource d5fbb224-5407-47e4-8317-3b7d286b758b (type: security_group_rules) to 0
2026-06-13 23:59:55.116 10 INFO neutron.db.ovn_revision_numbers_db [None req-a3f94ac2-1237-461c-b770-46b8e3905dbe ffe9042a33aa4d02b4b0570c5608a184 dadf9082a04b4d8f99ec28f752e4f7d0 - - default default] Successfully bumped revision number for resource da033267-2945-4b98-a45f-aaa5fd0f168f (type: security_group_rules) to 0
2026-06-13 23:59:55.137 10 INFO neutron.wsgi [None req-a3f94ac2-1237-461c-b770-46b8e3905dbe ffe9042a33aa4d02b4b0570c5608a184 dadf9082a04b4d8f99ec28f752e4f7d0 - - default default] 10.0.0.154 "GET /v2.0/security-groups?tenant_id=91da63df6fa24911a12ca7df44206f9f&name=default HTTP/1.1" status: 200 len: 3120 time: 0.2063563
2026-06-13 23:59:55.241 9 INFO neutron.wsgi [None req-d55a95c2-4280-41a8-a0c3-881c709dae25 ffe9042a33aa4d02b4b0570c5608a184 dadf9082a04b4d8f99ec28f752e4f7d0 - - default default] 10.0.0.154 "DELETE /v2.0/security-groups/5a33e113-10a0-419b-90ed-be171b941dcd HTTP/1.1" status: 204 len: 168 time: 0.2552187
2026-06-13 23:59:55.366 9 INFO neutron.wsgi [None req-238bf079-88ec-4aa0-a05e-a9a2fbb48f3e 39722df709be4183ba86ab3aa5e06cf1 799d194f5d38429c823455ee4e158f96 - - default default] 10.0.0.154 "DELETE /v2.0/security-groups/0d20463f-b836-408c-9aec-f7313b09917e HTTP/1.1" status: 204 len: 168 time: 0.1764688
2026-06-13 23:59:55.403 10 INFO neutron.wsgi [None req-9e8be21d-6d85-4979-9c11-807296d802e2 ffe9042a33aa4d02b4b0570c5608a184 dadf9082a04b4d8f99ec28f752e4f7d0 - - default default] 10.0.0.154 "DELETE /v2.0/security-groups/1b2d64ed-feb5-42c3-84bf-5ec0794ec5f2 HTTP/1.1" status: 204 len: 168 time: 0.2589281
2026-06-13 23:59:55.598 10 INFO neutron.wsgi [None req-e41020be-84f6-4750-8935-450ea2d19272 ffe9042a33aa4d02b4b0570c5608a184 dadf9082a04b4d8f99ec28f752e4f7d0 - - default default] 10.0.0.154 "GET /v2.0/security-groups?tenant_id=8ca505e5171a4653b698ef04dc41d717&name=default HTTP/1.1" status: 200 len: 3120 time: 0.0362294
2026-06-13 23:59:55.850 10 INFO neutron.wsgi [None req-b673d4d6-d506-4ec6-89b8-b754aa1faa96 ffe9042a33aa4d02b4b0570c5608a184 dadf9082a04b4d8f99ec28f752e4f7d0 - - default default] 10.0.0.154 "DELETE /v2.0/security-groups/d0352d30-ee7c-43af-a40c-4dcd2c2cd30d HTTP/1.1" status: 204 len: 168 time: 0.2473035
2026-06-13 23:59:56.728 9 INFO neutron.wsgi [None req-b3002c55-fe73-47ac-9611-6f8e9779f2e0 39722df709be4183ba86ab3aa5e06cf1 799d194f5d38429c823455ee4e158f96 - - default default] 10.0.0.154 "PUT /v2.0/routers/df30e53b-2f36-41c8-880a-a8ae7014c9ee/remove_router_interface HTTP/1.1" status: 200 len: 503 time: 1.3260109 /var/lib/openstack/lib/python3.10/site-packages/pycadf/identifier.py:71: UserWarning: Invalid uuid: neutron. To ensure interoperability, identifiers should be a valid uuid. warnings.warn(('Invalid uuid: %s. To ensure interoperability, '
2026-06-13 23:59:56.957 9 INFO neutron.wsgi [None req-f727493b-b2e3-4e33-a29f-d4d88611db98 39722df709be4183ba86ab3aa5e06cf1 799d194f5d38429c823455ee4e158f96 - - default default] 10.0.0.154 "DELETE /v2.0/subnets/fb27a4f5-03c7-47df-8a65-5ae74b0500a6 HTTP/1.1" status: 204 len: 168 time: 0.2233689
2026-06-13 23:59:57.126 10 INFO neutron.wsgi [req-174213fd-e98e-40b8-a7e5-6bde654bf64f req-c06e84c6-b46a-417b-9d04-41956a1db1ae 277e49ef5d984633b8041c030935a035 28075bb2ca0d4cec8c9fcc8064ae0a7b - - 9ef2e5948c5541d992dd4c03bcbf193e 9ef2e5948c5541d992dd4c03bcbf193e] 199.204.45.65 "GET /v2.0/ports?device_id=cfdf3602-a236-4d85-8710-bd404a300ead&fields=binding%3Ahost_id&fields=binding%3Avif_type HTTP/1.1" status: 200 len: 265 time: 0.0388746
2026-06-13 23:59:57.208 10 INFO neutron.wsgi [req-174213fd-e98e-40b8-a7e5-6bde654bf64f req-51d613c0-0914-4ed6-afdf-8c64c6efa5fa 277e49ef5d984633b8041c030935a035 28075bb2ca0d4cec8c9fcc8064ae0a7b - - 9ef2e5948c5541d992dd4c03bcbf193e 9ef2e5948c5541d992dd4c03bcbf193e] 199.204.45.65 "GET /v2.0/ports?tenant_id=e8e0c92c5646468ab53e98200318f6a7&device_id=cfdf3602-a236-4d85-8710-bd404a300ead HTTP/1.1" status: 200 len: 1452 time: 0.0414746
2026-06-13 23:59:57.295 10 INFO neutron.wsgi [req-174213fd-e98e-40b8-a7e5-6bde654bf64f req-87885bb7-ddef-41ad-bc71-4137b0b442a7 277e49ef5d984633b8041c030935a035 28075bb2ca0d4cec8c9fcc8064ae0a7b - - 9ef2e5948c5541d992dd4c03bcbf193e 9ef2e5948c5541d992dd4c03bcbf193e] 199.204.45.65 "GET /v2.0/networks?id=5f6cec66-f6cd-4486-878e-85c7dffecced HTTP/1.1" status: 200 len: 970 time: 0.0697041
2026-06-13 23:59:57.352 10 INFO neutron.wsgi [req-174213fd-e98e-40b8-a7e5-6bde654bf64f req-85b00dde-c06d-4d2b-90e1-a70465db10ee 277e49ef5d984633b8041c030935a035 28075bb2ca0d4cec8c9fcc8064ae0a7b - - 9ef2e5948c5541d992dd4c03bcbf193e 9ef2e5948c5541d992dd4c03bcbf193e] 199.204.45.65 "GET /v2.0/floatingips?fixed_ip_address=10.100.0.10&port_id=49bf1a33-ab23-4d82-84be-0572183dfc5e HTTP/1.1" status: 200 len: 1060 time: 0.0512991
2026-06-13 23:59:57.385 10 INFO neutron.wsgi [req-174213fd-e98e-40b8-a7e5-6bde654bf64f req-f5af34dc-0af6-441a-bdb9-d9991bbd7ba0 277e49ef5d984633b8041c030935a035 28075bb2ca0d4cec8c9fcc8064ae0a7b - - 9ef2e5948c5541d992dd4c03bcbf193e 9ef2e5948c5541d992dd4c03bcbf193e] 199.204.45.65 "GET /v2.0/subnets?id=235edea9-319d-4e35-b750-591103cb98e0 HTTP/1.1" status: 200 len: 865 time: 0.0274477
2026-06-13 23:59:57.414 10 INFO neutron.wsgi [req-174213fd-e98e-40b8-a7e5-6bde654bf64f req-d2a5ae4b-8e0e-4dab-a8ee-714545e5a7c4 277e49ef5d984633b8041c030935a035 28075bb2ca0d4cec8c9fcc8064ae0a7b - - 9ef2e5948c5541d992dd4c03bcbf193e 9ef2e5948c5541d992dd4c03bcbf193e] 199.204.45.65 "GET /v2.0/ports?network_id=5f6cec66-f6cd-4486-878e-85c7dffecced&device_owner=network%3Adhcp HTTP/1.1" status: 200 len: 210 time: 0.0246184
2026-06-13 23:59:57.488 10 INFO neutron.wsgi [req-174213fd-e98e-40b8-a7e5-6bde654bf64f req-5ebcb646-8430-4f55-a140-3adce2a32793 277e49ef5d984633b8041c030935a035 28075bb2ca0d4cec8c9fcc8064ae0a7b - - 9ef2e5948c5541d992dd4c03bcbf193e 9ef2e5948c5541d992dd4c03bcbf193e] 199.204.45.65 "GET /v2.0/networks/5f6cec66-f6cd-4486-878e-85c7dffecced?fields=segments HTTP/1.1" status: 200 len: 212 time: 0.0676095
2026-06-13 23:59:57.560 10 INFO neutron.wsgi [req-174213fd-e98e-40b8-a7e5-6bde654bf64f req-096d8a92-a3b8-44b8-8393-ddab1205824b 277e49ef5d984633b8041c030935a035 28075bb2ca0d4cec8c9fcc8064ae0a7b - - 9ef2e5948c5541d992dd4c03bcbf193e 9ef2e5948c5541d992dd4c03bcbf193e] 199.204.45.65 "GET /v2.0/networks/5f6cec66-f6cd-4486-878e-85c7dffecced?fields=provider%3Aphysical_network&fields=provider%3Anetwork_type HTTP/1.1" status: 200 len: 277 time: 0.0606647
2026-06-13 23:59:57.726 9 INFO neutron.wsgi [None req-a139f92e-36b2-4d00-ae0c-ed77b532934d 39722df709be4183ba86ab3aa5e06cf1 799d194f5d38429c823455ee4e158f96 - - default default] 10.0.0.154 "DELETE /v2.0/routers/df30e53b-2f36-41c8-880a-a8ae7014c9ee HTTP/1.1" status: 204 len: 168 time: 0.7640920
2026-06-13 23:59:58.034 9 INFO neutron.services.segments.plugin [-] Segment cad7b2f3-ae18-4cbf-a30b-957bb3538e66 resource provider aggregate not found
2026-06-13 23:59:58.040 9 INFO neutron.services.segments.plugin [-] Segment cad7b2f3-ae18-4cbf-a30b-957bb3538e66 resource provider aggregate not found
2026-06-13 23:59:58.050 9 INFO neutron.services.segments.plugin [-] Segment cad7b2f3-ae18-4cbf-a30b-957bb3538e66 resource provider not found; error: Placement Client Error (4xx): {"errors": [{"status": 404, "title": "Not Found", "detail": "The resource could not be found.\n\n No resource provider with uuid cad7b2f3-ae18-4cbf-a30b-957bb3538e66 found for delete ", "request_id": "req-062d7ceb-a2ad-4ec2-acee-00436c3092a4"}]}
2026-06-13 23:59:58.053 9 INFO neutron.services.segments.plugin [-] Segment cad7b2f3-ae18-4cbf-a30b-957bb3538e66 resource provider not found; error: Placement Client Error (4xx): {"errors": [{"status": 404, "title": "Not Found", "detail": "The resource could not be found.\n\n No resource provider with uuid cad7b2f3-ae18-4cbf-a30b-957bb3538e66 found for delete ", "request_id": "req-7a5f7e02-5f14-4b13-8d79-c97d05e39f5f"}]}
2026-06-13 23:59:58.074 9 INFO neutron.wsgi [None req-0d362738-dab5-4252-82bd-ddcb27bbb6ac 39722df709be4183ba86ab3aa5e06cf1 799d194f5d38429c823455ee4e158f96 - - default default] 10.0.0.154 "DELETE /v2.0/networks/81c2ed36-5388-469c-b382-c400e6460cdb HTTP/1.1" status: 204 len: 168 time: 0.3424764
2026-06-13 23:59:58.243 10 INFO neutron.wsgi [-] 10.0.0.111 "GET / HTTP/1.1" status: 200 len: 246 time: 0.0027092
2026-06-13 23:59:58.244 9 INFO neutron.wsgi [-] 10.0.0.111 "GET / HTTP/1.1" status: 200 len: 246 time: 0.0029953
2026-06-13 23:59:58.658 9 WARNING neutron_lib.context [None req-593bb775-7692-4b66-af9c-d03aef805a52 740e082f633a467297a5012990937259 9dff2e8f4c2743e582a4d3661e2ac5c4 - - default default] Method 'is_advsvc' is deprecated since 2023.2 release (neutron-lib 3.8.0) and will be removed once support for the old RBAC API policies will be removed from Neutron. Please use method 'is_service_role' instead.
2026-06-13 23:59:58.794 9 INFO neutron.db.ovn_revision_numbers_db [None req-593bb775-7692-4b66-af9c-d03aef805a52 740e082f633a467297a5012990937259 9dff2e8f4c2743e582a4d3661e2ac5c4 - - default default] Successfully bumped revision number for resource 63c58fed-0cdc-4f12-985b-65a18c1f5fd5 (type: security_groups) to 1
2026-06-13 23:59:58.811 9 INFO neutron.db.ovn_revision_numbers_db [None req-593bb775-7692-4b66-af9c-d03aef805a52 740e082f633a467297a5012990937259 9dff2e8f4c2743e582a4d3661e2ac5c4 - - default default] Successfully bumped revision number for resource 5442bee1-3ddc-481c-a3a8-f8a9244af4a5 (type: security_group_rules) to 0
2026-06-13 23:59:58.825 9 INFO neutron.db.ovn_revision_numbers_db [None req-593bb775-7692-4b66-af9c-d03aef805a52 740e082f633a467297a5012990937259 9dff2e8f4c2743e582a4d3661e2ac5c4 - - default default] Successfully bumped revision number for resource cbf6a568-75fa-4ec2-b85e-f95010eed419 (type: security_group_rules) to 0
2026-06-13 23:59:58.832 10 INFO neutron.wsgi [None req-a0c77b3f-d631-4dd0-b497-31e51df506ac ffe9042a33aa4d02b4b0570c5608a184 dadf9082a04b4d8f99ec28f752e4f7d0 - - default default] 10.0.0.154 "GET /v2.0/security-groups?tenant_id=799d194f5d38429c823455ee4e158f96&name=default HTTP/1.1" status: 200 len: 3120 time: 0.0864692
2026-06-13 23:59:58.842 9 INFO neutron.db.ovn_revision_numbers_db [None req-593bb775-7692-4b66-af9c-d03aef805a52 740e082f633a467297a5012990937259 9dff2e8f4c2743e582a4d3661e2ac5c4 - - default default] Successfully bumped revision number for resource e35e821c-e6ae-4dfc-9d42-b678f03d461c (type: security_group_rules) to 0
2026-06-13 23:59:58.856 9 INFO neutron.db.ovn_revision_numbers_db [None req-593bb775-7692-4b66-af9c-d03aef805a52 740e082f633a467297a5012990937259 9dff2e8f4c2743e582a4d3661e2ac5c4 - - default default] Successfully bumped revision number for resource ee6b0d44-5b07-4965-9878-92c202424340 (type: security_group_rules) to 0
2026-06-13 23:59:58.942 9 INFO neutron.db.ovn_revision_numbers_db [None req-593bb775-7692-4b66-af9c-d03aef805a52 740e082f633a467297a5012990937259 9dff2e8f4c2743e582a4d3661e2ac5c4 - - default default] Successfully bumped revision number for resource 7451e83f-9246-46bc-943a-257d4cfd42b3 (type: security_groups) to 1
2026-06-13 23:59:58.955 9 INFO neutron.db.ovn_revision_numbers_db [None req-593bb775-7692-4b66-af9c-d03aef805a52 740e082f633a467297a5012990937259 9dff2e8f4c2743e582a4d3661e2ac5c4 - - default default] Successfully bumped revision number for resource 2370fc9e-e93f-4f7f-ae04-0de584139d85 (type: security_group_rules) to 0
2026-06-13 23:59:58.981 9 INFO neutron.db.ovn_revision_numbers_db [None req-593bb775-7692-4b66-af9c-d03aef805a52 740e082f633a467297a5012990937259 9dff2e8f4c2743e582a4d3661e2ac5c4 - - default default] Successfully bumped revision number for resource e82f0e7d-b215-4a7b-8c53-382fd251afea (type: security_group_rules) to 0
2026-06-13 23:59:59.012 9 INFO neutron.wsgi [None req-593bb775-7692-4b66-af9c-d03aef805a52 740e082f633a467297a5012990937259 9dff2e8f4c2743e582a4d3661e2ac5c4 - - default default] 10.0.0.154 "POST /v2.0/security-groups HTTP/1.1" status: 201 len: 1801 time: 0.4506865
2026-06-13 23:59:59.065 10 INFO neutron.wsgi [None req-8187639f-fce4-40bb-9259-ca7d8cee5cda ffe9042a33aa4d02b4b0570c5608a184 dadf9082a04b4d8f99ec28f752e4f7d0 - - default default] 10.0.0.154 "DELETE /v2.0/security-groups/55e8c4ac-3eba-43ba-8635-479fefaaf56c HTTP/1.1" status: 204 len: 168 time: 0.2283680
2026-06-13 23:59:59.070 10 INFO neutron.wsgi [None req-7d14b18b-b6d1-44f0-ab71-3dbb4cffd25f 740e082f633a467297a5012990937259 9dff2e8f4c2743e582a4d3661e2ac5c4 - - default default] 10.0.0.154 "PUT /v2.0/security-groups/7451e83f-9246-46bc-943a-257d4cfd42b3/tags HTTP/1.1" status: 200 len: 218 time: 0.0525799
2026-06-13 23:59:59.096 10 INFO neutron.wsgi [None req-fe462e84-835a-464f-a899-0b177e0fdb18 740e082f633a467297a5012990937259 9dff2e8f4c2743e582a4d3661e2ac5c4 - - default default] 10.0.0.154 "GET /v2.0/security-groups/7451e83f-9246-46bc-943a-257d4cfd42b3/tags HTTP/1.1" status: 200 len: 218 time: 0.0214834
2026-06-13 23:59:59.136 10 INFO neutron.wsgi [None req-d44e4564-265a-455a-86c2-09cd2715f2af 740e082f633a467297a5012990937259 9dff2e8f4c2743e582a4d3661e2ac5c4 - - default default] 10.0.0.154 "PUT /v2.0/security-groups/7451e83f-9246-46bc-943a-257d4cfd42b3/tags/green HTTP/1.1" status: 201 len: 201 time: 0.0339229
2026-06-13 23:59:59.161 10 INFO neutron.wsgi [None req-16e9b032-e231-4cc5-935d-dc8195d62b0d 740e082f633a467297a5012990937259 9dff2e8f4c2743e582a4d3661e2ac5c4 - - default default] 10.0.0.154 "GET /v2.0/security-groups/7451e83f-9246-46bc-943a-257d4cfd42b3/tags HTTP/1.1" status: 200 len: 227 time: 0.0205252
2026-06-13 23:59:59.192 9 INFO neutron.wsgi [None req-fc8171ca-b6e9-4165-971d-8bcf3ae6119e 740e082f633a467297a5012990937259 9dff2e8f4c2743e582a4d3661e2ac5c4 - - default default] 10.0.0.154 "PUT /v2.0/security-groups/7451e83f-9246-46bc-943a-257d4cfd42b3/tags/red HTTP/1.1" status: 201 len: 201 time: 0.0266848
2026-06-13 23:59:59.217 9 INFO neutron.wsgi [None req-44ef4aec-7c4d-4233-81d5-aa16e55e7e76 740e082f633a467297a5012990937259 9dff2e8f4c2743e582a4d3661e2ac5c4 - - default default] 10.0.0.154 "GET /v2.0/security-groups/7451e83f-9246-46bc-943a-257d4cfd42b3/tags HTTP/1.1" status: 200 len: 227 time: 0.0194767
2026-06-13 23:59:59.255 9 INFO neutron.wsgi [None req-004f3f56-62be-4881-ba7e-944950103e99 740e082f633a467297a5012990937259 9dff2e8f4c2743e582a4d3661e2ac5c4 - - default default] 10.0.0.154 "PUT /v2.0/security-groups/7451e83f-9246-46bc-943a-257d4cfd42b3/tags/black.or.white HTTP/1.1" status: 201 len: 201 time: 0.0326064
2026-06-13 23:59:59.282 10 INFO neutron.wsgi [None req-24249ad9-f30c-4e31-8386-f37ebc54d05c 740e082f633a467297a5012990937259 9dff2e8f4c2743e582a4d3661e2ac5c4 - - default default] 10.0.0.154 "GET /v2.0/security-groups/7451e83f-9246-46bc-943a-257d4cfd42b3/tags HTTP/1.1" status: 200 len: 245 time: 0.0224824
2026-06-13 23:59:59.285 10 INFO neutron.db.ovn_revision_numbers_db [None req-ea610fac-13a8-447a-9f41-ac7d18930ee3 ffe9042a33aa4d02b4b0570c5608a184 dadf9082a04b4d8f99ec28f752e4f7d0 - - default default] Successfully bumped revision number for resource c6a497f2-1a73-4f74-9d92-584b684521e8 (type: security_groups) to 1
2026-06-13 23:59:59.296 10 INFO neutron.db.ovn_revision_numbers_db [None req-ea610fac-13a8-447a-9f41-ac7d18930ee3 ffe9042a33aa4d02b4b0570c5608a184 dadf9082a04b4d8f99ec28f752e4f7d0 - - default default] Successfully bumped revision number for resource 4717c850-7ab0-4680-bc3c-a7871ec176fe (type: security_group_rules) to 0
2026-06-13 23:59:59.310 10 INFO neutron.db.ovn_revision_numbers_db [None req-ea610fac-13a8-447a-9f41-ac7d18930ee3 ffe9042a33aa4d02b4b0570c5608a184 dadf9082a04b4d8f99ec28f752e4f7d0 - - default default] Successfully bumped revision number for resource 75bec971-0204-4d5b-86ce-bcb68116941d (type: security_group_rules) to 0
2026-06-13 23:59:59.323 10 INFO neutron.db.ovn_revision_numbers_db [None req-ea610fac-13a8-447a-9f41-ac7d18930ee3 ffe9042a33aa4d02b4b0570c5608a184 dadf9082a04b4d8f99ec28f752e4f7d0 - - default default] Successfully bumped revision number for resource a7288ca5-8012-410b-ab13-9dcb3e8b6170 (type: security_group_rules) to 0
2026-06-13 23:59:59.328 9 INFO neutron.wsgi [None req-2818a7aa-66d1-47e5-b14b-8ea13f00d646 740e082f633a467297a5012990937259 9dff2e8f4c2743e582a4d3661e2ac5c4 - - default default] 10.0.0.154 "PUT /v2.0/security-groups/7451e83f-9246-46bc-943a-257d4cfd42b3/tags HTTP/1.1" status: 200 len: 230 time: 0.0401890
