Mar 30 18:04:57.054502 np0000161496 nova-conductor[109389]: DEBUG cotyledon.oslo_config_glue [-] vnc.novncproxy_port = 6080 {{(pid=109389) log_opt_values /opt/stack/data/venv/lib/python3.12/site-packages/oslo_config/cfg.py:3006}}
Mar 30 18:04:57.054502 np0000161496 nova-conductor[109389]: DEBUG cotyledon.oslo_config_glue [-] vnc.server_listen = 127.0.0.1 {{(pid=109389) log_opt_values /opt/stack/data/venv/lib/python3.12/site-packages/oslo_config/cfg.py:3006}}
Mar 30 18:04:57.054502 np0000161496 nova-conductor[109389]: DEBUG cotyledon.oslo_config_glue [-] vnc.server_proxyclient_address = 127.0.0.1 {{(pid=109389) log_opt_values /opt/stack/data/venv/lib/python3.12/site-packages/oslo_config/cfg.py:3006}}
Mar 30 18:04:57.054502 np0000161496 nova-conductor[109389]: DEBUG cotyledon.oslo_config_glue [-] vnc.vencrypt_ca_certs = None {{(pid=109389) log_opt_values /opt/stack/data/venv/lib/python3.12/site-packages/oslo_config/cfg.py:3006}}
Mar 30 18:04:57.054502 np0000161496 nova-conductor[109389]: DEBUG cotyledon.oslo_config_glue [-] vnc.vencrypt_client_cert = None {{(pid=109389) log_opt_values /opt/stack/data/venv/lib/python3.12/site-packages/oslo_config/cfg.py:3006}}
Mar 30 18:04:57.054502 np0000161496 nova-conductor[109389]: DEBUG cotyledon.oslo_config_glue [-] vnc.vencrypt_client_key = None {{(pid=109389) log_opt_values /opt/stack/data/venv/lib/python3.12/site-packages/oslo_config/cfg.py:3006}}
Mar 30 18:04:57.054502 np0000161496 nova-conductor[109389]: DEBUG cotyledon.oslo_config_glue [-] workarounds.disable_compute_service_check_for_ffu = False {{(pid=109389) log_opt_values /opt/stack/data/venv/lib/python3.12/site-packages/oslo_config/cfg.py:3006}}
Mar 30 18:04:57.054502 np0000161496 nova-conductor[109389]: DEBUG cotyledon.oslo_config_glue [-] workarounds.disable_deep_image_inspection = False {{(pid=109389) log_opt_values /opt/stack/data/venv/lib/python3.12/site-packages/oslo_config/cfg.py:3006}}
Mar 30 18:04:57.054721 np0000161496 nova-conductor[109389]: DEBUG cotyledon.oslo_config_glue [-] workarounds.disable_fallback_pcpu_query = False {{(pid=109389) log_opt_values /opt/stack/data/venv/lib/python3.12/site-packages/oslo_config/cfg.py:3006}}
Mar 30 18:04:57.054721 np0000161496 nova-conductor[109389]: DEBUG cotyledon.oslo_config_glue [-] workarounds.disable_group_policy_check_upcall = False {{(pid=109389) log_opt_values /opt/stack/data/venv/lib/python3.12/site-packages/oslo_config/cfg.py:3006}}
Mar 30 18:04:57.054721 np0000161496 nova-conductor[109389]: DEBUG cotyledon.oslo_config_glue [-] workarounds.disable_libvirt_livesnapshot = False {{(pid=109389) log_opt_values /opt/stack/data/venv/lib/python3.12/site-packages/oslo_config/cfg.py:3006}}
Mar 30 18:04:57.054721 np0000161496 nova-conductor[109389]: DEBUG cotyledon.oslo_config_glue [-] workarounds.disable_rootwrap = False {{(pid=109389) log_opt_values /opt/stack/data/venv/lib/python3.12/site-packages/oslo_config/cfg.py:3006}}
Mar 30 18:04:57.054721 np0000161496 nova-conductor[109389]: DEBUG cotyledon.oslo_config_glue [-] workarounds.enable_numa_live_migration = False {{(pid=109389) log_opt_values /opt/stack/data/venv/lib/python3.12/site-packages/oslo_config/cfg.py:3006}}
Mar 30 18:04:57.054721 np0000161496 nova-conductor[109389]: DEBUG cotyledon.oslo_config_glue [-] workarounds.enable_qemu_monitor_announce_self = False {{(pid=109389) log_opt_values /opt/stack/data/venv/lib/python3.12/site-packages/oslo_config/cfg.py:3006}}
Mar 30 18:04:57.054721 np0000161496 nova-conductor[109389]: DEBUG cotyledon.oslo_config_glue [-] workarounds.ensure_libvirt_rbd_instance_dir_cleanup = False {{(pid=109389) log_opt_values /opt/stack/data/venv/lib/python3.12/site-packages/oslo_config/cfg.py:3006}}
Mar 30 18:04:57.054721 np0000161496 nova-conductor[109389]: DEBUG cotyledon.oslo_config_glue [-] workarounds.handle_virt_lifecycle_events = True {{(pid=109389) log_opt_values /opt/stack/data/venv/lib/python3.12/site-packages/oslo_config/cfg.py:3006}}
Mar 30 18:04:57.054721 np0000161496 nova-conductor[109389]: DEBUG cotyledon.oslo_config_glue [-] workarounds.libvirt_disable_apic = False {{(pid=109389) log_opt_values /opt/stack/data/venv/lib/python3.12/site-packages/oslo_config/cfg.py:3006}}
Mar 30 18:04:57.054940 np0000161496 nova-conductor[109389]: DEBUG cotyledon.oslo_config_glue [-] workarounds.never_download_image_if_on_rbd = False {{(pid=109389) log_opt_values /opt/stack/data/venv/lib/python3.12/site-packages/oslo_config/cfg.py:3006}}
Mar 30 18:04:57.054940 np0000161496 nova-conductor[109389]: DEBUG cotyledon.oslo_config_glue [-] workarounds.qemu_monitor_announce_self_count = 3 {{(pid=109389) log_opt_values /opt/stack/data/venv/lib/python3.12/site-packages/oslo_config/cfg.py:3006}}
Mar 30 18:04:57.054940 np0000161496 nova-conductor[109389]: DEBUG cotyledon.oslo_config_glue [-] workarounds.qemu_monitor_announce_self_interval = 1 {{(pid=109389) log_opt_values /opt/stack/data/venv/lib/python3.12/site-packages/oslo_config/cfg.py:3006}}
Mar 30 18:04:57.054940 np0000161496 nova-conductor[109389]: DEBUG cotyledon.oslo_config_glue [-] workarounds.reserve_disk_resource_for_image_cache = False {{(pid=109389) log_opt_values /opt/stack/data/venv/lib/python3.12/site-packages/oslo_config/cfg.py:3006}}
Mar 30 18:04:57.054940 np0000161496 nova-conductor[109389]: DEBUG cotyledon.oslo_config_glue [-] workarounds.skip_cpu_compare_at_startup = False {{(pid=109389) log_opt_values /opt/stack/data/venv/lib/python3.12/site-packages/oslo_config/cfg.py:3006}}
Mar 30 18:04:57.054940 np0000161496 nova-conductor[109389]: DEBUG cotyledon.oslo_config_glue [-] workarounds.skip_cpu_compare_on_dest = False {{(pid=109389) log_opt_values /opt/stack/data/venv/lib/python3.12/site-packages/oslo_config/cfg.py:3006}}
Mar 30 18:04:57.054940 np0000161496 nova-conductor[109389]: DEBUG cotyledon.oslo_config_glue [-] workarounds.skip_hypervisor_version_check_on_lm = False {{(pid=109389) log_opt_values /opt/stack/data/venv/lib/python3.12/site-packages/oslo_config/cfg.py:3006}}
Mar 30 18:04:57.054940 np0000161496 nova-conductor[109389]: DEBUG cotyledon.oslo_config_glue [-] workarounds.skip_reserve_in_use_ironic_nodes = False {{(pid=109389) log_opt_values /opt/stack/data/venv/lib/python3.12/site-packages/oslo_config/cfg.py:3006}}
Mar 30 18:04:57.055154 np0000161496 nova-conductor[109389]: DEBUG cotyledon.oslo_config_glue [-] workarounds.unified_limits_count_pcpu_as_vcpu = False {{(pid=109389) log_opt_values /opt/stack/data/venv/lib/python3.12/site-packages/oslo_config/cfg.py:3006}}
Mar 30 18:04:57.055154 np0000161496 nova-conductor[109389]: DEBUG cotyledon.oslo_config_glue [-] workarounds.wait_for_vif_plugged_event_during_hard_reboot = [] {{(pid=109389) log_opt_values /opt/stack/data/venv/lib/python3.12/site-packages/oslo_config/cfg.py:3006}}
Mar 30 18:04:57.055154 np0000161496 nova-conductor[109389]: DEBUG cotyledon.oslo_config_glue [-] wsgi.api_paste_config = /etc/nova/api-paste.ini {{(pid=109389) log_opt_values /opt/stack/data/venv/lib/python3.12/site-packages/oslo_config/cfg.py:3006}}
Mar 30 18:04:57.055154 np0000161496 nova-conductor[109389]: DEBUG cotyledon.oslo_config_glue [-] wsgi.secure_proxy_ssl_header = None {{(pid=109389) log_opt_values /opt/stack/data/venv/lib/python3.12/site-packages/oslo_config/cfg.py:3006}}
Mar 30 18:04:57.055154 np0000161496 nova-conductor[109389]: DEBUG cotyledon.oslo_config_glue [-] zvm.ca_file = None {{(pid=109389) log_opt_values /opt/stack/data/venv/lib/python3.12/site-packages/oslo_config/cfg.py:3006}}
Mar 30 18:04:57.055154 np0000161496 nova-conductor[109389]: DEBUG cotyledon.oslo_config_glue [-] zvm.cloud_connector_url = None {{(pid=109389) log_opt_values /opt/stack/data/venv/lib/python3.12/site-packages/oslo_config/cfg.py:3006}}
Mar 30 18:04:57.055154 np0000161496 nova-conductor[109389]: DEBUG cotyledon.oslo_config_glue [-] zvm.image_tmp_path = /opt/stack/data/nova/images {{(pid=109389) log_opt_values /opt/stack/data/venv/lib/python3.12/site-packages/oslo_config/cfg.py:3006}}
Mar 30 18:04:57.055154 np0000161496 nova-conductor[109389]: DEBUG cotyledon.oslo_config_glue [-] zvm.reachable_timeout = 300 {{(pid=109389) log_opt_values /opt/stack/data/venv/lib/python3.12/site-packages/oslo_config/cfg.py:3006}}
Mar 30 18:04:57.055154 np0000161496 nova-conductor[109389]: DEBUG cotyledon.oslo_config_glue [-] oslo_versionedobjects.fatal_exception_format_errors = False {{(pid=109389) log_opt_values /opt/stack/data/venv/lib/python3.12/site-packages/oslo_config/cfg.py:3006}}
Mar 30 18:04:57.055363 np0000161496 nova-conductor[109389]: DEBUG cotyledon.oslo_config_glue [-] oslo_middleware.http_basic_auth_user_file = /etc/htpasswd {{(pid=109389) log_opt_values /opt/stack/data/venv/lib/python3.12/site-packages/oslo_config/cfg.py:3006}}
Mar 30 18:04:57.055363 np0000161496 nova-conductor[109389]: DEBUG cotyledon.oslo_config_glue [-] profiler.connection_string = messaging:// {{(pid=109389) log_opt_values /opt/stack/data/venv/lib/python3.12/site-packages/oslo_config/cfg.py:3006}}
Mar 30 18:04:57.055363 np0000161496 nova-conductor[109389]: DEBUG cotyledon.oslo_config_glue [-] profiler.enabled = False {{(pid=109389) log_opt_values /opt/stack/data/venv/lib/python3.12/site-packages/oslo_config/cfg.py:3006}}
Mar 30 18:04:57.055363 np0000161496 nova-conductor[109389]: DEBUG cotyledon.oslo_config_glue [-] profiler.es_doc_type = notification {{(pid=109389) log_opt_values /opt/stack/data/venv/lib/python3.12/site-packages/oslo_config/cfg.py:3006}}
Mar 30 18:04:57.055461 np0000161496 nova-conductor[109373]: INFO dbcounter [None req-a06550b7-8de1-4d7c-bf53-90bac9458da8 None None] Registered counter for database nova_cell0
Mar 30 18:04:57.055492 np0000161496 nova-conductor[109389]: DEBUG cotyledon.oslo_config_glue [-] profiler.es_scroll_size = 10000 {{(pid=109389) log_opt_values /opt/stack/data/venv/lib/python3.12/site-packages/oslo_config/cfg.py:3006}}
Mar 30 18:04:57.055492 np0000161496 nova-conductor[109389]: DEBUG cotyledon.oslo_config_glue [-] profiler.es_scroll_time = 2m {{(pid=109389) log_opt_values /opt/stack/data/venv/lib/python3.12/site-packages/oslo_config/cfg.py:3006}}
Mar 30 18:04:57.055492 np0000161496 nova-conductor[109389]: DEBUG cotyledon.oslo_config_glue [-] profiler.filter_error_trace = False {{(pid=109389) log_opt_values /opt/stack/data/venv/lib/python3.12/site-packages/oslo_config/cfg.py:3006}}
Mar 30 18:04:57.055492 np0000161496 nova-conductor[109389]: DEBUG cotyledon.oslo_config_glue [-] profiler.hmac_keys = **** {{(pid=109389) log_opt_values /opt/stack/data/venv/lib/python3.12/site-packages/oslo_config/cfg.py:3006}}
Mar 30 18:04:57.055492 np0000161496 nova-conductor[109389]: DEBUG cotyledon.oslo_config_glue [-] profiler.sentinel_service_name = mymaster {{(pid=109389) log_opt_values /opt/stack/data/venv/lib/python3.12/site-packages/oslo_config/cfg.py:3006}}
Mar 30 18:04:57.055492 np0000161496 nova-conductor[109389]: DEBUG cotyledon.oslo_config_glue [-] profiler.socket_timeout = 0.1 {{(pid=109389) log_opt_values /opt/stack/data/venv/lib/python3.12/site-packages/oslo_config/cfg.py:3006}}
Mar 30 18:04:57.055492 np0000161496 nova-conductor[109389]: DEBUG cotyledon.oslo_config_glue [-] profiler.trace_requests = False {{(pid=109389) log_opt_values /opt/stack/data/venv/lib/python3.12/site-packages/oslo_config/cfg.py:3006}}
Mar 30 18:04:57.055492 np0000161496 nova-conductor[109389]: DEBUG cotyledon.oslo_config_glue [-] profiler.trace_sqlalchemy = False {{(pid=109389) log_opt_values /opt/stack/data/venv/lib/python3.12/site-packages/oslo_config/cfg.py:3006}}
Mar 30 18:04:57.055492 np0000161496 nova-conductor[109389]: DEBUG cotyledon.oslo_config_glue [-] profiler_jaeger.process_tags = {} {{(pid=109389) log_opt_values /opt/stack/data/venv/lib/python3.12/site-packages/oslo_config/cfg.py:3006}}
Mar 30 18:04:57.055710 np0000161496 nova-conductor[109389]: DEBUG cotyledon.oslo_config_glue [-] profiler_jaeger.service_name_prefix = None {{(pid=109389) log_opt_values /opt/stack/data/venv/lib/python3.12/site-packages/oslo_config/cfg.py:3006}}
Mar 30 18:04:57.055710 np0000161496 nova-conductor[109389]: DEBUG cotyledon.oslo_config_glue [-] profiler_otlp.service_name_prefix = None {{(pid=109389) log_opt_values /opt/stack/data/venv/lib/python3.12/site-packages/oslo_config/cfg.py:3006}}
Mar 30 18:04:57.055710 np0000161496 nova-conductor[109389]: DEBUG cotyledon.oslo_config_glue [-] oslo_messaging_rabbit.amqp_auto_delete = False {{(pid=109389) log_opt_values /opt/stack/data/venv/lib/python3.12/site-packages/oslo_config/cfg.py:3006}}
Mar 30 18:04:57.055710 np0000161496 nova-conductor[109389]: DEBUG cotyledon.oslo_config_glue [-] oslo_messaging_rabbit.amqp_durable_queues = False {{(pid=109389) log_opt_values /opt/stack/data/venv/lib/python3.12/site-packages/oslo_config/cfg.py:3006}}
Mar 30 18:04:57.055710 np0000161496 nova-conductor[109389]: DEBUG cotyledon.oslo_config_glue [-] oslo_messaging_rabbit.conn_pool_min_size = 2 {{(pid=109389) log_opt_values /opt/stack/data/venv/lib/python3.12/site-packages/oslo_config/cfg.py:3006}}
Mar 30 18:04:57.055710 np0000161496 nova-conductor[109389]: DEBUG cotyledon.oslo_config_glue [-] oslo_messaging_rabbit.conn_pool_ttl = 1200 {{(pid=109389) log_opt_values /opt/stack/data/venv/lib/python3.12/site-packages/oslo_config/cfg.py:3006}}
Mar 30 18:04:57.055710 np0000161496 nova-conductor[109389]: DEBUG cotyledon.oslo_config_glue [-] oslo_messaging_rabbit.direct_mandatory_flag = True {{(pid=109389) log_opt_values /opt/stack/data/venv/lib/python3.12/site-packages/oslo_config/cfg.py:3006}}
Mar 30 18:04:57.055710 np0000161496 nova-conductor[109389]: DEBUG cotyledon.oslo_config_glue [-] oslo_messaging_rabbit.enable_cancel_on_failover = False {{(pid=109389) log_opt_values /opt/stack/data/venv/lib/python3.12/site-packages/oslo_config/cfg.py:3006}}
Mar 30 18:04:57.055710 np0000161496 nova-conductor[109389]: DEBUG cotyledon.oslo_config_glue [-] oslo_messaging_rabbit.heartbeat_in_pthread = False {{(pid=109389) log_opt_values /opt/stack/data/venv/lib/python3.12/site-packages/oslo_config/cfg.py:3006}}
Mar 30 18:04:57.055930 np0000161496 nova-conductor[109389]: DEBUG cotyledon.oslo_config_glue [-] oslo_messaging_rabbit.heartbeat_rate = 3 {{(pid=109389) log_opt_values /opt/stack/data/venv/lib/python3.12/site-packages/oslo_config/cfg.py:3006}}
Mar 30 18:04:57.055930 np0000161496 nova-conductor[109389]: DEBUG cotyledon.oslo_config_glue [-] oslo_messaging_rabbit.heartbeat_timeout_threshold = 60 {{(pid=109389) log_opt_values /opt/stack/data/venv/lib/python3.12/site-packages/oslo_config/cfg.py:3006}}
Mar 30 18:04:57.055930 np0000161496 nova-conductor[109389]: DEBUG cotyledon.oslo_config_glue [-] oslo_messaging_rabbit.hostname = np0000161496 {{(pid=109389) log_opt_values /opt/stack/data/venv/lib/python3.12/site-packages/oslo_config/cfg.py:3006}}
Mar 30 18:04:57.055930 np0000161496 nova-conductor[109389]: DEBUG cotyledon.oslo_config_glue [-] oslo_messaging_rabbit.kombu_compression = None {{(pid=109389) log_opt_values /opt/stack/data/venv/lib/python3.12/site-packages/oslo_config/cfg.py:3006}}
Mar 30 18:04:57.055930 np0000161496 nova-conductor[109389]: DEBUG cotyledon.oslo_config_glue [-] oslo_messaging_rabbit.kombu_failover_strategy = round-robin {{(pid=109389) log_opt_values /opt/stack/data/venv/lib/python3.12/site-packages/oslo_config/cfg.py:3006}}
Mar 30 18:04:57.055930 np0000161496 nova-conductor[109389]: DEBUG cotyledon.oslo_config_glue [-] oslo_messaging_rabbit.kombu_missing_consumer_retry_timeout = 60 {{(pid=109389) log_opt_values /opt/stack/data/venv/lib/python3.12/site-packages/oslo_config/cfg.py:3006}}
Mar 30 18:04:57.055930 np0000161496 nova-conductor[109389]: DEBUG cotyledon.oslo_config_glue [-] oslo_messaging_rabbit.kombu_reconnect_delay = 1.0 {{(pid=109389) log_opt_values /opt/stack/data/venv/lib/python3.12/site-packages/oslo_config/cfg.py:3006}}
Mar 30 18:04:57.055930 np0000161496 nova-conductor[109389]: DEBUG cotyledon.oslo_config_glue [-] oslo_messaging_rabbit.kombu_reconnect_splay = 0.0 {{(pid=109389) log_opt_values /opt/stack/data/venv/lib/python3.12/site-packages/oslo_config/cfg.py:3006}}
Mar 30 18:04:57.056142 np0000161496 nova-conductor[109389]: DEBUG cotyledon.oslo_config_glue [-] oslo_messaging_rabbit.processname = nova-conductor {{(pid=109389) log_opt_values /opt/stack/data/venv/lib/python3.12/site-packages/oslo_config/cfg.py:3006}}
Mar 30 18:04:57.056142 np0000161496 nova-conductor[109389]: DEBUG cotyledon.oslo_config_glue [-] oslo_messaging_rabbit.rabbit_ha_queues = False {{(pid=109389) log_opt_values /opt/stack/data/venv/lib/python3.12/site-packages/oslo_config/cfg.py:3006}}
Mar 30 18:04:57.056142 np0000161496 nova-conductor[109389]: DEBUG cotyledon.oslo_config_glue [-] oslo_messaging_rabbit.rabbit_interval_max = 30 {{(pid=109389) log_opt_values /opt/stack/data/venv/lib/python3.12/site-packages/oslo_config/cfg.py:3006}}
Mar 30 18:04:57.056142 np0000161496 nova-conductor[109389]: DEBUG cotyledon.oslo_config_glue [-] oslo_messaging_rabbit.rabbit_login_method = AMQPLAIN {{(pid=109389) log_opt_values /opt/stack/data/venv/lib/python3.12/site-packages/oslo_config/cfg.py:3006}}
Mar 30 18:04:57.056142 np0000161496 nova-conductor[109389]: DEBUG cotyledon.oslo_config_glue [-] oslo_messaging_rabbit.rabbit_qos_prefetch_count = 0 {{(pid=109389) log_opt_values /opt/stack/data/venv/lib/python3.12/site-packages/oslo_config/cfg.py:3006}}
Mar 30 18:04:57.056142 np0000161496 nova-conductor[109389]: DEBUG cotyledon.oslo_config_glue [-] oslo_messaging_rabbit.rabbit_quorum_delivery_limit = 0 {{(pid=109389) log_opt_values /opt/stack/data/venv/lib/python3.12/site-packages/oslo_config/cfg.py:3006}}
Mar 30 18:04:57.056142 np0000161496 nova-conductor[109389]: DEBUG cotyledon.oslo_config_glue [-] oslo_messaging_rabbit.rabbit_quorum_max_memory_bytes = 0 {{(pid=109389) log_opt_values /opt/stack/data/venv/lib/python3.12/site-packages/oslo_config/cfg.py:3006}}
Mar 30 18:04:57.056142 np0000161496 nova-conductor[109389]: DEBUG cotyledon.oslo_config_glue [-] oslo_messaging_rabbit.rabbit_quorum_max_memory_length = 0 {{(pid=109389) log_opt_values /opt/stack/data/venv/lib/python3.12/site-packages/oslo_config/cfg.py:3006}}
Mar 30 18:04:57.056354 np0000161496 nova-conductor[109389]: DEBUG cotyledon.oslo_config_glue [-] oslo_messaging_rabbit.rabbit_quorum_queue = False {{(pid=109389) log_opt_values /opt/stack/data/venv/lib/python3.12/site-packages/oslo_config/cfg.py:3006}}
Mar 30 18:04:57.056354 np0000161496 nova-conductor[109389]: DEBUG cotyledon.oslo_config_glue [-] oslo_messaging_rabbit.rabbit_retry_backoff = 2 {{(pid=109389) log_opt_values /opt/stack/data/venv/lib/python3.12/site-packages/oslo_config/cfg.py:3006}}
Mar 30 18:04:57.056354 np0000161496 nova-conductor[109389]: DEBUG cotyledon.oslo_config_glue [-] oslo_messaging_rabbit.rabbit_retry_interval = 1 {{(pid=109389) log_opt_values /opt/stack/data/venv/lib/python3.12/site-packages/oslo_config/cfg.py:3006}}
Mar 30 18:04:57.056354 np0000161496 nova-conductor[109389]: DEBUG cotyledon.oslo_config_glue [-] oslo_messaging_rabbit.rabbit_stream_fanout = False {{(pid=109389) log_opt_values /opt/stack/data/venv/lib/python3.12/site-packages/oslo_config/cfg.py:3006}}
Mar 30 18:04:57.056354 np0000161496 nova-conductor[109389]: DEBUG cotyledon.oslo_config_glue [-] oslo_messaging_rabbit.rabbit_transient_queues_ttl = 1800 {{(pid=109389) log_opt_values /opt/stack/data/venv/lib/python3.12/site-packages/oslo_config/cfg.py:3006}}
Mar 30 18:04:57.056354 np0000161496 nova-conductor[109389]: DEBUG cotyledon.oslo_config_glue [-] oslo_messaging_rabbit.rabbit_transient_quorum_queue = False {{(pid=109389) log_opt_values /opt/stack/data/venv/lib/python3.12/site-packages/oslo_config/cfg.py:3006}}
Mar 30 18:04:57.056354 np0000161496 nova-conductor[109389]: DEBUG cotyledon.oslo_config_glue [-] oslo_messaging_rabbit.rpc_conn_pool_size = 30 {{(pid=109389) log_opt_values /opt/stack/data/venv/lib/python3.12/site-packages/oslo_config/cfg.py:3006}}
Mar 30 18:04:57.056354 np0000161496 nova-conductor[109389]: DEBUG cotyledon.oslo_config_glue [-] oslo_messaging_rabbit.ssl = False {{(pid=109389) log_opt_values /opt/stack/data/venv/lib/python3.12/site-packages/oslo_config/cfg.py:3006}}
Mar 30 18:04:57.056354 np0000161496 nova-conductor[109389]: DEBUG cotyledon.oslo_config_glue [-] oslo_messaging_rabbit.ssl_ca_file = {{(pid=109389) log_opt_values /opt/stack/data/venv/lib/python3.12/site-packages/oslo_config/cfg.py:3006}}
Mar 30 18:04:57.056572 np0000161496 nova-conductor[109389]: DEBUG cotyledon.oslo_config_glue [-] oslo_messaging_rabbit.ssl_cert_file = {{(pid=109389) log_opt_values /opt/stack/data/venv/lib/python3.12/site-packages/oslo_config/cfg.py:3006}}
Mar 30 18:04:57.056572 np0000161496 nova-conductor[109389]: DEBUG cotyledon.oslo_config_glue [-] oslo_messaging_rabbit.ssl_enforce_fips_mode = False {{(pid=109389) log_opt_values /opt/stack/data/venv/lib/python3.12/site-packages/oslo_config/cfg.py:3006}}
Mar 30 18:04:57.056572 np0000161496 nova-conductor[109389]: DEBUG cotyledon.oslo_config_glue [-] oslo_messaging_rabbit.ssl_key_file = {{(pid=109389) log_opt_values /opt/stack/data/venv/lib/python3.12/site-packages/oslo_config/cfg.py:3006}}
Mar 30 18:04:57.056572 np0000161496 nova-conductor[109389]: DEBUG cotyledon.oslo_config_glue [-] oslo_messaging_rabbit.ssl_version = {{(pid=109389) log_opt_values /opt/stack/data/venv/lib/python3.12/site-packages/oslo_config/cfg.py:3006}}
Mar 30 18:04:57.056572 np0000161496 nova-conductor[109389]: DEBUG cotyledon.oslo_config_glue [-] oslo_messaging_rabbit.use_queue_manager = False {{(pid=109389) log_opt_values /opt/stack/data/venv/lib/python3.12/site-packages/oslo_config/cfg.py:3006}}
Mar 30 18:04:57.056572 np0000161496 nova-conductor[109389]: DEBUG cotyledon.oslo_config_glue [-] oslo_messaging_notifications.driver = ['messagingv2'] {{(pid=109389) log_opt_values /opt/stack/data/venv/lib/python3.12/site-packages/oslo_config/cfg.py:3006}}
Mar 30 18:04:57.056572 np0000161496 nova-conductor[109389]: DEBUG cotyledon.oslo_config_glue [-] oslo_messaging_notifications.retry = -1 {{(pid=109389) log_opt_values /opt/stack/data/venv/lib/python3.12/site-packages/oslo_config/cfg.py:3006}}
Mar 30 18:04:57.056572 np0000161496 nova-conductor[109389]: DEBUG cotyledon.oslo_config_glue [-] oslo_messaging_notifications.topics = ['notifications'] {{(pid=109389) log_opt_values /opt/stack/data/venv/lib/python3.12/site-packages/oslo_config/cfg.py:3006}}
Mar 30 18:04:57.056572 np0000161496 nova-conductor[109389]: DEBUG cotyledon.oslo_config_glue [-] oslo_messaging_notifications.transport_url = **** {{(pid=109389) log_opt_values /opt/stack/data/venv/lib/python3.12/site-packages/oslo_config/cfg.py:3006}}
Mar 30 18:04:57.056798 np0000161496 nova-conductor[109389]: DEBUG cotyledon.oslo_config_glue [-] oslo_limit.auth_section = None {{(pid=109389) log_opt_values /opt/stack/data/venv/lib/python3.12/site-packages/oslo_config/cfg.py:3006}}
Mar 30 18:04:57.056798 np0000161496 nova-conductor[109389]: DEBUG cotyledon.oslo_config_glue [-] oslo_limit.auth_type = None {{(pid=109389) log_opt_values /opt/stack/data/venv/lib/python3.12/site-packages/oslo_config/cfg.py:3006}}
Mar 30 18:04:57.056798 np0000161496 nova-conductor[109389]: DEBUG cotyledon.oslo_config_glue [-] oslo_limit.cafile = None {{(pid=109389) log_opt_values /opt/stack/data/venv/lib/python3.12/site-packages/oslo_config/cfg.py:3006}}
Mar 30 18:04:57.056798 np0000161496 nova-conductor[109389]: DEBUG cotyledon.oslo_config_glue [-] oslo_limit.certfile = None {{(pid=109389) log_opt_values /opt/stack/data/venv/lib/python3.12/site-packages/oslo_config/cfg.py:3006}}
Mar 30 18:04:57.056798 np0000161496 nova-conductor[109389]: DEBUG cotyledon.oslo_config_glue [-] oslo_limit.collect_timing = False {{(pid=109389) log_opt_values /opt/stack/data/venv/lib/python3.12/site-packages/oslo_config/cfg.py:3006}}
Mar 30 18:04:57.056798 np0000161496 nova-conductor[109389]: DEBUG cotyledon.oslo_config_glue [-] oslo_limit.connect_retries = None {{(pid=109389) log_opt_values /opt/stack/data/venv/lib/python3.12/site-packages/oslo_config/cfg.py:3006}}
Mar 30 18:04:57.056798 np0000161496 nova-conductor[109389]: DEBUG cotyledon.oslo_config_glue [-] oslo_limit.connect_retry_delay = None {{(pid=109389) log_opt_values /opt/stack/data/venv/lib/python3.12/site-packages/oslo_config/cfg.py:3006}}
Mar 30 18:04:57.056798 np0000161496 nova-conductor[109389]: DEBUG cotyledon.oslo_config_glue [-] oslo_limit.endpoint_id = None {{(pid=109389) log_opt_values /opt/stack/data/venv/lib/python3.12/site-packages/oslo_config/cfg.py:3006}}
Mar 30 18:04:57.056798 np0000161496 nova-conductor[109389]: DEBUG cotyledon.oslo_config_glue [-] oslo_limit.endpoint_interface = public {{(pid=109389) log_opt_values /opt/stack/data/venv/lib/python3.12/site-packages/oslo_config/cfg.py:3006}}
Mar 30 18:04:57.057030 np0000161496 nova-conductor[109389]: DEBUG cotyledon.oslo_config_glue [-] oslo_limit.endpoint_override = None {{(pid=109389) log_opt_values /opt/stack/data/venv/lib/python3.12/site-packages/oslo_config/cfg.py:3006}}
Mar 30 18:04:57.057030 np0000161496 nova-conductor[109389]: DEBUG cotyledon.oslo_config_glue [-] oslo_limit.endpoint_region_name = None {{(pid=109389) log_opt_values /opt/stack/data/venv/lib/python3.12/site-packages/oslo_config/cfg.py:3006}}
Mar 30 18:04:57.057030 np0000161496 nova-conductor[109389]: DEBUG cotyledon.oslo_config_glue [-] oslo_limit.endpoint_service_name = None {{(pid=109389) log_opt_values /opt/stack/data/venv/lib/python3.12/site-packages/oslo_config/cfg.py:3006}}
Mar 30 18:04:57.057030 np0000161496 nova-conductor[109389]: DEBUG cotyledon.oslo_config_glue [-] oslo_limit.endpoint_service_type = None {{(pid=109389) log_opt_values /opt/stack/data/venv/lib/python3.12/site-packages/oslo_config/cfg.py:3006}}
Mar 30 18:04:57.057030 np0000161496 nova-conductor[109389]: DEBUG cotyledon.oslo_config_glue [-] oslo_limit.insecure = False {{(pid=109389) log_opt_values /opt/stack/data/venv/lib/python3.12/site-packages/oslo_config/cfg.py:3006}}
Mar 30 18:04:57.057030 np0000161496 nova-conductor[109389]: DEBUG cotyledon.oslo_config_glue [-] oslo_limit.keyfile = None {{(pid=109389) log_opt_values /opt/stack/data/venv/lib/python3.12/site-packages/oslo_config/cfg.py:3006}}
Mar 30 18:04:57.057030 np0000161496 nova-conductor[109389]: DEBUG cotyledon.oslo_config_glue [-] oslo_limit.max_version = None {{(pid=109389) log_opt_values /opt/stack/data/venv/lib/python3.12/site-packages/oslo_config/cfg.py:3006}}
Mar 30 18:04:57.057030 np0000161496 nova-conductor[109389]: DEBUG cotyledon.oslo_config_glue [-] oslo_limit.min_version = None {{(pid=109389) log_opt_values /opt/stack/data/venv/lib/python3.12/site-packages/oslo_config/cfg.py:3006}}
Mar 30 18:04:57.057030 np0000161496 nova-conductor[109389]: DEBUG cotyledon.oslo_config_glue [-] oslo_limit.region_name = None {{(pid=109389) log_opt_values /opt/stack/data/venv/lib/python3.12/site-packages/oslo_config/cfg.py:3006}}
Mar 30 18:04:57.057244 np0000161496 nova-conductor[109389]: DEBUG cotyledon.oslo_config_glue [-] oslo_limit.retriable_status_codes = None {{(pid=109389) log_opt_values /opt/stack/data/venv/lib/python3.12/site-packages/oslo_config/cfg.py:3006}}
Mar 30 18:04:57.057244 np0000161496 nova-conductor[109389]: DEBUG cotyledon.oslo_config_glue [-] oslo_limit.service_name = None {{(pid=109389) log_opt_values /opt/stack/data/venv/lib/python3.12/site-packages/oslo_config/cfg.py:3006}}
Mar 30 18:04:57.057244 np0000161496 nova-conductor[109389]: DEBUG cotyledon.oslo_config_glue [-] oslo_limit.service_type = None {{(pid=109389) log_opt_values /opt/stack/data/venv/lib/python3.12/site-packages/oslo_config/cfg.py:3006}}
Mar 30 18:04:57.057244 np0000161496 nova-conductor[109389]: DEBUG cotyledon.oslo_config_glue [-] oslo_limit.split_loggers = False {{(pid=109389) log_opt_values /opt/stack/data/venv/lib/python3.12/site-packages/oslo_config/cfg.py:3006}}
Mar 30 18:04:57.057244 np0000161496 nova-conductor[109389]: DEBUG cotyledon.oslo_config_glue [-] oslo_limit.status_code_retries = None {{(pid=109389) log_opt_values /opt/stack/data/venv/lib/python3.12/site-packages/oslo_config/cfg.py:3006}}
Mar 30 18:04:57.057244 np0000161496 nova-conductor[109389]: DEBUG cotyledon.oslo_config_glue [-] oslo_limit.status_code_retry_delay = None {{(pid=109389) log_opt_values /opt/stack/data/venv/lib/python3.12/site-packages/oslo_config/cfg.py:3006}}
Mar 30 18:04:57.057244 np0000161496 nova-conductor[109389]: DEBUG cotyledon.oslo_config_glue [-] oslo_limit.timeout = None {{(pid=109389) log_opt_values /opt/stack/data/venv/lib/python3.12/site-packages/oslo_config/cfg.py:3006}}
Mar 30 18:04:57.057244 np0000161496 nova-conductor[109389]: DEBUG cotyledon.oslo_config_glue [-] oslo_limit.valid_interfaces = None {{(pid=109389) log_opt_values /opt/stack/data/venv/lib/python3.12/site-packages/oslo_config/cfg.py:3006}}
Mar 30 18:04:57.057244 np0000161496 nova-conductor[109389]: DEBUG cotyledon.oslo_config_glue [-] oslo_limit.version = None {{(pid=109389) log_opt_values /opt/stack/data/venv/lib/python3.12/site-packages/oslo_config/cfg.py:3006}}
Mar 30 18:04:57.057581 np0000161496 nova-conductor[109389]: DEBUG cotyledon.oslo_config_glue [-] oslo_reports.file_event_handler = None {{(pid=109389) log_opt_values /opt/stack/data/venv/lib/python3.12/site-packages/oslo_config/cfg.py:3006}}
Mar 30 18:04:57.057581 np0000161496 nova-conductor[109389]: DEBUG cotyledon.oslo_config_glue [-] oslo_reports.file_event_handler_interval = 1 {{(pid=109389) log_opt_values /opt/stack/data/venv/lib/python3.12/site-packages/oslo_config/cfg.py:3006}}
Mar 30 18:04:57.057581 np0000161496 nova-conductor[109389]: DEBUG cotyledon.oslo_config_glue [-] oslo_reports.log_dir = None {{(pid=109389) log_opt_values /opt/stack/data/venv/lib/python3.12/site-packages/oslo_config/cfg.py:3006}}
Mar 30 18:04:57.057581 np0000161496 nova-conductor[109389]: DEBUG cotyledon.oslo_config_glue [-] ******************************************************************************** {{(pid=109389) log_opt_values /opt/stack/data/venv/lib/python3.12/site-packages/oslo_config/cfg.py:3013}}
Mar 30 18:04:57.057581 np0000161496 nova-conductor[109389]: DEBUG cotyledon._service_worker [-] Run service ServiceWrapper(3) [109389] {{(pid=109389) wait_forever /opt/stack/data/venv/lib/python3.12/site-packages/cotyledon/_service_worker.py:218}}
Mar 30 18:04:57.057759 np0000161496 nova-conductor[109381]: INFO dbcounter [None req-dbf35f94-c594-449d-ba17-968416386dd0 None None] Registered counter for database nova_cell0
Mar 30 18:04:57.057787 np0000161496 nova-conductor[109389]: INFO nova.service [-] Starting conductor node (version 33.1.0)
Mar 30 18:04:57.057787 np0000161496 nova-conductor[109389]: INFO dbcounter [None req-e89d1c76-8841-4e5b-bf90-9ecac92e6acb None None] Registered counter for database nova_cell0
Mar 30 18:04:57.057905 np0000161496 nova-conductor[109373]: DEBUG oslo_db.sqlalchemy.engines [None req-a06550b7-8de1-4d7c-bf53-90bac9458da8 None None] MySQL server mode set to STRICT_TRANS_TABLES,STRICT_ALL_TABLES,NO_ZERO_IN_DATE,NO_ZERO_DATE,ERROR_FOR_DIVISION_BY_ZERO,TRADITIONAL,NO_ENGINE_SUBSTITUTION {{(pid=109373) _check_effective_sql_mode /opt/stack/data/venv/lib/python3.12/site-packages/oslo_db/sqlalchemy/engines.py:325}}
Mar 30 18:04:57.057937 np0000161496 nova-conductor[109368]: DEBUG nova.service [None req-74f77fc6-2291-4bb9-a248-a81f17f4a96c None None] Creating RPC server for service: nova-conductor on topic: conductor {{(pid=109368) start /opt/stack/nova/nova/service.py:195}}
Mar 30 18:04:57.057966 np0000161496 nova-conductor[109381]: DEBUG oslo_db.sqlalchemy.engines [None req-dbf35f94-c594-449d-ba17-968416386dd0 None None] MySQL server mode set to STRICT_TRANS_TABLES,STRICT_ALL_TABLES,NO_ZERO_IN_DATE,NO_ZERO_DATE,ERROR_FOR_DIVISION_BY_ZERO,TRADITIONAL,NO_ENGINE_SUBSTITUTION {{(pid=109381) _check_effective_sql_mode /opt/stack/data/venv/lib/python3.12/site-packages/oslo_db/sqlalchemy/engines.py:325}}
Mar 30 18:04:57.058016 np0000161496 nova-conductor[109389]: DEBUG oslo_db.sqlalchemy.engines [None req-e89d1c76-8841-4e5b-bf90-9ecac92e6acb None None] MySQL server mode set to STRICT_TRANS_TABLES,STRICT_ALL_TABLES,NO_ZERO_IN_DATE,NO_ZERO_DATE,ERROR_FOR_DIVISION_BY_ZERO,TRADITIONAL,NO_ENGINE_SUBSTITUTION {{(pid=109389) _check_effective_sql_mode /opt/stack/data/venv/lib/python3.12/site-packages/oslo_db/sqlalchemy/engines.py:325}}
Mar 30 18:04:57.058048 np0000161496 nova-conductor[109373]: DEBUG dbcounter [-] [109373] Writer thread running {{(pid=109373) stat_writer /opt/stack/data/venv/lib/python3.12/site-packages/dbcounter.py:102}}
Mar 30 18:04:57.058048 np0000161496 nova-conductor[109373]: DEBUG nova.service [None req-a06550b7-8de1-4d7c-bf53-90bac9458da8 None None] Creating RPC server for service: nova-conductor on topic: conductor {{(pid=109373) start /opt/stack/nova/nova/service.py:195}}
Mar 30 18:04:57.059257 np0000161496 nova-conductor[109389]: DEBUG dbcounter [-] [109389] Writer thread running {{(pid=109389) stat_writer /opt/stack/data/venv/lib/python3.12/site-packages/dbcounter.py:102}}
Mar 30 18:04:57.062786 np0000161496 nova-conductor[109381]: DEBUG dbcounter [-] [109381] Writer thread running {{(pid=109381) stat_writer /opt/stack/data/venv/lib/python3.12/site-packages/dbcounter.py:102}}
Mar 30 18:04:57.062856 np0000161496 nova-conductor[109389]: DEBUG nova.service [None req-e89d1c76-8841-4e5b-bf90-9ecac92e6acb None None] Creating RPC server for service: nova-conductor on topic: conductor {{(pid=109389) start /opt/stack/nova/nova/service.py:195}}
Mar 30 18:04:57.069523 np0000161496 nova-conductor[109381]: DEBUG nova.service [None req-dbf35f94-c594-449d-ba17-968416386dd0 None None] Creating RPC server for service: nova-conductor on topic: conductor {{(pid=109381) start /opt/stack/nova/nova/service.py:195}}
Mar 30 18:04:57.076309 np0000161496 nova-conductor[109368]: DEBUG nova.service [None req-74f77fc6-2291-4bb9-a248-a81f17f4a96c None None] Join ServiceGroup membership for this service conductor {{(pid=109368) start /opt/stack/nova/nova/service.py:221}}
Mar 30 18:04:57.076585 np0000161496 nova-conductor[109368]: DEBUG nova.servicegroup.drivers.db [None req-74f77fc6-2291-4bb9-a248-a81f17f4a96c None None] DB_Driver: join new ServiceGroup member np0000161496 to the conductor group, service = {{(pid=109368) join /opt/stack/nova/nova/servicegroup/drivers/db.py:44}}
Mar 30 18:04:57.080975 np0000161496 nova-conductor[109373]: DEBUG nova.service [None req-a06550b7-8de1-4d7c-bf53-90bac9458da8 None None] Join ServiceGroup membership for this service conductor {{(pid=109373) start /opt/stack/nova/nova/service.py:221}}
Mar 30 18:04:57.081255 np0000161496 nova-conductor[109373]: DEBUG nova.servicegroup.drivers.db [None req-a06550b7-8de1-4d7c-bf53-90bac9458da8 None None] DB_Driver: join new ServiceGroup member np0000161496 to the conductor group, service = {{(pid=109373) join /opt/stack/nova/nova/servicegroup/drivers/db.py:44}}
Mar 30 18:04:57.088406 np0000161496 nova-conductor[109389]: DEBUG nova.service [None req-e89d1c76-8841-4e5b-bf90-9ecac92e6acb None None] Join ServiceGroup membership for this service conductor {{(pid=109389) start /opt/stack/nova/nova/service.py:221}}
Mar 30 18:04:57.088979 np0000161496 nova-conductor[109389]: DEBUG nova.servicegroup.drivers.db [None req-e89d1c76-8841-4e5b-bf90-9ecac92e6acb None None] DB_Driver: join new ServiceGroup member np0000161496 to the conductor group, service = {{(pid=109389) join /opt/stack/nova/nova/servicegroup/drivers/db.py:44}}
Mar 30 18:04:57.099643 np0000161496 nova-conductor[109381]: DEBUG nova.service [None req-dbf35f94-c594-449d-ba17-968416386dd0 None None] Join ServiceGroup membership for this service conductor {{(pid=109381) start /opt/stack/nova/nova/service.py:221}}
Mar 30 18:04:57.099911 np0000161496 nova-conductor[109381]: DEBUG nova.servicegroup.drivers.db [None req-dbf35f94-c594-449d-ba17-968416386dd0 None None] DB_Driver: join new ServiceGroup member np0000161496 to the conductor group, service = {{(pid=109381) join /opt/stack/nova/nova/servicegroup/drivers/db.py:44}}
Mar 30 18:05:02.100682 np0000161496 nova-conductor[109368]: DEBUG oslo.service.backend._threading.loopingcall [-] Fixed interval looping call 'nova.servicegroup.drivers.db.DbDriver._report_state' sleeping for 119.98 seconds {{(pid=109368) _run_loop /opt/stack/data/venv/lib/python3.12/site-packages/oslo_service/backend/_threading/loopingcall.py:125}}
Mar 30 18:05:02.101290 np0000161496 nova-conductor[109373]: DEBUG oslo.service.backend._threading.loopingcall [-] Fixed interval looping call 'nova.servicegroup.drivers.db.DbDriver._report_state' sleeping for 119.98 seconds {{(pid=109373) _run_loop /opt/stack/data/venv/lib/python3.12/site-packages/oslo_service/backend/_threading/loopingcall.py:125}}
Mar 30 18:05:02.104186 np0000161496 nova-conductor[109381]: DEBUG oslo.service.backend._threading.loopingcall [None req-4aec1b32-ad7c-4884-afe0-8162d7940930 None None] Dynamic interval looping call 'nova.service.Service.periodic_tasks' sleeping for 60.00 seconds {{(pid=109381) _run_loop /opt/stack/data/venv/lib/python3.12/site-packages/oslo_service/backend/_threading/loopingcall.py:125}}
Mar 30 18:05:02.104957 np0000161496 nova-conductor[109389]: DEBUG oslo.service.backend._threading.loopingcall [-] Fixed interval looping call 'nova.servicegroup.drivers.db.DbDriver._report_state' sleeping for 119.99 seconds {{(pid=109389) _run_loop /opt/stack/data/venv/lib/python3.12/site-packages/oslo_service/backend/_threading/loopingcall.py:125}}
Mar 30 18:05:02.114855 np0000161496 nova-conductor[109381]: DEBUG oslo.service.backend._threading.loopingcall [-] Fixed interval looping call 'nova.servicegroup.drivers.db.DbDriver._report_state' sleeping for 119.99 seconds {{(pid=109381) _run_loop /opt/stack/data/venv/lib/python3.12/site-packages/oslo_service/backend/_threading/loopingcall.py:125}}
Mar 30 18:05:05.692646 np0000161496 nova-conductor[108594]: DEBUG dbcounter [-] [108594] Writing DB stats nova_api:SELECT=1 {{(pid=108594) stat_writer /opt/stack/data/venv/lib/python3.12/site-packages/dbcounter.py:115}}
Mar 30 18:05:05.786257 np0000161496 nova-conductor[108594]: DEBUG dbcounter [-] [108594] Writing DB stats nova_cell0:SELECT=1 {{(pid=108594) stat_writer /opt/stack/data/venv/lib/python3.12/site-packages/dbcounter.py:115}}
Mar 30 18:05:05.793564 np0000161496 nova-conductor[108594]: DEBUG dbcounter [-] [108594] Writing DB stats nova_cell1:SELECT=1 {{(pid=108594) stat_writer /opt/stack/data/venv/lib/python3.12/site-packages/dbcounter.py:115}}
Mar 30 18:05:12.092765 np0000161496 nova-conductor[109368]: DEBUG dbcounter [-] [109368] Writing DB stats nova_cell0:SELECT=4,nova_cell0:INSERT=1,nova_cell0:UPDATE=1 {{(pid=109368) stat_writer /opt/stack/data/venv/lib/python3.12/site-packages/dbcounter.py:115}}
Mar 30 18:05:12.098512 np0000161496 nova-conductor[109373]: DEBUG dbcounter [-] [109373] Writing DB stats nova_cell0:SELECT=3,nova_cell0:UPDATE=1 {{(pid=109373) stat_writer /opt/stack/data/venv/lib/python3.12/site-packages/dbcounter.py:115}}
Mar 30 18:05:12.099638 np0000161496 nova-conductor[109389]: DEBUG dbcounter [-] [109389] Writing DB stats nova_cell0:SELECT=3 {{(pid=109389) stat_writer /opt/stack/data/venv/lib/python3.12/site-packages/dbcounter.py:115}}
Mar 30 18:05:12.111650 np0000161496 nova-conductor[109381]: DEBUG dbcounter [-] [109381] Writing DB stats nova_cell0:SELECT=3 {{(pid=109381) stat_writer /opt/stack/data/venv/lib/python3.12/site-packages/dbcounter.py:115}}
Mar 30 18:05:20.084199 np0000161496 nova-conductor[109373]: DEBUG oslo.service.backend._threading.loopingcall [None req-fee84e1f-4236-4ac1-8171-fe60fc0a2203 None None] Dynamic interval looping call 'nova.service.Service.periodic_tasks' sleeping for 60.00 seconds {{(pid=109373) _run_loop /opt/stack/data/venv/lib/python3.12/site-packages/oslo_service/backend/_threading/loopingcall.py:125}}
Mar 30 18:05:47.094856 np0000161496 nova-conductor[109389]: DEBUG oslo.service.backend._threading.loopingcall [None req-9fe16335-36a6-4fb4-bc27-fdfdde8c29ab None None] Dynamic interval looping call 'nova.service.Service.periodic_tasks' sleeping for 60.00 seconds {{(pid=109389) _run_loop /opt/stack/data/venv/lib/python3.12/site-packages/oslo_service/backend/_threading/loopingcall.py:125}}
Mar 30 18:05:48.079689 np0000161496 nova-conductor[109368]: DEBUG oslo.service.backend._threading.loopingcall [None req-5f05dad0-4935-452f-92af-f52f6d2eec23 None None] Dynamic interval looping call 'nova.service.Service.periodic_tasks' sleeping for 60.00 seconds {{(pid=109368) _run_loop /opt/stack/data/venv/lib/python3.12/site-packages/oslo_service/backend/_threading/loopingcall.py:125}}
Mar 30 18:06:02.104897 np0000161496 nova-conductor[109381]: DEBUG oslo.service.backend._threading.loopingcall [None req-4aec1b32-ad7c-4884-afe0-8162d7940930 None None] Dynamic interval looping call 'nova.service.Service.periodic_tasks' sleeping for 60.00 seconds {{(pid=109381) _run_loop /opt/stack/data/venv/lib/python3.12/site-packages/oslo_service/backend/_threading/loopingcall.py:125}}
Mar 30 18:06:20.085114 np0000161496 nova-conductor[109373]: DEBUG oslo.service.backend._threading.loopingcall [None req-fee84e1f-4236-4ac1-8171-fe60fc0a2203 None None] Dynamic interval looping call 'nova.service.Service.periodic_tasks' sleeping for 60.00 seconds {{(pid=109373) _run_loop /opt/stack/data/venv/lib/python3.12/site-packages/oslo_service/backend/_threading/loopingcall.py:125}}
Mar 30 18:06:47.094018 np0000161496 nova-conductor[109389]: DEBUG oslo.service.backend._threading.loopingcall [None req-9fe16335-36a6-4fb4-bc27-fdfdde8c29ab None None] Dynamic interval looping call 'nova.service.Service.periodic_tasks' sleeping for 60.00 seconds {{(pid=109389) _run_loop /opt/stack/data/venv/lib/python3.12/site-packages/oslo_service/backend/_threading/loopingcall.py:125}}
Mar 30 18:06:48.080447 np0000161496 nova-conductor[109368]: DEBUG oslo.service.backend._threading.loopingcall [None req-5f05dad0-4935-452f-92af-f52f6d2eec23 None None] Dynamic interval looping call 'nova.service.Service.periodic_tasks' sleeping for 60.00 seconds {{(pid=109368) _run_loop /opt/stack/data/venv/lib/python3.12/site-packages/oslo_service/backend/_threading/loopingcall.py:125}}
Mar 30 18:07:02.092265 np0000161496 nova-conductor[109368]: DEBUG oslo.service.backend._threading.loopingcall [-] Fixed interval looping call 'nova.servicegroup.drivers.db.DbDriver._report_state' sleeping for 119.99 seconds {{(pid=109368) _run_loop /opt/stack/data/venv/lib/python3.12/site-packages/oslo_service/backend/_threading/loopingcall.py:125}}
Mar 30 18:07:02.093237 np0000161496 nova-conductor[109373]: DEBUG oslo.service.backend._threading.loopingcall [-] Fixed interval looping call 'nova.servicegroup.drivers.db.DbDriver._report_state' sleeping for 119.99 seconds {{(pid=109373) _run_loop /opt/stack/data/venv/lib/python3.12/site-packages/oslo_service/backend/_threading/loopingcall.py:125}}
Mar 30 18:07:02.101929 np0000161496 nova-conductor[109389]: DEBUG oslo.service.backend._threading.loopingcall [-] Fixed interval looping call 'nova.servicegroup.drivers.db.DbDriver._report_state' sleeping for 119.99 seconds {{(pid=109389) _run_loop /opt/stack/data/venv/lib/python3.12/site-packages/oslo_service/backend/_threading/loopingcall.py:125}}
Mar 30 18:07:02.105970 np0000161496 nova-conductor[109381]: DEBUG oslo.service.backend._threading.loopingcall [None req-4aec1b32-ad7c-4884-afe0-8162d7940930 None None] Dynamic interval looping call 'nova.service.Service.periodic_tasks' sleeping for 60.00 seconds {{(pid=109381) _run_loop /opt/stack/data/venv/lib/python3.12/site-packages/oslo_service/backend/_threading/loopingcall.py:125}}
Mar 30 18:07:02.111439 np0000161496 nova-conductor[109381]: DEBUG oslo.service.backend._threading.loopingcall [-] Fixed interval looping call 'nova.servicegroup.drivers.db.DbDriver._report_state' sleeping for 119.99 seconds {{(pid=109381) _run_loop /opt/stack/data/venv/lib/python3.12/site-packages/oslo_service/backend/_threading/loopingcall.py:125}}
Mar 30 18:07:12.086422 np0000161496 nova-conductor[109368]: DEBUG dbcounter [-] [109368] Writing DB stats nova_cell0:SELECT=1,nova_cell0:UPDATE=1 {{(pid=109368) stat_writer /opt/stack/data/venv/lib/python3.12/site-packages/dbcounter.py:115}}
Mar 30 18:07:12.088220 np0000161496 nova-conductor[109373]: DEBUG dbcounter [-] [109373] Writing DB stats nova_cell0:SELECT=1,nova_cell0:UPDATE=1 {{(pid=109373) stat_writer /opt/stack/data/venv/lib/python3.12/site-packages/dbcounter.py:115}}
Mar 30 18:07:12.099322 np0000161496 nova-conductor[109389]: DEBUG dbcounter [-] [109389] Writing DB stats nova_cell0:SELECT=1 {{(pid=109389) stat_writer /opt/stack/data/venv/lib/python3.12/site-packages/dbcounter.py:115}}
Mar 30 18:07:12.108501 np0000161496 nova-conductor[109381]: DEBUG dbcounter [-] [109381] Writing DB stats nova_cell0:SELECT=1 {{(pid=109381) stat_writer /opt/stack/data/venv/lib/python3.12/site-packages/dbcounter.py:115}}
Mar 30 18:07:20.086043 np0000161496 nova-conductor[109373]: DEBUG oslo.service.backend._threading.loopingcall [None req-fee84e1f-4236-4ac1-8171-fe60fc0a2203 None None] Dynamic interval looping call 'nova.service.Service.periodic_tasks' sleeping for 60.00 seconds {{(pid=109373) _run_loop /opt/stack/data/venv/lib/python3.12/site-packages/oslo_service/backend/_threading/loopingcall.py:125}}
Mar 30 18:07:47.094598 np0000161496 nova-conductor[109389]: DEBUG oslo.service.backend._threading.loopingcall [None req-9fe16335-36a6-4fb4-bc27-fdfdde8c29ab None None] Dynamic interval looping call 'nova.service.Service.periodic_tasks' sleeping for 60.00 seconds {{(pid=109389) _run_loop /opt/stack/data/venv/lib/python3.12/site-packages/oslo_service/backend/_threading/loopingcall.py:125}}
Mar 30 18:07:48.081402 np0000161496 nova-conductor[109368]: DEBUG oslo.service.backend._threading.loopingcall [None req-5f05dad0-4935-452f-92af-f52f6d2eec23 None None] Dynamic interval looping call 'nova.service.Service.periodic_tasks' sleeping for 60.00 seconds {{(pid=109368) _run_loop /opt/stack/data/venv/lib/python3.12/site-packages/oslo_service/backend/_threading/loopingcall.py:125}}
Mar 30 18:08:02.108008 np0000161496 nova-conductor[109381]: DEBUG oslo.service.backend._threading.loopingcall [None req-4aec1b32-ad7c-4884-afe0-8162d7940930 None None] Dynamic interval looping call 'nova.service.Service.periodic_tasks' sleeping for 60.00 seconds {{(pid=109381) _run_loop /opt/stack/data/venv/lib/python3.12/site-packages/oslo_service/backend/_threading/loopingcall.py:125}}
Mar 30 18:08:20.086755 np0000161496 nova-conductor[109373]: DEBUG oslo.service.backend._threading.loopingcall [None req-fee84e1f-4236-4ac1-8171-fe60fc0a2203 None None] Dynamic interval looping call 'nova.service.Service.periodic_tasks' sleeping for 60.00 seconds {{(pid=109373) _run_loop /opt/stack/data/venv/lib/python3.12/site-packages/oslo_service/backend/_threading/loopingcall.py:125}}
Mar 30 18:08:45.914270 np0000161496 nova-conductor[109368]: INFO nova.utils [None req-424f1144-3609-491e-ba48-d1e4f0f2ba98 demo demo] The cell worker thread pool ForkProcess-1.cell_worker is initialized
Mar 30 18:08:45.914892 np0000161496 nova-conductor[109368]: DEBUG oslo_concurrency.lockutils [None req-424f1144-3609-491e-ba48-d1e4f0f2ba98 demo demo] Acquiring lock "9e4ba07d-7666-4451-918e-1b57f33795d8" by "nova.context.set_target_cell..get_or_set_cached_cell_and_set_connections" {{(pid=109368) inner /opt/stack/data/venv/lib/python3.12/site-packages/oslo_concurrency/lockutils.py:506}}
Mar 30 18:08:45.915403 np0000161496 nova-conductor[109368]: DEBUG oslo_concurrency.lockutils [None req-424f1144-3609-491e-ba48-d1e4f0f2ba98 demo demo] Lock "9e4ba07d-7666-4451-918e-1b57f33795d8" acquired by "nova.context.set_target_cell..get_or_set_cached_cell_and_set_connections" :: waited 0.000s {{(pid=109368) inner /opt/stack/data/venv/lib/python3.12/site-packages/oslo_concurrency/lockutils.py:519}}
Mar 30 18:08:45.918382 np0000161496 nova-conductor[109368]: DEBUG oslo_concurrency.lockutils [None req-424f1144-3609-491e-ba48-d1e4f0f2ba98 demo demo] Lock "9e4ba07d-7666-4451-918e-1b57f33795d8" "released" by "nova.context.set_target_cell..get_or_set_cached_cell_and_set_connections" :: held 0.003s {{(pid=109368) inner /opt/stack/data/venv/lib/python3.12/site-packages/oslo_concurrency/lockutils.py:538}}
Mar 30 18:08:45.924477 np0000161496 nova-conductor[109368]: INFO dbcounter [None req-424f1144-3609-491e-ba48-d1e4f0f2ba98 demo demo] Registered counter for database nova_cell1
Mar 30 18:08:45.929912 np0000161496 nova-conductor[109368]: DEBUG oslo_db.sqlalchemy.engines [None req-424f1144-3609-491e-ba48-d1e4f0f2ba98 demo demo] MySQL server mode set to STRICT_TRANS_TABLES,STRICT_ALL_TABLES,NO_ZERO_IN_DATE,NO_ZERO_DATE,ERROR_FOR_DIVISION_BY_ZERO,TRADITIONAL,NO_ENGINE_SUBSTITUTION {{(pid=109368) _check_effective_sql_mode /opt/stack/data/venv/lib/python3.12/site-packages/oslo_db/sqlalchemy/engines.py:325}}
Mar 30 18:08:45.935554 np0000161496 nova-conductor[109368]: DEBUG oslo_db.sqlalchemy.engines [None req-424f1144-3609-491e-ba48-d1e4f0f2ba98 demo demo] Parent process 108594 forked (109368) with an open database connection, which is being discarded and recreated. {{(pid=109368) checkout /opt/stack/data/venv/lib/python3.12/site-packages/oslo_db/sqlalchemy/engines.py:402}}
Mar 30 18:08:45.940161 np0000161496 nova-conductor[109368]: DEBUG dbcounter [-] [109368] Writer thread running {{(pid=109368) stat_writer /opt/stack/data/venv/lib/python3.12/site-packages/dbcounter.py:102}}
Mar 30 18:08:46.995454 np0000161496 nova-conductor[109368]: DEBUG nova.conductor.manager [None req-424f1144-3609-491e-ba48-d1e4f0f2ba98 demo demo] Took 1.02 seconds to select destinations for 1 instance(s). {{(pid=109368) _schedule_instances /opt/stack/nova/nova/conductor/manager.py:968}}
Mar 30 18:08:47.017411 np0000161496 nova-conductor[109368]: DEBUG oslo_concurrency.lockutils [None req-424f1144-3609-491e-ba48-d1e4f0f2ba98 demo demo] Acquiring lock "9e4ba07d-7666-4451-918e-1b57f33795d8" by "nova.context.set_target_cell..get_or_set_cached_cell_and_set_connections" {{(pid=109368) inner /opt/stack/data/venv/lib/python3.12/site-packages/oslo_concurrency/lockutils.py:506}}
