+ COMMAND=start + start + for KEYSTONE_WSGI_SCRIPT in keystone-wsgi-public ++ type -p keystone-wsgi-public + cp -a /var/lib/openstack/bin/keystone-wsgi-public /var/www/cgi-bin/keystone/ + '[' -f /etc/apache2/envvars ']' + source /etc/apache2/envvars ++ unset HOME ++ '[' '' '!=' '' ']' ++ SUFFIX= ++ export APACHE_RUN_USER=www-data ++ APACHE_RUN_USER=www-data ++ export APACHE_RUN_GROUP=www-data ++ APACHE_RUN_GROUP=www-data ++ export APACHE_PID_FILE=/var/run/apache2/apache2.pid ++ APACHE_PID_FILE=/var/run/apache2/apache2.pid ++ export APACHE_RUN_DIR=/var/run/apache2 ++ APACHE_RUN_DIR=/var/run/apache2 ++ export APACHE_LOCK_DIR=/var/lock/apache2 ++ APACHE_LOCK_DIR=/var/lock/apache2 ++ export APACHE_LOG_DIR=/var/log/apache2 ++ APACHE_LOG_DIR=/var/log/apache2 ++ export LANG=C ++ LANG=C ++ export LANG + '[' -f /var/run/apache2/apache2.pid ']' + exec apache2 -DFOREGROUND AH00558: apache2: Could not reliably determine the server's fully qualified domain name, using 10.0.0.61. Set the 'ServerName' directive globally to suppress this message AH00558: apache2: Could not reliably determine the server's fully qualified domain name, using 10.0.0.61. Set the 'ServerName' directive globally to suppress this message
[Fri Jun 19 00:28:22.855472 2026] [mpm_event:notice] [pid 1:tid 140158369728384] AH00489: Apache/2.4.58 (Ubuntu) mod_wsgi/5.0.0 Python/3.12 configured -- resuming normal operations
[Fri Jun 19 00:28:22.855622 2026] [core:notice] [pid 1:tid 140158369728384] AH00094: Command line: 'apache2 -D FOREGROUND'
[Fri Jun 19 00:29:21.622045 2026] [wsgi:error] [pid 10:tid 140157731907264] /var/lib/openstack/lib/python3.12/site-packages/oslo_utils/importutils.py:77: EventletDeprecationWarning:
[Fri Jun 19 00:29:21.622088 2026] [wsgi:error] [pid 10:tid 140157731907264] Eventlet is deprecated. It is currently being maintained in bugfix mode, and
[Fri Jun 19 00:29:21.622090 2026] [wsgi:error] [pid 10:tid 140157731907264] we strongly recommend against using it for new projects.
[Fri Jun 19 00:29:21.622091 2026] [wsgi:error] [pid 10:tid 140157731907264]
[Fri Jun 19 00:29:21.622092 2026] [wsgi:error] [pid 10:tid 140157731907264] If you are already using Eventlet, we recommend migrating to a different
[Fri Jun 19 00:29:21.622094 2026] [wsgi:error] [pid 10:tid 140157731907264] framework. For more detail see
[Fri Jun 19 00:29:21.622095 2026] [wsgi:error] [pid 10:tid 140157731907264] https://eventlet.readthedocs.io/en/latest/asyncio/migration.html
[Fri Jun 19 00:29:21.622096 2026] [wsgi:error] [pid 10:tid 140157731907264]
[Fri Jun 19 00:29:21.622097 2026] [wsgi:error] [pid 10:tid 140157731907264] __import__(import_str)
[Fri Jun 19 00:29:21.636595 2026] [wsgi:error] [pid 12:tid 140157731907264] /var/lib/openstack/lib/python3.12/site-packages/oslo_utils/importutils.py:77: EventletDeprecationWarning:
[Fri Jun 19 00:29:21.636649 2026] [wsgi:error] [pid 12:tid 140157731907264] Eventlet is deprecated. It is currently being maintained in bugfix mode, and
[Fri Jun 19 00:29:21.636651 2026] [wsgi:error] [pid 12:tid 140157731907264] we strongly recommend against using it for new projects.
[Fri Jun 19 00:29:21.636652 2026] [wsgi:error] [pid 12:tid 140157731907264]
[Fri Jun 19 00:29:21.636654 2026] [wsgi:error] [pid 12:tid 140157731907264] If you are already using Eventlet, we recommend migrating to a different
[Fri Jun 19 00:29:21.636655 2026] [wsgi:error] [pid 12:tid 140157731907264] framework. For more detail see
[Fri Jun 19 00:29:21.636657 2026] [wsgi:error] [pid 12:tid 140157731907264] https://eventlet.readthedocs.io/en/latest/asyncio/migration.html
[Fri Jun 19 00:29:21.636658 2026] [wsgi:error] [pid 12:tid 140157731907264]
[Fri Jun 19 00:29:21.636659 2026] [wsgi:error] [pid 12:tid 140157731907264] __import__(import_str) 10.0.0.42 - - [19/Jun/2026:00:29:20 +0000] "GET /v3/ HTTP/1.1" 200 249 10.0.0.42 - - [19/Jun/2026:00:29:20 +0000] "GET /v3/ HTTP/1.1" 200 249
[Fri Jun 19 00:29:27.053359 2026] [wsgi:error] [pid 9:tid 140157731907264] /var/lib/openstack/lib/python3.12/site-packages/oslo_utils/importutils.py:77: EventletDeprecationWarning:
[Fri Jun 19 00:29:27.053422 2026] [wsgi:error] [pid 9:tid 140157731907264] Eventlet is deprecated. It is currently being maintained in bugfix mode, and
[Fri Jun 19 00:29:27.053425 2026] [wsgi:error] [pid 9:tid 140157731907264] we strongly recommend against using it for new projects.
[Fri Jun 19 00:29:27.053426 2026] [wsgi:error] [pid 9:tid 140157731907264]
[Fri Jun 19 00:29:27.053428 2026] [wsgi:error] [pid 9:tid 140157731907264] If you are already using Eventlet, we recommend migrating to a different
[Fri Jun 19 00:29:27.053430 2026] [wsgi:error] [pid 9:tid 140157731907264] framework. For more detail see
[Fri Jun 19 00:29:27.053431 2026] [wsgi:error] [pid 9:tid 140157731907264] https://eventlet.readthedocs.io/en/latest/asyncio/migration.html
[Fri Jun 19 00:29:27.053433 2026] [wsgi:error] [pid 9:tid 140157731907264]
[Fri Jun 19 00:29:27.053434 2026] [wsgi:error] [pid 9:tid 140157731907264] __import__(import_str) 10.0.0.42 - - [19/Jun/2026:00:29:26 +0000] "GET /v3/ HTTP/1.1" 200 249
[Fri Jun 19 00:29:34.853032 2026] [wsgi:error] [pid 11:tid 140157731907264] /var/lib/openstack/lib/python3.12/site-packages/oslo_utils/importutils.py:77: EventletDeprecationWarning:
[Fri Jun 19 00:29:34.853083 2026] [wsgi:error] [pid 11:tid 140157731907264] Eventlet is deprecated. It is currently being maintained in bugfix mode, and
[Fri Jun 19 00:29:34.853085 2026] [wsgi:error] [pid 11:tid 140157731907264] we strongly recommend against using it for new projects.
[Fri Jun 19 00:29:34.853086 2026] [wsgi:error] [pid 11:tid 140157731907264]
[Fri Jun 19 00:29:34.853088 2026] [wsgi:error] [pid 11:tid 140157731907264] If you are already using Eventlet, we recommend migrating to a different
[Fri Jun 19 00:29:34.853089 2026] [wsgi:error] [pid 11:tid 140157731907264] framework. For more detail see
[Fri Jun 19 00:29:34.853090 2026] [wsgi:error] [pid 11:tid 140157731907264] https://eventlet.readthedocs.io/en/latest/asyncio/migration.html
[Fri Jun 19 00:29:34.853091 2026] [wsgi:error] [pid 11:tid 140157731907264]
[Fri Jun 19 00:29:34.853092 2026] [wsgi:error] [pid 11:tid 140157731907264] __import__(import_str) 10.0.0.24 - - [19/Jun/2026:00:29:34 +0000] "GET / HTTP/1.1" 300 295
[Fri Jun 19 00:29:39.580211 2026] [wsgi:error] [pid 10:tid 140157731907264] [remote 10.0.0.24:58386] 2026-06-19 00:29:39.576 10 WARNING keystone.identity.core [None req-7d1a069c-711d-4c3e-a281-3d0242bf8ebf - - - - - -] Invalid domain name (atmosphere) found in config file name: keystone.exception.DomainNotFound: Could not find domain: atmosphere.
[Fri Jun 19 00:29:39.642124 2026] [wsgi:error] [pid 10:tid 140157731907264] [remote 10.0.0.24:58386] 2026-06-19 00:29:39.641 10 WARNING keystone.common.password_hashing [None req-7d1a069c-711d-4c3e-a281-3d0242bf8ebf - - - - - -] Truncating password to algorithm specific maximum length 72 characters.
[Fri Jun 19 00:29:39.928913 2026] [wsgi:error] [pid 10:tid 140157731907264] [remote 10.0.0.24:58386] 2026-06-19 00:29:39.928 10 WARNING keystone.common.fernet_utils [None req-7d1a069c-711d-4c3e-a281-3d0242bf8ebf - - - - - -] key_repository is world readable: /etc/keystone/fernet-keys/ 10.0.0.24 - - [19/Jun/2026:00:29:39 +0000] "POST /v3/auth/tokens HTTP/1.1" 201 1359
[Fri Jun 19 00:29:40.296953 2026] [wsgi:error] [pid 12:tid 140157731907264] [remote 10.0.0.24:58386] 2026-06-19 00:29:40.293 12 WARNING keystone.identity.core [None req-a4186764-18be-496f-82c5-14e0c31c18b4 - - - - - -] Invalid domain name (atmosphere) found in config file name: keystone.exception.DomainNotFound: Could not find domain: atmosphere. 10.0.0.24 - - [19/Jun/2026:00:29:40 +0000] "POST /v3/domains HTTP/1.1" 201 261 10.0.0.72 - - [19/Jun/2026:00:29:52 +0000] "GET / HTTP/1.1" 300 295
[Fri Jun 19 00:29:52.717361 2026] [wsgi:error] [pid 11:tid 140157731907264] [remote 10.0.0.72:60386] 2026-06-19 00:29:52.716 11 WARNING keystone.common.password_hashing [None req-757afe91-cb2b-4237-ab65-fd772630cd7b - - - - - -] Truncating password to algorithm specific maximum length 72 characters.
[Fri Jun 19 00:29:52.989727 2026] [wsgi:error] [pid 11:tid 140157731907264] [remote 10.0.0.72:60386] 2026-06-19 00:29:52.989 11 WARNING keystone.common.fernet_utils [None req-757afe91-cb2b-4237-ab65-fd772630cd7b - - - - - -] key_repository is world readable: /etc/keystone/fernet-keys/ 10.0.0.72 - - [19/Jun/2026:00:29:52 +0000] "POST /v3/auth/tokens HTTP/1.1" 201 1359 10.0.0.72 - - [19/Jun/2026:00:29:53 +0000] "GET /v3/roles/admin HTTP/1.1" 404 83
[Fri Jun 19 00:29:53.233374 2026] [wsgi:error] [pid 12:tid 140157731907264] [remote 10.0.0.72:60386] 2026-06-19 00:29:53.233 12 WARNING keystone.common.rbac_enforcer.enforcer [None req-edb9a0c2-d16b-4492-9e39-5098a99e3191 0519eccecf45483ebcff6a9277db97cb cfb98ba4b3094c29b847b1013889cebe - - default default] Deprecated policy rules found. Use oslopolicy-policy-generator and oslopolicy-policy-upgrade to detect and resolve deprecated policies in your configuration. 10.0.0.72 - - [19/Jun/2026:00:29:53 +0000] "GET /v3/roles?name=admin HTTP/1.1" 200 389
[Fri Jun 19 00:29:53.788549 2026] [wsgi:error] [pid 9:tid 140157731907264] [remote 10.0.0.72:60386] 2026-06-19 00:29:53.788 9 WARNING keystone.common.rbac_enforcer.enforcer [None req-026c0fe7-143f-4b0d-9976-eca213b53a47 0519eccecf45483ebcff6a9277db97cb cfb98ba4b3094c29b847b1013889cebe - - default default] Deprecated policy rules found. Use oslopolicy-policy-generator and oslopolicy-policy-upgrade to detect and resolve deprecated policies in your configuration. 10.0.0.72 - - [19/Jun/2026:00:29:53 +0000] "GET /v3/users/admin-RegionOne HTTP/1.1" 404 93
[Fri Jun 19 00:29:53.957508 2026] [wsgi:error] [pid 11:tid 140157731907264] [remote 10.0.0.72:60386] 2026-06-19 00:29:53.957 11 WARNING keystone.common.rbac_enforcer.enforcer [None req-157a72e0-c64d-4769-9255-6eb7c57f9d2d 0519eccecf45483ebcff6a9277db97cb cfb98ba4b3094c29b847b1013889cebe - - default default] Deprecated policy rules found. Use oslopolicy-policy-generator and oslopolicy-policy-upgrade to detect and resolve deprecated policies in your configuration. 10.0.0.72 - - [19/Jun/2026:00:29:53 +0000] "GET /v3/users?name=admin-RegionOne HTTP/1.1" 200 422
[Fri Jun 19 00:29:54.231763 2026] [wsgi:error] [pid 10:tid 140157731907264] [remote 10.0.0.72:60386] 2026-06-19 00:29:54.231 10 WARNING keystone.common.rbac_enforcer.enforcer [None req-9e2320de-3340-4866-9aae-33d819034fe1 0519eccecf45483ebcff6a9277db97cb cfb98ba4b3094c29b847b1013889cebe - - default default] Deprecated policy rules found. Use oslopolicy-policy-generator and oslopolicy-policy-upgrade to detect and resolve deprecated policies in your configuration. 10.0.0.72 - - [19/Jun/2026:00:29:53 +0000] "GET /v3/domains/default HTTP/1.1" 200 224 10.0.0.72 - - [19/Jun/2026:00:29:54 +0000] "PUT /v3/domains/default/users/0519eccecf45483ebcff6a9277db97cb/roles/a0fa70b8b6294f5c98a8137564d7de2f HTTP/1.1" 204 - 10.0.0.42 - - [19/Jun/2026:00:30:03 +0000] "GET / HTTP/1.1" 300 280 10.0.0.42 - - [19/Jun/2026:00:30:05 +0000] "GET /v3 HTTP/1.1" 200 265
[Fri Jun 19 00:30:05.158177 2026] [wsgi:error] [pid 10:tid 140157731907264] [remote 10.0.0.42:59512] 2026-06-19 00:30:05.157 10 WARNING keystone.common.password_hashing [None req-07b6c402-2fec-4af5-9207-43310f34b00a - - - - - -] Truncating password to algorithm specific maximum length 72 characters.
[Fri Jun 19 00:30:05.448196 2026] [wsgi:error] [pid 10:tid 140157731907264] [remote 10.0.0.42:59512] 2026-06-19 00:30:05.447 10 WARNING keystone.common.fernet_utils [None req-07b6c402-2fec-4af5-9207-43310f34b00a - - - - - -] key_repository is world readable: /etc/keystone/fernet-keys/ 10.0.0.42 - - [19/Jun/2026:00:30:05 +0000] "POST /v3/auth/tokens HTTP/1.1" 201 1359 10.0.0.42 - - [19/Jun/2026:00:30:05 +0000] "GET / HTTP/1.1" 300 280 10.0.0.42 - - [19/Jun/2026:00:30:05 +0000] "GET /v3/domains/atmosphere HTTP/1.1" 404 90 10.0.0.42 - - [19/Jun/2026:00:30:05 +0000] "GET /v3/domains?name=atmosphere HTTP/1.1" 200 368 10.0.0.42 - - [19/Jun/2026:00:30:05 +0000] "GET /v3/domains/a0a54117f53841829fe8b4379fcbd241 HTTP/1.1" 200 246 10.0.0.42 - - [19/Jun/2026:00:30:06 +0000] "GET /v3 HTTP/1.1" 200 265
[Fri Jun 19 00:30:06.702541 2026] [wsgi:error] [pid 9:tid 140157731907264] [remote 10.0.0.42:59512] 2026-06-19 00:30:06.702 9 WARNING keystone.common.password_hashing [None req-ac549040-8bb7-40b3-a3c6-b4decd15a42b - - - - - -] Truncating password to algorithm specific maximum length 72 characters.
[Fri Jun 19 00:30:06.985996 2026] [wsgi:error] [pid 9:tid 140157731907264] [remote 10.0.0.42:59512] 2026-06-19 00:30:06.985 9 WARNING keystone.common.fernet_utils [None req-ac549040-8bb7-40b3-a3c6-b4decd15a42b - - - - - -] key_repository is world readable: /etc/keystone/fernet-keys/ 10.0.0.42 - - [19/Jun/2026:00:30:06 +0000] "POST /v3/auth/tokens HTTP/1.1" 201 1359 10.0.0.42 - - [19/Jun/2026:00:30:06 +0000] "GET / HTTP/1.1" 300 280 10.0.0.42 - - [19/Jun/2026:00:30:07 +0000] "GET /v3/OS-FEDERATION/identity_providers/atmosphere HTTP/1.1" 404 101 10.0.0.42 - - [19/Jun/2026:00:30:07 +0000] "GET /v3/OS-FEDERATION/identity_providers HTTP/1.1" 200 155 10.0.0.42 - - [19/Jun/2026:00:30:07 +0000] "PUT /v3/OS-FEDERATION/identity_providers/atmosphere HTTP/1.1" 201 340 10.0.0.42 - - [19/Jun/2026:00:30:07 +0000] "GET /v3 HTTP/1.1" 200 265
[Fri Jun 19 00:30:07.898008 2026] [wsgi:error] [pid 10:tid 140157731907264] [remote 10.0.0.42:59500] 2026-06-19 00:30:07.897 10 WARNING keystone.common.password_hashing [None req-f147fe76-d534-4317-bda3-b3d112c72499 - - - - - -] Truncating password to algorithm specific maximum length 72 characters.
[Fri Jun 19 00:30:08.177395 2026] [wsgi:error] [pid 10:tid 140157731907264] [remote 10.0.0.42:59500] 2026-06-19 00:30:08.177 10 WARNING keystone.common.fernet_utils [None req-f147fe76-d534-4317-bda3-b3d112c72499 - - - - - -] key_repository is world readable: /etc/keystone/fernet-keys/ 10.0.0.42 - - [19/Jun/2026:00:30:07 +0000] "POST /v3/auth/tokens HTTP/1.1" 201 1359 10.0.0.42 - - [19/Jun/2026:00:30:08 +0000] "GET / HTTP/1.1" 300 280 10.0.0.42 - - [19/Jun/2026:00:30:08 +0000] "GET /v3/OS-FEDERATION/mappings/atmosphere-openid HTTP/1.1" 404 98 10.0.0.42 - - [19/Jun/2026:00:30:08 +0000] "GET /v3/OS-FEDERATION/mappings HTTP/1.1" 200 135 10.0.0.42 - - [19/Jun/2026:00:30:08 +0000] "PUT /v3/OS-FEDERATION/mappings/atmosphere-openid HTTP/1.1" 201 356 10.0.0.42 - - [19/Jun/2026:00:30:09 +0000] "GET /v3 HTTP/1.1" 200 265
[Fri Jun 19 00:30:09.086356 2026] [wsgi:error] [pid 9:tid 140157731907264] [remote 10.0.0.42:59500] 2026-06-19 00:30:09.086 9 WARNING keystone.common.password_hashing [None req-039b3137-cf3a-4fb5-a558-c18f5da9162f - - - - - -] Truncating password to algorithm specific maximum length 72 characters.
[Fri Jun 19 00:30:09.361386 2026] [wsgi:error] [pid 9:tid 140157731907264] [remote 10.0.0.42:59500] 2026-06-19 00:30:09.361 9 WARNING keystone.common.fernet_utils [None req-039b3137-cf3a-4fb5-a558-c18f5da9162f - - - - - -] key_repository is world readable: /etc/keystone/fernet-keys/ 10.0.0.42 - - [19/Jun/2026:00:30:09 +0000] "POST /v3/auth/tokens HTTP/1.1" 201 1359 10.0.0.42 - - [19/Jun/2026:00:30:09 +0000] "GET / HTTP/1.1" 300 280 10.0.0.42 - - [19/Jun/2026:00:30:09 +0000] "GET /v3/OS-FEDERATION/identity_providers/atmosphere/protocols/openid?idp_id=atmosphere HTTP/1.1" 404 131 10.0.0.42 - - [19/Jun/2026:00:30:09 +0000] "GET /v3/OS-FEDERATION/identity_providers/atmosphere/protocols HTTP/1.1" 200 167 10.0.0.42 - - [19/Jun/2026:00:30:09 +0000] "PUT /v3/OS-FEDERATION/identity_providers/atmosphere/protocols/openid HTTP/1.1" 201 222 10.0.0.42 - - [19/Jun/2026:00:30:20 +0000] "GET /v3/ HTTP/1.1" 200 249 10.0.0.42 - - [19/Jun/2026:00:30:20 +0000] "GET /v3/ HTTP/1.1" 200 249 10.0.0.42 - - [19/Jun/2026:00:31:20 +0000] "GET /v3/ HTTP/1.1" 200 249 10.0.0.42 - - [19/Jun/2026:00:31:20 +0000] "GET /v3/ HTTP/1.1" 200 249 10.0.0.94 - - [19/Jun/2026:00:31:35 +0000] "GET / HTTP/1.1" 300 295
[Fri Jun 19 00:31:35.312424 2026] [wsgi:error] [pid 10:tid 140157731907264] [remote 10.0.0.94:53444] 2026-06-19 00:31:35.312 10 WARNING keystone.common.password_hashing [None req-a9c329b6-5440-468e-8f07-09de2968c4fb - - - - - -] Truncating password to algorithm specific maximum length 72 characters.
[Fri Jun 19 00:31:35.589744 2026] [wsgi:error] [pid 10:tid 140157731907264] [remote 10.0.0.94:53444] 2026-06-19 00:31:35.589 10 WARNING keystone.common.fernet_utils [None req-a9c329b6-5440-468e-8f07-09de2968c4fb - - - - - -] key_repository is world readable: /etc/keystone/fernet-keys/ 10.0.0.94 - - [19/Jun/2026:00:31:35 +0000] "POST /v3/auth/tokens HTTP/1.1" 201 1359 10.0.0.94 - - [19/Jun/2026:00:31:35 +0000] "GET /v3/services HTTP/1.1" 200 355 10.0.0.94 - - [19/Jun/2026:00:31:39 +0000] "GET / HTTP/1.1" 300 295
[Fri Jun 19 00:31:39.531906 2026] [wsgi:error] [pid 11:tid 140157731907264] [remote 10.0.0.94:53460] 2026-06-19 00:31:39.531 11 WARNING keystone.common.password_hashing [None req-377a3013-d74d-47ba-a542-76d1fe56e677 - - - - - -] Truncating password to algorithm specific maximum length 72 characters.
[Fri Jun 19 00:31:39.802562 2026] [wsgi:error] [pid 11:tid 140157731907264] [remote 10.0.0.94:53460] 2026-06-19 00:31:39.802 11 WARNING keystone.common.fernet_utils [None req-377a3013-d74d-47ba-a542-76d1fe56e677 - - - - - -] key_repository is world readable: /etc/keystone/fernet-keys/ 10.0.0.94 - - [19/Jun/2026:00:31:39 +0000] "POST /v3/auth/tokens HTTP/1.1" 201 1359 10.0.0.94 - - [19/Jun/2026:00:31:39 +0000] "GET /v3/services HTTP/1.1" 200 355 10.0.0.94 - - [19/Jun/2026:00:31:43 +0000] "GET / HTTP/1.1" 300 295
[Fri Jun 19 00:31:43.601873 2026] [wsgi:error] [pid 9:tid 140157731907264] [remote 10.0.0.94:58722] 2026-06-19 00:31:43.601 9 WARNING keystone.common.password_hashing [None req-54c44f1a-7954-4c0c-8173-7c07f8e495de - - - - - -] Truncating password to algorithm specific maximum length 72 characters.
[Fri Jun 19 00:31:43.880757 2026] [wsgi:error] [pid 9:tid 140157731907264] [remote 10.0.0.94:58722] 2026-06-19 00:31:43.880 9 WARNING keystone.common.fernet_utils [None req-54c44f1a-7954-4c0c-8173-7c07f8e495de - - - - - -] key_repository is world readable: /etc/keystone/fernet-keys/ 10.0.0.94 - - [19/Jun/2026:00:31:43 +0000] "POST /v3/auth/tokens HTTP/1.1" 201 1359 10.0.0.94 - - [19/Jun/2026:00:31:43 +0000] "GET /v3/services HTTP/1.1" 200 355 10.0.0.94 - - [19/Jun/2026:00:31:47 +0000] "GET / HTTP/1.1" 300 295
[Fri Jun 19 00:31:47.735612 2026] [wsgi:error] [pid 12:tid 140157731907264] [remote 10.0.0.94:58726] 2026-06-19 00:31:47.735 12 WARNING keystone.common.password_hashing [None req-bab1d030-36b4-4272-b321-d504c17a4fb0 - - - - - -] Truncating password to algorithm specific maximum length 72 characters.
[Fri Jun 19 00:31:48.006659 2026] [wsgi:error] [pid 12:tid 140157731907264] [remote 10.0.0.94:58726] 2026-06-19 00:31:48.006 12 WARNING keystone.common.fernet_utils [None req-bab1d030-36b4-4272-b321-d504c17a4fb0 - - - - - -] key_repository is world readable: /etc/keystone/fernet-keys/ 10.0.0.94 - - [19/Jun/2026:00:31:47 +0000] "POST /v3/auth/tokens HTTP/1.1" 201 1359 10.0.0.94 - - [19/Jun/2026:00:31:48 +0000] "POST /v3/services HTTP/1.1" 201 296 10.0.0.154 - - [19/Jun/2026:00:32:00 +0000] "GET / HTTP/1.1" 300 295
[Fri Jun 19 00:32:00.592105 2026] [wsgi:error] [pid 10:tid 140157731907264] [remote 10.0.0.154:44414] 2026-06-19 00:32:00.591 10 WARNING keystone.common.password_hashing [None req-030632a2-06d1-4593-8b12-6ede0b70e3d0 - - - - - -] Truncating password to algorithm specific maximum length 72 characters. 10.0.0.154 - - [19/Jun/2026:00:32:00 +0000] "GET / HTTP/1.1" 300 295
[Fri Jun 19 00:32:00.718482 2026] [wsgi:error] [pid 9:tid 140157731907264] [remote 10.0.0.154:44428] 2026-06-19 00:32:00.718 9 WARNING keystone.common.password_hashing [None req-d18d7d39-ac36-4244-b45f-031c60ab4f72 - - - - - -] Truncating password to algorithm specific maximum length 72 characters.
[Fri Jun 19 00:32:00.863412 2026] [wsgi:error] [pid 10:tid 140157731907264] [remote 10.0.0.154:44414] 2026-06-19 00:32:00.863 10 WARNING keystone.common.fernet_utils [None req-030632a2-06d1-4593-8b12-6ede0b70e3d0 - - - - - -] key_repository is world readable: /etc/keystone/fernet-keys/ 10.0.0.154 - - [19/Jun/2026:00:32:00 +0000] "POST /v3/auth/tokens HTTP/1.1" 201 1463 10.0.0.154 - - [19/Jun/2026:00:32:00 +0000] "GET / HTTP/1.1" 300 295
[Fri Jun 19 00:32:00.958377 2026] [wsgi:error] [pid 12:tid 140157731907264] [remote 10.0.0.154:37066] 2026-06-19 00:32:00.958 12 WARNING keystone.common.password_hashing [None req-6573a69a-4363-48de-b29a-be20d947962a - - - - - -] Truncating password to algorithm specific maximum length 72 characters. 10.0.0.154 - - [19/Jun/2026:00:32:00 +0000] "GET /v3/services HTTP/1.1" 200 639
[Fri Jun 19 00:32:01.022463 2026] [wsgi:error] [pid 9:tid 140157731907264] [remote 10.0.0.154:44428] 2026-06-19 00:32:01.022 9 WARNING keystone.common.fernet_utils [None req-d18d7d39-ac36-4244-b45f-031c60ab4f72 - - - - - -] key_repository is world readable: /etc/keystone/fernet-keys/ 10.0.0.154 - - [19/Jun/2026:00:32:00 +0000] "POST /v3/auth/tokens HTTP/1.1" 201 1463 10.0.0.154 - - [19/Jun/2026:00:32:01 +0000] "GET /v3/services HTTP/1.1" 200 639
[Fri Jun 19 00:32:01.234274 2026] [wsgi:error] [pid 12:tid 140157731907264] [remote 10.0.0.154:37066] 2026-06-19 00:32:01.234 12 WARNING keystone.common.fernet_utils [None req-6573a69a-4363-48de-b29a-be20d947962a - - - - - -] key_repository is world readable: /etc/keystone/fernet-keys/ 10.0.0.154 - - [19/Jun/2026:00:32:00 +0000] "POST /v3/auth/tokens HTTP/1.1" 201 1463 10.0.0.154 - - [19/Jun/2026:00:32:01 +0000] "GET /v3/services HTTP/1.1" 200 639 10.0.0.154 - - [19/Jun/2026:00:32:02 +0000] "GET / HTTP/1.1" 300 295
[Fri Jun 19 00:32:02.825256 2026] [wsgi:error] [pid 11:tid 140157731907264] [remote 10.0.0.154:37080] 2026-06-19 00:32:02.825 11 WARNING keystone.common.password_hashing [None req-44b4d0d7-c6d9-499d-b5d0-b3bdfbf6165d - - - - - -] Truncating password to algorithm specific maximum length 72 characters. 10.0.0.154 - - [19/Jun/2026:00:32:02 +0000] "GET / HTTP/1.1" 300 295
[Fri Jun 19 00:32:02.924663 2026] [wsgi:error] [pid 10:tid 140157731907264] [remote 10.0.0.154:37092] 2026-06-19 00:32:02.924 10 WARNING keystone.common.password_hashing [None req-fd4e18a1-e224-40b5-89f9-bc83d3f71ad2 - - - - - -] Truncating password to algorithm specific maximum length 72 characters.
[Fri Jun 19 00:32:03.112595 2026] [wsgi:error] [pid 11:tid 140157731907264] [remote 10.0.0.154:37080] 2026-06-19 00:32:03.112 11 WARNING keystone.common.fernet_utils [None req-44b4d0d7-c6d9-499d-b5d0-b3bdfbf6165d - - - - - -] key_repository is world readable: /etc/keystone/fernet-keys/ 10.0.0.154 - - [19/Jun/2026:00:32:02 +0000] "POST /v3/auth/tokens HTTP/1.1" 201 1463
[Fri Jun 19 00:32:03.192221 2026] [wsgi:error] [pid 10:tid 140157731907264] [remote 10.0.0.154:37092] 2026-06-19 00:32:03.192 10 WARNING keystone.common.fernet_utils [None req-fd4e18a1-e224-40b5-89f9-bc83d3f71ad2 - - - - - -] key_repository is world readable: /etc/keystone/fernet-keys/ 10.0.0.154 - - [19/Jun/2026:00:32:02 +0000] "POST /v3/auth/tokens HTTP/1.1" 201 1463 10.0.0.154 - - [19/Jun/2026:00:32:03 +0000] "GET / HTTP/1.1" 300 295 10.0.0.154 - - [19/Jun/2026:00:32:03 +0000] "GET /v3/endpoints HTTP/1.1" 200 1226
[Fri Jun 19 00:32:03.254452 2026] [wsgi:error] [pid 11:tid 140157731907264] [remote 10.0.0.154:37094] 2026-06-19 00:32:03.254 11 WARNING keystone.common.password_hashing [None req-27b71b1b-6c62-41b9-bc59-4473cb3f0c56 - - - - - -] Truncating password to algorithm specific maximum length 72 characters. 10.0.0.154 - - [19/Jun/2026:00:32:03 +0000] "GET /v3/services/ffb3d0d7f9924f20b817eccfd1009db3 HTTP/1.1" 200 233 10.0.0.154 - - [19/Jun/2026:00:32:03 +0000] "GET /v3/services/ffb3d0d7f9924f20b817eccfd1009db3 HTTP/1.1" 200 233 10.0.0.154 - - [19/Jun/2026:00:32:03 +0000] "GET /v3/endpoints HTTP/1.1" 200 1226 10.0.0.154 - - [19/Jun/2026:00:32:03 +0000] "GET /v3/services/ffb3d0d7f9924f20b817eccfd1009db3 HTTP/1.1" 200 233 10.0.0.154 - - [19/Jun/2026:00:32:03 +0000] "GET /v3/services/ffb3d0d7f9924f20b817eccfd1009db3 HTTP/1.1" 200 233 10.0.0.154 - - [19/Jun/2026:00:32:03 +0000] "GET /v3/services/ffb3d0d7f9924f20b817eccfd1009db3 HTTP/1.1" 200 233 10.0.0.154 - - [19/Jun/2026:00:32:03 +0000] "GET /v3/services/ffb3d0d7f9924f20b817eccfd1009db3 HTTP/1.1" 200 233
[Fri Jun 19 00:32:03.549660 2026] [wsgi:error] [pid 11:tid 140157731907264] [remote 10.0.0.154:37094] 2026-06-19 00:32:03.549 11 WARNING keystone.common.fernet_utils [None req-27b71b1b-6c62-41b9-bc59-4473cb3f0c56 - - - - - -] key_repository is world readable: /etc/keystone/fernet-keys/ 10.0.0.154 - - [19/Jun/2026:00:32:03 +0000] "POST /v3/auth/tokens HTTP/1.1" 201 1463 10.0.0.154 - - [19/Jun/2026:00:32:03 +0000] "GET /v3/endpoints HTTP/1.1" 200 1226 10.0.0.154 - - [19/Jun/2026:00:32:03 +0000] "GET /v3/services/ffb3d0d7f9924f20b817eccfd1009db3 HTTP/1.1" 200 233 10.0.0.154 - - [19/Jun/2026:00:32:03 +0000] "GET /v3/services/ffb3d0d7f9924f20b817eccfd1009db3 HTTP/1.1" 200 233 10.0.0.154 - - [19/Jun/2026:00:32:03 +0000] "GET /v3/services/ffb3d0d7f9924f20b817eccfd1009db3 HTTP/1.1" 200 233 10.0.0.154 - - [19/Jun/2026:00:32:05 +0000] "GET / HTTP/1.1" 300 295
[Fri Jun 19 00:32:05.036825 2026] [wsgi:error] [pid 9:tid 140157731907264] [remote 10.0.0.154:37108] 2026-06-19 00:32:05.036 9 WARNING keystone.common.password_hashing [None req-9d9e7776-8d15-4256-9e6f-caa48d0e102f - - - - - -] Truncating password to algorithm specific maximum length 72 characters. 10.0.0.154 - - [19/Jun/2026:00:32:05 +0000] "GET / HTTP/1.1" 300 295
[Fri Jun 19 00:32:05.187039 2026] [wsgi:error] [pid 11:tid 140157731907264] [remote 10.0.0.154:37114] 2026-06-19 00:32:05.186 11 WARNING keystone.common.password_hashing [None req-fe275561-3c15-4409-a641-94270962386a - - - - - -] Truncating password to algorithm specific maximum length 72 characters. 10.0.0.154 - - [19/Jun/2026:00:32:05 +0000] "GET / HTTP/1.1" 300 295
[Fri Jun 19 00:32:05.274886 2026] [wsgi:error] [pid 10:tid 140157731907264] [remote 10.0.0.154:37116] 2026-06-19 00:32:05.274 10 WARNING keystone.common.password_hashing [None req-914f3ca8-30fa-45a8-95f5-ced4dac0a7fb - - - - - -] Truncating password to algorithm specific maximum length 72 characters.
[Fri Jun 19 00:32:05.313586 2026] [wsgi:error] [pid 9:tid 140157731907264] [remote 10.0.0.154:37108] 2026-06-19 00:32:05.313 9 WARNING keystone.common.fernet_utils [None req-9d9e7776-8d15-4256-9e6f-caa48d0e102f - - - - - -] key_repository is world readable: /etc/keystone/fernet-keys/ 10.0.0.154 - - [19/Jun/2026:00:32:05 +0000] "POST /v3/auth/tokens HTTP/1.1" 201 1463 10.0.0.154 - - [19/Jun/2026:00:32:05 +0000] "GET /v3/services/4fb7393ede1b45e9bc8bece238ea135c HTTP/1.1" 200 296 10.0.0.154 - - [19/Jun/2026:00:32:05 +0000] "GET /v3/regions/RegionOne HTTP/1.1" 200 173
[Fri Jun 19 00:32:05.479840 2026] [wsgi:error] [pid 11:tid 140157731907264] [remote 10.0.0.154:37114] 2026-06-19 00:32:05.479 11 WARNING keystone.common.fernet_utils [None req-fe275561-3c15-4409-a641-94270962386a - - - - - -] key_repository is world readable: /etc/keystone/fernet-keys/ 10.0.0.154 - - [19/Jun/2026:00:32:05 +0000] "POST /v3/auth/tokens HTTP/1.1" 201 1463 10.0.0.154 - - [19/Jun/2026:00:32:05 +0000] "POST /v3/endpoints HTTP/1.1" 201 380
[Fri Jun 19 00:32:05.548306 2026] [wsgi:error] [pid 10:tid 140157731907264] [remote 10.0.0.154:37116] 2026-06-19 00:32:05.548 10 WARNING keystone.common.fernet_utils [None req-914f3ca8-30fa-45a8-95f5-ced4dac0a7fb - - - - - -] key_repository is world readable: /etc/keystone/fernet-keys/ 10.0.0.154 - - [19/Jun/2026:00:32:05 +0000] "POST /v3/auth/tokens HTTP/1.1" 201 1640 10.0.0.154 - - [19/Jun/2026:00:32:05 +0000] "GET /v3/services/4fb7393ede1b45e9bc8bece238ea135c HTTP/1.1" 200 296 10.0.0.154 - - [19/Jun/2026:00:32:05 +0000] "GET /v3/regions/RegionOne HTTP/1.1" 200 173 10.0.0.154 - - [19/Jun/2026:00:32:05 +0000] "POST /v3/endpoints HTTP/1.1" 201 383 10.0.0.154 - - [19/Jun/2026:00:32:05 +0000] "GET /v3/services/4fb7393ede1b45e9bc8bece238ea135c HTTP/1.1" 200 296 10.0.0.154 - - [19/Jun/2026:00:32:05 +0000] "GET /v3/regions/RegionOne HTTP/1.1" 200 173 10.0.0.154 - - [19/Jun/2026:00:32:05 +0000] "POST /v3/endpoints HTTP/1.1" 201 369 10.0.0.154 - - [19/Jun/2026:00:32:07 +0000] "GET / HTTP/1.1" 300 295
[Fri Jun 19 00:32:07.161501 2026] [wsgi:error] [pid 10:tid 140157731907264] [remote 10.0.0.154:37118] 2026-06-19 00:32:07.161 10 WARNING keystone.common.password_hashing [None req-49d3788b-6c9b-4bf6-86fa-47fc12fa12f2 - - - - - -] Truncating password to algorithm specific maximum length 72 characters. 10.0.0.154 - - [19/Jun/2026:00:32:07 +0000] "GET / HTTP/1.1" 300 295
[Fri Jun 19 00:32:07.223175 2026] [wsgi:error] [pid 11:tid 140157731907264] [remote 10.0.0.154:37122] 2026-06-19 00:32:07.222 11 WARNING keystone.common.password_hashing [None req-3933189e-be54-42d3-8164-163b3d38a29a - - - - - -] Truncating password to algorithm specific maximum length 72 characters. 10.0.0.154 - - [19/Jun/2026:00:32:07 +0000] "GET / HTTP/1.1" 300 295
[Fri Jun 19 00:32:07.448327 2026] [wsgi:error] [pid 10:tid 140157731907264] [remote 10.0.0.154:37118] 2026-06-19 00:32:07.448 10 WARNING keystone.common.fernet_utils [None req-49d3788b-6c9b-4bf6-86fa-47fc12fa12f2 - - - - - -] key_repository is world readable: /etc/keystone/fernet-keys/
[Fri Jun 19 00:32:07.449329 2026] [wsgi:error] [pid 9:tid 140157731907264] [remote 10.0.0.154:37136] 2026-06-19 00:32:07.449 9 WARNING keystone.common.password_hashing [None req-4c4ac432-2345-4d5b-a655-e66fa1feead5 - - - - - -] Truncating password to algorithm specific maximum length 72 characters. 10.0.0.154 - - [19/Jun/2026:00:32:07 +0000] "POST /v3/auth/tokens HTTP/1.1" 201 1990
[Fri Jun 19 00:32:07.501154 2026] [wsgi:error] [pid 11:tid 140157731907264] [remote 10.0.0.154:37122] 2026-06-19 00:32:07.500 11 WARNING keystone.common.fernet_utils [None req-3933189e-be54-42d3-8164-163b3d38a29a - - - - - -] key_repository is world readable: /etc/keystone/fernet-keys/ 10.0.0.154 - - [19/Jun/2026:00:32:07 +0000] "POST /v3/auth/tokens HTTP/1.1" 201 1990 10.0.0.154 - - [19/Jun/2026:00:32:07 +0000] "GET /v3/endpoints/5c067f10af664374afd8ea587bd6eb82 HTTP/1.1" 200 380 10.0.0.154 - - [19/Jun/2026:00:32:07 +0000] "GET /v3/endpoints/ac8bbe29b14c403583cfeb29afb664dc HTTP/1.1" 200 383 10.0.0.154 - - [19/Jun/2026:00:32:07 +0000] "GET /v3/services/4fb7393ede1b45e9bc8bece238ea135c HTTP/1.1" 200 296 10.0.0.154 - - [19/Jun/2026:00:32:07 +0000] "GET /v3/services/4fb7393ede1b45e9bc8bece238ea135c HTTP/1.1" 200 296
[Fri Jun 19 00:32:07.748749 2026] [wsgi:error] [pid 9:tid 140157731907264] [remote 10.0.0.154:37136] 2026-06-19 00:32:07.748 9 WARNING keystone.common.fernet_utils [None req-4c4ac432-2345-4d5b-a655-e66fa1feead5 - - - - - -] key_repository is world readable: /etc/keystone/fernet-keys/ 10.0.0.154 - - [19/Jun/2026:00:32:07 +0000] "POST /v3/auth/tokens HTTP/1.1" 201 1990 10.0.0.154 - - [19/Jun/2026:00:32:07 +0000] "GET /v3/endpoints/5fc3ec2f9b414661b803383f6f252c04 HTTP/1.1" 200 369 10.0.0.154 - - [19/Jun/2026:00:32:07 +0000] "GET /v3/services/4fb7393ede1b45e9bc8bece238ea135c HTTP/1.1" 200 296 10.0.0.26 - - [19/Jun/2026:00:32:19 +0000] "GET / HTTP/1.1" 300 295
[Fri Jun 19 00:32:19.764109 2026] [wsgi:error] [pid 9:tid 140157731907264] [remote 10.0.0.26:38006] 2026-06-19 00:32:19.763 9 WARNING keystone.common.password_hashing [None req-15f8dfc4-2f60-4651-952b-1aa10ed09c7c - - - - - -] Truncating password to algorithm specific maximum length 72 characters.
[Fri Jun 19 00:32:20.036583 2026] [wsgi:error] [pid 9:tid 140157731907264] [remote 10.0.0.26:38006] 2026-06-19 00:32:20.036 9 WARNING keystone.common.fernet_utils [None req-15f8dfc4-2f60-4651-952b-1aa10ed09c7c - - - - - -] key_repository is world readable: /etc/keystone/fernet-keys/ 10.0.0.26 - - [19/Jun/2026:00:32:19 +0000] "POST /v3/auth/tokens HTTP/1.1" 201 1990 10.0.0.26 - - [19/Jun/2026:00:32:20 +0000] "POST /v3/domains HTTP/1.1" 201 284 10.0.0.42 - - [19/Jun/2026:00:32:20 +0000] "GET /v3/ HTTP/1.1" 200 249 10.0.0.42 - - [19/Jun/2026:00:32:20 +0000] "GET /v3/ HTTP/1.1" 200 249 10.0.0.26 - - [19/Jun/2026:00:32:22 +0000] "GET / HTTP/1.1" 300 295
[Fri Jun 19 00:32:22.034820 2026] [wsgi:error] [pid 10:tid 140157731907264] [remote 10.0.0.26:32984] 2026-06-19 00:32:22.034 10 WARNING keystone.common.password_hashing [None req-cd317947-0ce6-4b64-87e2-3ffe2984d827 - - - - - -] Truncating password to algorithm specific maximum length 72 characters.
[Fri Jun 19 00:32:22.309547 2026] [wsgi:error] [pid 10:tid 140157731907264] [remote 10.0.0.26:32984] 2026-06-19 00:32:22.309 10 WARNING keystone.common.fernet_utils [None req-cd317947-0ce6-4b64-87e2-3ffe2984d827 - - - - - -] key_repository is world readable: /etc/keystone/fernet-keys/ 10.0.0.26 - - [19/Jun/2026:00:32:22 +0000] "POST /v3/auth/tokens HTTP/1.1" 201 1990
[Fri Jun 19 00:32:22.547330 2026] [wsgi:error] [pid 11:tid 140157731907264] [remote 10.0.0.26:32984] 2026-06-19 00:32:22.517 11 ERROR keystone.server.flask.application [None req-87632db6-7a98-4428-b7c5-e45eaa525ca8 0519eccecf45483ebcff6a9277db97cb cfb98ba4b3094c29b847b1013889cebe - - default default] Conflict occurred attempting to store project - it is not permitted to have two projects acting as domains with the same name: service.: keystone.exception.Conflict: Conflict occurred attempting to store project - it is not permitted to have two projects acting as domains with the same name: service.
[Fri Jun 19 00:32:22.547365 2026] [wsgi:error] [pid 11:tid 140157731907264] [remote 10.0.0.26:32984] 2026-06-19 00:32:22.517 11 ERROR keystone.server.flask.application
Traceback (most recent call last):
[Fri Jun 19 00:32:22.547369 2026] [wsgi:error] [pid 11:tid 140157731907264] [remote 10.0.0.26:32984] 2026-06-19 00:32:22.517 11 ERROR keystone.server.flask.application
File "/var/lib/openstack/lib/python3.12/site-packages/sqlalchemy/engine/base.py", line 1969, in _exec_single_context
[Fri Jun 19 00:32:22.547372 2026] [wsgi:error] [pid 11:tid 140157731907264] [remote 10.0.0.26:32984] 2026-06-19 00:32:22.517 11 ERROR keystone.server.flask.application self.dialect.do_execute(
[Fri Jun 19 00:32:22.547374 2026] [wsgi:error] [pid 11:tid 140157731907264] [remote 10.0.0.26:32984] 2026-06-19 00:32:22.517 11 ERROR keystone.server.flask.application
File "/var/lib/openstack/lib/python3.12/site-packages/sqlalchemy/engine/default.py", line 952, in do_execute
[Fri Jun 19 00:32:22.547377 2026] [wsgi:error] [pid 11:tid 140157731907264] [remote 10.0.0.26:32984] 2026-06-19 00:32:22.517 11 ERROR keystone.server.flask.application cursor.execute(statement, parameters)
[Fri Jun 19 00:32:22.547380 2026] [wsgi:error] [pid 11:tid 140157731907264] [remote 10.0.0.26:32984] 2026-06-19 00:32:22.517 11 ERROR keystone.server.flask.application
File "/var/lib/openstack/lib/python3.12/site-packages/pymysql/cursors.py", line 159, in execute
[Fri Jun 19 00:32:22.547382 2026] [wsgi:error] [pid 11:tid 140157731907264] [remote 10.0.0.26:32984] 2026-06-19 00:32:22.517 11 ERROR keystone.server.flask.application result = self._query(query)
[Fri Jun 19 00:32:22.547384 2026] [wsgi:error] [pid 11:tid 140157731907264] [remote 10.0.0.26:32984] 2026-06-19 00:32:22.517 11 ERROR keystone.server.flask.application ^^^^^^^^^^^^^^^^^^
[Fri Jun 19 00:32:22.547386 2026] [wsgi:error] [pid 11:tid 140157731907264] [remote 10.0.0.26:32984] 2026-06-19 00:32:22.517 11 ERROR keystone.server.flask.application
File "/var/lib/openstack/lib/python3.12/site-packages/pymysql/cursors.py", line 330, in _query
[Fri Jun 19 00:32:22.547388 2026] [wsgi:error] [pid 11:tid 140157731907264] [remote 10.0.0.26:32984] 2026-06-19 00:32:22.517 11 ERROR keystone.server.flask.application conn.query(q)
[Fri Jun 19 00:32:22.547390 2026] [wsgi:error] [pid 11:tid 140157731907264] [remote 10.0.0.26:32984] 2026-06-19 00:32:22.517 11 ERROR keystone.server.flask.application
File "/var/lib/openstack/lib/python3.12/site-packages/pymysql/connections.py", line 582, in query
[Fri Jun 19 00:32:22.547392 2026] [wsgi:error] [pid 11:tid 140157731907264] [remote 10.0.0.26:32984] 2026-06-19 00:32:22.517 11 ERROR keystone.server.flask.application self._affected_rows = self._read_query_result(unbuffered=unbuffered)
[Fri Jun 19 00:32:22.547394 2026] [wsgi:error] [pid 11:tid 140157731907264] [remote 10.0.0.26:32984] 2026-06-19 00:32:22.517 11 ERROR keystone.server.flask.application ^^^^^^^^^^^^^^^^^^^^^^^^^^^^^^^^^^^^^^^^^^^^^^
[Fri Jun 19 00:32:22.547397 2026] [wsgi:error] [pid 11:tid 140157731907264] [remote 10.0.0.26:32984] 2026-06-19 00:32:22.517 11 ERROR keystone.server.flask.application
File "/var/lib/openstack/lib/python3.12/site-packages/pymysql/connections.py", line 847, in _read_query_result
[Fri Jun 19 00:32:22.547399 2026] [wsgi:error] [pid 11:tid 140157731907264] [remote 10.0.0.26:32984] 2026-06-19 00:32:22.517 11 ERROR keystone.server.flask.application result.read()
[Fri Jun 19 00:32:22.547404 2026] [wsgi:error] [pid 11:tid 140157731907264] [remote 10.0.0.26:32984] 2026-06-19 00:32:22.517 11 ERROR keystone.server.flask.application
File "/var/lib/openstack/lib/python3.12/site-packages/pymysql/connections.py", line 1245, in read
[Fri Jun 19 00:32:22.547407 2026] [wsgi:error] [pid 11:tid 140157731907264] [remote 10.0.0.26:32984] 2026-06-19 00:32:22.517 11 ERROR keystone.server.flask.application first_packet = self.connection._read_packet()
[Fri Jun 19 00:32:22.547410 2026] [wsgi:error] [pid 11:tid 140157731907264] [remote 10.0.0.26:32984] 2026-06-19 00:32:22.517 11 ERROR keystone.server.flask.application ^^^^^^^^^^^^^^^^^^^^^^^^^^^^^^
[Fri Jun 19 00:32:22.547412 2026] [wsgi:error] [pid 11:tid 140157731907264] [remote 10.0.0.26:32984] 2026-06-19 00:32:22.517 11 ERROR keystone.server.flask.application
File "/var/lib/openstack/lib/python3.12/site-packages/pymysql/connections.py", line 803, in _read_packet
[Fri Jun 19 00:32:22.547414 2026] [wsgi:error] [pid 11:tid 140157731907264] [remote 10.0.0.26:32984] 2026-06-19 00:32:22.517 11 ERROR keystone.server.flask.application packet.raise_for_error()
[Fri Jun 19 00:32:22.547417 2026] [wsgi:error] [pid 11:tid 140157731907264] [remote 10.0.0.26:32984] 2026-06-19 00:32:22.517 11 ERROR keystone.server.flask.application
File "/var/lib/openstack/lib/python3.12/site-packages/pymysql/protocol.py", line 219, in raise_for_error
[Fri Jun 19 00:32:22.547420 2026] [wsgi:error] [pid 11:tid 140157731907264] [remote 10.0.0.26:32984] 2026-06-19 00:32:22.517 11 ERROR keystone.server.flask.application err.raise_mysql_exception(self._data)
[Fri Jun 19 00:32:22.547422 2026] [wsgi:error] [pid 11:tid 140157731907264] [remote 10.0.0.26:32984] 2026-06-19 00:32:22.517 11 ERROR keystone.server.flask.application
File "/var/lib/openstack/lib/python3.12/site-packages/pymysql/err.py", line 154, in raise_mysql_exception
[Fri Jun 19 00:32:22.547425 2026] [wsgi:error] [pid 11:tid 140157731907264] [remote 10.0.0.26:32984] 2026-06-19 00:32:22.517 11 ERROR keystone.server.flask.application raise errorclass(errno, errval, sqlstate=sqlstate)
[Fri Jun 19 00:32:22.547428 2026] [wsgi:error] [pid 11:tid 140157731907264] [remote 10.0.0.26:32984] 2026-06-19 00:32:22.517 11 ERROR keystone.server.flask.application pymysql.err.IntegrityError: (1062, "Duplicate entry '<>-service' for key 'project.ixu_project_name_domain_id'")
[Fri Jun 19 00:32:22.547432 2026] [wsgi:error] [pid 11:tid 140157731907264] [remote 10.0.0.26:32984] 2026-06-19 00:32:22.517 11 ERROR keystone.server.flask.application
[Fri Jun 19 00:32:22.547434 2026] [wsgi:error] [pid 11:tid 140157731907264] [remote 10.0.0.26:32984] 2026-06-19 00:32:22.517 11 ERROR keystone.server.flask.application The above exception was the direct cause of the following exception:
[Fri Jun 19 00:32:22.547438 2026] [wsgi:error] [pid 11:tid 140157731907264] [remote 10.0.0.26:32984] 2026-06-19 00:32:22.517 11 ERROR keystone.server.flask.application
[Fri Jun 19 00:32:22.547442 2026] [wsgi:error] [pid 11:tid 140157731907264] [remote 10.0.0.26:32984] 2026-06-19 00:32:22.517 11 ERROR keystone.server.flask.application
Traceback (most recent call last):
[Fri Jun 19 00:32:22.547444 2026] [wsgi:error] [pid 11:tid 140157731907264] [remote 10.0.0.26:32984] 2026-06-19 00:32:22.517 11 ERROR keystone.server.flask.application
File "/var/lib/openstack/lib/python3.12/site-packages/keystone/common/sql/core.py", line 575, in wrapper
[Fri Jun 19 00:32:22.547447 2026] [wsgi:error] [pid 11:tid 140157731907264] [remote 10.0.0.26:32984] 2026-06-19 00:32:22.517 11 ERROR keystone.server.flask.application return method(*args, **kwargs)
[Fri Jun 19 00:32:22.547450 2026] [wsgi:error] [pid 11:tid 140157731907264] [remote 10.0.0.26:32984] 2026-06-19 00:32:22.517 11 ERROR keystone.server.flask.application ^^^^^^^^^^^^^^^^^^^^^^^
[Fri Jun 19 00:32:22.547453 2026] [wsgi:error] [pid 11:tid 140157731907264] [remote 10.0.0.26:32984] 2026-06-19 00:32:22.517 11 ERROR keystone.server.flask.application
File "/var/lib/openstack/lib/python3.12/site-packages/keystone/resource/backends/sql.py", line 278, in create_project
[Fri Jun 19 00:32:22.547456 2026] [wsgi:error] [pid 11:tid 140157731907264] [remote 10.0.0.26:32984] 2026-06-19 00:32:22.517 11 ERROR keystone.server.flask.application with sql.session_for_write() as session:
[Fri Jun 19 00:32:22.547460 2026] [wsgi:error] [pid 11:tid 140157731907264] [remote 10.0.0.26:32984] 2026-06-19 00:32:22.517 11 ERROR keystone.server.flask.application
File "/usr/lib/python3.12/contextlib.py", line 144, in __exit__
[Fri Jun 19 00:32:22.547463 2026] [wsgi:error] [pid 11:tid 140157731907264] [remote 10.0.0.26:32984] 2026-06-19 00:32:22.517 11 ERROR keystone.server.flask.application next(self.gen)
[Fri Jun 19 00:32:22.547465 2026] [wsgi:error] [pid 11:tid 140157731907264] [remote 10.0.0.26:32984] 2026-06-19 00:32:22.517 11 ERROR keystone.server.flask.application
File "/var/lib/openstack/lib/python3.12/site-packages/oslo_db/sqlalchemy/enginefacade.py", line 1175, in _transaction_scope
[Fri Jun 19 00:32:22.547468 2026] [wsgi:error] [pid 11:tid 140157731907264] [remote 10.0.0.26:32984] 2026-06-19 00:32:22.517 11 ERROR keystone.server.flask.application with current._produce_block(
[Fri Jun 19 00:32:22.547470 2026] [wsgi:error] [pid 11:tid 140157731907264] [remote 10.0.0.26:32984] 2026-06-19 00:32:22.517 11 ERROR keystone.server.flask.application
File "/usr/lib/python3.12/contextlib.py", line 144, in __exit__
[Fri Jun 19 00:32:22.547473 2026] [wsgi:error] [pid 11:tid 140157731907264] [remote 10.0.0.26:32984] 2026-06-19 00:32:22.517 11 ERROR keystone.server.flask.application next(self.gen)
[Fri Jun 19 00:32:22.547476 2026] [wsgi:error] [pid 11:tid 140157731907264] [remote 10.0.0.26:32984] 2026-06-19 00:32:22.517 11 ERROR keystone.server.flask.application
File "/var/lib/openstack/lib/python3.12/site-packages/oslo_db/sqlalchemy/enginefacade.py", line 837, in _session
[Fri Jun 19 00:32:22.547481 2026] [wsgi:error] [pid 11:tid 140157731907264] [remote 10.0.0.26:32984] 2026-06-19 00:32:22.517 11 ERROR keystone.server.flask.application with excutils.save_and_reraise_exception():
[Fri Jun 19 00:32:22.547484 2026] [wsgi:error] [pid 11:tid 140157731907264] [remote 10.0.0.26:32984] 2026-06-19 00:32:22.517 11 ERROR keystone.server.flask.application
File "/var/lib/openstack/lib/python3.12/site-packages/oslo_utils/excutils.py", line 266, in __exit__
[Fri Jun 19 00:32:22.547488 2026] [wsgi:error] [pid 11:tid 140157731907264] [remote 10.0.0.26:32984] 2026-06-19 00:32:22.517 11 ERROR keystone.server.flask.application self.force_reraise()
[Fri Jun 19 00:32:22.547491 2026] [wsgi:error] [pid 11:tid 140157731907264] [remote 10.0.0.26:32984] 2026-06-19 00:32:22.517 11 ERROR keystone.server.flask.application
File "/var/lib/openstack/lib/python3.12/site-packages/oslo_utils/excutils.py", line 232, in force_reraise
[Fri Jun 19 00:32:22.547495 2026] [wsgi:error] [pid 11:tid 140157731907264] [remote 10.0.0.26:32984] 2026-06-19 00:32:22.517 11 ERROR keystone.server.flask.application raise self.value
[Fri Jun 19 00:32:22.547498 2026] [wsgi:error] [pid 11:tid 140157731907264] [remote 10.0.0.26:32984] 2026-06-19 00:32:22.517 11 ERROR keystone.server.flask.application
File "/var/lib/openstack/lib/python3.12/site-packages/oslo_db/sqlalchemy/enginefacade.py", line 835, in _session
[Fri Jun 19 00:32:22.547502 2026] [wsgi:error] [pid 11:tid 140157731907264] [remote 10.0.0.26:32984] 2026-06-19 00:32:22.517 11 ERROR keystone.server.flask.application self._end_session_transaction(self.session)
[Fri Jun 19 00:32:22.547506 2026] [wsgi:error] [pid 11:tid 140157731907264] [remote 10.0.0.26:32984] 2026-06-19 00:32:22.517 11 ERROR keystone.server.flask.application
File "/var/lib/openstack/lib/python3.12/site-packages/oslo_db/sqlalchemy/enginefacade.py", line 748, in _end_session_transaction
[Fri Jun 19 00:32:22.547510 2026] [wsgi:error] [pid 11:tid 140157731907264] [remote 10.0.0.26:32984] 2026-06-19 00:32:22.517 11 ERROR keystone.server.flask.application session.commit()
[Fri Jun 19 00:32:22.547512 2026] [wsgi:error] [pid 11:tid 140157731907264] [remote 10.0.0.26:32984] 2026-06-19 00:32:22.517 11 ERROR keystone.server.flask.application
File "/var/lib/openstack/lib/python3.12/site-packages/sqlalchemy/orm/session.py", line 2034, in commit
[Fri Jun 19 00:32:22.547515 2026] [wsgi:error] [pid 11:tid 140157731907264] [remote 10.0.0.26:32984] 2026-06-19 00:32:22.517 11 ERROR keystone.server.flask.application trans.commit(_to_root=True)
[Fri Jun 19 00:32:22.547519 2026] [wsgi:error] [pid 11:tid 140157731907264] [remote 10.0.0.26:32984] 2026-06-19 00:32:22.517 11 ERROR keystone.server.flask.application File "", line 2, in commit
[Fri Jun 19 00:32:22.547522 2026] [wsgi:error] [pid 11:tid 140157731907264] [remote 10.0.0.26:32984] 2026-06-19 00:32:22.517 11 ERROR keystone.server.flask.application
File "/var/lib/openstack/lib/python3.12/site-packages/sqlalchemy/orm/state_changes.py", line 137, in _go
[Fri Jun 19 00:32:22.547526 2026] [wsgi:error] [pid 11:tid 140157731907264] [remote 10.0.0.26:32984] 2026-06-19 00:32:22.517 11 ERROR keystone.server.flask.application ret_value = fn(self, *arg, **kw)
[Fri Jun 19 00:32:22.547530 2026] [wsgi:error] [pid 11:tid 140157731907264] [remote 10.0.0.26:32984] 2026-06-19 00:32:22.517 11 ERROR keystone.server.flask.application ^^^^^^^^^^^^^^^^^^^^
[Fri Jun 19 00:32:22.547533 2026] [wsgi:error] [pid 11:tid 140157731907264] [remote 10.0.0.26:32984] 2026-06-19 00:32:22.517 11 ERROR keystone.server.flask.application
File "/var/lib/openstack/lib/python3.12/site-packages/sqlalchemy/orm/session.py", line 1315, in commit
[Fri Jun 19 00:32:22.547537 2026] [wsgi:error] [pid 11:tid 140157731907264] [remote 10.0.0.26:32984] 2026-06-19 00:32:22.517 11 ERROR keystone.server.flask.application self._prepare_impl()
[Fri Jun 19 00:32:22.547540 2026] [wsgi:error] [pid 11:tid 140157731907264] [remote 10.0.0.26:32984] 2026-06-19 00:32:22.517 11 ERROR keystone.server.flask.application File "", line 2, in _prepare_impl
[Fri Jun 19 00:32:22.547543 2026] [wsgi:error] [pid 11:tid 140157731907264] [remote 10.0.0.26:32984] 2026-06-19 00:32:22.517 11 ERROR keystone.server.flask.application
File "/var/lib/openstack/lib/python3.12/site-packages/sqlalchemy/orm/state_changes.py", line 137, in _go
[Fri Jun 19 00:32:22.547548 2026] [wsgi:error] [pid 11:tid 140157731907264] [remote 10.0.0.26:32984] 2026-06-19 00:32:22.517 11 ERROR keystone.server.flask.application ret_value = fn(self, *arg, **kw)
[Fri Jun 19 00:32:22.547550 2026] [wsgi:error] [pid 11:tid 140157731907264] [remote 10.0.0.26:32984] 2026-06-19 00:32:22.517 11 ERROR keystone.server.flask.application ^^^^^^^^^^^^^^^^^^^^
[Fri Jun 19 00:32:22.547554 2026] [wsgi:error] [pid 11:tid 140157731907264] [remote 10.0.0.26:32984] 2026-06-19 00:32:22.517 11 ERROR keystone.server.flask.application
File "/var/lib/openstack/lib/python3.12/site-packages/sqlalchemy/orm/session.py", line 1290, in _prepare_impl
[Fri Jun 19 00:32:22.547558 2026] [wsgi:error] [pid 11:tid 140157731907264] [remote 10.0.0.26:32984] 2026-06-19 00:32:22.517 11 ERROR keystone.server.flask.application self.session.flush()
[Fri Jun 19 00:32:22.547562 2026] [wsgi:error] [pid 11:tid 140157731907264] [remote 10.0.0.26:32984] 2026-06-19 00:32:22.517 11 ERROR keystone.server.flask.application
File "/var/lib/openstack/lib/python3.12/site-packages/sqlalchemy/orm/session.py", line 4352, in flush
[Fri Jun 19 00:32:22.547565 2026] [wsgi:error] [pid 11:tid 140157731907264] [remote 10.0.0.26:32984] 2026-06-19 00:32:22.517 11 ERROR keystone.server.flask.application self._flush(objects)
[Fri Jun 19 00:32:22.547568 2026] [wsgi:error] [pid 11:tid 140157731907264] [remote 10.0.0.26:32984] 2026-06-19 00:32:22.517 11 ERROR keystone.server.flask.application
File "/var/lib/openstack/lib/python3.12/site-packages/sqlalchemy/orm/session.py", line 4487, in _flush
[Fri Jun 19 00:32:22.547572 2026] [wsgi:error] [pid 11:tid 140157731907264] [remote 10.0.0.26:32984] 2026-06-19 00:32:22.517 11 ERROR keystone.server.flask.application with util.safe_reraise():
[Fri Jun 19 00:32:22.547577 2026] [wsgi:error] [pid 11:tid 140157731907264] [remote 10.0.0.26:32984] 2026-06-19 00:32:22.517 11 ERROR keystone.server.flask.application
File "/var/lib/openstack/lib/python3.12/site-packages/sqlalchemy/util/langhelpers.py", line 122, in __exit__
[Fri Jun 19 00:32:22.547580 2026] [wsgi:error] [pid 11:tid 140157731907264] [remote 10.0.0.26:32984] 2026-06-19 00:32:22.517 11 ERROR keystone.server.flask.application raise exc_value.with_traceback(exc_tb)
[Fri Jun 19 00:32:22.547583 2026] [wsgi:error] [pid 11:tid 140157731907264] [remote 10.0.0.26:32984] 2026-06-19 00:32:22.517 11 ERROR keystone.server.flask.application
File "/var/lib/openstack/lib/python3.12/site-packages/sqlalchemy/orm/session.py", line 4448, in _flush
[Fri Jun 19 00:32:22.547587 2026] [wsgi:error] [pid 11:tid 140157731907264] [remote 10.0.0.26:32984] 2026-06-19 00:32:22.517 11 ERROR keystone.server.flask.application flush_context.execute()
[Fri Jun 19 00:32:22.547590 2026] [wsgi:error] [pid 11:tid 140157731907264] [remote 10.0.0.26:32984] 2026-06-19 00:32:22.517 11 ERROR keystone.server.flask.application
