2026-05-29 23:17:08.477 6 INFO neutron.db.ovn_revision_numbers_db [None req-32a1a6cc-b924-4291-bff7-fb06426b7b19 ebdd1567921e47298c582e0a5c7c74cb d2a30001ca404d17a131047d17a49fc4 - - default default] Successfully bumped revision number for resource e56851c8-cf7f-4560-999c-442ec7a53c7e (type: ports) to 1
2026-05-29 23:17:08.499 7 WARNING neutron.scheduler.dhcp_agent_scheduler [None req-6d0743b8-c03c-44d3-8fa9-680d2a8fe481 49b7f4a1978e438297ff63d11457febb ce841c15a0324ba28d25dc6e8317398b - - default default] No more DHCP agents
2026-05-29 23:17:08.501 7 WARNING neutron.api.rpc.agentnotifiers.dhcp_rpc_agent_api [None req-6d0743b8-c03c-44d3-8fa9-680d2a8fe481 49b7f4a1978e438297ff63d11457febb ce841c15a0324ba28d25dc6e8317398b - - default default] Unable to schedule network 59876fcc-4b4d-4a5f-9c46-10b815df1476: no agents available; will retry on subsequent port and subnet creation events. [pid: 6|app: 0|req: 637/1186] 10.0.0.132 () {34 vars in 670 bytes} [Fri May 29 23:17:07 2026] POST /v2.0/networks => generated 750 bytes in 1074 msecs (HTTP/1.1 201) 4 headers in 162 bytes (1 switches on core 0)
2026-05-29 23:17:08.783 6 INFO neutron.db.ovn_revision_numbers_db [None req-8e9a44d4-7206-48ed-98bd-bdad72128e1d 267fa91f51a14a449ec351e8213ccf0a a03a1323b7714b648039b27d5c5e5848 - - default default] Successfully bumped revision number for resource 5d368efc-3a0d-47a8-9937-a503f76b7104 (type: security_groups) to 1
2026-05-29 23:17:08.799 6 INFO neutron.db.ovn_revision_numbers_db [None req-8e9a44d4-7206-48ed-98bd-bdad72128e1d 267fa91f51a14a449ec351e8213ccf0a a03a1323b7714b648039b27d5c5e5848 - - default default] Successfully bumped revision number for resource 3ae1c564-5cd2-4738-911f-2e4637d6362e (type: security_group_rules) to 0
2026-05-29 23:17:08.816 6 INFO neutron.db.ovn_revision_numbers_db [None req-8e9a44d4-7206-48ed-98bd-bdad72128e1d 267fa91f51a14a449ec351e8213ccf0a a03a1323b7714b648039b27d5c5e5848 - - default default] Successfully bumped revision number for resource 48544ea6-0dce-4e92-8689-06253a90c821 (type: security_group_rules) to 0
2026-05-29 23:17:08.830 6 INFO neutron.db.ovn_revision_numbers_db [None req-8e9a44d4-7206-48ed-98bd-bdad72128e1d 267fa91f51a14a449ec351e8213ccf0a a03a1323b7714b648039b27d5c5e5848 - - default default] Successfully bumped revision number for resource 9378c8f4-f5c0-40a1-84d6-f584cd8ba2d8 (type: security_group_rules) to 0
2026-05-29 23:17:08.835 7 INFO neutron.db.ovn_revision_numbers_db [None req-6d0743b8-c03c-44d3-8fa9-680d2a8fe481 49b7f4a1978e438297ff63d11457febb ce841c15a0324ba28d25dc6e8317398b - - default default] Successfully bumped revision number for resource aca29751-a376-4cb3-8790-7a6a36c5b0d2 (type: router_ports) to 1 [pid: 7|app: 0|req: 550/1187] 10.0.0.132 () {34 vars in 782 bytes} [Fri May 29 23:17:05 2026] PUT /v2.0/routers/2a70148d-a7b1-451d-a323-d748d50519a1/add_router_interface => generated 309 bytes in 2856 msecs (HTTP/1.1 200) 4 headers in 157 bytes (1 switches on core 0)
2026-05-29 23:17:08.843 6 INFO neutron.db.ovn_revision_numbers_db [None req-8e9a44d4-7206-48ed-98bd-bdad72128e1d 267fa91f51a14a449ec351e8213ccf0a a03a1323b7714b648039b27d5c5e5848 - - default default] Successfully bumped revision number for resource e4f8f385-109d-4df3-b82e-602c6039a31d (type: security_group_rules) to 0
2026-05-29 23:17:08.927 6 INFO neutron.db.segments_db [None req-8e9a44d4-7206-48ed-98bd-bdad72128e1d 267fa91f51a14a449ec351e8213ccf0a a03a1323b7714b648039b27d5c5e5848 - - default default] Added segment 654f6db4-478f-4eef-aa1c-7a78c4736586 of type geneve for network 06c146fe-b234-4d70-9b2e-1915faca159c
2026-05-29 23:17:09.090 7 INFO neutron.db.ovn_revision_numbers_db [None req-29d3d738-9543-4646-93f8-91911e17283c 4bf36d3927134d3884939b7621c5500d 9d6619d5338741f1b3683a88da7377a1 - - default default] Successfully bumped revision number for resource b60bfe3a-9ed4-464a-819d-3328f0f1d58c (type: floatingips) to 2
2026-05-29 23:17:09.099 6 INFO neutron.db.ovn_revision_numbers_db [None req-8e9a44d4-7206-48ed-98bd-bdad72128e1d 267fa91f51a14a449ec351e8213ccf0a a03a1323b7714b648039b27d5c5e5848 - - default default] Successfully bumped revision number for resource 06c146fe-b234-4d70-9b2e-1915faca159c (type: networks) to 1
2026-05-29 23:17:09.169 7 INFO neutron.db.l3_db [None req-29d3d738-9543-4646-93f8-91911e17283c 4bf36d3927134d3884939b7621c5500d 9d6619d5338741f1b3683a88da7377a1 - - default default] Floating IP b60bfe3a-9ed4-464a-819d-3328f0f1d58c disassociated. External IP: 10.96.250.214, port: 94231880-9a82-4274-b1f3-9f7d7e99414b. [pid: 7|app: 0|req: 551/1188] 10.0.0.132 () {34 vars in 748 bytes} [Fri May 29 23:17:08 2026] PUT /v2.0/floatingips/b60bfe3a-9ed4-464a-819d-3328f0f1d58c => generated 554 bytes in 398 msecs (HTTP/1.1 200) 4 headers in 157 bytes (1 switches on core 0)
2026-05-29 23:17:09.309 6 WARNING neutron.scheduler.dhcp_agent_scheduler [None req-8e9a44d4-7206-48ed-98bd-bdad72128e1d 267fa91f51a14a449ec351e8213ccf0a a03a1323b7714b648039b27d5c5e5848 - - default default] No more DHCP agents
2026-05-29 23:17:09.311 6 WARNING neutron.api.rpc.agentnotifiers.dhcp_rpc_agent_api [None req-8e9a44d4-7206-48ed-98bd-bdad72128e1d 267fa91f51a14a449ec351e8213ccf0a a03a1323b7714b648039b27d5c5e5848 - - default default] Unable to schedule network 06c146fe-b234-4d70-9b2e-1915faca159c: no agents available; will retry on subsequent port and subnet creation events.
2026-05-29 23:17:09.445 7 WARNING neutron.scheduler.dhcp_agent_scheduler [None req-cf0b2f22-04dd-40e4-99ae-95e336aa2764 ebdd1567921e47298c582e0a5c7c74cb d2a30001ca404d17a131047d17a49fc4 - - default default] No more DHCP agents
2026-05-29 23:17:09.447 7 WARNING neutron.api.rpc.agentnotifiers.dhcp_rpc_agent_api [None req-cf0b2f22-04dd-40e4-99ae-95e336aa2764 ebdd1567921e47298c582e0a5c7c74cb d2a30001ca404d17a131047d17a49fc4 - - default default] Unable to schedule network f787344e-02f6-4bbc-a3cb-bc27f888951a: no agents available; will retry on subsequent port and subnet creation events.
2026-05-29 23:17:09.464 6 INFO neutron.db.ovn_revision_numbers_db [None req-8e9a44d4-7206-48ed-98bd-bdad72128e1d 267fa91f51a14a449ec351e8213ccf0a a03a1323b7714b648039b27d5c5e5848 - - default default] Successfully bumped revision number for resource ae28deb5-e4fc-4c22-94a1-b525348915c3 (type: ports) to 1 [pid: 6|app: 0|req: 638/1189] 10.0.0.132 () {34 vars in 669 bytes} [Fri May 29 23:17:08 2026] POST /v2.0/networks => generated 648 bytes in 1028 msecs (HTTP/1.1 201) 4 headers in 162 bytes (1 switches on core 0) [pid: 6|app: 0|req: 639/1190] 10.0.0.132 () {32 vars in 716 bytes} [Fri May 29 23:17:09 2026] GET /v2.0/ports/aca29751-a376-4cb3-8790-7a6a36c5b0d2 => generated 941 bytes in 77 msecs (HTTP/1.1 200) 4 headers in 157 bytes (1 switches on core 0)
2026-05-29 23:17:09.790 6 INFO neutron_taas.services.taas.taas_plugin [None req-4a5367e4-a218-4d9b-8fd3-2e31c3b7690d 4bf36d3927134d3884939b7621c5500d 9d6619d5338741f1b3683a88da7377a1 - - default default] TaaS: Handle Delete Port: c79451a0-3f0e-4800-b34b-7e765c111a80
2026-05-29 23:17:09.795 6 INFO neutron_taas.services.taas.tap_mirror_plugin [None req-4a5367e4-a218-4d9b-8fd3-2e31c3b7690d 4bf36d3927134d3884939b7621c5500d 9d6619d5338741f1b3683a88da7377a1 - - default default] Tap Mirror: Handle Delete Port: c79451a0-3f0e-4800-b34b-7e765c111a80
2026-05-29 23:17:10.005 7 INFO neutron.db.ovn_revision_numbers_db [None req-fc777bb0-d613-4902-93e7-6e8e20c3734b - - - - - -] Successfully bumped revision number for resource e56851c8-cf7f-4560-999c-442ec7a53c7e (type: ports) to 2 [pid: 6|app: 0|req: 640/1191] 10.0.0.132 () {32 vars in 731 bytes} [Fri May 29 23:17:09 2026] DELETE /v2.0/floatingips/b60bfe3a-9ed4-464a-819d-3328f0f1d58c => generated 0 bytes in 399 msecs (HTTP/1.1 204) 2 headers in 112 bytes (1 switches on core 0)
2026-05-29 23:17:10.033 7 INFO neutron.db.ovn_revision_numbers_db [None req-fc777bb0-d613-4902-93e7-6e8e20c3734b - - - - - -] Successfully bumped revision number for resource f384cade-21d2-4122-a7b8-d7a3426fb0a0 (type: subnets) to 0 [pid: 7|app: 0|req: 552/1192] 10.0.0.132 () {34 vars in 668 bytes} [Fri May 29 23:17:09 2026] POST /v2.0/subnets => generated 694 bytes in 811 msecs (HTTP/1.1 201) 4 headers in 162 bytes (1 switches on core 0)
2026-05-29 23:17:10.261 7 WARNING neutron.scheduler.dhcp_agent_scheduler [None req-0f5bc0eb-9b82-40f9-b286-b82fdefdf36c 267fa91f51a14a449ec351e8213ccf0a a03a1323b7714b648039b27d5c5e5848 - - default default] No more DHCP agents
2026-05-29 23:17:10.263 7 WARNING neutron.api.rpc.agentnotifiers.dhcp_rpc_agent_api [None req-0f5bc0eb-9b82-40f9-b286-b82fdefdf36c 267fa91f51a14a449ec351e8213ccf0a a03a1323b7714b648039b27d5c5e5848 - - default default] Unable to schedule network 06c146fe-b234-4d70-9b2e-1915faca159c: no agents available; will retry on subsequent port and subnet creation events.
2026-05-29 23:17:10.305 7 INFO neutron.db.ovn_revision_numbers_db [None req-0f5bc0eb-9b82-40f9-b286-b82fdefdf36c 267fa91f51a14a449ec351e8213ccf0a a03a1323b7714b648039b27d5c5e5848 - - default default] Successfully bumped revision number for resource 5c6e543b-f852-4f54-80da-910579c5d0d3 (type: subnets) to 0 [pid: 7|app: 0|req: 553/1193] 10.0.0.132 () {34 vars in 668 bytes} [Fri May 29 23:17:10 2026] POST /v2.0/subnets => generated 673 bytes in 272 msecs (HTTP/1.1 201) 4 headers in 162 bytes (1 switches on core 0)
2026-05-29 23:17:10.508 6 WARNING neutron.scheduler.dhcp_agent_scheduler [None req-bc2ec43d-1a36-4a6e-8d8c-d07e43e24368 49b7f4a1978e438297ff63d11457febb ce841c15a0324ba28d25dc6e8317398b - - default default] No more DHCP agents
2026-05-29 23:17:10.510 6 WARNING neutron.api.rpc.agentnotifiers.dhcp_rpc_agent_api [None req-bc2ec43d-1a36-4a6e-8d8c-d07e43e24368 49b7f4a1978e438297ff63d11457febb ce841c15a0324ba28d25dc6e8317398b - - default default] Unable to schedule network 8bdb059b-e4d4-4346-856c-6e57b9ac1e86: no agents available; will retry on subsequent port and subnet creation events.
2026-05-29 23:17:10.571 7 WARNING neutron.scheduler.dhcp_agent_scheduler [None req-4c75ee48-ada1-4b63-aca3-294fda4f9af3 4bf36d3927134d3884939b7621c5500d 9d6619d5338741f1b3683a88da7377a1 - - default default] No more DHCP agents
2026-05-29 23:17:10.572 7 WARNING neutron.api.rpc.agentnotifiers.dhcp_rpc_agent_api [None req-4c75ee48-ada1-4b63-aca3-294fda4f9af3 4bf36d3927134d3884939b7621c5500d 9d6619d5338741f1b3683a88da7377a1 - - default default] Unable to schedule network 2ec2cf23-f582-4940-beb9-2c8c5315d98d: no agents available; will retry on subsequent port and subnet creation events.
2026-05-29 23:17:10.699 6 INFO neutron.db.ovn_revision_numbers_db [None req-bc2ec43d-1a36-4a6e-8d8c-d07e43e24368 49b7f4a1978e438297ff63d11457febb ce841c15a0324ba28d25dc6e8317398b - - default default] Successfully bumped revision number for resource 9439a43f-d3d4-4fa4-9218-3700b876f00e (type: ports) to 1
2026-05-29 23:17:11.465 6 WARNING neutron.scheduler.dhcp_agent_scheduler [None req-bc2ec43d-1a36-4a6e-8d8c-d07e43e24368 49b7f4a1978e438297ff63d11457febb ce841c15a0324ba28d25dc6e8317398b - - default default] No more DHCP agents
2026-05-29 23:17:11.467 6 WARNING neutron.api.rpc.agentnotifiers.dhcp_rpc_agent_api [None req-bc2ec43d-1a36-4a6e-8d8c-d07e43e24368 49b7f4a1978e438297ff63d11457febb ce841c15a0324ba28d25dc6e8317398b - - default default] Unable to schedule network 8bdb059b-e4d4-4346-856c-6e57b9ac1e86: no agents available; will retry on subsequent port and subnet creation events.
2026-05-29 23:17:11.627 7 WARNING neutron.plugins.ml2.drivers.ovn.mech_driver.ovsdb.ovn_client [None req-f5c26a47-222e-4649-879a-bca2301ccfc2 - - - - - -] No hosting information found for port a8296e4e-07d4-42e0-a986-426f48d4ce67: RuntimeError: No hosting information found for port a8296e4e-07d4-42e0-a986-426f48d4ce67
2026-05-29 23:17:11.767 6 INFO neutron.db.ovn_revision_numbers_db [None req-bc2ec43d-1a36-4a6e-8d8c-d07e43e24368 49b7f4a1978e438297ff63d11457febb ce841c15a0324ba28d25dc6e8317398b - - default default] Successfully bumped revision number for resource 9439a43f-d3d4-4fa4-9218-3700b876f00e (type: router_ports) to 1 [pid: 6|app: 0|req: 641/1194] 10.0.0.132 () {34 vars in 782 bytes} [Fri May 29 23:17:10 2026] PUT /v2.0/routers/2a70148d-a7b1-451d-a323-d748d50519a1/add_router_interface => generated 309 bytes in 1765 msecs (HTTP/1.1 200) 4 headers in 157 bytes (1 switches on core 0)
2026-05-29 23:17:11.958 7 INFO neutron.db.ovn_revision_numbers_db [None req-4c75ee48-ada1-4b63-aca3-294fda4f9af3 4bf36d3927134d3884939b7621c5500d 9d6619d5338741f1b3683a88da7377a1 - - default default] Successfully bumped revision number for resource ded1030e-932a-4b65-bf1f-ed3afa4aa0f5 (type: floatingips) to 1
2026-05-29 23:17:11.960 7 INFO neutron.db.l3_db [None req-4c75ee48-ada1-4b63-aca3-294fda4f9af3 4bf36d3927134d3884939b7621c5500d 9d6619d5338741f1b3683a88da7377a1 - - default default] Floating IP ded1030e-932a-4b65-bf1f-ed3afa4aa0f5 associated. External IP: 10.96.250.207, port: df6b6c03-df00-492c-8e7a-684c5de8d382.
2026-05-29 23:17:11.978 7 INFO neutron.db.ovn_revision_numbers_db [None req-f5c26a47-222e-4649-879a-bca2301ccfc2 - - - - - -] Successfully bumped revision number for resource a8296e4e-07d4-42e0-a986-426f48d4ce67 (type: router_ports) to 2
2026-05-29 23:17:11.978 7 INFO neutron.plugins.ml2.drivers.ovn.mech_driver.mech_driver [None req-f5c26a47-222e-4649-879a-bca2301ccfc2 - - - - - -] OVN reports status down for port: df6b6c03-df00-492c-8e7a-684c5de8d382 [pid: 7|app: 0|req: 554/1195] 10.0.0.132 () {34 vars in 676 bytes} [Fri May 29 23:17:10 2026] POST /v2.0/floatingips => generated 841 bytes in 1714 msecs (HTTP/1.1 201) 4 headers in 162 bytes (1 switches on core 0)
2026-05-29 23:17:12.117 7 INFO neutron.plugins.ml2.drivers.ovn.mech_driver.mech_driver [None req-f5c26a47-222e-4649-879a-bca2301ccfc2 - - - - - -] OVN reports status down for port: 94231880-9a82-4274-b1f3-9f7d7e99414b
2026-05-29 23:17:12.190 7 INFO neutron.db.segments_db [None req-65585647-f799-4e7c-a50b-b443218fd817 267fa91f51a14a449ec351e8213ccf0a a03a1323b7714b648039b27d5c5e5848 - - default default] Added segment c7c00648-d175-41e5-91c3-fd405e5fc0bb of type geneve for network d3b2c66c-b330-43ad-b3aa-559a1cd471e0
2026-05-29 23:17:12.265 6 WARNING neutron.scheduler.dhcp_agent_scheduler [None req-19e0202f-dd52-4b87-a6e0-efb9aa6cb078 ebdd1567921e47298c582e0a5c7c74cb d2a30001ca404d17a131047d17a49fc4 - - default default] No more DHCP agents
2026-05-29 23:17:12.266 6 WARNING neutron.api.rpc.agentnotifiers.dhcp_rpc_agent_api [None req-19e0202f-dd52-4b87-a6e0-efb9aa6cb078 ebdd1567921e47298c582e0a5c7c74cb d2a30001ca404d17a131047d17a49fc4 - - default default] Unable to schedule network 2ec2cf23-f582-4940-beb9-2c8c5315d98d: no agents available; will retry on subsequent port and subnet creation events.
2026-05-29 23:17:12.288 7 INFO neutron.plugins.ml2.drivers.ovn.mech_driver.mech_driver [None req-f5c26a47-222e-4649-879a-bca2301ccfc2 - - - - - -] OVN reports status down for port: aca29751-a376-4cb3-8790-7a6a36c5b0d2
2026-05-29 23:17:12.460 7 INFO neutron.db.ovn_revision_numbers_db [None req-65585647-f799-4e7c-a50b-b443218fd817 267fa91f51a14a449ec351e8213ccf0a a03a1323b7714b648039b27d5c5e5848 - - default default] Successfully bumped revision number for resource d3b2c66c-b330-43ad-b3aa-559a1cd471e0 (type: networks) to 1
2026-05-29 23:17:12.496 6 INFO neutron.db.ovn_revision_numbers_db [None req-19e0202f-dd52-4b87-a6e0-efb9aa6cb078 ebdd1567921e47298c582e0a5c7c74cb d2a30001ca404d17a131047d17a49fc4 - - default default] Successfully bumped revision number for resource 9a67471d-dbd8-449a-ac5f-8daa4f87371b (type: ports) to 1
2026-05-29 23:17:12.526 7 WARNING neutron.plugins.ml2.drivers.ovn.mech_driver.ovsdb.ovn_client [None req-f5c26a47-222e-4649-879a-bca2301ccfc2 - - - - - -] Logical_Switch_Port aca29751-a376-4cb3-8790-7a6a36c5b0d2 host information not removed, the port state is up
2026-05-29 23:17:12.568 7 INFO neutron.plugins.ml2.drivers.ovn.mech_driver.mech_driver [None req-f5c26a47-222e-4649-879a-bca2301ccfc2 - - - - - -] OVN reports status up for port: aca29751-a376-4cb3-8790-7a6a36c5b0d2
2026-05-29 23:17:12.602 7 INFO neutron.plugins.ml2.plugin [None req-f5c26a47-222e-4649-879a-bca2301ccfc2 - - - - - -] Attempt 1 to provision port aca29751-a376-4cb3-8790-7a6a36c5b0d2
2026-05-29 23:17:12.815 7 WARNING neutron.scheduler.dhcp_agent_scheduler [None req-65585647-f799-4e7c-a50b-b443218fd817 267fa91f51a14a449ec351e8213ccf0a a03a1323b7714b648039b27d5c5e5848 - - default default] No more DHCP agents
2026-05-29 23:17:12.823 7 WARNING neutron.api.rpc.agentnotifiers.dhcp_rpc_agent_api [None req-65585647-f799-4e7c-a50b-b443218fd817 267fa91f51a14a449ec351e8213ccf0a a03a1323b7714b648039b27d5c5e5848 - - default default] Unable to schedule network d3b2c66c-b330-43ad-b3aa-559a1cd471e0: no agents available; will retry on subsequent port and subnet creation events.
2026-05-29 23:17:13.021 7 INFO neutron.db.ovn_revision_numbers_db [None req-65585647-f799-4e7c-a50b-b443218fd817 267fa91f51a14a449ec351e8213ccf0a a03a1323b7714b648039b27d5c5e5848 - - default default] Successfully bumped revision number for resource 74d9155f-3109-44df-aaf7-7dc1c389bb45 (type: ports) to 1 [pid: 7|app: 0|req: 555/1196] 10.0.0.132 () {34 vars in 669 bytes} [Fri May 29 23:17:12 2026] POST /v2.0/networks => generated 648 bytes in 1040 msecs (HTTP/1.1 201) 4 headers in 162 bytes (1 switches on core 0) /var/lib/openstack/lib/python3.12/site-packages/pycadf/identifier.py:70: UserWarning: Invalid uuid: neutron. To ensure interoperability, identifiers should be a valid uuid. warnings.warn(('Invalid uuid: %s. To ensure interoperability, '
2026-05-29 23:17:13.172 6 INFO neutron.plugins.ml2.drivers.ovn.mech_driver.ovsdb.commands [-] Schedule LRP lrp-9a67471d-dbd8-449a-ac5f-8daa4f87371b on gateway 8dfe5032-c0b9-4715-97b6-a489be09ec4b with priority 1
2026-05-29 23:17:13.328 6 INFO neutron.db.ovn_revision_numbers_db [None req-19e0202f-dd52-4b87-a6e0-efb9aa6cb078 ebdd1567921e47298c582e0a5c7c74cb d2a30001ca404d17a131047d17a49fc4 - - default default] Successfully bumped revision number for resource 9a67471d-dbd8-449a-ac5f-8daa4f87371b (type: router_ports) to 1
2026-05-29 23:17:13.346 7 INFO neutron.plugins.ml2.drivers.ovn.mech_driver.ovsdb.ovsdb_monitor [None req-1f4adcc5-73b7-44d5-87c0-07ffe7b53972 - - - - - -] Router e747e86c-55b1-4168-8b24-824f657ad57e is bound to host instance
2026-05-29 23:17:13.392 6 INFO neutron.db.ovn_revision_numbers_db [None req-19e0202f-dd52-4b87-a6e0-efb9aa6cb078 ebdd1567921e47298c582e0a5c7c74cb d2a30001ca404d17a131047d17a49fc4 - - default default] Successfully bumped revision number for resource e747e86c-55b1-4168-8b24-824f657ad57e (type: routers) to 2 [pid: 6|app: 0|req: 642/1197] 10.0.0.132 () {34 vars in 668 bytes} [Fri May 29 23:17:11 2026] POST /v2.0/routers => generated 972 bytes in 1646 msecs (HTTP/1.1 201) 4 headers in 162 bytes (1 switches on core 0) [pid: 6|app: 0|req: 643/1198] 10.0.0.132 () {32 vars in 728 bytes} [Fri May 29 23:17:13 2026] GET /v2.0/floatingips/ded1030e-932a-4b65-bf1f-ed3afa4aa0f5 => generated 843 bytes in 60 msecs (HTTP/1.1 200) 4 headers in 157 bytes (1 switches on core 0) [pid: 7|app: 0|req: 556/1199] 10.0.0.132 () {32 vars in 716 bytes} [Fri May 29 23:17:13 2026] GET /v2.0/ports/9439a43f-d3d4-4fa4-9218-3700b876f00e => generated 941 bytes in 401 msecs (HTTP/1.1 200) 4 headers in 157 bytes (1 switches on core 0)
2026-05-29 23:17:13.636 6 INFO neutron.db.ovn_revision_numbers_db [None req-d68eddfd-ee73-43cc-8416-2e27c64c0aac 267fa91f51a14a449ec351e8213ccf0a a03a1323b7714b648039b27d5c5e5848 - - default default] Successfully bumped revision number for resource d3b2c66c-b330-43ad-b3aa-559a1cd471e0 (type: networks) to 2 [pid: 6|app: 0|req: 644/1202] 10.0.0.132 () {34 vars in 742 bytes} [Fri May 29 23:17:13 2026] PUT /v2.0/networks/d3b2c66c-b330-43ad-b3aa-559a1cd471e0 => generated 598 bytes in 160 msecs (HTTP/1.1 200) 4 headers in 157 bytes (1 switches on core 0) [pid: 6|app: 0|req: 645/1203] 10.0.0.132 () {32 vars in 716 bytes} [Fri May 29 23:17:13 2026] GET /v2.0/ports/9439a43f-d3d4-4fa4-9218-3700b876f00e => generated 941 bytes in 81 msecs (HTTP/1.1 200) 4 headers in 157 bytes (1 switches on core 0) [pid: 6|app: 0|req: 646/1204] 10.0.0.132 () {32 vars in 654 bytes} [Fri May 29 23:17:13 2026] GET /v2.0/floatingips => generated 846 bytes in 75 msecs (HTTP/1.1 200) 4 headers in 157 bytes (1 switches on core 0)
2026-05-29 23:17:13.830 7 INFO neutron.db.ovn_revision_numbers_db [None req-f5c26a47-222e-4649-879a-bca2301ccfc2 - - - - - -] Successfully bumped revision number for resource aca29751-a376-4cb3-8790-7a6a36c5b0d2 (type: ports) to 2
2026-05-29 23:17:14.013 6 WARNING neutron.scheduler.dhcp_agent_scheduler [None req-b440f37d-6fef-4116-8701-4eb77795c1d9 267fa91f51a14a449ec351e8213ccf0a a03a1323b7714b648039b27d5c5e5848 - - default default] No more DHCP agents
2026-05-29 23:17:14.016 6 WARNING neutron.api.rpc.agentnotifiers.dhcp_rpc_agent_api [None req-b440f37d-6fef-4116-8701-4eb77795c1d9 267fa91f51a14a449ec351e8213ccf0a a03a1323b7714b648039b27d5c5e5848 - - default default] Unable to schedule network d3b2c66c-b330-43ad-b3aa-559a1cd471e0: no agents available; will retry on subsequent port and subnet creation events.
2026-05-29 23:17:14.061 6 INFO neutron.db.ovn_revision_numbers_db [None req-b440f37d-6fef-4116-8701-4eb77795c1d9 267fa91f51a14a449ec351e8213ccf0a a03a1323b7714b648039b27d5c5e5848 - - default default] Successfully bumped revision number for resource 50487e7b-7399-4317-878f-76da26373f90 (type: subnets) to 0 [pid: 6|app: 0|req: 647/1205] 10.0.0.132 () {34 vars in 668 bytes} [Fri May 29 23:17:13 2026] POST /v2.0/subnets => generated 646 bytes in 279 msecs (HTTP/1.1 201) 4 headers in 162 bytes (1 switches on core 0)
2026-05-29 23:17:14.701 7 WARNING neutron.scheduler.dhcp_agent_scheduler [None req-cdfafa9c-f8d1-4ab9-bfc5-b6d19bebc13d ebdd1567921e47298c582e0a5c7c74cb d2a30001ca404d17a131047d17a49fc4 - - default default] No more DHCP agents
2026-05-29 23:17:14.704 7 WARNING neutron.api.rpc.agentnotifiers.dhcp_rpc_agent_api [None req-cdfafa9c-f8d1-4ab9-bfc5-b6d19bebc13d ebdd1567921e47298c582e0a5c7c74cb d2a30001ca404d17a131047d17a49fc4 - - default default] Unable to schedule network f787344e-02f6-4bbc-a3cb-bc27f888951a: no agents available; will retry on subsequent port and subnet creation events.
2026-05-29 23:17:14.711 6 INFO neutron.db.ovn_revision_numbers_db [None req-a83b79c1-01a7-483f-9d65-e52905abec71 4bf36d3927134d3884939b7621c5500d 9d6619d5338741f1b3683a88da7377a1 - - default default] Successfully bumped revision number for resource ded1030e-932a-4b65-bf1f-ed3afa4aa0f5 (type: floatingips) to 2
2026-05-29 23:17:14.823 6 INFO neutron.db.l3_db [None req-a83b79c1-01a7-483f-9d65-e52905abec71 4bf36d3927134d3884939b7621c5500d 9d6619d5338741f1b3683a88da7377a1 - - default default] Floating IP ded1030e-932a-4b65-bf1f-ed3afa4aa0f5 associated. External IP: 10.96.250.207, port: df6b6c03-df00-492c-8e7a-684c5de8d382. [pid: 6|app: 0|req: 648/1206] 10.0.0.132 () {34 vars in 748 bytes} [Fri May 29 23:17:14 2026] PUT /v2.0/floatingips/ded1030e-932a-4b65-bf1f-ed3afa4aa0f5 => generated 844 bytes in 818 msecs (HTTP/1.1 200) 4 headers in 157 bytes (1 switches on core 0)
2026-05-29 23:17:15.008 7 INFO neutron.db.ovn_revision_numbers_db [None req-cdfafa9c-f8d1-4ab9-bfc5-b6d19bebc13d ebdd1567921e47298c582e0a5c7c74cb d2a30001ca404d17a131047d17a49fc4 - - default default] Successfully bumped revision number for resource d36b0eb6-fab4-411b-9265-bead1acee950 (type: ports) to 1
2026-05-29 23:17:15.438 7 INFO neutron.db.ovn_revision_numbers_db [None req-cbbea20f-fad3-48b1-81c6-886bcce457f9 - - - - - -] Successfully bumped revision number for resource 9a67471d-dbd8-449a-ac5f-8daa4f87371b (type: ports) to 4
2026-05-29 23:17:15.620 6 INFO neutron.db.ovn_revision_numbers_db [None req-9845b7e1-cbc5-4db4-9e51-7e630a7115d2 - - - - - -] Successfully bumped revision number for resource 74d9155f-3109-44df-aaf7-7dc1c389bb45 (type: ports) to 2
2026-05-29 23:17:15.678 6 INFO neutron.db.ovn_revision_numbers_db [None req-9845b7e1-cbc5-4db4-9e51-7e630a7115d2 - - - - - -] Successfully bumped revision number for resource 50487e7b-7399-4317-878f-76da26373f90 (type: subnets) to 1 [pid: 6|app: 0|req: 649/1207] 10.0.0.132 () {34 vars in 740 bytes} [Fri May 29 23:17:14 2026] PUT /v2.0/subnets/50487e7b-7399-4317-878f-76da26373f90 => generated 656 bytes in 785 msecs (HTTP/1.1 200) 4 headers in 157 bytes (1 switches on core 0) [pid: 6|app: 0|req: 650/1208] 10.0.0.132 () {32 vars in 716 bytes} [Fri May 29 23:17:15 2026] GET /v2.0/ports/9439a43f-d3d4-4fa4-9218-3700b876f00e => generated 941 bytes in 36 msecs (HTTP/1.1 200) 4 headers in 157 bytes (1 switches on core 0)
2026-05-29 23:17:15.923 6 INFO neutron.db.ovn_revision_numbers_db [None req-ea5dfd13-9db9-4deb-8024-fb444799041f 4bf36d3927134d3884939b7621c5500d 9d6619d5338741f1b3683a88da7377a1 - - default default] Successfully bumped revision number for resource ded1030e-932a-4b65-bf1f-ed3afa4aa0f5 (type: floatingips) to 3
2026-05-29 23:17:16.001 6 INFO neutron.db.l3_db [None req-ea5dfd13-9db9-4deb-8024-fb444799041f 4bf36d3927134d3884939b7621c5500d 9d6619d5338741f1b3683a88da7377a1 - - default default] Floating IP ded1030e-932a-4b65-bf1f-ed3afa4aa0f5 disassociated. External IP: 10.96.250.207, port: 94231880-9a82-4274-b1f3-9f7d7e99414b. [pid: 6|app: 0|req: 651/1209] 10.0.0.132 () {34 vars in 748 bytes} [Fri May 29 23:17:15 2026] PUT /v2.0/floatingips/ded1030e-932a-4b65-bf1f-ed3afa4aa0f5 => generated 554 bytes in 316 msecs (HTTP/1.1 200) 4 headers in 157 bytes (1 switches on core 0)
2026-05-29 23:17:16.179 6 INFO neutron_taas.services.taas.taas_plugin [None req-ed0fdacd-4088-45d8-8045-4db4a21a0440 267fa91f51a14a449ec351e8213ccf0a a03a1323b7714b648039b27d5c5e5848 - - default default] TaaS: Handle Delete Port: 74d9155f-3109-44df-aaf7-7dc1c389bb45
2026-05-29 23:17:16.183 6 INFO neutron_taas.services.taas.tap_mirror_plugin [None req-ed0fdacd-4088-45d8-8045-4db4a21a0440 267fa91f51a14a449ec351e8213ccf0a a03a1323b7714b648039b27d5c5e5848 - - default default] Tap Mirror: Handle Delete Port: 74d9155f-3109-44df-aaf7-7dc1c389bb45
2026-05-29 23:17:16.469 7 INFO neutron.db.ovn_revision_numbers_db [None req-cbbea20f-fad3-48b1-81c6-886bcce457f9 - - - - - -] Successfully bumped revision number for resource 9a67471d-dbd8-449a-ac5f-8daa4f87371b (type: ports) to 5
2026-05-29 23:17:16.508 7 WARNING neutron.scheduler.dhcp_agent_scheduler [None req-cdfafa9c-f8d1-4ab9-bfc5-b6d19bebc13d ebdd1567921e47298c582e0a5c7c74cb d2a30001ca404d17a131047d17a49fc4 - - default default] No more DHCP agents
2026-05-29 23:17:16.512 7 WARNING neutron.api.rpc.agentnotifiers.dhcp_rpc_agent_api [None req-cdfafa9c-f8d1-4ab9-bfc5-b6d19bebc13d ebdd1567921e47298c582e0a5c7c74cb d2a30001ca404d17a131047d17a49fc4 - - default default] Unable to schedule network f787344e-02f6-4bbc-a3cb-bc27f888951a: no agents available; will retry on subsequent port and subnet creation events.
2026-05-29 23:17:16.538 6 INFO neutron.services.segments.plugin [-] Segment c7c00648-d175-41e5-91c3-fd405e5fc0bb resource provider aggregate not found
2026-05-29 23:17:16.539 6 INFO neutron.services.segments.plugin [-] Segment c7c00648-d175-41e5-91c3-fd405e5fc0bb resource provider aggregate not found
2026-05-29 23:17:16.562 6 INFO neutron.services.segments.plugin [-] Segment c7c00648-d175-41e5-91c3-fd405e5fc0bb resource provider not found; error: Placement Client Error (4xx): {"errors": [{"status": 404, "title": "Not Found", "detail": "The resource could not be found.\n\n No resource provider with uuid c7c00648-d175-41e5-91c3-fd405e5fc0bb found for delete ", "request_id": "req-14337ebd-d627-4463-9ca4-862fbb107ed9"}]}
2026-05-29 23:17:16.565 6 INFO neutron.services.segments.plugin [-] Segment c7c00648-d175-41e5-91c3-fd405e5fc0bb resource provider not found; error: Placement Client Error (4xx): {"errors": [{"status": 404, "title": "Not Found", "detail": "The resource could not be found.\n\n No resource provider with uuid c7c00648-d175-41e5-91c3-fd405e5fc0bb found for delete ", "request_id": "req-711e6534-0214-4191-8eb1-59adac8d744f"}]} [pid: 6|app: 0|req: 652/1210] 10.0.0.132 () {32 vars in 725 bytes} [Fri May 29 23:17:16 2026] DELETE /v2.0/networks/d3b2c66c-b330-43ad-b3aa-559a1cd471e0 => generated 0 bytes in 570 msecs (HTTP/1.1 204) 3 headers in 131 bytes (1 switches on core 0)
2026-05-29 23:17:16.740 6 INFO neutron_taas.services.taas.taas_plugin [None req-f4ce5af4-4f15-44a3-b3ce-f0b8538925f2 4bf36d3927134d3884939b7621c5500d 9d6619d5338741f1b3683a88da7377a1 - - default default] TaaS: Handle Delete Port: 76da41a3-df39-4403-a572-bb2f2f7e1349
2026-05-29 23:17:16.744 6 INFO neutron_taas.services.taas.tap_mirror_plugin [None req-f4ce5af4-4f15-44a3-b3ce-f0b8538925f2 4bf36d3927134d3884939b7621c5500d 9d6619d5338741f1b3683a88da7377a1 - - default default] Tap Mirror: Handle Delete Port: 76da41a3-df39-4403-a572-bb2f2f7e1349 [pid: 6|app: 0|req: 653/1211] 10.0.0.132 () {32 vars in 731 bytes} [Fri May 29 23:17:16 2026] DELETE /v2.0/floatingips/ded1030e-932a-4b65-bf1f-ed3afa4aa0f5 => generated 0 bytes in 315 msecs (HTTP/1.1 204) 2 headers in 112 bytes (1 switches on core 0)
2026-05-29 23:17:16.932 6 INFO neutron.pecan_wsgi.hooks.translation [None req-448385c5-45ac-4407-bf9d-eabf21bce188 267fa91f51a14a449ec351e8213ccf0a a03a1323b7714b648039b27d5c5e5848 - - default default] DELETE failed (client error): The resource could not be found. [pid: 6|app: 0|req: 654/1212] 10.0.0.132 () {32 vars in 725 bytes} [Fri May 29 23:17:16 2026] DELETE /v2.0/networks/d3b2c66c-b330-43ad-b3aa-559a1cd471e0 => generated 138 bytes in 13 msecs (HTTP/1.1 404) 4 headers in 164 bytes (1 switches on core 0) [pid: 6|app: 0|req: 655/1213] 10.0.0.132 () {32 vars in 716 bytes} [Fri May 29 23:17:16 2026] GET /v2.0/ports/9439a43f-d3d4-4fa4-9218-3700b876f00e => generated 941 bytes in 39 msecs (HTTP/1.1 200) 4 headers in 157 bytes (1 switches on core 0)
2026-05-29 23:17:16.994 6 INFO neutron.api.v2.resource [None req-58eaa312-bfa3-410a-b122-98bb1d67f44b 4bf36d3927134d3884939b7621c5500d 9d6619d5338741f1b3683a88da7377a1 - - default default] delete failed (client error): The resource could not be found. [pid: 6|app: 0|req: 656/1214] 10.0.0.132 () {32 vars in 731 bytes} [Fri May 29 23:17:16 2026] DELETE /v2.0/floatingips/ded1030e-932a-4b65-bf1f-ed3afa4aa0f5 => generated 144 bytes in 20 msecs (HTTP/1.1 404) 4 headers in 164 bytes (1 switches on core 0) [pid: 6|app: 0|req: 657/1215] 10.0.0.132 () {32 vars in 693 bytes} [Fri May 29 23:17:16 2026] GET /v2.0/networks?router%3Aexternal=True => generated 651 bytes in 57 msecs (HTTP/1.1 200) 4 headers in 157 bytes (1 switches on core 0)
2026-05-29 23:17:17.218 7 INFO neutron.db.ovn_revision_numbers_db [None req-cdfafa9c-f8d1-4ab9-bfc5-b6d19bebc13d ebdd1567921e47298c582e0a5c7c74cb d2a30001ca404d17a131047d17a49fc4 - - default default] Successfully bumped revision number for resource d36b0eb6-fab4-411b-9265-bead1acee950 (type: router_ports) to 1 [pid: 7|app: 0|req: 559/1216] 10.0.0.132 () {34 vars in 782 bytes} [Fri May 29 23:17:13 2026] PUT /v2.0/routers/e747e86c-55b1-4168-8b24-824f657ad57e/add_router_interface => generated 309 bytes in 3736 msecs (HTTP/1.1 200) 4 headers in 157 bytes (1 switches on core 0) [pid: 7|app: 0|req: 560/1217] 10.0.0.132 () {32 vars in 741 bytes} [Fri May 29 23:17:17 2026] GET /v2.0/subnets?network_id=2ec2cf23-f582-4940-beb9-2c8c5315d98d => generated 649 bytes in 42 msecs (HTTP/1.1 200) 4 headers in 157 bytes (1 switches on core 0) [pid: 7|app: 0|req: 561/1218] 10.0.0.132 () {32 vars in 652 bytes} [Fri May 29 23:17:17 2026] GET /v2.0/extensions => generated 20118 bytes in 7 msecs (HTTP/1.1 200) 4 headers in 159 bytes (1 switches on core 0)
2026-05-29 23:17:17.325 6 INFO neutron_taas.services.taas.taas_plugin [None req-9e745116-8f5e-4419-90a1-8fd858783293 4bf36d3927134d3884939b7621c5500d 9d6619d5338741f1b3683a88da7377a1 - - default default] TaaS: Handle Delete Port: 94231880-9a82-4274-b1f3-9f7d7e99414b
2026-05-29 23:17:17.329 6 INFO neutron_taas.services.taas.tap_mirror_plugin [None req-9e745116-8f5e-4419-90a1-8fd858783293 4bf36d3927134d3884939b7621c5500d 9d6619d5338741f1b3683a88da7377a1 - - default default] Tap Mirror: Handle Delete Port: 94231880-9a82-4274-b1f3-9f7d7e99414b [pid: 7|app: 0|req: 562/1219] 10.0.0.132 () {32 vars in 648 bytes} [Fri May 29 23:17:17 2026] GET /v2.0/networks => generated 1313 bytes in 56 msecs (HTTP/1.1 200) 4 headers in 158 bytes (1 switches on core 0) [pid: 7|app: 0|req: 563/1220] 10.0.0.132 () {32 vars in 646 bytes} [Fri May 29 23:17:17 2026] GET /v2.0/subnets => generated 1312 bytes in 31 msecs (HTTP/1.1 200) 4 headers in 158 bytes (1 switches on core 0) [pid: 7|app: 0|req: 564/1221] 10.0.0.132 () {32 vars in 722 bytes} [Fri May 29 23:17:17 2026] GET /v2.0/networks/06c146fe-b234-4d70-9b2e-1915faca159c => generated 673 bytes in 48 msecs (HTTP/1.1 200) 4 headers in 157 bytes (1 switches on core 0) [pid: 7|app: 0|req: 565/1222] 10.0.0.132 () {32 vars in 720 bytes} [Fri May 29 23:17:17 2026] GET /v2.0/subnets/5c6e543b-f852-4f54-80da-910579c5d0d3 => generated 673 bytes in 28 msecs (HTTP/1.1 200) 4 headers in 157 bytes (1 switches on core 0)
2026-05-29 23:17:17.505 7 INFO neutron.pecan_wsgi.hooks.translation [None req-4dc5b27f-daf9-4c7e-868a-222d9677de8b 267fa91f51a14a449ec351e8213ccf0a a03a1323b7714b648039b27d5c5e5848 - - default default] DELETE failed (client error): The resource could not be found. [pid: 7|app: 0|req: 566/1223] 10.0.0.132 () {32 vars in 723 bytes} [Fri May 29 23:17:17 2026] DELETE /v2.0/subnets/50487e7b-7399-4317-878f-76da26373f90 => generated 136 bytes in 26 msecs (HTTP/1.1 404) 4 headers in 164 bytes (1 switches on core 0)
2026-05-29 23:17:17.537 7 INFO neutron.pecan_wsgi.hooks.translation [None req-35b20886-4dab-4e90-accc-77c3ddc13c14 267fa91f51a14a449ec351e8213ccf0a a03a1323b7714b648039b27d5c5e5848 - - default default] DELETE failed (client error): The resource could not be found. [pid: 7|app: 0|req: 567/1224] 10.0.0.132 () {32 vars in 725 bytes} [Fri May 29 23:17:17 2026] DELETE /v2.0/networks/d3b2c66c-b330-43ad-b3aa-559a1cd471e0 => generated 138 bytes in 27 msecs (HTTP/1.1 404) 4 headers in 164 bytes (1 switches on core 0) [pid: 6|app: 0|req: 658/1225] 10.0.0.132 () {32 vars in 719 bytes} [Fri May 29 23:17:17 2026] DELETE /v2.0/ports/94231880-9a82-4274-b1f3-9f7d7e99414b => generated 0 bytes in 517 msecs (HTTP/1.1 204) 3 headers in 131 bytes (1 switches on core 0)
2026-05-29 23:17:17.747 6 INFO neutron_taas.services.taas.taas_plugin [None req-5691ed99-237f-4a6e-8e23-c567333b5d9c 4bf36d3927134d3884939b7621c5500d 9d6619d5338741f1b3683a88da7377a1 - - default default] TaaS: Handle Delete Port: df6b6c03-df00-492c-8e7a-684c5de8d382
2026-05-29 23:17:17.750 6 INFO neutron_taas.services.taas.tap_mirror_plugin [None req-5691ed99-237f-4a6e-8e23-c567333b5d9c 4bf36d3927134d3884939b7621c5500d 9d6619d5338741f1b3683a88da7377a1 - - default default] Tap Mirror: Handle Delete Port: df6b6c03-df00-492c-8e7a-684c5de8d382 [pid: 7|app: 0|req: 568/1226] 10.0.0.132 () {32 vars in 723 bytes} [Fri May 29 23:17:17 2026] DELETE /v2.0/subnets/5c6e543b-f852-4f54-80da-910579c5d0d3 => generated 0 bytes in 211 msecs (HTTP/1.1 204) 3 headers in 131 bytes (1 switches on core 0)
2026-05-29 23:17:17.900 7 INFO neutron_taas.services.taas.taas_plugin [None req-b4751c93-5719-496f-a867-6830bfd85b62 267fa91f51a14a449ec351e8213ccf0a a03a1323b7714b648039b27d5c5e5848 - - default default] TaaS: Handle Delete Port: ae28deb5-e4fc-4c22-94a1-b525348915c3
2026-05-29 23:17:17.902 7 INFO neutron_taas.services.taas.tap_mirror_plugin [None req-b4751c93-5719-496f-a867-6830bfd85b62 267fa91f51a14a449ec351e8213ccf0a a03a1323b7714b648039b27d5c5e5848 - - default default] Tap Mirror: Handle Delete Port: ae28deb5-e4fc-4c22-94a1-b525348915c3 [pid: 6|app: 0|req: 659/1227] 10.0.0.132 () {32 vars in 719 bytes} [Fri May 29 23:17:17 2026] DELETE /v2.0/ports/df6b6c03-df00-492c-8e7a-684c5de8d382 => generated 0 bytes in 455 msecs (HTTP/1.1 204) 3 headers in 131 bytes (1 switches on core 0)
2026-05-29 23:17:18.180 7 INFO neutron.services.segments.plugin [-] Segment 654f6db4-478f-4eef-aa1c-7a78c4736586 resource provider aggregate not found
2026-05-29 23:17:18.183 7 INFO neutron.services.segments.plugin [-] Segment 654f6db4-478f-4eef-aa1c-7a78c4736586 resource provider aggregate not found
2026-05-29 23:17:18.206 7 INFO neutron.services.segments.plugin [-] Segment 654f6db4-478f-4eef-aa1c-7a78c4736586 resource provider not found; error: Placement Client Error (4xx): {"errors": [{"status": 404, "title": "Not Found", "detail": "The resource could not be found.\n\n No resource provider with uuid 654f6db4-478f-4eef-aa1c-7a78c4736586 found for delete ", "request_id": "req-c3363436-f3d4-4712-9ce8-2179049f2c24"}]}
2026-05-29 23:17:18.207 7 INFO neutron.services.segments.plugin [-] Segment 654f6db4-478f-4eef-aa1c-7a78c4736586 resource provider not found; error: Placement Client Error (4xx): {"errors": [{"status": 404, "title": "Not Found", "detail": "The resource could not be found.\n\n No resource provider with uuid 654f6db4-478f-4eef-aa1c-7a78c4736586 found for delete ", "request_id": "req-6fcec5dd-105a-4253-a24d-18eabeaaa434"}]} [pid: 7|app: 0|req: 569/1228] 10.0.0.132 () {32 vars in 725 bytes} [Fri May 29 23:17:17 2026] DELETE /v2.0/networks/06c146fe-b234-4d70-9b2e-1915faca159c => generated 0 bytes in 516 msecs (HTTP/1.1 204) 3 headers in 131 bytes (1 switches on core 0) [pid: 7|app: 0|req: 570/1229] 10.0.0.132 () {32 vars in 716 bytes} [Fri May 29 23:17:18 2026] GET /v2.0/ports/9439a43f-d3d4-4fa4-9218-3700b876f00e => generated 941 bytes in 48 msecs (HTTP/1.1 200) 4 headers in 157 bytes (1 switches on core 0)
2026-05-29 23:17:18.404 6 INFO neutron.db.ovn_revision_numbers_db [None req-4898c157-b13b-4759-b2a5-03a668a34b82 7807d0574d064a8bae1ed50d93be8969 c38440701b854eb383d1229f379daea3 - - default default] Successfully bumped revision number for resource cff17dd9-10b4-413b-9a28-c4705cca4687 (type: security_groups) to 1
2026-05-29 23:17:18.430 6 INFO neutron.db.ovn_revision_numbers_db [None req-4898c157-b13b-4759-b2a5-03a668a34b82 7807d0574d064a8bae1ed50d93be8969 c38440701b854eb383d1229f379daea3 - - default default] Successfully bumped revision number for resource 71001cc4-1c06-4d01-9048-fc6e71b35c5e (type: security_group_rules) to 0 [pid: 7|app: 0|req: 571/1230] 10.0.0.132 () {32 vars in 735 bytes} [Fri May 29 23:17:18 2026] GET /v2.0/ports?device_id=ec01fbbd-0b6b-471e-bf0a-fc40a0ee3d16 => generated 946 bytes in 113 msecs (HTTP/1.1 200) 4 headers in 157 bytes (1 switches on core 0)
2026-05-29 23:17:18.451 6 INFO neutron.db.ovn_revision_numbers_db [None req-4898c157-b13b-4759-b2a5-03a668a34b82 7807d0574d064a8bae1ed50d93be8969 c38440701b854eb383d1229f379daea3 - - default default] Successfully bumped revision number for resource 75465386-5bdc-45b7-8bb0-95d35b6a2990 (type: security_group_rules) to 0 [pid: 6|app: 0|req: 660/1231] 10.0.0.132 () {34 vars in 684 bytes} [Fri May 29 23:17:18 2026] POST /v2.0/security-groups => generated 1660 bytes in 473 msecs (HTTP/1.1 201) 4 headers in 163 bytes (1 switches on core 0)
2026-05-29 23:17:18.678 6 INFO neutron.db.ovn_revision_numbers_db [None req-1775290b-02f3-4f82-b929-abccf7c3b1cf 7807d0574d064a8bae1ed50d93be8969 c38440701b854eb383d1229f379daea3 - - default default] Successfully bumped revision number for resource d2ce4841-3485-443d-9547-282bc64ee667 (type: security_group_rules) to 0 [pid: 6|app: 0|req: 661/1232] 10.0.0.132 () {34 vars in 694 bytes} [Fri May 29 23:17:18 2026] POST /v2.0/security-group-rules => generated 597 bytes in 206 msecs (HTTP/1.1 201) 4 headers in 162 bytes (1 switches on core 0)
2026-05-29 23:17:18.775 7 INFO neutron_taas.services.taas.taas_plugin [None req-444d4b4b-583b-429e-96e8-b5633d2c04a6 4bf36d3927134d3884939b7621c5500d 9d6619d5338741f1b3683a88da7377a1 - - default default] TaaS: Handle Delete Port: a8296e4e-07d4-42e0-a986-426f48d4ce67
2026-05-29 23:17:18.778 7 INFO neutron_taas.services.taas.tap_mirror_plugin [None req-444d4b4b-583b-429e-96e8-b5633d2c04a6 4bf36d3927134d3884939b7621c5500d 9d6619d5338741f1b3683a88da7377a1 - - default default] Tap Mirror: Handle Delete Port: a8296e4e-07d4-42e0-a986-426f48d4ce67
2026-05-29 23:17:18.853 6 INFO neutron.db.ovn_revision_numbers_db [None req-35b34794-305f-4afe-af8c-6fa08c8df797 7807d0574d064a8bae1ed50d93be8969 c38440701b854eb383d1229f379daea3 - - default default] Successfully bumped revision number for resource ebd309aa-cf99-4caa-83e0-a2582e4b745f (type: security_group_rules) to 0 [pid: 6|app: 0|req: 662/1233] 10.0.0.132 () {34 vars in 694 bytes} [Fri May 29 23:17:18 2026] POST /v2.0/security-group-rules => generated 602 bytes in 163 msecs (HTTP/1.1 201) 4 headers in 162 bytes (1 switches on core 0) [pid: 6|app: 0|req: 663/1234] 10.0.0.132 () {32 vars in 773 bytes} [Fri May 29 23:17:18 2026] GET /v2.0/security-groups?tenant_id=a03a1323b7714b648039b27d5c5e5848&name=default => generated 2925 bytes in 136 msecs (HTTP/1.1 200) 4 headers in 158 bytes (1 switches on core 0)
2026-05-29 23:17:19.293 6 WARNING neutron.scheduler.dhcp_agent_scheduler [None req-dd7082e3-85e8-45c7-aaaf-741269a843dd 7807d0574d064a8bae1ed50d93be8969 c38440701b854eb383d1229f379daea3 - - default default] No more DHCP agents
2026-05-29 23:17:19.295 6 WARNING neutron.api.rpc.agentnotifiers.dhcp_rpc_agent_api [None req-dd7082e3-85e8-45c7-aaaf-741269a843dd 7807d0574d064a8bae1ed50d93be8969 c38440701b854eb383d1229f379daea3 - - default default] Unable to schedule network 2ec2cf23-f582-4940-beb9-2c8c5315d98d: no agents available; will retry on subsequent port and subnet creation events.
2026-05-29 23:17:19.376 7 WARNING neutron.plugins.ml2.drivers.ovn.mech_driver.ovsdb.ovn_client [None req-c8b6001a-6305-4465-9d6d-c8ddf0c8e07b - - - - - -] No hosting information found for port aca29751-a376-4cb3-8790-7a6a36c5b0d2: RuntimeError: No hosting information found for port aca29751-a376-4cb3-8790-7a6a36c5b0d2
2026-05-29 23:17:19.377 7 INFO neutron.plugins.ml2.drivers.ovn.mech_driver.mech_driver [None req-c8b6001a-6305-4465-9d6d-c8ddf0c8e07b - - - - - -] OVN reports status down for port: e56851c8-cf7f-4560-999c-442ec7a53c7e [pid: 7|app: 0|req: 572/1235] 10.0.0.132 () {34 vars in 788 bytes} [Fri May 29 23:17:18 2026] PUT /v2.0/routers/ec01fbbd-0b6b-471e-bf0a-fc40a0ee3d16/remove_router_interface => generated 309 bytes in 977 msecs (HTTP/1.1 200) 4 headers in 157 bytes (1 switches on core 0) /var/lib/openstack/lib/python3.12/site-packages/pycadf/identifier.py:70: UserWarning: Invalid uuid: neutron. To ensure interoperability, identifiers should be a valid uuid. warnings.warn(('Invalid uuid: %s. To ensure interoperability, ' [pid: 6|app: 0|req: 664/1236] 10.0.0.132 () {34 vars in 675 bytes} [Fri May 29 23:17:19 2026] POST /v2.0/floatingips => generated 552 bytes in 672 msecs (HTTP/1.1 201) 4 headers in 162 bytes (1 switches on core 0) [pid: 6|app: 0|req: 665/1237] 10.0.0.132 () {32 vars in 716 bytes} [Fri May 29 23:17:19 2026] GET /v2.0/ports/9439a43f-d3d4-4fa4-9218-3700b876f00e => generated 941 bytes in 91 msecs (HTTP/1.1 200) 4 headers in 157 bytes (1 switches on core 0)
2026-05-29 23:17:19.789 7 INFO neutron.db.ovn_revision_numbers_db [None req-c8b6001a-6305-4465-9d6d-c8ddf0c8e07b - - - - - -] Successfully bumped revision number for resource aca29751-a376-4cb3-8790-7a6a36c5b0d2 (type: router_ports) to 2
2026-05-29 23:17:19.815 7 INFO neutron.plugins.ml2.drivers.ovn.mech_driver.mech_driver [None req-c8b6001a-6305-4465-9d6d-c8ddf0c8e07b - - - - - -] OVN reports status down for port: ae28deb5-e4fc-4c22-94a1-b525348915c3
2026-05-29 23:17:19.846 7 INFO neutron.plugins.ml2.drivers.ovn.mech_driver.mech_driver [None req-c8b6001a-6305-4465-9d6d-c8ddf0c8e07b - - - - - -] OVN reports status down for port: 9439a43f-d3d4-4fa4-9218-3700b876f00e
2026-05-29 23:17:19.991 7 WARNING neutron.plugins.ml2.drivers.ovn.mech_driver.ovsdb.ovn_client [None req-c8b6001a-6305-4465-9d6d-c8ddf0c8e07b - - - - - -] Logical_Switch_Port 9439a43f-d3d4-4fa4-9218-3700b876f00e host information not removed, the port state is up
2026-05-29 23:17:19.991 7 INFO neutron.plugins.ml2.drivers.ovn.mech_driver.mech_driver [None req-c8b6001a-6305-4465-9d6d-c8ddf0c8e07b - - - - - -] OVN reports status up for port: 9439a43f-d3d4-4fa4-9218-3700b876f00e
2026-05-29 23:17:20.010 7 INFO neutron.plugins.ml2.plugin [None req-c8b6001a-6305-4465-9d6d-c8ddf0c8e07b - - - - - -] Attempt 1 to provision port 9439a43f-d3d4-4fa4-9218-3700b876f00e [pid: 7|app: 0|req: 573/1238] 10.0.0.132 () {32 vars in 739 bytes} [Fri May 29 23:17:19 2026] DELETE /v2.0/security-groups/5d368efc-3a0d-47a8-9937-a503f76b7104 => generated 0 bytes in 626 msecs (HTTP/1.1 204) 2 headers in 112 bytes (1 switches on core 0)
2026-05-29 23:17:20.144 6 INFO neutron_taas.services.taas.taas_plugin [None req-aee6b17f-ec45-44f0-b90a-a32290eb209b 4bf36d3927134d3884939b7621c5500d 9d6619d5338741f1b3683a88da7377a1 - - default default] TaaS: Handle Delete Port: 172b1879-7d6f-4f8d-a865-f25c4f3c8db1
2026-05-29 23:17:20.146 6 INFO neutron_taas.services.taas.tap_mirror_plugin [None req-aee6b17f-ec45-44f0-b90a-a32290eb209b 4bf36d3927134d3884939b7621c5500d 9d6619d5338741f1b3683a88da7377a1 - - default default] Tap Mirror: Handle Delete Port: 172b1879-7d6f-4f8d-a865-f25c4f3c8db1
2026-05-29 23:17:20.525 7 INFO neutron.db.ovn_revision_numbers_db [None req-c8b6001a-6305-4465-9d6d-c8ddf0c8e07b - - - - - -] Successfully bumped revision number for resource 9439a43f-d3d4-4fa4-9218-3700b876f00e (type: ports) to 2 /var/lib/openstack/lib/python3.12/site-packages/pycadf/identifier.py:70: UserWarning: Invalid uuid: neutron. To ensure interoperability, identifiers should be a valid uuid. warnings.warn(('Invalid uuid: %s. To ensure interoperability, ' [pid: 6|app: 0|req: 666/1239] 10.0.0.132 () {32 vars in 723 bytes} [Fri May 29 23:17:19 2026] DELETE /v2.0/routers/ec01fbbd-0b6b-471e-bf0a-fc40a0ee3d16 => generated 0 bytes in 1049 msecs (HTTP/1.1 204) 2 headers in 112 bytes (1 switches on core 0) [pid: 7|app: 0|req: 574/1240] 10.0.0.132 () {32 vars in 716 bytes} [Fri May 29 23:17:20 2026] GET /v2.0/ports/9439a43f-d3d4-4fa4-9218-3700b876f00e => generated 943 bytes in 121 msecs (HTTP/1.1 200) 4 headers in 157 bytes (1 switches on core 0) [pid: 6|app: 0|req: 667/1241] 10.0.0.132 () {32 vars in 723 bytes} [Fri May 29 23:17:20 2026] DELETE /v2.0/subnets/8087f3c3-9567-4347-aa3e-b560acf7a25f => generated 0 bytes in 174 msecs (HTTP/1.1 204) 3 headers in 131 bytes (1 switches on core 0)
2026-05-29 23:17:21.168 6 INFO neutron_taas.services.taas.taas_plugin [None req-f4415c6a-df70-4f16-99b4-eed3302272c1 4bf36d3927134d3884939b7621c5500d 9d6619d5338741f1b3683a88da7377a1 - - default default] TaaS: Handle Delete Port: 8f8dc60e-7817-4543-a194-fa16e30ac926
2026-05-29 23:17:21.170 6 INFO neutron_taas.services.taas.tap_mirror_plugin [None req-f4415c6a-df70-4f16-99b4-eed3302272c1 4bf36d3927134d3884939b7621c5500d 9d6619d5338741f1b3683a88da7377a1 - - default default] Tap Mirror: Handle Delete Port: 8f8dc60e-7817-4543-a194-fa16e30ac926
2026-05-29 23:17:21.244 7 INFO neutron_taas.services.taas.taas_plugin [None req-5114af43-9e70-4ee2-9bc8-58c26cb8bf27 49b7f4a1978e438297ff63d11457febb ce841c15a0324ba28d25dc6e8317398b - - default default] TaaS: Handle Delete Port: 9439a43f-d3d4-4fa4-9218-3700b876f00e
2026-05-29 23:17:21.250 7 INFO neutron_taas.services.taas.tap_mirror_plugin [None req-5114af43-9e70-4ee2-9bc8-58c26cb8bf27 49b7f4a1978e438297ff63d11457febb ce841c15a0324ba28d25dc6e8317398b - - default default] Tap Mirror: Handle Delete Port: 9439a43f-d3d4-4fa4-9218-3700b876f00e
2026-05-29 23:17:21.393 6 INFO neutron.services.segments.plugin [-] Segment 17ccd944-44f6-4314-9fff-0546cb006f61 resource provider aggregate not found
2026-05-29 23:17:21.412 6 INFO neutron.services.segments.plugin [-] Segment 17ccd944-44f6-4314-9fff-0546cb006f61 resource provider not found; error: Placement Client Error (4xx): {"errors": [{"status": 404, "title": "Not Found", "detail": "The resource could not be found.\n\n No resource provider with uuid 17ccd944-44f6-4314-9fff-0546cb006f61 found for delete ", "request_id": "req-88cf5027-96ea-46cb-a750-d6fb66d91200"}]}
2026-05-29 23:17:21.416 6 INFO neutron.services.segments.plugin [-] Segment 17ccd944-44f6-4314-9fff-0546cb006f61 resource provider aggregate not found
2026-05-29 23:17:21.435 6 INFO neutron.services.segments.plugin [-] Segment 17ccd944-44f6-4314-9fff-0546cb006f61 resource provider not found; error: Placement Client Error (4xx): {"errors": [{"status": 404, "title": "Not Found", "detail": "The resource could not be found.\n\n No resource provider with uuid 17ccd944-44f6-4314-9fff-0546cb006f61 found for delete ", "request_id": "req-2c459614-ddb3-4809-a115-25f41b1b1a5e"}]} [pid: 6|app: 0|req: 668/1242] 10.0.0.132 () {32 vars in 725 bytes} [Fri May 29 23:17:21 2026] DELETE /v2.0/networks/ab43affe-68b7-491f-bcd8-a49a60e6c6e3 => generated 0 bytes in 451 msecs (HTTP/1.1 204) 3 headers in 131 bytes (1 switches on core 0) [pid: 7|app: 0|req: 575/1243] 10.0.0.132 () {34 vars in 788 bytes} [Fri May 29 23:17:20 2026] PUT /v2.0/routers/2a70148d-a7b1-451d-a323-d748d50519a1/remove_router_interface => generated 309 bytes in 907 msecs (HTTP/1.1 200) 4 headers in 157 bytes (1 switches on core 0) [pid: 6|app: 0|req: 669/1244] 10.0.0.132 () {32 vars in 716 bytes} [Fri May 29 23:17:21 2026] GET /v2.0/ports/aca29751-a376-4cb3-8790-7a6a36c5b0d2 => generated 943 bytes in 78 msecs (HTTP/1.1 200) 4 headers in 157 bytes (1 switches on core 0) /var/lib/openstack/lib/python3.12/site-packages/pycadf/identifier.py:70: UserWarning: Invalid uuid: neutron. To ensure interoperability, identifiers should be a valid uuid. warnings.warn(('Invalid uuid: %s. To ensure interoperability, ' [pid: 6|app: 0|req: 670/1245] 10.0.0.132 () {32 vars in 773 bytes} [Fri May 29 23:17:21 2026] GET /v2.0/security-groups?tenant_id=9d6619d5338741f1b3683a88da7377a1&name=default => generated 2925 bytes in 149 msecs (HTTP/1.1 200) 4 headers in 158 bytes (1 switches on core 0)
