2026-05-29 23:18:08.599 7 INFO neutron_taas.services.taas.tap_mirror_plugin [None req-2db4b25f-0187-41de-8c0d-2e50dc9c1e28 7807d0574d064a8bae1ed50d93be8969 c38440701b854eb383d1229f379daea3 - - default default] Tap Mirror: Handle Delete Port: bce01056-73d0-4b44-b2be-40c864368b01 [pid: 6|app: 0|req: 847/1546] 10.0.0.132 () {32 vars in 739 bytes} [Fri May 29 23:18:08 2026] DELETE /v2.0/security-groups/b0970097-3ee1-410e-b589-456b2b91eec3 => generated 0 bytes in 346 msecs (HTTP/1.1 204) 2 headers in 112 bytes (1 switches on core 0) [pid: 7|app: 0|req: 700/1547] 10.0.0.132 () {32 vars in 731 bytes} [Fri May 29 23:18:08 2026] DELETE /v2.0/floatingips/a224962a-a885-4713-bc1f-c34a0f5cdbd3 => generated 0 bytes in 373 msecs (HTTP/1.1 204) 2 headers in 112 bytes (1 switches on core 0) [pid: 6|app: 0|req: 848/1548] 10.0.0.132 () {32 vars in 672 bytes} [Fri May 29 23:18:08 2026] GET /v2.0/security-group-rules => generated 3560 bytes in 70 msecs (HTTP/1.1 200) 4 headers in 158 bytes (1 switches on core 0)
2026-05-29 23:18:08.919 7 WARNING neutron.plugins.ml2.drivers.ovn.mech_driver.ovsdb.ovn_client [None req-da24b127-3d54-4c11-b834-0bcb9d631f9f - - - - - -] No port found with ID 2a392abf-df95-4738-afec-1177cf3fa8ff: RuntimeError: No port found with ID 2a392abf-df95-4738-afec-1177cf3fa8ff [pid: 7|app: 0|req: 701/1549] 10.0.0.132 () {32 vars in 646 bytes} [Fri May 29 23:18:08 2026] GET /v2.0/routers => generated 961 bytes in 111 msecs (HTTP/1.1 200) 4 headers in 157 bytes (1 switches on core 0) /var/lib/openstack/lib/python3.12/site-packages/pycadf/identifier.py:70: UserWarning: Invalid uuid: neutron. To ensure interoperability, identifiers should be a valid uuid. warnings.warn(('Invalid uuid: %s. To ensure interoperability, '
2026-05-29 23:18:08.978 7 INFO neutron.plugins.ml2.drivers.ovn.mech_driver.mech_driver [None req-da24b127-3d54-4c11-b834-0bcb9d631f9f - - - - - -] OVN reports status down for port: daa5fb09-f62b-4c6a-be8f-d29ba20a4a6f
2026-05-29 23:18:09.060 7 INFO neutron.plugins.ml2.drivers.ovn.mech_driver.mech_driver [None req-da24b127-3d54-4c11-b834-0bcb9d631f9f - - - - - -] OVN reports status down for port: 631b09da-8a80-4c5b-9f0e-50a786ee5b6d
2026-05-29 23:18:09.198 7 WARNING neutron.plugins.ml2.drivers.ovn.mech_driver.ovsdb.ovn_client [None req-da24b127-3d54-4c11-b834-0bcb9d631f9f - - - - - -] Logical_Switch_Port 631b09da-8a80-4c5b-9f0e-50a786ee5b6d host information not removed, the port state is up
2026-05-29 23:18:09.200 7 INFO neutron.plugins.ml2.drivers.ovn.mech_driver.mech_driver [None req-da24b127-3d54-4c11-b834-0bcb9d631f9f - - - - - -] OVN reports status up for port: 631b09da-8a80-4c5b-9f0e-50a786ee5b6d
2026-05-29 23:18:09.226 7 INFO neutron.plugins.ml2.plugin [None req-da24b127-3d54-4c11-b834-0bcb9d631f9f - - - - - -] Attempt 1 to provision port 631b09da-8a80-4c5b-9f0e-50a786ee5b6d
2026-05-29 23:18:09.233 6 INFO neutron_taas.services.taas.taas_plugin [None req-35348f37-5a7e-424b-86d6-514a69c604ce ebdd1567921e47298c582e0a5c7c74cb d2a30001ca404d17a131047d17a49fc4 - - default default] TaaS: Handle Delete Port: d36b0eb6-fab4-411b-9265-bead1acee950
2026-05-29 23:18:09.238 6 INFO neutron_taas.services.taas.tap_mirror_plugin [None req-35348f37-5a7e-424b-86d6-514a69c604ce ebdd1567921e47298c582e0a5c7c74cb d2a30001ca404d17a131047d17a49fc4 - - default default] Tap Mirror: Handle Delete Port: d36b0eb6-fab4-411b-9265-bead1acee950 [pid: 7|app: 0|req: 702/1550] 10.0.0.132 () {32 vars in 739 bytes} [Fri May 29 23:18:08 2026] DELETE /v2.0/security-groups/9a1c748c-4916-4cdc-bc9b-8e1d9afea6cc => generated 0 bytes in 313 msecs (HTTP/1.1 204) 2 headers in 112 bytes (1 switches on core 0) /var/lib/openstack/lib/python3.12/site-packages/pycadf/identifier.py:70: UserWarning: Invalid uuid: neutron. To ensure interoperability, identifiers should be a valid uuid. warnings.warn(('Invalid uuid: %s. To ensure interoperability, '
2026-05-29 23:18:09.920 7 INFO neutron.db.ovn_revision_numbers_db [None req-cc137750-0e4e-41af-950b-4bc1dd4a5da7 f4a508a435f74608931df7f4a1e3e1ed 1576eb18b08b463998cc235bad6c4092 - - default default] Successfully bumped revision number for resource 118b1a55-9887-4bb1-849a-b8a0aeb23d1c (type: routers) to 3 [pid: 7|app: 0|req: 703/1551] 10.0.0.132 () {34 vars in 740 bytes} [Fri May 29 23:18:09 2026] PUT /v2.0/routers/118b1a55-9887-4bb1-849a-b8a0aeb23d1c => generated 965 bytes in 659 msecs (HTTP/1.1 200) 4 headers in 157 bytes (1 switches on core 0) [pid: 7|app: 0|req: 704/1552] 10.0.0.132 () {32 vars in 662 bytes} [Fri May 29 23:18:09 2026] GET /v2.0/security-groups => generated 2925 bytes in 48 msecs (HTTP/1.1 200) 4 headers in 158 bytes (1 switches on core 0) [pid: 6|app: 0|req: 849/1553] 10.0.0.132 () {34 vars in 788 bytes} [Fri May 29 23:18:08 2026] PUT /v2.0/routers/e747e86c-55b1-4168-8b24-824f657ad57e/remove_router_interface => generated 309 bytes in 1189 msecs (HTTP/1.1 200) 4 headers in 157 bytes (1 switches on core 0) /var/lib/openstack/lib/python3.12/site-packages/pycadf/identifier.py:70: UserWarning: Invalid uuid: neutron. To ensure interoperability, identifiers should be a valid uuid. warnings.warn(('Invalid uuid: %s. To ensure interoperability, ' [pid: 7|app: 0|req: 705/1554] 10.0.0.132 () {32 vars in 720 bytes} [Fri May 29 23:18:09 2026] GET /v2.0/routers/118b1a55-9887-4bb1-849a-b8a0aeb23d1c => generated 965 bytes in 137 msecs (HTTP/1.1 200) 4 headers in 157 bytes (1 switches on core 0) [pid: 6|app: 0|req: 850/1555] 10.0.0.132 () {32 vars in 662 bytes} [Fri May 29 23:18:10 2026] GET /v2.0/security-groups => generated 2925 bytes in 44 msecs (HTTP/1.1 200) 4 headers in 158 bytes (1 switches on core 0) [pid: 6|app: 0|req: 851/1556] 10.0.0.132 () {32 vars in 735 bytes} [Fri May 29 23:18:10 2026] GET /v2.0/ports?device_id=118b1a55-9887-4bb1-849a-b8a0aeb23d1c => generated 12 bytes in 24 msecs (HTTP/1.1 200) 4 headers in 156 bytes (1 switches on core 0)
2026-05-29 23:18:10.510 7 INFO neutron_taas.services.taas.taas_plugin [None req-637845bf-6cdb-4dd7-9253-d6b25387da4f ebdd1567921e47298c582e0a5c7c74cb d2a30001ca404d17a131047d17a49fc4 - - default default] TaaS: Handle Delete Port: 9a67471d-dbd8-449a-ac5f-8daa4f87371b
2026-05-29 23:18:10.515 7 INFO neutron_taas.services.taas.tap_mirror_plugin [None req-637845bf-6cdb-4dd7-9253-d6b25387da4f ebdd1567921e47298c582e0a5c7c74cb d2a30001ca404d17a131047d17a49fc4 - - default default] Tap Mirror: Handle Delete Port: 9a67471d-dbd8-449a-ac5f-8daa4f87371b
2026-05-29 23:18:10.588 6 INFO neutron_taas.services.taas.taas_plugin [None req-59a0d480-ba53-4011-a4e6-d98c1b162d18 f4a508a435f74608931df7f4a1e3e1ed 1576eb18b08b463998cc235bad6c4092 - - default default] TaaS: Handle Delete Port: 631b09da-8a80-4c5b-9f0e-50a786ee5b6d
2026-05-29 23:18:10.594 6 INFO neutron_taas.services.taas.tap_mirror_plugin [None req-59a0d480-ba53-4011-a4e6-d98c1b162d18 f4a508a435f74608931df7f4a1e3e1ed 1576eb18b08b463998cc235bad6c4092 - - default default] Tap Mirror: Handle Delete Port: 631b09da-8a80-4c5b-9f0e-50a786ee5b6d [pid: 7|app: 0|req: 706/1557] 10.0.0.132 () {32 vars in 723 bytes} [Fri May 29 23:18:10 2026] DELETE /v2.0/routers/e747e86c-55b1-4168-8b24-824f657ad57e => generated 0 bytes in 1076 msecs (HTTP/1.1 204) 2 headers in 112 bytes (1 switches on core 0) [pid: 6|app: 0|req: 852/1558] 10.0.0.132 () {32 vars in 723 bytes} [Fri May 29 23:18:10 2026] DELETE /v2.0/routers/118b1a55-9887-4bb1-849a-b8a0aeb23d1c => generated 0 bytes in 1214 msecs (HTTP/1.1 204) 2 headers in 112 bytes (1 switches on core 0) [pid: 7|app: 0|req: 707/1559] 10.0.0.132 () {32 vars in 773 bytes} [Fri May 29 23:18:11 2026] GET /v2.0/security-groups?tenant_id=0fb04fd13cc9454084c3321bf4eb9004&name=default => generated 2925 bytes in 272 msecs (HTTP/1.1 200) 4 headers in 158 bytes (1 switches on core 0) [pid: 7|app: 0|req: 708/1560] 10.0.0.132 () {32 vars in 735 bytes} [Fri May 29 23:18:11 2026] GET /v2.0/ports?device_id=118b1a55-9887-4bb1-849a-b8a0aeb23d1c => generated 12 bytes in 20 msecs (HTTP/1.1 200) 4 headers in 156 bytes (1 switches on core 0) [pid: 6|app: 0|req: 853/1561] 10.0.0.132 () {32 vars in 723 bytes} [Fri May 29 23:18:11 2026] DELETE /v2.0/subnets/f384cade-21d2-4122-a7b8-d7a3426fb0a0 => generated 0 bytes in 221 msecs (HTTP/1.1 204) 3 headers in 131 bytes (1 switches on core 0)
2026-05-29 23:18:11.646 6 INFO neutron.api.v2.resource [None req-467fb779-95fa-476d-b8a9-1afcaf1d2cd7 f4a508a435f74608931df7f4a1e3e1ed 1576eb18b08b463998cc235bad6c4092 - - default default] delete failed (client error): The resource could not be found. [pid: 6|app: 0|req: 854/1562] 10.0.0.132 () {32 vars in 723 bytes} [Fri May 29 23:18:11 2026] DELETE /v2.0/routers/118b1a55-9887-4bb1-849a-b8a0aeb23d1c => generated 135 bytes in 30 msecs (HTTP/1.1 404) 4 headers in 164 bytes (1 switches on core 0) [pid: 7|app: 0|req: 709/1563] 10.0.0.132 () {32 vars in 739 bytes} [Fri May 29 23:18:11 2026] DELETE /v2.0/security-groups/93f9cf27-d929-44e0-8a07-e71417af9016 => generated 0 bytes in 392 msecs (HTTP/1.1 204) 2 headers in 112 bytes (1 switches on core 0)
2026-05-29 23:18:11.908 6 INFO neutron_taas.services.taas.taas_plugin [None req-81a3c0c7-d5f2-40bb-86ba-cfee618f70fb ebdd1567921e47298c582e0a5c7c74cb d2a30001ca404d17a131047d17a49fc4 - - default default] TaaS: Handle Delete Port: e56851c8-cf7f-4560-999c-442ec7a53c7e [pid: 7|app: 0|req: 710/1564] 10.0.0.132 () {32 vars in 735 bytes} [Fri May 29 23:18:11 2026] GET /v2.0/ports?device_id=571706b3-f638-4e8d-a6af-52577d0205ab => generated 12 bytes in 30 msecs (HTTP/1.1 200) 4 headers in 156 bytes (1 switches on core 0)
2026-05-29 23:18:11.912 6 INFO neutron_taas.services.taas.tap_mirror_plugin [None req-81a3c0c7-d5f2-40bb-86ba-cfee618f70fb ebdd1567921e47298c582e0a5c7c74cb d2a30001ca404d17a131047d17a49fc4 - - default default] Tap Mirror: Handle Delete Port: e56851c8-cf7f-4560-999c-442ec7a53c7e
2026-05-29 23:18:11.936 7 INFO neutron.api.v2.resource [None req-c7e20a20-443a-4a97-b709-c527d32f5a88 f4a508a435f74608931df7f4a1e3e1ed 1576eb18b08b463998cc235bad6c4092 - - default default] delete failed (client error): The resource could not be found. [pid: 7|app: 0|req: 711/1565] 10.0.0.132 () {32 vars in 723 bytes} [Fri May 29 23:18:11 2026] DELETE /v2.0/routers/571706b3-f638-4e8d-a6af-52577d0205ab => generated 135 bytes in 22 msecs (HTTP/1.1 404) 4 headers in 164 bytes (1 switches on core 0)
2026-05-29 23:18:11.961 7 INFO neutron.pecan_wsgi.hooks.translation [None req-2a1fb63b-0fe8-4053-8900-491a8d128720 f4a508a435f74608931df7f4a1e3e1ed 1576eb18b08b463998cc235bad6c4092 - - default default] DELETE failed (client error): The resource could not be found. [pid: 7|app: 0|req: 712/1566] 10.0.0.132 () {32 vars in 723 bytes} [Fri May 29 23:18:11 2026] DELETE /v2.0/subnets/6fda00a1-d331-42f9-8be7-724631e94803 => generated 136 bytes in 22 msecs (HTTP/1.1 404) 4 headers in 164 bytes (1 switches on core 0) [pid: 7|app: 0|req: 713/1567] 10.0.0.132 () {32 vars in 735 bytes} [Fri May 29 23:18:11 2026] GET /v2.0/ports?device_id=59d5d5e2-694a-47cb-a782-ae94b1d23c0a => generated 12 bytes in 23 msecs (HTTP/1.1 200) 4 headers in 156 bytes (1 switches on core 0)
2026-05-29 23:18:12.019 7 INFO neutron.api.v2.resource [None req-daa96afa-b021-4bb0-b2f0-1fce53991977 f4a508a435f74608931df7f4a1e3e1ed 1576eb18b08b463998cc235bad6c4092 - - default default] delete failed (client error): The resource could not be found. [pid: 7|app: 0|req: 714/1568] 10.0.0.132 () {32 vars in 723 bytes} [Fri May 29 23:18:12 2026] DELETE /v2.0/routers/59d5d5e2-694a-47cb-a782-ae94b1d23c0a => generated 135 bytes in 20 msecs (HTTP/1.1 404) 4 headers in 164 bytes (1 switches on core 0)
2026-05-29 23:18:12.041 7 INFO neutron.pecan_wsgi.hooks.translation [None req-aa58b85a-07c9-40ae-941f-14f66839d955 f4a508a435f74608931df7f4a1e3e1ed 1576eb18b08b463998cc235bad6c4092 - - default default] DELETE failed (client error): The resource could not be found. [pid: 7|app: 0|req: 715/1569] 10.0.0.132 () {32 vars in 723 bytes} [Fri May 29 23:18:12 2026] DELETE /v2.0/subnets/f4962f9b-b14d-4e90-8b2b-21bfefab05d7 => generated 136 bytes in 20 msecs (HTTP/1.1 404) 4 headers in 164 bytes (1 switches on core 0) [pid: 7|app: 0|req: 716/1570] 10.0.0.132 () {32 vars in 735 bytes} [Fri May 29 23:18:12 2026] GET /v2.0/ports?device_id=2b091cea-071f-4178-9d94-1f27ece2e15e => generated 12 bytes in 44 msecs (HTTP/1.1 200) 4 headers in 156 bytes (1 switches on core 0)
2026-05-29 23:18:12.153 7 INFO neutron.api.v2.resource [None req-fa181487-4feb-4b30-832f-c98c3f78d5c1 f4a508a435f74608931df7f4a1e3e1ed 1576eb18b08b463998cc235bad6c4092 - - default default] delete failed (client error): The resource could not be found. [pid: 7|app: 0|req: 717/1571] 10.0.0.132 () {32 vars in 723 bytes} [Fri May 29 23:18:12 2026] DELETE /v2.0/routers/2b091cea-071f-4178-9d94-1f27ece2e15e => generated 135 bytes in 60 msecs (HTTP/1.1 404) 4 headers in 164 bytes (1 switches on core 0)
2026-05-29 23:18:12.179 7 INFO neutron.pecan_wsgi.hooks.translation [None req-872b89f1-bb08-40a7-ae58-3e0ddf5e72c6 f4a508a435f74608931df7f4a1e3e1ed 1576eb18b08b463998cc235bad6c4092 - - default default] DELETE failed (client error): The resource could not be found. [pid: 7|app: 0|req: 718/1572] 10.0.0.132 () {32 vars in 723 bytes} [Fri May 29 23:18:12 2026] DELETE /v2.0/subnets/d8a4affc-95e0-4170-b609-457617231136 => generated 136 bytes in 21 msecs (HTTP/1.1 404) 4 headers in 164 bytes (1 switches on core 0)
2026-05-29 23:18:12.202 7 INFO neutron.pecan_wsgi.hooks.translation [None req-cf87d5be-d040-421e-8ce5-72023644fe97 f4a508a435f74608931df7f4a1e3e1ed 1576eb18b08b463998cc235bad6c4092 - - default default] DELETE failed (client error): The resource could not be found. [pid: 7|app: 0|req: 719/1573] 10.0.0.132 () {32 vars in 723 bytes} [Fri May 29 23:18:12 2026] DELETE /v2.0/subnets/11b47ad1-96fc-438e-8840-c4cad7a34133 => generated 136 bytes in 16 msecs (HTTP/1.1 404) 4 headers in 164 bytes (1 switches on core 0)
2026-05-29 23:18:12.246 6 INFO neutron.services.segments.plugin [-] Segment 09c95e1a-fac4-497d-b03d-d47514593e51 resource provider aggregate not found
2026-05-29 23:18:12.250 6 INFO neutron.services.segments.plugin [-] Segment 09c95e1a-fac4-497d-b03d-d47514593e51 resource provider aggregate not found
2026-05-29 23:18:12.276 6 INFO neutron.services.segments.plugin [-] Segment 09c95e1a-fac4-497d-b03d-d47514593e51 resource provider not found; error: Placement Client Error (4xx): {"errors": [{"status": 404, "title": "Not Found", "detail": "The resource could not be found.\n\n No resource provider with uuid 09c95e1a-fac4-497d-b03d-d47514593e51 found for delete ", "request_id": "req-6973cb5a-8eae-4656-8aee-47ad2c5583c1"}]}
2026-05-29 23:18:12.279 6 INFO neutron.services.segments.plugin [-] Segment 09c95e1a-fac4-497d-b03d-d47514593e51 resource provider not found; error: Placement Client Error (4xx): {"errors": [{"status": 404, "title": "Not Found", "detail": "The resource could not be found.\n\n No resource provider with uuid 09c95e1a-fac4-497d-b03d-d47514593e51 found for delete ", "request_id": "req-27c4543f-039c-4a2e-b262-823b7c2b0f69"}]} [pid: 6|app: 0|req: 855/1574] 10.0.0.132 () {32 vars in 725 bytes} [Fri May 29 23:18:11 2026] DELETE /v2.0/networks/f787344e-02f6-4bbc-a3cb-bc27f888951a => generated 0 bytes in 672 msecs (HTTP/1.1 204) 3 headers in 131 bytes (1 switches on core 0) [pid: 7|app: 0|req: 720/1575] 10.0.0.132 () {32 vars in 773 bytes} [Fri May 29 23:18:12 2026] GET /v2.0/security-groups?tenant_id=c38440701b854eb383d1229f379daea3&name=default => generated 2925 bytes in 38 msecs (HTTP/1.1 200) 4 headers in 158 bytes (1 switches on core 0) [pid: 6|app: 0|req: 856/1576] 10.0.0.132 () {32 vars in 739 bytes} [Fri May 29 23:18:12 2026] DELETE /v2.0/security-groups/91d27a9e-574c-4e14-9de3-e7f1a8831c34 => generated 0 bytes in 347 msecs (HTTP/1.1 204) 2 headers in 112 bytes (1 switches on core 0) [pid: 7|app: 0|req: 721/1577] 10.0.0.132 () {32 vars in 773 bytes} [Fri May 29 23:18:12 2026] GET /v2.0/security-groups?tenant_id=1576eb18b08b463998cc235bad6c4092&name=default => generated 2925 bytes in 143 msecs (HTTP/1.1 200) 4 headers in 158 bytes (1 switches on core 0) [pid: 6|app: 0|req: 857/1578] 10.0.0.132 () {32 vars in 739 bytes} [Fri May 29 23:18:12 2026] DELETE /v2.0/security-groups/ce7ee722-1b84-441a-8b43-dbe5e70d0cba => generated 0 bytes in 350 msecs (HTTP/1.1 204) 2 headers in 112 bytes (1 switches on core 0)
2026-05-29 23:18:13.510 7 INFO neutron.db.ovn_revision_numbers_db [None req-8ed1020b-7a05-46a2-949e-2d0449743538 ebdd1567921e47298c582e0a5c7c74cb d2a30001ca404d17a131047d17a49fc4 - - default default] Successfully bumped revision number for resource 1c4efeea-a774-47f8-8679-9d0c33e119c1 (type: security_groups) to 1
2026-05-29 23:18:13.529 7 INFO neutron.db.ovn_revision_numbers_db [None req-8ed1020b-7a05-46a2-949e-2d0449743538 ebdd1567921e47298c582e0a5c7c74cb d2a30001ca404d17a131047d17a49fc4 - - default default] Successfully bumped revision number for resource 3301ecb0-f190-4373-93fe-57be7efc6fe7 (type: security_group_rules) to 0
2026-05-29 23:18:13.547 7 INFO neutron.db.ovn_revision_numbers_db [None req-8ed1020b-7a05-46a2-949e-2d0449743538 ebdd1567921e47298c582e0a5c7c74cb d2a30001ca404d17a131047d17a49fc4 - - default default] Successfully bumped revision number for resource 825b3c1e-3e9e-4cb1-9079-192b8a73f82a (type: security_group_rules) to 0
2026-05-29 23:18:13.562 7 INFO neutron.db.ovn_revision_numbers_db [None req-8ed1020b-7a05-46a2-949e-2d0449743538 ebdd1567921e47298c582e0a5c7c74cb d2a30001ca404d17a131047d17a49fc4 - - default default] Successfully bumped revision number for resource a4c22144-72ae-4b00-ab99-40ebdda34abc (type: security_group_rules) to 0
2026-05-29 23:18:13.577 7 INFO neutron.db.ovn_revision_numbers_db [None req-8ed1020b-7a05-46a2-949e-2d0449743538 ebdd1567921e47298c582e0a5c7c74cb d2a30001ca404d17a131047d17a49fc4 - - default default] Successfully bumped revision number for resource f19505bf-bc50-4c12-894f-3e2ac0831836 (type: security_group_rules) to 0 [pid: 7|app: 0|req: 722/1581] 10.0.0.132 () {32 vars in 773 bytes} [Fri May 29 23:18:13 2026] GET /v2.0/security-groups?tenant_id=be261ef7cc7e4a4db11365a52c5c9079&name=default => generated 2925 bytes in 519 msecs (HTTP/1.1 200) 4 headers in 158 bytes (1 switches on core 0) [pid: 6|app: 0|req: 860/1582] 10.0.0.132 () {32 vars in 739 bytes} [Fri May 29 23:18:13 2026] DELETE /v2.0/security-groups/1c4efeea-a774-47f8-8679-9d0c33e119c1 => generated 0 bytes in 342 msecs (HTTP/1.1 204) 2 headers in 112 bytes (1 switches on core 0)
2026-05-29 23:18:14.290 7 INFO neutron.db.ovn_revision_numbers_db [None req-dbd200c7-9a38-4f85-b639-7ca6028053c6 ebdd1567921e47298c582e0a5c7c74cb d2a30001ca404d17a131047d17a49fc4 - - default default] Successfully bumped revision number for resource b716c990-420a-489d-81a8-2014a19008a6 (type: security_groups) to 1
2026-05-29 23:18:14.320 7 INFO neutron.db.ovn_revision_numbers_db [None req-dbd200c7-9a38-4f85-b639-7ca6028053c6 ebdd1567921e47298c582e0a5c7c74cb d2a30001ca404d17a131047d17a49fc4 - - default default] Successfully bumped revision number for resource 2502777a-f1a9-4654-aaa0-dbb459ab673a (type: security_group_rules) to 0
2026-05-29 23:18:14.333 7 INFO neutron.db.ovn_revision_numbers_db [None req-dbd200c7-9a38-4f85-b639-7ca6028053c6 ebdd1567921e47298c582e0a5c7c74cb d2a30001ca404d17a131047d17a49fc4 - - default default] Successfully bumped revision number for resource 64cdaa7b-af62-44e3-a406-c2d559387c40 (type: security_group_rules) to 0
2026-05-29 23:18:14.347 7 INFO neutron.db.ovn_revision_numbers_db [None req-dbd200c7-9a38-4f85-b639-7ca6028053c6 ebdd1567921e47298c582e0a5c7c74cb d2a30001ca404d17a131047d17a49fc4 - - default default] Successfully bumped revision number for resource c7a4927b-4fc7-4afb-bdd2-c09848f8a4c1 (type: security_group_rules) to 0
2026-05-29 23:18:14.362 7 INFO neutron.db.ovn_revision_numbers_db [None req-dbd200c7-9a38-4f85-b639-7ca6028053c6 ebdd1567921e47298c582e0a5c7c74cb d2a30001ca404d17a131047d17a49fc4 - - default default] Successfully bumped revision number for resource c7be9507-cac4-4560-bf45-ebd25fe53525 (type: security_group_rules) to 0
2026-05-29 23:18:14.444 7 INFO neutron.db.segments_db [None req-dbd200c7-9a38-4f85-b639-7ca6028053c6 ebdd1567921e47298c582e0a5c7c74cb d2a30001ca404d17a131047d17a49fc4 - - default default] Added segment 724889fa-06c7-40c2-8d50-7d3ac5e59ecd of type geneve for network 90dec2ea-1981-410b-95b0-6eda55316146
2026-05-29 23:18:14.466 7 WARNING neutron.plugins.ml2.drivers.ovn.mech_driver.ovsdb.ovn_client [None req-da24b127-3d54-4c11-b834-0bcb9d631f9f - - - - - -] No port found with ID 631b09da-8a80-4c5b-9f0e-50a786ee5b6d: RuntimeError: No port found with ID 631b09da-8a80-4c5b-9f0e-50a786ee5b6d
2026-05-29 23:18:14.596 7 INFO neutron.db.ovn_revision_numbers_db [None req-dbd200c7-9a38-4f85-b639-7ca6028053c6 ebdd1567921e47298c582e0a5c7c74cb d2a30001ca404d17a131047d17a49fc4 - - default default] Successfully bumped revision number for resource 90dec2ea-1981-410b-95b0-6eda55316146 (type: networks) to 1
2026-05-29 23:18:14.788 7 WARNING neutron.scheduler.dhcp_agent_scheduler [None req-dbd200c7-9a38-4f85-b639-7ca6028053c6 ebdd1567921e47298c582e0a5c7c74cb d2a30001ca404d17a131047d17a49fc4 - - default default] No more DHCP agents
2026-05-29 23:18:14.789 7 WARNING neutron.api.rpc.agentnotifiers.dhcp_rpc_agent_api [None req-dbd200c7-9a38-4f85-b639-7ca6028053c6 ebdd1567921e47298c582e0a5c7c74cb d2a30001ca404d17a131047d17a49fc4 - - default default] Unable to schedule network 90dec2ea-1981-410b-95b0-6eda55316146: no agents available; will retry on subsequent port and subnet creation events.
2026-05-29 23:18:14.870 7 INFO neutron.plugins.ml2.drivers.ovn.mech_driver.mech_driver [None req-da24b127-3d54-4c11-b834-0bcb9d631f9f - - - - - -] OVN reports status down for port: 6dba4746-e8e0-4708-878f-c4fe8f2fd124
2026-05-29 23:18:14.953 7 INFO neutron.db.ovn_revision_numbers_db [None req-dbd200c7-9a38-4f85-b639-7ca6028053c6 ebdd1567921e47298c582e0a5c7c74cb d2a30001ca404d17a131047d17a49fc4 - - default default] Successfully bumped revision number for resource 6dba4746-e8e0-4708-878f-c4fe8f2fd124 (type: ports) to 1 [pid: 7|app: 0|req: 723/1583] 10.0.0.132 () {34 vars in 670 bytes} [Fri May 29 23:18:13 2026] POST /v2.0/networks => generated 744 bytes in 1077 msecs (HTTP/1.1 201) 4 headers in 162 bytes (1 switches on core 0)
2026-05-29 23:18:15.210 6 INFO neutron.db.ovn_revision_numbers_db [None req-0babf0c9-199c-43f3-a88a-b86766a6d074 ebdd1567921e47298c582e0a5c7c74cb d2a30001ca404d17a131047d17a49fc4 - - default default] Successfully bumped revision number for resource 50b792d0-5ad5-4d99-93fb-a33738867a9d (type: security_groups) to 1
2026-05-29 23:18:15.225 6 INFO neutron.db.ovn_revision_numbers_db [None req-0babf0c9-199c-43f3-a88a-b86766a6d074 ebdd1567921e47298c582e0a5c7c74cb d2a30001ca404d17a131047d17a49fc4 - - default default] Successfully bumped revision number for resource 3d5215c8-5fff-4375-a2e1-71edf010ec10 (type: security_group_rules) to 0
2026-05-29 23:18:15.241 6 INFO neutron.db.ovn_revision_numbers_db [None req-0babf0c9-199c-43f3-a88a-b86766a6d074 ebdd1567921e47298c582e0a5c7c74cb d2a30001ca404d17a131047d17a49fc4 - - default default] Successfully bumped revision number for resource 47b45bdc-36cc-4301-bdeb-1074c7f3c238 (type: security_group_rules) to 0
2026-05-29 23:18:15.258 7 WARNING neutron.scheduler.dhcp_agent_scheduler [None req-d67a2866-febf-4bcd-8a2d-858f8d5e6f08 ebdd1567921e47298c582e0a5c7c74cb d2a30001ca404d17a131047d17a49fc4 - - default default] No more DHCP agents
2026-05-29 23:18:15.259 6 INFO neutron.db.ovn_revision_numbers_db [None req-0babf0c9-199c-43f3-a88a-b86766a6d074 ebdd1567921e47298c582e0a5c7c74cb d2a30001ca404d17a131047d17a49fc4 - - default default] Successfully bumped revision number for resource d488b60c-7487-4a4f-afd2-7d705d61614d (type: security_group_rules) to 0
2026-05-29 23:18:15.261 7 WARNING neutron.api.rpc.agentnotifiers.dhcp_rpc_agent_api [None req-d67a2866-febf-4bcd-8a2d-858f8d5e6f08 ebdd1567921e47298c582e0a5c7c74cb d2a30001ca404d17a131047d17a49fc4 - - default default] Unable to schedule network 90dec2ea-1981-410b-95b0-6eda55316146: no agents available; will retry on subsequent port and subnet creation events.
2026-05-29 23:18:15.275 6 INFO neutron.db.ovn_revision_numbers_db [None req-0babf0c9-199c-43f3-a88a-b86766a6d074 ebdd1567921e47298c582e0a5c7c74cb d2a30001ca404d17a131047d17a49fc4 - - default default] Successfully bumped revision number for resource edcd224a-eb8e-4d4b-bf6e-fc776eaece49 (type: security_group_rules) to 0
2026-05-29 23:18:15.347 6 INFO neutron.db.segments_db [None req-0babf0c9-199c-43f3-a88a-b86766a6d074 ebdd1567921e47298c582e0a5c7c74cb d2a30001ca404d17a131047d17a49fc4 - - default default] Added segment f26ab40e-c6e1-4e13-b579-166919d0516d of type geneve for network 4662a256-5a72-44c1-bde8-cc374aa20389
2026-05-29 23:18:15.488 6 INFO neutron.db.ovn_revision_numbers_db [None req-0babf0c9-199c-43f3-a88a-b86766a6d074 ebdd1567921e47298c582e0a5c7c74cb d2a30001ca404d17a131047d17a49fc4 - - default default] Successfully bumped revision number for resource 4662a256-5a72-44c1-bde8-cc374aa20389 (type: networks) to 1
2026-05-29 23:18:15.680 6 WARNING neutron.scheduler.dhcp_agent_scheduler [None req-0babf0c9-199c-43f3-a88a-b86766a6d074 ebdd1567921e47298c582e0a5c7c74cb d2a30001ca404d17a131047d17a49fc4 - - default default] No more DHCP agents
2026-05-29 23:18:15.682 6 WARNING neutron.api.rpc.agentnotifiers.dhcp_rpc_agent_api [None req-0babf0c9-199c-43f3-a88a-b86766a6d074 ebdd1567921e47298c582e0a5c7c74cb d2a30001ca404d17a131047d17a49fc4 - - default default] Unable to schedule network 4662a256-5a72-44c1-bde8-cc374aa20389: no agents available; will retry on subsequent port and subnet creation events.
2026-05-29 23:18:15.804 7 INFO neutron.db.ovn_revision_numbers_db [None req-316508dc-04a3-41a1-8a7b-edf251b8667c - - - - - -] Successfully bumped revision number for resource 6dba4746-e8e0-4708-878f-c4fe8f2fd124 (type: ports) to 2
2026-05-29 23:18:15.825 7 INFO neutron.plugins.ml2.drivers.ovn.mech_driver.mech_driver [None req-da24b127-3d54-4c11-b834-0bcb9d631f9f - - - - - -] OVN reports status down for port: 566e2dbd-f45a-4ef8-9bd1-6b654c354944
2026-05-29 23:18:15.857 6 INFO neutron.db.ovn_revision_numbers_db [None req-0babf0c9-199c-43f3-a88a-b86766a6d074 ebdd1567921e47298c582e0a5c7c74cb d2a30001ca404d17a131047d17a49fc4 - - default default] Successfully bumped revision number for resource 566e2dbd-f45a-4ef8-9bd1-6b654c354944 (type: ports) to 1
2026-05-29 23:18:15.860 7 INFO neutron.db.ovn_revision_numbers_db [None req-316508dc-04a3-41a1-8a7b-edf251b8667c - - - - - -] Successfully bumped revision number for resource 41e88348-0c10-42c2-ac2e-71576d05566a (type: subnets) to 0 [pid: 6|app: 0|req: 861/1584] 10.0.0.132 () {34 vars in 670 bytes} [Fri May 29 23:18:14 2026] POST /v2.0/networks => generated 747 bytes in 1194 msecs (HTTP/1.1 201) 4 headers in 162 bytes (1 switches on core 0) [pid: 7|app: 0|req: 724/1585] 10.0.0.132 () {34 vars in 668 bytes} [Fri May 29 23:18:15 2026] POST /v2.0/subnets => generated 688 bytes in 861 msecs (HTTP/1.1 201) 4 headers in 162 bytes (1 switches on core 0)
2026-05-29 23:18:16.055 7 WARNING neutron.scheduler.dhcp_agent_scheduler [None req-cc847a3c-8fea-445f-97c3-24534110ee44 ebdd1567921e47298c582e0a5c7c74cb d2a30001ca404d17a131047d17a49fc4 - - default default] No more DHCP agents
2026-05-29 23:18:16.057 7 WARNING neutron.api.rpc.agentnotifiers.dhcp_rpc_agent_api [None req-cc847a3c-8fea-445f-97c3-24534110ee44 ebdd1567921e47298c582e0a5c7c74cb d2a30001ca404d17a131047d17a49fc4 - - default default] Unable to schedule network 4662a256-5a72-44c1-bde8-cc374aa20389: no agents available; will retry on subsequent port and subnet creation events. [pid: 6|app: 0|req: 862/1586] 10.0.0.132 () {34 vars in 676 bytes} [Fri May 29 23:18:15 2026] POST /v2.0/subnetpools => generated 549 bytes in 300 msecs (HTTP/1.1 201) 4 headers in 162 bytes (1 switches on core 0)
2026-05-29 23:18:16.528 7 INFO neutron.db.ovn_revision_numbers_db [None req-6f8f34b1-f13d-45c9-8c7e-0e6905866cb0 - - - - - -] Successfully bumped revision number for resource 566e2dbd-f45a-4ef8-9bd1-6b654c354944 (type: ports) to 2
2026-05-29 23:18:16.567 7 INFO neutron.db.ovn_revision_numbers_db [None req-6f8f34b1-f13d-45c9-8c7e-0e6905866cb0 - - - - - -] Successfully bumped revision number for resource d2cbe13c-37f7-486a-a195-3abbc0221f4b (type: subnets) to 0 [pid: 7|app: 0|req: 725/1587] 10.0.0.132 () {34 vars in 668 bytes} [Fri May 29 23:18:15 2026] POST /v2.0/subnets => generated 691 bytes in 693 msecs (HTTP/1.1 201) 4 headers in 162 bytes (1 switches on core 0) [pid: 7|app: 0|req: 726/1588] 10.0.0.132 () {32 vars in 728 bytes} [Fri May 29 23:18:16 2026] GET /v2.0/subnetpools/87bc21c6-93ac-493f-bc4c-05f3af528270 => generated 549 bytes in 27 msecs (HTTP/1.1 200) 4 headers in 157 bytes (1 switches on core 0)
2026-05-29 23:18:16.674 6 WARNING neutron.scheduler.dhcp_agent_scheduler [None req-4f7e3be9-7319-4f2f-af5b-b9f923f37d0e ebdd1567921e47298c582e0a5c7c74cb d2a30001ca404d17a131047d17a49fc4 - - default default] No more DHCP agents
2026-05-29 23:18:16.676 6 WARNING neutron.api.rpc.agentnotifiers.dhcp_rpc_agent_api [None req-4f7e3be9-7319-4f2f-af5b-b9f923f37d0e ebdd1567921e47298c582e0a5c7c74cb d2a30001ca404d17a131047d17a49fc4 - - default default] Unable to schedule network 2ec2cf23-f582-4940-beb9-2c8c5315d98d: no agents available; will retry on subsequent port and subnet creation events.
2026-05-29 23:18:16.878 6 INFO neutron.db.ovn_revision_numbers_db [None req-4f7e3be9-7319-4f2f-af5b-b9f923f37d0e ebdd1567921e47298c582e0a5c7c74cb d2a30001ca404d17a131047d17a49fc4 - - default default] Successfully bumped revision number for resource c4d37bec-e8ba-448b-80e1-bf08a1c2d34b (type: ports) to 1
2026-05-29 23:18:16.882 7 INFO neutron.plugins.ml2.drivers.ovn.mech_driver.mech_driver [None req-da24b127-3d54-4c11-b834-0bcb9d631f9f - - - - - -] OVN reports status down for port: c4d37bec-e8ba-448b-80e1-bf08a1c2d34b
2026-05-29 23:18:17.155 7 WARNING neutron.scheduler.dhcp_agent_scheduler [None req-ac051c9d-86aa-4b2c-b588-cb75bd2d1ed8 ebdd1567921e47298c582e0a5c7c74cb d2a30001ca404d17a131047d17a49fc4 - - default default] No more DHCP agents
2026-05-29 23:18:17.157 7 WARNING neutron.api.rpc.agentnotifiers.dhcp_rpc_agent_api [None req-ac051c9d-86aa-4b2c-b588-cb75bd2d1ed8 ebdd1567921e47298c582e0a5c7c74cb d2a30001ca404d17a131047d17a49fc4 - - default default] Unable to schedule network 2ec2cf23-f582-4940-beb9-2c8c5315d98d: no agents available; will retry on subsequent port and subnet creation events.
2026-05-29 23:18:17.325 7 INFO neutron.plugins.ml2.drivers.ovn.mech_driver.mech_driver [None req-da24b127-3d54-4c11-b834-0bcb9d631f9f - - - - - -] OVN reports status down for port: 0b8f3084-6092-4294-b281-102cec85ff41
2026-05-29 23:18:17.405 7 INFO neutron.db.ovn_revision_numbers_db [None req-ac051c9d-86aa-4b2c-b588-cb75bd2d1ed8 ebdd1567921e47298c582e0a5c7c74cb d2a30001ca404d17a131047d17a49fc4 - - default default] Successfully bumped revision number for resource 0b8f3084-6092-4294-b281-102cec85ff41 (type: ports) to 1
2026-05-29 23:18:17.683 6 INFO neutron.plugins.ml2.drivers.ovn.mech_driver.ovsdb.commands [-] Schedule LRP lrp-c4d37bec-e8ba-448b-80e1-bf08a1c2d34b on gateway 8dfe5032-c0b9-4715-97b6-a489be09ec4b with priority 1
2026-05-29 23:18:17.886 7 INFO neutron.plugins.ml2.drivers.ovn.mech_driver.ovsdb.ovsdb_monitor [None req-cbbea20f-fad3-48b1-81c6-886bcce457f9 - - - - - -] Router 7fb2e106-4c2a-4ef7-8bad-5a4718ceaf8d is bound to host instance
2026-05-29 23:18:17.903 6 INFO neutron.db.ovn_revision_numbers_db [None req-4f7e3be9-7319-4f2f-af5b-b9f923f37d0e ebdd1567921e47298c582e0a5c7c74cb d2a30001ca404d17a131047d17a49fc4 - - default default] Successfully bumped revision number for resource c4d37bec-e8ba-448b-80e1-bf08a1c2d34b (type: router_ports) to 1
2026-05-29 23:18:17.927 7 INFO neutron.plugins.ml2.drivers.ovn.mech_driver.mech_driver [None req-da24b127-3d54-4c11-b834-0bcb9d631f9f - - - - - -] OVN reports status up for port: c4d37bec-e8ba-448b-80e1-bf08a1c2d34b
2026-05-29 23:18:18.012 6 INFO neutron.db.ovn_revision_numbers_db [None req-4f7e3be9-7319-4f2f-af5b-b9f923f37d0e ebdd1567921e47298c582e0a5c7c74cb d2a30001ca404d17a131047d17a49fc4 - - default default] Successfully bumped revision number for resource 7fb2e106-4c2a-4ef7-8bad-5a4718ceaf8d (type: routers) to 2
2026-05-29 23:18:18.029 7 INFO neutron.plugins.ml2.plugin [None req-da24b127-3d54-4c11-b834-0bcb9d631f9f - - - - - -] Attempt 1 to provision port c4d37bec-e8ba-448b-80e1-bf08a1c2d34b [pid: 6|app: 0|req: 863/1589] 10.0.0.132 () {34 vars in 668 bytes} [Fri May 29 23:18:16 2026] POST /v2.0/routers => generated 966 bytes in 1850 msecs (HTTP/1.1 201) 4 headers in 162 bytes (1 switches on core 0) [pid: 6|app: 0|req: 864/1590] 10.0.0.132 () {34 vars in 748 bytes} [Fri May 29 23:18:18 2026] PUT /v2.0/subnetpools/87bc21c6-93ac-493f-bc4c-05f3af528270 => generated 501 bytes in 89 msecs (HTTP/1.1 200) 4 headers in 157 bytes (1 switches on core 0)
2026-05-29 23:18:18.609 6 WARNING neutron.scheduler.dhcp_agent_scheduler [None req-13dc0125-687d-40eb-ba54-43b5e3487cd3 ebdd1567921e47298c582e0a5c7c74cb d2a30001ca404d17a131047d17a49fc4 - - default default] No more DHCP agents
2026-05-29 23:18:18.610 6 WARNING neutron.api.rpc.agentnotifiers.dhcp_rpc_agent_api [None req-13dc0125-687d-40eb-ba54-43b5e3487cd3 ebdd1567921e47298c582e0a5c7c74cb d2a30001ca404d17a131047d17a49fc4 - - default default] Unable to schedule network 90dec2ea-1981-410b-95b0-6eda55316146: no agents available; will retry on subsequent port and subnet creation events.
2026-05-29 23:18:18.796 6 INFO neutron.db.ovn_revision_numbers_db [None req-13dc0125-687d-40eb-ba54-43b5e3487cd3 ebdd1567921e47298c582e0a5c7c74cb d2a30001ca404d17a131047d17a49fc4 - - default default] Successfully bumped revision number for resource 8c764f05-6853-4bbc-b148-d62fc0c44412 (type: ports) to 1
2026-05-29 23:18:18.914 7 INFO neutron.plugins.ml2.drivers.ovn.mech_driver.ovsdb.commands [-] Schedule LRP lrp-0b8f3084-6092-4294-b281-102cec85ff41 on gateway 8dfe5032-c0b9-4715-97b6-a489be09ec4b with priority 1
2026-05-29 23:18:19.173 7 INFO neutron.db.ovn_revision_numbers_db [None req-ac051c9d-86aa-4b2c-b588-cb75bd2d1ed8 ebdd1567921e47298c582e0a5c7c74cb d2a30001ca404d17a131047d17a49fc4 - - default default] Successfully bumped revision number for resource 0b8f3084-6092-4294-b281-102cec85ff41 (type: router_ports) to 1
2026-05-29 23:18:19.316 7 INFO neutron.db.ovn_revision_numbers_db [None req-ac051c9d-86aa-4b2c-b588-cb75bd2d1ed8 ebdd1567921e47298c582e0a5c7c74cb d2a30001ca404d17a131047d17a49fc4 - - default default] Successfully bumped revision number for resource 2f69a0a6-eede-42ff-bace-03991f8ce38e (type: routers) to 2 [pid: 7|app: 0|req: 727/1591] 10.0.0.132 () {34 vars in 668 bytes} [Fri May 29 23:18:16 2026] POST /v2.0/routers => generated 969 bytes in 2735 msecs (HTTP/1.1 201) 4 headers in 162 bytes (1 switches on core 0) [pid: 7|app: 0|req: 728/1592] 10.0.0.132 () {32 vars in 731 bytes} [Fri May 29 23:18:19 2026] DELETE /v2.0/subnetpools/87bc21c6-93ac-493f-bc4c-05f3af528270 => generated 0 bytes in 141 msecs (HTTP/1.1 204) 2 headers in 112 bytes (1 switches on core 0)
2026-05-29 23:18:19.744 6 WARNING neutron.scheduler.dhcp_agent_scheduler [None req-13dc0125-687d-40eb-ba54-43b5e3487cd3 ebdd1567921e47298c582e0a5c7c74cb d2a30001ca404d17a131047d17a49fc4 - - default default] No more DHCP agents
2026-05-29 23:18:19.747 6 WARNING neutron.api.rpc.agentnotifiers.dhcp_rpc_agent_api [None req-13dc0125-687d-40eb-ba54-43b5e3487cd3 ebdd1567921e47298c582e0a5c7c74cb d2a30001ca404d17a131047d17a49fc4 - - default default] Unable to schedule network 90dec2ea-1981-410b-95b0-6eda55316146: no agents available; will retry on subsequent port and subnet creation events.
2026-05-29 23:18:19.998 7 INFO neutron.db.ovn_revision_numbers_db [None req-7c957ae0-0aa5-4e28-96b0-36e0373b23ac - - - - - -] Successfully bumped revision number for resource c4d37bec-e8ba-448b-80e1-bf08a1c2d34b (type: ports) to 4
2026-05-29 23:18:20.079 7 INFO neutron.db.ovn_revision_numbers_db [None req-928fa0c7-580a-4115-8981-4d3eeaabaf2c 74d227765b704f1ab6a7708906f844fc 7a7ddad88bcc49f8ad701d271e6d2349 - - default default] Successfully bumped revision number for resource 6208d0f8-b1cd-4870-9f66-6cd0b880aced (type: security_groups) to 1
2026-05-29 23:18:20.105 7 INFO neutron.db.ovn_revision_numbers_db [None req-928fa0c7-580a-4115-8981-4d3eeaabaf2c 74d227765b704f1ab6a7708906f844fc 7a7ddad88bcc49f8ad701d271e6d2349 - - default default] Successfully bumped revision number for resource 85d50b15-5097-4b64-9257-e8cc4c4a8b48 (type: security_group_rules) to 0
2026-05-29 23:18:20.128 7 INFO neutron.db.ovn_revision_numbers_db [None req-928fa0c7-580a-4115-8981-4d3eeaabaf2c 74d227765b704f1ab6a7708906f844fc 7a7ddad88bcc49f8ad701d271e6d2349 - - default default] Successfully bumped revision number for resource 9a528b34-eb83-43ac-b855-329f8f98338a (type: security_group_rules) to 0
2026-05-29 23:18:20.157 7 INFO neutron.db.ovn_revision_numbers_db [None req-928fa0c7-580a-4115-8981-4d3eeaabaf2c 74d227765b704f1ab6a7708906f844fc 7a7ddad88bcc49f8ad701d271e6d2349 - - default default] Successfully bumped revision number for resource a71e2805-5e56-4b6f-92ea-01364013649e (type: security_group_rules) to 0
2026-05-29 23:18:20.205 7 INFO neutron.db.ovn_revision_numbers_db [None req-928fa0c7-580a-4115-8981-4d3eeaabaf2c 74d227765b704f1ab6a7708906f844fc 7a7ddad88bcc49f8ad701d271e6d2349 - - default default] Successfully bumped revision number for resource f748a80e-a504-4d9f-bb54-b77868e360ad (type: security_group_rules) to 0
2026-05-29 23:18:20.322 7 INFO neutron.db.segments_db [None req-928fa0c7-580a-4115-8981-4d3eeaabaf2c 74d227765b704f1ab6a7708906f844fc 7a7ddad88bcc49f8ad701d271e6d2349 - - default default] Added segment cc0834a5-5b9b-42c1-be08-ef8b258101c9 of type geneve for network e3dd8742-8315-42dc-a7d3-fe066c00a986
2026-05-29 23:18:20.433 6 INFO neutron.db.ovn_revision_numbers_db [None req-13dc0125-687d-40eb-ba54-43b5e3487cd3 ebdd1567921e47298c582e0a5c7c74cb d2a30001ca404d17a131047d17a49fc4 - - default default] Successfully bumped revision number for resource 8c764f05-6853-4bbc-b148-d62fc0c44412 (type: router_ports) to 1 [pid: 6|app: 0|req: 865/1593] 10.0.0.132 () {34 vars in 782 bytes} [Fri May 29 23:18:18 2026] PUT /v2.0/routers/7fb2e106-4c2a-4ef7-8bad-5a4718ceaf8d/add_router_interface => generated 309 bytes in 2315 msecs (HTTP/1.1 200) 4 headers in 157 bytes (1 switches on core 0)
2026-05-29 23:18:20.895 7 INFO neutron.db.ovn_revision_numbers_db [None req-928fa0c7-580a-4115-8981-4d3eeaabaf2c 74d227765b704f1ab6a7708906f844fc 7a7ddad88bcc49f8ad701d271e6d2349 - - default default] Successfully bumped revision number for resource e3dd8742-8315-42dc-a7d3-fe066c00a986 (type: networks) to 1
2026-05-29 23:18:20.941 7 INFO neutron.db.ovn_revision_numbers_db [None req-7c957ae0-0aa5-4e28-96b0-36e0373b23ac - - - - - -] Successfully bumped revision number for resource c4d37bec-e8ba-448b-80e1-bf08a1c2d34b (type: ports) to 5
2026-05-29 23:18:21.039 6 WARNING neutron.scheduler.dhcp_agent_scheduler [None req-6b591f61-90a3-4254-b650-5a33a9f0207f ebdd1567921e47298c582e0a5c7c74cb d2a30001ca404d17a131047d17a49fc4 - - default default] No more DHCP agents
2026-05-29 23:18:21.040 6 WARNING neutron.api.rpc.agentnotifiers.dhcp_rpc_agent_api [None req-6b591f61-90a3-4254-b650-5a33a9f0207f ebdd1567921e47298c582e0a5c7c74cb d2a30001ca404d17a131047d17a49fc4 - - default default] Unable to schedule network 4662a256-5a72-44c1-bde8-cc374aa20389: no agents available; will retry on subsequent port and subnet creation events.
2026-05-29 23:18:21.283 7 INFO neutron.plugins.ml2.drivers.ovn.mech_driver.ovsdb.ovsdb_monitor [None req-7c957ae0-0aa5-4e28-96b0-36e0373b23ac - - - - - -] Router 2f69a0a6-eede-42ff-bace-03991f8ce38e is bound to host instance
2026-05-29 23:18:21.288 6 INFO neutron.db.ovn_revision_numbers_db [None req-6b591f61-90a3-4254-b650-5a33a9f0207f ebdd1567921e47298c582e0a5c7c74cb d2a30001ca404d17a131047d17a49fc4 - - default default] Successfully bumped revision number for resource 5905556c-fee9-47dc-8bda-e48cd314918a (type: ports) to 1
2026-05-29 23:18:21.396 7 INFO neutron.plugins.ml2.drivers.ovn.mech_driver.mech_driver [None req-da24b127-3d54-4c11-b834-0bcb9d631f9f - - - - - -] OVN reports status down for port: 8c764f05-6853-4bbc-b148-d62fc0c44412
2026-05-29 23:18:21.398 7 WARNING neutron.scheduler.dhcp_agent_scheduler [None req-928fa0c7-580a-4115-8981-4d3eeaabaf2c 74d227765b704f1ab6a7708906f844fc 7a7ddad88bcc49f8ad701d271e6d2349 - - default default] No more DHCP agents
2026-05-29 23:18:21.408 7 WARNING neutron.api.rpc.agentnotifiers.dhcp_rpc_agent_api [None req-928fa0c7-580a-4115-8981-4d3eeaabaf2c 74d227765b704f1ab6a7708906f844fc 7a7ddad88bcc49f8ad701d271e6d2349 - - default default] Unable to schedule network e3dd8742-8315-42dc-a7d3-fe066c00a986: no agents available; will retry on subsequent port and subnet creation events.
2026-05-29 23:18:22.098 6 WARNING neutron.scheduler.dhcp_agent_scheduler [None req-6b591f61-90a3-4254-b650-5a33a9f0207f ebdd1567921e47298c582e0a5c7c74cb d2a30001ca404d17a131047d17a49fc4 - - default default] No more DHCP agents
2026-05-29 23:18:22.099 6 WARNING neutron.api.rpc.agentnotifiers.dhcp_rpc_agent_api [None req-6b591f61-90a3-4254-b650-5a33a9f0207f ebdd1567921e47298c582e0a5c7c74cb d2a30001ca404d17a131047d17a49fc4 - - default default] Unable to schedule network 4662a256-5a72-44c1-bde8-cc374aa20389: no agents available; will retry on subsequent port and subnet creation events.
2026-05-29 23:18:22.555 7 WARNING neutron.plugins.ml2.drivers.ovn.mech_driver.ovsdb.ovn_client [None req-da24b127-3d54-4c11-b834-0bcb9d631f9f - - - - - -] Logical_Switch_Port 8c764f05-6853-4bbc-b148-d62fc0c44412 host information not removed, the port state is up
2026-05-29 23:18:22.556 7 INFO neutron.plugins.ml2.drivers.ovn.mech_driver.mech_driver [None req-da24b127-3d54-4c11-b834-0bcb9d631f9f - - - - - -] OVN reports status up for port: 0b8f3084-6092-4294-b281-102cec85ff41
2026-05-29 23:18:22.653 7 INFO neutron.plugins.ml2.plugin [None req-da24b127-3d54-4c11-b834-0bcb9d631f9f - - - - - -] Attempt 1 to provision port 0b8f3084-6092-4294-b281-102cec85ff41
2026-05-29 23:18:22.713 6 INFO neutron.db.ovn_revision_numbers_db [None req-6b591f61-90a3-4254-b650-5a33a9f0207f ebdd1567921e47298c582e0a5c7c74cb d2a30001ca404d17a131047d17a49fc4 - - default default] Successfully bumped revision number for resource 5905556c-fee9-47dc-8bda-e48cd314918a (type: router_ports) to 1
2026-05-29 23:18:22.713 7 INFO neutron.db.ovn_revision_numbers_db [None req-928fa0c7-580a-4115-8981-4d3eeaabaf2c 74d227765b704f1ab6a7708906f844fc 7a7ddad88bcc49f8ad701d271e6d2349 - - default default] Successfully bumped revision number for resource fc51cd24-2fbe-4c74-8eec-82034e873352 (type: ports) to 1 [pid: 6|app: 0|req: 866/1594] 10.0.0.132 () {34 vars in 782 bytes} [Fri May 29 23:18:20 2026] PUT /v2.0/routers/2f69a0a6-eede-42ff-bace-03991f8ce38e/add_router_interface => generated 309 bytes in 2281 msecs (HTTP/1.1 200) 4 headers in 157 bytes (1 switches on core 0)
2026-05-29 23:18:22.735 6 INFO neutron.api.v2.resource [None req-c664e0ef-8720-40e5-ad08-4b9bc6e4c0d2 24d426c6a96f418a9f4a89349b75e709 9c054c9836a440188a2655cc5c7b75f1 - - default default] show failed (client error): The resource could not be found. [pid: 6|app: 0|req: 867/1595] 10.0.0.132 () {32 vars in 728 bytes} [Fri May 29 23:18:22 2026] GET /v2.0/subnetpools/87bc21c6-93ac-493f-bc4c-05f3af528270 => generated 145 bytes in 15 msecs (HTTP/1.1 404) 4 headers in 164 bytes (1 switches on core 0) [pid: 6|app: 0|req: 868/1596] 10.0.0.178 () {34 vars in 981 bytes} [Fri May 29 23:18:22 2026] GET /v2.0/networks?id=90dec2ea-1981-410b-95b0-6eda55316146 => generated 673 bytes in 49 msecs (HTTP/1.1 200) 4 headers in 157 bytes (1 switches on core 0)
2026-05-29 23:18:22.796 6 INFO neutron.api.v2.resource [None req-7592aaf3-e7f6-40a1-ab6a-dba6494a09e6 24d426c6a96f418a9f4a89349b75e709 9c054c9836a440188a2655cc5c7b75f1 - - default default] delete failed (client error): The resource could not be found. [pid: 6|app: 0|req: 869/1597] 10.0.0.132 () {32 vars in 731 bytes} [Fri May 29 23:18:22 2026] DELETE /v2.0/subnetpools/87bc21c6-93ac-493f-bc4c-05f3af528270 => generated 145 bytes in 9 msecs (HTTP/1.1 404) 4 headers in 164 bytes (1 switches on core 0) [pid: 6|app: 0|req: 870/1598] 10.0.0.178 () {34 vars in 964 bytes} [Fri May 29 23:18:22 2026] GET /v2.0/quotas/cff82e86aa744e2d9ae36e02a0c3dac0 => generated 292 bytes in 8 msecs (HTTP/1.1 200) 4 headers in 157 bytes (1 switches on core 0) [pid: 7|app: 0|req: 729/1599] 10.0.0.132 () {34 vars in 669 bytes} [Fri May 29 23:18:19 2026] POST /v2.0/networks => generated 730 bytes in 3345 msecs (HTTP/1.1 201) 4 headers in 162 bytes (1 switches on core 0) [pid: 6|app: 0|req: 871/1600] 10.0.0.178 () {34 vars in 1001 bytes} [Fri May 29 23:18:22 2026] GET /v2.0/ports?tenant_id=cff82e86aa744e2d9ae36e02a0c3dac0&fields=id => generated 103 bytes in 95 msecs (HTTP/1.1 200) 4 headers in 157 bytes (1 switches on core 0) [pid: 6|app: 0|req: 872/1601] 10.0.0.178 () {34 vars in 1007 bytes} [Fri May 29 23:18:22 2026] GET /v2.0/networks/90dec2ea-1981-410b-95b0-6eda55316146?fields=segments => generated 14 bytes in 58 msecs (HTTP/1.1 200) 4 headers in 156 bytes (1 switches on core 0) [pid: 6|app: 0|req: 873/1602] 10.0.0.178 () {34 vars in 1107 bytes} [Fri May 29 23:18:22 2026] GET /v2.0/networks/90dec2ea-1981-410b-95b0-6eda55316146?fields=provider%3Aphysical_network&fields=provider%3Anetwork_type => generated 79 bytes in 50 msecs (HTTP/1.1 200) 4 headers in 156 bytes (1 switches on core 0) [pid: 6|app: 0|req: 874/1603] 10.0.0.178 () {34 vars in 989 bytes} [Fri May 29 23:18:23 2026] GET /v2.0/ports?device_id=0f1f48f2-785f-4ade-afd2-7949f9b3506a => generated 12 bytes in 26 msecs (HTTP/1.1 200) 4 headers in 156 bytes (1 switches on core 0)
2026-05-29 23:18:23.388 7 INFO neutron.plugins.ml2.drivers.ovn.mech_driver.mech_driver [None req-da24b127-3d54-4c11-b834-0bcb9d631f9f - - - - - -] OVN reports status up for port: 8c764f05-6853-4bbc-b148-d62fc0c44412
2026-05-29 23:18:23.435 7 INFO neutron.plugins.ml2.plugin [None req-da24b127-3d54-4c11-b834-0bcb9d631f9f - - - - - -] Attempt 1 to provision port 8c764f05-6853-4bbc-b148-d62fc0c44412
2026-05-29 23:18:23.558 6 INFO neutron.db.ovn_revision_numbers_db [None req-279090e2-ee75-415d-83dd-d7eb622f9479 3c490be9ec8b42f09bd6069137a1cd52 7011198d1dac4de3b84c928fd70c6346 - - default default] Successfully bumped revision number for resource 3e5c8d10-193e-41b7-8bb1-d0cd52b540c1 (type: security_groups) to 1
2026-05-29 23:18:23.558 7 WARNING neutron.scheduler.dhcp_agent_scheduler [None req-0e36c355-75da-442e-bf77-95cbe2fc3c5f 74d227765b704f1ab6a7708906f844fc 7a7ddad88bcc49f8ad701d271e6d2349 - - default default] No more DHCP agents
2026-05-29 23:18:23.573 6 INFO neutron.db.ovn_revision_numbers_db [None req-279090e2-ee75-415d-83dd-d7eb622f9479 3c490be9ec8b42f09bd6069137a1cd52 7011198d1dac4de3b84c928fd70c6346 - - default default] Successfully bumped revision number for resource 26c4dfaa-908b-4903-90d0-2fa1773ad69c (type: security_group_rules) to 0
2026-05-29 23:18:23.575 7 WARNING neutron.api.rpc.agentnotifiers.dhcp_rpc_agent_api [None req-0e36c355-75da-442e-bf77-95cbe2fc3c5f 74d227765b704f1ab6a7708906f844fc 7a7ddad88bcc49f8ad701d271e6d2349 - - default default] Unable to schedule network e3dd8742-8315-42dc-a7d3-fe066c00a986: no agents available; will retry on subsequent port and subnet creation events.
2026-05-29 23:18:23.591 6 INFO neutron.db.ovn_revision_numbers_db [None req-279090e2-ee75-415d-83dd-d7eb622f9479 3c490be9ec8b42f09bd6069137a1cd52 7011198d1dac4de3b84c928fd70c6346 - - default default] Successfully bumped revision number for resource 91081681-07e9-4612-b6c8-48d5e62eae6f (type: security_group_rules) to 0 [pid: 6|app: 0|req: 875/1604] 10.0.0.132 () {34 vars in 684 bytes} [Fri May 29 23:18:23 2026] POST /v2.0/security-groups => generated 1659 bytes in 244 msecs (HTTP/1.1 201) 4 headers in 163 bytes (1 switches on core 0)
2026-05-29 23:18:23.914 6 INFO neutron.db.ovn_revision_numbers_db [None req-d5325f3a-3838-4e9d-875a-0ab4a2e2f3cf ebdd1567921e47298c582e0a5c7c74cb d2a30001ca404d17a131047d17a49fc4 - - default default] Successfully bumped revision number for resource 8ba56055-157d-4d37-9afb-526918638d7f (type: security_groups) to 1
2026-05-29 23:18:23.928 6 INFO neutron.db.ovn_revision_numbers_db [None req-d5325f3a-3838-4e9d-875a-0ab4a2e2f3cf ebdd1567921e47298c582e0a5c7c74cb d2a30001ca404d17a131047d17a49fc4 - - default default] Successfully bumped revision number for resource 22f64b17-29ce-47ad-a32d-c3c0b83c3d5a (type: security_group_rules) to 0
2026-05-29 23:18:23.941 6 INFO neutron.db.ovn_revision_numbers_db [None req-d5325f3a-3838-4e9d-875a-0ab4a2e2f3cf ebdd1567921e47298c582e0a5c7c74cb d2a30001ca404d17a131047d17a49fc4 - - default default] Successfully bumped revision number for resource 2fe3dacf-2275-4205-91e1-2fee914a6e31 (type: security_group_rules) to 0
2026-05-29 23:18:23.953 6 INFO neutron.db.ovn_revision_numbers_db [None req-d5325f3a-3838-4e9d-875a-0ab4a2e2f3cf ebdd1567921e47298c582e0a5c7c74cb d2a30001ca404d17a131047d17a49fc4 - - default default] Successfully bumped revision number for resource 40961065-b1a5-496c-8cab-e77290284697 (type: security_group_rules) to 0
2026-05-29 23:18:23.967 6 INFO neutron.db.ovn_revision_numbers_db [None req-d5325f3a-3838-4e9d-875a-0ab4a2e2f3cf ebdd1567921e47298c582e0a5c7c74cb d2a30001ca404d17a131047d17a49fc4 - - default default] Successfully bumped revision number for resource af0a8ba6-313c-46b1-a98c-051e26cc0611 (type: security_group_rules) to 0 [pid: 6|app: 0|req: 876/1605] 10.0.0.132 () {32 vars in 773 bytes} [Fri May 29 23:18:23 2026] GET /v2.0/security-groups?tenant_id=9c054c9836a440188a2655cc5c7b75f1&name=default => generated 2925 bytes in 376 msecs (HTTP/1.1 200) 4 headers in 158 bytes (1 switches on core 0)
