2026-05-29 23:16:55.315 7 INFO neutron.services.segments.plugin [-] Segment 78d131a2-0333-479b-9f5c-14f77fe8254e resource provider aggregate not found
2026-05-29 23:16:55.321 7 INFO neutron.services.segments.plugin [-] Segment 78d131a2-0333-479b-9f5c-14f77fe8254e resource provider aggregate not found
2026-05-29 23:16:55.344 7 INFO neutron.services.segments.plugin [-] Segment 78d131a2-0333-479b-9f5c-14f77fe8254e resource provider not found; error: Placement Client Error (4xx): {"errors": [{"status": 404, "title": "Not Found", "detail": "The resource could not be found.\n\n No resource provider with uuid 78d131a2-0333-479b-9f5c-14f77fe8254e found for delete ", "request_id": "req-7463d5d3-63cc-4c4a-a2cd-c0b274c66cc8"}]}
2026-05-29 23:16:55.347 7 INFO neutron.services.segments.plugin [-] Segment 78d131a2-0333-479b-9f5c-14f77fe8254e resource provider not found; error: Placement Client Error (4xx): {"errors": [{"status": 404, "title": "Not Found", "detail": "The resource could not be found.\n\n No resource provider with uuid 78d131a2-0333-479b-9f5c-14f77fe8254e found for delete ", "request_id": "req-ec58f0f8-d6ed-4fea-82a8-9859e25a846c"}]} [pid: 7|app: 0|req: 525/1147] 10.0.0.132 () {32 vars in 725 bytes} [Fri May 29 23:16:54 2026] DELETE /v2.0/networks/4892d503-260c-4204-9004-5ec9fbdb9314 => generated 0 bytes in 525 msecs (HTTP/1.1 204) 3 headers in 131 bytes (1 switches on core 0) [pid: 7|app: 0|req: 526/1148] 10.0.0.178 () {34 vars in 989 bytes} [Fri May 29 23:16:55 2026] GET /v2.0/ports?device_id=09750310-9b5d-4d07-89e8-d9e3c6144f81 => generated 12 bytes in 19 msecs (HTTP/1.1 200) 4 headers in 156 bytes (1 switches on core 0)
2026-05-29 23:16:55.565 7 INFO neutron_taas.services.taas.taas_plugin [None req-d3d7e39f-d06d-420e-ad7d-d66dec5b3ae4 bd88917a4516486a8ceee3bedbb0f290 d8a78877f83e49529c1d288ec1047183 - - default default] TaaS: Handle Delete Port: 650f86d4-b80d-416e-8ace-751a08013300
2026-05-29 23:16:55.569 7 INFO neutron_taas.services.taas.tap_mirror_plugin [None req-d3d7e39f-d06d-420e-ad7d-d66dec5b3ae4 bd88917a4516486a8ceee3bedbb0f290 d8a78877f83e49529c1d288ec1047183 - - default default] Tap Mirror: Handle Delete Port: 650f86d4-b80d-416e-8ace-751a08013300
2026-05-29 23:16:55.728 6 WARNING neutron.scheduler.dhcp_agent_scheduler [None req-c48dcbab-50fa-4840-96fe-e8d9c260bc25 fc86ed13e2e24f55a16cefa6cb5ad093 a29b88507c7d4dc4812217ee7e2711f9 - - default default] No more DHCP agents
2026-05-29 23:16:55.730 6 WARNING neutron.api.rpc.agentnotifiers.dhcp_rpc_agent_api [None req-c48dcbab-50fa-4840-96fe-e8d9c260bc25 fc86ed13e2e24f55a16cefa6cb5ad093 a29b88507c7d4dc4812217ee7e2711f9 - - default default] Unable to schedule network ab94733e-6408-419e-a24f-7096f2ffe371: no agents available; will retry on subsequent port and subnet creation events. [pid: 7|app: 0|req: 527/1149] 10.0.0.132 () {32 vars in 725 bytes} [Fri May 29 23:16:55 2026] DELETE /v2.0/networks/afa12ca2-8a54-407e-9976-d5d436c00ffb => generated 0 bytes in 461 msecs (HTTP/1.1 204) 3 headers in 131 bytes (1 switches on core 0)
2026-05-29 23:16:55.986 6 INFO neutron.services.segments.plugin [-] Segment de2d12c0-e59e-4b68-8d50-39d88b3e0b63 resource provider aggregate not found
2026-05-29 23:16:55.993 6 INFO neutron.services.segments.plugin [-] Segment de2d12c0-e59e-4b68-8d50-39d88b3e0b63 resource provider aggregate not found
2026-05-29 23:16:56.014 6 INFO neutron.services.segments.plugin [-] Segment de2d12c0-e59e-4b68-8d50-39d88b3e0b63 resource provider not found; error: Placement Client Error (4xx): {"errors": [{"status": 404, "title": "Not Found", "detail": "The resource could not be found.\n\n No resource provider with uuid de2d12c0-e59e-4b68-8d50-39d88b3e0b63 found for delete ", "request_id": "req-7bf84ce9-6abb-49d0-9acf-4d16d81a0ccf"}]}
2026-05-29 23:16:56.019 6 INFO neutron.services.segments.plugin [-] Segment de2d12c0-e59e-4b68-8d50-39d88b3e0b63 resource provider not found; error: Placement Client Error (4xx): {"errors": [{"status": 404, "title": "Not Found", "detail": "The resource could not be found.\n\n No resource provider with uuid de2d12c0-e59e-4b68-8d50-39d88b3e0b63 found for delete ", "request_id": "req-8ff0f6e1-0110-47fc-b4e4-be4f2cb785a3"}]}
2026-05-29 23:16:56.300 6 INFO neutron.db.ovn_revision_numbers_db [None req-bc5c488f-0a0d-4582-b619-59ef91575979 - - - - - -] Successfully bumped revision number for resource 27186919-ab8d-47ca-88fe-61006f7b2202 (type: ports) to 2
2026-05-29 23:16:56.342 6 INFO neutron.db.ovn_revision_numbers_db [None req-bc5c488f-0a0d-4582-b619-59ef91575979 - - - - - -] Successfully bumped revision number for resource 889fc358-11bc-47db-ab58-f3a2e8321185 (type: subnets) to 0
2026-05-29 23:16:56.379 6 WARNING neutron.scheduler.dhcp_agent_scheduler [None req-c48dcbab-50fa-4840-96fe-e8d9c260bc25 fc86ed13e2e24f55a16cefa6cb5ad093 a29b88507c7d4dc4812217ee7e2711f9 - - default default] No more DHCP agents
2026-05-29 23:16:56.384 6 WARNING neutron.api.rpc.agentnotifiers.dhcp_rpc_agent_api [None req-c48dcbab-50fa-4840-96fe-e8d9c260bc25 fc86ed13e2e24f55a16cefa6cb5ad093 a29b88507c7d4dc4812217ee7e2711f9 - - default default] Unable to schedule network e8d007d1-8896-4731-be77-9899144b4b8d: no agents available; will retry on subsequent port and subnet creation events. [pid: 7|app: 0|req: 528/1150] 10.0.0.132 () {32 vars in 773 bytes} [Fri May 29 23:16:56 2026] GET /v2.0/security-groups?tenant_id=d8a78877f83e49529c1d288ec1047183&name=default => generated 2925 bytes in 221 msecs (HTTP/1.1 200) 4 headers in 158 bytes (1 switches on core 0) [pid: 7|app: 0|req: 529/1151] 10.0.0.132 () {32 vars in 739 bytes} [Fri May 29 23:16:56 2026] DELETE /v2.0/security-groups/4fdf1ba1-b7d8-4af0-bccc-3ad919cfeda9 => generated 0 bytes in 196 msecs (HTTP/1.1 204) 2 headers in 112 bytes (1 switches on core 0)
2026-05-29 23:16:57.030 6 INFO neutron.db.ovn_revision_numbers_db [None req-c2ebd324-7ed8-434b-acf5-8bc555013874 - - - - - -] Successfully bumped revision number for resource 8825f605-9153-4d2e-9fbe-b386fad598d0 (type: ports) to 2
2026-05-29 23:16:57.078 6 INFO neutron.db.ovn_revision_numbers_db [None req-c2ebd324-7ed8-434b-acf5-8bc555013874 - - - - - -] Successfully bumped revision number for resource c8e1e30e-051e-4552-8774-ada0f29f3c0c (type: subnets) to 0 [pid: 6|app: 0|req: 623/1152] 10.0.0.132 () {34 vars in 668 bytes} [Fri May 29 23:16:55 2026] POST /v2.0/subnets => generated 1274 bytes in 1848 msecs (HTTP/1.1 201) 4 headers in 163 bytes (1 switches on core 0)
2026-05-29 23:16:57.117 6 INFO neutron.api.v2.resource [None req-0d497fbb-2a4b-4e37-a15b-7d5ca1010210 4f7c25b26fba43be8c5a927b1c225ce0 8d673f70afd642be996c2928b9a4615c - - default default] show failed (client error): The resource could not be found. [pid: 6|app: 0|req: 624/1153] 10.0.0.132 () {32 vars in 736 bytes} [Fri May 29 23:16:57 2026] GET /v2.0/security-groups/4fdf1ba1-b7d8-4af0-bccc-3ad919cfeda9 => generated 146 bytes in 13 msecs (HTTP/1.1 404) 4 headers in 164 bytes (1 switches on core 0) [pid: 6|app: 0|req: 625/1154] 10.0.0.132 () {32 vars in 646 bytes} [Fri May 29 23:16:57 2026] GET /v2.0/subnets => generated 1910 bytes in 56 msecs (HTTP/1.1 200) 4 headers in 158 bytes (1 switches on core 0) [pid: 7|app: 0|req: 530/1155] 10.0.0.132 () {32 vars in 739 bytes} [Fri May 29 23:16:56 2026] DELETE /v2.0/security-groups/45a25a80-50f2-4850-8225-724796f58cf2 => generated 0 bytes in 409 msecs (HTTP/1.1 204) 2 headers in 112 bytes (1 switches on core 0)
2026-05-29 23:16:57.312 6 INFO neutron_taas.services.taas.taas_plugin [None req-d75f4bc3-ee8f-4c07-9aaa-08c84c199c86 4f7c25b26fba43be8c5a927b1c225ce0 8d673f70afd642be996c2928b9a4615c - - default default] TaaS: Handle Delete Port: a97d222e-facb-406f-a24c-60528274fa14
2026-05-29 23:16:57.314 6 INFO neutron_taas.services.taas.tap_mirror_plugin [None req-d75f4bc3-ee8f-4c07-9aaa-08c84c199c86 4f7c25b26fba43be8c5a927b1c225ce0 8d673f70afd642be996c2928b9a4615c - - default default] Tap Mirror: Handle Delete Port: a97d222e-facb-406f-a24c-60528274fa14
2026-05-29 23:16:57.369 7 INFO neutron.services.segments.plugin [-] Segment f75d3ffd-dcfb-4a80-b4e3-8e8cb10dc453 resource provider aggregate not found
2026-05-29 23:16:57.379 7 INFO neutron.services.segments.plugin [-] Segment f75d3ffd-dcfb-4a80-b4e3-8e8cb10dc453 resource provider aggregate not found
2026-05-29 23:16:57.396 7 INFO neutron.services.segments.plugin [-] Segment f75d3ffd-dcfb-4a80-b4e3-8e8cb10dc453 resource provider not found; error: Placement Client Error (4xx): {"errors": [{"status": 404, "title": "Not Found", "detail": "The resource could not be found.\n\n No resource provider with uuid f75d3ffd-dcfb-4a80-b4e3-8e8cb10dc453 found for delete ", "request_id": "req-3ec3b516-67eb-46e7-a267-292381cdf96c"}]}
2026-05-29 23:16:57.398 7 INFO neutron.services.segments.plugin [-] Segment f75d3ffd-dcfb-4a80-b4e3-8e8cb10dc453 resource provider not found; error: Placement Client Error (4xx): {"errors": [{"status": 404, "title": "Not Found", "detail": "The resource could not be found.\n\n No resource provider with uuid f75d3ffd-dcfb-4a80-b4e3-8e8cb10dc453 found for delete ", "request_id": "req-29edd7fb-05ef-484c-9d77-5fe244998d00"}]} [pid: 7|app: 0|req: 531/1156] 10.0.0.132 () {32 vars in 723 bytes} [Fri May 29 23:16:57 2026] DELETE /v2.0/subnets/889fc358-11bc-47db-ab58-f3a2e8321185 => generated 0 bytes in 238 msecs (HTTP/1.1 204) 3 headers in 131 bytes (1 switches on core 0) [pid: 6|app: 0|req: 626/1157] 10.0.0.132 () {32 vars in 731 bytes} [Fri May 29 23:16:57 2026] DELETE /v2.0/floatingips/70633ac1-493d-4147-8e4a-1f2b9234f51b => generated 0 bytes in 294 msecs (HTTP/1.1 204) 2 headers in 112 bytes (1 switches on core 0) [pid: 6|app: 0|req: 627/1158] 10.0.0.132 () {32 vars in 723 bytes} [Fri May 29 23:16:57 2026] DELETE /v2.0/subnets/c8e1e30e-051e-4552-8774-ada0f29f3c0c => generated 0 bytes in 194 msecs (HTTP/1.1 204) 3 headers in 131 bytes (1 switches on core 0)
2026-05-29 23:16:57.914 7 INFO neutron.db.ovn_revision_numbers_db [None req-caa95504-ab64-4074-8840-a0b79a0cbcd0 4bf36d3927134d3884939b7621c5500d 9d6619d5338741f1b3683a88da7377a1 - - default default] Successfully bumped revision number for resource 723388f6-dd15-4436-aba4-dc59c95fc37f (type: security_groups) to 1
2026-05-29 23:16:57.927 7 INFO neutron.db.ovn_revision_numbers_db [None req-caa95504-ab64-4074-8840-a0b79a0cbcd0 4bf36d3927134d3884939b7621c5500d 9d6619d5338741f1b3683a88da7377a1 - - default default] Successfully bumped revision number for resource 2348fed2-81ce-4c20-b630-4dba4a467237 (type: security_group_rules) to 0
2026-05-29 23:16:57.939 7 INFO neutron.db.ovn_revision_numbers_db [None req-caa95504-ab64-4074-8840-a0b79a0cbcd0 4bf36d3927134d3884939b7621c5500d 9d6619d5338741f1b3683a88da7377a1 - - default default] Successfully bumped revision number for resource a4eb8e92-0bb3-4f8c-9608-9be315b62660 (type: security_group_rules) to 0
2026-05-29 23:16:57.954 7 INFO neutron.db.ovn_revision_numbers_db [None req-caa95504-ab64-4074-8840-a0b79a0cbcd0 4bf36d3927134d3884939b7621c5500d 9d6619d5338741f1b3683a88da7377a1 - - default default] Successfully bumped revision number for resource a66be111-ed6c-41d8-94b9-d069d532d0e3 (type: security_group_rules) to 0
2026-05-29 23:16:57.967 7 INFO neutron.db.ovn_revision_numbers_db [None req-caa95504-ab64-4074-8840-a0b79a0cbcd0 4bf36d3927134d3884939b7621c5500d 9d6619d5338741f1b3683a88da7377a1 - - default default] Successfully bumped revision number for resource bc44dffd-60b4-46c3-8b88-a4bf2070618d (type: security_group_rules) to 0
2026-05-29 23:16:58.034 7 INFO neutron.db.segments_db [None req-caa95504-ab64-4074-8840-a0b79a0cbcd0 4bf36d3927134d3884939b7621c5500d 9d6619d5338741f1b3683a88da7377a1 - - default default] Added segment 17ccd944-44f6-4314-9fff-0546cb006f61 of type geneve for network ab43affe-68b7-491f-bcd8-a49a60e6c6e3
2026-05-29 23:16:58.041 6 INFO neutron_taas.services.taas.taas_plugin [None req-bcdf80e8-99c0-40de-acd0-afc26d93010b ebdd1567921e47298c582e0a5c7c74cb d2a30001ca404d17a131047d17a49fc4 - - default default] TaaS: Handle Delete Port: 1b42eddb-d849-4a36-bcc6-98b1a0923ed3
2026-05-29 23:16:58.045 6 INFO neutron_taas.services.taas.tap_mirror_plugin [None req-bcdf80e8-99c0-40de-acd0-afc26d93010b ebdd1567921e47298c582e0a5c7c74cb d2a30001ca404d17a131047d17a49fc4 - - default default] Tap Mirror: Handle Delete Port: 1b42eddb-d849-4a36-bcc6-98b1a0923ed3
2026-05-29 23:16:58.173 7 INFO neutron.db.ovn_revision_numbers_db [None req-caa95504-ab64-4074-8840-a0b79a0cbcd0 4bf36d3927134d3884939b7621c5500d 9d6619d5338741f1b3683a88da7377a1 - - default default] Successfully bumped revision number for resource ab43affe-68b7-491f-bcd8-a49a60e6c6e3 (type: networks) to 1
2026-05-29 23:16:58.417 7 WARNING neutron.scheduler.dhcp_agent_scheduler [None req-caa95504-ab64-4074-8840-a0b79a0cbcd0 4bf36d3927134d3884939b7621c5500d 9d6619d5338741f1b3683a88da7377a1 - - default default] No more DHCP agents
2026-05-29 23:16:58.419 7 WARNING neutron.api.rpc.agentnotifiers.dhcp_rpc_agent_api [None req-caa95504-ab64-4074-8840-a0b79a0cbcd0 4bf36d3927134d3884939b7621c5500d 9d6619d5338741f1b3683a88da7377a1 - - default default] Unable to schedule network ab43affe-68b7-491f-bcd8-a49a60e6c6e3: no agents available; will retry on subsequent port and subnet creation events.
2026-05-29 23:16:58.500 7 INFO neutron.plugins.ml2.drivers.ovn.mech_driver.mech_driver [None req-5fc45de3-b826-4ac4-987b-c1c900bb53d0 - - - - - -] OVN reports status down for port: 8f8dc60e-7817-4543-a194-fa16e30ac926
2026-05-29 23:16:58.571 7 INFO neutron.db.ovn_revision_numbers_db [None req-caa95504-ab64-4074-8840-a0b79a0cbcd0 4bf36d3927134d3884939b7621c5500d 9d6619d5338741f1b3683a88da7377a1 - - default default] Successfully bumped revision number for resource 8f8dc60e-7817-4543-a194-fa16e30ac926 (type: ports) to 1 [pid: 7|app: 0|req: 532/1159] 10.0.0.132 () {34 vars in 669 bytes} [Fri May 29 23:16:57 2026] POST /v2.0/networks => generated 650 bytes in 1175 msecs (HTTP/1.1 201) 4 headers in 162 bytes (1 switches on core 0) [pid: 7|app: 0|req: 533/1160] 10.0.0.132 () {32 vars in 646 bytes} [Fri May 29 23:16:58 2026] GET /v2.0/subnets => generated 649 bytes in 48 msecs (HTTP/1.1 200) 4 headers in 157 bytes (1 switches on core 0)
2026-05-29 23:16:58.877 7 WARNING neutron.scheduler.dhcp_agent_scheduler [None req-d8bf75b7-f5f0-431c-bd6a-07430b16f6a2 4bf36d3927134d3884939b7621c5500d 9d6619d5338741f1b3683a88da7377a1 - - default default] No more DHCP agents
2026-05-29 23:16:58.879 7 WARNING neutron.api.rpc.agentnotifiers.dhcp_rpc_agent_api [None req-d8bf75b7-f5f0-431c-bd6a-07430b16f6a2 4bf36d3927134d3884939b7621c5500d 9d6619d5338741f1b3683a88da7377a1 - - default default] Unable to schedule network ab43affe-68b7-491f-bcd8-a49a60e6c6e3: no agents available; will retry on subsequent port and subnet creation events.
2026-05-29 23:16:58.907 7 INFO neutron.db.ovn_revision_numbers_db [None req-d8bf75b7-f5f0-431c-bd6a-07430b16f6a2 4bf36d3927134d3884939b7621c5500d 9d6619d5338741f1b3683a88da7377a1 - - default default] Successfully bumped revision number for resource 8087f3c3-9567-4347-aa3e-b560acf7a25f (type: subnets) to 0 [pid: 7|app: 0|req: 536/1163] 10.0.0.132 () {34 vars in 668 bytes} [Fri May 29 23:16:58 2026] POST /v2.0/subnets => generated 627 bytes in 296 msecs (HTTP/1.1 201) 4 headers in 162 bytes (1 switches on core 0) [pid: 6|app: 0|req: 628/1164] 10.0.0.132 () {34 vars in 788 bytes} [Fri May 29 23:16:57 2026] PUT /v2.0/routers/85671782-91bc-417c-88a8-50d3e49fab63/remove_router_interface => generated 309 bytes in 1314 msecs (HTTP/1.1 200) 4 headers in 157 bytes (1 switches on core 0) /var/lib/openstack/lib/python3.12/site-packages/pycadf/identifier.py:70: UserWarning: Invalid uuid: neutron. To ensure interoperability, identifiers should be a valid uuid. warnings.warn(('Invalid uuid: %s. To ensure interoperability, '
2026-05-29 23:16:59.133 7 INFO neutron_taas.services.taas.taas_plugin [None req-66639f5e-fd6e-49e2-bc65-ab29976c85bb fc86ed13e2e24f55a16cefa6cb5ad093 a29b88507c7d4dc4812217ee7e2711f9 - - default default] TaaS: Handle Delete Port: 8825f605-9153-4d2e-9fbe-b386fad598d0
2026-05-29 23:16:59.135 7 INFO neutron_taas.services.taas.tap_mirror_plugin [None req-66639f5e-fd6e-49e2-bc65-ab29976c85bb fc86ed13e2e24f55a16cefa6cb5ad093 a29b88507c7d4dc4812217ee7e2711f9 - - default default] Tap Mirror: Handle Delete Port: 8825f605-9153-4d2e-9fbe-b386fad598d0 [pid: 7|app: 0|req: 537/1165] 10.0.0.132 () {32 vars in 725 bytes} [Fri May 29 23:16:58 2026] DELETE /v2.0/networks/e8d007d1-8896-4731-be77-9899144b4b8d => generated 0 bytes in 419 msecs (HTTP/1.1 204) 3 headers in 131 bytes (1 switches on core 0)
2026-05-29 23:16:59.430 7 INFO neutron.services.segments.plugin [-] Segment ddaf06f2-76d9-4991-991b-55b5d7dace13 resource provider aggregate not found
2026-05-29 23:16:59.434 7 INFO neutron.services.segments.plugin [-] Segment ddaf06f2-76d9-4991-991b-55b5d7dace13 resource provider aggregate not found
2026-05-29 23:16:59.452 7 INFO neutron.services.segments.plugin [-] Segment ddaf06f2-76d9-4991-991b-55b5d7dace13 resource provider not found; error: Placement Client Error (4xx): {"errors": [{"status": 404, "title": "Not Found", "detail": "The resource could not be found.\n\n No resource provider with uuid ddaf06f2-76d9-4991-991b-55b5d7dace13 found for delete ", "request_id": "req-cd6408c2-096d-4608-9a2e-693996a09621"}]}
2026-05-29 23:16:59.454 7 INFO neutron.services.segments.plugin [-] Segment ddaf06f2-76d9-4991-991b-55b5d7dace13 resource provider not found; error: Placement Client Error (4xx): {"errors": [{"status": 404, "title": "Not Found", "detail": "The resource could not be found.\n\n No resource provider with uuid ddaf06f2-76d9-4991-991b-55b5d7dace13 found for delete ", "request_id": "req-7751e4e6-a3ca-4d0a-8bfc-89a1622e4374"}]}
2026-05-29 23:16:59.569 6 WARNING neutron.scheduler.dhcp_agent_scheduler [None req-db81a4c4-52b4-47b9-b454-5f3b2684508b 4bf36d3927134d3884939b7621c5500d 9d6619d5338741f1b3683a88da7377a1 - - default default] No more DHCP agents
2026-05-29 23:16:59.571 6 WARNING neutron.api.rpc.agentnotifiers.dhcp_rpc_agent_api [None req-db81a4c4-52b4-47b9-b454-5f3b2684508b 4bf36d3927134d3884939b7621c5500d 9d6619d5338741f1b3683a88da7377a1 - - default default] Unable to schedule network 2ec2cf23-f582-4940-beb9-2c8c5315d98d: no agents available; will retry on subsequent port and subnet creation events.
2026-05-29 23:16:59.752 7 INFO neutron.plugins.ml2.drivers.ovn.mech_driver.mech_driver [None req-5fc45de3-b826-4ac4-987b-c1c900bb53d0 - - - - - -] OVN reports status down for port: 172b1879-7d6f-4f8d-a865-f25c4f3c8db1
2026-05-29 23:16:59.768 6 INFO neutron.db.ovn_revision_numbers_db [None req-db81a4c4-52b4-47b9-b454-5f3b2684508b 4bf36d3927134d3884939b7621c5500d 9d6619d5338741f1b3683a88da7377a1 - - default default] Successfully bumped revision number for resource 172b1879-7d6f-4f8d-a865-f25c4f3c8db1 (type: ports) to 1
2026-05-29 23:16:59.795 7 INFO neutron_taas.services.taas.taas_plugin [None req-b555deef-35c1-45e8-bb01-1aed2bf8ced9 ebdd1567921e47298c582e0a5c7c74cb d2a30001ca404d17a131047d17a49fc4 - - default default] TaaS: Handle Delete Port: 339c5811-ac5b-4f9a-a31c-1704f6d2d078
2026-05-29 23:16:59.802 7 INFO neutron_taas.services.taas.tap_mirror_plugin [None req-b555deef-35c1-45e8-bb01-1aed2bf8ced9 ebdd1567921e47298c582e0a5c7c74cb d2a30001ca404d17a131047d17a49fc4 - - default default] Tap Mirror: Handle Delete Port: 339c5811-ac5b-4f9a-a31c-1704f6d2d078 [pid: 7|app: 0|req: 538/1166] 10.0.0.132 () {32 vars in 723 bytes} [Fri May 29 23:16:59 2026] DELETE /v2.0/routers/85671782-91bc-417c-88a8-50d3e49fab63 => generated 0 bytes in 944 msecs (HTTP/1.1 204) 2 headers in 112 bytes (1 switches on core 0)
2026-05-29 23:17:00.503 6 INFO neutron.plugins.ml2.drivers.ovn.mech_driver.ovsdb.commands [-] Schedule LRP lrp-172b1879-7d6f-4f8d-a865-f25c4f3c8db1 on gateway 8dfe5032-c0b9-4715-97b6-a489be09ec4b with priority 1
2026-05-29 23:17:00.623 6 INFO neutron.db.ovn_revision_numbers_db [None req-db81a4c4-52b4-47b9-b454-5f3b2684508b 4bf36d3927134d3884939b7621c5500d 9d6619d5338741f1b3683a88da7377a1 - - default default] Successfully bumped revision number for resource 172b1879-7d6f-4f8d-a865-f25c4f3c8db1 (type: router_ports) to 1
2026-05-29 23:17:00.662 7 INFO neutron.plugins.ml2.drivers.ovn.mech_driver.mech_driver [None req-5fc45de3-b826-4ac4-987b-c1c900bb53d0 - - - - - -] OVN reports status up for port: 172b1879-7d6f-4f8d-a865-f25c4f3c8db1
2026-05-29 23:17:00.677 7 INFO neutron.plugins.ml2.plugin [None req-5fc45de3-b826-4ac4-987b-c1c900bb53d0 - - - - - -] Attempt 1 to provision port 172b1879-7d6f-4f8d-a865-f25c4f3c8db1
2026-05-29 23:17:00.692 6 INFO neutron.db.ovn_revision_numbers_db [None req-db81a4c4-52b4-47b9-b454-5f3b2684508b 4bf36d3927134d3884939b7621c5500d 9d6619d5338741f1b3683a88da7377a1 - - default default] Successfully bumped revision number for resource ec01fbbd-0b6b-471e-bf0a-fc40a0ee3d16 (type: routers) to 2 [pid: 6|app: 0|req: 629/1167] 10.0.0.132 () {34 vars in 668 bytes} [Fri May 29 23:16:58 2026] POST /v2.0/routers => generated 955 bytes in 1743 msecs (HTTP/1.1 201) 4 headers in 162 bytes (1 switches on core 0)
2026-05-29 23:17:00.794 7 INFO neutron.db.ovn_revision_numbers_db [None req-e51e1c60-17c6-4800-a226-0537eb24066f 49b7f4a1978e438297ff63d11457febb ce841c15a0324ba28d25dc6e8317398b - - default default] Successfully bumped revision number for resource be042e9f-e326-4c3b-a245-d190b5b7181d (type: security_groups) to 1
2026-05-29 23:17:00.814 7 INFO neutron.db.ovn_revision_numbers_db [None req-e51e1c60-17c6-4800-a226-0537eb24066f 49b7f4a1978e438297ff63d11457febb ce841c15a0324ba28d25dc6e8317398b - - default default] Successfully bumped revision number for resource 06e9aac6-4524-4bbd-ab6d-a3e1e21cc665 (type: security_group_rules) to 0
2026-05-29 23:17:00.833 7 INFO neutron.db.ovn_revision_numbers_db [None req-e51e1c60-17c6-4800-a226-0537eb24066f 49b7f4a1978e438297ff63d11457febb ce841c15a0324ba28d25dc6e8317398b - - default default] Successfully bumped revision number for resource 3974fba8-0cf7-4cf3-a105-df38297b46ad (type: security_group_rules) to 0
2026-05-29 23:17:00.852 7 INFO neutron.db.ovn_revision_numbers_db [None req-e51e1c60-17c6-4800-a226-0537eb24066f 49b7f4a1978e438297ff63d11457febb ce841c15a0324ba28d25dc6e8317398b - - default default] Successfully bumped revision number for resource 5b3f9448-c0c1-4e40-be40-ca1228f53e2d (type: security_group_rules) to 0
2026-05-29 23:17:00.865 7 INFO neutron.db.ovn_revision_numbers_db [None req-e51e1c60-17c6-4800-a226-0537eb24066f 49b7f4a1978e438297ff63d11457febb ce841c15a0324ba28d25dc6e8317398b - - default default] Successfully bumped revision number for resource 8a1bc8ac-6166-402d-952b-2a562e7317a8 (type: security_group_rules) to 0
2026-05-29 23:17:00.880 6 INFO neutron_taas.services.taas.taas_plugin [None req-ce67a620-7fe4-4a05-a679-ff57e82090f7 fc86ed13e2e24f55a16cefa6cb5ad093 a29b88507c7d4dc4812217ee7e2711f9 - - default default] TaaS: Handle Delete Port: 27186919-ab8d-47ca-88fe-61006f7b2202
2026-05-29 23:17:00.885 6 INFO neutron_taas.services.taas.tap_mirror_plugin [None req-ce67a620-7fe4-4a05-a679-ff57e82090f7 fc86ed13e2e24f55a16cefa6cb5ad093 a29b88507c7d4dc4812217ee7e2711f9 - - default default] Tap Mirror: Handle Delete Port: 27186919-ab8d-47ca-88fe-61006f7b2202
2026-05-29 23:17:00.939 7 INFO neutron.db.segments_db [None req-e51e1c60-17c6-4800-a226-0537eb24066f 49b7f4a1978e438297ff63d11457febb ce841c15a0324ba28d25dc6e8317398b - - default default] Added segment 8cff77b4-079f-4a1c-9a40-da817cacb0e2 of type geneve for network 59876fcc-4b4d-4a5f-9c46-10b815df1476
2026-05-29 23:17:01.118 7 INFO neutron.db.ovn_revision_numbers_db [None req-e51e1c60-17c6-4800-a226-0537eb24066f 49b7f4a1978e438297ff63d11457febb ce841c15a0324ba28d25dc6e8317398b - - default default] Successfully bumped revision number for resource 59876fcc-4b4d-4a5f-9c46-10b815df1476 (type: networks) to 1
2026-05-29 23:17:01.156 6 INFO neutron.services.segments.plugin [-] Segment 87000322-8121-47c4-a5b8-ea0053cd32d5 resource provider aggregate not found
2026-05-29 23:17:01.158 6 INFO neutron.services.segments.plugin [-] Segment 87000322-8121-47c4-a5b8-ea0053cd32d5 resource provider aggregate not found
2026-05-29 23:17:01.179 6 INFO neutron.services.segments.plugin [-] Segment 87000322-8121-47c4-a5b8-ea0053cd32d5 resource provider not found; error: Placement Client Error (4xx): {"errors": [{"status": 404, "title": "Not Found", "detail": "The resource could not be found.\n\n No resource provider with uuid 87000322-8121-47c4-a5b8-ea0053cd32d5 found for delete ", "request_id": "req-1113fa43-1abf-467f-a401-171b3a7a9aba"}]}
2026-05-29 23:17:01.182 6 INFO neutron.services.segments.plugin [-] Segment 87000322-8121-47c4-a5b8-ea0053cd32d5 resource provider not found; error: Placement Client Error (4xx): {"errors": [{"status": 404, "title": "Not Found", "detail": "The resource could not be found.\n\n No resource provider with uuid 87000322-8121-47c4-a5b8-ea0053cd32d5 found for delete ", "request_id": "req-1f08dde7-7de7-4662-a3e9-7b48b2db907c"}]} [pid: 6|app: 0|req: 630/1168] 10.0.0.132 () {32 vars in 725 bytes} [Fri May 29 23:17:00 2026] DELETE /v2.0/networks/ab94733e-6408-419e-a24f-7096f2ffe371 => generated 0 bytes in 509 msecs (HTTP/1.1 204) 3 headers in 131 bytes (1 switches on core 0)
2026-05-29 23:17:01.344 7 WARNING neutron.scheduler.dhcp_agent_scheduler [None req-e51e1c60-17c6-4800-a226-0537eb24066f 49b7f4a1978e438297ff63d11457febb ce841c15a0324ba28d25dc6e8317398b - - default default] No more DHCP agents
2026-05-29 23:17:01.346 7 WARNING neutron.api.rpc.agentnotifiers.dhcp_rpc_agent_api [None req-e51e1c60-17c6-4800-a226-0537eb24066f 49b7f4a1978e438297ff63d11457febb ce841c15a0324ba28d25dc6e8317398b - - default default] Unable to schedule network 59876fcc-4b4d-4a5f-9c46-10b815df1476: no agents available; will retry on subsequent port and subnet creation events.
2026-05-29 23:17:01.476 7 INFO neutron.db.ovn_revision_numbers_db [None req-e51e1c60-17c6-4800-a226-0537eb24066f 49b7f4a1978e438297ff63d11457febb ce841c15a0324ba28d25dc6e8317398b - - default default] Successfully bumped revision number for resource b9076e04-8b02-41c4-8b37-ef05d9fb3342 (type: ports) to 1 [pid: 6|app: 0|req: 631/1169] 10.0.0.132 () {32 vars in 723 bytes} [Fri May 29 23:17:01 2026] DELETE /v2.0/subnets/88191eed-e971-40a9-97cb-bb80fb754145 => generated 0 bytes in 257 msecs (HTTP/1.1 204) 3 headers in 131 bytes (1 switches on core 0) [pid: 7|app: 0|req: 539/1170] 10.0.0.132 () {34 vars in 669 bytes} [Fri May 29 23:17:00 2026] POST /v2.0/networks => generated 629 bytes in 1184 msecs (HTTP/1.1 201) 4 headers in 162 bytes (1 switches on core 0)
2026-05-29 23:17:01.635 7 INFO neutron_taas.services.taas.taas_plugin [None req-a729d20d-ebf1-488f-a953-93ca98e3ff7b fc86ed13e2e24f55a16cefa6cb5ad093 a29b88507c7d4dc4812217ee7e2711f9 - - default default] TaaS: Handle Delete Port: 76b080c4-656b-4ee9-bc4a-f7e5bf153cc0
2026-05-29 23:17:01.638 7 INFO neutron_taas.services.taas.tap_mirror_plugin [None req-a729d20d-ebf1-488f-a953-93ca98e3ff7b fc86ed13e2e24f55a16cefa6cb5ad093 a29b88507c7d4dc4812217ee7e2711f9 - - default default] Tap Mirror: Handle Delete Port: 76b080c4-656b-4ee9-bc4a-f7e5bf153cc0
2026-05-29 23:17:01.867 7 INFO neutron.services.segments.plugin [-] Segment 65113725-9d0f-4064-a423-107d19783994 resource provider aggregate not found
2026-05-29 23:17:01.871 7 INFO neutron.services.segments.plugin [-] Segment 65113725-9d0f-4064-a423-107d19783994 resource provider aggregate not found
2026-05-29 23:17:01.891 7 INFO neutron.services.segments.plugin [-] Segment 65113725-9d0f-4064-a423-107d19783994 resource provider not found; error: Placement Client Error (4xx): {"errors": [{"status": 404, "title": "Not Found", "detail": "The resource could not be found.\n\n No resource provider with uuid 65113725-9d0f-4064-a423-107d19783994 found for delete ", "request_id": "req-9f459996-2ea0-4916-b50a-80d98d5ebd54"}]}
2026-05-29 23:17:01.894 7 INFO neutron.services.segments.plugin [-] Segment 65113725-9d0f-4064-a423-107d19783994 resource provider not found; error: Placement Client Error (4xx): {"errors": [{"status": 404, "title": "Not Found", "detail": "The resource could not be found.\n\n No resource provider with uuid 65113725-9d0f-4064-a423-107d19783994 found for delete ", "request_id": "req-37417168-d573-4789-af99-53a3758c7073"}]} [pid: 7|app: 0|req: 540/1171] 10.0.0.132 () {32 vars in 725 bytes} [Fri May 29 23:17:01 2026] DELETE /v2.0/networks/6cdef6d8-f9c8-481b-86c2-bd76b627336c => generated 0 bytes in 430 msecs (HTTP/1.1 204) 3 headers in 131 bytes (1 switches on core 0)
2026-05-29 23:17:02.069 7 INFO neutron_taas.services.taas.taas_plugin [None req-b4e2b134-8d44-4427-881b-d297e3908aa5 ebdd1567921e47298c582e0a5c7c74cb d2a30001ca404d17a131047d17a49fc4 - - default default] TaaS: Handle Delete Port: 36d8ab9c-4af1-4ab8-93e0-f5e75f48ed45
2026-05-29 23:17:02.073 7 INFO neutron_taas.services.taas.tap_mirror_plugin [None req-b4e2b134-8d44-4427-881b-d297e3908aa5 ebdd1567921e47298c582e0a5c7c74cb d2a30001ca404d17a131047d17a49fc4 - - default default] Tap Mirror: Handle Delete Port: 36d8ab9c-4af1-4ab8-93e0-f5e75f48ed45
2026-05-29 23:17:02.224 6 WARNING neutron.scheduler.dhcp_agent_scheduler [None req-5472901e-1902-4971-9bf5-e3c48d1cf9d9 4bf36d3927134d3884939b7621c5500d 9d6619d5338741f1b3683a88da7377a1 - - default default] No more DHCP agents
2026-05-29 23:17:02.227 6 WARNING neutron.api.rpc.agentnotifiers.dhcp_rpc_agent_api [None req-5472901e-1902-4971-9bf5-e3c48d1cf9d9 4bf36d3927134d3884939b7621c5500d 9d6619d5338741f1b3683a88da7377a1 - - default default] Unable to schedule network ab43affe-68b7-491f-bcd8-a49a60e6c6e3: no agents available; will retry on subsequent port and subnet creation events. [pid: 7|app: 0|req: 541/1172] 10.0.0.132 () {32 vars in 725 bytes} [Fri May 29 23:17:01 2026] DELETE /v2.0/networks/a7d1572e-5b0f-401b-a136-e040a37f7cd5 => generated 0 bytes in 403 msecs (HTTP/1.1 204) 3 headers in 131 bytes (1 switches on core 0)
2026-05-29 23:17:02.438 6 INFO neutron.db.ovn_revision_numbers_db [None req-5472901e-1902-4971-9bf5-e3c48d1cf9d9 4bf36d3927134d3884939b7621c5500d 9d6619d5338741f1b3683a88da7377a1 - - default default] Successfully bumped revision number for resource a8296e4e-07d4-42e0-a986-426f48d4ce67 (type: ports) to 1
2026-05-29 23:17:02.466 7 INFO neutron.db.segments_db [None req-117a554a-bc0e-42e0-9054-984bb0539c0e 49b7f4a1978e438297ff63d11457febb ce841c15a0324ba28d25dc6e8317398b - - default default] Added segment 26b8def0-ba6e-4d11-b673-e2a55a8aec09 of type geneve for network 8bdb059b-e4d4-4346-856c-6e57b9ac1e86
2026-05-29 23:17:02.613 7 INFO neutron.db.ovn_revision_numbers_db [None req-117a554a-bc0e-42e0-9054-984bb0539c0e 49b7f4a1978e438297ff63d11457febb ce841c15a0324ba28d25dc6e8317398b - - default default] Successfully bumped revision number for resource 8bdb059b-e4d4-4346-856c-6e57b9ac1e86 (type: networks) to 1
2026-05-29 23:17:02.839 7 WARNING neutron.scheduler.dhcp_agent_scheduler [None req-117a554a-bc0e-42e0-9054-984bb0539c0e 49b7f4a1978e438297ff63d11457febb ce841c15a0324ba28d25dc6e8317398b - - default default] No more DHCP agents
2026-05-29 23:17:02.840 7 WARNING neutron.api.rpc.agentnotifiers.dhcp_rpc_agent_api [None req-117a554a-bc0e-42e0-9054-984bb0539c0e 49b7f4a1978e438297ff63d11457febb ce841c15a0324ba28d25dc6e8317398b - - default default] Unable to schedule network 8bdb059b-e4d4-4346-856c-6e57b9ac1e86: no agents available; will retry on subsequent port and subnet creation events.
2026-05-29 23:17:02.952 7 INFO neutron.db.ovn_revision_numbers_db [None req-117a554a-bc0e-42e0-9054-984bb0539c0e 49b7f4a1978e438297ff63d11457febb ce841c15a0324ba28d25dc6e8317398b - - default default] Successfully bumped revision number for resource 2aba1a4f-5e47-4da3-ae8f-36ec9bcf7aac (type: ports) to 1 [pid: 7|app: 0|req: 542/1173] 10.0.0.132 () {34 vars in 669 bytes} [Fri May 29 23:17:02 2026] POST /v2.0/networks => generated 629 bytes in 636 msecs (HTTP/1.1 201) 4 headers in 162 bytes (1 switches on core 0)
2026-05-29 23:17:03.099 7 INFO neutron_taas.services.taas.taas_plugin [None req-2927a1a5-b756-4fa1-9fe9-2fb44fbcf0a3 fc86ed13e2e24f55a16cefa6cb5ad093 a29b88507c7d4dc4812217ee7e2711f9 - - default default] TaaS: Handle Delete Port: 829a78a7-f79b-4983-8fd0-5d8b68311035
2026-05-29 23:17:03.101 7 INFO neutron_taas.services.taas.tap_mirror_plugin [None req-2927a1a5-b756-4fa1-9fe9-2fb44fbcf0a3 fc86ed13e2e24f55a16cefa6cb5ad093 a29b88507c7d4dc4812217ee7e2711f9 - - default default] Tap Mirror: Handle Delete Port: 829a78a7-f79b-4983-8fd0-5d8b68311035 [pid: 7|app: 0|req: 543/1174] 10.0.0.132 () {32 vars in 725 bytes} [Fri May 29 23:17:02 2026] DELETE /v2.0/networks/7b5f068e-e1b2-4612-a487-21a399098dc1 => generated 0 bytes in 378 msecs (HTTP/1.1 204) 3 headers in 131 bytes (1 switches on core 0) [pid: 7|app: 0|req: 544/1175] 10.0.0.132 () {32 vars in 773 bytes} [Fri May 29 23:17:03 2026] GET /v2.0/security-groups?tenant_id=8d673f70afd642be996c2928b9a4615c&name=default => generated 2925 bytes in 29 msecs (HTTP/1.1 200) 4 headers in 158 bytes (1 switches on core 0)
2026-05-29 23:17:03.614 7 WARNING neutron.scheduler.dhcp_agent_scheduler [None req-c9f90931-821c-4397-9fdc-297d1e59eb9a 49b7f4a1978e438297ff63d11457febb ce841c15a0324ba28d25dc6e8317398b - - default default] No more DHCP agents
2026-05-29 23:17:03.615 7 WARNING neutron.api.rpc.agentnotifiers.dhcp_rpc_agent_api [None req-c9f90931-821c-4397-9fdc-297d1e59eb9a 49b7f4a1978e438297ff63d11457febb ce841c15a0324ba28d25dc6e8317398b - - default default] Unable to schedule network 59876fcc-4b4d-4a5f-9c46-10b815df1476: no agents available; will retry on subsequent port and subnet creation events.
2026-05-29 23:17:03.915 7 INFO neutron.services.segments.plugin [-] Segment 51459cf8-3aac-4f82-9e0f-c4f5c790f780 resource provider aggregate not found
2026-05-29 23:17:03.923 7 INFO neutron.services.segments.plugin [-] Segment 51459cf8-3aac-4f82-9e0f-c4f5c790f780 resource provider aggregate not found
2026-05-29 23:17:03.951 7 INFO neutron.services.segments.plugin [-] Segment 51459cf8-3aac-4f82-9e0f-c4f5c790f780 resource provider not found; error: Placement Client Error (4xx): {"errors": [{"status": 404, "title": "Not Found", "detail": "The resource could not be found.\n\n No resource provider with uuid 51459cf8-3aac-4f82-9e0f-c4f5c790f780 found for delete ", "request_id": "req-eef9812a-aa3c-4a21-a018-64a505129c0b"}]}
2026-05-29 23:17:03.955 7 INFO neutron.services.segments.plugin [-] Segment 51459cf8-3aac-4f82-9e0f-c4f5c790f780 resource provider not found; error: Placement Client Error (4xx): {"errors": [{"status": 404, "title": "Not Found", "detail": "The resource could not be found.\n\n No resource provider with uuid 51459cf8-3aac-4f82-9e0f-c4f5c790f780 found for delete ", "request_id": "req-6d28ad0f-aaed-4165-85a5-275530a267c1"}]}
2026-05-29 23:17:03.959 6 WARNING neutron.scheduler.dhcp_agent_scheduler [None req-5472901e-1902-4971-9bf5-e3c48d1cf9d9 4bf36d3927134d3884939b7621c5500d 9d6619d5338741f1b3683a88da7377a1 - - default default] No more DHCP agents
2026-05-29 23:17:03.960 6 WARNING neutron.api.rpc.agentnotifiers.dhcp_rpc_agent_api [None req-5472901e-1902-4971-9bf5-e3c48d1cf9d9 4bf36d3927134d3884939b7621c5500d 9d6619d5338741f1b3683a88da7377a1 - - default default] Unable to schedule network ab43affe-68b7-491f-bcd8-a49a60e6c6e3: no agents available; will retry on subsequent port and subnet creation events.
2026-05-29 23:17:03.970 7 INFO neutron.services.segments.plugin [-] Segment 7f156bce-8e9b-41a7-807b-04dfca5d9330 resource provider aggregate not found
2026-05-29 23:17:03.976 7 INFO neutron.services.segments.plugin [-] Segment 7f156bce-8e9b-41a7-807b-04dfca5d9330 resource provider aggregate not found
2026-05-29 23:17:03.992 7 INFO neutron.services.segments.plugin [-] Segment 7f156bce-8e9b-41a7-807b-04dfca5d9330 resource provider not found; error: Placement Client Error (4xx): {"errors": [{"status": 404, "title": "Not Found", "detail": "The resource could not be found.\n\n No resource provider with uuid 7f156bce-8e9b-41a7-807b-04dfca5d9330 found for delete ", "request_id": "req-3be51de3-97b5-47e0-838b-b4040e1eb865"}]}
2026-05-29 23:17:03.999 7 INFO neutron.services.segments.plugin [-] Segment 7f156bce-8e9b-41a7-807b-04dfca5d9330 resource provider not found; error: Placement Client Error (4xx): {"errors": [{"status": 404, "title": "Not Found", "detail": "The resource could not be found.\n\n No resource provider with uuid 7f156bce-8e9b-41a7-807b-04dfca5d9330 found for delete ", "request_id": "req-1bc74392-1777-42d4-b303-3679ec28b7a1"}]}
2026-05-29 23:17:04.254 7 INFO neutron.db.ovn_revision_numbers_db [None req-9190b496-0fb3-4e76-94dd-0c7304990058 - - - - - -] Successfully bumped revision number for resource b9076e04-8b02-41c4-8b37-ef05d9fb3342 (type: ports) to 2
2026-05-29 23:17:04.284 7 INFO neutron.db.ovn_revision_numbers_db [None req-9190b496-0fb3-4e76-94dd-0c7304990058 - - - - - -] Successfully bumped revision number for resource 5e0a5f84-8ccc-4b7c-aa2e-01d65e4196d0 (type: subnets) to 0 [pid: 7|app: 0|req: 545/1176] 10.0.0.132 () {34 vars in 668 bytes} [Fri May 29 23:17:03 2026] POST /v2.0/subnets => generated 626 bytes in 911 msecs (HTTP/1.1 201) 4 headers in 162 bytes (1 switches on core 0)
2026-05-29 23:17:04.406 6 INFO neutron.db.ovn_revision_numbers_db [None req-5472901e-1902-4971-9bf5-e3c48d1cf9d9 4bf36d3927134d3884939b7621c5500d 9d6619d5338741f1b3683a88da7377a1 - - default default] Successfully bumped revision number for resource a8296e4e-07d4-42e0-a986-426f48d4ce67 (type: router_ports) to 1 [pid: 6|app: 0|req: 632/1177] 10.0.0.132 () {34 vars in 782 bytes} [Fri May 29 23:17:01 2026] PUT /v2.0/routers/ec01fbbd-0b6b-471e-bf0a-fc40a0ee3d16/add_router_interface => generated 309 bytes in 2924 msecs (HTTP/1.1 200) 4 headers in 157 bytes (1 switches on core 0) [pid: 6|app: 0|req: 633/1178] 10.0.0.132 () {32 vars in 773 bytes} [Fri May 29 23:17:04 2026] GET /v2.0/security-groups?tenant_id=a29b88507c7d4dc4812217ee7e2711f9&name=default => generated 2925 bytes in 144 msecs (HTTP/1.1 200) 4 headers in 158 bytes (1 switches on core 0) [pid: 7|app: 0|req: 546/1179] 10.0.0.132 () {32 vars in 739 bytes} [Fri May 29 23:17:04 2026] DELETE /v2.0/security-groups/6bd7f278-035c-4092-a391-a0d5becaeefd => generated 0 bytes in 415 msecs (HTTP/1.1 204) 2 headers in 112 bytes (1 switches on core 0)
2026-05-29 23:17:04.818 6 WARNING neutron.scheduler.dhcp_agent_scheduler [None req-6b4ee5cb-3d9f-4b87-88ad-8b941a39c6cc 49b7f4a1978e438297ff63d11457febb ce841c15a0324ba28d25dc6e8317398b - - default default] No more DHCP agents
2026-05-29 23:17:04.821 6 WARNING neutron.api.rpc.agentnotifiers.dhcp_rpc_agent_api [None req-6b4ee5cb-3d9f-4b87-88ad-8b941a39c6cc 49b7f4a1978e438297ff63d11457febb ce841c15a0324ba28d25dc6e8317398b - - default default] Unable to schedule network 8bdb059b-e4d4-4346-856c-6e57b9ac1e86: no agents available; will retry on subsequent port and subnet creation events.
2026-05-29 23:17:05.049 7 WARNING neutron.scheduler.dhcp_agent_scheduler [None req-d46d251b-4c60-47d6-ad21-4c5817e52532 4bf36d3927134d3884939b7621c5500d 9d6619d5338741f1b3683a88da7377a1 - - default default] No more DHCP agents
2026-05-29 23:17:05.050 7 WARNING neutron.api.rpc.agentnotifiers.dhcp_rpc_agent_api [None req-d46d251b-4c60-47d6-ad21-4c5817e52532 4bf36d3927134d3884939b7621c5500d 9d6619d5338741f1b3683a88da7377a1 - - default default] Unable to schedule network ab43affe-68b7-491f-bcd8-a49a60e6c6e3: no agents available; will retry on subsequent port and subnet creation events.
2026-05-29 23:17:05.241 7 INFO neutron.db.ovn_revision_numbers_db [None req-d46d251b-4c60-47d6-ad21-4c5817e52532 4bf36d3927134d3884939b7621c5500d 9d6619d5338741f1b3683a88da7377a1 - - default default] Successfully bumped revision number for resource df6b6c03-df00-492c-8e7a-684c5de8d382 (type: ports) to 1 [pid: 7|app: 0|req: 547/1180] 10.0.0.132 () {34 vars in 664 bytes} [Fri May 29 23:17:04 2026] POST /v2.0/ports => generated 954 bytes in 596 msecs (HTTP/1.1 201) 4 headers in 162 bytes (1 switches on core 0) /var/lib/openstack/lib/python3.12/site-packages/pycadf/identifier.py:70: UserWarning: Invalid uuid: neutron. To ensure interoperability, identifiers should be a valid uuid. warnings.warn(('Invalid uuid: %s. To ensure interoperability, '
2026-05-29 23:17:05.429 6 INFO neutron.db.ovn_revision_numbers_db [None req-a475ef7a-f7ce-4a31-9314-1432add17d4f - - - - - -] Successfully bumped revision number for resource 2aba1a4f-5e47-4da3-ae8f-36ec9bcf7aac (type: ports) to 2
2026-05-29 23:17:05.459 6 INFO neutron.db.ovn_revision_numbers_db [None req-a475ef7a-f7ce-4a31-9314-1432add17d4f - - - - - -] Successfully bumped revision number for resource e7fd0267-4fd0-45af-9232-c5d570ba7825 (type: subnets) to 0 [pid: 6|app: 0|req: 634/1181] 10.0.0.132 () {34 vars in 668 bytes} [Fri May 29 23:17:04 2026] POST /v2.0/subnets => generated 626 bytes in 921 msecs (HTTP/1.1 201) 4 headers in 162 bytes (1 switches on core 0)
2026-05-29 23:17:05.599 7 WARNING neutron.plugins.ml2.drivers.ovn.mech_driver.ovsdb.ovn_client [None req-5fc45de3-b826-4ac4-987b-c1c900bb53d0 - - - - - -] No hosting information found for port 172b1879-7d6f-4f8d-a865-f25c4f3c8db1: RuntimeError: No hosting information found for port 172b1879-7d6f-4f8d-a865-f25c4f3c8db1
2026-05-29 23:17:05.599 7 INFO neutron.plugins.ml2.drivers.ovn.mech_driver.mech_driver [None req-5fc45de3-b826-4ac4-987b-c1c900bb53d0 - - - - - -] OVN reports status down for port: b9076e04-8b02-41c4-8b37-ef05d9fb3342
2026-05-29 23:17:05.688 7 INFO neutron.plugins.ml2.drivers.ovn.mech_driver.mech_driver [None req-5fc45de3-b826-4ac4-987b-c1c900bb53d0 - - - - - -] OVN reports status down for port: a8296e4e-07d4-42e0-a986-426f48d4ce67 [pid: 7|app: 0|req: 548/1182] 10.0.0.132 () {32 vars in 739 bytes} [Fri May 29 23:17:05 2026] DELETE /v2.0/security-groups/02888fb0-bb81-42d0-9436-a9538dea2c89 => generated 0 bytes in 424 msecs (HTTP/1.1 204) 2 headers in 112 bytes (1 switches on core 0)
2026-05-29 23:17:05.798 7 WARNING neutron.plugins.ml2.drivers.ovn.mech_driver.ovsdb.ovn_client [None req-5fc45de3-b826-4ac4-987b-c1c900bb53d0 - - - - - -] Logical_Switch_Port a8296e4e-07d4-42e0-a986-426f48d4ce67 host information not removed, the port state is up
2026-05-29 23:17:05.799 7 INFO neutron.plugins.ml2.drivers.ovn.mech_driver.mech_driver [None req-5fc45de3-b826-4ac4-987b-c1c900bb53d0 - - - - - -] OVN reports status down for port: 2aba1a4f-5e47-4da3-ae8f-36ec9bcf7aac
2026-05-29 23:17:05.843 6 WARNING neutron.scheduler.dhcp_agent_scheduler [None req-816a7f59-6082-4552-a90a-ddb143957847 4bf36d3927134d3884939b7621c5500d 9d6619d5338741f1b3683a88da7377a1 - - default default] No more DHCP agents
2026-05-29 23:17:05.844 6 WARNING neutron.api.rpc.agentnotifiers.dhcp_rpc_agent_api [None req-816a7f59-6082-4552-a90a-ddb143957847 4bf36d3927134d3884939b7621c5500d 9d6619d5338741f1b3683a88da7377a1 - - default default] Unable to schedule network ab43affe-68b7-491f-bcd8-a49a60e6c6e3: no agents available; will retry on subsequent port and subnet creation events.
2026-05-29 23:17:05.922 7 INFO neutron.plugins.ml2.drivers.ovn.mech_driver.mech_driver [None req-5fc45de3-b826-4ac4-987b-c1c900bb53d0 - - - - - -] OVN reports status up for port: a8296e4e-07d4-42e0-a986-426f48d4ce67
2026-05-29 23:17:05.936 7 INFO neutron.db.ovn_revision_numbers_db [None req-c6ea1c65-d9f7-4259-b03a-def5ae82744e 49b7f4a1978e438297ff63d11457febb ce841c15a0324ba28d25dc6e8317398b - - default default] Successfully bumped revision number for resource 2a70148d-a7b1-451d-a323-d748d50519a1 (type: routers) to 1
2026-05-29 23:17:05.941 7 INFO neutron.plugins.ml2.plugin [None req-5fc45de3-b826-4ac4-987b-c1c900bb53d0 - - - - - -] Attempt 1 to provision port a8296e4e-07d4-42e0-a986-426f48d4ce67 [pid: 7|app: 0|req: 549/1183] 10.0.0.132 () {34 vars in 668 bytes} [Fri May 29 23:17:05 2026] POST /v2.0/routers => generated 603 bytes in 246 msecs (HTTP/1.1 201) 4 headers in 162 bytes (1 switches on core 0)
2026-05-29 23:17:06.048 6 INFO neutron.db.ovn_revision_numbers_db [None req-816a7f59-6082-4552-a90a-ddb143957847 4bf36d3927134d3884939b7621c5500d 9d6619d5338741f1b3683a88da7377a1 - - default default] Successfully bumped revision number for resource 94231880-9a82-4274-b1f3-9f7d7e99414b (type: ports) to 1 [pid: 6|app: 0|req: 635/1184] 10.0.0.132 () {34 vars in 664 bytes} [Fri May 29 23:17:05 2026] POST /v2.0/ports => generated 955 bytes in 633 msecs (HTTP/1.1 201) 4 headers in 162 bytes (1 switches on core 0) /var/lib/openstack/lib/python3.12/site-packages/pycadf/identifier.py:70: UserWarning: Invalid uuid: neutron. To ensure interoperability, identifiers should be a valid uuid. warnings.warn(('Invalid uuid: %s. To ensure interoperability, '
2026-05-29 23:17:06.334 6 WARNING neutron.scheduler.dhcp_agent_scheduler [None req-66f6ff3e-c87e-4f6f-9767-caef6a9cb010 4bf36d3927134d3884939b7621c5500d 9d6619d5338741f1b3683a88da7377a1 - - default default] No more DHCP agents
2026-05-29 23:17:06.335 6 WARNING neutron.api.rpc.agentnotifiers.dhcp_rpc_agent_api [None req-66f6ff3e-c87e-4f6f-9767-caef6a9cb010 4bf36d3927134d3884939b7621c5500d 9d6619d5338741f1b3683a88da7377a1 - - default default] Unable to schedule network 2ec2cf23-f582-4940-beb9-2c8c5315d98d: no agents available; will retry on subsequent port and subnet creation events.
2026-05-29 23:17:06.851 7 WARNING neutron.scheduler.dhcp_agent_scheduler [None req-6d0743b8-c03c-44d3-8fa9-680d2a8fe481 49b7f4a1978e438297ff63d11457febb ce841c15a0324ba28d25dc6e8317398b - - default default] No more DHCP agents
2026-05-29 23:17:06.856 7 WARNING neutron.api.rpc.agentnotifiers.dhcp_rpc_agent_api [None req-6d0743b8-c03c-44d3-8fa9-680d2a8fe481 49b7f4a1978e438297ff63d11457febb ce841c15a0324ba28d25dc6e8317398b - - default default] Unable to schedule network 59876fcc-4b4d-4a5f-9c46-10b815df1476: no agents available; will retry on subsequent port and subnet creation events.
2026-05-29 23:17:06.866 7 INFO neutron.db.ovn_revision_numbers_db [None req-5fc45de3-b826-4ac4-987b-c1c900bb53d0 - - - - - -] Successfully bumped revision number for resource a8296e4e-07d4-42e0-a986-426f48d4ce67 (type: ports) to 2
2026-05-29 23:17:07.128 7 INFO neutron.db.ovn_revision_numbers_db [None req-6d0743b8-c03c-44d3-8fa9-680d2a8fe481 49b7f4a1978e438297ff63d11457febb ce841c15a0324ba28d25dc6e8317398b - - default default] Successfully bumped revision number for resource aca29751-a376-4cb3-8790-7a6a36c5b0d2 (type: ports) to 1
2026-05-29 23:17:07.378 6 INFO neutron.db.ovn_revision_numbers_db [None req-66f6ff3e-c87e-4f6f-9767-caef6a9cb010 4bf36d3927134d3884939b7621c5500d 9d6619d5338741f1b3683a88da7377a1 - - default default] Successfully bumped revision number for resource b60bfe3a-9ed4-464a-819d-3328f0f1d58c (type: floatingips) to 1
2026-05-29 23:17:07.379 6 INFO neutron.db.l3_db [None req-66f6ff3e-c87e-4f6f-9767-caef6a9cb010 4bf36d3927134d3884939b7621c5500d 9d6619d5338741f1b3683a88da7377a1 - - default default] Floating IP b60bfe3a-9ed4-464a-819d-3328f0f1d58c associated. External IP: 10.96.250.214, port: 94231880-9a82-4274-b1f3-9f7d7e99414b. [pid: 6|app: 0|req: 636/1185] 10.0.0.132 () {34 vars in 676 bytes} [Fri May 29 23:17:06 2026] POST /v2.0/floatingips => generated 842 bytes in 1309 msecs (HTTP/1.1 201) 4 headers in 162 bytes (1 switches on core 0)
2026-05-29 23:17:07.816 6 INFO neutron.db.ovn_revision_numbers_db [None req-32a1a6cc-b924-4291-bff7-fb06426b7b19 ebdd1567921e47298c582e0a5c7c74cb d2a30001ca404d17a131047d17a49fc4 - - default default] Successfully bumped revision number for resource 91d27a9e-574c-4e14-9de3-e7f1a8831c34 (type: security_groups) to 1
2026-05-29 23:17:07.832 6 INFO neutron.db.ovn_revision_numbers_db [None req-32a1a6cc-b924-4291-bff7-fb06426b7b19 ebdd1567921e47298c582e0a5c7c74cb d2a30001ca404d17a131047d17a49fc4 - - default default] Successfully bumped revision number for resource 81ada3f5-09a8-4320-9494-fbfb50984da2 (type: security_group_rules) to 0
2026-05-29 23:17:07.871 6 INFO neutron.db.ovn_revision_numbers_db [None req-32a1a6cc-b924-4291-bff7-fb06426b7b19 ebdd1567921e47298c582e0a5c7c74cb d2a30001ca404d17a131047d17a49fc4 - - default default] Successfully bumped revision number for resource 90d9c1f3-dac0-4907-af09-45665ae49a6b (type: security_group_rules) to 0
2026-05-29 23:17:07.887 6 INFO neutron.db.ovn_revision_numbers_db [None req-32a1a6cc-b924-4291-bff7-fb06426b7b19 ebdd1567921e47298c582e0a5c7c74cb d2a30001ca404d17a131047d17a49fc4 - - default default] Successfully bumped revision number for resource bf2450b4-3108-4823-8c8f-bd60ecb203d7 (type: security_group_rules) to 0
2026-05-29 23:17:07.901 6 INFO neutron.db.ovn_revision_numbers_db [None req-32a1a6cc-b924-4291-bff7-fb06426b7b19 ebdd1567921e47298c582e0a5c7c74cb d2a30001ca404d17a131047d17a49fc4 - - default default] Successfully bumped revision number for resource cd9c2101-a2ae-4a03-b01b-1734a392267d (type: security_group_rules) to 0
2026-05-29 23:17:07.985 6 INFO neutron.db.segments_db [None req-32a1a6cc-b924-4291-bff7-fb06426b7b19 ebdd1567921e47298c582e0a5c7c74cb d2a30001ca404d17a131047d17a49fc4 - - default default] Added segment 09c95e1a-fac4-497d-b03d-d47514593e51 of type geneve for network f787344e-02f6-4bbc-a3cb-bc27f888951a
2026-05-29 23:17:08.140 6 INFO neutron.db.ovn_revision_numbers_db [None req-32a1a6cc-b924-4291-bff7-fb06426b7b19 ebdd1567921e47298c582e0a5c7c74cb d2a30001ca404d17a131047d17a49fc4 - - default default] Successfully bumped revision number for resource f787344e-02f6-4bbc-a3cb-bc27f888951a (type: networks) to 1
2026-05-29 23:17:08.328 6 WARNING neutron.scheduler.dhcp_agent_scheduler [None req-32a1a6cc-b924-4291-bff7-fb06426b7b19 ebdd1567921e47298c582e0a5c7c74cb d2a30001ca404d17a131047d17a49fc4 - - default default] No more DHCP agents
2026-05-29 23:17:08.331 6 WARNING neutron.api.rpc.agentnotifiers.dhcp_rpc_agent_api [None req-32a1a6cc-b924-4291-bff7-fb06426b7b19 ebdd1567921e47298c582e0a5c7c74cb d2a30001ca404d17a131047d17a49fc4 - - default default] Unable to schedule network f787344e-02f6-4bbc-a3cb-bc27f888951a: no agents available; will retry on subsequent port and subnet creation events.
