2026-09-19 03:07:25.140 7 INFO placement.requestlog [None req-9bca945a-1e6b-4dcb-b818-3e8d96674af6 e9a9b2a4800b48ce822f0d0ebf632657 b8a0c8cbaeb349e089bb9688e4fbfc4f - - 36ee62253f7f4182bd63d4bfdfe35c33 36ee62253f7f4182bd63d4bfdfe35c33] 10.0.0.243 "GET /resource_providers/9c9604c0-3999-4a62-8a56-cd5115bf8ebc/aggregates" status: 404 len: 235 microversion: 1.1 [pid: 7|app: 0|req: 346/694] 10.0.0.243 () {32 vars in 825 bytes} [Sat Sep 19 03:07:25 2026] GET /resource_providers/9c9604c0-3999-4a62-8a56-cd5115bf8ebc/aggregates => generated 235 bytes in 17 msecs (HTTP/1.1 404) 5 headers in 202 bytes (1 switches on core 0)
2026-09-19 03:07:25.153 8 INFO placement.requestlog [None req-65e34635-af7d-4e6f-a253-01bac01c703a e9a9b2a4800b48ce822f0d0ebf632657 b8a0c8cbaeb349e089bb9688e4fbfc4f - - 36ee62253f7f4182bd63d4bfdfe35c33 36ee62253f7f4182bd63d4bfdfe35c33] 10.0.0.243 "GET /resource_providers/9c9604c0-3999-4a62-8a56-cd5115bf8ebc/aggregates" status: 404 len: 235 microversion: 1.1 [pid: 8|app: 0|req: 349/695] 10.0.0.243 () {32 vars in 825 bytes} [Sat Sep 19 03:07:25 2026] GET /resource_providers/9c9604c0-3999-4a62-8a56-cd5115bf8ebc/aggregates => generated 235 bytes in 16 msecs (HTTP/1.1 404) 5 headers in 202 bytes (1 switches on core 0)
2026-09-19 03:07:25.162 7 INFO placement.requestlog [None req-9885a9e6-f51b-437d-9696-c20d82a74f29 e9a9b2a4800b48ce822f0d0ebf632657 b8a0c8cbaeb349e089bb9688e4fbfc4f - - 36ee62253f7f4182bd63d4bfdfe35c33 36ee62253f7f4182bd63d4bfdfe35c33] 10.0.0.243 "DELETE /resource_providers/9c9604c0-3999-4a62-8a56-cd5115bf8ebc" status: 404 len: 246 microversion: 1.1 [pid: 7|app: 0|req: 347/696] 10.0.0.243 () {34 vars in 825 bytes} [Sat Sep 19 03:07:25 2026] DELETE /resource_providers/9c9604c0-3999-4a62-8a56-cd5115bf8ebc => generated 246 bytes in 14 msecs (HTTP/1.1 404) 6 headers in 231 bytes (1 switches on core 0)
2026-09-19 03:07:25.173 8 INFO placement.requestlog [None req-bd9574ae-8bf5-45e3-a116-bf70efc2098a e9a9b2a4800b48ce822f0d0ebf632657 b8a0c8cbaeb349e089bb9688e4fbfc4f - - 36ee62253f7f4182bd63d4bfdfe35c33 36ee62253f7f4182bd63d4bfdfe35c33] 10.0.0.243 "DELETE /resource_providers/9c9604c0-3999-4a62-8a56-cd5115bf8ebc" status: 404 len: 246 microversion: 1.1 [pid: 8|app: 0|req: 350/697] 10.0.0.243 () {34 vars in 825 bytes} [Sat Sep 19 03:07:25 2026] DELETE /resource_providers/9c9604c0-3999-4a62-8a56-cd5115bf8ebc => generated 246 bytes in 14 msecs (HTTP/1.1 404) 6 headers in 231 bytes (1 switches on core 0)
2026-09-19 03:07:25.807 7 INFO placement.requestlog [None req-14f60903-dabe-4a4d-9a16-740f0ef5415b e9a9b2a4800b48ce822f0d0ebf632657 b8a0c8cbaeb349e089bb9688e4fbfc4f - - 36ee62253f7f4182bd63d4bfdfe35c33 36ee62253f7f4182bd63d4bfdfe35c33] 10.0.0.243 "GET /resource_providers/aff320ff-3db1-481b-a459-3f11c98b9f08/aggregates" status: 404 len: 235 microversion: 1.1 [pid: 7|app: 0|req: 348/698] 10.0.0.243 () {32 vars in 825 bytes} [Sat Sep 19 03:07:25 2026] GET /resource_providers/aff320ff-3db1-481b-a459-3f11c98b9f08/aggregates => generated 235 bytes in 14 msecs (HTTP/1.1 404) 5 headers in 202 bytes (1 switches on core 0)
2026-09-19 03:07:25.808 8 INFO placement.requestlog [None req-62005148-a403-4a1c-9d31-5e9036f5936b e9a9b2a4800b48ce822f0d0ebf632657 b8a0c8cbaeb349e089bb9688e4fbfc4f - - 36ee62253f7f4182bd63d4bfdfe35c33 36ee62253f7f4182bd63d4bfdfe35c33] 10.0.0.243 "GET /resource_providers/aff320ff-3db1-481b-a459-3f11c98b9f08/aggregates" status: 404 len: 235 microversion: 1.1 [pid: 8|app: 0|req: 351/699] 10.0.0.243 () {32 vars in 825 bytes} [Sat Sep 19 03:07:25 2026] GET /resource_providers/aff320ff-3db1-481b-a459-3f11c98b9f08/aggregates => generated 235 bytes in 10 msecs (HTTP/1.1 404) 5 headers in 202 bytes (1 switches on core 0)
2026-09-19 03:07:25.830 7 INFO placement.requestlog [None req-d5dcb7f1-b864-4ad0-9a50-bc82cc6484dc e9a9b2a4800b48ce822f0d0ebf632657 b8a0c8cbaeb349e089bb9688e4fbfc4f - - 36ee62253f7f4182bd63d4bfdfe35c33 36ee62253f7f4182bd63d4bfdfe35c33] 10.0.0.243 "DELETE /resource_providers/aff320ff-3db1-481b-a459-3f11c98b9f08" status: 404 len: 246 microversion: 1.1 [pid: 7|app: 0|req: 349/700] 10.0.0.243 () {34 vars in 825 bytes} [Sat Sep 19 03:07:25 2026] DELETE /resource_providers/aff320ff-3db1-481b-a459-3f11c98b9f08 => generated 246 bytes in 14 msecs (HTTP/1.1 404) 6 headers in 231 bytes (1 switches on core 0)
2026-09-19 03:07:25.833 8 INFO placement.requestlog [None req-c1561bb1-5161-4caf-b7cb-49fe9e0a6ed0 e9a9b2a4800b48ce822f0d0ebf632657 b8a0c8cbaeb349e089bb9688e4fbfc4f - - 36ee62253f7f4182bd63d4bfdfe35c33 36ee62253f7f4182bd63d4bfdfe35c33] 10.0.0.243 "DELETE /resource_providers/aff320ff-3db1-481b-a459-3f11c98b9f08" status: 404 len: 246 microversion: 1.1 [pid: 8|app: 0|req: 352/701] 10.0.0.243 () {34 vars in 825 bytes} [Sat Sep 19 03:07:25 2026] DELETE /resource_providers/aff320ff-3db1-481b-a459-3f11c98b9f08 => generated 246 bytes in 12 msecs (HTTP/1.1 404) 6 headers in 231 bytes (1 switches on core 0)
2026-09-19 03:07:25.846 7 INFO placement.requestlog [None req-8d5a5b66-e2c8-4169-b6d6-93d72dabd44c e9a9b2a4800b48ce822f0d0ebf632657 b8a0c8cbaeb349e089bb9688e4fbfc4f - - 36ee62253f7f4182bd63d4bfdfe35c33 36ee62253f7f4182bd63d4bfdfe35c33] 10.0.0.243 "GET /resource_providers/fc5ef9a8-48b8-4718-80ba-fc4fabfd1ba9/aggregates" status: 404 len: 235 microversion: 1.1 [pid: 7|app: 0|req: 350/702] 10.0.0.243 () {32 vars in 825 bytes} [Sat Sep 19 03:07:25 2026] GET /resource_providers/fc5ef9a8-48b8-4718-80ba-fc4fabfd1ba9/aggregates => generated 235 bytes in 8 msecs (HTTP/1.1 404) 5 headers in 202 bytes (1 switches on core 0)
2026-09-19 03:07:25.875 8 INFO placement.requestlog [None req-d580aa29-2ff8-48c1-b799-1c08f4fb5017 e9a9b2a4800b48ce822f0d0ebf632657 b8a0c8cbaeb349e089bb9688e4fbfc4f - - 36ee62253f7f4182bd63d4bfdfe35c33 36ee62253f7f4182bd63d4bfdfe35c33] 10.0.0.243 "GET /resource_providers/fc5ef9a8-48b8-4718-80ba-fc4fabfd1ba9/aggregates" status: 404 len: 235 microversion: 1.1 [pid: 8|app: 0|req: 353/703] 10.0.0.243 () {32 vars in 825 bytes} [Sat Sep 19 03:07:25 2026] GET /resource_providers/fc5ef9a8-48b8-4718-80ba-fc4fabfd1ba9/aggregates => generated 235 bytes in 25 msecs (HTTP/1.1 404) 5 headers in 202 bytes (1 switches on core 0)
2026-09-19 03:07:25.876 7 INFO placement.requestlog [None req-7ea49121-b598-44ca-9b76-67eaf47ccc2c e9a9b2a4800b48ce822f0d0ebf632657 b8a0c8cbaeb349e089bb9688e4fbfc4f - - 36ee62253f7f4182bd63d4bfdfe35c33 36ee62253f7f4182bd63d4bfdfe35c33] 10.0.0.243 "DELETE /resource_providers/fc5ef9a8-48b8-4718-80ba-fc4fabfd1ba9" status: 404 len: 246 microversion: 1.1 [pid: 7|app: 0|req: 351/704] 10.0.0.243 () {34 vars in 825 bytes} [Sat Sep 19 03:07:25 2026] DELETE /resource_providers/fc5ef9a8-48b8-4718-80ba-fc4fabfd1ba9 => generated 246 bytes in 10 msecs (HTTP/1.1 404) 6 headers in 231 bytes (1 switches on core 0)
2026-09-19 03:07:25.897 8 INFO placement.requestlog [None req-b4208c81-d294-4b40-87c1-8f1a9c078972 e9a9b2a4800b48ce822f0d0ebf632657 b8a0c8cbaeb349e089bb9688e4fbfc4f - - 36ee62253f7f4182bd63d4bfdfe35c33 36ee62253f7f4182bd63d4bfdfe35c33] 10.0.0.243 "DELETE /resource_providers/fc5ef9a8-48b8-4718-80ba-fc4fabfd1ba9" status: 404 len: 246 microversion: 1.1 [pid: 8|app: 0|req: 354/705] 10.0.0.243 () {34 vars in 825 bytes} [Sat Sep 19 03:07:25 2026] DELETE /resource_providers/fc5ef9a8-48b8-4718-80ba-fc4fabfd1ba9 => generated 246 bytes in 10 msecs (HTTP/1.1 404) 6 headers in 231 bytes (1 switches on core 0)
2026-09-19 03:07:26.784 7 INFO placement.requestlog [req-c5404cc0-eaf7-4106-b331-48c7f0f4ac06 req-9a3d1ee4-fdbe-42e0-868f-ee413053b095 167b7f99bb7d46d8bda552ac66083a81 b8a0c8cbaeb349e089bb9688e4fbfc4f - - 36ee62253f7f4182bd63d4bfdfe35c33 36ee62253f7f4182bd63d4bfdfe35c33] 162.253.55.197 "GET /resource_providers/5d4402f0-e2e8-40ea-b5da-d92cd17f399e/allocations" status: 200 len: 152 microversion: 1.0 [pid: 7|app: 0|req: 352/706] 162.253.55.197 () {32 vars in 857 bytes} [Sat Sep 19 03:07:26 2026] GET /resource_providers/5d4402f0-e2e8-40ea-b5da-d92cd17f399e/allocations => generated 152 bytes in 16 msecs (HTTP/1.1 200) 6 headers in 224 bytes (1 switches on core 0)
2026-09-19 03:07:26.810 8 INFO placement.requestlog [req-c5404cc0-eaf7-4106-b331-48c7f0f4ac06 req-ce6c9ef1-7fdb-4040-b447-0d10f565a22a 167b7f99bb7d46d8bda552ac66083a81 b8a0c8cbaeb349e089bb9688e4fbfc4f - - 36ee62253f7f4182bd63d4bfdfe35c33 36ee62253f7f4182bd63d4bfdfe35c33] 162.253.55.197 "GET /allocations/678b1302-6be0-4f63-96f6-9a8c2b8f247d" status: 200 len: 257 microversion: 1.28 [pid: 8|app: 0|req: 355/707] 162.253.55.197 () {34 vars in 863 bytes} [Sat Sep 19 03:07:26 2026] GET /allocations/678b1302-6be0-4f63-96f6-9a8c2b8f247d => generated 257 bytes in 19 msecs (HTTP/1.1 200) 8 headers in 296 bytes (1 switches on core 0)
2026-09-19 03:07:26.911 7 INFO placement.requestlog [req-c5404cc0-eaf7-4106-b331-48c7f0f4ac06 req-639d3068-c36a-440b-a791-35796d228b80 167b7f99bb7d46d8bda552ac66083a81 b8a0c8cbaeb349e089bb9688e4fbfc4f - - 36ee62253f7f4182bd63d4bfdfe35c33 36ee62253f7f4182bd63d4bfdfe35c33] 162.253.55.197 "DELETE /allocations/678b1302-6be0-4f63-96f6-9a8c2b8f247d" status: 204 len: 0 microversion: 1.0 [pid: 7|app: 0|req: 353/708] 162.253.55.197 () {34 vars in 841 bytes} [Sat Sep 19 03:07:26 2026] DELETE /allocations/678b1302-6be0-4f63-96f6-9a8c2b8f247d => generated 0 bytes in 38 msecs (HTTP/1.1 204) 5 headers in 198 bytes (1 switches on core 0)
2026-09-19 03:07:27.419 8 INFO placement.requestlog [None req-bab43fe3-e6d1-4d8c-bb88-593058db9c1f - - - - - -] 10.0.0.240 "GET /" status: 200 len: 136 microversion: 1.0
2026-09-19 03:07:27.419 7 INFO placement.requestlog [None req-eb4ed266-2ff2-4de3-b49a-f6ebde891bc6 - - - - - -] 10.0.0.240 "GET /" status: 200 len: 136 microversion: 1.0
2026-09-19 03:07:32.283 8 INFO placement.requestlog [None req-86574367-2606-4c73-9129-1f79785b01b7 e9a9b2a4800b48ce822f0d0ebf632657 b8a0c8cbaeb349e089bb9688e4fbfc4f - - 36ee62253f7f4182bd63d4bfdfe35c33 36ee62253f7f4182bd63d4bfdfe35c33] 10.0.0.243 "GET /resource_providers/43f3f8e2-79fd-4932-8f16-11778ca2d7ad/aggregates" status: 404 len: 235 microversion: 1.1 [pid: 8|app: 0|req: 357/711] 10.0.0.243 () {32 vars in 825 bytes} [Sat Sep 19 03:07:32 2026] GET /resource_providers/43f3f8e2-79fd-4932-8f16-11778ca2d7ad/aggregates => generated 235 bytes in 19 msecs (HTTP/1.1 404) 5 headers in 202 bytes (1 switches on core 0)
2026-09-19 03:07:32.287 7 INFO placement.requestlog [None req-8ba13380-7154-4f18-b04e-bf45a8b47aae e9a9b2a4800b48ce822f0d0ebf632657 b8a0c8cbaeb349e089bb9688e4fbfc4f - - 36ee62253f7f4182bd63d4bfdfe35c33 36ee62253f7f4182bd63d4bfdfe35c33] 10.0.0.243 "GET /resource_providers/43f3f8e2-79fd-4932-8f16-11778ca2d7ad/aggregates" status: 404 len: 235 microversion: 1.1 [pid: 7|app: 0|req: 355/712] 10.0.0.243 () {32 vars in 825 bytes} [Sat Sep 19 03:07:32 2026] GET /resource_providers/43f3f8e2-79fd-4932-8f16-11778ca2d7ad/aggregates => generated 235 bytes in 22 msecs (HTTP/1.1 404) 5 headers in 202 bytes (1 switches on core 0)
2026-09-19 03:07:32.311 8 INFO placement.requestlog [None req-958bad4d-29f3-4295-9c67-e05997444dd5 e9a9b2a4800b48ce822f0d0ebf632657 b8a0c8cbaeb349e089bb9688e4fbfc4f - - 36ee62253f7f4182bd63d4bfdfe35c33 36ee62253f7f4182bd63d4bfdfe35c33] 10.0.0.243 "DELETE /resource_providers/43f3f8e2-79fd-4932-8f16-11778ca2d7ad" status: 404 len: 246 microversion: 1.1 [pid: 8|app: 0|req: 358/713] 10.0.0.243 () {34 vars in 825 bytes} [Sat Sep 19 03:07:32 2026] DELETE /resource_providers/43f3f8e2-79fd-4932-8f16-11778ca2d7ad => generated 246 bytes in 14 msecs (HTTP/1.1 404) 6 headers in 231 bytes (1 switches on core 0)
2026-09-19 03:07:32.318 7 INFO placement.requestlog [None req-0d7d6a9f-6ce3-4efb-ab59-3a73fc8bf842 e9a9b2a4800b48ce822f0d0ebf632657 b8a0c8cbaeb349e089bb9688e4fbfc4f - - 36ee62253f7f4182bd63d4bfdfe35c33 36ee62253f7f4182bd63d4bfdfe35c33] 10.0.0.243 "DELETE /resource_providers/43f3f8e2-79fd-4932-8f16-11778ca2d7ad" status: 404 len: 246 microversion: 1.1 [pid: 7|app: 0|req: 356/714] 10.0.0.243 () {34 vars in 825 bytes} [Sat Sep 19 03:07:32 2026] DELETE /resource_providers/43f3f8e2-79fd-4932-8f16-11778ca2d7ad => generated 246 bytes in 21 msecs (HTTP/1.1 404) 6 headers in 231 bytes (1 switches on core 0)
2026-09-19 03:07:34.075 7 INFO placement.requestlog [None req-d781584a-ee85-4408-9bad-0c969a17bb6c e9a9b2a4800b48ce822f0d0ebf632657 b8a0c8cbaeb349e089bb9688e4fbfc4f - - 36ee62253f7f4182bd63d4bfdfe35c33 36ee62253f7f4182bd63d4bfdfe35c33] 10.0.0.243 "GET /resource_providers/1f4f1bfd-6ca6-4b7a-97ab-685c8429afe8/aggregates" status: 404 len: 235 microversion: 1.1 [pid: 7|app: 0|req: 357/715] 10.0.0.243 () {32 vars in 825 bytes} [Sat Sep 19 03:07:34 2026] GET /resource_providers/1f4f1bfd-6ca6-4b7a-97ab-685c8429afe8/aggregates => generated 235 bytes in 18 msecs (HTTP/1.1 404) 5 headers in 202 bytes (1 switches on core 0)
2026-09-19 03:07:34.080 8 INFO placement.requestlog [None req-75729775-b1f5-4145-90e1-18db595cd1af e9a9b2a4800b48ce822f0d0ebf632657 b8a0c8cbaeb349e089bb9688e4fbfc4f - - 36ee62253f7f4182bd63d4bfdfe35c33 36ee62253f7f4182bd63d4bfdfe35c33] 10.0.0.243 "GET /resource_providers/1f4f1bfd-6ca6-4b7a-97ab-685c8429afe8/aggregates" status: 404 len: 235 microversion: 1.1 [pid: 8|app: 0|req: 359/716] 10.0.0.243 () {32 vars in 825 bytes} [Sat Sep 19 03:07:34 2026] GET /resource_providers/1f4f1bfd-6ca6-4b7a-97ab-685c8429afe8/aggregates => generated 235 bytes in 22 msecs (HTTP/1.1 404) 5 headers in 202 bytes (1 switches on core 0)
2026-09-19 03:07:34.095 7 INFO placement.requestlog [None req-1ad140e4-caa8-4b0a-9e87-b8647e52683a e9a9b2a4800b48ce822f0d0ebf632657 b8a0c8cbaeb349e089bb9688e4fbfc4f - - 36ee62253f7f4182bd63d4bfdfe35c33 36ee62253f7f4182bd63d4bfdfe35c33] 10.0.0.243 "DELETE /resource_providers/1f4f1bfd-6ca6-4b7a-97ab-685c8429afe8" status: 404 len: 246 microversion: 1.1 [pid: 7|app: 0|req: 358/717] 10.0.0.243 () {34 vars in 825 bytes} [Sat Sep 19 03:07:34 2026] DELETE /resource_providers/1f4f1bfd-6ca6-4b7a-97ab-685c8429afe8 => generated 246 bytes in 10 msecs (HTTP/1.1 404) 6 headers in 231 bytes (1 switches on core 0)
2026-09-19 03:07:34.101 8 INFO placement.requestlog [None req-e1150c1d-8340-4b82-97b6-307426d56ce7 e9a9b2a4800b48ce822f0d0ebf632657 b8a0c8cbaeb349e089bb9688e4fbfc4f - - 36ee62253f7f4182bd63d4bfdfe35c33 36ee62253f7f4182bd63d4bfdfe35c33] 10.0.0.243 "DELETE /resource_providers/1f4f1bfd-6ca6-4b7a-97ab-685c8429afe8" status: 404 len: 246 microversion: 1.1 [pid: 8|app: 0|req: 360/718] 10.0.0.243 () {34 vars in 825 bytes} [Sat Sep 19 03:07:34 2026] DELETE /resource_providers/1f4f1bfd-6ca6-4b7a-97ab-685c8429afe8 => generated 246 bytes in 9 msecs (HTTP/1.1 404) 6 headers in 231 bytes (1 switches on core 0)
2026-09-19 03:07:34.330 7 INFO placement.requestlog [None req-6fb9f529-17e8-46df-9b0e-eb9bba1c2faa e9a9b2a4800b48ce822f0d0ebf632657 b8a0c8cbaeb349e089bb9688e4fbfc4f - - 36ee62253f7f4182bd63d4bfdfe35c33 36ee62253f7f4182bd63d4bfdfe35c33] 10.0.0.243 "GET /resource_providers/af5f77fe-125a-4920-8180-0539b51ce548/aggregates" status: 404 len: 235 microversion: 1.1 [pid: 7|app: 0|req: 359/719] 10.0.0.243 () {32 vars in 825 bytes} [Sat Sep 19 03:07:34 2026] GET /resource_providers/af5f77fe-125a-4920-8180-0539b51ce548/aggregates => generated 235 bytes in 10 msecs (HTTP/1.1 404) 5 headers in 202 bytes (1 switches on core 0)
2026-09-19 03:07:34.347 8 INFO placement.requestlog [None req-893ea97d-9a29-4e4d-99ec-06d436b3eb9f e9a9b2a4800b48ce822f0d0ebf632657 b8a0c8cbaeb349e089bb9688e4fbfc4f - - 36ee62253f7f4182bd63d4bfdfe35c33 36ee62253f7f4182bd63d4bfdfe35c33] 10.0.0.243 "GET /resource_providers/af5f77fe-125a-4920-8180-0539b51ce548/aggregates" status: 404 len: 235 microversion: 1.1 [pid: 8|app: 0|req: 361/720] 10.0.0.243 () {32 vars in 825 bytes} [Sat Sep 19 03:07:34 2026] GET /resource_providers/af5f77fe-125a-4920-8180-0539b51ce548/aggregates => generated 235 bytes in 17 msecs (HTTP/1.1 404) 5 headers in 202 bytes (1 switches on core 0)
2026-09-19 03:07:34.355 7 INFO placement.requestlog [None req-8cc70fe4-b468-4332-b510-c6404484410b e9a9b2a4800b48ce822f0d0ebf632657 b8a0c8cbaeb349e089bb9688e4fbfc4f - - 36ee62253f7f4182bd63d4bfdfe35c33 36ee62253f7f4182bd63d4bfdfe35c33] 10.0.0.243 "DELETE /resource_providers/af5f77fe-125a-4920-8180-0539b51ce548" status: 404 len: 246 microversion: 1.1 [pid: 7|app: 0|req: 360/721] 10.0.0.243 () {34 vars in 825 bytes} [Sat Sep 19 03:07:34 2026] DELETE /resource_providers/af5f77fe-125a-4920-8180-0539b51ce548 => generated 246 bytes in 11 msecs (HTTP/1.1 404) 6 headers in 231 bytes (1 switches on core 0)
2026-09-19 03:07:34.365 8 INFO placement.requestlog [None req-22eca217-c8ed-49dc-8e4b-47644fe132c5 e9a9b2a4800b48ce822f0d0ebf632657 b8a0c8cbaeb349e089bb9688e4fbfc4f - - 36ee62253f7f4182bd63d4bfdfe35c33 36ee62253f7f4182bd63d4bfdfe35c33] 10.0.0.243 "DELETE /resource_providers/af5f77fe-125a-4920-8180-0539b51ce548" status: 404 len: 246 microversion: 1.1 [pid: 8|app: 0|req: 362/722] 10.0.0.243 () {34 vars in 825 bytes} [Sat Sep 19 03:07:34 2026] DELETE /resource_providers/af5f77fe-125a-4920-8180-0539b51ce548 => generated 246 bytes in 12 msecs (HTTP/1.1 404) 6 headers in 231 bytes (1 switches on core 0)
2026-09-19 03:07:35.310 7 INFO placement.requestlog [req-2ed3436f-ac15-42d4-8cdd-8db689c2072b req-53899221-8af9-429d-87a5-9839a1c1f0fc 167b7f99bb7d46d8bda552ac66083a81 b8a0c8cbaeb349e089bb9688e4fbfc4f - - 36ee62253f7f4182bd63d4bfdfe35c33 36ee62253f7f4182bd63d4bfdfe35c33] 10.0.0.2 "GET /allocation_candidates?limit=1000&resources=DISK_GB%3A1%2CMEMORY_MB%3A512%2CVCPU%3A1&root_required=%21COMPUTE_STATUS_DISABLED" status: 200 len: 2147 microversion: 1.36 [pid: 7|app: 0|req: 361/723] 10.0.0.2 () {34 vars in 1010 bytes} [Sat Sep 19 03:07:35 2026] GET /allocation_candidates?limit=1000&resources=DISK_GB%3A1%2CMEMORY_MB%3A512%2CVCPU%3A1&root_required=%21COMPUTE_STATUS_DISABLED => generated 2147 bytes in 63 msecs (HTTP/1.1 200) 8 headers in 297 bytes (1 switches on core 0)
2026-09-19 03:07:35.344 8 INFO placement.requestlog [req-2ed3436f-ac15-42d4-8cdd-8db689c2072b req-6c541568-ffa2-45a8-99be-b4eda16f0f37 167b7f99bb7d46d8bda552ac66083a81 b8a0c8cbaeb349e089bb9688e4fbfc4f - - 36ee62253f7f4182bd63d4bfdfe35c33 36ee62253f7f4182bd63d4bfdfe35c33] 10.0.0.2 "GET /allocations/15f3880a-f3ab-4def-beb7-7971000e6210" status: 200 len: 19 microversion: 1.28 [pid: 8|app: 0|req: 363/724] 10.0.0.2 () {34 vars in 859 bytes} [Sat Sep 19 03:07:35 2026] GET /allocations/15f3880a-f3ab-4def-beb7-7971000e6210 => generated 19 bytes in 9 msecs (HTTP/1.1 200) 8 headers in 295 bytes (1 switches on core 0)
2026-09-19 03:07:35.402 7 INFO placement.requestlog [req-2ed3436f-ac15-42d4-8cdd-8db689c2072b req-9d30acbe-30f8-4388-b901-8ba1b2070314 167b7f99bb7d46d8bda552ac66083a81 b8a0c8cbaeb349e089bb9688e4fbfc4f - - 36ee62253f7f4182bd63d4bfdfe35c33 36ee62253f7f4182bd63d4bfdfe35c33] 10.0.0.2 "PUT /allocations/15f3880a-f3ab-4def-beb7-7971000e6210" status: 204 len: 0 microversion: 1.36 [pid: 7|app: 0|req: 362/725] 10.0.0.2 () {38 vars in 912 bytes} [Sat Sep 19 03:07:35 2026] PUT /allocations/15f3880a-f3ab-4def-beb7-7971000e6210 => generated 0 bytes in 50 msecs (HTTP/1.1 204) 5 headers in 199 bytes (1 switches on core 0)
2026-09-19 03:07:35.800 8 INFO placement.requestlog [req-2ed3436f-ac15-42d4-8cdd-8db689c2072b req-59ab031b-70c1-429c-98a1-c76564e98f86 167b7f99bb7d46d8bda552ac66083a81 b8a0c8cbaeb349e089bb9688e4fbfc4f - - 36ee62253f7f4182bd63d4bfdfe35c33 36ee62253f7f4182bd63d4bfdfe35c33] 162.253.55.197 "GET /allocations/15f3880a-f3ab-4def-beb7-7971000e6210" status: 200 len: 257 microversion: 1.28 [pid: 8|app: 0|req: 364/726] 162.253.55.197 () {34 vars in 863 bytes} [Sat Sep 19 03:07:35 2026] GET /allocations/15f3880a-f3ab-4def-beb7-7971000e6210 => generated 257 bytes in 125 msecs (HTTP/1.1 200) 8 headers in 296 bytes (1 switches on core 0)
2026-09-19 03:07:35.919 7 INFO placement.requestlog [req-2ed3436f-ac15-42d4-8cdd-8db689c2072b req-1f378234-543e-4de3-a532-bd80b7e7d46e 167b7f99bb7d46d8bda552ac66083a81 b8a0c8cbaeb349e089bb9688e4fbfc4f - - 36ee62253f7f4182bd63d4bfdfe35c33 36ee62253f7f4182bd63d4bfdfe35c33] 162.253.55.197 "GET /resource_providers?in_tree=5d4402f0-e2e8-40ea-b5da-d92cd17f399e" status: 200 len: 797 microversion: 1.14 [pid: 7|app: 0|req: 363/727] 162.253.55.197 () {34 vars in 892 bytes} [Sat Sep 19 03:07:35 2026] GET /resource_providers?in_tree=5d4402f0-e2e8-40ea-b5da-d92cd17f399e => generated 797 bytes in 20 msecs (HTTP/1.1 200) 6 headers in 225 bytes (1 switches on core 0)
2026-09-19 03:07:35.949 8 INFO placement.requestlog [req-2ed3436f-ac15-42d4-8cdd-8db689c2072b req-47b8da95-0549-4c22-9b5f-71cb2b89b0e5 167b7f99bb7d46d8bda552ac66083a81 b8a0c8cbaeb349e089bb9688e4fbfc4f - - 36ee62253f7f4182bd63d4bfdfe35c33 36ee62253f7f4182bd63d4bfdfe35c33] 162.253.55.197 "GET /resource_providers/5d4402f0-e2e8-40ea-b5da-d92cd17f399e/inventories" status: 200 len: 400 microversion: 1.0 [pid: 8|app: 0|req: 365/728] 162.253.55.197 () {32 vars in 857 bytes} [Sat Sep 19 03:07:35 2026] GET /resource_providers/5d4402f0-e2e8-40ea-b5da-d92cd17f399e/inventories => generated 400 bytes in 22 msecs (HTTP/1.1 200) 6 headers in 224 bytes (1 switches on core 0)
2026-09-19 03:07:35.970 7 INFO placement.requestlog [req-2ed3436f-ac15-42d4-8cdd-8db689c2072b req-163cc147-954d-443e-b6af-804f72290dc6 167b7f99bb7d46d8bda552ac66083a81 b8a0c8cbaeb349e089bb9688e4fbfc4f - - 36ee62253f7f4182bd63d4bfdfe35c33 36ee62253f7f4182bd63d4bfdfe35c33] 162.253.55.197 "GET /resource_providers/5d4402f0-e2e8-40ea-b5da-d92cd17f399e/aggregates" status: 200 len: 53 microversion: 1.19 [pid: 7|app: 0|req: 364/729] 162.253.55.197 () {34 vars in 899 bytes} [Sat Sep 19 03:07:35 2026] GET /resource_providers/5d4402f0-e2e8-40ea-b5da-d92cd17f399e/aggregates => generated 53 bytes in 12 msecs (HTTP/1.1 200) 8 headers in 295 bytes (1 switches on core 0)
2026-09-19 03:07:35.998 8 INFO placement.requestlog [req-2ed3436f-ac15-42d4-8cdd-8db689c2072b req-8d2fffdb-ab8a-4193-b0bc-a7d658739861 167b7f99bb7d46d8bda552ac66083a81 b8a0c8cbaeb349e089bb9688e4fbfc4f - - 36ee62253f7f4182bd63d4bfdfe35c33 36ee62253f7f4182bd63d4bfdfe35c33] 162.253.55.197 "GET /resource_providers/5d4402f0-e2e8-40ea-b5da-d92cd17f399e/traits" status: 200 len: 1682 microversion: 1.6 [pid: 8|app: 0|req: 366/730] 162.253.55.197 () {34 vars in 890 bytes} [Sat Sep 19 03:07:35 2026] GET /resource_providers/5d4402f0-e2e8-40ea-b5da-d92cd17f399e/traits => generated 1682 bytes in 18 msecs (HTTP/1.1 200) 6 headers in 225 bytes (1 switches on core 0)
2026-09-19 03:07:36.020 7 INFO placement.requestlog [req-2ed3436f-ac15-42d4-8cdd-8db689c2072b req-910d91de-fdcc-4e59-8e53-f92b334e340a 167b7f99bb7d46d8bda552ac66083a81 b8a0c8cbaeb349e089bb9688e4fbfc4f - - 36ee62253f7f4182bd63d4bfdfe35c33 36ee62253f7f4182bd63d4bfdfe35c33] 162.253.55.197 "GET /resource_providers/5d4402f0-e2e8-40ea-b5da-d92cd17f399e/allocations" status: 200 len: 152 microversion: 1.0 [pid: 7|app: 0|req: 365/731] 162.253.55.197 () {32 vars in 857 bytes} [Sat Sep 19 03:07:36 2026] GET /resource_providers/5d4402f0-e2e8-40ea-b5da-d92cd17f399e/allocations => generated 152 bytes in 15 msecs (HTTP/1.1 200) 6 headers in 224 bytes (1 switches on core 0)
2026-09-19 03:07:36.037 8 INFO placement.requestlog [req-2ed3436f-ac15-42d4-8cdd-8db689c2072b req-312822b6-e223-4ddb-9694-2537ddad9326 167b7f99bb7d46d8bda552ac66083a81 b8a0c8cbaeb349e089bb9688e4fbfc4f - - 36ee62253f7f4182bd63d4bfdfe35c33 36ee62253f7f4182bd63d4bfdfe35c33] 162.253.55.197 "GET /allocations/15f3880a-f3ab-4def-beb7-7971000e6210" status: 200 len: 257 microversion: 1.28 [pid: 8|app: 0|req: 367/732] 162.253.55.197 () {34 vars in 863 bytes} [Sat Sep 19 03:07:36 2026] GET /allocations/15f3880a-f3ab-4def-beb7-7971000e6210 => generated 257 bytes in 10 msecs (HTTP/1.1 200) 8 headers in 296 bytes (1 switches on core 0)
2026-09-19 03:07:37.419 7 INFO placement.requestlog [None req-45bdda53-81b6-445d-8eea-b0b2a3d0ad9d - - - - - -] 10.0.0.240 "GET /" status: 200 len: 136 microversion: 1.0
2026-09-19 03:07:37.421 8 INFO placement.requestlog [None req-3fdc40bf-fc68-4626-b5f8-e5e5afc87543 - - - - - -] 10.0.0.240 "GET /" status: 200 len: 136 microversion: 1.0
2026-09-19 03:07:40.765 7 INFO placement.requestlog [req-122d31a0-c669-46f3-b071-a3cb16ff3738 req-51678b25-bc10-43d1-b6f3-ce47798f9c97 167b7f99bb7d46d8bda552ac66083a81 b8a0c8cbaeb349e089bb9688e4fbfc4f - - 36ee62253f7f4182bd63d4bfdfe35c33 36ee62253f7f4182bd63d4bfdfe35c33] 162.253.55.197 "GET /resource_providers/5d4402f0-e2e8-40ea-b5da-d92cd17f399e/allocations" status: 200 len: 152 microversion: 1.0 [pid: 7|app: 0|req: 367/735] 162.253.55.197 () {32 vars in 857 bytes} [Sat Sep 19 03:07:40 2026] GET /resource_providers/5d4402f0-e2e8-40ea-b5da-d92cd17f399e/allocations => generated 152 bytes in 25 msecs (HTTP/1.1 200) 6 headers in 224 bytes (1 switches on core 0)
2026-09-19 03:07:40.802 8 INFO placement.requestlog [req-122d31a0-c669-46f3-b071-a3cb16ff3738 req-e1a7f107-06a2-4076-afdc-c5001158cd24 167b7f99bb7d46d8bda552ac66083a81 b8a0c8cbaeb349e089bb9688e4fbfc4f - - 36ee62253f7f4182bd63d4bfdfe35c33 36ee62253f7f4182bd63d4bfdfe35c33] 162.253.55.197 "GET /resource_providers/5d4402f0-e2e8-40ea-b5da-d92cd17f399e/allocations" status: 200 len: 152 microversion: 1.0 [pid: 8|app: 0|req: 369/736] 162.253.55.197 () {32 vars in 857 bytes} [Sat Sep 19 03:07:40 2026] GET /resource_providers/5d4402f0-e2e8-40ea-b5da-d92cd17f399e/allocations => generated 152 bytes in 21 msecs (HTTP/1.1 200) 6 headers in 224 bytes (1 switches on core 0)
2026-09-19 03:07:40.840 7 INFO placement.requestlog [req-122d31a0-c669-46f3-b071-a3cb16ff3738 req-72722c60-d642-4983-9143-596c59dd3f5e 167b7f99bb7d46d8bda552ac66083a81 b8a0c8cbaeb349e089bb9688e4fbfc4f - - 36ee62253f7f4182bd63d4bfdfe35c33 36ee62253f7f4182bd63d4bfdfe35c33] 162.253.55.197 "GET /allocations/15f3880a-f3ab-4def-beb7-7971000e6210" status: 200 len: 257 microversion: 1.28 [pid: 7|app: 0|req: 368/737] 162.253.55.197 () {34 vars in 863 bytes} [Sat Sep 19 03:07:40 2026] GET /allocations/15f3880a-f3ab-4def-beb7-7971000e6210 => generated 257 bytes in 29 msecs (HTTP/1.1 200) 8 headers in 296 bytes (1 switches on core 0)
2026-09-19 03:07:43.484 8 INFO placement.requestlog [None req-4a378a93-327b-450a-9285-dcc7b1cda3fa e9a9b2a4800b48ce822f0d0ebf632657 b8a0c8cbaeb349e089bb9688e4fbfc4f - - 36ee62253f7f4182bd63d4bfdfe35c33 36ee62253f7f4182bd63d4bfdfe35c33] 10.0.0.243 "GET /resource_providers/b5a847ea-75b8-4bbf-bf21-28884ad96f44/aggregates" status: 404 len: 235 microversion: 1.1 [pid: 8|app: 0|req: 370/738] 10.0.0.243 () {32 vars in 825 bytes} [Sat Sep 19 03:07:43 2026] GET /resource_providers/b5a847ea-75b8-4bbf-bf21-28884ad96f44/aggregates => generated 235 bytes in 16 msecs (HTTP/1.1 404) 5 headers in 202 bytes (1 switches on core 0)
2026-09-19 03:07:43.495 7 INFO placement.requestlog [None req-8dcde7e9-3fa1-4a40-bbdd-dfce56e38b67 e9a9b2a4800b48ce822f0d0ebf632657 b8a0c8cbaeb349e089bb9688e4fbfc4f - - 36ee62253f7f4182bd63d4bfdfe35c33 36ee62253f7f4182bd63d4bfdfe35c33] 10.0.0.243 "GET /resource_providers/b5a847ea-75b8-4bbf-bf21-28884ad96f44/aggregates" status: 404 len: 235 microversion: 1.1 [pid: 7|app: 0|req: 369/739] 10.0.0.243 () {32 vars in 825 bytes} [Sat Sep 19 03:07:43 2026] GET /resource_providers/b5a847ea-75b8-4bbf-bf21-28884ad96f44/aggregates => generated 235 bytes in 19 msecs (HTTP/1.1 404) 5 headers in 202 bytes (1 switches on core 0)
2026-09-19 03:07:43.522 8 INFO placement.requestlog [None req-ecaf28f5-7123-406f-94b3-16ecdd88c2bd e9a9b2a4800b48ce822f0d0ebf632657 b8a0c8cbaeb349e089bb9688e4fbfc4f - - 36ee62253f7f4182bd63d4bfdfe35c33 36ee62253f7f4182bd63d4bfdfe35c33] 10.0.0.243 "DELETE /resource_providers/b5a847ea-75b8-4bbf-bf21-28884ad96f44" status: 404 len: 246 microversion: 1.1 [pid: 8|app: 0|req: 371/740] 10.0.0.243 () {34 vars in 825 bytes} [Sat Sep 19 03:07:43 2026] DELETE /resource_providers/b5a847ea-75b8-4bbf-bf21-28884ad96f44 => generated 246 bytes in 18 msecs (HTTP/1.1 404) 6 headers in 231 bytes (1 switches on core 0)
2026-09-19 03:07:43.537 7 INFO placement.requestlog [None req-20a3efb1-c18b-4dd2-8151-e325a7dd4e0c e9a9b2a4800b48ce822f0d0ebf632657 b8a0c8cbaeb349e089bb9688e4fbfc4f - - 36ee62253f7f4182bd63d4bfdfe35c33 36ee62253f7f4182bd63d4bfdfe35c33] 10.0.0.243 "DELETE /resource_providers/b5a847ea-75b8-4bbf-bf21-28884ad96f44" status: 404 len: 246 microversion: 1.1 [pid: 7|app: 0|req: 370/741] 10.0.0.243 () {34 vars in 825 bytes} [Sat Sep 19 03:07:43 2026] DELETE /resource_providers/b5a847ea-75b8-4bbf-bf21-28884ad96f44 => generated 246 bytes in 21 msecs (HTTP/1.1 404) 6 headers in 231 bytes (1 switches on core 0)
2026-09-19 03:07:46.376 8 INFO placement.requestlog [req-37bce82c-b54f-45a2-af98-5ce7f99ad8f2 req-37580eb1-7ad6-4ad9-9f44-1c20f25f29ca 167b7f99bb7d46d8bda552ac66083a81 b8a0c8cbaeb349e089bb9688e4fbfc4f - - 36ee62253f7f4182bd63d4bfdfe35c33 36ee62253f7f4182bd63d4bfdfe35c33] 10.0.0.2 "GET /allocation_candidates?limit=1000&resources=DISK_GB%3A1%2CMEMORY_MB%3A512%2CVCPU%3A1&root_required=%21COMPUTE_STATUS_DISABLED" status: 200 len: 2149 microversion: 1.36 [pid: 8|app: 0|req: 372/742] 10.0.0.2 () {34 vars in 1010 bytes} [Sat Sep 19 03:07:46 2026] GET /allocation_candidates?limit=1000&resources=DISK_GB%3A1%2CMEMORY_MB%3A512%2CVCPU%3A1&root_required=%21COMPUTE_STATUS_DISABLED => generated 2149 bytes in 63 msecs (HTTP/1.1 200) 8 headers in 297 bytes (1 switches on core 0)
2026-09-19 03:07:46.422 7 INFO placement.requestlog [req-37bce82c-b54f-45a2-af98-5ce7f99ad8f2 req-8648ccad-fe60-414f-a35f-d0f5a026d698 167b7f99bb7d46d8bda552ac66083a81 b8a0c8cbaeb349e089bb9688e4fbfc4f - - 36ee62253f7f4182bd63d4bfdfe35c33 36ee62253f7f4182bd63d4bfdfe35c33] 10.0.0.2 "GET /allocations/1f7e0d98-8696-4fa4-842e-881898b68d07" status: 200 len: 19 microversion: 1.28 [pid: 7|app: 0|req: 371/743] 10.0.0.2 () {34 vars in 859 bytes} [Sat Sep 19 03:07:46 2026] GET /allocations/1f7e0d98-8696-4fa4-842e-881898b68d07 => generated 19 bytes in 15 msecs (HTTP/1.1 200) 8 headers in 295 bytes (1 switches on core 0)
2026-09-19 03:07:46.522 8 INFO placement.requestlog [req-37bce82c-b54f-45a2-af98-5ce7f99ad8f2 req-c264a165-7da7-4e50-b77a-08c19577a09a 167b7f99bb7d46d8bda552ac66083a81 b8a0c8cbaeb349e089bb9688e4fbfc4f - - 36ee62253f7f4182bd63d4bfdfe35c33 36ee62253f7f4182bd63d4bfdfe35c33] 10.0.0.2 "PUT /allocations/1f7e0d98-8696-4fa4-842e-881898b68d07" status: 204 len: 0 microversion: 1.36 [pid: 8|app: 0|req: 373/744] 10.0.0.2 () {38 vars in 912 bytes} [Sat Sep 19 03:07:46 2026] PUT /allocations/1f7e0d98-8696-4fa4-842e-881898b68d07 => generated 0 bytes in 89 msecs (HTTP/1.1 204) 5 headers in 199 bytes (1 switches on core 0)
2026-09-19 03:07:46.831 7 INFO placement.requestlog [req-37bce82c-b54f-45a2-af98-5ce7f99ad8f2 req-79c2b8aa-667b-4f37-b2d1-663fe1a68a36 167b7f99bb7d46d8bda552ac66083a81 b8a0c8cbaeb349e089bb9688e4fbfc4f - - 36ee62253f7f4182bd63d4bfdfe35c33 36ee62253f7f4182bd63d4bfdfe35c33] 162.253.55.197 "GET /allocations/1f7e0d98-8696-4fa4-842e-881898b68d07" status: 200 len: 257 microversion: 1.28 [pid: 7|app: 0|req: 372/745] 162.253.55.197 () {34 vars in 863 bytes} [Sat Sep 19 03:07:46 2026] GET /allocations/1f7e0d98-8696-4fa4-842e-881898b68d07 => generated 257 bytes in 18 msecs (HTTP/1.1 200) 8 headers in 296 bytes (1 switches on core 0)
2026-09-19 03:07:46.969 8 INFO placement.requestlog [req-37bce82c-b54f-45a2-af98-5ce7f99ad8f2 req-3541a178-9d85-4ea7-aee1-c18014b0f44f 167b7f99bb7d46d8bda552ac66083a81 b8a0c8cbaeb349e089bb9688e4fbfc4f - - 36ee62253f7f4182bd63d4bfdfe35c33 36ee62253f7f4182bd63d4bfdfe35c33] 162.253.55.197 "GET /resource_providers/5d4402f0-e2e8-40ea-b5da-d92cd17f399e/allocations" status: 200 len: 252 microversion: 1.0 [pid: 8|app: 0|req: 374/746] 162.253.55.197 () {32 vars in 857 bytes} [Sat Sep 19 03:07:46 2026] GET /resource_providers/5d4402f0-e2e8-40ea-b5da-d92cd17f399e/allocations => generated 252 bytes in 27 msecs (HTTP/1.1 200) 6 headers in 224 bytes (1 switches on core 0)
2026-09-19 03:07:46.998 7 INFO placement.requestlog [req-37bce82c-b54f-45a2-af98-5ce7f99ad8f2 req-8ef08b3d-0c70-41f8-a385-137214e51752 167b7f99bb7d46d8bda552ac66083a81 b8a0c8cbaeb349e089bb9688e4fbfc4f - - 36ee62253f7f4182bd63d4bfdfe35c33 36ee62253f7f4182bd63d4bfdfe35c33] 162.253.55.197 "GET /allocations/15f3880a-f3ab-4def-beb7-7971000e6210" status: 200 len: 257 microversion: 1.28 [pid: 7|app: 0|req: 373/747] 162.253.55.197 () {34 vars in 863 bytes} [Sat Sep 19 03:07:46 2026] GET /allocations/15f3880a-f3ab-4def-beb7-7971000e6210 => generated 257 bytes in 19 msecs (HTTP/1.1 200) 8 headers in 296 bytes (1 switches on core 0)
2026-09-19 03:07:47.028 8 INFO placement.requestlog [req-37bce82c-b54f-45a2-af98-5ce7f99ad8f2 req-88bed555-3884-4c2d-9571-06a6dc7013c4 167b7f99bb7d46d8bda552ac66083a81 b8a0c8cbaeb349e089bb9688e4fbfc4f - - 36ee62253f7f4182bd63d4bfdfe35c33 36ee62253f7f4182bd63d4bfdfe35c33] 162.253.55.197 "GET /allocations/1f7e0d98-8696-4fa4-842e-881898b68d07" status: 200 len: 257 microversion: 1.28 [pid: 8|app: 0|req: 375/748] 162.253.55.197 () {34 vars in 863 bytes} [Sat Sep 19 03:07:47 2026] GET /allocations/1f7e0d98-8696-4fa4-842e-881898b68d07 => generated 257 bytes in 20 msecs (HTTP/1.1 200) 8 headers in 296 bytes (1 switches on core 0)
2026-09-19 03:07:47.080 8 INFO placement.requestlog [None req-fd3460ce-e6ce-4a30-ade8-a3d82e8801dd e9a9b2a4800b48ce822f0d0ebf632657 b8a0c8cbaeb349e089bb9688e4fbfc4f - - 36ee62253f7f4182bd63d4bfdfe35c33 36ee62253f7f4182bd63d4bfdfe35c33] 10.0.0.243 "GET /resource_providers/99a168c8-0930-4a45-989d-22b5206fca54/aggregates" status: 404 len: 235 microversion: 1.1 [pid: 8|app: 0|req: 376/749] 10.0.0.243 () {32 vars in 825 bytes} [Sat Sep 19 03:07:47 2026] GET /resource_providers/99a168c8-0930-4a45-989d-22b5206fca54/aggregates => generated 235 bytes in 14 msecs (HTTP/1.1 404) 5 headers in 202 bytes (1 switches on core 0)
2026-09-19 03:07:47.089 7 INFO placement.requestlog [None req-a566d02d-69bb-4bad-9050-e0a917a5359a e9a9b2a4800b48ce822f0d0ebf632657 b8a0c8cbaeb349e089bb9688e4fbfc4f - - 36ee62253f7f4182bd63d4bfdfe35c33 36ee62253f7f4182bd63d4bfdfe35c33] 10.0.0.243 "GET /resource_providers/99a168c8-0930-4a45-989d-22b5206fca54/aggregates" status: 404 len: 235 microversion: 1.1 [pid: 7|app: 0|req: 374/750] 10.0.0.243 () {32 vars in 825 bytes} [Sat Sep 19 03:07:47 2026] GET /resource_providers/99a168c8-0930-4a45-989d-22b5206fca54/aggregates => generated 235 bytes in 27 msecs (HTTP/1.1 404) 5 headers in 202 bytes (1 switches on core 0)
2026-09-19 03:07:47.100 8 INFO placement.requestlog [None req-8124a6da-f536-4248-83b0-e289311dc85c e9a9b2a4800b48ce822f0d0ebf632657 b8a0c8cbaeb349e089bb9688e4fbfc4f - - 36ee62253f7f4182bd63d4bfdfe35c33 36ee62253f7f4182bd63d4bfdfe35c33] 10.0.0.243 "DELETE /resource_providers/99a168c8-0930-4a45-989d-22b5206fca54" status: 404 len: 246 microversion: 1.1 [pid: 8|app: 0|req: 377/751] 10.0.0.243 () {34 vars in 825 bytes} [Sat Sep 19 03:07:47 2026] DELETE /resource_providers/99a168c8-0930-4a45-989d-22b5206fca54 => generated 246 bytes in 13 msecs (HTTP/1.1 404) 6 headers in 231 bytes (1 switches on core 0)
2026-09-19 03:07:47.113 7 INFO placement.requestlog [None req-04d48bf5-afd3-4c6f-944f-b023a1add4b3 e9a9b2a4800b48ce822f0d0ebf632657 b8a0c8cbaeb349e089bb9688e4fbfc4f - - 36ee62253f7f4182bd63d4bfdfe35c33 36ee62253f7f4182bd63d4bfdfe35c33] 10.0.0.243 "DELETE /resource_providers/99a168c8-0930-4a45-989d-22b5206fca54" status: 404 len: 246 microversion: 1.1 [pid: 7|app: 0|req: 375/752] 10.0.0.243 () {34 vars in 825 bytes} [Sat Sep 19 03:07:47 2026] DELETE /resource_providers/99a168c8-0930-4a45-989d-22b5206fca54 => generated 246 bytes in 16 msecs (HTTP/1.1 404) 6 headers in 231 bytes (1 switches on core 0)
2026-09-19 03:07:47.419 8 INFO placement.requestlog [None req-3db0cbf2-2e7d-427c-9339-876cc27fa37b - - - - - -] 10.0.0.240 "GET /" status: 200 len: 136 microversion: 1.0
2026-09-19 03:07:47.419 7 INFO placement.requestlog [None req-e5557980-6128-481b-aefe-8f05f4aede52 - - - - - -] 10.0.0.240 "GET /" status: 200 len: 136 microversion: 1.0
2026-09-19 03:07:49.260 8 INFO placement.requestlog [None req-d937a1c9-b788-4f83-bb2b-2e72e3dd2cc1 e9a9b2a4800b48ce822f0d0ebf632657 b8a0c8cbaeb349e089bb9688e4fbfc4f - - 36ee62253f7f4182bd63d4bfdfe35c33 36ee62253f7f4182bd63d4bfdfe35c33] 10.0.0.243 "GET /resource_providers/3ead585b-53e8-4edd-a15e-545bb1b91130/aggregates" status: 404 len: 235 microversion: 1.1 [pid: 8|app: 0|req: 379/755] 10.0.0.243 () {32 vars in 825 bytes} [Sat Sep 19 03:07:49 2026] GET /resource_providers/3ead585b-53e8-4edd-a15e-545bb1b91130/aggregates => generated 235 bytes in 10 msecs (HTTP/1.1 404) 5 headers in 202 bytes (1 switches on core 0)
2026-09-19 03:07:49.263 7 INFO placement.requestlog [None req-0e973785-5b44-4389-92f8-e7b52ee4660f e9a9b2a4800b48ce822f0d0ebf632657 b8a0c8cbaeb349e089bb9688e4fbfc4f - - 36ee62253f7f4182bd63d4bfdfe35c33 36ee62253f7f4182bd63d4bfdfe35c33] 10.0.0.243 "GET /resource_providers/3ead585b-53e8-4edd-a15e-545bb1b91130/aggregates" status: 404 len: 235 microversion: 1.1 [pid: 7|app: 0|req: 377/756] 10.0.0.243 () {32 vars in 825 bytes} [Sat Sep 19 03:07:49 2026] GET /resource_providers/3ead585b-53e8-4edd-a15e-545bb1b91130/aggregates => generated 235 bytes in 13 msecs (HTTP/1.1 404) 5 headers in 202 bytes (1 switches on core 0)
2026-09-19 03:07:49.286 7 INFO placement.requestlog [None req-53817603-a490-406b-82cc-7951ea455e99 e9a9b2a4800b48ce822f0d0ebf632657 b8a0c8cbaeb349e089bb9688e4fbfc4f - - 36ee62253f7f4182bd63d4bfdfe35c33 36ee62253f7f4182bd63d4bfdfe35c33] 10.0.0.243 "DELETE /resource_providers/3ead585b-53e8-4edd-a15e-545bb1b91130" status: 404 len: 246 microversion: 1.1 [pid: 7|app: 0|req: 378/757] 10.0.0.243 () {34 vars in 825 bytes} [Sat Sep 19 03:07:49 2026] DELETE /resource_providers/3ead585b-53e8-4edd-a15e-545bb1b91130 => generated 246 bytes in 9 msecs (HTTP/1.1 404) 6 headers in 231 bytes (1 switches on core 0)
2026-09-19 03:07:49.289 8 INFO placement.requestlog [None req-11e12dd9-dc1c-4ed9-a761-376313850998 e9a9b2a4800b48ce822f0d0ebf632657 b8a0c8cbaeb349e089bb9688e4fbfc4f - - 36ee62253f7f4182bd63d4bfdfe35c33 36ee62253f7f4182bd63d4bfdfe35c33] 10.0.0.243 "DELETE /resource_providers/3ead585b-53e8-4edd-a15e-545bb1b91130" status: 404 len: 246 microversion: 1.1 [pid: 8|app: 0|req: 380/758] 10.0.0.243 () {34 vars in 825 bytes} [Sat Sep 19 03:07:49 2026] DELETE /resource_providers/3ead585b-53e8-4edd-a15e-545bb1b91130 => generated 246 bytes in 12 msecs (HTTP/1.1 404) 6 headers in 231 bytes (1 switches on core 0)
2026-09-19 03:07:53.341 8 INFO placement.requestlog [None req-9f010d1c-22b9-40c8-b428-aa1bcc40cb0d e9a9b2a4800b48ce822f0d0ebf632657 b8a0c8cbaeb349e089bb9688e4fbfc4f - - 36ee62253f7f4182bd63d4bfdfe35c33 36ee62253f7f4182bd63d4bfdfe35c33] 10.0.0.243 "GET /resource_providers/7a3f2672-a94a-4e37-9617-bfbf70b41582/aggregates" status: 404 len: 235 microversion: 1.1 [pid: 8|app: 0|req: 381/759] 10.0.0.243 () {32 vars in 825 bytes} [Sat Sep 19 03:07:53 2026] GET /resource_providers/7a3f2672-a94a-4e37-9617-bfbf70b41582/aggregates => generated 235 bytes in 14 msecs (HTTP/1.1 404) 5 headers in 202 bytes (1 switches on core 0)
2026-09-19 03:07:53.344 7 INFO placement.requestlog [None req-5e528abf-0a62-402f-bec0-c732d5054213 e9a9b2a4800b48ce822f0d0ebf632657 b8a0c8cbaeb349e089bb9688e4fbfc4f - - 36ee62253f7f4182bd63d4bfdfe35c33 36ee62253f7f4182bd63d4bfdfe35c33] 10.0.0.243 "GET /resource_providers/7a3f2672-a94a-4e37-9617-bfbf70b41582/aggregates" status: 404 len: 235 microversion: 1.1 [pid: 7|app: 0|req: 379/760] 10.0.0.243 () {32 vars in 825 bytes} [Sat Sep 19 03:07:53 2026] GET /resource_providers/7a3f2672-a94a-4e37-9617-bfbf70b41582/aggregates => generated 235 bytes in 19 msecs (HTTP/1.1 404) 5 headers in 202 bytes (1 switches on core 0)
2026-09-19 03:07:53.388 7 INFO placement.requestlog [None req-cadb08ac-27a9-4017-bb93-93997b775a44 e9a9b2a4800b48ce822f0d0ebf632657 b8a0c8cbaeb349e089bb9688e4fbfc4f - - 36ee62253f7f4182bd63d4bfdfe35c33 36ee62253f7f4182bd63d4bfdfe35c33] 10.0.0.243 "DELETE /resource_providers/7a3f2672-a94a-4e37-9617-bfbf70b41582" status: 404 len: 246 microversion: 1.1 [pid: 7|app: 0|req: 380/761] 10.0.0.243 () {34 vars in 825 bytes} [Sat Sep 19 03:07:53 2026] DELETE /resource_providers/7a3f2672-a94a-4e37-9617-bfbf70b41582 => generated 246 bytes in 14 msecs (HTTP/1.1 404) 6 headers in 231 bytes (1 switches on core 0)
2026-09-19 03:07:53.391 8 INFO placement.requestlog [None req-3724564b-d581-422b-8f2a-761a94e83cab e9a9b2a4800b48ce822f0d0ebf632657 b8a0c8cbaeb349e089bb9688e4fbfc4f - - 36ee62253f7f4182bd63d4bfdfe35c33 36ee62253f7f4182bd63d4bfdfe35c33] 10.0.0.243 "DELETE /resource_providers/7a3f2672-a94a-4e37-9617-bfbf70b41582" status: 404 len: 246 microversion: 1.1 [pid: 8|app: 0|req: 382/762] 10.0.0.243 () {34 vars in 825 bytes} [Sat Sep 19 03:07:53 2026] DELETE /resource_providers/7a3f2672-a94a-4e37-9617-bfbf70b41582 => generated 246 bytes in 18 msecs (HTTP/1.1 404) 6 headers in 231 bytes (1 switches on core 0)
2026-09-19 03:07:54.338 7 INFO placement.requestlog [req-9138e937-6c33-4000-aa23-c98917a64c11 req-359f8dae-b0f0-4318-b3dd-9840534a36e1 167b7f99bb7d46d8bda552ac66083a81 b8a0c8cbaeb349e089bb9688e4fbfc4f - - 36ee62253f7f4182bd63d4bfdfe35c33 36ee62253f7f4182bd63d4bfdfe35c33] 162.253.55.197 "GET /resource_providers/5d4402f0-e2e8-40ea-b5da-d92cd17f399e/allocations" status: 200 len: 252 microversion: 1.0 [pid: 7|app: 0|req: 381/763] 162.253.55.197 () {32 vars in 857 bytes} [Sat Sep 19 03:07:54 2026] GET /resource_providers/5d4402f0-e2e8-40ea-b5da-d92cd17f399e/allocations => generated 252 bytes in 23 msecs (HTTP/1.1 200) 6 headers in 224 bytes (1 switches on core 0)
2026-09-19 03:07:54.360 8 INFO placement.requestlog [req-9138e937-6c33-4000-aa23-c98917a64c11 req-8793c711-2de9-43b5-8316-4e0829396e55 167b7f99bb7d46d8bda552ac66083a81 b8a0c8cbaeb349e089bb9688e4fbfc4f - - 36ee62253f7f4182bd63d4bfdfe35c33 36ee62253f7f4182bd63d4bfdfe35c33] 162.253.55.197 "GET /allocations/15f3880a-f3ab-4def-beb7-7971000e6210" status: 200 len: 257 microversion: 1.28 [pid: 8|app: 0|req: 383/764] 162.253.55.197 () {34 vars in 863 bytes} [Sat Sep 19 03:07:54 2026] GET /allocations/15f3880a-f3ab-4def-beb7-7971000e6210 => generated 257 bytes in 15 msecs (HTTP/1.1 200) 8 headers in 296 bytes (1 switches on core 0)
2026-09-19 03:07:54.395 7 INFO placement.requestlog [req-9138e937-6c33-4000-aa23-c98917a64c11 req-dce25287-43c2-40db-b4bf-8364e525703f 167b7f99bb7d46d8bda552ac66083a81 b8a0c8cbaeb349e089bb9688e4fbfc4f - - 36ee62253f7f4182bd63d4bfdfe35c33 36ee62253f7f4182bd63d4bfdfe35c33] 162.253.55.197 "GET /allocations/1f7e0d98-8696-4fa4-842e-881898b68d07" status: 200 len: 257 microversion: 1.28 [pid: 7|app: 0|req: 382/765] 162.253.55.197 () {34 vars in 863 bytes} [Sat Sep 19 03:07:54 2026] GET /allocations/1f7e0d98-8696-4fa4-842e-881898b68d07 => generated 257 bytes in 18 msecs (HTTP/1.1 200) 8 headers in 296 bytes (1 switches on core 0)
2026-09-19 03:07:54.479 8 INFO placement.requestlog [req-9138e937-6c33-4000-aa23-c98917a64c11 req-31d1e346-f8f8-45d4-a2ac-ec9a8ab084bc 167b7f99bb7d46d8bda552ac66083a81 b8a0c8cbaeb349e089bb9688e4fbfc4f - - 36ee62253f7f4182bd63d4bfdfe35c33 36ee62253f7f4182bd63d4bfdfe35c33] 162.253.55.197 "DELETE /allocations/1f7e0d98-8696-4fa4-842e-881898b68d07" status: 204 len: 0 microversion: 1.0 [pid: 8|app: 0|req: 384/766] 162.253.55.197 () {34 vars in 841 bytes} [Sat Sep 19 03:07:54 2026] DELETE /allocations/1f7e0d98-8696-4fa4-842e-881898b68d07 => generated 0 bytes in 27 msecs (HTTP/1.1 204) 5 headers in 198 bytes (1 switches on core 0)
2026-09-19 03:07:57.419 7 INFO placement.requestlog [None req-253fa443-3f46-4404-99f5-8de7575ec517 - - - - - -] 10.0.0.240 "GET /" status: 200 len: 136 microversion: 1.0
2026-09-19 03:07:57.421 8 INFO placement.requestlog [None req-bce201d2-8ccc-478a-8e35-be703425438a - - - - - -] 10.0.0.240 "GET /" status: 200 len: 136 microversion: 1.0
2026-09-19 03:07:59.772 7 INFO placement.requestlog [None req-4d115a4c-ac20-48de-9ac2-b01df0526e10 e9a9b2a4800b48ce822f0d0ebf632657 b8a0c8cbaeb349e089bb9688e4fbfc4f - - 36ee62253f7f4182bd63d4bfdfe35c33 36ee62253f7f4182bd63d4bfdfe35c33] 10.0.0.243 "GET /resource_providers/4ac0403b-c41c-4a3f-b92e-a2a7e4987bc2/aggregates" status: 404 len: 235 microversion: 1.1 [pid: 7|app: 0|req: 384/769] 10.0.0.243 () {32 vars in 825 bytes} [Sat Sep 19 03:07:59 2026] GET /resource_providers/4ac0403b-c41c-4a3f-b92e-a2a7e4987bc2/aggregates => generated 235 bytes in 22 msecs (HTTP/1.1 404) 5 headers in 202 bytes (1 switches on core 0)
2026-09-19 03:07:59.773 8 INFO placement.requestlog [None req-93dc9f17-e9c9-43d6-96b9-9555868dd28c e9a9b2a4800b48ce822f0d0ebf632657 b8a0c8cbaeb349e089bb9688e4fbfc4f - - 36ee62253f7f4182bd63d4bfdfe35c33 36ee62253f7f4182bd63d4bfdfe35c33] 10.0.0.243 "GET /resource_providers/4ac0403b-c41c-4a3f-b92e-a2a7e4987bc2/aggregates" status: 404 len: 235 microversion: 1.1 [pid: 8|app: 0|req: 386/770] 10.0.0.243 () {32 vars in 825 bytes} [Sat Sep 19 03:07:59 2026] GET /resource_providers/4ac0403b-c41c-4a3f-b92e-a2a7e4987bc2/aggregates => generated 235 bytes in 23 msecs (HTTP/1.1 404) 5 headers in 202 bytes (1 switches on core 0)
2026-09-19 03:07:59.825 8 INFO placement.requestlog [None req-2206fc65-5154-4705-849f-0693a5c9d5cd e9a9b2a4800b48ce822f0d0ebf632657 b8a0c8cbaeb349e089bb9688e4fbfc4f - - 36ee62253f7f4182bd63d4bfdfe35c33 36ee62253f7f4182bd63d4bfdfe35c33] 10.0.0.243 "DELETE /resource_providers/4ac0403b-c41c-4a3f-b92e-a2a7e4987bc2" status: 404 len: 246 microversion: 1.1 [pid: 8|app: 0|req: 387/771] 10.0.0.243 () {34 vars in 825 bytes} [Sat Sep 19 03:07:59 2026] DELETE /resource_providers/4ac0403b-c41c-4a3f-b92e-a2a7e4987bc2 => generated 246 bytes in 13 msecs (HTTP/1.1 404) 6 headers in 231 bytes (1 switches on core 0)
2026-09-19 03:07:59.827 7 INFO placement.requestlog [None req-abd49eab-a2ea-442d-8e66-8a702cb06b37 e9a9b2a4800b48ce822f0d0ebf632657 b8a0c8cbaeb349e089bb9688e4fbfc4f - - 36ee62253f7f4182bd63d4bfdfe35c33 36ee62253f7f4182bd63d4bfdfe35c33] 10.0.0.243 "DELETE /resource_providers/4ac0403b-c41c-4a3f-b92e-a2a7e4987bc2" status: 404 len: 246 microversion: 1.1 [pid: 7|app: 0|req: 385/772] 10.0.0.243 () {34 vars in 825 bytes} [Sat Sep 19 03:07:59 2026] DELETE /resource_providers/4ac0403b-c41c-4a3f-b92e-a2a7e4987bc2 => generated 246 bytes in 15 msecs (HTTP/1.1 404) 6 headers in 231 bytes (1 switches on core 0)
2026-09-19 03:07:59.968 8 INFO placement.requestlog [None req-f48de785-253b-4516-8373-d260459cc4a4 e9a9b2a4800b48ce822f0d0ebf632657 b8a0c8cbaeb349e089bb9688e4fbfc4f - - 36ee62253f7f4182bd63d4bfdfe35c33 36ee62253f7f4182bd63d4bfdfe35c33] 10.0.0.243 "GET /resource_providers/97d5ea94-765a-4a18-8c9b-a64200f70660/aggregates" status: 404 len: 235 microversion: 1.1 [pid: 8|app: 0|req: 388/773] 10.0.0.243 () {32 vars in 825 bytes} [Sat Sep 19 03:07:59 2026] GET /resource_providers/97d5ea94-765a-4a18-8c9b-a64200f70660/aggregates => generated 235 bytes in 13 msecs (HTTP/1.1 404) 5 headers in 202 bytes (1 switches on core 0)
2026-09-19 03:07:59.990 7 INFO placement.requestlog [None req-cb550a2f-2e85-4521-8263-6390f843e7d5 e9a9b2a4800b48ce822f0d0ebf632657 b8a0c8cbaeb349e089bb9688e4fbfc4f - - 36ee62253f7f4182bd63d4bfdfe35c33 36ee62253f7f4182bd63d4bfdfe35c33] 10.0.0.243 "GET /resource_providers/97d5ea94-765a-4a18-8c9b-a64200f70660/aggregates" status: 404 len: 235 microversion: 1.1 [pid: 7|app: 0|req: 386/774] 10.0.0.243 () {32 vars in 825 bytes} [Sat Sep 19 03:07:59 2026] GET /resource_providers/97d5ea94-765a-4a18-8c9b-a64200f70660/aggregates => generated 235 bytes in 32 msecs (HTTP/1.1 404) 5 headers in 202 bytes (1 switches on core 0)
2026-09-19 03:07:59.998 8 INFO placement.requestlog [None req-cf15012c-d0ad-47e6-aabe-8ad2159f0229 e9a9b2a4800b48ce822f0d0ebf632657 b8a0c8cbaeb349e089bb9688e4fbfc4f - - 36ee62253f7f4182bd63d4bfdfe35c33 36ee62253f7f4182bd63d4bfdfe35c33] 10.0.0.243 "DELETE /resource_providers/97d5ea94-765a-4a18-8c9b-a64200f70660" status: 404 len: 246 microversion: 1.1 [pid: 8|app: 0|req: 389/775] 10.0.0.243 () {34 vars in 825 bytes} [Sat Sep 19 03:07:59 2026] DELETE /resource_providers/97d5ea94-765a-4a18-8c9b-a64200f70660 => generated 246 bytes in 18 msecs (HTTP/1.1 404) 6 headers in 231 bytes (1 switches on core 0)
2026-09-19 03:08:00.011 7 INFO placement.requestlog [None req-ed439d24-2138-4fd4-947d-52e937f1f4c2 e9a9b2a4800b48ce822f0d0ebf632657 b8a0c8cbaeb349e089bb9688e4fbfc4f - - 36ee62253f7f4182bd63d4bfdfe35c33 36ee62253f7f4182bd63d4bfdfe35c33] 10.0.0.243 "DELETE /resource_providers/97d5ea94-765a-4a18-8c9b-a64200f70660" status: 404 len: 246 microversion: 1.1 [pid: 7|app: 0|req: 387/776] 10.0.0.243 () {34 vars in 825 bytes} [Sat Sep 19 03:07:59 2026] DELETE /resource_providers/97d5ea94-765a-4a18-8c9b-a64200f70660 => generated 246 bytes in 15 msecs (HTTP/1.1 404) 6 headers in 231 bytes (1 switches on core 0)
2026-09-19 03:08:02.028 8 INFO placement.requestlog [None req-35cd123e-5ff0-4352-93ec-e76d7eb95df1 e9a9b2a4800b48ce822f0d0ebf632657 b8a0c8cbaeb349e089bb9688e4fbfc4f - - 36ee62253f7f4182bd63d4bfdfe35c33 36ee62253f7f4182bd63d4bfdfe35c33] 10.0.0.243 "GET /resource_providers/4317b03c-0bd1-4a5a-ada3-937980befb8e/aggregates" status: 404 len: 235 microversion: 1.1 [pid: 8|app: 0|req: 390/777] 10.0.0.243 () {32 vars in 825 bytes} [Sat Sep 19 03:08:02 2026] GET /resource_providers/4317b03c-0bd1-4a5a-ada3-937980befb8e/aggregates => generated 235 bytes in 14 msecs (HTTP/1.1 404) 5 headers in 202 bytes (1 switches on core 0)
2026-09-19 03:08:02.034 7 INFO placement.requestlog [None req-4c3dfc64-93f0-40c2-98e2-2f8f8dca745c e9a9b2a4800b48ce822f0d0ebf632657 b8a0c8cbaeb349e089bb9688e4fbfc4f - - 36ee62253f7f4182bd63d4bfdfe35c33 36ee62253f7f4182bd63d4bfdfe35c33] 10.0.0.243 "GET /resource_providers/4317b03c-0bd1-4a5a-ada3-937980befb8e/aggregates" status: 404 len: 235 microversion: 1.1 [pid: 7|app: 0|req: 388/778] 10.0.0.243 () {32 vars in 825 bytes} [Sat Sep 19 03:08:02 2026] GET /resource_providers/4317b03c-0bd1-4a5a-ada3-937980befb8e/aggregates => generated 235 bytes in 14 msecs (HTTP/1.1 404) 5 headers in 202 bytes (1 switches on core 0)
