2026-07-09 13:47:42.464 8 INFO neutron.api.extensions [None req-9491d987-e44e-4999-854d-6a86a77226a3 - - - - - -] Loaded extension: port-mac-address-regenerate
2026-07-09 13:47:42.464 8 INFO neutron.api.extensions [None req-9491d987-e44e-4999-854d-6a86a77226a3 - - - - - -] Loaded extension: port-numa-affinity-policy
2026-07-09 13:47:42.465 7 INFO neutron.quota.resource_registry [None req-dd9ffac8-b32a-4344-8210-52b86b108941 - - - - - -] Creating instance of TrackedResource for resource:router
2026-07-09 13:47:42.465 8 INFO neutron.api.extensions [None req-9491d987-e44e-4999-854d-6a86a77226a3 - - - - - -] Loaded extension: port-resource-request
2026-07-09 13:47:42.465 7 INFO neutron.quota.resource_registry [None req-dd9ffac8-b32a-4344-8210-52b86b108941 - - - - - -] Creating instance of TrackedResource for resource:floatingip
2026-07-09 13:47:42.465 8 INFO neutron.api.extensions [None req-9491d987-e44e-4999-854d-6a86a77226a3 - - - - - -] Loaded extension: port-resource-request-groups
2026-07-09 13:47:42.466 8 INFO neutron.api.extensions [None req-9491d987-e44e-4999-854d-6a86a77226a3 - - - - - -] Loaded extension: binding
2026-07-09 13:47:42.467 8 INFO neutron.api.extensions [None req-9491d987-e44e-4999-854d-6a86a77226a3 - - - - - -] Loaded extension: binding-extended
2026-07-09 13:47:42.467 8 INFO neutron.api.extensions [None req-9491d987-e44e-4999-854d-6a86a77226a3 - - - - - -] Loaded extension: port-security
2026-07-09 13:47:42.468 8 INFO neutron.api.extensions [None req-9491d987-e44e-4999-854d-6a86a77226a3 - - - - - -] Loaded extension: project-id
2026-07-09 13:47:42.468 8 INFO neutron.api.extensions [None req-9491d987-e44e-4999-854d-6a86a77226a3 - - - - - -] Loaded extension: provider
2026-07-09 13:47:42.471 8 INFO neutron.api.extensions [None req-9491d987-e44e-4999-854d-6a86a77226a3 - - - - - -] Loaded extension: qos
2026-07-09 13:47:42.472 8 INFO neutron.api.extensions [None req-9491d987-e44e-4999-854d-6a86a77226a3 - - - - - -] Loaded extension: qos-bw-limit-direction
2026-07-09 13:47:42.472 7 INFO neutron.quota.resource_registry [None req-dd9ffac8-b32a-4344-8210-52b86b108941 - - - - - -] Creating instance of CountableResource for resource:rbac_policy
2026-07-09 13:47:42.472 8 INFO neutron.api.extensions [None req-9491d987-e44e-4999-854d-6a86a77226a3 - - - - - -] Loaded extension: qos-bw-minimum-ingress
2026-07-09 13:47:42.473 8 INFO neutron.api.extensions [None req-9491d987-e44e-4999-854d-6a86a77226a3 - - - - - -] Loaded extension: qos-default
2026-07-09 13:47:42.473 7 INFO neutron.quota.resource_registry [None req-dd9ffac8-b32a-4344-8210-52b86b108941 - - - - - -] Creating instance of TrackedResource for resource:security_group
2026-07-09 13:47:42.474 8 INFO neutron.api.extensions [None req-9491d987-e44e-4999-854d-6a86a77226a3 - - - - - -] Loaded extension: qos-fip
2026-07-09 13:47:42.474 7 INFO neutron.quota.resource_registry [None req-dd9ffac8-b32a-4344-8210-52b86b108941 - - - - - -] Creating instance of TrackedResource for resource:security_group_rule
2026-07-09 13:47:42.474 8 INFO neutron.api.extensions [None req-9491d987-e44e-4999-854d-6a86a77226a3 - - - - - -] Extension qos-fip-network-policy not supported by any of loaded plugins
2026-07-09 13:47:42.475 8 INFO neutron.api.extensions [None req-9491d987-e44e-4999-854d-6a86a77226a3 - - - - - -] Loaded extension: qos-gateway-ip
2026-07-09 13:47:42.475 7 INFO neutron.quota.resource_registry [None req-dd9ffac8-b32a-4344-8210-52b86b108941 - - - - - -] Creating instance of TrackedResource for resource:subnetpool
2026-07-09 13:47:42.476 7 WARNING neutron.quota.resource_registry [None req-dd9ffac8-b32a-4344-8210-52b86b108941 - - - - - -] subnetpool is already registered
2026-07-09 13:47:42.476 8 INFO neutron.api.extensions [None req-9491d987-e44e-4999-854d-6a86a77226a3 - - - - - -] Loaded extension: qos-port-network-policy
2026-07-09 13:47:42.477 8 INFO neutron.api.extensions [None req-9491d987-e44e-4999-854d-6a86a77226a3 - - - - - -] Loaded extension: qos-pps-minimum
2026-07-09 13:47:42.477 7 INFO neutron.quota.resource_registry [None req-dd9ffac8-b32a-4344-8210-52b86b108941 - - - - - -] Creating instance of TrackedResource for resource:subnetpool
2026-07-09 13:47:42.478 7 WARNING neutron.quota.resource_registry [None req-dd9ffac8-b32a-4344-8210-52b86b108941 - - - - - -] subnetpool is already registered
2026-07-09 13:47:42.478 8 INFO neutron.api.extensions [None req-9491d987-e44e-4999-854d-6a86a77226a3 - - - - - -] Loaded extension: qos-pps-minimum-rule-alias
2026-07-09 13:47:42.478 7 INFO neutron.quota.resource_registry [None req-dd9ffac8-b32a-4344-8210-52b86b108941 - - - - - -] Creating instance of CountableResource for resource:trunk
2026-07-09 13:47:42.479 8 INFO neutron.api.extensions [None req-9491d987-e44e-4999-854d-6a86a77226a3 - - - - - -] Loaded extension: qos-pps
2026-07-09 13:47:42.479 7 INFO neutron.quota.resource_registry [None req-dd9ffac8-b32a-4344-8210-52b86b108941 - - - - - -] Creating instance of CountableResource for resource:endpoint_group
2026-07-09 13:47:42.479 8 INFO neutron.api.extensions [None req-9491d987-e44e-4999-854d-6a86a77226a3 - - - - - -] Loaded extension: qos-rule-type-details
2026-07-09 13:47:42.480 7 INFO neutron.quota.resource_registry [None req-dd9ffac8-b32a-4344-8210-52b86b108941 - - - - - -] Creating instance of CountableResource for resource:vpnservice
2026-07-09 13:47:42.480 8 INFO neutron.api.extensions [None req-9491d987-e44e-4999-854d-6a86a77226a3 - - - - - -] Loaded extension: qos-rule-type-filter
2026-07-09 13:47:42.480 7 INFO neutron.quota.resource_registry [None req-dd9ffac8-b32a-4344-8210-52b86b108941 - - - - - -] Creating instance of CountableResource for resource:ipsec_site_connection
2026-07-09 13:47:42.481 8 INFO neutron.api.extensions [None req-9491d987-e44e-4999-854d-6a86a77226a3 - - - - - -] Loaded extension: qos-rules-alias
2026-07-09 13:47:42.481 7 INFO neutron.quota.resource_registry [None req-dd9ffac8-b32a-4344-8210-52b86b108941 - - - - - -] Creating instance of CountableResource for resource:ipsecpolicy
2026-07-09 13:47:42.481 8 INFO neutron.api.extensions [None req-9491d987-e44e-4999-854d-6a86a77226a3 - - - - - -] Loaded extension: quota-check-limit
2026-07-09 13:47:42.481 7 INFO neutron.quota.resource_registry [None req-dd9ffac8-b32a-4344-8210-52b86b108941 - - - - - -] Creating instance of CountableResource for resource:ikepolicy
2026-07-09 13:47:42.483 8 INFO neutron.api.extensions [None req-9491d987-e44e-4999-854d-6a86a77226a3 - - - - - -] Loaded extension: quotas
2026-07-09 13:47:42.484 8 INFO neutron.api.extensions [None req-9491d987-e44e-4999-854d-6a86a77226a3 - - - - - -] Loaded extension: quota_details
2026-07-09 13:47:42.485 8 INFO neutron.api.extensions [None req-9491d987-e44e-4999-854d-6a86a77226a3 - - - - - -] Loaded extension: rbac-policies
2026-07-09 13:47:42.486 8 INFO neutron.api.extensions [None req-9491d987-e44e-4999-854d-6a86a77226a3 - - - - - -] Loaded extension: rbac-address-group
2026-07-09 13:47:42.487 8 INFO neutron.api.extensions [None req-9491d987-e44e-4999-854d-6a86a77226a3 - - - - - -] Loaded extension: rbac-address-scope
2026-07-09 13:47:42.487 7 INFO neutron.quota.resource_registry [None req-dd9ffac8-b32a-4344-8210-52b86b108941 - - - - - -] Creating instance of TrackedResource for resource:router
2026-07-09 13:47:42.487 7 WARNING neutron.quota.resource_registry [None req-dd9ffac8-b32a-4344-8210-52b86b108941 - - - - - -] router is already registered
2026-07-09 13:47:42.487 8 INFO neutron.api.extensions [None req-9491d987-e44e-4999-854d-6a86a77226a3 - - - - - -] Loaded extension: rbac-security-groups
2026-07-09 13:47:42.487 7 INFO neutron.quota.resource_registry [None req-dd9ffac8-b32a-4344-8210-52b86b108941 - - - - - -] Creating instance of TrackedResource for resource:floatingip
2026-07-09 13:47:42.488 7 WARNING neutron.quota.resource_registry [None req-dd9ffac8-b32a-4344-8210-52b86b108941 - - - - - -] floatingip is already registered
2026-07-09 13:47:42.488 8 INFO neutron.api.extensions [None req-9491d987-e44e-4999-854d-6a86a77226a3 - - - - - -] Loaded extension: rbac-subnetpool
2026-07-09 13:47:42.488 8 INFO neutron.api.extensions [None req-9491d987-e44e-4999-854d-6a86a77226a3 - - - - - -] Loaded extension: revision-if-match
2026-07-09 13:47:42.489 8 INFO neutron.api.extensions [None req-9491d987-e44e-4999-854d-6a86a77226a3 - - - - - -] Loaded extension: standard-attr-revisions
2026-07-09 13:47:42.490 8 INFO neutron.api.extensions [None req-9491d987-e44e-4999-854d-6a86a77226a3 - - - - - -] Loaded extension: router_availability_zone
2026-07-09 13:47:42.490 8 INFO neutron.api.extensions [None req-9491d987-e44e-4999-854d-6a86a77226a3 - - - - - -] Extension router-service-type not supported by any of loaded plugins
2026-07-09 13:47:42.492 8 INFO neutron.api.extensions [None req-9491d987-e44e-4999-854d-6a86a77226a3 - - - - - -] Loaded extension: security-groups-default-rules
2026-07-09 13:47:42.492 8 INFO neutron.api.extensions [None req-9491d987-e44e-4999-854d-6a86a77226a3 - - - - - -] Loaded extension: security-groups-normalized-cidr
2026-07-09 13:47:42.493 8 INFO neutron.api.extensions [None req-9491d987-e44e-4999-854d-6a86a77226a3 - - - - - -] Loaded extension: port-security-groups-filtering
2026-07-09 13:47:42.493 7 INFO neutron.quota.resource_registry [None req-dd9ffac8-b32a-4344-8210-52b86b108941 - - - - - -] Creating instance of CountableResource for resource:rbac_policy
2026-07-09 13:47:42.493 7 WARNING neutron.quota.resource_registry [None req-dd9ffac8-b32a-4344-8210-52b86b108941 - - - - - -] rbac_policy is already registered
2026-07-09 13:47:42.494 8 INFO neutron.api.extensions [None req-9491d987-e44e-4999-854d-6a86a77226a3 - - - - - -] Loaded extension: security-groups-remote-address-group
2026-07-09 13:47:42.494 7 INFO neutron.quota.resource_registry [None req-dd9ffac8-b32a-4344-8210-52b86b108941 - - - - - -] Creating instance of TrackedResource for resource:security_group
2026-07-09 13:47:42.494 8 INFO neutron.api.extensions [None req-9491d987-e44e-4999-854d-6a86a77226a3 - - - - - -] Loaded extension: security-groups-rules-belongs-to-default-sg
2026-07-09 13:47:42.494 7 WARNING neutron.quota.resource_registry [None req-dd9ffac8-b32a-4344-8210-52b86b108941 - - - - - -] security_group is already registered
2026-07-09 13:47:42.495 8 INFO neutron.api.extensions [None req-9491d987-e44e-4999-854d-6a86a77226a3 - - - - - -] Loaded extension: security-groups-shared-filtering
2026-07-09 13:47:42.495 7 INFO neutron.quota.resource_registry [None req-dd9ffac8-b32a-4344-8210-52b86b108941 - - - - - -] Creating instance of TrackedResource for resource:security_group_rule
2026-07-09 13:47:42.495 7 WARNING neutron.quota.resource_registry [None req-dd9ffac8-b32a-4344-8210-52b86b108941 - - - - - -] security_group_rule is already registered
2026-07-09 13:47:42.497 7 INFO neutron.quota.resource_registry [None req-dd9ffac8-b32a-4344-8210-52b86b108941 - - - - - -] Creating instance of TrackedResource for resource:subnetpool
2026-07-09 13:47:42.497 7 WARNING neutron.quota.resource_registry [None req-dd9ffac8-b32a-4344-8210-52b86b108941 - - - - - -] subnetpool is already registered
2026-07-09 13:47:42.498 7 INFO neutron.quota.resource_registry [None req-dd9ffac8-b32a-4344-8210-52b86b108941 - - - - - -] Creating instance of TrackedResource for resource:subnetpool
2026-07-09 13:47:42.498 7 WARNING neutron.quota.resource_registry [None req-dd9ffac8-b32a-4344-8210-52b86b108941 - - - - - -] subnetpool is already registered
2026-07-09 13:47:42.499 7 INFO neutron.quota.resource_registry [None req-dd9ffac8-b32a-4344-8210-52b86b108941 - - - - - -] Creating instance of CountableResource for resource:trunk
2026-07-09 13:47:42.499 7 WARNING neutron.quota.resource_registry [None req-dd9ffac8-b32a-4344-8210-52b86b108941 - - - - - -] trunk is already registered
2026-07-09 13:47:42.499 7 INFO neutron.quota.resource_registry [None req-dd9ffac8-b32a-4344-8210-52b86b108941 - - - - - -] Creating instance of CountableResource for resource:endpoint_group
2026-07-09 13:47:42.500 7 WARNING neutron.quota.resource_registry [None req-dd9ffac8-b32a-4344-8210-52b86b108941 - - - - - -] endpoint_group is already registered
2026-07-09 13:47:42.500 7 INFO neutron.quota.resource_registry [None req-dd9ffac8-b32a-4344-8210-52b86b108941 - - - - - -] Creating instance of CountableResource for resource:vpnservice
2026-07-09 13:47:42.500 7 WARNING neutron.quota.resource_registry [None req-dd9ffac8-b32a-4344-8210-52b86b108941 - - - - - -] vpnservice is already registered
2026-07-09 13:47:42.501 7 INFO neutron.quota.resource_registry [None req-dd9ffac8-b32a-4344-8210-52b86b108941 - - - - - -] Creating instance of CountableResource for resource:ipsec_site_connection
2026-07-09 13:47:42.501 7 WARNING neutron.quota.resource_registry [None req-dd9ffac8-b32a-4344-8210-52b86b108941 - - - - - -] ipsec_site_connection is already registered
2026-07-09 13:47:42.502 7 INFO neutron.quota.resource_registry [None req-dd9ffac8-b32a-4344-8210-52b86b108941 - - - - - -] Creating instance of CountableResource for resource:ipsecpolicy
2026-07-09 13:47:42.502 7 WARNING neutron.quota.resource_registry [None req-dd9ffac8-b32a-4344-8210-52b86b108941 - - - - - -] ipsecpolicy is already registered
2026-07-09 13:47:42.503 7 INFO neutron.quota.resource_registry [None req-dd9ffac8-b32a-4344-8210-52b86b108941 - - - - - -] Creating instance of CountableResource for resource:ikepolicy
2026-07-09 13:47:42.503 7 WARNING neutron.quota.resource_registry [None req-dd9ffac8-b32a-4344-8210-52b86b108941 - - - - - -] ikepolicy is already registered
2026-07-09 13:47:42.503 8 INFO neutron.api.extensions [None req-9491d987-e44e-4999-854d-6a86a77226a3 - - - - - -] Loaded extension: security-group
2026-07-09 13:47:42.505 8 INFO neutron.api.extensions [None req-9491d987-e44e-4999-854d-6a86a77226a3 - - - - - -] Loaded extension: segment
2026-07-09 13:47:42.505 8 INFO neutron.api.extensions [None req-9491d987-e44e-4999-854d-6a86a77226a3 - - - - - -] Loaded extension: segments-peer-subnet-host-routes
2026-07-09 13:47:42.506 8 INFO neutron.api.extensions [None req-9491d987-e44e-4999-854d-6a86a77226a3 - - - - - -] Loaded extension: service-type
2026-07-09 13:47:42.506 8 INFO neutron.api.extensions [None req-9491d987-e44e-4999-854d-6a86a77226a3 - - - - - -] Loaded extension: sorting
2026-07-09 13:47:42.507 8 INFO neutron.api.extensions [None req-9491d987-e44e-4999-854d-6a86a77226a3 - - - - - -] Loaded extension: standard-attr-segment
2026-07-09 13:47:42.508 8 INFO neutron.api.extensions [None req-9491d987-e44e-4999-854d-6a86a77226a3 - - - - - -] Loaded extension: standard-attr-description
2026-07-09 13:47:42.508 8 INFO neutron.api.extensions [None req-9491d987-e44e-4999-854d-6a86a77226a3 - - - - - -] Loaded extension: stateful-security-group
2026-07-09 13:47:42.509 8 WARNING neutron.api.extensions [None req-9491d987-e44e-4999-854d-6a86a77226a3 - - - - - -] Did not find expected name "Stdattrs_common" in /var/lib/openstack/lib/python3.10/site-packages/neutron/extensions/stdattrs_common.py
2026-07-09 13:47:42.509 8 INFO neutron.api.extensions [None req-9491d987-e44e-4999-854d-6a86a77226a3 - - - - - -] Extension subnet-dns-publish-fixed-ip not supported by any of loaded plugins
2026-07-09 13:47:42.510 8 INFO neutron.api.extensions [None req-9491d987-e44e-4999-854d-6a86a77226a3 - - - - - -] Loaded extension: subnet_onboard
2026-07-09 13:47:42.511 8 INFO neutron.api.extensions [None req-9491d987-e44e-4999-854d-6a86a77226a3 - - - - - -] Loaded extension: subnet-segmentid-writable
2026-07-09 13:47:42.511 8 INFO neutron.api.extensions [None req-9491d987-e44e-4999-854d-6a86a77226a3 - - - - - -] Loaded extension: subnet-service-types
2026-07-09 13:47:42.512 8 INFO neutron.api.extensions [None req-9491d987-e44e-4999-854d-6a86a77226a3 - - - - - -] Loaded extension: subnet_allocation
2026-07-09 13:47:42.513 8 INFO neutron.api.extensions [None req-9491d987-e44e-4999-854d-6a86a77226a3 - - - - - -] Loaded extension: subnetpool-prefix-ops
2026-07-09 13:47:42.513 8 INFO neutron.api.extensions [None req-9491d987-e44e-4999-854d-6a86a77226a3 - - - - - -] Extension tag-ports-during-bulk-creation not supported by any of loaded plugins
2026-07-09 13:47:42.516 8 INFO neutron.api.extensions [None req-9491d987-e44e-4999-854d-6a86a77226a3 - - - - - -] Loaded extension: standard-attr-tag
2026-07-09 13:47:42.517 8 INFO neutron.api.extensions [None req-9491d987-e44e-4999-854d-6a86a77226a3 - - - - - -] Loaded extension: standard-attr-timestamp
2026-07-09 13:47:42.518 8 INFO neutron.api.extensions [None req-9491d987-e44e-4999-854d-6a86a77226a3 - - - - - -] Loaded extension: trunk
2026-07-09 13:47:42.518 8 INFO neutron.api.extensions [None req-9491d987-e44e-4999-854d-6a86a77226a3 - - - - - -] Loaded extension: trunk-details
2026-07-09 13:47:42.519 8 INFO neutron.api.extensions [None req-9491d987-e44e-4999-854d-6a86a77226a3 - - - - - -] Extension uplink-status-propagation not supported by any of loaded plugins
2026-07-09 13:47:42.519 8 INFO neutron.api.extensions [None req-9491d987-e44e-4999-854d-6a86a77226a3 - - - - - -] Extension vlan-transparent not supported by any of loaded plugins
2026-07-09 13:47:42.521 8 INFO neutron.api.extensions [None req-9491d987-e44e-4999-854d-6a86a77226a3 - - - - - -] Extension vpn-agent-scheduler not supported by any of loaded plugins
2026-07-09 13:47:42.522 8 INFO neutron.api.extensions [None req-9491d987-e44e-4999-854d-6a86a77226a3 - - - - - -] Loaded extension: vpn-endpoint-groups
2026-07-09 13:47:42.522 8 INFO neutron.api.extensions [None req-9491d987-e44e-4999-854d-6a86a77226a3 - - - - - -] Loaded extension: vpn-flavors
2026-07-09 13:47:42.524 8 INFO neutron.api.extensions [None req-9491d987-e44e-4999-854d-6a86a77226a3 - - - - - -] Loaded extension: vpnaas
2026-07-09 13:47:42.526 8 INFO neutron.quota.resource_registry [None req-9491d987-e44e-4999-854d-6a86a77226a3 - - - - - -] Creating instance of TrackedResource for resource:network
2026-07-09 13:47:42.526 8 INFO neutron.quota.resource_registry [None req-9491d987-e44e-4999-854d-6a86a77226a3 - - - - - -] Creating instance of TrackedResource for resource:subnet
2026-07-09 13:47:42.526 8 INFO neutron.quota.resource_registry [None req-9491d987-e44e-4999-854d-6a86a77226a3 - - - - - -] Creating instance of TrackedResource for resource:subnetpool
2026-07-09 13:47:42.527 8 INFO neutron.quota.resource_registry [None req-9491d987-e44e-4999-854d-6a86a77226a3 - - - - - -] Creating instance of TrackedResource for resource:port
2026-07-09 13:47:42.532 8 INFO neutron.quota.resource_registry [None req-9491d987-e44e-4999-854d-6a86a77226a3 - - - - - -] Creating instance of TrackedResource for resource:router
2026-07-09 13:47:42.533 8 INFO neutron.quota.resource_registry [None req-9491d987-e44e-4999-854d-6a86a77226a3 - - - - - -] Creating instance of TrackedResource for resource:floatingip
2026-07-09 13:47:42.541 8 INFO neutron.quota.resource_registry [None req-9491d987-e44e-4999-854d-6a86a77226a3 - - - - - -] Creating instance of CountableResource for resource:rbac_policy
2026-07-09 13:47:42.541 7 WARNING keystonemiddleware._common.config [None req-dd9ffac8-b32a-4344-8210-52b86b108941 - - - - - -] The option "audit_map_file" is not known to keystonemiddleware
2026-07-09 13:47:42.542 8 INFO neutron.quota.resource_registry [None req-9491d987-e44e-4999-854d-6a86a77226a3 - - - - - -] Creating instance of TrackedResource for resource:security_group
2026-07-09 13:47:42.543 8 INFO neutron.quota.resource_registry [None req-9491d987-e44e-4999-854d-6a86a77226a3 - - - - - -] Creating instance of TrackedResource for resource:security_group_rule
2026-07-09 13:47:42.544 8 INFO neutron.quota.resource_registry [None req-9491d987-e44e-4999-854d-6a86a77226a3 - - - - - -] Creating instance of TrackedResource for resource:subnetpool
2026-07-09 13:47:42.544 8 WARNING neutron.quota.resource_registry [None req-9491d987-e44e-4999-854d-6a86a77226a3 - - - - - -] subnetpool is already registered
2026-07-09 13:47:42.545 8 INFO neutron.quota.resource_registry [None req-9491d987-e44e-4999-854d-6a86a77226a3 - - - - - -] Creating instance of TrackedResource for resource:subnetpool
2026-07-09 13:47:42.545 8 WARNING neutron.quota.resource_registry [None req-9491d987-e44e-4999-854d-6a86a77226a3 - - - - - -] subnetpool is already registered
2026-07-09 13:47:42.546 8 INFO neutron.quota.resource_registry [None req-9491d987-e44e-4999-854d-6a86a77226a3 - - - - - -] Creating instance of CountableResource for resource:trunk
2026-07-09 13:47:42.546 8 INFO neutron.quota.resource_registry [None req-9491d987-e44e-4999-854d-6a86a77226a3 - - - - - -] Creating instance of CountableResource for resource:endpoint_group
2026-07-09 13:47:42.547 8 INFO neutron.quota.resource_registry [None req-9491d987-e44e-4999-854d-6a86a77226a3 - - - - - -] Creating instance of CountableResource for resource:vpnservice
2026-07-09 13:47:42.547 8 INFO neutron.quota.resource_registry [None req-9491d987-e44e-4999-854d-6a86a77226a3 - - - - - -] Creating instance of CountableResource for resource:ipsec_site_connection
2026-07-09 13:47:42.548 8 INFO neutron.quota.resource_registry [None req-9491d987-e44e-4999-854d-6a86a77226a3 - - - - - -] Creating instance of CountableResource for resource:ipsecpolicy
2026-07-09 13:47:42.549 8 INFO neutron.quota.resource_registry [None req-9491d987-e44e-4999-854d-6a86a77226a3 - - - - - -] Creating instance of CountableResource for resource:ikepolicy
2026-07-09 13:47:42.549 7 WARNING oslo_config.cfg [None req-dd9ffac8-b32a-4344-8210-52b86b108941 - - - - - -] Deprecated: Option "auth_uri" from group "keystone_authtoken" is deprecated. Use option "www_authenticate_uri" from group "keystone_authtoken". WSGI app 0 (mountpoint='') ready in 6 seconds on interpreter 0x56239b32b140 pid: 7 (default app)
2026-07-09 13:47:42.554 8 INFO neutron.quota.resource_registry [None req-9491d987-e44e-4999-854d-6a86a77226a3 - - - - - -] Creating instance of TrackedResource for resource:router
2026-07-09 13:47:42.555 8 WARNING neutron.quota.resource_registry [None req-9491d987-e44e-4999-854d-6a86a77226a3 - - - - - -] router is already registered
2026-07-09 13:47:42.555 8 INFO neutron.quota.resource_registry [None req-9491d987-e44e-4999-854d-6a86a77226a3 - - - - - -] Creating instance of TrackedResource for resource:floatingip
2026-07-09 13:47:42.555 8 WARNING neutron.quota.resource_registry [None req-9491d987-e44e-4999-854d-6a86a77226a3 - - - - - -] floatingip is already registered
2026-07-09 13:47:42.561 8 INFO neutron.quota.resource_registry [None req-9491d987-e44e-4999-854d-6a86a77226a3 - - - - - -] Creating instance of CountableResource for resource:rbac_policy
2026-07-09 13:47:42.561 8 WARNING neutron.quota.resource_registry [None req-9491d987-e44e-4999-854d-6a86a77226a3 - - - - - -] rbac_policy is already registered
2026-07-09 13:47:42.562 8 INFO neutron.quota.resource_registry [None req-9491d987-e44e-4999-854d-6a86a77226a3 - - - - - -] Creating instance of TrackedResource for resource:security_group
2026-07-09 13:47:42.562 8 WARNING neutron.quota.resource_registry [None req-9491d987-e44e-4999-854d-6a86a77226a3 - - - - - -] security_group is already registered
2026-07-09 13:47:42.563 8 INFO neutron.quota.resource_registry [None req-9491d987-e44e-4999-854d-6a86a77226a3 - - - - - -] Creating instance of TrackedResource for resource:security_group_rule
2026-07-09 13:47:42.563 8 WARNING neutron.quota.resource_registry [None req-9491d987-e44e-4999-854d-6a86a77226a3 - - - - - -] security_group_rule is already registered
2026-07-09 13:47:42.564 8 INFO neutron.quota.resource_registry [None req-9491d987-e44e-4999-854d-6a86a77226a3 - - - - - -] Creating instance of TrackedResource for resource:subnetpool
2026-07-09 13:47:42.565 8 WARNING neutron.quota.resource_registry [None req-9491d987-e44e-4999-854d-6a86a77226a3 - - - - - -] subnetpool is already registered
2026-07-09 13:47:42.565 8 INFO neutron.quota.resource_registry [None req-9491d987-e44e-4999-854d-6a86a77226a3 - - - - - -] Creating instance of TrackedResource for resource:subnetpool
2026-07-09 13:47:42.565 8 WARNING neutron.quota.resource_registry [None req-9491d987-e44e-4999-854d-6a86a77226a3 - - - - - -] subnetpool is already registered
2026-07-09 13:47:42.566 8 INFO neutron.quota.resource_registry [None req-9491d987-e44e-4999-854d-6a86a77226a3 - - - - - -] Creating instance of CountableResource for resource:trunk
2026-07-09 13:47:42.566 8 WARNING neutron.quota.resource_registry [None req-9491d987-e44e-4999-854d-6a86a77226a3 - - - - - -] trunk is already registered
2026-07-09 13:47:42.567 8 INFO neutron.quota.resource_registry [None req-9491d987-e44e-4999-854d-6a86a77226a3 - - - - - -] Creating instance of CountableResource for resource:endpoint_group
2026-07-09 13:47:42.567 8 WARNING neutron.quota.resource_registry [None req-9491d987-e44e-4999-854d-6a86a77226a3 - - - - - -] endpoint_group is already registered
2026-07-09 13:47:42.567 8 INFO neutron.quota.resource_registry [None req-9491d987-e44e-4999-854d-6a86a77226a3 - - - - - -] Creating instance of CountableResource for resource:vpnservice
2026-07-09 13:47:42.568 8 WARNING neutron.quota.resource_registry [None req-9491d987-e44e-4999-854d-6a86a77226a3 - - - - - -] vpnservice is already registered
2026-07-09 13:47:42.568 8 INFO neutron.quota.resource_registry [None req-9491d987-e44e-4999-854d-6a86a77226a3 - - - - - -] Creating instance of CountableResource for resource:ipsec_site_connection
2026-07-09 13:47:42.568 8 WARNING neutron.quota.resource_registry [None req-9491d987-e44e-4999-854d-6a86a77226a3 - - - - - -] ipsec_site_connection is already registered
2026-07-09 13:47:42.569 8 INFO neutron.quota.resource_registry [None req-9491d987-e44e-4999-854d-6a86a77226a3 - - - - - -] Creating instance of CountableResource for resource:ipsecpolicy
2026-07-09 13:47:42.569 8 WARNING neutron.quota.resource_registry [None req-9491d987-e44e-4999-854d-6a86a77226a3 - - - - - -] ipsecpolicy is already registered
2026-07-09 13:47:42.570 8 INFO neutron.quota.resource_registry [None req-9491d987-e44e-4999-854d-6a86a77226a3 - - - - - -] Creating instance of CountableResource for resource:ikepolicy
2026-07-09 13:47:42.570 8 WARNING neutron.quota.resource_registry [None req-9491d987-e44e-4999-854d-6a86a77226a3 - - - - - -] ikepolicy is already registered
2026-07-09 13:47:42.614 8 WARNING keystonemiddleware._common.config [None req-9491d987-e44e-4999-854d-6a86a77226a3 - - - - - -] The option "audit_map_file" is not known to keystonemiddleware
2026-07-09 13:47:42.622 8 WARNING oslo_config.cfg [None req-9491d987-e44e-4999-854d-6a86a77226a3 - - - - - -] Deprecated: Option "auth_uri" from group "keystone_authtoken" is deprecated. Use option "www_authenticate_uri" from group "keystone_authtoken". WSGI app 0 (mountpoint='') ready in 6 seconds on interpreter 0x56239b32b140 pid: 8 (default app) /var/lib/openstack/lib/python3.10/site-packages/pycadf/identifier.py:71: UserWarning: Invalid uuid: unknown. To ensure interoperability, identifiers should be a valid uuid. warnings.warn(('Invalid uuid: %s. To ensure interoperability, '
2026-07-09 13:47:48.702 7 INFO neutron.pecan_wsgi.hooks.translation [None req-089dc321-4854-40e2-a1c1-3f30fb43f5bf 23fb295b20444ba2925a85f96ba6d798 ea8b772e161642f6bae56636d07ae0e8 - - default default] GET failed (client error): The resource could not be found. [pid: 7|app: 0|req: 3/3] 199.19.213.32 () {44 vars in 923 bytes} [Thu Jul 9 13:47:47 2026] GET /v2.0/networks/public => generated 108 bytes in 858 msecs (HTTP/1.1 404) 4 headers in 164 bytes (1 switches on core 0) /var/lib/openstack/lib/python3.10/site-packages/pycadf/identifier.py:71: UserWarning: Invalid uuid: unknown. To ensure interoperability, identifiers should be a valid uuid. warnings.warn(('Invalid uuid: %s. To ensure interoperability, ' [pid: 8|app: 0|req: 1/4] 199.19.213.32 () {44 vars in 945 bytes} [Thu Jul 9 13:47:48 2026] GET /v2.0/networks?name=public => generated 15 bytes in 372 msecs (HTTP/1.1 200) 4 headers in 156 bytes (1 switches on core 0)
2026-07-09 13:47:49.251 7 WARNING oslo_policy.policy [None req-2aff725e-c91e-4880-a685-3f9e65d7f142 23fb295b20444ba2925a85f96ba6d798 ea8b772e161642f6bae56636d07ae0e8 - - default default] Policies ['get_subnets_tags'] reference a rule that is not defined.
2026-07-09 13:47:49.397 7 WARNING neutron.services.revisions.revision_plugin [None req-2aff725e-c91e-4880-a685-3f9e65d7f142 23fb295b20444ba2925a85f96ba6d798 ea8b772e161642f6bae56636d07ae0e8 - - default default] Could not find related network for resource to bump revision.
2026-07-09 13:47:49.426 7 INFO neutron.db.segments_db [None req-2aff725e-c91e-4880-a685-3f9e65d7f142 23fb295b20444ba2925a85f96ba6d798 ea8b772e161642f6bae56636d07ae0e8 - - default default] Added segment 416c6ea5-dc21-4108-bef6-a5fdaef34487 of type flat for network 45c6e9cb-352c-4295-85ed-c3955fe9c09d
2026-07-09 13:47:49.482 7 INFO neutron.pecan_wsgi.hooks.translation [None req-2aff725e-c91e-4880-a685-3f9e65d7f142 23fb295b20444ba2925a85f96ba6d798 ea8b772e161642f6bae56636d07ae0e8 - - default default] POST failed (client error): The resource could not be found. [pid: 7|app: 0|req: 4/5] 199.19.213.32 () {48 vars in 963 bytes} [Thu Jul 9 13:47:49 2026] POST /v2.0/networks => generated 124 bytes in 412 msecs (HTTP/1.1 404) 4 headers in 164 bytes (1 switches on core 0)
2026-07-09 13:47:55.436 7 INFO neutron.pecan_wsgi.hooks.translation [None req-fbdced1d-ea29-40d2-8fba-686498369a95 23fb295b20444ba2925a85f96ba6d798 ea8b772e161642f6bae56636d07ae0e8 - - default default] GET failed (client error): The resource could not be found. [pid: 7|app: 0|req: 5/7] 199.19.213.32 () {44 vars in 923 bytes} [Thu Jul 9 13:47:55 2026] GET /v2.0/networks/public => generated 108 bytes in 68 msecs (HTTP/1.1 404) 4 headers in 164 bytes (1 switches on core 0) [pid: 8|app: 0|req: 3/8] 199.19.213.32 () {44 vars in 945 bytes} [Thu Jul 9 13:47:55 2026] GET /v2.0/networks?name=public => generated 15 bytes in 18 msecs (HTTP/1.1 200) 4 headers in 156 bytes (1 switches on core 0)
2026-07-09 13:47:55.545 7 WARNING neutron.services.revisions.revision_plugin [None req-1443d28d-53df-48cc-8ed7-9eda554d90e5 23fb295b20444ba2925a85f96ba6d798 ea8b772e161642f6bae56636d07ae0e8 - - default default] Could not find related network for resource to bump revision.
2026-07-09 13:47:55.562 7 INFO neutron.db.segments_db [None req-1443d28d-53df-48cc-8ed7-9eda554d90e5 23fb295b20444ba2925a85f96ba6d798 ea8b772e161642f6bae56636d07ae0e8 - - default default] Added segment a8016c26-598d-420c-bed0-7a744ea88300 of type flat for network ed4bf30b-32b0-4129-a20c-cc616ba3afbe
2026-07-09 13:47:55.599 7 INFO neutron.pecan_wsgi.hooks.translation [None req-1443d28d-53df-48cc-8ed7-9eda554d90e5 23fb295b20444ba2925a85f96ba6d798 ea8b772e161642f6bae56636d07ae0e8 - - default default] POST failed (client error): The resource could not be found. [pid: 7|app: 0|req: 6/9] 199.19.213.32 () {48 vars in 963 bytes} [Thu Jul 9 13:47:55 2026] POST /v2.0/networks => generated 124 bytes in 144 msecs (HTTP/1.1 404) 4 headers in 164 bytes (1 switches on core 0)
2026-07-09 13:48:01.867 8 INFO neutron.pecan_wsgi.hooks.translation [None req-8b901725-4164-4a16-a03b-1199e51254f3 23fb295b20444ba2925a85f96ba6d798 ea8b772e161642f6bae56636d07ae0e8 - - default default] GET failed (client error): The resource could not be found. [pid: 8|app: 0|req: 4/10] 199.19.213.32 () {44 vars in 923 bytes} [Thu Jul 9 13:48:01 2026] GET /v2.0/networks/public => generated 108 bytes in 403 msecs (HTTP/1.1 404) 4 headers in 164 bytes (1 switches on core 0) [pid: 7|app: 0|req: 7/11] 199.19.213.32 () {44 vars in 945 bytes} [Thu Jul 9 13:48:01 2026] GET /v2.0/networks?name=public => generated 15 bytes in 24 msecs (HTTP/1.1 200) 4 headers in 156 bytes (1 switches on core 0)
2026-07-09 13:48:02.079 8 WARNING oslo_policy.policy [None req-45b2e9c9-5135-4e35-a80d-a9ab0a2326eb 23fb295b20444ba2925a85f96ba6d798 ea8b772e161642f6bae56636d07ae0e8 - - default default] Policies ['get_subnets_tags'] reference a rule that is not defined.
2026-07-09 13:48:02.128 8 WARNING neutron.services.revisions.revision_plugin [None req-45b2e9c9-5135-4e35-a80d-a9ab0a2326eb 23fb295b20444ba2925a85f96ba6d798 ea8b772e161642f6bae56636d07ae0e8 - - default default] Could not find related network for resource to bump revision.
2026-07-09 13:48:02.156 8 INFO neutron.db.segments_db [None req-45b2e9c9-5135-4e35-a80d-a9ab0a2326eb 23fb295b20444ba2925a85f96ba6d798 ea8b772e161642f6bae56636d07ae0e8 - - default default] Added segment d7b0589c-93e7-4e2c-9668-3c7b353a2ea7 of type flat for network 9249e969-cc71-499a-8afc-049768910e2e
2026-07-09 13:48:02.221 8 INFO neutron.pecan_wsgi.hooks.translation [None req-45b2e9c9-5135-4e35-a80d-a9ab0a2326eb 23fb295b20444ba2925a85f96ba6d798 ea8b772e161642f6bae56636d07ae0e8 - - default default] POST failed (client error): The resource could not be found. [pid: 8|app: 0|req: 5/12] 199.19.213.32 () {48 vars in 963 bytes} [Thu Jul 9 13:48:01 2026] POST /v2.0/networks => generated 124 bytes in 332 msecs (HTTP/1.1 404) 4 headers in 164 bytes (1 switches on core 0)
2026-07-09 13:48:08.166 8 INFO neutron.pecan_wsgi.hooks.translation [None req-ec6ce934-52cf-44e4-8885-7661f3aa5a0a 23fb295b20444ba2925a85f96ba6d798 ea8b772e161642f6bae56636d07ae0e8 - - default default] GET failed (client error): The resource could not be found. [pid: 8|app: 0|req: 6/14] 199.19.213.32 () {44 vars in 923 bytes} [Thu Jul 9 13:48:08 2026] GET /v2.0/networks/public => generated 108 bytes in 58 msecs (HTTP/1.1 404) 4 headers in 164 bytes (1 switches on core 0) [pid: 7|app: 0|req: 9/15] 199.19.213.32 () {44 vars in 945 bytes} [Thu Jul 9 13:48:08 2026] GET /v2.0/networks?name=public => generated 15 bytes in 23 msecs (HTTP/1.1 200) 4 headers in 156 bytes (1 switches on core 0)
2026-07-09 13:48:08.289 8 WARNING neutron.services.revisions.revision_plugin [None req-72e52438-9359-4f20-9690-c71bf45c9cf5 23fb295b20444ba2925a85f96ba6d798 ea8b772e161642f6bae56636d07ae0e8 - - default default] Could not find related network for resource to bump revision.
2026-07-09 13:48:08.327 8 INFO neutron.db.segments_db [None req-72e52438-9359-4f20-9690-c71bf45c9cf5 23fb295b20444ba2925a85f96ba6d798 ea8b772e161642f6bae56636d07ae0e8 - - default default] Added segment 38793be3-970c-4abb-939e-4967e65efa5f of type flat for network f8d74f28-5b56-4783-93b5-223b46b5cd0f
2026-07-09 13:48:08.371 8 INFO neutron.pecan_wsgi.hooks.translation [None req-72e52438-9359-4f20-9690-c71bf45c9cf5 23fb295b20444ba2925a85f96ba6d798 ea8b772e161642f6bae56636d07ae0e8 - - default default] POST failed (client error): The resource could not be found. [pid: 8|app: 0|req: 7/16] 199.19.213.32 () {48 vars in 963 bytes} [Thu Jul 9 13:48:08 2026] POST /v2.0/networks => generated 124 bytes in 183 msecs (HTTP/1.1 404) 4 headers in 164 bytes (1 switches on core 0)
2026-07-09 13:48:14.348 7 INFO neutron.pecan_wsgi.hooks.translation [None req-f771ab2e-d8f4-4426-a218-b725cc783b72 23fb295b20444ba2925a85f96ba6d798 ea8b772e161642f6bae56636d07ae0e8 - - default default] GET failed (client error): The resource could not be found. [pid: 7|app: 0|req: 10/17] 199.19.213.32 () {44 vars in 923 bytes} [Thu Jul 9 13:48:14 2026] GET /v2.0/networks/public => generated 108 bytes in 57 msecs (HTTP/1.1 404) 4 headers in 164 bytes (1 switches on core 0) [pid: 8|app: 0|req: 8/18] 199.19.213.32 () {44 vars in 945 bytes} [Thu Jul 9 13:48:14 2026] GET /v2.0/networks?name=public => generated 15 bytes in 20 msecs (HTTP/1.1 200) 4 headers in 156 bytes (1 switches on core 0)
2026-07-09 13:48:14.453 7 WARNING neutron.services.revisions.revision_plugin [None req-09fa07cb-8961-4eb8-bc70-9f0a649614c5 23fb295b20444ba2925a85f96ba6d798 ea8b772e161642f6bae56636d07ae0e8 - - default default] Could not find related network for resource to bump revision.
2026-07-09 13:48:14.481 7 INFO neutron.db.segments_db [None req-09fa07cb-8961-4eb8-bc70-9f0a649614c5 23fb295b20444ba2925a85f96ba6d798 ea8b772e161642f6bae56636d07ae0e8 - - default default] Added segment cde5ff6f-81ed-45b5-a28c-fc7d45fdb25f of type flat for network ff13b55c-21c4-4aa6-980b-a2c6d11e4246 [pid: 7|app: 0|req: 11/19] 199.19.213.32 () {48 vars in 963 bytes} [Thu Jul 9 13:48:14 2026] POST /v2.0/networks => generated 706 bytes in 343 msecs (HTTP/1.1 201) 4 headers in 162 bytes (1 switches on core 0)
2026-07-09 13:48:16.036 8 INFO neutron.pecan_wsgi.hooks.translation [None req-7329ed8f-ee87-4214-b1dc-093c32512e87 23fb295b20444ba2925a85f96ba6d798 ea8b772e161642f6bae56636d07ae0e8 - - default default] GET failed (client error): The resource could not be found. [pid: 8|app: 0|req: 9/20] 199.19.213.32 () {44 vars in 923 bytes} [Thu Jul 9 13:48:15 2026] GET /v2.0/networks/public => generated 108 bytes in 56 msecs (HTTP/1.1 404) 4 headers in 164 bytes (1 switches on core 0) [pid: 7|app: 0|req: 12/21] 199.19.213.32 () {44 vars in 945 bytes} [Thu Jul 9 13:48:16 2026] GET /v2.0/networks?name=public => generated 709 bytes in 58 msecs (HTTP/1.1 200) 4 headers in 157 bytes (1 switches on core 0)
2026-07-09 13:48:16.130 8 INFO neutron.pecan_wsgi.hooks.translation [None req-7ea439e9-db60-4ce0-bd3e-05f197aaf518 23fb295b20444ba2925a85f96ba6d798 ea8b772e161642f6bae56636d07ae0e8 - - default default] GET failed (client error): The resource could not be found. [pid: 8|app: 0|req: 10/22] 199.19.213.32 () {44 vars in 1030 bytes} [Thu Jul 9 13:48:16 2026] GET /v2.0/subnets/public-subnet?network_id=ff13b55c-21c4-4aa6-980b-a2c6d11e4246 => generated 113 bytes in 21 msecs (HTTP/1.1 404) 4 headers in 164 bytes (1 switches on core 0) [pid: 7|app: 0|req: 13/23] 199.19.213.32 () {44 vars in 1053 bytes} [Thu Jul 9 13:48:16 2026] GET /v2.0/subnets?name=public-subnet&network_id=ff13b55c-21c4-4aa6-980b-a2c6d11e4246 => generated 14 bytes in 24 msecs (HTTP/1.1 200) 4 headers in 156 bytes (1 switches on core 0) [pid: 8|app: 0|req: 11/24] 199.19.213.32 () {48 vars in 961 bytes} [Thu Jul 9 13:48:16 2026] POST /v2.0/subnets => generated 641 bytes in 1464 msecs (HTTP/1.1 201) 4 headers in 162 bytes (1 switches on core 0)
2026-07-09 13:52:57.022 7 ERROR oslo.messaging._drivers.impl_rabbit [-] [78eec6ec-7370-4b28-8ae5-e267b14dcca8] AMQP server on rabbitmq-neutron.openstack.svc.cluster.local:5672 is unreachable: . Trying again in 1 seconds.: amqp.exceptions.RecoverableConnectionError: 
2026-07-09 13:52:57.028 7 ERROR oslo.messaging._drivers.impl_rabbit [-] [44071194-30b8-4916-a6b9-a075c720fb51] AMQP server on rabbitmq-neutron.openstack.svc.cluster.local:5672 is unreachable: . Trying again in 1 seconds.: amqp.exceptions.RecoverableConnectionError: 
2026-07-09 13:52:57.029 7 INFO oslo.messaging._drivers.impl_rabbit [-] A recoverable connection/channel error occurred, trying to reconnect: Server unexpectedly closed connection Thu Jul 9 13:52:57 2026 - SIGPIPE: writing to a closed pipe/socket/fd (probably the client disconnected) on request /v2.0/networks/lb-mgmt-net (ip 199.19.213.32) !!!
2026-07-09 13:52:57.154 7 INFO neutron.pecan_wsgi.hooks.translation [None req-1083aeef-c477-4f74-b5c4-6b1863384771 23fb295b20444ba2925a85f96ba6d798 ea8b772e161642f6bae56636d07ae0e8 - - default default] GET failed (client error): The resource could not be found. [pid: 7|app: 0|req: 33/62] 199.19.213.32 () {44 vars in 933 bytes} [Thu Jul 9 13:52:57 2026] GET /v2.0/networks/lb-mgmt-net => generated 113 bytes in 141 msecs (HTTP/1.1 404) 4 headers in 164 bytes (1 switches on core 0)
2026-07-09 13:52:57.165 8 ERROR oslo.messaging._drivers.impl_rabbit [-] [9fb8e72d-8470-4c84-a6b3-a570520e1604] AMQP server on rabbitmq-neutron.openstack.svc.cluster.local:5672 is unreachable: . Trying again in 1 seconds.: amqp.exceptions.RecoverableConnectionError: 
2026-07-09 13:52:57.168 8 ERROR oslo.messaging._drivers.impl_rabbit [-] [5e207cee-bc20-4a95-babc-ef5ce74f256d] AMQP server on rabbitmq-neutron.openstack.svc.cluster.local:5672 is unreachable: . Trying again in 1 seconds.: amqp.exceptions.RecoverableConnectionError: 
2026-07-09 13:52:57.169 8 INFO oslo.messaging._drivers.impl_rabbit [-] A recoverable connection/channel error occurred, trying to reconnect: Server unexpectedly closed connection Thu Jul 9 13:52:57 2026 - SIGPIPE: writing to a closed pipe/socket/fd (probably the client disconnected) on request /v2.0/networks?name=lb-mgmt-net (ip 199.19.213.32) !!! [pid: 8|app: 0|req: 30/63] 199.19.213.32 () {44 vars in 955 bytes} [Thu Jul 9 13:52:57 2026] GET /v2.0/networks?name=lb-mgmt-net => generated 15 bytes in 26 msecs (HTTP/1.1 200) 4 headers in 156 bytes (1 switches on core 0)
2026-07-09 13:52:57.269 7 INFO neutron.db.segments_db [None req-29612b77-6ee7-4074-8b94-a6f05ea7e6f0 23fb295b20444ba2925a85f96ba6d798 ea8b772e161642f6bae56636d07ae0e8 - - default default] Added segment 9fe548d9-8d4d-4114-bfdc-8db20b00b1c0 of type vxlan for network c74933bf-c6ac-4501-bcc3-d8a875fae5fd [pid: 7|app: 0|req: 34/64] 199.19.213.32 () {48 vars in 962 bytes} [Thu Jul 9 13:52:57 2026] POST /v2.0/networks => generated 707 bytes in 212 msecs (HTTP/1.1 201) 4 headers in 162 bytes (1 switches on core 0)
2026-07-09 13:52:58.358 8 INFO oslo.messaging._drivers.impl_rabbit [-] [9fb8e72d-8470-4c84-a6b3-a570520e1604] Reconnected to AMQP server on rabbitmq-neutron.openstack.svc.cluster.local:5672 via [amqp] client with port 52630.
2026-07-09 13:52:58.359 8 INFO oslo.messaging._drivers.impl_rabbit [-] [5e207cee-bc20-4a95-babc-ef5ce74f256d] Reconnected to AMQP server on rabbitmq-neutron.openstack.svc.cluster.local:5672 via [amqp] client with port 52640.
2026-07-09 13:52:58.405 8 INFO neutron.pecan_wsgi.hooks.translation [None req-94e5555a-3b69-46a3-9ad9-ccd6aebb53f0 23fb295b20444ba2925a85f96ba6d798 ea8b772e161642f6bae56636d07ae0e8 - - default default] GET failed (client error): The resource could not be found. [pid: 8|app: 0|req: 31/65] 199.19.213.32 () {44 vars in 933 bytes} [Thu Jul 9 13:52:58 2026] GET /v2.0/networks/lb-mgmt-net => generated 113 bytes in 87 msecs (HTTP/1.1 404) 4 headers in 164 bytes (1 switches on core 0)
2026-07-09 13:52:58.477 7 INFO oslo.messaging._drivers.impl_rabbit [-] [78eec6ec-7370-4b28-8ae5-e267b14dcca8] Reconnected to AMQP server on rabbitmq-neutron.openstack.svc.cluster.local:5672 via [amqp] client with port 52642.
2026-07-09 13:52:58.478 7 INFO oslo.messaging._drivers.impl_rabbit [-] [44071194-30b8-4916-a6b9-a075c720fb51] Reconnected to AMQP server on rabbitmq-neutron.openstack.svc.cluster.local:5672 via [amqp] client with port 52644. [pid: 7|app: 0|req: 35/66] 199.19.213.32 () {44 vars in 955 bytes} [Thu Jul 9 13:52:58 2026] GET /v2.0/networks?name=lb-mgmt-net => generated 691 bytes in 82 msecs (HTTP/1.1 200) 4 headers in 157 bytes (1 switches on core 0)
2026-07-09 13:52:58.527 8 INFO neutron.pecan_wsgi.hooks.translation [None req-f861bc6b-3e08-49c7-88e7-ba618f9b7627 23fb295b20444ba2925a85f96ba6d798 ea8b772e161642f6bae56636d07ae0e8 - - default default] GET failed (client error): The resource could not be found. [pid: 8|app: 0|req: 32/67] 199.19.213.32 () {44 vars in 1032 bytes} [Thu Jul 9 13:52:58 2026] GET /v2.0/subnets/lb-mgmt-subnet?network_id=c74933bf-c6ac-4501-bcc3-d8a875fae5fd => generated 114 bytes in 28 msecs (HTTP/1.1 404) 4 headers in 164 bytes (1 switches on core 0) [pid: 7|app: 0|req: 36/68] 199.19.213.32 () {44 vars in 1055 bytes} [Thu Jul 9 13:52:58 2026] GET /v2.0/subnets?name=lb-mgmt-subnet&network_id=c74933bf-c6ac-4501-bcc3-d8a875fae5fd => generated 14 bytes in 21 msecs (HTTP/1.1 200) 4 headers in 156 bytes (1 switches on core 0) [pid: 8|app: 0|req: 33/69] 199.19.213.32 () {48 vars in 961 bytes} [Thu Jul 9 13:52:58 2026] POST /v2.0/subnets => generated 627 bytes in 297 msecs (HTTP/1.1 201) 4 headers in 162 bytes (1 switches on core 0)
2026-07-09 13:53:00.026 7 INFO neutron.api.v2.resource [None req-0dec10b7-3cb3-45e7-a816-670091179c83 23fb295b20444ba2925a85f96ba6d798 ea8b772e161642f6bae56636d07ae0e8 - - default default] show failed (client error): The resource could not be found. [pid: 7|app: 0|req: 37/70] 199.19.213.32 () {44 vars in 967 bytes} [Thu Jul 9 13:52:59 2026] GET /v2.0/security-groups/lb-health-mgr-sec-grp => generated 131 bytes in 43 msecs (HTTP/1.1 404) 4 headers in 164 bytes (1 switches on core 0) [pid: 8|app: 0|req: 34/71] 199.19.213.32 () {44 vars in 989 bytes} [Thu Jul 9 13:53:00 2026] GET /v2.0/security-groups?name=lb-health-mgr-sec-grp => generated 23 bytes in 35 msecs (HTTP/1.1 200) 4 headers in 156 bytes (1 switches on core 0) [pid: 7|app: 0|req: 38/72] 199.19.213.32 () {48 vars in 976 bytes} [Thu Jul 9 13:53:00 2026] POST /v2.0/security-groups => generated 1616 bytes in 137 msecs (HTTP/1.1 201) 4 headers in 163 bytes (1 switches on core 0) [pid: 8|app: 0|req: 35/73] 199.19.213.32 () {44 vars in 997 bytes} [Thu Jul 9 13:53:01 2026] GET /v2.0/security-groups/70b33b95-69ed-46dd-8b39-38995e05ab7e => generated 1616 bytes in 65 msecs (HTTP/1.1 200) 4 headers in 158 bytes (1 switches on core 0) [pid: 7|app: 0|req: 39/74] 199.19.213.32 () {44 vars in 997 bytes} [Thu Jul 9 13:53:01 2026] GET /v2.0/security-groups/70b33b95-69ed-46dd-8b39-38995e05ab7e => generated 1616 bytes in 30 msecs (HTTP/1.1 200) 4 headers in 158 bytes (1 switches on core 0) [pid: 8|app: 0|req: 36/75] 199.19.213.32 () {44 vars in 997 bytes} [Thu Jul 9 13:53:01 2026] GET /v2.0/security-groups/70b33b95-69ed-46dd-8b39-38995e05ab7e => generated 1616 bytes in 31 msecs (HTTP/1.1 200) 4 headers in 158 bytes (1 switches on core 0) [pid: 7|app: 0|req: 40/76] 199.19.213.32 () {48 vars in 987 bytes} [Thu Jul 9 13:53:01 2026] POST /v2.0/security-group-rules => generated 601 bytes in 104 msecs (HTTP/1.1 201) 4 headers in 162 bytes (1 switches on core 0) [pid: 8|app: 0|req: 37/77] 199.19.213.32 () {44 vars in 997 bytes} [Thu Jul 9 13:53:02 2026] GET /v2.0/security-groups/70b33b95-69ed-46dd-8b39-38995e05ab7e => generated 2230 bytes in 68 msecs (HTTP/1.1 200) 4 headers in 158 bytes (1 switches on core 0) [pid: 7|app: 0|req: 41/78] 199.19.213.32 () {44 vars in 997 bytes} [Thu Jul 9 13:53:02 2026] GET /v2.0/security-groups/70b33b95-69ed-46dd-8b39-38995e05ab7e => generated 2230 bytes in 33 msecs (HTTP/1.1 200) 4 headers in 158 bytes (1 switches on core 0) [pid: 8|app: 0|req: 38/79] 199.19.213.32 () {44 vars in 997 bytes} [Thu Jul 9 13:53:02 2026] GET /v2.0/security-groups/70b33b95-69ed-46dd-8b39-38995e05ab7e => generated 2230 bytes in 34 msecs (HTTP/1.1 200) 4 headers in 158 bytes (1 switches on core 0) [pid: 7|app: 0|req: 42/80] 199.19.213.32 () {48 vars in 987 bytes} [Thu Jul 9 13:53:02 2026] POST /v2.0/security-group-rules => generated 603 bytes in 112 msecs (HTTP/1.1 201) 4 headers in 162 bytes (1 switches on core 0) [pid: 8|app: 0|req: 39/81] 199.19.213.32 () {44 vars in 997 bytes} [Thu Jul 9 13:53:03 2026] GET /v2.0/security-groups/70b33b95-69ed-46dd-8b39-38995e05ab7e => generated 2846 bytes in 59 msecs (HTTP/1.1 200) 4 headers in 158 bytes (1 switches on core 0) [pid: 7|app: 0|req: 43/82] 199.19.213.32 () {44 vars in 997 bytes} [Thu Jul 9 13:53:03 2026] GET /v2.0/security-groups/70b33b95-69ed-46dd-8b39-38995e05ab7e => generated 2846 bytes in 46 msecs (HTTP/1.1 200) 4 headers in 158 bytes (1 switches on core 0) [pid: 8|app: 0|req: 40/83] 199.19.213.32 () {44 vars in 997 bytes} [Thu Jul 9 13:53:03 2026] GET /v2.0/security-groups/70b33b95-69ed-46dd-8b39-38995e05ab7e => generated 2846 bytes in 41 msecs (HTTP/1.1 200) 4 headers in 158 bytes (1 switches on core 0) [pid: 7|app: 0|req: 44/84] 199.19.213.32 () {48 vars in 987 bytes} [Thu Jul 9 13:53:03 2026] POST /v2.0/security-group-rules => generated 603 bytes in 139 msecs (HTTP/1.1 201) 4 headers in 162 bytes (1 switches on core 0) [pid: 8|app: 0|req: 41/85] 199.19.213.32 () {44 vars in 997 bytes} [Thu Jul 9 13:53:04 2026] GET /v2.0/security-groups/70b33b95-69ed-46dd-8b39-38995e05ab7e => generated 3462 bytes in 84 msecs (HTTP/1.1 200) 4 headers in 158 bytes (1 switches on core 0) [pid: 7|app: 0|req: 45/86] 199.19.213.32 () {44 vars in 997 bytes} [Thu Jul 9 13:53:04 2026] GET /v2.0/security-groups/70b33b95-69ed-46dd-8b39-38995e05ab7e => generated 3462 bytes in 33 msecs (HTTP/1.1 200) 4 headers in 158 bytes (1 switches on core 0) [pid: 8|app: 0|req: 42/87] 199.19.213.32 () {44 vars in 997 bytes} [Thu Jul 9 13:53:04 2026] GET /v2.0/security-groups/70b33b95-69ed-46dd-8b39-38995e05ab7e => generated 3462 bytes in 43 msecs (HTTP/1.1 200) 4 headers in 158 bytes (1 switches on core 0) [pid: 7|app: 0|req: 46/88] 199.19.213.32 () {48 vars in 987 bytes} [Thu Jul 9 13:53:04 2026] POST /v2.0/security-group-rules => generated 603 bytes in 146 msecs (HTTP/1.1 201) 4 headers in 162 bytes (1 switches on core 0) [pid: 8|app: 0|req: 43/89] 199.19.213.32 () {44 vars in 997 bytes} [Thu Jul 9 13:53:05 2026] GET /v2.0/security-groups/70b33b95-69ed-46dd-8b39-38995e05ab7e => generated 4078 bytes in 71 msecs (HTTP/1.1 200) 4 headers in 158 bytes (1 switches on core 0) [pid: 7|app: 0|req: 47/90] 199.19.213.32 () {44 vars in 997 bytes} [Thu Jul 9 13:53:06 2026] GET /v2.0/security-groups/70b33b95-69ed-46dd-8b39-38995e05ab7e => generated 4078 bytes in 44 msecs (HTTP/1.1 200) 4 headers in 158 bytes (1 switches on core 0) [pid: 8|app: 0|req: 44/91] 199.19.213.32 () {44 vars in 997 bytes} [Thu Jul 9 13:53:06 2026] GET /v2.0/security-groups/70b33b95-69ed-46dd-8b39-38995e05ab7e => generated 4078 bytes in 38 msecs (HTTP/1.1 200) 4 headers in 158 bytes (1 switches on core 0) [pid: 7|app: 0|req: 48/92] 199.19.213.32 () {48 vars in 987 bytes} [Thu Jul 9 13:53:06 2026] POST /v2.0/security-group-rules => generated 603 bytes in 135 msecs (HTTP/1.1 201) 4 headers in 162 bytes (1 switches on core 0) [pid: 8|app: 0|req: 45/95] 199.19.213.32 () {44 vars in 983 bytes} [Thu Jul 9 13:53:07 2026] GET /v2.0/networks/c74933bf-c6ac-4501-bcc3-d8a875fae5fd => generated 732 bytes in 94 msecs (HTTP/1.1 200) 4 headers in 157 bytes (1 switches on core 0)
