2026-07-09 14:21:52.989 8 INFO cinder.api.openstack.wsgi [None req-4928ceac-c94d-4c49-a51c-691c2e20dc2f 17b74d90036148168a3be1d11aa81404 d2cb349db7b84362ad1cf7159b78aef7 - - default default] GET http://cinder-api.openstack.svc.cluster.local:8776/v3/d2cb349db7b84362ad1cf7159b78aef7/volumes/15c3d09d-a480-488e-88af-6b2f8836524a /var/lib/openstack/lib/python3.10/site-packages/oslo_context/context.py:100: DeprecationWarning: Policy enforcement is depending on the value of is_admin. This key is deprecated. Please update your policy file to use the standard policy values. warnings.warn('Policy enforcement is depending on the value of '
2026-07-09 14:21:53.019 8 INFO cinder.volume.api [None req-4928ceac-c94d-4c49-a51c-691c2e20dc2f 17b74d90036148168a3be1d11aa81404 d2cb349db7b84362ad1cf7159b78aef7 - - default default] Volume info retrieved successfully.
2026-07-09 14:21:53.029 8 INFO cinder.api.openstack.wsgi [None req-4928ceac-c94d-4c49-a51c-691c2e20dc2f 17b74d90036148168a3be1d11aa81404 d2cb349db7b84362ad1cf7159b78aef7 - - default default] http://cinder-api.openstack.svc.cluster.local:8776/v3/d2cb349db7b84362ad1cf7159b78aef7/volumes/15c3d09d-a480-488e-88af-6b2f8836524a returned with HTTP 200 [pid: 8|app: 0|req: 350/690] 10.0.0.101 () {32 vars in 773 bytes} [Thu Jul 9 14:21:52 2026] GET /v3/d2cb349db7b84362ad1cf7159b78aef7/volumes/15c3d09d-a480-488e-88af-6b2f8836524a => generated 957 bytes in 48 msecs (HTTP/1.1 200) 7 headers in 285 bytes (1 switches on core 0) /var/lib/openstack/lib/python3.10/site-packages/pycadf/identifier.py:71: UserWarning: Invalid uuid: cinderv3. To ensure interoperability, identifiers should be a valid uuid. warnings.warn(('Invalid uuid: %s. To ensure interoperability, '
2026-07-09 14:21:54.047 7 INFO cinder.api.openstack.wsgi [None req-f98bd44a-1c42-476f-811e-0a4f3edc3a1a 17b74d90036148168a3be1d11aa81404 d2cb349db7b84362ad1cf7159b78aef7 - - default default] GET http://cinder-api.openstack.svc.cluster.local:8776/v3/d2cb349db7b84362ad1cf7159b78aef7/volumes/15c3d09d-a480-488e-88af-6b2f8836524a /var/lib/openstack/lib/python3.10/site-packages/oslo_context/context.py:100: DeprecationWarning: Policy enforcement is depending on the value of is_admin. This key is deprecated. Please update your policy file to use the standard policy values. warnings.warn('Policy enforcement is depending on the value of '
2026-07-09 14:21:54.079 7 INFO cinder.volume.api [None req-f98bd44a-1c42-476f-811e-0a4f3edc3a1a 17b74d90036148168a3be1d11aa81404 d2cb349db7b84362ad1cf7159b78aef7 - - default default] Volume info retrieved successfully.
2026-07-09 14:21:54.095 7 INFO cinder.api.openstack.wsgi [None req-f98bd44a-1c42-476f-811e-0a4f3edc3a1a 17b74d90036148168a3be1d11aa81404 d2cb349db7b84362ad1cf7159b78aef7 - - default default] http://cinder-api.openstack.svc.cluster.local:8776/v3/d2cb349db7b84362ad1cf7159b78aef7/volumes/15c3d09d-a480-488e-88af-6b2f8836524a returned with HTTP 200 [pid: 7|app: 0|req: 341/691] 10.0.0.101 () {32 vars in 773 bytes} [Thu Jul 9 14:21:54 2026] GET /v3/d2cb349db7b84362ad1cf7159b78aef7/volumes/15c3d09d-a480-488e-88af-6b2f8836524a => generated 957 bytes in 54 msecs (HTTP/1.1 200) 7 headers in 285 bytes (1 switches on core 0) /var/lib/openstack/lib/python3.10/site-packages/pycadf/identifier.py:71: UserWarning: Invalid uuid: cinderv3. To ensure interoperability, identifiers should be a valid uuid. warnings.warn(('Invalid uuid: %s. To ensure interoperability, '
2026-07-09 14:21:55.120 8 INFO cinder.api.openstack.wsgi [None req-f2c59169-eea6-42e9-b091-08d93270ccaa 17b74d90036148168a3be1d11aa81404 d2cb349db7b84362ad1cf7159b78aef7 - - default default] GET http://cinder-api.openstack.svc.cluster.local:8776/v3/d2cb349db7b84362ad1cf7159b78aef7/volumes/15c3d09d-a480-488e-88af-6b2f8836524a /var/lib/openstack/lib/python3.10/site-packages/oslo_context/context.py:100: DeprecationWarning: Policy enforcement is depending on the value of is_admin. This key is deprecated. Please update your policy file to use the standard policy values. warnings.warn('Policy enforcement is depending on the value of '
2026-07-09 14:21:55.141 8 INFO cinder.volume.api [None req-f2c59169-eea6-42e9-b091-08d93270ccaa 17b74d90036148168a3be1d11aa81404 d2cb349db7b84362ad1cf7159b78aef7 - - default default] Volume info retrieved successfully.
2026-07-09 14:21:55.148 8 INFO cinder.api.openstack.wsgi [None req-f2c59169-eea6-42e9-b091-08d93270ccaa 17b74d90036148168a3be1d11aa81404 d2cb349db7b84362ad1cf7159b78aef7 - - default default] http://cinder-api.openstack.svc.cluster.local:8776/v3/d2cb349db7b84362ad1cf7159b78aef7/volumes/15c3d09d-a480-488e-88af-6b2f8836524a returned with HTTP 200 [pid: 8|app: 0|req: 351/692] 10.0.0.101 () {32 vars in 773 bytes} [Thu Jul 9 14:21:55 2026] GET /v3/d2cb349db7b84362ad1cf7159b78aef7/volumes/15c3d09d-a480-488e-88af-6b2f8836524a => generated 1483 bytes in 36 msecs (HTTP/1.1 200) 7 headers in 286 bytes (1 switches on core 0) /var/lib/openstack/lib/python3.10/site-packages/pycadf/identifier.py:71: UserWarning: Invalid uuid: cinderv3. To ensure interoperability, identifiers should be a valid uuid. warnings.warn(('Invalid uuid: %s. To ensure interoperability, '
2026-07-09 14:21:55.242 7 INFO cinder.api.openstack.wsgi [req-20cef32d-4daf-4533-a2be-8c0a372710dd req-9e6ba149-c50f-4bea-8774-ac4390da6ee2 17b74d90036148168a3be1d11aa81404 d2cb349db7b84362ad1cf7159b78aef7 - - default default] GET http://cinder-api.openstack.svc.cluster.local:8776/v3/d2cb349db7b84362ad1cf7159b78aef7/volumes/15c3d09d-a480-488e-88af-6b2f8836524a /var/lib/openstack/lib/python3.10/site-packages/oslo_context/context.py:100: DeprecationWarning: Policy enforcement is depending on the value of is_admin. This key is deprecated. Please update your policy file to use the standard policy values. warnings.warn('Policy enforcement is depending on the value of '
2026-07-09 14:21:55.269 7 INFO cinder.volume.api [req-20cef32d-4daf-4533-a2be-8c0a372710dd req-9e6ba149-c50f-4bea-8774-ac4390da6ee2 17b74d90036148168a3be1d11aa81404 d2cb349db7b84362ad1cf7159b78aef7 - - default default] Volume info retrieved successfully.
2026-07-09 14:21:55.278 7 INFO cinder.api.openstack.wsgi [req-20cef32d-4daf-4533-a2be-8c0a372710dd req-9e6ba149-c50f-4bea-8774-ac4390da6ee2 17b74d90036148168a3be1d11aa81404 d2cb349db7b84362ad1cf7159b78aef7 - - default default] http://cinder-api.openstack.svc.cluster.local:8776/v3/d2cb349db7b84362ad1cf7159b78aef7/volumes/15c3d09d-a480-488e-88af-6b2f8836524a returned with HTTP 200 [pid: 7|app: 0|req: 342/693] 10.0.0.61 () {34 vars in 1025 bytes} [Thu Jul 9 14:21:55 2026] GET /v3/d2cb349db7b84362ad1cf7159b78aef7/volumes/15c3d09d-a480-488e-88af-6b2f8836524a => generated 1483 bytes in 43 msecs (HTTP/1.1 200) 7 headers in 286 bytes (1 switches on core 0)
2026-07-09 14:21:56.393 8 INFO cinder.api.openstack.wsgi [None req-f2c59169-eea6-42e9-b091-08d93270ccaa 17b74d90036148168a3be1d11aa81404 d2cb349db7b84362ad1cf7159b78aef7 - - default default] GET http://10.0.0.14:8776/
2026-07-09 14:21:56.393 7 INFO cinder.api.openstack.wsgi [req-20cef32d-4daf-4533-a2be-8c0a372710dd req-9e6ba149-c50f-4bea-8774-ac4390da6ee2 17b74d90036148168a3be1d11aa81404 d2cb349db7b84362ad1cf7159b78aef7 - - default default] GET http://10.0.0.14:8776/
2026-07-09 14:21:56.394 8 INFO cinder.api.openstack.wsgi [None req-f2c59169-eea6-42e9-b091-08d93270ccaa 17b74d90036148168a3be1d11aa81404 d2cb349db7b84362ad1cf7159b78aef7 - - default default] http://10.0.0.14:8776/ returned with HTTP 300
2026-07-09 14:21:56.394 7 INFO cinder.api.openstack.wsgi [req-20cef32d-4daf-4533-a2be-8c0a372710dd req-9e6ba149-c50f-4bea-8774-ac4390da6ee2 17b74d90036148168a3be1d11aa81404 d2cb349db7b84362ad1cf7159b78aef7 - - default default] http://10.0.0.14:8776/ returned with HTTP 300 /var/lib/openstack/lib/python3.10/site-packages/pycadf/identifier.py:71: UserWarning: Invalid uuid: cinderv3. To ensure interoperability, identifiers should be a valid uuid. warnings.warn(('Invalid uuid: %s. To ensure interoperability, '
2026-07-09 14:22:00.658 7 INFO cinder.api.openstack.wsgi [req-20cef32d-4daf-4533-a2be-8c0a372710dd req-1395649e-1e8e-4019-bcda-7021482452db 17b74d90036148168a3be1d11aa81404 d2cb349db7b84362ad1cf7159b78aef7 - - default default] GET http://cinder-api.openstack.svc.cluster.local:8776/v3/d2cb349db7b84362ad1cf7159b78aef7/volumes/15c3d09d-a480-488e-88af-6b2f8836524a /var/lib/openstack/lib/python3.10/site-packages/oslo_context/context.py:100: DeprecationWarning: Policy enforcement is depending on the value of is_admin. This key is deprecated. Please update your policy file to use the standard policy values. warnings.warn('Policy enforcement is depending on the value of '
2026-07-09 14:22:00.676 7 INFO cinder.volume.api [req-20cef32d-4daf-4533-a2be-8c0a372710dd req-1395649e-1e8e-4019-bcda-7021482452db 17b74d90036148168a3be1d11aa81404 d2cb349db7b84362ad1cf7159b78aef7 - - default default] Volume info retrieved successfully.
2026-07-09 14:22:00.684 7 INFO cinder.api.openstack.wsgi [req-20cef32d-4daf-4533-a2be-8c0a372710dd req-1395649e-1e8e-4019-bcda-7021482452db 17b74d90036148168a3be1d11aa81404 d2cb349db7b84362ad1cf7159b78aef7 - - default default] http://cinder-api.openstack.svc.cluster.local:8776/v3/d2cb349db7b84362ad1cf7159b78aef7/volumes/15c3d09d-a480-488e-88af-6b2f8836524a returned with HTTP 200 [pid: 7|app: 0|req: 344/696] 10.0.0.61 () {34 vars in 1025 bytes} [Thu Jul 9 14:22:00 2026] GET /v3/d2cb349db7b84362ad1cf7159b78aef7/volumes/15c3d09d-a480-488e-88af-6b2f8836524a => generated 1483 bytes in 31 msecs (HTTP/1.1 200) 7 headers in 286 bytes (1 switches on core 0)
2026-07-09 14:22:00.695 8 INFO cinder.api.openstack.wsgi [None req-f2c59169-eea6-42e9-b091-08d93270ccaa 17b74d90036148168a3be1d11aa81404 d2cb349db7b84362ad1cf7159b78aef7 - - default default] GET http://cinder-api.openstack.svc.cluster.local:8776/
2026-07-09 14:22:00.696 8 INFO cinder.api.openstack.wsgi [None req-f2c59169-eea6-42e9-b091-08d93270ccaa 17b74d90036148168a3be1d11aa81404 d2cb349db7b84362ad1cf7159b78aef7 - - default default] http://cinder-api.openstack.svc.cluster.local:8776/ returned with HTTP 300 [pid: 8|app: 0|req: 353/697] 10.0.0.61 () {32 vars in 826 bytes} [Thu Jul 9 14:22:00 2026] GET / => generated 411 bytes in 2 msecs (HTTP/1.1 300) 5 headers in 169 bytes (1 switches on core 0) /var/lib/openstack/lib/python3.10/site-packages/pycadf/identifier.py:71: UserWarning: Invalid uuid: cinderv3. To ensure interoperability, identifiers should be a valid uuid. warnings.warn(('Invalid uuid: %s. To ensure interoperability, '
2026-07-09 14:22:00.707 7 INFO cinder.api.openstack.wsgi [req-20cef32d-4daf-4533-a2be-8c0a372710dd req-e71476af-dfa6-4d4f-9906-10165d770930 17b74d90036148168a3be1d11aa81404 d2cb349db7b84362ad1cf7159b78aef7 - - default default] POST http://cinder-api.openstack.svc.cluster.local:8776/v3/d2cb349db7b84362ad1cf7159b78aef7/attachments /var/lib/openstack/lib/python3.10/site-packages/oslo_context/context.py:100: DeprecationWarning: Policy enforcement is depending on the value of is_admin. This key is deprecated. Please update your policy file to use the standard policy values. warnings.warn('Policy enforcement is depending on the value of '
2026-07-09 14:22:00.811 7 INFO cinder.api.openstack.wsgi [req-20cef32d-4daf-4533-a2be-8c0a372710dd req-e71476af-dfa6-4d4f-9906-10165d770930 17b74d90036148168a3be1d11aa81404 d2cb349db7b84362ad1cf7159b78aef7 - - default default] http://cinder-api.openstack.svc.cluster.local:8776/v3/d2cb349db7b84362ad1cf7159b78aef7/attachments returned with HTTP 200 [pid: 7|app: 0|req: 345/698] 10.0.0.61 () {40 vars in 1054 bytes} [Thu Jul 9 14:22:00 2026] POST /v3/d2cb349db7b84362ad1cf7159b78aef7/attachments => generated 273 bytes in 111 msecs (HTTP/1.1 200) 7 headers in 286 bytes (1 switches on core 0)
2026-07-09 14:22:02.076 8 INFO cinder.api.openstack.wsgi [None req-f2c59169-eea6-42e9-b091-08d93270ccaa 17b74d90036148168a3be1d11aa81404 d2cb349db7b84362ad1cf7159b78aef7 - - default default] GET http://cinder-api.openstack.svc.cluster.local:8776/
2026-07-09 14:22:02.078 8 INFO cinder.api.openstack.wsgi [None req-f2c59169-eea6-42e9-b091-08d93270ccaa 17b74d90036148168a3be1d11aa81404 d2cb349db7b84362ad1cf7159b78aef7 - - default default] http://cinder-api.openstack.svc.cluster.local:8776/ returned with HTTP 300 [pid: 8|app: 0|req: 354/699] 199.19.213.32 () {32 vars in 837 bytes} [Thu Jul 9 14:22:02 2026] GET / => generated 411 bytes in 3 msecs (HTTP/1.1 300) 5 headers in 169 bytes (1 switches on core 0) /var/lib/openstack/lib/python3.10/site-packages/pycadf/identifier.py:71: UserWarning: Invalid uuid: cinderv3. To ensure interoperability, identifiers should be a valid uuid. warnings.warn(('Invalid uuid: %s. To ensure interoperability, '
2026-07-09 14:22:02.118 7 INFO cinder.api.openstack.wsgi [req-20cef32d-4daf-4533-a2be-8c0a372710dd req-a197bd0a-494b-464b-9552-e41bb16f39b5 17b74d90036148168a3be1d11aa81404 d2cb349db7b84362ad1cf7159b78aef7 - - default default] GET http://cinder-api.openstack.svc.cluster.local:8776/v3/d2cb349db7b84362ad1cf7159b78aef7/volumes/15c3d09d-a480-488e-88af-6b2f8836524a /var/lib/openstack/lib/python3.10/site-packages/oslo_context/context.py:100: DeprecationWarning: Policy enforcement is depending on the value of is_admin. This key is deprecated. Please update your policy file to use the standard policy values. warnings.warn('Policy enforcement is depending on the value of '
2026-07-09 14:22:02.143 7 INFO cinder.volume.api [req-20cef32d-4daf-4533-a2be-8c0a372710dd req-a197bd0a-494b-464b-9552-e41bb16f39b5 17b74d90036148168a3be1d11aa81404 d2cb349db7b84362ad1cf7159b78aef7 - - default default] Volume info retrieved successfully.
2026-07-09 14:22:02.152 7 INFO cinder.api.openstack.wsgi [req-20cef32d-4daf-4533-a2be-8c0a372710dd req-a197bd0a-494b-464b-9552-e41bb16f39b5 17b74d90036148168a3be1d11aa81404 d2cb349db7b84362ad1cf7159b78aef7 - - default default] http://cinder-api.openstack.svc.cluster.local:8776/v3/d2cb349db7b84362ad1cf7159b78aef7/volumes/15c3d09d-a480-488e-88af-6b2f8836524a returned with HTTP 200 [pid: 7|app: 0|req: 346/700] 199.19.213.32 () {36 vars in 1070 bytes} [Thu Jul 9 14:22:02 2026] GET /v3/d2cb349db7b84362ad1cf7159b78aef7/volumes/15c3d09d-a480-488e-88af-6b2f8836524a => generated 1581 bytes in 39 msecs (HTTP/1.1 200) 7 headers in 287 bytes (1 switches on core 0) /var/lib/openstack/lib/python3.10/site-packages/pycadf/identifier.py:71: UserWarning: Invalid uuid: cinderv3. To ensure interoperability, identifiers should be a valid uuid. warnings.warn(('Invalid uuid: %s. To ensure interoperability, '
2026-07-09 14:22:03.884 8 INFO cinder.api.openstack.wsgi [req-20cef32d-4daf-4533-a2be-8c0a372710dd req-1cfa5db7-adee-4bb4-8b15-cc1e0b0fae59 17b74d90036148168a3be1d11aa81404 d2cb349db7b84362ad1cf7159b78aef7 - - default default] PUT http://cinder-api.openstack.svc.cluster.local:8776/v3/d2cb349db7b84362ad1cf7159b78aef7/attachments/cbafce13-bc62-4078-a25b-4e252826493e /var/lib/openstack/lib/python3.10/site-packages/oslo_context/context.py:100: DeprecationWarning: Policy enforcement is depending on the value of is_admin. This key is deprecated. Please update your policy file to use the standard policy values. warnings.warn('Policy enforcement is depending on the value of '
2026-07-09 14:22:04.629 8 INFO cinder.api.openstack.wsgi [req-20cef32d-4daf-4533-a2be-8c0a372710dd req-1cfa5db7-adee-4bb4-8b15-cc1e0b0fae59 17b74d90036148168a3be1d11aa81404 d2cb349db7b84362ad1cf7159b78aef7 - - default default] http://cinder-api.openstack.svc.cluster.local:8776/v3/d2cb349db7b84362ad1cf7159b78aef7/attachments/cbafce13-bc62-4078-a25b-4e252826493e returned with HTTP 200 [pid: 8|app: 0|req: 355/701] 199.19.213.32 () {40 vars in 1131 bytes} [Thu Jul 9 14:22:03 2026] PUT /v3/d2cb349db7b84362ad1cf7159b78aef7/attachments/cbafce13-bc62-4078-a25b-4e252826493e => generated 775 bytes in 760 msecs (HTTP/1.1 200) 7 headers in 286 bytes (1 switches on core 0) /var/lib/openstack/lib/python3.10/site-packages/pycadf/identifier.py:71: UserWarning: Invalid uuid: cinderv3. To ensure interoperability, identifiers should be a valid uuid. warnings.warn(('Invalid uuid: %s. To ensure interoperability, '
2026-07-09 14:22:04.677 7 INFO cinder.api.openstack.wsgi [req-20cef32d-4daf-4533-a2be-8c0a372710dd req-771ade9c-0bd0-4c6f-aaec-f1a8256e861e 17b74d90036148168a3be1d11aa81404 d2cb349db7b84362ad1cf7159b78aef7 - - default default] POST http://cinder-api.openstack.svc.cluster.local:8776/v3/d2cb349db7b84362ad1cf7159b78aef7/attachments/cbafce13-bc62-4078-a25b-4e252826493e/action /var/lib/openstack/lib/python3.10/site-packages/oslo_context/context.py:100: DeprecationWarning: Policy enforcement is depending on the value of is_admin. This key is deprecated. Please update your policy file to use the standard policy values. warnings.warn('Policy enforcement is depending on the value of '
2026-07-09 14:22:04.721 7 INFO cinder.api.openstack.wsgi [req-20cef32d-4daf-4533-a2be-8c0a372710dd req-771ade9c-0bd0-4c6f-aaec-f1a8256e861e 17b74d90036148168a3be1d11aa81404 d2cb349db7b84362ad1cf7159b78aef7 - - default default] http://cinder-api.openstack.svc.cluster.local:8776/v3/d2cb349db7b84362ad1cf7159b78aef7/attachments/cbafce13-bc62-4078-a25b-4e252826493e/action returned with HTTP 204 [pid: 7|app: 0|req: 347/702] 199.19.213.32 () {40 vars in 1145 bytes} [Thu Jul 9 14:22:04 2026] POST /v3/d2cb349db7b84362ad1cf7159b78aef7/attachments/cbafce13-bc62-4078-a25b-4e252826493e/action => generated 0 bytes in 64 msecs (HTTP/1.1 204) 7 headers in 292 bytes (1 switches on core 0)
2026-07-09 14:22:06.393 7 INFO cinder.api.openstack.wsgi [req-20cef32d-4daf-4533-a2be-8c0a372710dd req-771ade9c-0bd0-4c6f-aaec-f1a8256e861e 17b74d90036148168a3be1d11aa81404 d2cb349db7b84362ad1cf7159b78aef7 - - default default] GET http://10.0.0.14:8776/
2026-07-09 14:22:06.393 8 INFO cinder.api.openstack.wsgi [req-20cef32d-4daf-4533-a2be-8c0a372710dd req-1cfa5db7-adee-4bb4-8b15-cc1e0b0fae59 17b74d90036148168a3be1d11aa81404 d2cb349db7b84362ad1cf7159b78aef7 - - default default] GET http://10.0.0.14:8776/
2026-07-09 14:22:06.394 7 INFO cinder.api.openstack.wsgi [req-20cef32d-4daf-4533-a2be-8c0a372710dd req-771ade9c-0bd0-4c6f-aaec-f1a8256e861e 17b74d90036148168a3be1d11aa81404 d2cb349db7b84362ad1cf7159b78aef7 - - default default] http://10.0.0.14:8776/ returned with HTTP 300
2026-07-09 14:22:06.396 8 INFO cinder.api.openstack.wsgi [req-20cef32d-4daf-4533-a2be-8c0a372710dd req-1cfa5db7-adee-4bb4-8b15-cc1e0b0fae59 17b74d90036148168a3be1d11aa81404 d2cb349db7b84362ad1cf7159b78aef7 - - default default] http://10.0.0.14:8776/ returned with HTTP 300 /var/lib/openstack/lib/python3.10/site-packages/pycadf/identifier.py:71: UserWarning: Invalid uuid: cinderv3. To ensure interoperability, identifiers should be a valid uuid. warnings.warn(('Invalid uuid: %s. To ensure interoperability, '
2026-07-09 14:22:13.849 7 INFO cinder.api.openstack.wsgi [req-127bc57e-300c-4e69-af80-f45dfd0eb7e8 req-41336448-f750-44a6-b226-1b249f3369b7 17b74d90036148168a3be1d11aa81404 d2cb349db7b84362ad1cf7159b78aef7 - - default default] DELETE http://cinder-api.openstack.svc.cluster.local:8776/v3/d2cb349db7b84362ad1cf7159b78aef7/attachments/cbafce13-bc62-4078-a25b-4e252826493e /var/lib/openstack/lib/python3.10/site-packages/oslo_context/context.py:100: DeprecationWarning: Policy enforcement is depending on the value of is_admin. This key is deprecated. Please update your policy file to use the standard policy values. warnings.warn('Policy enforcement is depending on the value of '
2026-07-09 14:22:13.941 7 INFO cinder.api.openstack.wsgi [req-127bc57e-300c-4e69-af80-f45dfd0eb7e8 req-41336448-f750-44a6-b226-1b249f3369b7 17b74d90036148168a3be1d11aa81404 d2cb349db7b84362ad1cf7159b78aef7 - - default default] http://cinder-api.openstack.svc.cluster.local:8776/v3/d2cb349db7b84362ad1cf7159b78aef7/attachments/cbafce13-bc62-4078-a25b-4e252826493e returned with HTTP 200 [pid: 7|app: 0|req: 349/705] 199.19.213.32 () {38 vars in 1100 bytes} [Thu Jul 9 14:22:13 2026] DELETE /v3/d2cb349db7b84362ad1cf7159b78aef7/attachments/cbafce13-bc62-4078-a25b-4e252826493e => generated 19 bytes in 98 msecs (HTTP/1.1 200) 7 headers in 285 bytes (1 switches on core 0) /var/lib/openstack/lib/python3.10/site-packages/pycadf/identifier.py:71: UserWarning: Invalid uuid: cinderv3. To ensure interoperability, identifiers should be a valid uuid. warnings.warn(('Invalid uuid: %s. To ensure interoperability, '
2026-07-09 14:22:13.962 8 INFO cinder.api.openstack.wsgi [req-127bc57e-300c-4e69-af80-f45dfd0eb7e8 req-2a7c8504-e434-4f3b-970d-007f0e9e9f2f 17b74d90036148168a3be1d11aa81404 d2cb349db7b84362ad1cf7159b78aef7 - - default default] DELETE http://cinder-api.openstack.svc.cluster.local:8776/v3/d2cb349db7b84362ad1cf7159b78aef7/volumes/15c3d09d-a480-488e-88af-6b2f8836524a
2026-07-09 14:22:13.962 8 INFO cinder.api.v3.volumes [req-127bc57e-300c-4e69-af80-f45dfd0eb7e8 req-2a7c8504-e434-4f3b-970d-007f0e9e9f2f 17b74d90036148168a3be1d11aa81404 d2cb349db7b84362ad1cf7159b78aef7 - - default default] Delete volume with id: 15c3d09d-a480-488e-88af-6b2f8836524a  /var/lib/openstack/lib/python3.10/site-packages/oslo_context/context.py:100: DeprecationWarning: Policy enforcement is depending on the value of is_admin. This key is deprecated. Please update your policy file to use the standard policy values. warnings.warn('Policy enforcement is depending on the value of '
2026-07-09 14:22:13.977 8 INFO cinder.volume.api [req-127bc57e-300c-4e69-af80-f45dfd0eb7e8 req-2a7c8504-e434-4f3b-970d-007f0e9e9f2f 17b74d90036148168a3be1d11aa81404 d2cb349db7b84362ad1cf7159b78aef7 - - default default] Volume info retrieved successfully.
2026-07-09 14:22:14.012 8 INFO cinder.volume.api [req-127bc57e-300c-4e69-af80-f45dfd0eb7e8 req-2a7c8504-e434-4f3b-970d-007f0e9e9f2f 17b74d90036148168a3be1d11aa81404 d2cb349db7b84362ad1cf7159b78aef7 - - default default] Delete volume request issued successfully.
2026-07-09 14:22:14.012 8 INFO cinder.api.openstack.wsgi [req-127bc57e-300c-4e69-af80-f45dfd0eb7e8 req-2a7c8504-e434-4f3b-970d-007f0e9e9f2f 17b74d90036148168a3be1d11aa81404 d2cb349db7b84362ad1cf7159b78aef7 - - default default] http://cinder-api.openstack.svc.cluster.local:8776/v3/d2cb349db7b84362ad1cf7159b78aef7/volumes/15c3d09d-a480-488e-88af-6b2f8836524a returned with HTTP 202 [pid: 8|app: 0|req: 357/706] 199.19.213.32 () {36 vars in 1051 bytes} [Thu Jul 9 14:22:13 2026] DELETE /v3/d2cb349db7b84362ad1cf7159b78aef7/volumes/15c3d09d-a480-488e-88af-6b2f8836524a => generated 0 bytes in 59 msecs (HTTP/1.1 202) 6 headers in 233 bytes (1 switches on core 0)
2026-07-09 14:22:16.392 8 INFO cinder.api.openstack.wsgi [req-127bc57e-300c-4e69-af80-f45dfd0eb7e8 req-2a7c8504-e434-4f3b-970d-007f0e9e9f2f 17b74d90036148168a3be1d11aa81404 d2cb349db7b84362ad1cf7159b78aef7 - - default default] GET http://10.0.0.14:8776/
2026-07-09 14:22:16.392 7 INFO cinder.api.openstack.wsgi [req-127bc57e-300c-4e69-af80-f45dfd0eb7e8 req-41336448-f750-44a6-b226-1b249f3369b7 17b74d90036148168a3be1d11aa81404 d2cb349db7b84362ad1cf7159b78aef7 - - default default] GET http://10.0.0.14:8776/
2026-07-09 14:22:16.393 8 INFO cinder.api.openstack.wsgi [req-127bc57e-300c-4e69-af80-f45dfd0eb7e8 req-2a7c8504-e434-4f3b-970d-007f0e9e9f2f 17b74d90036148168a3be1d11aa81404 d2cb349db7b84362ad1cf7159b78aef7 - - default default] http://10.0.0.14:8776/ returned with HTTP 300
2026-07-09 14:22:16.394 7 INFO cinder.api.openstack.wsgi [req-127bc57e-300c-4e69-af80-f45dfd0eb7e8 req-41336448-f750-44a6-b226-1b249f3369b7 17b74d90036148168a3be1d11aa81404 d2cb349db7b84362ad1cf7159b78aef7 - - default default] http://10.0.0.14:8776/ returned with HTTP 300
2026-07-09 14:22:26.392 7 INFO cinder.api.openstack.wsgi [req-127bc57e-300c-4e69-af80-f45dfd0eb7e8 req-41336448-f750-44a6-b226-1b249f3369b7 17b74d90036148168a3be1d11aa81404 d2cb349db7b84362ad1cf7159b78aef7 - - default default] GET http://10.0.0.14:8776/
2026-07-09 14:22:26.393 8 INFO cinder.api.openstack.wsgi [req-127bc57e-300c-4e69-af80-f45dfd0eb7e8 req-2a7c8504-e434-4f3b-970d-007f0e9e9f2f 17b74d90036148168a3be1d11aa81404 d2cb349db7b84362ad1cf7159b78aef7 - - default default] GET http://10.0.0.14:8776/
2026-07-09 14:22:26.393 7 INFO cinder.api.openstack.wsgi [req-127bc57e-300c-4e69-af80-f45dfd0eb7e8 req-41336448-f750-44a6-b226-1b249f3369b7 17b74d90036148168a3be1d11aa81404 d2cb349db7b84362ad1cf7159b78aef7 - - default default] http://10.0.0.14:8776/ returned with HTTP 300
2026-07-09 14:22:26.395 8 INFO cinder.api.openstack.wsgi [req-127bc57e-300c-4e69-af80-f45dfd0eb7e8 req-2a7c8504-e434-4f3b-970d-007f0e9e9f2f 17b74d90036148168a3be1d11aa81404 d2cb349db7b84362ad1cf7159b78aef7 - - default default] http://10.0.0.14:8776/ returned with HTTP 300
2026-07-09 14:22:36.394 8 INFO cinder.api.openstack.wsgi [req-127bc57e-300c-4e69-af80-f45dfd0eb7e8 req-2a7c8504-e434-4f3b-970d-007f0e9e9f2f 17b74d90036148168a3be1d11aa81404 d2cb349db7b84362ad1cf7159b78aef7 - - default default] GET http://10.0.0.14:8776/
2026-07-09 14:22:36.397 8 INFO cinder.api.openstack.wsgi [req-127bc57e-300c-4e69-af80-f45dfd0eb7e8 req-2a7c8504-e434-4f3b-970d-007f0e9e9f2f 17b74d90036148168a3be1d11aa81404 d2cb349db7b84362ad1cf7159b78aef7 - - default default] http://10.0.0.14:8776/ returned with HTTP 300
2026-07-09 14:22:36.398 8 INFO cinder.api.openstack.wsgi [req-127bc57e-300c-4e69-af80-f45dfd0eb7e8 req-2a7c8504-e434-4f3b-970d-007f0e9e9f2f 17b74d90036148168a3be1d11aa81404 d2cb349db7b84362ad1cf7159b78aef7 - - default default] GET http://10.0.0.14:8776/
2026-07-09 14:22:36.398 8 INFO cinder.api.openstack.wsgi [req-127bc57e-300c-4e69-af80-f45dfd0eb7e8 req-2a7c8504-e434-4f3b-970d-007f0e9e9f2f 17b74d90036148168a3be1d11aa81404 d2cb349db7b84362ad1cf7159b78aef7 - - default default] http://10.0.0.14:8776/ returned with HTTP 300 /var/lib/openstack/lib/python3.10/site-packages/pycadf/identifier.py:71: UserWarning: Invalid uuid: cinderv3. To ensure interoperability, identifiers should be a valid uuid. warnings.warn(('Invalid uuid: %s. To ensure interoperability, '
2026-07-09 14:22:36.459 7 INFO cinder.api.openstack.wsgi [None req-5cda702c-0edc-4665-8f4e-c9864d72d65c 23fb295b20444ba2925a85f96ba6d798 ea8b772e161642f6bae56636d07ae0e8 - - default default] GET http://cinder-api.openstack.svc.cluster.local:8776/v3/ea8b772e161642f6bae56636d07ae0e8/os-quota-sets/33df795eb8d24559840f48fdb8a6839d?usage=true /var/lib/openstack/lib/python3.10/site-packages/oslo_context/context.py:100: DeprecationWarning: Policy enforcement is depending on the value of is_admin. This key is deprecated. Please update your policy file to use the standard policy values. warnings.warn('Policy enforcement is depending on the value of '
2026-07-09 14:22:36.486 7 INFO cinder.api.openstack.wsgi [None req-5cda702c-0edc-4665-8f4e-c9864d72d65c 23fb295b20444ba2925a85f96ba6d798 ea8b772e161642f6bae56636d07ae0e8 - - default default] http://cinder-api.openstack.svc.cluster.local:8776/v3/ea8b772e161642f6bae56636d07ae0e8/os-quota-sets/33df795eb8d24559840f48fdb8a6839d?usage=true returned with HTTP 200 [pid: 7|app: 0|req: 352/713] 10.0.0.236 () {28 vars in 734 bytes} [Thu Jul 9 14:22:36 2026] GET /v3/ea8b772e161642f6bae56636d07ae0e8/os-quota-sets/33df795eb8d24559840f48fdb8a6839d?usage=true => generated 847 bytes in 324 msecs (HTTP/1.1 200) 7 headers in 285 bytes (1 switches on core 0) /var/lib/openstack/lib/python3.10/site-packages/pycadf/identifier.py:71: UserWarning: Invalid uuid: cinderv3. To ensure interoperability, identifiers should be a valid uuid. warnings.warn(('Invalid uuid: %s. To ensure interoperability, '
2026-07-09 14:22:36.499 8 INFO cinder.api.openstack.wsgi [None req-44faa149-f345-4a04-949a-c3469003d52f 23fb295b20444ba2925a85f96ba6d798 ea8b772e161642f6bae56636d07ae0e8 - - default default] GET http://cinder-api.openstack.svc.cluster.local:8776/v3/ea8b772e161642f6bae56636d07ae0e8/os-quota-sets/37408fe8086b461687ab78b727c13cbf?usage=true
2026-07-09 14:22:36.564 8 INFO cinder.api.openstack.wsgi [None req-44faa149-f345-4a04-949a-c3469003d52f 23fb295b20444ba2925a85f96ba6d798 ea8b772e161642f6bae56636d07ae0e8 - - default default] http://cinder-api.openstack.svc.cluster.local:8776/v3/ea8b772e161642f6bae56636d07ae0e8/os-quota-sets/37408fe8086b461687ab78b727c13cbf?usage=true returned with HTTP 200 [pid: 8|app: 0|req: 362/714] 10.0.0.236 () {28 vars in 734 bytes} [Thu Jul 9 14:22:36 2026] GET /v3/ea8b772e161642f6bae56636d07ae0e8/os-quota-sets/37408fe8086b461687ab78b727c13cbf?usage=true => generated 845 bytes in 72 msecs (HTTP/1.1 200) 7 headers in 285 bytes (1 switches on core 0)
2026-07-09 14:22:36.582 7 INFO cinder.api.openstack.wsgi [None req-9eccb790-2acf-4030-bc78-7316c3c41bb4 23fb295b20444ba2925a85f96ba6d798 ea8b772e161642f6bae56636d07ae0e8 - - default default] GET http://cinder-api.openstack.svc.cluster.local:8776/v3/ea8b772e161642f6bae56636d07ae0e8/os-quota-sets/69533a19ed894e1ca77464111110e597?usage=true
2026-07-09 14:22:36.609 7 INFO cinder.api.openstack.wsgi [None req-9eccb790-2acf-4030-bc78-7316c3c41bb4 23fb295b20444ba2925a85f96ba6d798 ea8b772e161642f6bae56636d07ae0e8 - - default default] http://cinder-api.openstack.svc.cluster.local:8776/v3/ea8b772e161642f6bae56636d07ae0e8/os-quota-sets/69533a19ed894e1ca77464111110e597?usage=true returned with HTTP 200 [pid: 7|app: 0|req: 353/715] 10.0.0.236 () {28 vars in 734 bytes} [Thu Jul 9 14:22:36 2026] GET /v3/ea8b772e161642f6bae56636d07ae0e8/os-quota-sets/69533a19ed894e1ca77464111110e597?usage=true => generated 847 bytes in 36 msecs (HTTP/1.1 200) 7 headers in 285 bytes (1 switches on core 0)
2026-07-09 14:22:36.629 8 INFO cinder.api.openstack.wsgi [None req-9ac9de62-98bc-4543-ac1e-78dd34c26261 23fb295b20444ba2925a85f96ba6d798 ea8b772e161642f6bae56636d07ae0e8 - - default default] GET http://cinder-api.openstack.svc.cluster.local:8776/v3/ea8b772e161642f6bae56636d07ae0e8/os-quota-sets/abf50754a4d44ad1b7fc9db23cd07bbe?usage=true
2026-07-09 14:22:36.673 8 INFO cinder.api.openstack.wsgi [None req-9ac9de62-98bc-4543-ac1e-78dd34c26261 23fb295b20444ba2925a85f96ba6d798 ea8b772e161642f6bae56636d07ae0e8 - - default default] http://cinder-api.openstack.svc.cluster.local:8776/v3/ea8b772e161642f6bae56636d07ae0e8/os-quota-sets/abf50754a4d44ad1b7fc9db23cd07bbe?usage=true returned with HTTP 200 [pid: 8|app: 0|req: 363/716] 10.0.0.236 () {28 vars in 734 bytes} [Thu Jul 9 14:22:36 2026] GET /v3/ea8b772e161642f6bae56636d07ae0e8/os-quota-sets/abf50754a4d44ad1b7fc9db23cd07bbe?usage=true => generated 847 bytes in 56 msecs (HTTP/1.1 200) 7 headers in 285 bytes (1 switches on core 0)
2026-07-09 14:22:36.690 7 INFO cinder.api.openstack.wsgi [None req-adbef3ec-7bdd-4001-8fa7-7cea56089db1 23fb295b20444ba2925a85f96ba6d798 ea8b772e161642f6bae56636d07ae0e8 - - default default] GET http://cinder-api.openstack.svc.cluster.local:8776/v3/ea8b772e161642f6bae56636d07ae0e8/os-quota-sets/d406fa553dc7440a8ec0254fec216d53?usage=true
2026-07-09 14:22:36.709 7 INFO cinder.api.openstack.wsgi [None req-adbef3ec-7bdd-4001-8fa7-7cea56089db1 23fb295b20444ba2925a85f96ba6d798 ea8b772e161642f6bae56636d07ae0e8 - - default default] http://cinder-api.openstack.svc.cluster.local:8776/v3/ea8b772e161642f6bae56636d07ae0e8/os-quota-sets/d406fa553dc7440a8ec0254fec216d53?usage=true returned with HTTP 200 [pid: 7|app: 0|req: 354/717] 10.0.0.236 () {28 vars in 734 bytes} [Thu Jul 9 14:22:36 2026] GET /v3/ea8b772e161642f6bae56636d07ae0e8/os-quota-sets/d406fa553dc7440a8ec0254fec216d53?usage=true => generated 847 bytes in 28 msecs (HTTP/1.1 200) 7 headers in 285 bytes (1 switches on core 0)
2026-07-09 14:22:36.729 8 INFO cinder.api.openstack.wsgi [None req-273a4cc8-24d1-4c15-8ccc-1a433404592e 23fb295b20444ba2925a85f96ba6d798 ea8b772e161642f6bae56636d07ae0e8 - - default default] GET http://cinder-api.openstack.svc.cluster.local:8776/v3/ea8b772e161642f6bae56636d07ae0e8/os-quota-sets/ea8b772e161642f6bae56636d07ae0e8?usage=true
2026-07-09 14:22:36.769 8 INFO cinder.api.openstack.wsgi [None req-273a4cc8-24d1-4c15-8ccc-1a433404592e 23fb295b20444ba2925a85f96ba6d798 ea8b772e161642f6bae56636d07ae0e8 - - default default] http://cinder-api.openstack.svc.cluster.local:8776/v3/ea8b772e161642f6bae56636d07ae0e8/os-quota-sets/ea8b772e161642f6bae56636d07ae0e8?usage=true returned with HTTP 200 [pid: 8|app: 0|req: 364/718] 10.0.0.236 () {28 vars in 734 bytes} [Thu Jul 9 14:22:36 2026] GET /v3/ea8b772e161642f6bae56636d07ae0e8/os-quota-sets/ea8b772e161642f6bae56636d07ae0e8?usage=true => generated 845 bytes in 54 msecs (HTTP/1.1 200) 7 headers in 285 bytes (1 switches on core 0)
2026-07-09 14:22:36.787 7 INFO cinder.api.openstack.wsgi [None req-c4835532-3459-4754-bf02-0cf529066f89 23fb295b20444ba2925a85f96ba6d798 ea8b772e161642f6bae56636d07ae0e8 - - default default] GET http://cinder-api.openstack.svc.cluster.local:8776/v3/ea8b772e161642f6bae56636d07ae0e8/os-quota-sets/f288dd767ccb4205a7097a2716400e41?usage=true
2026-07-09 14:22:36.813 7 INFO cinder.api.openstack.wsgi [None req-c4835532-3459-4754-bf02-0cf529066f89 23fb295b20444ba2925a85f96ba6d798 ea8b772e161642f6bae56636d07ae0e8 - - default default] http://cinder-api.openstack.svc.cluster.local:8776/v3/ea8b772e161642f6bae56636d07ae0e8/os-quota-sets/f288dd767ccb4205a7097a2716400e41?usage=true returned with HTTP 200 [pid: 7|app: 0|req: 355/719] 10.0.0.236 () {28 vars in 734 bytes} [Thu Jul 9 14:22:36 2026] GET /v3/ea8b772e161642f6bae56636d07ae0e8/os-quota-sets/f288dd767ccb4205a7097a2716400e41?usage=true => generated 847 bytes in 39 msecs (HTTP/1.1 200) 7 headers in 285 bytes (1 switches on core 0)
2026-07-09 14:22:36.830 8 INFO cinder.api.openstack.wsgi [None req-6c4fa51f-9ada-4a73-af6e-34c3ed980122 23fb295b20444ba2925a85f96ba6d798 ea8b772e161642f6bae56636d07ae0e8 - - default default] GET http://cinder-api.openstack.svc.cluster.local:8776/v3/ea8b772e161642f6bae56636d07ae0e8/volumes/detail?all_tenants=true
2026-07-09 14:22:36.843 8 INFO cinder.volume.api [None req-6c4fa51f-9ada-4a73-af6e-34c3ed980122 23fb295b20444ba2925a85f96ba6d798 ea8b772e161642f6bae56636d07ae0e8 - - default default] Get all volumes completed successfully.
2026-07-09 14:22:36.845 8 INFO cinder.api.openstack.wsgi [None req-6c4fa51f-9ada-4a73-af6e-34c3ed980122 23fb295b20444ba2925a85f96ba6d798 ea8b772e161642f6bae56636d07ae0e8 - - default default] http://cinder-api.openstack.svc.cluster.local:8776/v3/ea8b772e161642f6bae56636d07ae0e8/volumes/detail?all_tenants=true returned with HTTP 200 [pid: 8|app: 0|req: 365/720] 10.0.0.236 () {28 vars in 682 bytes} [Thu Jul 9 14:22:36 2026] GET /v3/ea8b772e161642f6bae56636d07ae0e8/volumes/detail?all_tenants=true => generated 15 bytes in 24 msecs (HTTP/1.1 200) 7 headers in 284 bytes (1 switches on core 0)
2026-07-09 14:22:36.855 7 INFO cinder.api.openstack.wsgi [None req-ec480b14-cc86-4405-bdef-2d76281890fc 23fb295b20444ba2925a85f96ba6d798 ea8b772e161642f6bae56636d07ae0e8 - - default default] GET http://cinder-api.openstack.svc.cluster.local:8776/v3/ea8b772e161642f6bae56636d07ae0e8/scheduler-stats/get_pools?detail=true
2026-07-09 14:22:36.869 7 INFO cinder.api.openstack.wsgi [None req-ec480b14-cc86-4405-bdef-2d76281890fc 23fb295b20444ba2925a85f96ba6d798 ea8b772e161642f6bae56636d07ae0e8 - - default default] http://cinder-api.openstack.svc.cluster.local:8776/v3/ea8b772e161642f6bae56636d07ae0e8/scheduler-stats/get_pools?detail=true returned with HTTP 200 [pid: 7|app: 0|req: 356/721] 10.0.0.236 () {28 vars in 694 bytes} [Thu Jul 9 14:22:36 2026] GET /v3/ea8b772e161642f6bae56636d07ae0e8/scheduler-stats/get_pools?detail=true => generated 670 bytes in 21 msecs (HTTP/1.1 200) 7 headers in 285 bytes (1 switches on core 0)
2026-07-09 14:22:36.881 8 INFO cinder.api.openstack.wsgi [None req-d8f7d5d7-d42e-4fdb-b75d-b736be71d161 23fb295b20444ba2925a85f96ba6d798 ea8b772e161642f6bae56636d07ae0e8 - - default default] GET http://cinder-api.openstack.svc.cluster.local:8776/v3/ea8b772e161642f6bae56636d07ae0e8/volumes/detail?all_tenants=true
2026-07-09 14:22:36.890 8 INFO cinder.volume.api [None req-d8f7d5d7-d42e-4fdb-b75d-b736be71d161 23fb295b20444ba2925a85f96ba6d798 ea8b772e161642f6bae56636d07ae0e8 - - default default] Get all volumes completed successfully.
2026-07-09 14:22:36.893 8 INFO cinder.api.openstack.wsgi [None req-d8f7d5d7-d42e-4fdb-b75d-b736be71d161 23fb295b20444ba2925a85f96ba6d798 ea8b772e161642f6bae56636d07ae0e8 - - default default] http://cinder-api.openstack.svc.cluster.local:8776/v3/ea8b772e161642f6bae56636d07ae0e8/volumes/detail?all_tenants=true returned with HTTP 200 [pid: 8|app: 0|req: 366/722] 10.0.0.236 () {28 vars in 682 bytes} [Thu Jul 9 14:22:36 2026] GET /v3/ea8b772e161642f6bae56636d07ae0e8/volumes/detail?all_tenants=true => generated 15 bytes in 21 msecs (HTTP/1.1 200) 7 headers in 284 bytes (1 switches on core 0)
2026-07-09 14:22:36.903 7 INFO cinder.api.openstack.wsgi [None req-85024fa9-c4ce-4fde-a43e-2fa2cb2e9334 23fb295b20444ba2925a85f96ba6d798 ea8b772e161642f6bae56636d07ae0e8 - - default default] GET http://cinder-api.openstack.svc.cluster.local:8776/v3/ea8b772e161642f6bae56636d07ae0e8/os-services
2026-07-09 14:22:36.911 7 INFO cinder.api.openstack.wsgi [None req-85024fa9-c4ce-4fde-a43e-2fa2cb2e9334 23fb295b20444ba2925a85f96ba6d798 ea8b772e161642f6bae56636d07ae0e8 - - default default] http://cinder-api.openstack.svc.cluster.local:8776/v3/ea8b772e161642f6bae56636d07ae0e8/os-services returned with HTTP 200 [pid: 7|app: 0|req: 357/723] 10.0.0.236 () {28 vars in 643 bytes} [Thu Jul 9 14:22:36 2026] GET /v3/ea8b772e161642f6bae56636d07ae0e8/os-services => generated 646 bytes in 15 msecs (HTTP/1.1 200) 7 headers in 285 bytes (1 switches on core 0)
2026-07-09 14:22:36.924 8 INFO cinder.api.openstack.wsgi [None req-ca5cc47e-4c64-41ee-92e1-6580187b4c4a 23fb295b20444ba2925a85f96ba6d798 ea8b772e161642f6bae56636d07ae0e8 - - default default] GET http://cinder-api.openstack.svc.cluster.local:8776/v3/ea8b772e161642f6bae56636d07ae0e8/snapshots?all_tenants=true
2026-07-09 14:22:36.932 8 INFO cinder.volume.api [None req-ca5cc47e-4c64-41ee-92e1-6580187b4c4a 23fb295b20444ba2925a85f96ba6d798 ea8b772e161642f6bae56636d07ae0e8 - - default default] Get all snapshots completed successfully.
2026-07-09 14:22:36.933 8 INFO cinder.api.openstack.wsgi [None req-ca5cc47e-4c64-41ee-92e1-6580187b4c4a 23fb295b20444ba2925a85f96ba6d798 ea8b772e161642f6bae56636d07ae0e8 - - default default] http://cinder-api.openstack.svc.cluster.local:8776/v3/ea8b772e161642f6bae56636d07ae0e8/snapshots?all_tenants=true returned with HTTP 200 [pid: 8|app: 0|req: 367/724] 10.0.0.236 () {28 vars in 672 bytes} [Thu Jul 9 14:22:36 2026] GET /v3/ea8b772e161642f6bae56636d07ae0e8/snapshots?all_tenants=true => generated 17 bytes in 17 msecs (HTTP/1.1 200) 7 headers in 284 bytes (1 switches on core 0)
2026-07-09 14:22:46.392 7 INFO cinder.api.openstack.wsgi [None req-85024fa9-c4ce-4fde-a43e-2fa2cb2e9334 23fb295b20444ba2925a85f96ba6d798 ea8b772e161642f6bae56636d07ae0e8 - - default default] GET http://10.0.0.14:8776/
2026-07-09 14:22:46.392 8 INFO cinder.api.openstack.wsgi [None req-ca5cc47e-4c64-41ee-92e1-6580187b4c4a 23fb295b20444ba2925a85f96ba6d798 ea8b772e161642f6bae56636d07ae0e8 - - default default] GET http://10.0.0.14:8776/
2026-07-09 14:22:46.393 7 INFO cinder.api.openstack.wsgi [None req-85024fa9-c4ce-4fde-a43e-2fa2cb2e9334 23fb295b20444ba2925a85f96ba6d798 ea8b772e161642f6bae56636d07ae0e8 - - default default] http://10.0.0.14:8776/ returned with HTTP 300
2026-07-09 14:22:46.393 8 INFO cinder.api.openstack.wsgi [None req-ca5cc47e-4c64-41ee-92e1-6580187b4c4a 23fb295b20444ba2925a85f96ba6d798 ea8b772e161642f6bae56636d07ae0e8 - - default default] http://10.0.0.14:8776/ returned with HTTP 300
2026-07-09 14:22:56.392 7 INFO cinder.api.openstack.wsgi [None req-85024fa9-c4ce-4fde-a43e-2fa2cb2e9334 23fb295b20444ba2925a85f96ba6d798 ea8b772e161642f6bae56636d07ae0e8 - - default default] GET http://10.0.0.14:8776/
2026-07-09 14:22:56.392 8 INFO cinder.api.openstack.wsgi [None req-ca5cc47e-4c64-41ee-92e1-6580187b4c4a 23fb295b20444ba2925a85f96ba6d798 ea8b772e161642f6bae56636d07ae0e8 - - default default] GET http://10.0.0.14:8776/
2026-07-09 14:22:56.393 8 INFO cinder.api.openstack.wsgi [None req-ca5cc47e-4c64-41ee-92e1-6580187b4c4a 23fb295b20444ba2925a85f96ba6d798 ea8b772e161642f6bae56636d07ae0e8 - - default default] http://10.0.0.14:8776/ returned with HTTP 300
2026-07-09 14:22:56.393 7 INFO cinder.api.openstack.wsgi [None req-85024fa9-c4ce-4fde-a43e-2fa2cb2e9334 23fb295b20444ba2925a85f96ba6d798 ea8b772e161642f6bae56636d07ae0e8 - - default default] http://10.0.0.14:8776/ returned with HTTP 300
2026-07-09 14:23:06.392 7 INFO cinder.api.openstack.wsgi [None req-85024fa9-c4ce-4fde-a43e-2fa2cb2e9334 23fb295b20444ba2925a85f96ba6d798 ea8b772e161642f6bae56636d07ae0e8 - - default default] GET http://10.0.0.14:8776/
2026-07-09 14:23:06.393 8 INFO cinder.api.openstack.wsgi [None req-ca5cc47e-4c64-41ee-92e1-6580187b4c4a 23fb295b20444ba2925a85f96ba6d798 ea8b772e161642f6bae56636d07ae0e8 - - default default] GET http://10.0.0.14:8776/
2026-07-09 14:23:06.393 7 INFO cinder.api.openstack.wsgi [None req-85024fa9-c4ce-4fde-a43e-2fa2cb2e9334 23fb295b20444ba2925a85f96ba6d798 ea8b772e161642f6bae56636d07ae0e8 - - default default] http://10.0.0.14:8776/ returned with HTTP 300
2026-07-09 14:23:06.393 8 INFO cinder.api.openstack.wsgi [None req-ca5cc47e-4c64-41ee-92e1-6580187b4c4a 23fb295b20444ba2925a85f96ba6d798 ea8b772e161642f6bae56636d07ae0e8 - - default default] http://10.0.0.14:8776/ returned with HTTP 300
2026-07-09 14:23:16.391 7 INFO cinder.api.openstack.wsgi [None req-85024fa9-c4ce-4fde-a43e-2fa2cb2e9334 23fb295b20444ba2925a85f96ba6d798 ea8b772e161642f6bae56636d07ae0e8 - - default default] GET http://10.0.0.14:8776/
2026-07-09 14:23:16.392 7 INFO cinder.api.openstack.wsgi [None req-85024fa9-c4ce-4fde-a43e-2fa2cb2e9334 23fb295b20444ba2925a85f96ba6d798 ea8b772e161642f6bae56636d07ae0e8 - - default default] http://10.0.0.14:8776/ returned with HTTP 300
2026-07-09 14:23:16.392 8 INFO cinder.api.openstack.wsgi [None req-ca5cc47e-4c64-41ee-92e1-6580187b4c4a 23fb295b20444ba2925a85f96ba6d798 ea8b772e161642f6bae56636d07ae0e8 - - default default] GET http://10.0.0.14:8776/
2026-07-09 14:23:16.393 8 INFO cinder.api.openstack.wsgi [None req-ca5cc47e-4c64-41ee-92e1-6580187b4c4a 23fb295b20444ba2925a85f96ba6d798 ea8b772e161642f6bae56636d07ae0e8 - - default default] http://10.0.0.14:8776/ returned with HTTP 300
2026-07-09 14:23:18.175 7 INFO cinder.api.openstack.wsgi [req-39f3dfe9-13b8-4abe-bf33-cc5ecbab6b53 req-39b5dd3f-9e64-415d-8d9d-04d2770501f7 4a45bee9ee96480eaa39af8f27e72055 e0b6e58efaa84f27b97caa632cd9c32b - - default default] GET http://cinder-api.openstack.svc.cluster.local:8776/v3/e0b6e58efaa84f27b97caa632cd9c32b/attachments?instance_id=9019ae4c-9709-46ea-888a-d2745a12a032
2026-07-09 14:23:18.199 7 INFO cinder.api.openstack.wsgi [req-39f3dfe9-13b8-4abe-bf33-cc5ecbab6b53 req-39b5dd3f-9e64-415d-8d9d-04d2770501f7 4a45bee9ee96480eaa39af8f27e72055 e0b6e58efaa84f27b97caa632cd9c32b - - default default] http://cinder-api.openstack.svc.cluster.local:8776/v3/e0b6e58efaa84f27b97caa632cd9c32b/attachments?instance_id=9019ae4c-9709-46ea-888a-d2745a12a032 returned with HTTP 200 [pid: 7|app: 0|req: 362/733] 199.19.213.32 () {36 vars in 1101 bytes} [Thu Jul 9 14:23:18 2026] GET /v3/e0b6e58efaa84f27b97caa632cd9c32b/attachments?instance_id=9019ae4c-9709-46ea-888a-d2745a12a032 => generated 19 bytes in 39 msecs (HTTP/1.1 200) 7 headers in 285 bytes (1 switches on core 0)
2026-07-09 14:23:19.131 8 INFO cinder.api.openstack.wsgi [None req-af028095-eaeb-42ba-b903-57a550e56929 4392d5cf1fd042b18704dc96db0009ab c0445d9751664c6e8f2148ec5c7e587e - - default default] POST http://cinder-api.openstack.svc.cluster.local:8776/v3/c0445d9751664c6e8f2148ec5c7e587e/volumes
2026-07-09 14:23:19.133 8 INFO cinder.api.v3.volumes [None req-af028095-eaeb-42ba-b903-57a550e56929 4392d5cf1fd042b18704dc96db0009ab c0445d9751664c6e8f2148ec5c7e587e - - default default] Create volume of 1 GB
2026-07-09 14:23:19.142 8 INFO cinder.volume.api [None req-af028095-eaeb-42ba-b903-57a550e56929 4392d5cf1fd042b18704dc96db0009ab c0445d9751664c6e8f2148ec5c7e587e - - default default] Availability Zones retrieved successfully.
2026-07-09 14:23:19.314 8 INFO cinder.volume.api [None req-af028095-eaeb-42ba-b903-57a550e56929 4392d5cf1fd042b18704dc96db0009ab c0445d9751664c6e8f2148ec5c7e587e - - default default] Create volume request issued successfully.
2026-07-09 14:23:19.316 8 INFO cinder.api.openstack.wsgi [None req-af028095-eaeb-42ba-b903-57a550e56929 4392d5cf1fd042b18704dc96db0009ab c0445d9751664c6e8f2148ec5c7e587e - - default default] http://cinder-api.openstack.svc.cluster.local:8776/v3/c0445d9751664c6e8f2148ec5c7e587e/volumes returned with HTTP 202 [pid: 8|app: 0|req: 372/734] 10.0.0.101 () {34 vars in 720 bytes} [Thu Jul 9 14:23:18 2026] POST /v3/c0445d9751664c6e8f2148ec5c7e587e/volumes => generated 861 bytes in 370 msecs (HTTP/1.1 202) 7 headers in 291 bytes (1 switches on core 0)
2026-07-09 14:23:19.336 7 INFO cinder.api.openstack.wsgi [None req-c68ddbb8-8a5d-4818-82b3-350004da5b3a 4392d5cf1fd042b18704dc96db0009ab c0445d9751664c6e8f2148ec5c7e587e - - default default] GET http://cinder-api.openstack.svc.cluster.local:8776/v3/c0445d9751664c6e8f2148ec5c7e587e/volumes/628cc3af-7975-4a3a-8c6b-f8ed01cf394f /var/lib/openstack/lib/python3.10/site-packages/oslo_context/context.py:100: DeprecationWarning: Policy enforcement is depending on the value of is_admin. This key is deprecated. Please update your policy file to use the standard policy values. warnings.warn('Policy enforcement is depending on the value of '
2026-07-09 14:23:19.365 7 INFO cinder.volume.api [None req-c68ddbb8-8a5d-4818-82b3-350004da5b3a 4392d5cf1fd042b18704dc96db0009ab c0445d9751664c6e8f2148ec5c7e587e - - default default] Volume info retrieved successfully.
2026-07-09 14:23:19.373 7 INFO cinder.api.openstack.wsgi [None req-c68ddbb8-8a5d-4818-82b3-350004da5b3a 4392d5cf1fd042b18704dc96db0009ab c0445d9751664c6e8f2148ec5c7e587e - - default default] http://cinder-api.openstack.svc.cluster.local:8776/v3/c0445d9751664c6e8f2148ec5c7e587e/volumes/628cc3af-7975-4a3a-8c6b-f8ed01cf394f returned with HTTP 200 [pid: 7|app: 0|req: 363/735] 10.0.0.101 () {32 vars in 773 bytes} [Thu Jul 9 14:23:19 2026] GET /v3/c0445d9751664c6e8f2148ec5c7e587e/volumes/628cc3af-7975-4a3a-8c6b-f8ed01cf394f => generated 929 bytes in 44 msecs (HTTP/1.1 200) 7 headers in 285 bytes (1 switches on core 0) /var/lib/openstack/lib/python3.10/site-packages/pycadf/identifier.py:71: UserWarning: Invalid uuid: cinderv3. To ensure interoperability, identifiers should be a valid uuid. warnings.warn(('Invalid uuid: %s. To ensure interoperability, '
2026-07-09 14:23:20.409 8 INFO cinder.api.openstack.wsgi [None req-8f8203fb-a276-459c-90d2-28bfc3abc6b1 4392d5cf1fd042b18704dc96db0009ab c0445d9751664c6e8f2148ec5c7e587e - - default default] GET http://cinder-api.openstack.svc.cluster.local:8776/v3/c0445d9751664c6e8f2148ec5c7e587e/volumes/628cc3af-7975-4a3a-8c6b-f8ed01cf394f /var/lib/openstack/lib/python3.10/site-packages/oslo_context/context.py:100: DeprecationWarning: Policy enforcement is depending on the value of is_admin. This key is deprecated. Please update your policy file to use the standard policy values. warnings.warn('Policy enforcement is depending on the value of '
2026-07-09 14:23:20.427 8 INFO cinder.volume.api [None req-8f8203fb-a276-459c-90d2-28bfc3abc6b1 4392d5cf1fd042b18704dc96db0009ab c0445d9751664c6e8f2148ec5c7e587e - - default default] Volume info retrieved successfully.
2026-07-09 14:23:20.434 8 INFO cinder.api.openstack.wsgi [None req-8f8203fb-a276-459c-90d2-28bfc3abc6b1 4392d5cf1fd042b18704dc96db0009ab c0445d9751664c6e8f2148ec5c7e587e - - default default] http://cinder-api.openstack.svc.cluster.local:8776/v3/c0445d9751664c6e8f2148ec5c7e587e/volumes/628cc3af-7975-4a3a-8c6b-f8ed01cf394f returned with HTTP 200 [pid: 8|app: 0|req: 373/736] 10.0.0.101 () {32 vars in 773 bytes} [Thu Jul 9 14:23:20 2026] GET /v3/c0445d9751664c6e8f2148ec5c7e587e/volumes/628cc3af-7975-4a3a-8c6b-f8ed01cf394f => generated 954 bytes in 36 msecs (HTTP/1.1 200) 7 headers in 285 bytes (1 switches on core 0)
2026-07-09 14:23:24.082 7 INFO cinder.api.openstack.wsgi [None req-c68ddbb8-8a5d-4818-82b3-350004da5b3a 4392d5cf1fd042b18704dc96db0009ab c0445d9751664c6e8f2148ec5c7e587e - - default default] GET http://cinder-api.openstack.svc.cluster.local:8776/
2026-07-09 14:23:24.083 7 INFO cinder.api.openstack.wsgi [None req-c68ddbb8-8a5d-4818-82b3-350004da5b3a 4392d5cf1fd042b18704dc96db0009ab c0445d9751664c6e8f2148ec5c7e587e - - default default] http://cinder-api.openstack.svc.cluster.local:8776/ returned with HTTP 300 [pid: 7|app: 0|req: 364/737] 10.0.0.101 () {30 vars in 409 bytes} [Thu Jul 9 14:23:24 2026] GET / => generated 411 bytes in 2 msecs (HTTP/1.1 300) 5 headers in 169 bytes (1 switches on core 0)
2026-07-09 14:23:26.393 7 INFO cinder.api.openstack.wsgi [None req-c68ddbb8-8a5d-4818-82b3-350004da5b3a 4392d5cf1fd042b18704dc96db0009ab c0445d9751664c6e8f2148ec5c7e587e - - default default] GET http://10.0.0.14:8776/
2026-07-09 14:23:26.393 7 INFO cinder.api.openstack.wsgi [None req-c68ddbb8-8a5d-4818-82b3-350004da5b3a 4392d5cf1fd042b18704dc96db0009ab c0445d9751664c6e8f2148ec5c7e587e - - default default] http://10.0.0.14:8776/ returned with HTTP 300
2026-07-09 14:23:26.393 8 INFO cinder.api.openstack.wsgi [None req-8f8203fb-a276-459c-90d2-28bfc3abc6b1 4392d5cf1fd042b18704dc96db0009ab c0445d9751664c6e8f2148ec5c7e587e - - default default] GET http://10.0.0.14:8776/
2026-07-09 14:23:26.396 8 INFO cinder.api.openstack.wsgi [None req-8f8203fb-a276-459c-90d2-28bfc3abc6b1 4392d5cf1fd042b18704dc96db0009ab c0445d9751664c6e8f2148ec5c7e587e - - default default] http://10.0.0.14:8776/ returned with HTTP 300 /var/lib/openstack/lib/python3.10/site-packages/pycadf/identifier.py:71: UserWarning: Invalid uuid: cinderv3. To ensure interoperability, identifiers should be a valid uuid. warnings.warn(('Invalid uuid: %s. To ensure interoperability, '
