2026-07-07 17:14:14.698 8 INFO neutron.db.ovn_revision_numbers_db [None req-d683fb09-0a5e-4616-8945-10bde6a016f8 - - - - - -] Successfully bumped revision number for resource c190be3b-b987-4d3d-a321-bcce3386fc01 (type: router_ports) to 2 [pid: 7|app: 0|req: 568/1141] 10.0.0.28 () {32 vars in 738 bytes} [Tue Jul 7 17:14:14 2026] DELETE /v2.0/security-groups/c9455846-f02c-4840-9eda-ea375339adc3 => generated 0 bytes in 241 msecs (HTTP/1.1 204) 2 headers in 112 bytes (1 switches on core 0) [pid: 7|app: 0|req: 569/1142] 10.0.0.222 () {34 vars in 989 bytes} [Tue Jul 7 17:14:14 2026] GET /v2.0/ports?device_id=27fdb5f4-da27-4f0e-acbf-bfb6dca84ca4 => generated 12 bytes in 19 msecs (HTTP/1.1 200) 4 headers in 156 bytes (1 switches on core 0) [pid: 8|app: 0|req: 574/1143] 10.0.0.28 () {32 vars in 748 bytes} [Tue Jul 7 17:14:14 2026] DELETE /v2.0/security-group-rules/06084917-4d79-47f8-b3d9-24f8aa463221 => generated 0 bytes in 164 msecs (HTTP/1.1 204) 2 headers in 112 bytes (1 switches on core 0) [pid: 7|app: 0|req: 570/1144] 10.0.0.28 () {32 vars in 671 bytes} [Tue Jul 7 17:14:14 2026] GET /v2.0/security-group-rules => generated 3560 bytes in 67 msecs (HTTP/1.1 200) 4 headers in 158 bytes (1 switches on core 0) [pid: 8|app: 0|req: 575/1145] 10.0.0.28 () {32 vars in 738 bytes} [Tue Jul 7 17:14:14 2026] DELETE /v2.0/security-groups/f781007e-f2bf-42ff-b845-839cd0db7c07 => generated 0 bytes in 123 msecs (HTTP/1.1 204) 2 headers in 112 bytes (1 switches on core 0) [pid: 7|app: 0|req: 571/1146] 10.0.0.28 () {32 vars in 661 bytes} [Tue Jul 7 17:14:15 2026] GET /v2.0/security-groups => generated 2925 bytes in 44 msecs (HTTP/1.1 200) 4 headers in 158 bytes (1 switches on core 0) [pid: 8|app: 0|req: 576/1147] 10.0.0.28 () {32 vars in 661 bytes} [Tue Jul 7 17:14:15 2026] GET /v2.0/security-groups => generated 2925 bytes in 29 msecs (HTTP/1.1 200) 4 headers in 158 bytes (1 switches on core 0) [pid: 7|app: 0|req: 572/1148] 10.0.0.28 () {32 vars in 772 bytes} [Tue Jul 7 17:14:15 2026] GET /v2.0/security-groups?tenant_id=fe86dd86fa0647598db76aefbf87238d&name=default => generated 2925 bytes in 136 msecs (HTTP/1.1 200) 4 headers in 158 bytes (1 switches on core 0) [pid: 7|app: 0|req: 573/1149] 10.0.0.222 () {34 vars in 989 bytes} [Tue Jul 7 17:14:15 2026] GET /v2.0/ports?device_id=27fdb5f4-da27-4f0e-acbf-bfb6dca84ca4 => generated 12 bytes in 31 msecs (HTTP/1.1 200) 4 headers in 156 bytes (1 switches on core 0) [pid: 8|app: 0|req: 577/1150] 10.0.0.28 () {32 vars in 738 bytes} [Tue Jul 7 17:14:15 2026] DELETE /v2.0/security-groups/98185f75-1fa5-4e0b-ab4f-15050ad7947e => generated 0 bytes in 316 msecs (HTTP/1.1 204) 2 headers in 112 bytes (1 switches on core 0) [pid: 7|app: 0|req: 574/1151] 199.19.213.224 () {34 vars in 985 bytes} [Tue Jul 7 17:14:16 2026] GET /v2.0/networks?id=693f91a6-1942-437a-8d5a-d54a5699c991 => generated 707 bytes in 69 msecs (HTTP/1.1 200) 4 headers in 157 bytes (1 switches on core 0) [pid: 8|app: 0|req: 578/1152] 199.19.213.224 () {34 vars in 1049 bytes} [Tue Jul 7 17:14:16 2026] GET /v2.0/security-groups?fields=id&fields=name&tenant_id=25ef62ec3e18414ebb71f417a9dc3388 => generated 181 bytes in 40 msecs (HTTP/1.1 200) 4 headers in 157 bytes (1 switches on core 0)
2026-07-07 17:14:16.515 7 WARNING neutron.scheduler.dhcp_agent_scheduler [req-49ff4252-9c98-4647-8065-f252c6fbfa92 req-f3ac8a9b-a987-4eeb-8971-27a713979121 7034dfc1fa6c4177b366fba8aa848868 25ef62ec3e18414ebb71f417a9dc3388 - - default default] No more DHCP agents
2026-07-07 17:14:16.517 7 WARNING neutron.api.rpc.agentnotifiers.dhcp_rpc_agent_api [req-49ff4252-9c98-4647-8065-f252c6fbfa92 req-f3ac8a9b-a987-4eeb-8971-27a713979121 7034dfc1fa6c4177b366fba8aa848868 25ef62ec3e18414ebb71f417a9dc3388 - - default default] Unable to schedule network 693f91a6-1942-437a-8d5a-d54a5699c991: no agents available; will retry on subsequent port and subnet creation events.
2026-07-07 17:14:16.634 8 INFO neutron.plugins.ml2.drivers.ovn.mech_driver.mech_driver [None req-d683fb09-0a5e-4616-8945-10bde6a016f8 - - - - - -] OVN reports status down for port: 00baddd6-e270-4e77-ac19-90c4a63aa843
2026-07-07 17:14:16.668 7 INFO neutron.db.ovn_revision_numbers_db [req-49ff4252-9c98-4647-8065-f252c6fbfa92 req-f3ac8a9b-a987-4eeb-8971-27a713979121 7034dfc1fa6c4177b366fba8aa848868 25ef62ec3e18414ebb71f417a9dc3388 - - default default] Successfully bumped revision number for resource 00baddd6-e270-4e77-ac19-90c4a63aa843 (type: ports) to 1 [pid: 7|app: 0|req: 575/1153] 199.19.213.224 () {38 vars in 954 bytes} [Tue Jul 7 17:14:16 2026] POST /v2.0/ports => generated 954 bytes in 482 msecs (HTTP/1.1 201) 4 headers in 162 bytes (1 switches on core 0)
2026-07-07 17:14:16.752 8 INFO neutron.db.ovn_revision_numbers_db [None req-a674edd0-49fd-474e-b143-702aef28a3d7 4e9c21dd87314ae59c335af61b3032e1 c645201b935a44d6aa60b60358f3f79b - - default default] Successfully bumped revision number for resource ef45cae8-9e99-4f97-abda-2b80f5d6ea12 (type: security_groups) to 1
2026-07-07 17:14:16.766 8 INFO neutron.db.ovn_revision_numbers_db [None req-a674edd0-49fd-474e-b143-702aef28a3d7 4e9c21dd87314ae59c335af61b3032e1 c645201b935a44d6aa60b60358f3f79b - - default default] Successfully bumped revision number for resource 0e6712a1-4bbf-4705-b600-6158657cef04 (type: security_group_rules) to 0 /var/lib/openstack/lib/python3.12/site-packages/pycadf/identifier.py:70: UserWarning: Invalid uuid: neutron. To ensure interoperability, identifiers should be a valid uuid. warnings.warn(('Invalid uuid: %s. To ensure interoperability, '
2026-07-07 17:14:16.779 8 INFO neutron.db.ovn_revision_numbers_db [None req-a674edd0-49fd-474e-b143-702aef28a3d7 4e9c21dd87314ae59c335af61b3032e1 c645201b935a44d6aa60b60358f3f79b - - default default] Successfully bumped revision number for resource 6a64afbc-d4cd-4d08-b897-548ea6dd6ad3 (type: security_group_rules) to 0
2026-07-07 17:14:16.791 8 INFO neutron.db.ovn_revision_numbers_db [None req-a674edd0-49fd-474e-b143-702aef28a3d7 4e9c21dd87314ae59c335af61b3032e1 c645201b935a44d6aa60b60358f3f79b - - default default] Successfully bumped revision number for resource 70015f20-17d1-4d34-878f-dd0cca5240c6 (type: security_group_rules) to 0
2026-07-07 17:14:16.804 8 INFO neutron.db.ovn_revision_numbers_db [None req-a674edd0-49fd-474e-b143-702aef28a3d7 4e9c21dd87314ae59c335af61b3032e1 c645201b935a44d6aa60b60358f3f79b - - default default] Successfully bumped revision number for resource 8b9fb3d1-d9af-4c1c-b5bf-769464cd5c04 (type: security_group_rules) to 0
2026-07-07 17:14:16.902 7 INFO neutron.db.ovn_revision_numbers_db [None req-1339ad9f-bc9b-4148-8f59-c2ca7ed08caa 07a6dd346aef4aeaacb98fcb1556f8ca 47c07b7b9a91484fb384d2eaf7aec7f4 - - default default] Successfully bumped revision number for resource c0115204-3bdb-46d8-a87c-837c8a17f586 (type: security_groups) to 1
2026-07-07 17:14:16.904 8 INFO neutron.db.segments_db [None req-a674edd0-49fd-474e-b143-702aef28a3d7 4e9c21dd87314ae59c335af61b3032e1 c645201b935a44d6aa60b60358f3f79b - - default default] Added segment b506abf1-dad2-4ccd-bdc1-b50e0f37821b of type geneve for network 010f0ca1-c77e-4f95-b35b-8ffe2e9b9c0e
2026-07-07 17:14:16.913 7 INFO neutron.db.ovn_revision_numbers_db [None req-1339ad9f-bc9b-4148-8f59-c2ca7ed08caa 07a6dd346aef4aeaacb98fcb1556f8ca 47c07b7b9a91484fb384d2eaf7aec7f4 - - default default] Successfully bumped revision number for resource 0d93533e-908d-4d71-84cf-713e1555830b (type: security_group_rules) to 0
2026-07-07 17:14:16.925 7 INFO neutron.db.ovn_revision_numbers_db [None req-1339ad9f-bc9b-4148-8f59-c2ca7ed08caa 07a6dd346aef4aeaacb98fcb1556f8ca 47c07b7b9a91484fb384d2eaf7aec7f4 - - default default] Successfully bumped revision number for resource 56e03a58-7a84-4581-bd04-7017980ee43a (type: security_group_rules) to 0
2026-07-07 17:14:16.937 7 INFO neutron.db.ovn_revision_numbers_db [None req-1339ad9f-bc9b-4148-8f59-c2ca7ed08caa 07a6dd346aef4aeaacb98fcb1556f8ca 47c07b7b9a91484fb384d2eaf7aec7f4 - - default default] Successfully bumped revision number for resource 8ab7309f-0bff-4d19-b2de-592f87ebcae8 (type: security_group_rules) to 0
2026-07-07 17:14:16.953 7 INFO neutron.db.ovn_revision_numbers_db [None req-1339ad9f-bc9b-4148-8f59-c2ca7ed08caa 07a6dd346aef4aeaacb98fcb1556f8ca 47c07b7b9a91484fb384d2eaf7aec7f4 - - default default] Successfully bumped revision number for resource d425f8a9-847c-455d-aae2-fc93c877e426 (type: security_group_rules) to 0
2026-07-07 17:14:17.021 8 INFO neutron.db.segments_db [None req-a674edd0-49fd-474e-b143-702aef28a3d7 4e9c21dd87314ae59c335af61b3032e1 c645201b935a44d6aa60b60358f3f79b - - default default] Added segment c63a9a91-b99a-43c8-9a93-03c31469b659 of type geneve for network e7fdf5a2-e4f7-4f3f-a60c-fe23a0e1ac22
2026-07-07 17:14:17.032 7 INFO neutron.db.segments_db [None req-1339ad9f-bc9b-4148-8f59-c2ca7ed08caa 07a6dd346aef4aeaacb98fcb1556f8ca 47c07b7b9a91484fb384d2eaf7aec7f4 - - default default] Added segment 53be7690-ba44-44b2-9c56-4f8ea50bde9d of type geneve for network 6072ee8a-5c95-40c4-8f70-eb76de6b9234
2026-07-07 17:14:17.146 7 INFO neutron.db.ovn_revision_numbers_db [None req-1339ad9f-bc9b-4148-8f59-c2ca7ed08caa 07a6dd346aef4aeaacb98fcb1556f8ca 47c07b7b9a91484fb384d2eaf7aec7f4 - - default default] Successfully bumped revision number for resource 6072ee8a-5c95-40c4-8f70-eb76de6b9234 (type: networks) to 1
2026-07-07 17:14:17.172 8 INFO neutron.db.ovn_revision_numbers_db [None req-a674edd0-49fd-474e-b143-702aef28a3d7 4e9c21dd87314ae59c335af61b3032e1 c645201b935a44d6aa60b60358f3f79b - - default default] Successfully bumped revision number for resource 010f0ca1-c77e-4f95-b35b-8ffe2e9b9c0e (type: networks) to 1
2026-07-07 17:14:17.306 7 WARNING neutron.scheduler.dhcp_agent_scheduler [None req-1339ad9f-bc9b-4148-8f59-c2ca7ed08caa 07a6dd346aef4aeaacb98fcb1556f8ca 47c07b7b9a91484fb384d2eaf7aec7f4 - - default default] No more DHCP agents
2026-07-07 17:14:17.308 7 WARNING neutron.api.rpc.agentnotifiers.dhcp_rpc_agent_api [None req-1339ad9f-bc9b-4148-8f59-c2ca7ed08caa 07a6dd346aef4aeaacb98fcb1556f8ca 47c07b7b9a91484fb384d2eaf7aec7f4 - - default default] Unable to schedule network 6072ee8a-5c95-40c4-8f70-eb76de6b9234: no agents available; will retry on subsequent port and subnet creation events.
2026-07-07 17:14:17.331 8 WARNING neutron.scheduler.dhcp_agent_scheduler [None req-a674edd0-49fd-474e-b143-702aef28a3d7 4e9c21dd87314ae59c335af61b3032e1 c645201b935a44d6aa60b60358f3f79b - - default default] No more DHCP agents
2026-07-07 17:14:17.332 8 WARNING neutron.api.rpc.agentnotifiers.dhcp_rpc_agent_api [None req-a674edd0-49fd-474e-b143-702aef28a3d7 4e9c21dd87314ae59c335af61b3032e1 c645201b935a44d6aa60b60358f3f79b - - default default] Unable to schedule network 010f0ca1-c77e-4f95-b35b-8ffe2e9b9c0e: no agents available; will retry on subsequent port and subnet creation events.
2026-07-07 17:14:17.362 7 INFO neutron.plugins.ml2.drivers.ovn.mech_driver.mech_driver [None req-bba69861-b2ce-4aab-8176-002da963eca2 - - - - - -] OVN reports status down for port: 65d534aa-cdbf-4fd1-8c60-fe1817bbf71d
2026-07-07 17:14:17.432 8 INFO neutron.db.ovn_revision_numbers_db [None req-a674edd0-49fd-474e-b143-702aef28a3d7 4e9c21dd87314ae59c335af61b3032e1 c645201b935a44d6aa60b60358f3f79b - - default default] Successfully bumped revision number for resource 3301b5b5-85df-4aeb-a7bf-d0c7d4c04fdb (type: ports) to 1
2026-07-07 17:14:17.467 7 INFO neutron.db.ovn_revision_numbers_db [None req-1339ad9f-bc9b-4148-8f59-c2ca7ed08caa 07a6dd346aef4aeaacb98fcb1556f8ca 47c07b7b9a91484fb384d2eaf7aec7f4 - - default default] Successfully bumped revision number for resource 65d534aa-cdbf-4fd1-8c60-fe1817bbf71d (type: ports) to 1
2026-07-07 17:14:17.499 8 INFO neutron.db.ovn_revision_numbers_db [None req-a674edd0-49fd-474e-b143-702aef28a3d7 4e9c21dd87314ae59c335af61b3032e1 c645201b935a44d6aa60b60358f3f79b - - default default] Successfully bumped revision number for resource e7fdf5a2-e4f7-4f3f-a60c-fe23a0e1ac22 (type: networks) to 1
2026-07-07 17:14:17.547 7 INFO neutron.plugins.ml2.drivers.ovn.mech_driver.mech_driver [None req-bba69861-b2ce-4aab-8176-002da963eca2 - - - - - -] OVN reports status down for port: 3301b5b5-85df-4aeb-a7bf-d0c7d4c04fdb [pid: 7|app: 0|req: 576/1154] 10.0.0.28 () {34 vars in 669 bytes} [Tue Jul 7 17:14:16 2026] POST /v2.0/networks => generated 784 bytes in 857 msecs (HTTP/1.1 201) 4 headers in 162 bytes (1 switches on core 0)
2026-07-07 17:14:17.664 8 WARNING neutron.scheduler.dhcp_agent_scheduler [None req-a674edd0-49fd-474e-b143-702aef28a3d7 4e9c21dd87314ae59c335af61b3032e1 c645201b935a44d6aa60b60358f3f79b - - default default] No more DHCP agents
2026-07-07 17:14:17.666 8 WARNING neutron.api.rpc.agentnotifiers.dhcp_rpc_agent_api [None req-a674edd0-49fd-474e-b143-702aef28a3d7 4e9c21dd87314ae59c335af61b3032e1 c645201b935a44d6aa60b60358f3f79b - - default default] Unable to schedule network e7fdf5a2-e4f7-4f3f-a60c-fe23a0e1ac22: no agents available; will retry on subsequent port and subnet creation events.
2026-07-07 17:14:17.731 8 INFO neutron.db.ovn_revision_numbers_db [None req-a674edd0-49fd-474e-b143-702aef28a3d7 4e9c21dd87314ae59c335af61b3032e1 c645201b935a44d6aa60b60358f3f79b - - default default] Successfully bumped revision number for resource 35449c79-5711-4a11-8bc4-3d6e4434d154 (type: ports) to 1
2026-07-07 17:14:17.746 7 INFO neutron.plugins.ml2.drivers.ovn.mech_driver.mech_driver [None req-bba69861-b2ce-4aab-8176-002da963eca2 - - - - - -] OVN reports status down for port: 35449c79-5711-4a11-8bc4-3d6e4434d154 [pid: 8|app: 0|req: 579/1155] 10.0.0.28 () {34 vars in 668 bytes} [Tue Jul 7 17:14:16 2026] POST /v2.0/networks => generated 1322 bytes in 1311 msecs (HTTP/1.1 201) 4 headers in 163 bytes (1 switches on core 0) [pid: 8|app: 0|req: 580/1156] 10.0.0.222 () {34 vars in 989 bytes} [Tue Jul 7 17:14:17 2026] GET /v2.0/ports?device_id=27fdb5f4-da27-4f0e-acbf-bfb6dca84ca4 => generated 957 bytes in 62 msecs (HTTP/1.1 200) 4 headers in 157 bytes (1 switches on core 0)
2026-07-07 17:14:17.932 8 WARNING neutron.scheduler.dhcp_agent_scheduler [None req-dcd8048f-849f-4b3b-963c-4c33e3cedc74 07a6dd346aef4aeaacb98fcb1556f8ca 47c07b7b9a91484fb384d2eaf7aec7f4 - - default default] No more DHCP agents
2026-07-07 17:14:17.934 8 WARNING neutron.api.rpc.agentnotifiers.dhcp_rpc_agent_api [None req-dcd8048f-849f-4b3b-963c-4c33e3cedc74 07a6dd346aef4aeaacb98fcb1556f8ca 47c07b7b9a91484fb384d2eaf7aec7f4 - - default default] Unable to schedule network 6072ee8a-5c95-40c4-8f70-eb76de6b9234: no agents available; will retry on subsequent port and subnet creation events.
2026-07-07 17:14:18.040 7 INFO neutron.db.ovn_revision_numbers_db [req-49ff4252-9c98-4647-8065-f252c6fbfa92 req-f04aa9ee-07f3-4a98-b759-4d281c4dd234 cca313cd6e6844439940d80b7f629f73 121fab6b851341e393eb0685b454b1b3 - - 440e731903ae447fa2eade178e46ea4c 440e731903ae447fa2eade178e46ea4c] Successfully bumped revision number for resource 00baddd6-e270-4e77-ac19-90c4a63aa843 (type: ports) to 2
2026-07-07 17:14:18.237 7 INFO neutron.db.ovn_revision_numbers_db [req-49ff4252-9c98-4647-8065-f252c6fbfa92 req-f04aa9ee-07f3-4a98-b759-4d281c4dd234 cca313cd6e6844439940d80b7f629f73 121fab6b851341e393eb0685b454b1b3 - - 440e731903ae447fa2eade178e46ea4c 440e731903ae447fa2eade178e46ea4c] Successfully bumped revision number for resource 00baddd6-e270-4e77-ac19-90c4a63aa843 (type: ports) to 4 [pid: 7|app: 0|req: 577/1157] 199.19.213.224 () {38 vars in 1027 bytes} [Tue Jul 7 17:14:17 2026] PUT /v2.0/ports/00baddd6-e270-4e77-ac19-90c4a63aa843 => generated 1204 bytes in 675 msecs (HTTP/1.1 200) 4 headers in 158 bytes (1 switches on core 0) /var/lib/openstack/lib/python3.12/site-packages/pycadf/identifier.py:70: UserWarning: Invalid uuid: neutron. To ensure interoperability, identifiers should be a valid uuid. warnings.warn(('Invalid uuid: %s. To ensure interoperability, '
2026-07-07 17:14:18.295 7 INFO neutron.notifiers.nova [-] Nova event matching ['req-38566a92-8613-4339-b1b4-393edf856861'] response: {'name': 'network-changed', 'server_uuid': '27fdb5f4-da27-4f0e-acbf-bfb6dca84ca4', 'tag': '00baddd6-e270-4e77-ac19-90c4a63aa843', 'status': 'completed', 'code': 200} [pid: 7|app: 0|req: 578/1158] 10.0.0.28 () {32 vars in 647 bytes} [Tue Jul 7 17:14:18 2026] GET /v2.0/networks => generated 1971 bytes in 60 msecs (HTTP/1.1 200) 4 headers in 158 bytes (1 switches on core 0) [pid: 7|app: 0|req: 579/1159] 10.0.0.222 () {34 vars in 1039 bytes} [Tue Jul 7 17:14:18 2026] GET /v2.0/security-groups?id=6748d1b9-7f80-4f4c-b6c1-dfeb4039e75d&fields=id&fields=name => generated 114 bytes in 23 msecs (HTTP/1.1 200) 4 headers in 157 bytes (1 switches on core 0) [pid: 7|app: 0|req: 580/1160] 10.0.0.28 () {32 vars in 621 bytes} [Tue Jul 7 17:14:18 2026] GET / => generated 151 bytes in 2 msecs (HTTP/1.1 200) 3 headers in 91 bytes (1 switches on core 0)
2026-07-07 17:14:18.420 8 INFO neutron.db.ovn_revision_numbers_db [None req-5e5ee166-527b-40ec-b949-16313cd8bfbc - - - - - -] Successfully bumped revision number for resource 65d534aa-cdbf-4fd1-8c60-fe1817bbf71d (type: ports) to 2
2026-07-07 17:14:18.456 8 INFO neutron.db.ovn_revision_numbers_db [None req-5e5ee166-527b-40ec-b949-16313cd8bfbc - - - - - -] Successfully bumped revision number for resource 3b0c804f-2f0e-4f46-a06a-b4b096eadb3c (type: subnets) to 0
2026-07-07 17:14:18.469 7 INFO neutron_taas.services.taas.taas_plugin [None req-7984744f-5617-4af9-8740-2685a1779131 4e9c21dd87314ae59c335af61b3032e1 c645201b935a44d6aa60b60358f3f79b - - default default] TaaS: Handle Delete Port: 3301b5b5-85df-4aeb-a7bf-d0c7d4c04fdb
2026-07-07 17:14:18.472 7 INFO neutron_taas.services.taas.tap_mirror_plugin [None req-7984744f-5617-4af9-8740-2685a1779131 4e9c21dd87314ae59c335af61b3032e1 c645201b935a44d6aa60b60358f3f79b - - default default] Tap Mirror: Handle Delete Port: 3301b5b5-85df-4aeb-a7bf-d0c7d4c04fdb [pid: 8|app: 0|req: 581/1161] 10.0.0.28 () {34 vars in 667 bytes} [Tue Jul 7 17:14:17 2026] POST /v2.0/subnets => generated 691 bytes in 655 msecs (HTTP/1.1 201) 4 headers in 162 bytes (1 switches on core 0) [pid: 8|app: 0|req: 582/1162] 10.0.0.28 () {32 vars in 631 bytes} [Tue Jul 7 17:14:18 2026] GET /v2.0/ => generated 632 bytes in 142 msecs (HTTP/1.1 200) 4 headers in 157 bytes (1 switches on core 0)
2026-07-07 17:14:18.656 7 INFO neutron.services.segments.plugin [-] Segment b506abf1-dad2-4ccd-bdc1-b50e0f37821b resource provider aggregate not found
2026-07-07 17:14:18.660 7 INFO neutron.services.segments.plugin [-] Segment b506abf1-dad2-4ccd-bdc1-b50e0f37821b resource provider aggregate not found
2026-07-07 17:14:18.673 7 INFO neutron.services.segments.plugin [-] Client error retrieving segment b506abf1-dad2-4ccd-bdc1-b50e0f37821b resource provider; error: Placement Client Error (4xx): {"errors": [{"status": 404, "title": "Not Found", "detail": "The resource could not be found.\n\n No resource provider with uuid b506abf1-dad2-4ccd-bdc1-b50e0f37821b found for delete ", "request_id": "req-62073e43-1088-4adf-8733-1cac5e716285"}]}
2026-07-07 17:14:18.676 7 INFO neutron.services.segments.plugin [-] Client error retrieving segment b506abf1-dad2-4ccd-bdc1-b50e0f37821b resource provider; error: Placement Client Error (4xx): {"errors": [{"status": 404, "title": "Not Found", "detail": "The resource could not be found.\n\n No resource provider with uuid b506abf1-dad2-4ccd-bdc1-b50e0f37821b found for delete ", "request_id": "req-829b0292-4000-405b-b708-c61fc916ff4b"}]} [pid: 7|app: 0|req: 581/1163] 10.0.0.28 () {32 vars in 724 bytes} [Tue Jul 7 17:14:18 2026] DELETE /v2.0/networks/010f0ca1-c77e-4f95-b35b-8ffe2e9b9c0e => generated 0 bytes in 357 msecs (HTTP/1.1 204) 3 headers in 131 bytes (1 switches on core 0)
2026-07-07 17:14:18.824 7 INFO neutron_taas.services.taas.taas_plugin [None req-17e623df-8df2-499f-bdcc-966dd007a10d 4e9c21dd87314ae59c335af61b3032e1 c645201b935a44d6aa60b60358f3f79b - - default default] TaaS: Handle Delete Port: 35449c79-5711-4a11-8bc4-3d6e4434d154
2026-07-07 17:14:18.827 7 INFO neutron_taas.services.taas.tap_mirror_plugin [None req-17e623df-8df2-499f-bdcc-966dd007a10d 4e9c21dd87314ae59c335af61b3032e1 c645201b935a44d6aa60b60358f3f79b - - default default] Tap Mirror: Handle Delete Port: 35449c79-5711-4a11-8bc4-3d6e4434d154
2026-07-07 17:14:19.078 8 WARNING neutron.scheduler.dhcp_agent_scheduler [None req-9cd826ad-3c39-44ad-86ae-2f6763c6472c 07a6dd346aef4aeaacb98fcb1556f8ca 47c07b7b9a91484fb384d2eaf7aec7f4 - - default default] No more DHCP agents
2026-07-07 17:14:19.080 8 WARNING neutron.api.rpc.agentnotifiers.dhcp_rpc_agent_api [None req-9cd826ad-3c39-44ad-86ae-2f6763c6472c 07a6dd346aef4aeaacb98fcb1556f8ca 47c07b7b9a91484fb384d2eaf7aec7f4 - - default default] Unable to schedule network 1c316f7c-48c5-48fb-a075-7745822a07ad: no agents available; will retry on subsequent port and subnet creation events. [pid: 7|app: 0|req: 582/1164] 10.0.0.28 () {32 vars in 724 bytes} [Tue Jul 7 17:14:18 2026] DELETE /v2.0/networks/e7fdf5a2-e4f7-4f3f-a60c-fe23a0e1ac22 => generated 0 bytes in 402 msecs (HTTP/1.1 204) 3 headers in 131 bytes (1 switches on core 0) [pid: 7|app: 0|req: 583/1165] 199.19.213.224 () {34 vars in 1079 bytes} [Tue Jul 7 17:14:19 2026] GET /v2.0/ports?tenant_id=25ef62ec3e18414ebb71f417a9dc3388&device_id=27fdb5f4-da27-4f0e-acbf-bfb6dca84ca4 => generated 1207 bytes in 43 msecs (HTTP/1.1 200) 4 headers in 158 bytes (1 switches on core 0) [pid: 7|app: 0|req: 584/1166] 10.0.0.28 () {32 vars in 647 bytes} [Tue Jul 7 17:14:19 2026] GET /v2.0/networks => generated 689 bytes in 68 msecs (HTTP/1.1 200) 4 headers in 157 bytes (1 switches on core 0)
2026-07-07 17:14:19.237 7 INFO neutron.plugins.ml2.drivers.ovn.mech_driver.mech_driver [None req-bba69861-b2ce-4aab-8176-002da963eca2 - - - - - -] OVN reports status down for port: a6d66c3a-8eb0-4291-8994-8f804394ed17
2026-07-07 17:14:19.256 8 INFO neutron.db.ovn_revision_numbers_db [None req-9cd826ad-3c39-44ad-86ae-2f6763c6472c 07a6dd346aef4aeaacb98fcb1556f8ca 47c07b7b9a91484fb384d2eaf7aec7f4 - - default default] Successfully bumped revision number for resource a6d66c3a-8eb0-4291-8994-8f804394ed17 (type: ports) to 1
2026-07-07 17:14:19.433 7 INFO neutron.db.ovn_revision_numbers_db [None req-04cdf5a7-5d04-4815-a9e6-c7970c82d995 07a6dd346aef4aeaacb98fcb1556f8ca 47c07b7b9a91484fb384d2eaf7aec7f4 - - default default] Successfully bumped revision number for resource 6d85a290-861d-49f8-bc7a-65a3199dc4ea (type: security_groups) to 1
2026-07-07 17:14:19.448 7 INFO neutron.db.ovn_revision_numbers_db [None req-04cdf5a7-5d04-4815-a9e6-c7970c82d995 07a6dd346aef4aeaacb98fcb1556f8ca 47c07b7b9a91484fb384d2eaf7aec7f4 - - default default] Successfully bumped revision number for resource 365b51b5-4f23-4f23-88f4-f8c6aae2c6a7 (type: security_group_rules) to 0
2026-07-07 17:14:19.462 7 INFO neutron.db.ovn_revision_numbers_db [None req-04cdf5a7-5d04-4815-a9e6-c7970c82d995 07a6dd346aef4aeaacb98fcb1556f8ca 47c07b7b9a91484fb384d2eaf7aec7f4 - - default default] Successfully bumped revision number for resource 46da8296-b222-4451-996e-01a809d61d78 (type: security_group_rules) to 0
2026-07-07 17:14:19.473 7 INFO neutron.db.ovn_revision_numbers_db [None req-04cdf5a7-5d04-4815-a9e6-c7970c82d995 07a6dd346aef4aeaacb98fcb1556f8ca 47c07b7b9a91484fb384d2eaf7aec7f4 - - default default] Successfully bumped revision number for resource 4a69f100-1190-4a18-9ce2-743c58e1f26b (type: security_group_rules) to 0
2026-07-07 17:14:19.487 7 INFO neutron.db.ovn_revision_numbers_db [None req-04cdf5a7-5d04-4815-a9e6-c7970c82d995 07a6dd346aef4aeaacb98fcb1556f8ca 47c07b7b9a91484fb384d2eaf7aec7f4 - - default default] Successfully bumped revision number for resource fca9ba15-e117-46d0-8d3c-2b8e395309d8 (type: security_group_rules) to 0 [pid: 7|app: 0|req: 585/1167] 10.0.0.28 () {32 vars in 772 bytes} [Tue Jul 7 17:14:19 2026] GET /v2.0/security-groups?tenant_id=b6eae2fa31ad4a2091ad634eafe9b816&name=default => generated 2925 bytes in 305 msecs (HTTP/1.1 200) 4 headers in 158 bytes (1 switches on core 0) [pid: 7|app: 0|req: 586/1168] 199.19.213.224 () {34 vars in 1017 bytes} [Tue Jul 7 17:14:19 2026] GET /v2.0/networks?tenant_id=25ef62ec3e18414ebb71f417a9dc3388&shared=False => generated 805 bytes in 44 msecs (HTTP/1.1 200) 4 headers in 157 bytes (1 switches on core 0)
2026-07-07 17:14:19.660 7 INFO neutron.db.segments_db [None req-15045bd7-4034-495b-bc6a-8a3d8db3bf36 4e9c21dd87314ae59c335af61b3032e1 c645201b935a44d6aa60b60358f3f79b - - default default] Added segment 7b803612-ef21-4e90-bfdf-7163833d5154 of type geneve for network 0bb48a7f-5018-40c2-80f5-afed0eb6b802
2026-07-07 17:14:19.793 7 INFO neutron.db.ovn_revision_numbers_db [None req-15045bd7-4034-495b-bc6a-8a3d8db3bf36 4e9c21dd87314ae59c335af61b3032e1 c645201b935a44d6aa60b60358f3f79b - - default default] Successfully bumped revision number for resource 0bb48a7f-5018-40c2-80f5-afed0eb6b802 (type: networks) to 1
2026-07-07 17:14:19.892 8 INFO neutron.plugins.ml2.drivers.ovn.mech_driver.ovsdb.commands [None req-2f5d27fb-b199-44d6-84fa-326f4e9c209b - - - - - -] Schedule LRP lrp-a6d66c3a-8eb0-4291-8994-8f804394ed17 on gateway 915b1e75-8c80-4adf-ab7d-6fae84e2dba0 with priority 1
2026-07-07 17:14:19.956 7 INFO neutron.plugins.ml2.drivers.ovn.mech_driver.ovsdb.ovsdb_monitor [None req-a4334a67-5a16-40d5-82a8-ffc224ecc9dc - - - - - -] Router 81803ce3-4ce9-4ac1-ba35-8a8179cf938f is bound to host instance
2026-07-07 17:14:19.965 8 INFO neutron.db.ovn_revision_numbers_db [None req-9cd826ad-3c39-44ad-86ae-2f6763c6472c 07a6dd346aef4aeaacb98fcb1556f8ca 47c07b7b9a91484fb384d2eaf7aec7f4 - - default default] Successfully bumped revision number for resource a6d66c3a-8eb0-4291-8994-8f804394ed17 (type: router_ports) to 1
2026-07-07 17:14:20.001 7 INFO neutron.plugins.ml2.drivers.ovn.mech_driver.mech_driver [None req-bba69861-b2ce-4aab-8176-002da963eca2 - - - - - -] OVN reports status up for port: a6d66c3a-8eb0-4291-8994-8f804394ed17
2026-07-07 17:14:20.026 8 INFO neutron.db.ovn_revision_numbers_db [None req-9cd826ad-3c39-44ad-86ae-2f6763c6472c 07a6dd346aef4aeaacb98fcb1556f8ca 47c07b7b9a91484fb384d2eaf7aec7f4 - - default default] Successfully bumped revision number for resource 81803ce3-4ce9-4ac1-ba35-8a8179cf938f (type: routers) to 2 [pid: 8|app: 0|req: 583/1169] 10.0.0.28 () {34 vars in 667 bytes} [Tue Jul 7 17:14:18 2026] POST /v2.0/routers => generated 969 bytes in 1432 msecs (HTTP/1.1 201) 4 headers in 162 bytes (1 switches on core 0)
2026-07-07 17:14:20.059 7 INFO neutron.plugins.ml2.plugin [None req-bba69861-b2ce-4aab-8176-002da963eca2 - - - - - -] Attempt 1 to provision port a6d66c3a-8eb0-4291-8994-8f804394ed17
2026-07-07 17:14:20.076 7 WARNING neutron.scheduler.dhcp_agent_scheduler [None req-15045bd7-4034-495b-bc6a-8a3d8db3bf36 4e9c21dd87314ae59c335af61b3032e1 c645201b935a44d6aa60b60358f3f79b - - default default] No more DHCP agents
2026-07-07 17:14:20.081 7 WARNING neutron.api.rpc.agentnotifiers.dhcp_rpc_agent_api [None req-15045bd7-4034-495b-bc6a-8a3d8db3bf36 4e9c21dd87314ae59c335af61b3032e1 c645201b935a44d6aa60b60358f3f79b - - default default] Unable to schedule network 0bb48a7f-5018-40c2-80f5-afed0eb6b802: no agents available; will retry on subsequent port and subnet creation events. [pid: 8|app: 0|req: 584/1170] 10.0.0.222 () {34 vars in 989 bytes} [Tue Jul 7 17:14:20 2026] GET /v2.0/ports?device_id=27fdb5f4-da27-4f0e-acbf-bfb6dca84ca4 => generated 969 bytes in 47 msecs (HTTP/1.1 200) 4 headers in 157 bytes (1 switches on core 0)
2026-07-07 17:14:20.335 7 INFO neutron.db.ovn_revision_numbers_db [None req-15045bd7-4034-495b-bc6a-8a3d8db3bf36 4e9c21dd87314ae59c335af61b3032e1 c645201b935a44d6aa60b60358f3f79b - - default default] Successfully bumped revision number for resource f1c43b4d-6ffb-4a82-993c-affe9f92aee8 (type: ports) to 1 [pid: 8|app: 0|req: 585/1171] 10.0.0.28 () {32 vars in 738 bytes} [Tue Jul 7 17:14:20 2026] DELETE /v2.0/security-groups/6d85a290-861d-49f8-bc7a-65a3199dc4ea => generated 0 bytes in 298 msecs (HTTP/1.1 204) 2 headers in 112 bytes (1 switches on core 0) [pid: 7|app: 0|req: 587/1172] 10.0.0.28 () {34 vars in 668 bytes} [Tue Jul 7 17:14:19 2026] POST /v2.0/networks => generated 687 bytes in 838 msecs (HTTP/1.1 201) 4 headers in 162 bytes (1 switches on core 0) [pid: 8|app: 0|req: 586/1173] 199.19.213.224 () {34 vars in 929 bytes} [Tue Jul 7 17:14:20 2026] GET /v2.0/networks?shared=True => generated 791 bytes in 41 msecs (HTTP/1.1 200) 4 headers in 157 bytes (1 switches on core 0) [pid: 8|app: 0|req: 587/1174] 10.0.0.222 () {34 vars in 1039 bytes} [Tue Jul 7 17:14:20 2026] GET /v2.0/security-groups?id=6748d1b9-7f80-4f4c-b6c1-dfeb4039e75d&fields=id&fields=name => generated 114 bytes in 24 msecs (HTTP/1.1 200) 4 headers in 157 bytes (1 switches on core 0)
2026-07-07 17:14:20.550 8 INFO neutron.db.segments_db [None req-cb292fdc-3663-4fcf-a437-af4ca6ed1513 4e9c21dd87314ae59c335af61b3032e1 c645201b935a44d6aa60b60358f3f79b - - default default] Added segment 3f0ab335-7175-4e91-8787-0a6e626ea0d6 of type geneve for network 9f1f60f0-3c6f-4c5e-bd7d-b145b1d10ebd
2026-07-07 17:14:20.658 8 INFO neutron.db.ovn_revision_numbers_db [None req-cb292fdc-3663-4fcf-a437-af4ca6ed1513 4e9c21dd87314ae59c335af61b3032e1 c645201b935a44d6aa60b60358f3f79b - - default default] Successfully bumped revision number for resource 9f1f60f0-3c6f-4c5e-bd7d-b145b1d10ebd (type: networks) to 1
2026-07-07 17:14:20.697 7 INFO neutron.services.segments.plugin [-] Segment c63a9a91-b99a-43c8-9a93-03c31469b659 resource provider aggregate not found
2026-07-07 17:14:20.702 7 INFO neutron.services.segments.plugin [-] Segment c63a9a91-b99a-43c8-9a93-03c31469b659 resource provider aggregate not found
2026-07-07 17:14:20.717 7 INFO neutron.services.segments.plugin [-] Client error retrieving segment c63a9a91-b99a-43c8-9a93-03c31469b659 resource provider; error: Placement Client Error (4xx): {"errors": [{"status": 404, "title": "Not Found", "detail": "The resource could not be found.\n\n No resource provider with uuid c63a9a91-b99a-43c8-9a93-03c31469b659 found for delete ", "request_id": "req-ab323329-a32d-47eb-91f9-8158909caa33"}]}
2026-07-07 17:14:20.730 7 INFO neutron.services.segments.plugin [-] Client error retrieving segment c63a9a91-b99a-43c8-9a93-03c31469b659 resource provider; error: Placement Client Error (4xx): {"errors": [{"status": 404, "title": "Not Found", "detail": "The resource could not be found.\n\n No resource provider with uuid c63a9a91-b99a-43c8-9a93-03c31469b659 found for delete ", "request_id": "req-f8325767-c0e2-41af-a5dc-0f3d40c0d404"}]}
2026-07-07 17:14:20.806 8 WARNING neutron.scheduler.dhcp_agent_scheduler [None req-cb292fdc-3663-4fcf-a437-af4ca6ed1513 4e9c21dd87314ae59c335af61b3032e1 c645201b935a44d6aa60b60358f3f79b - - default default] No more DHCP agents
2026-07-07 17:14:20.807 8 WARNING neutron.api.rpc.agentnotifiers.dhcp_rpc_agent_api [None req-cb292fdc-3663-4fcf-a437-af4ca6ed1513 4e9c21dd87314ae59c335af61b3032e1 c645201b935a44d6aa60b60358f3f79b - - default default] Unable to schedule network 9f1f60f0-3c6f-4c5e-bd7d-b145b1d10ebd: no agents available; will retry on subsequent port and subnet creation events.
2026-07-07 17:14:20.904 8 INFO neutron.db.ovn_revision_numbers_db [None req-cb292fdc-3663-4fcf-a437-af4ca6ed1513 4e9c21dd87314ae59c335af61b3032e1 c645201b935a44d6aa60b60358f3f79b - - default default] Successfully bumped revision number for resource 475d9364-2f74-44b7-b6b1-156d123c2b32 (type: ports) to 1 [pid: 8|app: 0|req: 588/1175] 10.0.0.28 () {34 vars in 668 bytes} [Tue Jul 7 17:14:20 2026] POST /v2.0/networks => generated 688 bytes in 466 msecs (HTTP/1.1 201) 4 headers in 162 bytes (1 switches on core 0)
2026-07-07 17:14:21.172 7 WARNING neutron.scheduler.dhcp_agent_scheduler [None req-4ed09b8d-a2bc-40e9-9546-c912f8391e4b 07a6dd346aef4aeaacb98fcb1556f8ca 47c07b7b9a91484fb384d2eaf7aec7f4 - - default default] No more DHCP agents
2026-07-07 17:14:21.173 7 WARNING neutron.api.rpc.agentnotifiers.dhcp_rpc_agent_api [None req-4ed09b8d-a2bc-40e9-9546-c912f8391e4b 07a6dd346aef4aeaacb98fcb1556f8ca 47c07b7b9a91484fb384d2eaf7aec7f4 - - default default] Unable to schedule network 6072ee8a-5c95-40c4-8f70-eb76de6b9234: no agents available; will retry on subsequent port and subnet creation events.
2026-07-07 17:14:21.388 8 INFO neutron.plugins.ml2.drivers.ovn.mech_driver.mech_driver [None req-d683fb09-0a5e-4616-8945-10bde6a016f8 - - - - - -] OVN reports status down for port: 30dabde6-9bd8-4f4d-a610-9e89d1a97b04
2026-07-07 17:14:21.418 7 INFO neutron.db.ovn_revision_numbers_db [None req-4ed09b8d-a2bc-40e9-9546-c912f8391e4b 07a6dd346aef4aeaacb98fcb1556f8ca 47c07b7b9a91484fb384d2eaf7aec7f4 - - default default] Successfully bumped revision number for resource 30dabde6-9bd8-4f4d-a610-9e89d1a97b04 (type: ports) to 1
2026-07-07 17:14:21.449 8 WARNING neutron.scheduler.dhcp_agent_scheduler [None req-f9c5a357-7391-41a9-884b-334e525d9c9d 4e9c21dd87314ae59c335af61b3032e1 c645201b935a44d6aa60b60358f3f79b - - default default] No more DHCP agents
2026-07-07 17:14:21.450 8 WARNING neutron.api.rpc.agentnotifiers.dhcp_rpc_agent_api [None req-f9c5a357-7391-41a9-884b-334e525d9c9d 4e9c21dd87314ae59c335af61b3032e1 c645201b935a44d6aa60b60358f3f79b - - default default] Unable to schedule network 0bb48a7f-5018-40c2-80f5-afed0eb6b802: no agents available; will retry on subsequent port and subnet creation events.
2026-07-07 17:14:21.564 8 INFO neutron.db.ovn_revision_numbers_db [None req-f9c5a357-7391-41a9-884b-334e525d9c9d 4e9c21dd87314ae59c335af61b3032e1 c645201b935a44d6aa60b60358f3f79b - - default default] Successfully bumped revision number for resource a01120be-3d6f-40ea-885c-74efc6056898 (type: ports) to 1
2026-07-07 17:14:21.613 8 WARNING neutron.scheduler.dhcp_agent_scheduler [None req-f9c5a357-7391-41a9-884b-334e525d9c9d 4e9c21dd87314ae59c335af61b3032e1 c645201b935a44d6aa60b60358f3f79b - - default default] No more DHCP agents
2026-07-07 17:14:21.614 8 WARNING neutron.api.rpc.agentnotifiers.dhcp_rpc_agent_api [None req-f9c5a357-7391-41a9-884b-334e525d9c9d 4e9c21dd87314ae59c335af61b3032e1 c645201b935a44d6aa60b60358f3f79b - - default default] Unable to schedule network 9f1f60f0-3c6f-4c5e-bd7d-b145b1d10ebd: no agents available; will retry on subsequent port and subnet creation events.
2026-07-07 17:14:21.626 7 INFO neutron.db.ovn_revision_numbers_db [None req-50bf5abf-4f08-4129-95fb-c91c02adcf4f - - - - - -] Successfully bumped revision number for resource a6d66c3a-8eb0-4291-8994-8f804394ed17 (type: ports) to 4
2026-07-07 17:14:21.671 8 INFO neutron.plugins.ml2.drivers.ovn.mech_driver.mech_driver [None req-d683fb09-0a5e-4616-8945-10bde6a016f8 - - - - - -] OVN reports status down for port: f4631e7c-aa5a-4f31-ab7a-1d68429b451f
2026-07-07 17:14:21.735 8 INFO neutron.db.ovn_revision_numbers_db [None req-f9c5a357-7391-41a9-884b-334e525d9c9d 4e9c21dd87314ae59c335af61b3032e1 c645201b935a44d6aa60b60358f3f79b - - default default] Successfully bumped revision number for resource f4631e7c-aa5a-4f31-ab7a-1d68429b451f (type: ports) to 1 [pid: 8|app: 0|req: 589/1176] 10.0.0.28 () {34 vars in 663 bytes} [Tue Jul 7 17:14:20 2026] POST /v2.0/ports => generated 1506 bytes in 913 msecs (HTTP/1.1 201) 4 headers in 163 bytes (1 switches on core 0) /var/lib/openstack/lib/python3.12/site-packages/pycadf/identifier.py:70: UserWarning: Invalid uuid: neutron. To ensure interoperability, identifiers should be a valid uuid. warnings.warn(('Invalid uuid: %s. To ensure interoperability, ' [pid: 8|app: 0|req: 590/1177] 199.19.213.224 () {34 vars in 1079 bytes} [Tue Jul 7 17:14:21 2026] GET /v2.0/ports?tenant_id=25ef62ec3e18414ebb71f417a9dc3388&device_id=27fdb5f4-da27-4f0e-acbf-bfb6dca84ca4 => generated 1207 bytes in 34 msecs (HTTP/1.1 200) 4 headers in 158 bytes (1 switches on core 0) [pid: 8|app: 0|req: 591/1178] 10.0.0.222 () {34 vars in 989 bytes} [Tue Jul 7 17:14:21 2026] GET /v2.0/ports?device_id=27fdb5f4-da27-4f0e-acbf-bfb6dca84ca4 => generated 969 bytes in 32 msecs (HTTP/1.1 200) 4 headers in 157 bytes (1 switches on core 0) [pid: 8|app: 0|req: 592/1179] 10.0.0.28 () {32 vars in 641 bytes} [Tue Jul 7 17:14:21 2026] GET /v2.0/ports => generated 3018 bytes in 46 msecs (HTTP/1.1 200) 4 headers in 158 bytes (1 switches on core 0) [pid: 8|app: 0|req: 593/1180] 199.19.213.224 () {34 vars in 1057 bytes} [Tue Jul 7 17:14:21 2026] GET /v2.0/floatingips?fixed_ip_address=10.100.0.9&port_id=00baddd6-e270-4e77-ac19-90c4a63aa843 => generated 19 bytes in 17 msecs (HTTP/1.1 200) 4 headers in 156 bytes (1 switches on core 0) [pid: 8|app: 0|req: 594/1181] 10.0.0.222 () {34 vars in 1039 bytes} [Tue Jul 7 17:14:21 2026] GET /v2.0/security-groups?id=6748d1b9-7f80-4f4c-b6c1-dfeb4039e75d&fields=id&fields=name => generated 114 bytes in 25 msecs (HTTP/1.1 200) 4 headers in 157 bytes (1 switches on core 0)
2026-07-07 17:14:22.131 8 INFO neutron_taas.services.taas.taas_plugin [None req-cc1753d0-7fb0-4b07-b85d-768985aed407 4e9c21dd87314ae59c335af61b3032e1 c645201b935a44d6aa60b60358f3f79b - - default default] TaaS: Handle Delete Port: a01120be-3d6f-40ea-885c-74efc6056898
2026-07-07 17:14:22.135 8 INFO neutron_taas.services.taas.tap_mirror_plugin [None req-cc1753d0-7fb0-4b07-b85d-768985aed407 4e9c21dd87314ae59c335af61b3032e1 c645201b935a44d6aa60b60358f3f79b - - default default] Tap Mirror: Handle Delete Port: a01120be-3d6f-40ea-885c-74efc6056898 [pid: 8|app: 0|req: 595/1182] 10.0.0.28 () {32 vars in 718 bytes} [Tue Jul 7 17:14:22 2026] DELETE /v2.0/ports/a01120be-3d6f-40ea-885c-74efc6056898 => generated 0 bytes in 255 msecs (HTTP/1.1 204) 3 headers in 131 bytes (1 switches on core 0) [pid: 8|app: 0|req: 596/1183] 199.19.213.224 () {34 vars in 983 bytes} [Tue Jul 7 17:14:22 2026] GET /v2.0/subnets?id=54710cf6-631c-4c91-a5df-ab29d451d93e => generated 687 bytes in 27 msecs (HTTP/1.1 200) 4 headers in 157 bytes (1 switches on core 0)
2026-07-07 17:14:22.329 7 INFO neutron.db.ovn_revision_numbers_db [None req-50bf5abf-4f08-4129-95fb-c91c02adcf4f - - - - - -] Successfully bumped revision number for resource a6d66c3a-8eb0-4291-8994-8f804394ed17 (type: ports) to 5
2026-07-07 17:14:22.389 8 INFO neutron_taas.services.taas.taas_plugin [None req-a2e95e19-e859-462a-be79-d6c2ed5f7716 4e9c21dd87314ae59c335af61b3032e1 c645201b935a44d6aa60b60358f3f79b - - default default] TaaS: Handle Delete Port: f4631e7c-aa5a-4f31-ab7a-1d68429b451f
2026-07-07 17:14:22.393 8 INFO neutron_taas.services.taas.tap_mirror_plugin [None req-a2e95e19-e859-462a-be79-d6c2ed5f7716 4e9c21dd87314ae59c335af61b3032e1 c645201b935a44d6aa60b60358f3f79b - - default default] Tap Mirror: Handle Delete Port: f4631e7c-aa5a-4f31-ab7a-1d68429b451f
2026-07-07 17:14:22.474 8 INFO neutron.plugins.ml2.drivers.ovn.mech_driver.mech_driver [None req-d683fb09-0a5e-4616-8945-10bde6a016f8 - - - - - -] OVN reports status up for port: 30dabde6-9bd8-4f4d-a610-9e89d1a97b04
2026-07-07 17:14:22.497 8 INFO neutron.plugins.ml2.plugin [None req-d683fb09-0a5e-4616-8945-10bde6a016f8 - - - - - -] Attempt 1 to provision port 30dabde6-9bd8-4f4d-a610-9e89d1a97b04 [pid: 8|app: 0|req: 597/1184] 10.0.0.28 () {32 vars in 718 bytes} [Tue Jul 7 17:14:22 2026] DELETE /v2.0/ports/f4631e7c-aa5a-4f31-ab7a-1d68429b451f => generated 0 bytes in 287 msecs (HTTP/1.1 204) 3 headers in 131 bytes (1 switches on core 0) [pid: 8|app: 0|req: 598/1185] 199.19.213.224 () {34 vars in 1051 bytes} [Tue Jul 7 17:14:22 2026] GET /v2.0/ports?network_id=693f91a6-1942-437a-8d5a-d54a5699c991&device_owner=network%3Adhcp => generated 12 bytes in 32 msecs (HTTP/1.1 200) 4 headers in 156 bytes (1 switches on core 0)
2026-07-07 17:14:22.621 7 WARNING neutron.scheduler.dhcp_agent_scheduler [None req-4ed09b8d-a2bc-40e9-9546-c912f8391e4b 07a6dd346aef4aeaacb98fcb1556f8ca 47c07b7b9a91484fb384d2eaf7aec7f4 - - default default] No more DHCP agents
2026-07-07 17:14:22.623 7 WARNING neutron.api.rpc.agentnotifiers.dhcp_rpc_agent_api [None req-4ed09b8d-a2bc-40e9-9546-c912f8391e4b 07a6dd346aef4aeaacb98fcb1556f8ca 47c07b7b9a91484fb384d2eaf7aec7f4 - - default default] Unable to schedule network 6072ee8a-5c95-40c4-8f70-eb76de6b9234: no agents available; will retry on subsequent port and subnet creation events. [pid: 8|app: 0|req: 599/1186] 10.0.0.28 () {32 vars in 641 bytes} [Tue Jul 7 17:14:22 2026] GET /v2.0/ports => generated 1523 bytes in 97 msecs (HTTP/1.1 200) 4 headers in 158 bytes (1 switches on core 0) [pid: 8|app: 0|req: 600/1187] 199.19.213.224 () {34 vars in 1011 bytes} [Tue Jul 7 17:14:22 2026] GET /v2.0/networks/693f91a6-1942-437a-8d5a-d54a5699c991?fields=segments => generated 14 bytes in 64 msecs (HTTP/1.1 200) 4 headers in 156 bytes (1 switches on core 0)
2026-07-07 17:14:22.900 8 INFO neutron.db.segments_db [None req-102ff02d-2b20-4174-86e1-2ac0de8efaf5 4e9c21dd87314ae59c335af61b3032e1 c645201b935a44d6aa60b60358f3f79b - - default default] Added segment e3f2f59d-e199-413e-a2e7-e711d77b9c9f of type geneve for network df20cd80-22bb-46d3-981d-7c9403ba630d
2026-07-07 17:14:23.012 8 INFO neutron.db.ovn_revision_numbers_db [None req-d683fb09-0a5e-4616-8945-10bde6a016f8 - - - - - -] Successfully bumped revision number for resource 30dabde6-9bd8-4f4d-a610-9e89d1a97b04 (type: ports) to 2
2026-07-07 17:14:23.017 7 INFO neutron.plugins.ml2.drivers.ovn.mech_driver.mech_driver [None req-bba69861-b2ce-4aab-8176-002da963eca2 - - - - - -] OVN reports status down for port: f1c43b4d-6ffb-4a82-993c-affe9f92aee8
2026-07-07 17:14:23.112 8 INFO neutron.db.ovn_revision_numbers_db [None req-102ff02d-2b20-4174-86e1-2ac0de8efaf5 4e9c21dd87314ae59c335af61b3032e1 c645201b935a44d6aa60b60358f3f79b - - default default] Successfully bumped revision number for resource df20cd80-22bb-46d3-981d-7c9403ba630d (type: networks) to 1
2026-07-07 17:14:23.150 7 INFO neutron.plugins.ml2.drivers.ovn.mech_driver.mech_driver [None req-bba69861-b2ce-4aab-8176-002da963eca2 - - - - - -] OVN reports status down for port: 475d9364-2f74-44b7-b6b1-156d123c2b32
2026-07-07 17:14:23.290 7 INFO neutron.plugins.ml2.drivers.ovn.mech_driver.mech_driver [None req-bba69861-b2ce-4aab-8176-002da963eca2 - - - - - -] OVN reports status down for port: a01120be-3d6f-40ea-885c-74efc6056898
2026-07-07 17:14:23.292 7 INFO neutron.db.ovn_revision_numbers_db [None req-4ed09b8d-a2bc-40e9-9546-c912f8391e4b 07a6dd346aef4aeaacb98fcb1556f8ca 47c07b7b9a91484fb384d2eaf7aec7f4 - - default default] Successfully bumped revision number for resource 30dabde6-9bd8-4f4d-a610-9e89d1a97b04 (type: router_ports) to 1 [pid: 7|app: 0|req: 588/1188] 10.0.0.28 () {34 vars in 781 bytes} [Tue Jul 7 17:14:20 2026] PUT /v2.0/routers/81803ce3-4ce9-4ac1-ba35-8a8179cf938f/add_router_interface => generated 309 bytes in 2901 msecs (HTTP/1.1 200) 4 headers in 157 bytes (1 switches on core 0) [pid: 7|app: 0|req: 589/1189] 199.19.213.224 () {34 vars in 1111 bytes} [Tue Jul 7 17:14:23 2026] GET /v2.0/networks/693f91a6-1942-437a-8d5a-d54a5699c991?fields=provider%3Aphysical_network&fields=provider%3Anetwork_type => generated 79 bytes in 51 msecs (HTTP/1.1 200) 4 headers in 156 bytes (1 switches on core 0) [pid: 7|app: 0|req: 590/1190] 10.0.0.222 () {34 vars in 989 bytes} [Tue Jul 7 17:14:23 2026] GET /v2.0/ports?device_id=27fdb5f4-da27-4f0e-acbf-bfb6dca84ca4 => generated 969 bytes in 80 msecs (HTTP/1.1 200) 4 headers in 157 bytes (1 switches on core 0)
2026-07-07 17:14:23.473 8 WARNING neutron.scheduler.dhcp_agent_scheduler [None req-102ff02d-2b20-4174-86e1-2ac0de8efaf5 4e9c21dd87314ae59c335af61b3032e1 c645201b935a44d6aa60b60358f3f79b - - default default] No more DHCP agents
2026-07-07 17:14:23.477 8 WARNING neutron.api.rpc.agentnotifiers.dhcp_rpc_agent_api [None req-102ff02d-2b20-4174-86e1-2ac0de8efaf5 4e9c21dd87314ae59c335af61b3032e1 c645201b935a44d6aa60b60358f3f79b - - default default] Unable to schedule network df20cd80-22bb-46d3-981d-7c9403ba630d: no agents available; will retry on subsequent port and subnet creation events. [pid: 7|app: 0|req: 591/1191] 10.0.0.222 () {34 vars in 1039 bytes} [Tue Jul 7 17:14:23 2026] GET /v2.0/security-groups?id=6748d1b9-7f80-4f4c-b6c1-dfeb4039e75d&fields=id&fields=name => generated 114 bytes in 28 msecs (HTTP/1.1 200) 4 headers in 157 bytes (1 switches on core 0)
2026-07-07 17:14:23.553 7 INFO neutron.plugins.ml2.drivers.ovn.mech_driver.mech_driver [None req-bba69861-b2ce-4aab-8176-002da963eca2 - - - - - -] OVN reports status down for port: 02ccda23-d1dd-4ba7-97e2-fea849341ae2
2026-07-07 17:14:23.603 8 INFO neutron.db.ovn_revision_numbers_db [None req-102ff02d-2b20-4174-86e1-2ac0de8efaf5 4e9c21dd87314ae59c335af61b3032e1 c645201b935a44d6aa60b60358f3f79b - - default default] Successfully bumped revision number for resource 02ccda23-d1dd-4ba7-97e2-fea849341ae2 (type: ports) to 1 [pid: 8|app: 0|req: 601/1192] 10.0.0.28 () {34 vars in 668 bytes} [Tue Jul 7 17:14:22 2026] POST /v2.0/networks => generated 688 bytes in 863 msecs (HTTP/1.1 201) 4 headers in 162 bytes (1 switches on core 0)
2026-07-07 17:14:23.726 7 INFO neutron.db.segments_db [None req-93e375ef-4e99-45bd-adad-1d4404c49fb1 4e9c21dd87314ae59c335af61b3032e1 c645201b935a44d6aa60b60358f3f79b - - default default] Added segment b975c277-4fb5-4529-bc61-028aaeaa080c of type geneve for network 44565689-692f-4bca-a55b-a28f792a9499
2026-07-07 17:14:23.827 7 INFO neutron.db.ovn_revision_numbers_db [None req-93e375ef-4e99-45bd-adad-1d4404c49fb1 4e9c21dd87314ae59c335af61b3032e1 c645201b935a44d6aa60b60358f3f79b - - default default] Successfully bumped revision number for resource 44565689-692f-4bca-a55b-a28f792a9499 (type: networks) to 1
2026-07-07 17:14:23.919 8 INFO neutron.db.ovn_revision_numbers_db [None req-d5ab4194-8c1e-4dfd-808c-ed47d3af3ffc 2e0d4e743af745498df7be6171211e25 db220b2d3678437cbe908ec5aa8a2844 - - default default] Successfully bumped revision number for resource 830f5cd0-413b-4e52-ae30-53e182d08d0a (type: security_groups) to 1
2026-07-07 17:14:23.933 8 INFO neutron.db.ovn_revision_numbers_db [None req-d5ab4194-8c1e-4dfd-808c-ed47d3af3ffc 2e0d4e743af745498df7be6171211e25 db220b2d3678437cbe908ec5aa8a2844 - - default default] Successfully bumped revision number for resource 5e66f6bb-5a0d-473c-b6a2-c4d4ba69aff9 (type: security_group_rules) to 0
2026-07-07 17:14:23.947 8 INFO neutron.db.ovn_revision_numbers_db [None req-d5ab4194-8c1e-4dfd-808c-ed47d3af3ffc 2e0d4e743af745498df7be6171211e25 db220b2d3678437cbe908ec5aa8a2844 - - default default] Successfully bumped revision number for resource e7bb584d-92a7-40b0-a076-ce65dc322120 (type: security_group_rules) to 0
2026-07-07 17:14:23.983 7 WARNING neutron.scheduler.dhcp_agent_scheduler [None req-93e375ef-4e99-45bd-adad-1d4404c49fb1 4e9c21dd87314ae59c335af61b3032e1 c645201b935a44d6aa60b60358f3f79b - - default default] No more DHCP agents
2026-07-07 17:14:23.984 7 WARNING neutron.api.rpc.agentnotifiers.dhcp_rpc_agent_api [None req-93e375ef-4e99-45bd-adad-1d4404c49fb1 4e9c21dd87314ae59c335af61b3032e1 c645201b935a44d6aa60b60358f3f79b - - default default] Unable to schedule network 44565689-692f-4bca-a55b-a28f792a9499: no agents available; will retry on subsequent port and subnet creation events. [pid: 8|app: 0|req: 602/1193] 10.0.0.28 () {34 vars in 683 bytes} [Tue Jul 7 17:14:23 2026] POST /v2.0/security-groups => generated 1661 bytes in 187 msecs (HTTP/1.1 201) 4 headers in 163 bytes (1 switches on core 0)
2026-07-07 17:14:24.076 7 INFO neutron.db.ovn_revision_numbers_db [None req-93e375ef-4e99-45bd-adad-1d4404c49fb1 4e9c21dd87314ae59c335af61b3032e1 c645201b935a44d6aa60b60358f3f79b - - default default] Successfully bumped revision number for resource b644ecbd-bd84-464c-8c3e-33aee10200ff (type: ports) to 1 [pid: 7|app: 0|req: 592/1194] 10.0.0.28 () {34 vars in 668 bytes} [Tue Jul 7 17:14:23 2026] POST /v2.0/networks => generated 688 bytes in 469 msecs (HTTP/1.1 201) 4 headers in 162 bytes (1 switches on core 0)
2026-07-07 17:14:24.184 8 INFO neutron.db.ovn_revision_numbers_db [None req-70708c3d-d3d2-4401-8b95-69938ad9010f 2e0d4e743af745498df7be6171211e25 db220b2d3678437cbe908ec5aa8a2844 - - default default] Successfully bumped revision number for resource e3ba827a-39a8-48c1-a9a7-c3f12ad5509d (type: security_group_rules) to 0 [pid: 8|app: 0|req: 603/1195] 10.0.0.28 () {34 vars in 693 bytes} [Tue Jul 7 17:14:23 2026] POST /v2.0/security-group-rules => generated 597 bytes in 230 msecs (HTTP/1.1 201) 4 headers in 162 bytes (1 switches on core 0)
2026-07-07 17:14:24.357 8 INFO neutron.db.ovn_revision_numbers_db [None req-16439946-cea8-4f0a-b433-734e9ba3f762 2e0d4e743af745498df7be6171211e25 db220b2d3678437cbe908ec5aa8a2844 - - default default] Successfully bumped revision number for resource 6de1c241-2eb1-4211-afc1-d84de1fdcf94 (type: security_group_rules) to 0 [pid: 8|app: 0|req: 604/1196] 10.0.0.28 () {34 vars in 693 bytes} [Tue Jul 7 17:14:24 2026] POST /v2.0/security-group-rules => generated 602 bytes in 162 msecs (HTTP/1.1 201) 4 headers in 162 bytes (1 switches on core 0)
2026-07-07 17:14:24.536 7 WARNING neutron.scheduler.dhcp_agent_scheduler [None req-e874878a-3fee-4a53-b025-1183a0289552 4e9c21dd87314ae59c335af61b3032e1 c645201b935a44d6aa60b60358f3f79b - - default default] No more DHCP agents
2026-07-07 17:14:24.537 7 WARNING neutron.api.rpc.agentnotifiers.dhcp_rpc_agent_api [None req-e874878a-3fee-4a53-b025-1183a0289552 4e9c21dd87314ae59c335af61b3032e1 c645201b935a44d6aa60b60358f3f79b - - default default] Unable to schedule network df20cd80-22bb-46d3-981d-7c9403ba630d: no agents available; will retry on subsequent port and subnet creation events.
2026-07-07 17:14:24.609 8 WARNING neutron.scheduler.dhcp_agent_scheduler [None req-1d465ea2-3cee-4a03-aa86-f6ee638d9e21 2e0d4e743af745498df7be6171211e25 db220b2d3678437cbe908ec5aa8a2844 - - default default] No more DHCP agents
