2026-07-07 17:17:36.473 8 INFO neutron.plugins.ml2.drivers.ovn.mech_driver.mech_driver [None req-5daa6227-7722-48b5-91a1-0e7e68983387 - - - - - -] OVN reports status down for port: 0ab3b18d-7a38-4552-8ef6-bfdaf6daaf9c [pid: 8|app: 0|req: 1271/2465] 10.0.0.28 () {32 vars in 719 bytes} [Tue Jul 7 17:17:36 2026] GET /v2.0/routers/3292e083-9cb2-4b1a-940b-78931ea96833 => generated 961 bytes in 108 msecs (HTTP/1.1 200) 4 headers in 157 bytes (1 switches on core 0) [pid: 8|app: 0|req: 1272/2466] 199.19.213.224 () {34 vars in 1051 bytes} [Tue Jul 7 17:17:36 2026] GET /v2.0/ports?network_id=7c0edd34-5ba1-4ca7-a958-c590ff2a5c3c&device_owner=network%3Adhcp => generated 12 bytes in 21 msecs (HTTP/1.1 200) 4 headers in 156 bytes (1 switches on core 0) [pid: 8|app: 0|req: 1273/2467] 10.0.0.28 () {32 vars in 734 bytes} [Tue Jul 7 17:17:36 2026] GET /v2.0/ports?device_id=3292e083-9cb2-4b1a-940b-78931ea96833 => generated 12 bytes in 21 msecs (HTTP/1.1 200) 4 headers in 156 bytes (1 switches on core 0) [pid: 8|app: 0|req: 1274/2468] 199.19.213.224 () {34 vars in 1011 bytes} [Tue Jul 7 17:17:36 2026] GET /v2.0/networks/7c0edd34-5ba1-4ca7-a958-c590ff2a5c3c?fields=segments => generated 14 bytes in 55 msecs (HTTP/1.1 200) 4 headers in 156 bytes (1 switches on core 0) /var/lib/openstack/lib/python3.12/site-packages/pycadf/identifier.py:70: UserWarning: Invalid uuid: neutron. To ensure interoperability, identifiers should be a valid uuid. warnings.warn(('Invalid uuid: %s. To ensure interoperability, '
2026-07-07 17:17:36.815 7 WARNING neutron.scheduler.dhcp_agent_scheduler [None req-d9f8cd9e-a845-4fb9-97ea-ab5e079c8dfc - - - - - -] No more DHCP agents
2026-07-07 17:17:36.817 7 WARNING neutron.api.rpc.agentnotifiers.dhcp_rpc_agent_api [None req-d9f8cd9e-a845-4fb9-97ea-ab5e079c8dfc - - - - - -] Unable to schedule network 1c316f7c-48c5-48fb-a075-7745822a07ad: no agents available; will retry on subsequent port and subnet creation events.
2026-07-07 17:17:36.912 8 INFO neutron_taas.services.taas.taas_plugin [None req-f83805a8-f3eb-487d-ba9d-6f31ef4f51e1 0be887cef11f415bad906c95278bd23c 6cbcd73a5f874f2c823ec352d46176a2 - - default default] TaaS: Handle Delete Port: 9c178785-329b-4ce4-b35b-631087cf2360
2026-07-07 17:17:36.919 8 INFO neutron_taas.services.taas.tap_mirror_plugin [None req-f83805a8-f3eb-487d-ba9d-6f31ef4f51e1 0be887cef11f415bad906c95278bd23c 6cbcd73a5f874f2c823ec352d46176a2 - - default default] Tap Mirror: Handle Delete Port: 9c178785-329b-4ce4-b35b-631087cf2360
2026-07-07 17:17:36.972 7 INFO neutron.db.ovn_revision_numbers_db [None req-d9f8cd9e-a845-4fb9-97ea-ab5e079c8dfc - - - - - -] Successfully bumped revision number for resource cf36efa5-65f0-4f70-b2c7-929720c5c3d9 (type: ports) to 1
2026-07-07 17:17:37.278 7 INFO neutron.db.ovn_revision_numbers_db [None req-d9f8cd9e-a845-4fb9-97ea-ab5e079c8dfc - - - - - -] Successfully bumped revision number for resource cf36efa5-65f0-4f70-b2c7-929720c5c3d9 (type: ports) to 3
2026-07-07 17:17:37.341 7 INFO neutron.db.segments_db [None req-d9f8cd9e-a845-4fb9-97ea-ab5e079c8dfc - - - - - -] Added segment 28752267-6f13-4f1f-b194-a2516539c608 of type geneve for network 68b852e6-4f5e-4e2e-ba46-5b48bd5b5f81 [pid: 8|app: 0|req: 1275/2469] 10.0.0.28 () {32 vars in 722 bytes} [Tue Jul 7 17:17:36 2026] DELETE /v2.0/routers/3292e083-9cb2-4b1a-940b-78931ea96833 => generated 0 bytes in 782 msecs (HTTP/1.1 204) 2 headers in 112 bytes (1 switches on core 0) [pid: 8|app: 0|req: 1276/2470] 199.19.213.224 () {34 vars in 1111 bytes} [Tue Jul 7 17:17:37 2026] GET /v2.0/networks/7c0edd34-5ba1-4ca7-a958-c590ff2a5c3c?fields=provider%3Aphysical_network&fields=provider%3Anetwork_type => generated 79 bytes in 33 msecs (HTTP/1.1 200) 4 headers in 156 bytes (1 switches on core 0)
2026-07-07 17:17:37.480 7 INFO neutron.db.ovn_revision_numbers_db [None req-a2b329c8-a7a4-448c-a4db-6840eb984944 - - - - - -] Successfully bumped revision number for resource 68b852e6-4f5e-4e2e-ba46-5b48bd5b5f81 (type: networks) to 1 [pid: 8|app: 0|req: 1277/2471] 10.0.0.28 () {32 vars in 738 bytes} [Tue Jul 7 17:17:37 2026] DELETE /v2.0/security-groups/03827751-7f84-4cda-bc97-a3f969948ae2 => generated 0 bytes in 124 msecs (HTTP/1.1 204) 2 headers in 112 bytes (1 switches on core 0) [pid: 8|app: 0|req: 1278/2472] 10.0.0.28 () {32 vars in 734 bytes} [Tue Jul 7 17:17:37 2026] GET /v2.0/ports?device_id=3292e083-9cb2-4b1a-940b-78931ea96833 => generated 12 bytes in 14 msecs (HTTP/1.1 200) 4 headers in 156 bytes (1 switches on core 0)
2026-07-07 17:17:37.549 8 INFO neutron.api.v2.resource [None req-363a0b70-03a6-4fbe-bda0-987a0428de21 7dfe6113ab494731a985fd37b6bf4de8 2dd4077e975647af97638996b3bbdd02 - - default default] show failed (client error): The resource could not be found. [pid: 8|app: 0|req: 1279/2473] 10.0.0.28 () {32 vars in 735 bytes} [Tue Jul 7 17:17:37 2026] GET /v2.0/security-groups/03827751-7f84-4cda-bc97-a3f969948ae2 => generated 146 bytes in 9 msecs (HTTP/1.1 404) 4 headers in 164 bytes (1 switches on core 0)
2026-07-07 17:17:37.564 8 INFO neutron.api.v2.resource [None req-18e9f5a0-48e4-4abc-af25-250de0dd4c70 0be887cef11f415bad906c95278bd23c 6cbcd73a5f874f2c823ec352d46176a2 - - default default] delete failed (client error): The resource could not be found. [pid: 8|app: 0|req: 1280/2474] 10.0.0.28 () {32 vars in 722 bytes} [Tue Jul 7 17:17:37 2026] DELETE /v2.0/routers/3292e083-9cb2-4b1a-940b-78931ea96833 => generated 135 bytes in 15 msecs (HTTP/1.1 404) 4 headers in 164 bytes (1 switches on core 0)
2026-07-07 17:17:37.641 7 WARNING neutron.scheduler.dhcp_agent_scheduler [None req-a2b329c8-a7a4-448c-a4db-6840eb984944 - - - - - -] No more DHCP agents
2026-07-07 17:17:37.643 7 WARNING neutron.api.rpc.agentnotifiers.dhcp_rpc_agent_api [None req-a2b329c8-a7a4-448c-a4db-6840eb984944 - - - - - -] Unable to schedule network 68b852e6-4f5e-4e2e-ba46-5b48bd5b5f81: no agents available; will retry on subsequent port and subnet creation events.
2026-07-07 17:17:37.708 8 INFO neutron.plugins.ml2.drivers.ovn.mech_driver.mech_driver [None req-5daa6227-7722-48b5-91a1-0e7e68983387 - - - - - -] OVN reports status down for port: 3b4fa0a4-0cbe-4730-affd-f363443cfcdf
2026-07-07 17:17:37.720 7 INFO neutron.db.ovn_revision_numbers_db [None req-a2b329c8-a7a4-448c-a4db-6840eb984944 - - - - - -] Successfully bumped revision number for resource 3b4fa0a4-0cbe-4730-affd-f363443cfcdf (type: ports) to 1
2026-07-07 17:17:37.734 8 INFO neutron_taas.services.taas.taas_plugin [None req-623ade23-31cc-4a07-abc6-6abae7d80fae 7dfe6113ab494731a985fd37b6bf4de8 2dd4077e975647af97638996b3bbdd02 - - default default] TaaS: Handle Delete Port: 95f7b5e1-e336-4257-9c60-db2ac038a853
2026-07-07 17:17:37.738 8 INFO neutron_taas.services.taas.tap_mirror_plugin [None req-623ade23-31cc-4a07-abc6-6abae7d80fae 7dfe6113ab494731a985fd37b6bf4de8 2dd4077e975647af97638996b3bbdd02 - - default default] Tap Mirror: Handle Delete Port: 95f7b5e1-e336-4257-9c60-db2ac038a853
2026-07-07 17:17:37.835 7 WARNING neutron.scheduler.dhcp_agent_scheduler [None req-a2b329c8-a7a4-448c-a4db-6840eb984944 - - - - - -] No more DHCP agents
2026-07-07 17:17:37.836 7 WARNING neutron.api.rpc.agentnotifiers.dhcp_rpc_agent_api [None req-a2b329c8-a7a4-448c-a4db-6840eb984944 - - - - - -] Unable to schedule network 68b852e6-4f5e-4e2e-ba46-5b48bd5b5f81: no agents available; will retry on subsequent port and subnet creation events.
2026-07-07 17:17:37.859 7 INFO neutron.db.ovn_revision_numbers_db [None req-a2b329c8-a7a4-448c-a4db-6840eb984944 - - - - - -] Successfully bumped revision number for resource 496edef9-9b6b-4670-b70e-618bf600010d (type: subnets) to 0 [pid: 8|app: 0|req: 1281/2475] 10.0.0.28 () {32 vars in 730 bytes} [Tue Jul 7 17:17:37 2026] DELETE /v2.0/floatingips/3406b82d-2e4a-4e61-a7a0-7fdd78a8e3d6 => generated 0 bytes in 387 msecs (HTTP/1.1 204) 2 headers in 112 bytes (1 switches on core 0) [pid: 8|app: 0|req: 1282/2476] 10.0.0.28 () {32 vars in 734 bytes} [Tue Jul 7 17:17:37 2026] GET /v2.0/ports?device_id=9a0e106d-b06d-44ce-b474-9b51a1fb2b35 => generated 12 bytes in 16 msecs (HTTP/1.1 200) 4 headers in 156 bytes (1 switches on core 0) [pid: 8|app: 0|req: 1283/2477] 10.0.0.28 () {32 vars in 738 bytes} [Tue Jul 7 17:17:37 2026] DELETE /v2.0/security-groups/73864aba-b7e8-4ba7-b9b4-59e203c33994 => generated 0 bytes in 184 msecs (HTTP/1.1 204) 2 headers in 112 bytes (1 switches on core 0)
2026-07-07 17:17:38.171 8 INFO neutron.api.v2.resource [None req-f935bf9b-bb36-4142-b103-7c3bf7cc3b0e 0be887cef11f415bad906c95278bd23c 6cbcd73a5f874f2c823ec352d46176a2 - - default default] delete failed (client error): The resource could not be found. [pid: 8|app: 0|req: 1284/2478] 10.0.0.28 () {32 vars in 722 bytes} [Tue Jul 7 17:17:38 2026] DELETE /v2.0/routers/9a0e106d-b06d-44ce-b474-9b51a1fb2b35 => generated 135 bytes in 18 msecs (HTTP/1.1 404) 4 headers in 164 bytes (1 switches on core 0)
2026-07-07 17:17:38.192 8 INFO neutron.pecan_wsgi.hooks.translation [None req-28b0af3f-b165-44eb-91f6-b2dfc070ef87 0be887cef11f415bad906c95278bd23c 6cbcd73a5f874f2c823ec352d46176a2 - - default default] DELETE failed (client error): The resource could not be found. [pid: 8|app: 0|req: 1285/2479] 10.0.0.28 () {32 vars in 722 bytes} [Tue Jul 7 17:17:38 2026] DELETE /v2.0/subnets/9c8b2023-1259-4fc6-b718-4fb32f0f6201 => generated 136 bytes in 18 msecs (HTTP/1.1 404) 4 headers in 164 bytes (1 switches on core 0) [pid: 8|app: 0|req: 1286/2480] 10.0.0.28 () {32 vars in 734 bytes} [Tue Jul 7 17:17:38 2026] GET /v2.0/ports?device_id=9e63074d-54b9-4a16-9843-c968b3e2a13e => generated 12 bytes in 16 msecs (HTTP/1.1 200) 4 headers in 156 bytes (1 switches on core 0)
2026-07-07 17:17:38.285 7 WARNING neutron.scheduler.dhcp_agent_scheduler [None req-a2b329c8-a7a4-448c-a4db-6840eb984944 - - - - - -] No more DHCP agents
2026-07-07 17:17:38.287 7 WARNING neutron.api.rpc.agentnotifiers.dhcp_rpc_agent_api [None req-a2b329c8-a7a4-448c-a4db-6840eb984944 - - - - - -] Unable to schedule network 68b852e6-4f5e-4e2e-ba46-5b48bd5b5f81: no agents available; will retry on subsequent port and subnet creation events.
2026-07-07 17:17:38.419 8 INFO neutron.plugins.ml2.drivers.ovn.mech_driver.mech_driver [None req-5daa6227-7722-48b5-91a1-0e7e68983387 - - - - - -] OVN reports status down for port: 26ca4127-d094-4cfb-bfbf-8d64224f61cb
2026-07-07 17:17:38.450 7 INFO neutron.db.ovn_revision_numbers_db [None req-a2b329c8-a7a4-448c-a4db-6840eb984944 - - - - - -] Successfully bumped revision number for resource 26ca4127-d094-4cfb-bfbf-8d64224f61cb (type: ports) to 1
2026-07-07 17:17:38.578 8 INFO neutron_taas.services.taas.taas_plugin [None req-f5772841-99ee-41fd-a792-f257243d8142 07a6dd346aef4aeaacb98fcb1556f8ca 47c07b7b9a91484fb384d2eaf7aec7f4 - - default default] TaaS: Handle Delete Port: 21f4f0d7-60e5-4382-b45d-b2a37ab06ffe
2026-07-07 17:17:38.581 8 INFO neutron_taas.services.taas.tap_mirror_plugin [None req-f5772841-99ee-41fd-a792-f257243d8142 07a6dd346aef4aeaacb98fcb1556f8ca 47c07b7b9a91484fb384d2eaf7aec7f4 - - default default] Tap Mirror: Handle Delete Port: 21f4f0d7-60e5-4382-b45d-b2a37ab06ffe
2026-07-07 17:17:39.177 8 INFO neutron.plugins.ml2.drivers.ovn.mech_driver.mech_driver [None req-5daa6227-7722-48b5-91a1-0e7e68983387 - - - - - -] OVN reports status up for port: 26ca4127-d094-4cfb-bfbf-8d64224f61cb [pid: 8|app: 0|req: 1287/2481] 10.0.0.28 () {34 vars in 787 bytes} [Tue Jul 7 17:17:38 2026] PUT /v2.0/routers/a8964b8f-eec2-4541-aff6-7303a31172dd/remove_router_interface => generated 309 bytes in 996 msecs (HTTP/1.1 200) 4 headers in 157 bytes (1 switches on core 0) /var/lib/openstack/lib/python3.12/site-packages/pycadf/identifier.py:70: UserWarning: Invalid uuid: neutron. To ensure interoperability, identifiers should be a valid uuid. warnings.warn(('Invalid uuid: %s. To ensure interoperability, '
2026-07-07 17:17:39.242 8 INFO neutron.api.v2.resource [None req-486658bc-7d63-46aa-b212-09f6c0cec7cc 0be887cef11f415bad906c95278bd23c 6cbcd73a5f874f2c823ec352d46176a2 - - default default] delete failed (client error): The resource could not be found.
2026-07-07 17:17:39.244 8 INFO neutron.plugins.ml2.plugin [None req-5daa6227-7722-48b5-91a1-0e7e68983387 - - - - - -] Attempt 1 to provision port 26ca4127-d094-4cfb-bfbf-8d64224f61cb [pid: 8|app: 0|req: 1288/2482] 10.0.0.28 () {32 vars in 722 bytes} [Tue Jul 7 17:17:39 2026] DELETE /v2.0/routers/9e63074d-54b9-4a16-9843-c968b3e2a13e => generated 135 bytes in 34 msecs (HTTP/1.1 404) 4 headers in 164 bytes (1 switches on core 0)
2026-07-07 17:17:39.260 7 WARNING neutron.scheduler.dhcp_agent_scheduler [None req-a2b329c8-a7a4-448c-a4db-6840eb984944 - - - - - -] No more DHCP agents
2026-07-07 17:17:39.261 7 WARNING neutron.api.rpc.agentnotifiers.dhcp_rpc_agent_api [None req-a2b329c8-a7a4-448c-a4db-6840eb984944 - - - - - -] Unable to schedule network 68b852e6-4f5e-4e2e-ba46-5b48bd5b5f81: no agents available; will retry on subsequent port and subnet creation events.
2026-07-07 17:17:39.308 7 WARNING neutron.plugins.ml2.drivers.ovn.mech_driver.ovsdb.ovn_client [None req-bab5a564-0792-4b86-bc8b-6f35e4571fa9 - - - - - -] No hosting information found for port 5cf9365a-7468-4cc3-bf80-01892fb7f282: RuntimeError: No hosting information found for port 5cf9365a-7468-4cc3-bf80-01892fb7f282
2026-07-07 17:17:39.433 7 INFO neutron.db.ovn_revision_numbers_db [None req-bab5a564-0792-4b86-bc8b-6f35e4571fa9 - - - - - -] Successfully bumped revision number for resource 5cf9365a-7468-4cc3-bf80-01892fb7f282 (type: router_ports) to 2
2026-07-07 17:17:39.521 7 INFO neutron.plugins.ml2.drivers.ovn.mech_driver.mech_driver [None req-bab5a564-0792-4b86-bc8b-6f35e4571fa9 - - - - - -] OVN reports status down for port: 03b7f168-8814-4bff-a53d-e56c3f70bdc7
2026-07-07 17:17:39.536 7 INFO neutron.plugins.ml2.drivers.ovn.mech_driver.mech_driver [None req-bab5a564-0792-4b86-bc8b-6f35e4571fa9 - - - - - -] OVN reports status down for port: 912d090e-424a-40b5-98fc-437d07559d0f
2026-07-07 17:17:39.551 7 INFO neutron.plugins.ml2.drivers.ovn.mech_driver.mech_driver [None req-bab5a564-0792-4b86-bc8b-6f35e4571fa9 - - - - - -] OVN reports status down for port: ec4570dc-e472-428b-b562-0995ef0c51e7
2026-07-07 17:17:39.667 7 INFO neutron.plugins.ml2.drivers.ovn.mech_driver.mech_driver [None req-bab5a564-0792-4b86-bc8b-6f35e4571fa9 - - - - - -] OVN reports status down for port: e59e7c7d-fc15-4ed4-bdcd-476a1a9e448e
2026-07-07 17:17:39.679 7 INFO neutron.plugins.ml2.drivers.ovn.mech_driver.mech_driver [None req-bab5a564-0792-4b86-bc8b-6f35e4571fa9 - - - - - -] OVN reports status up for port: e59e7c7d-fc15-4ed4-bdcd-476a1a9e448e
2026-07-07 17:17:39.728 7 INFO neutron.plugins.ml2.drivers.ovn.mech_driver.mech_driver [None req-bab5a564-0792-4b86-bc8b-6f35e4571fa9 - - - - - -] OVN reports status down for port: aac6adf5-4163-4999-af9f-efbf2a2bfce8
2026-07-07 17:17:39.851 7 INFO neutron.plugins.ml2.drivers.ovn.mech_driver.mech_driver [None req-bab5a564-0792-4b86-bc8b-6f35e4571fa9 - - - - - -] OVN reports status down for port: 5c1adaff-77ad-469d-8f08-98c63b83f8b7
2026-07-07 17:17:39.854 8 INFO neutron_taas.services.taas.taas_plugin [None req-128fb6d4-a7c9-4e2a-b999-fd07f7fe8c7c 07a6dd346aef4aeaacb98fcb1556f8ca 47c07b7b9a91484fb384d2eaf7aec7f4 - - default default] TaaS: Handle Delete Port: a2548cc6-6cf6-485c-a14e-45b03a58b5f2
2026-07-07 17:17:39.860 8 INFO neutron_taas.services.taas.tap_mirror_plugin [None req-128fb6d4-a7c9-4e2a-b999-fd07f7fe8c7c 07a6dd346aef4aeaacb98fcb1556f8ca 47c07b7b9a91484fb384d2eaf7aec7f4 - - default default] Tap Mirror: Handle Delete Port: a2548cc6-6cf6-485c-a14e-45b03a58b5f2
2026-07-07 17:17:39.870 8 INFO neutron.db.ovn_revision_numbers_db [None req-5daa6227-7722-48b5-91a1-0e7e68983387 - - - - - -] Successfully bumped revision number for resource 26ca4127-d094-4cfb-bfbf-8d64224f61cb (type: ports) to 2
2026-07-07 17:17:39.910 7 INFO neutron.notifiers.nova [-] Nova event matching ['req-25c1d0a0-4645-47e0-9227-289ffda74614'] response: {'server_uuid': '0cc307a7-d2a2-4915-a0fd-760a0594f51e', 'name': 'network-vif-unplugged', 'status': 'completed', 'tag': 'aac6adf5-4163-4999-af9f-efbf2a2bfce8', 'code': 200}
2026-07-07 17:17:40.024 7 WARNING neutron.plugins.ml2.drivers.ovn.mech_driver.ovsdb.ovn_client [None req-bab5a564-0792-4b86-bc8b-6f35e4571fa9 - - - - - -] Logical_Switch_Port 5c1adaff-77ad-469d-8f08-98c63b83f8b7 host information not removed, the port state is up
2026-07-07 17:17:40.024 7 INFO neutron.plugins.ml2.drivers.ovn.mech_driver.mech_driver [None req-bab5a564-0792-4b86-bc8b-6f35e4571fa9 - - - - - -] OVN reports status up for port: 5c1adaff-77ad-469d-8f08-98c63b83f8b7
2026-07-07 17:17:40.034 7 INFO neutron.db.ovn_revision_numbers_db [None req-a2b329c8-a7a4-448c-a4db-6840eb984944 - - - - - -] Successfully bumped revision number for resource 26ca4127-d094-4cfb-bfbf-8d64224f61cb (type: router_ports) to 1
2026-07-07 17:17:40.059 7 INFO neutron.plugins.ml2.plugin [None req-bab5a564-0792-4b86-bc8b-6f35e4571fa9 - - - - - -] Attempt 1 to provision port 5c1adaff-77ad-469d-8f08-98c63b83f8b7
2026-07-07 17:17:40.359 7 WARNING neutron.scheduler.dhcp_agent_scheduler [None req-a2b329c8-a7a4-448c-a4db-6840eb984944 - - - - - -] No more DHCP agents
2026-07-07 17:17:40.361 7 WARNING neutron.api.rpc.agentnotifiers.dhcp_rpc_agent_api [None req-a2b329c8-a7a4-448c-a4db-6840eb984944 - - - - - -] Unable to schedule network 68b852e6-4f5e-4e2e-ba46-5b48bd5b5f81: no agents available; will retry on subsequent port and subnet creation events. [pid: 8|app: 0|req: 1289/2483] 10.0.0.28 () {32 vars in 722 bytes} [Tue Jul 7 17:17:39 2026] DELETE /v2.0/routers/a8964b8f-eec2-4541-aff6-7303a31172dd => generated 0 bytes in 1211 msecs (HTTP/1.1 204) 2 headers in 112 bytes (1 switches on core 0)
2026-07-07 17:17:40.482 8 INFO neutron.pecan_wsgi.hooks.translation [None req-cf93cb7b-e420-427c-b510-a2bc034844f6 0be887cef11f415bad906c95278bd23c 6cbcd73a5f874f2c823ec352d46176a2 - - default default] DELETE failed (client error): The resource could not be found. [pid: 8|app: 0|req: 1290/2484] 10.0.0.28 () {32 vars in 722 bytes} [Tue Jul 7 17:17:40 2026] DELETE /v2.0/subnets/5571fc77-e1f0-4edc-97fb-0d2cc77e0c43 => generated 136 bytes in 30 msecs (HTTP/1.1 404) 4 headers in 164 bytes (1 switches on core 0)
2026-07-07 17:17:40.522 7 INFO neutron.db.ovn_revision_numbers_db [None req-a2b329c8-a7a4-448c-a4db-6840eb984944 - - - - - -] Successfully bumped revision number for resource 885425c2-98c0-4fe5-89a5-5ba7fd2ac9f7 (type: ports) to 1 [pid: 8|app: 0|req: 1291/2485] 10.0.0.28 () {32 vars in 722 bytes} [Tue Jul 7 17:17:40 2026] DELETE /v2.0/subnets/e5913add-aa19-4502-beff-c03e640ab981 => generated 0 bytes in 157 msecs (HTTP/1.1 204) 3 headers in 131 bytes (1 switches on core 0) [pid: 8|app: 0|req: 1292/2486] 10.0.0.28 () {32 vars in 734 bytes} [Tue Jul 7 17:17:40 2026] GET /v2.0/ports?device_id=7a517563-6918-432c-9aa8-044c996fe9f3 => generated 12 bytes in 15 msecs (HTTP/1.1 200) 4 headers in 156 bytes (1 switches on core 0)
2026-07-07 17:17:40.755 7 INFO neutron.db.ovn_revision_numbers_db [None req-a2b329c8-a7a4-448c-a4db-6840eb984944 - - - - - -] Successfully bumped revision number for resource 885425c2-98c0-4fe5-89a5-5ba7fd2ac9f7 (type: ports) to 3
2026-07-07 17:17:40.766 8 INFO neutron_taas.services.taas.taas_plugin [None req-3377e430-742f-4124-b8cf-b83fc574be26 07a6dd346aef4aeaacb98fcb1556f8ca 47c07b7b9a91484fb384d2eaf7aec7f4 - - default default] TaaS: Handle Delete Port: d0ca3914-10c4-46ce-ab38-f0a7d65e34aa
2026-07-07 17:17:40.768 8 INFO neutron_taas.services.taas.tap_mirror_plugin [None req-3377e430-742f-4124-b8cf-b83fc574be26 07a6dd346aef4aeaacb98fcb1556f8ca 47c07b7b9a91484fb384d2eaf7aec7f4 - - default default] Tap Mirror: Handle Delete Port: d0ca3914-10c4-46ce-ab38-f0a7d65e34aa
2026-07-07 17:17:40.926 8 INFO neutron.services.segments.plugin [-] Segment c572ed63-acf7-4c42-b682-a8f573285cd9 resource provider aggregate not found
2026-07-07 17:17:40.931 8 INFO neutron.services.segments.plugin [-] Segment c572ed63-acf7-4c42-b682-a8f573285cd9 resource provider aggregate not found
2026-07-07 17:17:40.950 8 INFO neutron.services.segments.plugin [-] Client error retrieving segment c572ed63-acf7-4c42-b682-a8f573285cd9 resource provider; error: Placement Client Error (4xx): {"errors": [{"status": 404, "title": "Not Found", "detail": "The resource could not be found.\n\n No resource provider with uuid c572ed63-acf7-4c42-b682-a8f573285cd9 found for delete ", "request_id": "req-0d355c1a-1114-4e23-ac68-6d3ae315a794"}]}
2026-07-07 17:17:40.955 8 INFO neutron.services.segments.plugin [-] Client error retrieving segment c572ed63-acf7-4c42-b682-a8f573285cd9 resource provider; error: Placement Client Error (4xx): {"errors": [{"status": 404, "title": "Not Found", "detail": "The resource could not be found.\n\n No resource provider with uuid c572ed63-acf7-4c42-b682-a8f573285cd9 found for delete ", "request_id": "req-2012d510-018a-41e1-8734-677b7d6f5754"}]} [pid: 8|app: 0|req: 1293/2487] 10.0.0.28 () {32 vars in 724 bytes} [Tue Jul 7 17:17:40 2026] DELETE /v2.0/networks/e0f44d1e-e63c-49d5-9a1b-059dad0eb7c5 => generated 0 bytes in 311 msecs (HTTP/1.1 204) 3 headers in 131 bytes (1 switches on core 0)
2026-07-07 17:17:40.992 8 INFO neutron.api.v2.resource [None req-ff6c9bce-0342-423b-80bf-d3d26f29564d 0be887cef11f415bad906c95278bd23c 6cbcd73a5f874f2c823ec352d46176a2 - - default default] delete failed (client error): The resource could not be found. [pid: 8|app: 0|req: 1294/2488] 10.0.0.28 () {32 vars in 722 bytes} [Tue Jul 7 17:17:40 2026] DELETE /v2.0/routers/7a517563-6918-432c-9aa8-044c996fe9f3 => generated 135 bytes in 21 msecs (HTTP/1.1 404) 4 headers in 164 bytes (1 switches on core 0) [pid: 7|app: 0|req: 1195/2489] 10.0.0.28 () {34 vars in 683 bytes} [Tue Jul 7 17:17:35 2026] POST /v2.0/vpn/vpnservices => generated 459 bytes in 5295 msecs (HTTP/1.1 201) 4 headers in 162 bytes (1 switches on core 0) [pid: 8|app: 0|req: 1295/2490] 10.0.0.222 () {34 vars in 989 bytes} [Tue Jul 7 17:17:40 2026] GET /v2.0/ports?device_id=0cc307a7-d2a2-4915-a0fd-760a0594f51e => generated 1194 bytes in 82 msecs (HTTP/1.1 200) 4 headers in 158 bytes (1 switches on core 0)
2026-07-07 17:17:41.093 8 INFO neutron.pecan_wsgi.hooks.translation [None req-bc5854ed-ce89-4c14-9a85-244d1e535e39 0be887cef11f415bad906c95278bd23c 6cbcd73a5f874f2c823ec352d46176a2 - - default default] DELETE failed (client error): The resource could not be found. [pid: 8|app: 0|req: 1296/2491] 10.0.0.28 () {32 vars in 722 bytes} [Tue Jul 7 17:17:41 2026] DELETE /v2.0/subnets/e6cbf5af-cc16-4ff8-b206-593969b83d3b => generated 136 bytes in 21 msecs (HTTP/1.1 404) 4 headers in 164 bytes (1 switches on core 0) [pid: 8|app: 0|req: 1297/2492] 10.0.0.28 () {32 vars in 661 bytes} [Tue Jul 7 17:17:41 2026] GET /v2.0/vpn/vpnservices => generated 1307 bytes in 18 msecs (HTTP/1.1 200) 4 headers in 158 bytes (1 switches on core 0) [pid: 8|app: 0|req: 1298/2493] 10.0.0.222 () {34 vars in 1039 bytes} [Tue Jul 7 17:17:41 2026] GET /v2.0/security-groups?id=57153288-4139-4e6a-a0f1-8a379099b566&fields=id&fields=name => generated 111 bytes in 48 msecs (HTTP/1.1 200) 4 headers in 157 bytes (1 switches on core 0)
2026-07-07 17:17:41.176 8 INFO neutron.pecan_wsgi.hooks.translation [None req-827f15b9-cc08-4432-9cd7-c46162be0d50 0be887cef11f415bad906c95278bd23c 6cbcd73a5f874f2c823ec352d46176a2 - - default default] DELETE failed (client error): The resource could not be found. [pid: 8|app: 0|req: 1299/2494] 10.0.0.28 () {32 vars in 722 bytes} [Tue Jul 7 17:17:41 2026] DELETE /v2.0/subnets/4f6e623a-5c20-4f67-a53c-35482b32481d => generated 136 bytes in 13 msecs (HTTP/1.1 404) 4 headers in 164 bytes (1 switches on core 0)
2026-07-07 17:17:41.287 7 INFO neutron_taas.services.taas.taas_plugin [None req-79d5cf2b-8396-4a5d-b2cb-e5c54f740c98 07a6dd346aef4aeaacb98fcb1556f8ca 47c07b7b9a91484fb384d2eaf7aec7f4 - - default default] TaaS: Handle Delete Port: a3cb5590-6cda-4ee4-b384-3032c34ca4e7
2026-07-07 17:17:41.290 7 INFO neutron_taas.services.taas.tap_mirror_plugin [None req-79d5cf2b-8396-4a5d-b2cb-e5c54f740c98 07a6dd346aef4aeaacb98fcb1556f8ca 47c07b7b9a91484fb384d2eaf7aec7f4 - - default default] Tap Mirror: Handle Delete Port: a3cb5590-6cda-4ee4-b384-3032c34ca4e7
2026-07-07 17:17:41.450 8 INFO neutron_taas.services.taas.taas_plugin [None req-0c0e5822-5503-42c3-bda2-841b6d89fdcd f93640b95a52475284a845d09088d195 45d7034c2a4b4478b5cbb727371215fd - - default default] TaaS: Handle Delete Port: cf36efa5-65f0-4f70-b2c7-929720c5c3d9
2026-07-07 17:17:41.453 8 INFO neutron_taas.services.taas.tap_mirror_plugin [None req-0c0e5822-5503-42c3-bda2-841b6d89fdcd f93640b95a52475284a845d09088d195 45d7034c2a4b4478b5cbb727371215fd - - default default] Tap Mirror: Handle Delete Port: cf36efa5-65f0-4f70-b2c7-929720c5c3d9
2026-07-07 17:17:41.753 8 INFO neutron_taas.services.taas.taas_plugin [None req-537973e2-c793-4d41-8072-5068be4f8fce - - - - - -] TaaS: Handle Delete Port: 885425c2-98c0-4fe5-89a5-5ba7fd2ac9f7
2026-07-07 17:17:41.756 8 INFO neutron_taas.services.taas.tap_mirror_plugin [None req-537973e2-c793-4d41-8072-5068be4f8fce - - - - - -] Tap Mirror: Handle Delete Port: 885425c2-98c0-4fe5-89a5-5ba7fd2ac9f7 [pid: 7|app: 0|req: 1196/2495] 10.0.0.28 () {34 vars in 787 bytes} [Tue Jul 7 17:17:41 2026] PUT /v2.0/routers/f9ed9358-c7a6-4895-8963-94ca688bc76a/remove_router_interface => generated 309 bytes in 921 msecs (HTTP/1.1 200) 4 headers in 157 bytes (1 switches on core 0) /var/lib/openstack/lib/python3.12/site-packages/pycadf/identifier.py:70: UserWarning: Invalid uuid: neutron. To ensure interoperability, identifiers should be a valid uuid. warnings.warn(('Invalid uuid: %s. To ensure interoperability, ' [pid: 7|app: 0|req: 1197/2496] 10.0.0.28 () {32 vars in 772 bytes} [Tue Jul 7 17:17:41 2026] GET /v2.0/security-groups?tenant_id=6cbcd73a5f874f2c823ec352d46176a2&name=default => generated 2925 bytes in 156 msecs (HTTP/1.1 200) 4 headers in 158 bytes (1 switches on core 0)
2026-07-07 17:17:42.249 8 INFO neutron_taas.services.taas.taas_plugin [None req-7974df75-ee73-4632-b846-103a70ac73f4 - - - - - -] TaaS: Handle Delete Port: 26ca4127-d094-4cfb-bfbf-8d64224f61cb
2026-07-07 17:17:42.252 8 INFO neutron_taas.services.taas.tap_mirror_plugin [None req-7974df75-ee73-4632-b846-103a70ac73f4 - - - - - -] Tap Mirror: Handle Delete Port: 26ca4127-d094-4cfb-bfbf-8d64224f61cb
2026-07-07 17:17:42.485 7 INFO neutron_taas.services.taas.taas_plugin [None req-8d62b6e6-dd22-4c63-8bfe-9e07a51b54d4 07a6dd346aef4aeaacb98fcb1556f8ca 47c07b7b9a91484fb384d2eaf7aec7f4 - - default default] TaaS: Handle Delete Port: 111e0ada-9100-4165-a12c-d75379b5d6a9
2026-07-07 17:17:42.488 7 INFO neutron_taas.services.taas.tap_mirror_plugin [None req-8d62b6e6-dd22-4c63-8bfe-9e07a51b54d4 07a6dd346aef4aeaacb98fcb1556f8ca 47c07b7b9a91484fb384d2eaf7aec7f4 - - default default] Tap Mirror: Handle Delete Port: 111e0ada-9100-4165-a12c-d75379b5d6a9 [pid: 7|app: 0|req: 1198/2497] 10.0.0.28 () {32 vars in 722 bytes} [Tue Jul 7 17:17:42 2026] DELETE /v2.0/routers/f9ed9358-c7a6-4895-8963-94ca688bc76a => generated 0 bytes in 838 msecs (HTTP/1.1 204) 2 headers in 112 bytes (1 switches on core 0)
2026-07-07 17:17:43.125 8 INFO neutron_taas.services.taas.taas_plugin [None req-7974df75-ee73-4632-b846-103a70ac73f4 - - - - - -] TaaS: Handle Delete Port: 3b4fa0a4-0cbe-4730-affd-f363443cfcdf
2026-07-07 17:17:43.129 8 INFO neutron_taas.services.taas.tap_mirror_plugin [None req-7974df75-ee73-4632-b846-103a70ac73f4 - - - - - -] Tap Mirror: Handle Delete Port: 3b4fa0a4-0cbe-4730-affd-f363443cfcdf [pid: 7|app: 0|req: 1199/2498] 10.0.0.28 () {32 vars in 738 bytes} [Tue Jul 7 17:17:42 2026] DELETE /v2.0/security-groups/9e33e397-5cff-4ef0-b03f-a5aee8303fd3 => generated 0 bytes in 214 msecs (HTTP/1.1 204) 2 headers in 112 bytes (1 switches on core 0)
2026-07-07 17:17:43.338 8 INFO neutron.services.segments.plugin [-] Segment 28752267-6f13-4f1f-b194-a2516539c608 resource provider aggregate not found [pid: 7|app: 0|req: 1202/2501] 10.0.0.28 () {32 vars in 722 bytes} [Tue Jul 7 17:17:43 2026] DELETE /v2.0/subnets/f4021e28-4c13-46f9-96cb-82acc0567f6c => generated 0 bytes in 203 msecs (HTTP/1.1 204) 3 headers in 131 bytes (1 switches on core 0)
2026-07-07 17:17:43.344 8 INFO neutron.services.segments.plugin [-] Segment 28752267-6f13-4f1f-b194-a2516539c608 resource provider aggregate not found
2026-07-07 17:17:43.358 8 INFO neutron.services.segments.plugin [-] Client error retrieving segment 28752267-6f13-4f1f-b194-a2516539c608 resource provider; error: Placement Client Error (4xx): {"errors": [{"status": 404, "title": "Not Found", "detail": "The resource could not be found.\n\n No resource provider with uuid 28752267-6f13-4f1f-b194-a2516539c608 found for delete ", "request_id": "req-37c359f4-11e1-44c7-a1db-cdb075a05cd2"}]}
2026-07-07 17:17:43.367 8 INFO neutron.services.segments.plugin [-] Client error retrieving segment 28752267-6f13-4f1f-b194-a2516539c608 resource provider; error: Placement Client Error (4xx): {"errors": [{"status": 404, "title": "Not Found", "detail": "The resource could not be found.\n\n No resource provider with uuid 28752267-6f13-4f1f-b194-a2516539c608 found for delete ", "request_id": "req-5d9a10a4-3078-43e8-8e54-093744294741"}]} [pid: 8|app: 0|req: 1300/2502] 10.0.0.28 () {32 vars in 738 bytes} [Tue Jul 7 17:17:41 2026] DELETE /v2.0/vpn/vpnservices/174e1f4c-43b0-4702-909d-d430da9893c0 => generated 0 bytes in 2215 msecs (HTTP/1.1 204) 2 headers in 112 bytes (1 switches on core 0) /var/lib/openstack/lib/python3.12/site-packages/pycadf/identifier.py:70: UserWarning: Invalid uuid: neutron. To ensure interoperability, identifiers should be a valid uuid. warnings.warn(('Invalid uuid: %s. To ensure interoperability, ' [pid: 8|app: 0|req: 1301/2503] 10.0.0.28 () {32 vars in 661 bytes} [Tue Jul 7 17:17:43 2026] GET /v2.0/vpn/vpnservices => generated 862 bytes in 14 msecs (HTTP/1.1 200) 4 headers in 157 bytes (1 switches on core 0)
2026-07-07 17:17:43.474 8 INFO neutron.api.v2.resource [None req-141fddfe-0dd8-45a0-963a-b4812d2d9714 f93640b95a52475284a845d09088d195 45d7034c2a4b4478b5cbb727371215fd - - default default] create failed (client error): The server could not comply with the request since it is either malformed or otherwise incorrect.
2026-07-07 17:17:43.475 7 INFO neutron_taas.services.taas.taas_plugin [None req-86bc3015-a3dd-4425-bf6b-312a23e93a5f 07a6dd346aef4aeaacb98fcb1556f8ca 47c07b7b9a91484fb384d2eaf7aec7f4 - - default default] TaaS: Handle Delete Port: 3446fb06-dc01-4443-9e52-fc2d6b5027ae [pid: 8|app: 0|req: 1302/2504] 10.0.0.28 () {34 vars in 705 bytes} [Tue Jul 7 17:17:43 2026] POST /v2.0/vpn/ipsec-site-connections => generated 127 bytes in 57 msecs (HTTP/1.1 400) 4 headers in 166 bytes (1 switches on core 0)
2026-07-07 17:17:43.477 7 INFO neutron_taas.services.taas.tap_mirror_plugin [None req-86bc3015-a3dd-4425-bf6b-312a23e93a5f 07a6dd346aef4aeaacb98fcb1556f8ca 47c07b7b9a91484fb384d2eaf7aec7f4 - - default default] Tap Mirror: Handle Delete Port: 3446fb06-dc01-4443-9e52-fc2d6b5027ae
2026-07-07 17:17:43.538 8 INFO neutron.api.v2.resource [None req-70536f03-f023-4140-9a4b-55bb7bc836c2 f93640b95a52475284a845d09088d195 45d7034c2a4b4478b5cbb727371215fd - - default default] create failed (client error): The server could not comply with the request since it is either malformed or otherwise incorrect. [pid: 8|app: 0|req: 1303/2505] 10.0.0.28 () {34 vars in 705 bytes} [Tue Jul 7 17:17:43 2026] POST /v2.0/vpn/ipsec-site-connections => generated 136 bytes in 57 msecs (HTTP/1.1 400) 4 headers in 166 bytes (1 switches on core 0)
2026-07-07 17:17:43.553 8 WARNING neutron.api.v2.base [None req-ddf75fd4-3e9a-46a7-82b0-4371ffd6dc73 f93640b95a52475284a845d09088d195 45d7034c2a4b4478b5cbb727371215fd - - default default] An exception happened while processing the request body. The exception message is [Invalid input for dpd. Reason: '59' is not a dictionary.].: webob.exc.HTTPBadRequest: Invalid input for dpd. Reason: '59' is not a dictionary.
2026-07-07 17:17:43.554 8 INFO neutron.api.v2.resource [None req-ddf75fd4-3e9a-46a7-82b0-4371ffd6dc73 f93640b95a52475284a845d09088d195 45d7034c2a4b4478b5cbb727371215fd - - default default] create failed (client error): Invalid input for dpd. Reason: '59' is not a dictionary. [pid: 8|app: 0|req: 1304/2506] 10.0.0.28 () {34 vars in 705 bytes} [Tue Jul 7 17:17:43 2026] POST /v2.0/vpn/ipsec-site-connections => generated 129 bytes in 9 msecs (HTTP/1.1 400) 4 headers in 166 bytes (1 switches on core 0) [pid: 8|app: 0|req: 1305/2507] 10.0.0.28 () {34 vars in 691 bytes} [Tue Jul 7 17:17:43 2026] POST /v2.0/vpn/endpoint-groups => generated 294 bytes in 60 msecs (HTTP/1.1 201) 4 headers in 162 bytes (1 switches on core 0)
2026-07-07 17:17:43.650 7 INFO neutron.services.segments.plugin [-] Segment 3c4bf299-535f-4fab-80a8-7f43c9a535f3 resource provider aggregate not found
2026-07-07 17:17:43.655 7 INFO neutron.services.segments.plugin [-] Segment 3c4bf299-535f-4fab-80a8-7f43c9a535f3 resource provider aggregate not found
2026-07-07 17:17:43.668 7 INFO neutron.services.segments.plugin [-] Client error retrieving segment 3c4bf299-535f-4fab-80a8-7f43c9a535f3 resource provider; error: Placement Client Error (4xx): {"errors": [{"status": 404, "title": "Not Found", "detail": "The resource could not be found.\n\n No resource provider with uuid 3c4bf299-535f-4fab-80a8-7f43c9a535f3 found for delete ", "request_id": "req-43830f70-2185-4dc7-b78d-89326493fa43"}]}
2026-07-07 17:17:43.668 8 INFO neutron.api.v2.resource [None req-e367d1a7-c385-4dd8-8272-10b33c1e7c26 f93640b95a52475284a845d09088d195 45d7034c2a4b4478b5cbb727371215fd - - default default] create failed (client error): The server could not comply with the request since it is either malformed or otherwise incorrect.
2026-07-07 17:17:43.670 7 INFO neutron.services.segments.plugin [-] Client error retrieving segment 3c4bf299-535f-4fab-80a8-7f43c9a535f3 resource provider; error: Placement Client Error (4xx): {"errors": [{"status": 404, "title": "Not Found", "detail": "The resource could not be found.\n\n No resource provider with uuid 3c4bf299-535f-4fab-80a8-7f43c9a535f3 found for delete ", "request_id": "req-b38a3657-96e9-468c-a605-bd95168401c8"}]} [pid: 8|app: 0|req: 1306/2508] 10.0.0.28 () {34 vars in 705 bytes} [Tue Jul 7 17:17:43 2026] POST /v2.0/vpn/ipsec-site-connections => generated 149 bytes in 44 msecs (HTTP/1.1 400) 4 headers in 166 bytes (1 switches on core 0) [pid: 8|app: 0|req: 1307/2509] 10.0.0.28 () {32 vars in 669 bytes} [Tue Jul 7 17:17:43 2026] GET /v2.0/vpn/endpoint-groups => generated 910 bytes in 20 msecs (HTTP/1.1 200) 4 headers in 157 bytes (1 switches on core 0) [pid: 7|app: 0|req: 1203/2510] 10.0.0.28 () {32 vars in 724 bytes} [Tue Jul 7 17:17:43 2026] DELETE /v2.0/networks/5ce91e2f-486f-494f-83c5-b5af60762619 => generated 0 bytes in 351 msecs (HTTP/1.1 204) 3 headers in 131 bytes (1 switches on core 0) [pid: 8|app: 0|req: 1308/2511] 10.0.0.28 () {32 vars in 746 bytes} [Tue Jul 7 17:17:43 2026] DELETE /v2.0/vpn/endpoint-groups/51614b97-64c7-47e3-a4d2-674f42ea313d => generated 0 bytes in 25 msecs (HTTP/1.1 204) 2 headers in 112 bytes (1 switches on core 0) [pid: 7|app: 0|req: 1204/2512] 10.0.0.28 () {32 vars in 669 bytes} [Tue Jul 7 17:17:43 2026] GET /v2.0/vpn/endpoint-groups => generated 634 bytes in 12 msecs (HTTP/1.1 200) 4 headers in 157 bytes (1 switches on core 0) [pid: 8|app: 0|req: 1309/2513] 10.0.0.28 () {34 vars in 691 bytes} [Tue Jul 7 17:17:43 2026] POST /v2.0/vpn/endpoint-groups => generated 301 bytes in 58 msecs (HTTP/1.1 201) 4 headers in 162 bytes (1 switches on core 0)
2026-07-07 17:17:43.863 7 INFO neutron.api.v2.resource [None req-2badfa88-36ff-4b65-ae9c-7252389dc735 f93640b95a52475284a845d09088d195 45d7034c2a4b4478b5cbb727371215fd - - default default] create failed (client error): The server could not comply with the request since it is either malformed or otherwise incorrect. [pid: 7|app: 0|req: 1205/2514] 10.0.0.28 () {34 vars in 705 bytes} [Tue Jul 7 17:17:43 2026] POST /v2.0/vpn/ipsec-site-connections => generated 148 bytes in 46 msecs (HTTP/1.1 400) 4 headers in 166 bytes (1 switches on core 0) [pid: 8|app: 0|req: 1310/2515] 10.0.0.28 () {32 vars in 669 bytes} [Tue Jul 7 17:17:43 2026] GET /v2.0/vpn/endpoint-groups => generated 917 bytes in 14 msecs (HTTP/1.1 200) 4 headers in 157 bytes (1 switches on core 0) [pid: 7|app: 0|req: 1206/2516] 10.0.0.28 () {32 vars in 746 bytes} [Tue Jul 7 17:17:43 2026] DELETE /v2.0/vpn/endpoint-groups/8c05217e-36ac-4eea-95e2-480e5ea70f5b => generated 0 bytes in 31 msecs (HTTP/1.1 204) 2 headers in 112 bytes (1 switches on core 0) [pid: 8|app: 0|req: 1311/2517] 10.0.0.28 () {32 vars in 669 bytes} [Tue Jul 7 17:17:43 2026] GET /v2.0/vpn/endpoint-groups => generated 634 bytes in 12 msecs (HTTP/1.1 200) 4 headers in 157 bytes (1 switches on core 0)
2026-07-07 17:17:43.954 7 WARNING neutron.api.v2.base [None req-01985f09-458a-4bca-b6a6-571bd51b8f41 f93640b95a52475284a845d09088d195 45d7034c2a4b4478b5cbb727371215fd - - default default] An exception happened while processing the request body. The exception message is [Invalid input for peer_cidrs. Reason: '1.0.0.0/33' is not a valid IP subnet.].: webob.exc.HTTPBadRequest: Invalid input for peer_cidrs. Reason: '1.0.0.0/33' is not a valid IP subnet.
2026-07-07 17:17:43.954 7 INFO neutron.api.v2.resource [None req-01985f09-458a-4bca-b6a6-571bd51b8f41 f93640b95a52475284a845d09088d195 45d7034c2a4b4478b5cbb727371215fd - - default default] create failed (client error): Invalid input for peer_cidrs. Reason: '1.0.0.0/33' is not a valid IP subnet. [pid: 7|app: 0|req: 1207/2518] 10.0.0.28 () {34 vars in 705 bytes} [Tue Jul 7 17:17:43 2026] POST /v2.0/vpn/ipsec-site-connections => generated 149 bytes in 7 msecs (HTTP/1.1 400) 4 headers in 166 bytes (1 switches on core 0) [pid: 7|app: 0|req: 1208/2519] 10.0.0.28 () {32 vars in 772 bytes} [Tue Jul 7 17:17:43 2026] GET /v2.0/security-groups?tenant_id=952de347b0b14a6d96e716d4d0ac5271&name=default => generated 2925 bytes in 29 msecs (HTTP/1.1 200) 4 headers in 158 bytes (1 switches on core 0)
2026-07-07 17:17:44.067 8 INFO neutron.db.segments_db [None req-af1dbec7-bce1-4e51-9f92-3546ea07f385 f93640b95a52475284a845d09088d195 45d7034c2a4b4478b5cbb727371215fd - - default default] Added segment dbf8d0c9-11a6-411d-9c38-d70b770c1c73 of type geneve for network 2a9bbbd3-5f52-4032-a603-e6777c8c494f
2026-07-07 17:17:44.211 8 INFO neutron.db.ovn_revision_numbers_db [None req-af1dbec7-bce1-4e51-9f92-3546ea07f385 f93640b95a52475284a845d09088d195 45d7034c2a4b4478b5cbb727371215fd - - default default] Successfully bumped revision number for resource 2a9bbbd3-5f52-4032-a603-e6777c8c494f (type: networks) to 1 [pid: 7|app: 0|req: 1209/2520] 10.0.0.28 () {32 vars in 738 bytes} [Tue Jul 7 17:17:44 2026] DELETE /v2.0/security-groups/5634fc59-f28d-45ab-82c5-ea2f6308be03 => generated 0 bytes in 312 msecs (HTTP/1.1 204) 2 headers in 112 bytes (1 switches on core 0)
2026-07-07 17:17:44.394 8 WARNING neutron.scheduler.dhcp_agent_scheduler [None req-af1dbec7-bce1-4e51-9f92-3546ea07f385 f93640b95a52475284a845d09088d195 45d7034c2a4b4478b5cbb727371215fd - - default default] No more DHCP agents
2026-07-07 17:17:44.395 8 WARNING neutron.api.rpc.agentnotifiers.dhcp_rpc_agent_api [None req-af1dbec7-bce1-4e51-9f92-3546ea07f385 f93640b95a52475284a845d09088d195 45d7034c2a4b4478b5cbb727371215fd - - default default] Unable to schedule network 2a9bbbd3-5f52-4032-a603-e6777c8c494f: no agents available; will retry on subsequent port and subnet creation events.
2026-07-07 17:17:44.513 8 INFO neutron.db.ovn_revision_numbers_db [None req-af1dbec7-bce1-4e51-9f92-3546ea07f385 f93640b95a52475284a845d09088d195 45d7034c2a4b4478b5cbb727371215fd - - default default] Successfully bumped revision number for resource cc192e00-ac58-4b4f-83ce-73b8dd2ff58e (type: ports) to 1 [pid: 8|app: 0|req: 1312/2521] 10.0.0.28 () {34 vars in 668 bytes} [Tue Jul 7 17:17:43 2026] POST /v2.0/networks => generated 670 bytes in 585 msecs (HTTP/1.1 201) 4 headers in 162 bytes (1 switches on core 0) [pid: 7|app: 0|req: 1210/2522] 10.0.0.28 () {32 vars in 772 bytes} [Tue Jul 7 17:17:44 2026] GET /v2.0/security-groups?tenant_id=2dd4077e975647af97638996b3bbdd02&name=default => generated 2925 bytes in 29 msecs (HTTP/1.1 200) 4 headers in 158 bytes (1 switches on core 0)
2026-07-07 17:17:44.730 8 WARNING neutron.scheduler.dhcp_agent_scheduler [None req-fdc27b5d-983d-4cc1-ae20-5eeb4a28bf8f f93640b95a52475284a845d09088d195 45d7034c2a4b4478b5cbb727371215fd - - default default] No more DHCP agents
2026-07-07 17:17:44.731 8 WARNING neutron.api.rpc.agentnotifiers.dhcp_rpc_agent_api [None req-fdc27b5d-983d-4cc1-ae20-5eeb4a28bf8f f93640b95a52475284a845d09088d195 45d7034c2a4b4478b5cbb727371215fd - - default default] Unable to schedule network 2a9bbbd3-5f52-4032-a603-e6777c8c494f: no agents available; will retry on subsequent port and subnet creation events. [pid: 7|app: 0|req: 1211/2523] 10.0.0.28 () {32 vars in 738 bytes} [Tue Jul 7 17:17:44 2026] DELETE /v2.0/security-groups/023b262a-b9b9-4af3-9d68-1c623380c2ff => generated 0 bytes in 274 msecs (HTTP/1.1 204) 2 headers in 112 bytes (1 switches on core 0)
2026-07-07 17:17:45.253 8 WARNING neutron.plugins.ml2.drivers.ovn.mech_driver.ovsdb.ovn_client [None req-ad344e44-bc92-40a9-b6bf-482203ffb695 - - - - - -] No port found with ID 26ca4127-d094-4cfb-bfbf-8d64224f61cb: RuntimeError: No port found with ID 26ca4127-d094-4cfb-bfbf-8d64224f61cb
2026-07-07 17:17:45.383 7 INFO neutron.db.ovn_revision_numbers_db [None req-edfdf323-0f35-4ad8-8032-b92a41c2006d 1969af98c79e4abd9e0e2df38ea7f583 e24cf5c3f62841b6af9af028dee57f44 - - default default] Successfully bumped revision number for resource d4633a9c-99fa-4105-b11d-ea26573ddaca (type: security_groups) to 1
2026-07-07 17:17:45.408 7 WARNING neutron.plugins.ml2.drivers.ovn.mech_driver.ovsdb.ovn_client [None req-bab5a564-0792-4b86-bc8b-6f35e4571fa9 - - - - - -] No hosting information found for port 5c1adaff-77ad-469d-8f08-98c63b83f8b7: RuntimeError: No hosting information found for port 5c1adaff-77ad-469d-8f08-98c63b83f8b7
2026-07-07 17:17:45.408 7 INFO neutron.plugins.ml2.drivers.ovn.mech_driver.mech_driver [None req-bab5a564-0792-4b86-bc8b-6f35e4571fa9 - - - - - -] OVN reports status down for port: 067a05da-d1c4-448f-9f74-5c52aa76ed44
2026-07-07 17:17:45.421 7 INFO neutron.db.ovn_revision_numbers_db [None req-edfdf323-0f35-4ad8-8032-b92a41c2006d 1969af98c79e4abd9e0e2df38ea7f583 e24cf5c3f62841b6af9af028dee57f44 - - default default] Successfully bumped revision number for resource 042c7973-2a07-4bf7-8f2c-fd11f3c55f51 (type: security_group_rules) to 0
2026-07-07 17:17:45.446 7 INFO neutron.db.ovn_revision_numbers_db [None req-edfdf323-0f35-4ad8-8032-b92a41c2006d 1969af98c79e4abd9e0e2df38ea7f583 e24cf5c3f62841b6af9af028dee57f44 - - default default] Successfully bumped revision number for resource 75e57126-d77e-4042-b808-9a6c96452c94 (type: security_group_rules) to 0
2026-07-07 17:17:45.468 7 INFO neutron.db.ovn_revision_numbers_db [None req-edfdf323-0f35-4ad8-8032-b92a41c2006d 1969af98c79e4abd9e0e2df38ea7f583 e24cf5c3f62841b6af9af028dee57f44 - - default default] Successfully bumped revision number for resource 79b84927-9a91-4007-a529-796e9abcc82d (type: security_group_rules) to 0
2026-07-07 17:17:45.490 7 WARNING neutron.plugins.ml2.drivers.ovn.mech_driver.ovsdb.ovn_client [None req-bab5a564-0792-4b86-bc8b-6f35e4571fa9 - - - - - -] Logical_Switch_Port 067a05da-d1c4-448f-9f74-5c52aa76ed44 host information not removed, the port state is up
2026-07-07 17:17:45.494 7 INFO neutron.db.ovn_revision_numbers_db [None req-edfdf323-0f35-4ad8-8032-b92a41c2006d 1969af98c79e4abd9e0e2df38ea7f583 e24cf5c3f62841b6af9af028dee57f44 - - default default] Successfully bumped revision number for resource 7d35bc66-3886-4c57-98e5-0a41b1cb4fc6 (type: security_group_rules) to 0
2026-07-07 17:17:45.545 7 INFO neutron.plugins.ml2.drivers.ovn.mech_driver.mech_driver [None req-bab5a564-0792-4b86-bc8b-6f35e4571fa9 - - - - - -] OVN reports status down for port: 9c178785-329b-4ce4-b35b-631087cf2360
2026-07-07 17:17:45.566 7 INFO neutron.plugins.ml2.drivers.ovn.mech_driver.mech_driver [None req-bab5a564-0792-4b86-bc8b-6f35e4571fa9 - - - - - -] OVN reports status up for port: 067a05da-d1c4-448f-9f74-5c52aa76ed44
2026-07-07 17:17:45.610 7 INFO neutron.plugins.ml2.plugin [None req-bab5a564-0792-4b86-bc8b-6f35e4571fa9 - - - - - -] Attempt 1 to provision port 067a05da-d1c4-448f-9f74-5c52aa76ed44
2026-07-07 17:17:45.702 8 INFO neutron.db.ovn_revision_numbers_db [None req-05c55e77-7ae0-436d-b7ad-f0653a8a6c5d - - - - - -] Successfully bumped revision number for resource cc192e00-ac58-4b4f-83ce-73b8dd2ff58e (type: ports) to 2
2026-07-07 17:17:45.731 7 INFO neutron.db.ovn_revision_numbers_db [None req-edfdf323-0f35-4ad8-8032-b92a41c2006d 1969af98c79e4abd9e0e2df38ea7f583 e24cf5c3f62841b6af9af028dee57f44 - - default default] Successfully bumped revision number for resource 25f92671-d4a6-4628-a2a2-32e948b826b8 (type: security_groups) to 1
2026-07-07 17:17:45.732 8 INFO neutron.db.ovn_revision_numbers_db [None req-05c55e77-7ae0-436d-b7ad-f0653a8a6c5d - - - - - -] Successfully bumped revision number for resource 8e071cec-f3c7-4455-9bac-5b47ce80a467 (type: subnets) to 0
2026-07-07 17:17:45.768 7 INFO neutron.db.ovn_revision_numbers_db [None req-edfdf323-0f35-4ad8-8032-b92a41c2006d 1969af98c79e4abd9e0e2df38ea7f583 e24cf5c3f62841b6af9af028dee57f44 - - default default] Successfully bumped revision number for resource 796f00bd-41fb-439a-9b2c-4411b503f553 (type: security_group_rules) to 0 [pid: 8|app: 0|req: 1313/2524] 10.0.0.28 () {34 vars in 667 bytes} [Tue Jul 7 17:17:44 2026] POST /v2.0/subnets => generated 629 bytes in 1220 msecs (HTTP/1.1 201) 4 headers in 162 bytes (1 switches on core 0)
2026-07-07 17:17:45.803 7 INFO neutron.db.ovn_revision_numbers_db [None req-edfdf323-0f35-4ad8-8032-b92a41c2006d 1969af98c79e4abd9e0e2df38ea7f583 e24cf5c3f62841b6af9af028dee57f44 - - default default] Successfully bumped revision number for resource 83eed3bb-8cca-48b5-a1ba-54ae4ca015a4 (type: security_group_rules) to 0 [pid: 7|app: 0|req: 1212/2525] 10.0.0.28 () {34 vars in 682 bytes} [Tue Jul 7 17:17:45 2026] POST /v2.0/security-groups => generated 1625 bytes in 832 msecs (HTTP/1.1 201) 4 headers in 163 bytes (1 switches on core 0) [pid: 7|app: 0|req: 1213/2526] 10.0.0.28 () {32 vars in 661 bytes} [Tue Jul 7 17:17:45 2026] GET /v2.0/security-groups => generated 4530 bytes in 61 msecs (HTTP/1.1 200) 4 headers in 158 bytes (1 switches on core 0)
2026-07-07 17:17:46.072 7 INFO neutron.db.ovn_revision_numbers_db [None req-97a18522-f033-4e41-8418-e044b085d871 1969af98c79e4abd9e0e2df38ea7f583 e24cf5c3f62841b6af9af028dee57f44 - - default default] Successfully bumped revision number for resource 25f92671-d4a6-4628-a2a2-32e948b826b8 (type: security_groups) to 2 [pid: 7|app: 0|req: 1214/2527] 10.0.0.28 () {34 vars in 756 bytes} [Tue Jul 7 17:17:45 2026] PUT /v2.0/security-groups/25f92671-d4a6-4628-a2a2-32e948b826b8 => generated 1663 bytes in 165 msecs (HTTP/1.1 200) 4 headers in 158 bytes (1 switches on core 0)
2026-07-07 17:17:46.167 8 WARNING neutron.scheduler.dhcp_agent_scheduler [None req-ea99e352-a0e9-4be4-b45e-ceef2477a395 f93640b95a52475284a845d09088d195 45d7034c2a4b4478b5cbb727371215fd - - default default] No more DHCP agents
2026-07-07 17:17:46.168 8 WARNING neutron.api.rpc.agentnotifiers.dhcp_rpc_agent_api [None req-ea99e352-a0e9-4be4-b45e-ceef2477a395 f93640b95a52475284a845d09088d195 45d7034c2a4b4478b5cbb727371215fd - - default default] Unable to schedule network 1c316f7c-48c5-48fb-a075-7745822a07ad: no agents available; will retry on subsequent port and subnet creation events. [pid: 7|app: 0|req: 1215/2528] 10.0.0.28 () {32 vars in 735 bytes} [Tue Jul 7 17:17:46 2026] GET /v2.0/security-groups/25f92671-d4a6-4628-a2a2-32e948b826b8 => generated 1663 bytes in 74 msecs (HTTP/1.1 200) 4 headers in 158 bytes (1 switches on core 0)
2026-07-07 17:17:46.309 8 INFO neutron.db.ovn_revision_numbers_db [None req-ea99e352-a0e9-4be4-b45e-ceef2477a395 f93640b95a52475284a845d09088d195 45d7034c2a4b4478b5cbb727371215fd - - default default] Successfully bumped revision number for resource 1f35d3cd-33f8-45a8-9626-43d98d1627c8 (type: ports) to 1
2026-07-07 17:17:46.356 7 INFO neutron.db.ovn_revision_numbers_db [None req-bab5a564-0792-4b86-bc8b-6f35e4571fa9 - - - - - -] Successfully bumped revision number for resource 067a05da-d1c4-448f-9f74-5c52aa76ed44 (type: ports) to 2 [pid: 7|app: 0|req: 1216/2529] 10.0.0.28 () {32 vars in 738 bytes} [Tue Jul 7 17:17:46 2026] DELETE /v2.0/security-groups/25f92671-d4a6-4628-a2a2-32e948b826b8 => generated 0 bytes in 282 msecs (HTTP/1.1 204) 2 headers in 112 bytes (1 switches on core 0) [pid: 7|app: 0|req: 1217/2530] 10.0.0.222 () {34 vars in 989 bytes} [Tue Jul 7 17:17:46 2026] GET /v2.0/ports?device_id=0cc307a7-d2a2-4915-a0fd-760a0594f51e => generated 1194 bytes in 84 msecs (HTTP/1.1 200) 4 headers in 158 bytes (1 switches on core 0) [pid: 7|app: 0|req: 1218/2531] 10.0.0.28 () {32 vars in 661 bytes} [Tue Jul 7 17:17:46 2026] GET /v2.0/security-groups => generated 2925 bytes in 27 msecs (HTTP/1.1 200) 4 headers in 158 bytes (1 switches on core 0) [pid: 7|app: 0|req: 1219/2532] 10.0.0.222 () {34 vars in 1039 bytes} [Tue Jul 7 17:17:46 2026] GET /v2.0/security-groups?id=57153288-4139-4e6a-a0f1-8a379099b566&fields=id&fields=name => generated 111 bytes in 33 msecs (HTTP/1.1 200) 4 headers in 157 bytes (1 switches on core 0)
2026-07-07 17:17:46.629 7 INFO neutron.api.v2.resource [None req-c4fc792c-4cd2-421d-8bb7-e5e5514df45f 1969af98c79e4abd9e0e2df38ea7f583 e24cf5c3f62841b6af9af028dee57f44 - - default default] delete failed (client error): The resource could not be found. [pid: 7|app: 0|req: 1220/2533] 10.0.0.28 () {32 vars in 738 bytes} [Tue Jul 7 17:17:46 2026] DELETE /v2.0/security-groups/25f92671-d4a6-4628-a2a2-32e948b826b8 => generated 146 bytes in 12 msecs (HTTP/1.1 404) 4 headers in 164 bytes (1 switches on core 0)
