2026-04-07 01:14:49.082 8 INFO placement.requestlog [req-d3a0240e-bb99-4458-8bf2-d3e0052f3778 req-7ba92ca2-53e2-4387-b6ba-5694c3760e4f ee6d646e98e442d59302c911300a34f2 f5567cdf7cfe474ebd993a87dbf562c0 - - db650718da724071a24d8a9a2b7ab2bc db650718da724071a24d8a9a2b7ab2bc] 199.204.45.138 "GET /resource_providers/a3e3e82f-d794-4946-a1d1-3669e23693b4/allocations" status: 200 len: 352 microversion: 1.0 [pid: 8|app: 0|req: 329/657] 199.204.45.138 () {32 vars in 857 bytes} [Tue Apr 7 01:14:49 2026] GET /resource_providers/a3e3e82f-d794-4946-a1d1-3669e23693b4/allocations => generated 352 bytes in 17 msecs (HTTP/1.1 200) 6 headers in 224 bytes (1 switches on core 0)
2026-04-07 01:14:49.102 7 INFO placement.requestlog [req-d3a0240e-bb99-4458-8bf2-d3e0052f3778 req-2603e42f-d599-4035-a760-0323a718d88d ee6d646e98e442d59302c911300a34f2 f5567cdf7cfe474ebd993a87dbf562c0 - - db650718da724071a24d8a9a2b7ab2bc db650718da724071a24d8a9a2b7ab2bc] 199.204.45.138 "GET /allocations/1c64cae3-cb13-46b3-be33-41b0500967d8" status: 200 len: 257 microversion: 1.28 [pid: 7|app: 0|req: 329/658] 199.204.45.138 () {34 vars in 863 bytes} [Tue Apr 7 01:14:49 2026] GET /allocations/1c64cae3-cb13-46b3-be33-41b0500967d8 => generated 257 bytes in 15 msecs (HTTP/1.1 200) 8 headers in 296 bytes (1 switches on core 0)
2026-04-07 01:14:49.120 8 INFO placement.requestlog [req-d3a0240e-bb99-4458-8bf2-d3e0052f3778 req-117a8915-9457-465a-aeea-6fe728039640 ee6d646e98e442d59302c911300a34f2 f5567cdf7cfe474ebd993a87dbf562c0 - - db650718da724071a24d8a9a2b7ab2bc db650718da724071a24d8a9a2b7ab2bc] 199.204.45.138 "GET /allocations/ddc1a82f-bff3-4d55-bc37-84fd3f727abb" status: 200 len: 257 microversion: 1.28 [pid: 8|app: 0|req: 330/659] 199.204.45.138 () {34 vars in 863 bytes} [Tue Apr 7 01:14:49 2026] GET /allocations/ddc1a82f-bff3-4d55-bc37-84fd3f727abb => generated 257 bytes in 12 msecs (HTTP/1.1 200) 8 headers in 296 bytes (1 switches on core 0)
2026-04-07 01:14:49.135 7 INFO placement.requestlog [req-d3a0240e-bb99-4458-8bf2-d3e0052f3778 req-ccaf15ff-b2dd-4428-9465-8d0f5b66f066 ee6d646e98e442d59302c911300a34f2 f5567cdf7cfe474ebd993a87dbf562c0 - - db650718da724071a24d8a9a2b7ab2bc db650718da724071a24d8a9a2b7ab2bc] 199.204.45.138 "GET /allocations/6a79ffa2-34e3-48fa-aac1-f5202f9a4260" status: 200 len: 257 microversion: 1.28 [pid: 7|app: 0|req: 330/660] 199.204.45.138 () {34 vars in 863 bytes} [Tue Apr 7 01:14:49 2026] GET /allocations/6a79ffa2-34e3-48fa-aac1-f5202f9a4260 => generated 257 bytes in 9 msecs (HTTP/1.1 200) 8 headers in 296 bytes (1 switches on core 0)
2026-04-07 01:14:50.191 8 INFO placement.requestlog [req-d3a0240e-bb99-4458-8bf2-d3e0052f3778 req-d1c26528-f582-4926-b7a4-e0129bc9e5a1 ee6d646e98e442d59302c911300a34f2 f5567cdf7cfe474ebd993a87dbf562c0 - - db650718da724071a24d8a9a2b7ab2bc db650718da724071a24d8a9a2b7ab2bc] 199.204.45.138 "DELETE /allocations/6a79ffa2-34e3-48fa-aac1-f5202f9a4260" status: 204 len: 0 microversion: 1.0 [pid: 8|app: 0|req: 331/661] 199.204.45.138 () {34 vars in 841 bytes} [Tue Apr 7 01:14:50 2026] DELETE /allocations/6a79ffa2-34e3-48fa-aac1-f5202f9a4260 => generated 0 bytes in 32 msecs (HTTP/1.1 204) 5 headers in 198 bytes (1 switches on core 0)
2026-04-07 01:14:53.628 8 INFO placement.requestlog [None req-3cec7d6d-dc1a-4bf6-89fb-4c739e7d1cdb 2a647afe1fae4098be042ac4e8760653 f5567cdf7cfe474ebd993a87dbf562c0 - - db650718da724071a24d8a9a2b7ab2bc db650718da724071a24d8a9a2b7ab2bc] 10.0.0.179 "GET /resource_providers/e4a71a2c-7ebd-4efc-a937-59c25893b7ed/aggregates" status: 404 len: 235 microversion: 1.1 [pid: 8|app: 0|req: 332/662] 10.0.0.179 () {32 vars in 816 bytes} [Tue Apr 7 01:14:53 2026] GET /resource_providers/e4a71a2c-7ebd-4efc-a937-59c25893b7ed/aggregates => generated 235 bytes in 7 msecs (HTTP/1.1 404) 5 headers in 202 bytes (1 switches on core 0)
2026-04-07 01:14:53.629 7 INFO placement.requestlog [None req-b19918c5-03b3-4677-bbfb-a565b1408ec9 2a647afe1fae4098be042ac4e8760653 f5567cdf7cfe474ebd993a87dbf562c0 - - db650718da724071a24d8a9a2b7ab2bc db650718da724071a24d8a9a2b7ab2bc] 10.0.0.179 "GET /resource_providers/e4a71a2c-7ebd-4efc-a937-59c25893b7ed/aggregates" status: 404 len: 235 microversion: 1.1 [pid: 7|app: 0|req: 331/663] 10.0.0.179 () {32 vars in 816 bytes} [Tue Apr 7 01:14:53 2026] GET /resource_providers/e4a71a2c-7ebd-4efc-a937-59c25893b7ed/aggregates => generated 235 bytes in 9 msecs (HTTP/1.1 404) 5 headers in 202 bytes (1 switches on core 0)
2026-04-07 01:14:53.649 7 INFO placement.requestlog [None req-75d57c14-ad48-4cab-9901-3139dbb789bf 2a647afe1fae4098be042ac4e8760653 f5567cdf7cfe474ebd993a87dbf562c0 - - db650718da724071a24d8a9a2b7ab2bc db650718da724071a24d8a9a2b7ab2bc] 10.0.0.179 "DELETE /resource_providers/e4a71a2c-7ebd-4efc-a937-59c25893b7ed" status: 404 len: 246 microversion: 1.1 [pid: 7|app: 0|req: 332/664] 10.0.0.179 () {34 vars in 816 bytes} [Tue Apr 7 01:14:53 2026] DELETE /resource_providers/e4a71a2c-7ebd-4efc-a937-59c25893b7ed => generated 246 bytes in 8 msecs (HTTP/1.1 404) 6 headers in 231 bytes (1 switches on core 0)
2026-04-07 01:14:53.651 8 INFO placement.requestlog [None req-05e102f2-b1fb-438a-890d-bd0edb316fbc 2a647afe1fae4098be042ac4e8760653 f5567cdf7cfe474ebd993a87dbf562c0 - - db650718da724071a24d8a9a2b7ab2bc db650718da724071a24d8a9a2b7ab2bc] 10.0.0.179 "DELETE /resource_providers/e4a71a2c-7ebd-4efc-a937-59c25893b7ed" status: 404 len: 246 microversion: 1.1 [pid: 8|app: 0|req: 333/665] 10.0.0.179 () {34 vars in 816 bytes} [Tue Apr 7 01:14:53 2026] DELETE /resource_providers/e4a71a2c-7ebd-4efc-a937-59c25893b7ed => generated 246 bytes in 11 msecs (HTTP/1.1 404) 6 headers in 231 bytes (1 switches on core 0)
2026-04-07 01:14:58.879 7 INFO placement.requestlog [None req-a347cac8-5c52-4586-be1c-3105550a393c - - - - - -] 10.0.0.101 "GET /" status: 200 len: 136 microversion: 1.0
2026-04-07 01:14:58.880 8 INFO placement.requestlog [None req-52ed47ef-2676-4095-a563-db06012a8504 - - - - - -] 10.0.0.101 "GET /" status: 200 len: 136 microversion: 1.0
2026-04-07 01:14:59.819 7 INFO placement.requestlog [req-b7fb2bff-42c0-40c2-99ad-81a2718f818a req-f6549786-1d68-4f64-89e6-1219b8ad873b ee6d646e98e442d59302c911300a34f2 f5567cdf7cfe474ebd993a87dbf562c0 - - db650718da724071a24d8a9a2b7ab2bc db650718da724071a24d8a9a2b7ab2bc] 199.204.45.138 "GET /resource_providers/a3e3e82f-d794-4946-a1d1-3669e23693b4/allocations" status: 200 len: 252 microversion: 1.0 [pid: 7|app: 0|req: 334/668] 199.204.45.138 () {32 vars in 857 bytes} [Tue Apr 7 01:14:59 2026] GET /resource_providers/a3e3e82f-d794-4946-a1d1-3669e23693b4/allocations => generated 252 bytes in 15 msecs (HTTP/1.1 200) 6 headers in 224 bytes (1 switches on core 0)
2026-04-07 01:14:59.839 8 INFO placement.requestlog [req-b7fb2bff-42c0-40c2-99ad-81a2718f818a req-7f0da958-f431-4166-8d81-18840f505dbb ee6d646e98e442d59302c911300a34f2 f5567cdf7cfe474ebd993a87dbf562c0 - - db650718da724071a24d8a9a2b7ab2bc db650718da724071a24d8a9a2b7ab2bc] 199.204.45.138 "GET /allocations/1c64cae3-cb13-46b3-be33-41b0500967d8" status: 200 len: 257 microversion: 1.28 [pid: 8|app: 0|req: 335/669] 199.204.45.138 () {34 vars in 863 bytes} [Tue Apr 7 01:14:59 2026] GET /allocations/1c64cae3-cb13-46b3-be33-41b0500967d8 => generated 257 bytes in 13 msecs (HTTP/1.1 200) 8 headers in 296 bytes (1 switches on core 0)
2026-04-07 01:14:59.860 7 INFO placement.requestlog [req-b7fb2bff-42c0-40c2-99ad-81a2718f818a req-3c0a8536-467e-4683-a032-983e93996ccd ee6d646e98e442d59302c911300a34f2 f5567cdf7cfe474ebd993a87dbf562c0 - - db650718da724071a24d8a9a2b7ab2bc db650718da724071a24d8a9a2b7ab2bc] 199.204.45.138 "GET /allocations/ddc1a82f-bff3-4d55-bc37-84fd3f727abb" status: 200 len: 257 microversion: 1.28 [pid: 7|app: 0|req: 335/670] 199.204.45.138 () {34 vars in 863 bytes} [Tue Apr 7 01:14:59 2026] GET /allocations/ddc1a82f-bff3-4d55-bc37-84fd3f727abb => generated 257 bytes in 14 msecs (HTTP/1.1 200) 8 headers in 296 bytes (1 switches on core 0)
2026-04-07 01:15:00.921 8 INFO placement.requestlog [req-b7fb2bff-42c0-40c2-99ad-81a2718f818a req-6c5455a4-bc06-4a4d-b9cd-f1ad8161aa82 ee6d646e98e442d59302c911300a34f2 f5567cdf7cfe474ebd993a87dbf562c0 - - db650718da724071a24d8a9a2b7ab2bc db650718da724071a24d8a9a2b7ab2bc] 199.204.45.138 "DELETE /allocations/1c64cae3-cb13-46b3-be33-41b0500967d8" status: 204 len: 0 microversion: 1.0 [pid: 8|app: 0|req: 336/671] 199.204.45.138 () {34 vars in 841 bytes} [Tue Apr 7 01:15:00 2026] DELETE /allocations/1c64cae3-cb13-46b3-be33-41b0500967d8 => generated 0 bytes in 37 msecs (HTTP/1.1 204) 5 headers in 198 bytes (1 switches on core 0)
2026-04-07 01:15:04.366 7 INFO placement.requestlog [None req-58a24d41-341c-4061-9808-ccc59b0297dc 2a647afe1fae4098be042ac4e8760653 f5567cdf7cfe474ebd993a87dbf562c0 - - db650718da724071a24d8a9a2b7ab2bc db650718da724071a24d8a9a2b7ab2bc] 10.0.0.179 "GET /resource_providers/264ee3b3-94dd-4dd5-8be7-6ef6dc34efbc/aggregates" status: 404 len: 235 microversion: 1.1 [pid: 7|app: 0|req: 336/672] 10.0.0.179 () {32 vars in 816 bytes} [Tue Apr 7 01:15:04 2026] GET /resource_providers/264ee3b3-94dd-4dd5-8be7-6ef6dc34efbc/aggregates => generated 235 bytes in 7 msecs (HTTP/1.1 404) 5 headers in 202 bytes (1 switches on core 0)
2026-04-07 01:15:04.375 8 INFO placement.requestlog [None req-d545e32c-579d-4c6a-9c3a-f2d83ed4d1f2 2a647afe1fae4098be042ac4e8760653 f5567cdf7cfe474ebd993a87dbf562c0 - - db650718da724071a24d8a9a2b7ab2bc db650718da724071a24d8a9a2b7ab2bc] 10.0.0.179 "GET /resource_providers/264ee3b3-94dd-4dd5-8be7-6ef6dc34efbc/aggregates" status: 404 len: 235 microversion: 1.1 [pid: 8|app: 0|req: 337/673] 10.0.0.179 () {32 vars in 816 bytes} [Tue Apr 7 01:15:04 2026] GET /resource_providers/264ee3b3-94dd-4dd5-8be7-6ef6dc34efbc/aggregates => generated 235 bytes in 10 msecs (HTTP/1.1 404) 5 headers in 202 bytes (1 switches on core 0)
2026-04-07 01:15:04.406 8 INFO placement.requestlog [None req-11e55e72-af3b-4f82-842e-1644ce946505 2a647afe1fae4098be042ac4e8760653 f5567cdf7cfe474ebd993a87dbf562c0 - - db650718da724071a24d8a9a2b7ab2bc db650718da724071a24d8a9a2b7ab2bc] 10.0.0.179 "DELETE /resource_providers/264ee3b3-94dd-4dd5-8be7-6ef6dc34efbc" status: 404 len: 246 microversion: 1.1 [pid: 8|app: 0|req: 338/674] 10.0.0.179 () {34 vars in 816 bytes} [Tue Apr 7 01:15:04 2026] DELETE /resource_providers/264ee3b3-94dd-4dd5-8be7-6ef6dc34efbc => generated 246 bytes in 21 msecs (HTTP/1.1 404) 6 headers in 231 bytes (1 switches on core 0)
2026-04-07 01:15:04.407 7 INFO placement.requestlog [None req-4d907af7-b71a-4251-ab38-2fae520f08d9 2a647afe1fae4098be042ac4e8760653 f5567cdf7cfe474ebd993a87dbf562c0 - - db650718da724071a24d8a9a2b7ab2bc db650718da724071a24d8a9a2b7ab2bc] 10.0.0.179 "DELETE /resource_providers/264ee3b3-94dd-4dd5-8be7-6ef6dc34efbc" status: 404 len: 246 microversion: 1.1 [pid: 7|app: 0|req: 337/675] 10.0.0.179 () {34 vars in 816 bytes} [Tue Apr 7 01:15:04 2026] DELETE /resource_providers/264ee3b3-94dd-4dd5-8be7-6ef6dc34efbc => generated 246 bytes in 23 msecs (HTTP/1.1 404) 6 headers in 231 bytes (1 switches on core 0)
2026-04-07 01:15:06.436 8 INFO placement.requestlog [req-31c25ea3-a924-4703-a468-7d5110ddc926 req-f8c76445-de0c-49e2-9e81-a5038b735e19 ee6d646e98e442d59302c911300a34f2 f5567cdf7cfe474ebd993a87dbf562c0 - - db650718da724071a24d8a9a2b7ab2bc db650718da724071a24d8a9a2b7ab2bc] 199.204.45.138 "GET /resource_providers/a3e3e82f-d794-4946-a1d1-3669e23693b4/allocations" status: 200 len: 152 microversion: 1.0 [pid: 8|app: 0|req: 339/676] 199.204.45.138 () {32 vars in 857 bytes} [Tue Apr 7 01:15:06 2026] GET /resource_providers/a3e3e82f-d794-4946-a1d1-3669e23693b4/allocations => generated 152 bytes in 16 msecs (HTTP/1.1 200) 6 headers in 224 bytes (1 switches on core 0)
2026-04-07 01:15:06.453 7 INFO placement.requestlog [req-31c25ea3-a924-4703-a468-7d5110ddc926 req-a32263de-e485-42e8-980c-30c134999949 ee6d646e98e442d59302c911300a34f2 f5567cdf7cfe474ebd993a87dbf562c0 - - db650718da724071a24d8a9a2b7ab2bc db650718da724071a24d8a9a2b7ab2bc] 199.204.45.138 "GET /allocations/ddc1a82f-bff3-4d55-bc37-84fd3f727abb" status: 200 len: 257 microversion: 1.28 [pid: 7|app: 0|req: 338/677] 199.204.45.138 () {34 vars in 863 bytes} [Tue Apr 7 01:15:06 2026] GET /allocations/ddc1a82f-bff3-4d55-bc37-84fd3f727abb => generated 257 bytes in 10 msecs (HTTP/1.1 200) 8 headers in 296 bytes (1 switches on core 0)
2026-04-07 01:15:07.155 8 INFO placement.requestlog [req-6ad41c53-6052-4d3e-930c-f386e68c63a7 req-3e544472-efcf-42a1-a1a4-b58be7a74f24 ee6d646e98e442d59302c911300a34f2 f5567cdf7cfe474ebd993a87dbf562c0 - - db650718da724071a24d8a9a2b7ab2bc db650718da724071a24d8a9a2b7ab2bc] 10.0.0.71 "GET /allocation_candidates?limit=1000&resources=DISK_GB%3A1%2CMEMORY_MB%3A512%2CVCPU%3A1&root_required=%21COMPUTE_STATUS_DISABLED" status: 200 len: 2642 microversion: 1.36 [pid: 8|app: 0|req: 340/678] 10.0.0.71 () {34 vars in 1011 bytes} [Tue Apr 7 01:15:07 2026] GET /allocation_candidates?limit=1000&resources=DISK_GB%3A1%2CMEMORY_MB%3A512%2CVCPU%3A1&root_required=%21COMPUTE_STATUS_DISABLED => generated 2642 bytes in 54 msecs (HTTP/1.1 200) 8 headers in 297 bytes (1 switches on core 0)
2026-04-07 01:15:07.177 7 INFO placement.requestlog [req-6ad41c53-6052-4d3e-930c-f386e68c63a7 req-d5acb4a4-1b20-467d-9d70-6618d211ca0b ee6d646e98e442d59302c911300a34f2 f5567cdf7cfe474ebd993a87dbf562c0 - - db650718da724071a24d8a9a2b7ab2bc db650718da724071a24d8a9a2b7ab2bc] 10.0.0.71 "GET /allocations/7e9a0ba9-24ef-480d-8f8a-29ac417e16ac" status: 200 len: 19 microversion: 1.28 [pid: 7|app: 0|req: 339/679] 10.0.0.71 () {34 vars in 860 bytes} [Tue Apr 7 01:15:07 2026] GET /allocations/7e9a0ba9-24ef-480d-8f8a-29ac417e16ac => generated 19 bytes in 9 msecs (HTTP/1.1 200) 8 headers in 295 bytes (1 switches on core 0)
2026-04-07 01:15:07.271 8 INFO placement.requestlog [req-6ad41c53-6052-4d3e-930c-f386e68c63a7 req-603fa82e-5de6-4e8d-a7ec-581604338ade ee6d646e98e442d59302c911300a34f2 f5567cdf7cfe474ebd993a87dbf562c0 - - db650718da724071a24d8a9a2b7ab2bc db650718da724071a24d8a9a2b7ab2bc] 10.0.0.71 "PUT /allocations/7e9a0ba9-24ef-480d-8f8a-29ac417e16ac" status: 204 len: 0 microversion: 1.36 [pid: 8|app: 0|req: 341/680] 10.0.0.71 () {38 vars in 913 bytes} [Tue Apr 7 01:15:07 2026] PUT /allocations/7e9a0ba9-24ef-480d-8f8a-29ac417e16ac => generated 0 bytes in 87 msecs (HTTP/1.1 204) 5 headers in 199 bytes (1 switches on core 0)
2026-04-07 01:15:07.513 7 INFO placement.requestlog [req-31c25ea3-a924-4703-a468-7d5110ddc926 req-496a96de-bf64-42c0-98ff-2b81115efcf3 ee6d646e98e442d59302c911300a34f2 f5567cdf7cfe474ebd993a87dbf562c0 - - db650718da724071a24d8a9a2b7ab2bc db650718da724071a24d8a9a2b7ab2bc] 199.204.45.138 "DELETE /allocations/ddc1a82f-bff3-4d55-bc37-84fd3f727abb" status: 204 len: 0 microversion: 1.0 [pid: 7|app: 0|req: 340/681] 199.204.45.138 () {34 vars in 841 bytes} [Tue Apr 7 01:15:07 2026] DELETE /allocations/ddc1a82f-bff3-4d55-bc37-84fd3f727abb => generated 0 bytes in 39 msecs (HTTP/1.1 204) 5 headers in 198 bytes (1 switches on core 0)
2026-04-07 01:15:08.750 8 INFO placement.requestlog [req-6ad41c53-6052-4d3e-930c-f386e68c63a7 req-49c34d9a-17e2-41cf-bba8-38696ac48b32 ee6d646e98e442d59302c911300a34f2 f5567cdf7cfe474ebd993a87dbf562c0 - - db650718da724071a24d8a9a2b7ab2bc db650718da724071a24d8a9a2b7ab2bc] 199.204.45.138 "GET /allocations/7e9a0ba9-24ef-480d-8f8a-29ac417e16ac" status: 200 len: 257 microversion: 1.28 [pid: 8|app: 0|req: 342/682] 199.204.45.138 () {34 vars in 863 bytes} [Tue Apr 7 01:15:08 2026] GET /allocations/7e9a0ba9-24ef-480d-8f8a-29ac417e16ac => generated 257 bytes in 14 msecs (HTTP/1.1 200) 8 headers in 296 bytes (1 switches on core 0)
2026-04-07 01:15:08.879 7 INFO placement.requestlog [None req-d10fea38-c272-44b1-b2c0-877a2cf18729 - - - - - -] 10.0.0.101 "GET /" status: 200 len: 136 microversion: 1.0
2026-04-07 01:15:08.879 8 INFO placement.requestlog [None req-884222ee-17dc-4b28-a603-9d12e4064027 - - - - - -] 10.0.0.101 "GET /" status: 200 len: 136 microversion: 1.0
2026-04-07 01:15:09.792 7 INFO placement.requestlog [req-6ad41c53-6052-4d3e-930c-f386e68c63a7 req-e6d92d63-70be-453d-a1f3-228023df2476 ee6d646e98e442d59302c911300a34f2 f5567cdf7cfe474ebd993a87dbf562c0 - - db650718da724071a24d8a9a2b7ab2bc db650718da724071a24d8a9a2b7ab2bc] 199.204.45.138 "GET /resource_providers/a3e3e82f-d794-4946-a1d1-3669e23693b4/allocations" status: 200 len: 152 microversion: 1.0 [pid: 7|app: 0|req: 342/685] 199.204.45.138 () {32 vars in 857 bytes} [Tue Apr 7 01:15:09 2026] GET /resource_providers/a3e3e82f-d794-4946-a1d1-3669e23693b4/allocations => generated 152 bytes in 13 msecs (HTTP/1.1 200) 6 headers in 224 bytes (1 switches on core 0)
2026-04-07 01:15:09.811 8 INFO placement.requestlog [req-6ad41c53-6052-4d3e-930c-f386e68c63a7 req-6e2a8b95-9f65-42b5-b0f9-bf9f91119029 ee6d646e98e442d59302c911300a34f2 f5567cdf7cfe474ebd993a87dbf562c0 - - db650718da724071a24d8a9a2b7ab2bc db650718da724071a24d8a9a2b7ab2bc] 199.204.45.138 "GET /allocations/7e9a0ba9-24ef-480d-8f8a-29ac417e16ac" status: 200 len: 257 microversion: 1.28 [pid: 8|app: 0|req: 344/686] 199.204.45.138 () {34 vars in 863 bytes} [Tue Apr 7 01:15:09 2026] GET /allocations/7e9a0ba9-24ef-480d-8f8a-29ac417e16ac => generated 257 bytes in 12 msecs (HTTP/1.1 200) 8 headers in 296 bytes (1 switches on core 0)
2026-04-07 01:15:12.365 7 INFO placement.requestlog [None req-4cf46342-4749-46b6-a300-6e533f98ef74 2a647afe1fae4098be042ac4e8760653 f5567cdf7cfe474ebd993a87dbf562c0 - - db650718da724071a24d8a9a2b7ab2bc db650718da724071a24d8a9a2b7ab2bc] 10.0.0.179 "GET /resource_providers/8ccef6bd-959b-44c7-9f86-6ed4f391ad8e/aggregates" status: 404 len: 235 microversion: 1.1 [pid: 7|app: 0|req: 343/687] 10.0.0.179 () {32 vars in 816 bytes} [Tue Apr 7 01:15:12 2026] GET /resource_providers/8ccef6bd-959b-44c7-9f86-6ed4f391ad8e/aggregates => generated 235 bytes in 9 msecs (HTTP/1.1 404) 5 headers in 202 bytes (1 switches on core 0)
2026-04-07 01:15:12.366 8 INFO placement.requestlog [None req-f22f59b0-63d9-4bc0-8dec-cd7a28cc3565 2a647afe1fae4098be042ac4e8760653 f5567cdf7cfe474ebd993a87dbf562c0 - - db650718da724071a24d8a9a2b7ab2bc db650718da724071a24d8a9a2b7ab2bc] 10.0.0.179 "GET /resource_providers/8ccef6bd-959b-44c7-9f86-6ed4f391ad8e/aggregates" status: 404 len: 235 microversion: 1.1 [pid: 8|app: 0|req: 345/688] 10.0.0.179 () {32 vars in 816 bytes} [Tue Apr 7 01:15:12 2026] GET /resource_providers/8ccef6bd-959b-44c7-9f86-6ed4f391ad8e/aggregates => generated 235 bytes in 9 msecs (HTTP/1.1 404) 5 headers in 202 bytes (1 switches on core 0)
2026-04-07 01:15:12.385 7 INFO placement.requestlog [None req-7a0b699e-da5e-4591-93a5-5d427468d780 2a647afe1fae4098be042ac4e8760653 f5567cdf7cfe474ebd993a87dbf562c0 - - db650718da724071a24d8a9a2b7ab2bc db650718da724071a24d8a9a2b7ab2bc] 10.0.0.179 "DELETE /resource_providers/8ccef6bd-959b-44c7-9f86-6ed4f391ad8e" status: 404 len: 246 microversion: 1.1 [pid: 7|app: 0|req: 344/689] 10.0.0.179 () {34 vars in 816 bytes} [Tue Apr 7 01:15:12 2026] DELETE /resource_providers/8ccef6bd-959b-44c7-9f86-6ed4f391ad8e => generated 246 bytes in 9 msecs (HTTP/1.1 404) 6 headers in 231 bytes (1 switches on core 0)
2026-04-07 01:15:12.388 8 INFO placement.requestlog [None req-798f8510-7da2-4d24-b8f1-afb6d1b3a480 2a647afe1fae4098be042ac4e8760653 f5567cdf7cfe474ebd993a87dbf562c0 - - db650718da724071a24d8a9a2b7ab2bc db650718da724071a24d8a9a2b7ab2bc] 10.0.0.179 "DELETE /resource_providers/8ccef6bd-959b-44c7-9f86-6ed4f391ad8e" status: 404 len: 246 microversion: 1.1 [pid: 8|app: 0|req: 346/690] 10.0.0.179 () {34 vars in 816 bytes} [Tue Apr 7 01:15:12 2026] DELETE /resource_providers/8ccef6bd-959b-44c7-9f86-6ed4f391ad8e => generated 246 bytes in 12 msecs (HTTP/1.1 404) 6 headers in 231 bytes (1 switches on core 0)
2026-04-07 01:15:12.692 7 INFO placement.requestlog [None req-a1209550-1ce0-4383-82ea-de6f1415e08b 2a647afe1fae4098be042ac4e8760653 f5567cdf7cfe474ebd993a87dbf562c0 - - db650718da724071a24d8a9a2b7ab2bc db650718da724071a24d8a9a2b7ab2bc] 10.0.0.179 "GET /resource_providers/8f4047b7-78d0-45a0-93a6-af67db557f9e/aggregates" status: 404 len: 235 microversion: 1.1 [pid: 7|app: 0|req: 345/691] 10.0.0.179 () {32 vars in 816 bytes} [Tue Apr 7 01:15:12 2026] GET /resource_providers/8f4047b7-78d0-45a0-93a6-af67db557f9e/aggregates => generated 235 bytes in 9 msecs (HTTP/1.1 404) 5 headers in 202 bytes (1 switches on core 0)
2026-04-07 01:15:12.694 8 INFO placement.requestlog [None req-b02d0d42-cffe-43df-b1c8-d478236aaad0 2a647afe1fae4098be042ac4e8760653 f5567cdf7cfe474ebd993a87dbf562c0 - - db650718da724071a24d8a9a2b7ab2bc db650718da724071a24d8a9a2b7ab2bc] 10.0.0.179 "GET /resource_providers/8f4047b7-78d0-45a0-93a6-af67db557f9e/aggregates" status: 404 len: 235 microversion: 1.1 [pid: 8|app: 0|req: 347/692] 10.0.0.179 () {32 vars in 816 bytes} [Tue Apr 7 01:15:12 2026] GET /resource_providers/8f4047b7-78d0-45a0-93a6-af67db557f9e/aggregates => generated 235 bytes in 7 msecs (HTTP/1.1 404) 5 headers in 202 bytes (1 switches on core 0)
2026-04-07 01:15:12.707 7 INFO placement.requestlog [None req-24859703-9781-44f5-bd60-244bec30fe16 2a647afe1fae4098be042ac4e8760653 f5567cdf7cfe474ebd993a87dbf562c0 - - db650718da724071a24d8a9a2b7ab2bc db650718da724071a24d8a9a2b7ab2bc] 10.0.0.179 "DELETE /resource_providers/8f4047b7-78d0-45a0-93a6-af67db557f9e" status: 404 len: 246 microversion: 1.1 [pid: 7|app: 0|req: 346/693] 10.0.0.179 () {34 vars in 816 bytes} [Tue Apr 7 01:15:12 2026] DELETE /resource_providers/8f4047b7-78d0-45a0-93a6-af67db557f9e => generated 246 bytes in 7 msecs (HTTP/1.1 404) 6 headers in 231 bytes (1 switches on core 0)
2026-04-07 01:15:12.711 8 INFO placement.requestlog [None req-8394b7ee-144b-4bf4-ace5-fd82288a3c29 2a647afe1fae4098be042ac4e8760653 f5567cdf7cfe474ebd993a87dbf562c0 - - db650718da724071a24d8a9a2b7ab2bc db650718da724071a24d8a9a2b7ab2bc] 10.0.0.179 "DELETE /resource_providers/8f4047b7-78d0-45a0-93a6-af67db557f9e" status: 404 len: 246 microversion: 1.1 [pid: 8|app: 0|req: 348/694] 10.0.0.179 () {34 vars in 816 bytes} [Tue Apr 7 01:15:12 2026] DELETE /resource_providers/8f4047b7-78d0-45a0-93a6-af67db557f9e => generated 246 bytes in 8 msecs (HTTP/1.1 404) 6 headers in 231 bytes (1 switches on core 0)
2026-04-07 01:15:16.161 7 INFO placement.requestlog [None req-48133237-112c-47d1-9787-306ccac13fca 2a647afe1fae4098be042ac4e8760653 f5567cdf7cfe474ebd993a87dbf562c0 - - db650718da724071a24d8a9a2b7ab2bc db650718da724071a24d8a9a2b7ab2bc] 10.0.0.179 "GET /resource_providers/a3b49b41-ce35-4087-b1f5-1d8ece42771d/aggregates" status: 404 len: 235 microversion: 1.1 [pid: 7|app: 0|req: 347/695] 10.0.0.179 () {32 vars in 816 bytes} [Tue Apr 7 01:15:16 2026] GET /resource_providers/a3b49b41-ce35-4087-b1f5-1d8ece42771d/aggregates => generated 235 bytes in 14 msecs (HTTP/1.1 404) 5 headers in 202 bytes (1 switches on core 0)
2026-04-07 01:15:16.165 8 INFO placement.requestlog [None req-3af2f06f-4dbd-4423-90e1-9e3f373a9da6 2a647afe1fae4098be042ac4e8760653 f5567cdf7cfe474ebd993a87dbf562c0 - - db650718da724071a24d8a9a2b7ab2bc db650718da724071a24d8a9a2b7ab2bc] 10.0.0.179 "GET /resource_providers/a3b49b41-ce35-4087-b1f5-1d8ece42771d/aggregates" status: 404 len: 235 microversion: 1.1 [pid: 8|app: 0|req: 349/696] 10.0.0.179 () {32 vars in 816 bytes} [Tue Apr 7 01:15:16 2026] GET /resource_providers/a3b49b41-ce35-4087-b1f5-1d8ece42771d/aggregates => generated 235 bytes in 17 msecs (HTTP/1.1 404) 5 headers in 202 bytes (1 switches on core 0)
2026-04-07 01:15:16.186 7 INFO placement.requestlog [None req-0cbc35c0-fc5e-4f5d-a483-cd1318a96c68 2a647afe1fae4098be042ac4e8760653 f5567cdf7cfe474ebd993a87dbf562c0 - - db650718da724071a24d8a9a2b7ab2bc db650718da724071a24d8a9a2b7ab2bc] 10.0.0.179 "DELETE /resource_providers/a3b49b41-ce35-4087-b1f5-1d8ece42771d" status: 404 len: 246 microversion: 1.1 [pid: 7|app: 0|req: 348/697] 10.0.0.179 () {34 vars in 816 bytes} [Tue Apr 7 01:15:16 2026] DELETE /resource_providers/a3b49b41-ce35-4087-b1f5-1d8ece42771d => generated 246 bytes in 13 msecs (HTTP/1.1 404) 6 headers in 231 bytes (1 switches on core 0)
2026-04-07 01:15:16.187 8 INFO placement.requestlog [None req-2e0cb7f5-2cff-40ea-ba81-c88911f05825 2a647afe1fae4098be042ac4e8760653 f5567cdf7cfe474ebd993a87dbf562c0 - - db650718da724071a24d8a9a2b7ab2bc db650718da724071a24d8a9a2b7ab2bc] 10.0.0.179 "DELETE /resource_providers/a3b49b41-ce35-4087-b1f5-1d8ece42771d" status: 404 len: 246 microversion: 1.1 [pid: 8|app: 0|req: 350/698] 10.0.0.179 () {34 vars in 816 bytes} [Tue Apr 7 01:15:16 2026] DELETE /resource_providers/a3b49b41-ce35-4087-b1f5-1d8ece42771d => generated 246 bytes in 13 msecs (HTTP/1.1 404) 6 headers in 231 bytes (1 switches on core 0)
2026-04-07 01:15:18.208 7 INFO placement.requestlog [None req-0f3fcd51-1503-4e4b-86a9-21416c495639 2a647afe1fae4098be042ac4e8760653 f5567cdf7cfe474ebd993a87dbf562c0 - - db650718da724071a24d8a9a2b7ab2bc db650718da724071a24d8a9a2b7ab2bc] 10.0.0.179 "GET /resource_providers/766b4ace-a611-469b-b21b-8c919d1830b7/aggregates" status: 404 len: 235 microversion: 1.1 [pid: 7|app: 0|req: 349/699] 10.0.0.179 () {32 vars in 816 bytes} [Tue Apr 7 01:15:18 2026] GET /resource_providers/766b4ace-a611-469b-b21b-8c919d1830b7/aggregates => generated 235 bytes in 12 msecs (HTTP/1.1 404) 5 headers in 202 bytes (1 switches on core 0)
2026-04-07 01:15:18.211 8 INFO placement.requestlog [None req-94be1221-5687-4f1c-9889-efb8de1980c3 2a647afe1fae4098be042ac4e8760653 f5567cdf7cfe474ebd993a87dbf562c0 - - db650718da724071a24d8a9a2b7ab2bc db650718da724071a24d8a9a2b7ab2bc] 10.0.0.179 "GET /resource_providers/766b4ace-a611-469b-b21b-8c919d1830b7/aggregates" status: 404 len: 235 microversion: 1.1 [pid: 8|app: 0|req: 351/700] 10.0.0.179 () {32 vars in 816 bytes} [Tue Apr 7 01:15:18 2026] GET /resource_providers/766b4ace-a611-469b-b21b-8c919d1830b7/aggregates => generated 235 bytes in 11 msecs (HTTP/1.1 404) 5 headers in 202 bytes (1 switches on core 0)
2026-04-07 01:15:18.224 8 INFO placement.requestlog [None req-dc4b5a50-5684-4cd4-bbf5-941e1e01f4db 2a647afe1fae4098be042ac4e8760653 f5567cdf7cfe474ebd993a87dbf562c0 - - db650718da724071a24d8a9a2b7ab2bc db650718da724071a24d8a9a2b7ab2bc] 10.0.0.179 "DELETE /resource_providers/766b4ace-a611-469b-b21b-8c919d1830b7" status: 404 len: 246 microversion: 1.1 [pid: 8|app: 0|req: 352/701] 10.0.0.179 () {34 vars in 816 bytes} [Tue Apr 7 01:15:18 2026] DELETE /resource_providers/766b4ace-a611-469b-b21b-8c919d1830b7 => generated 246 bytes in 8 msecs (HTTP/1.1 404) 6 headers in 231 bytes (1 switches on core 0)
2026-04-07 01:15:18.228 7 INFO placement.requestlog [None req-a9ecc317-c971-4696-bd84-41a033d62224 2a647afe1fae4098be042ac4e8760653 f5567cdf7cfe474ebd993a87dbf562c0 - - db650718da724071a24d8a9a2b7ab2bc db650718da724071a24d8a9a2b7ab2bc] 10.0.0.179 "DELETE /resource_providers/766b4ace-a611-469b-b21b-8c919d1830b7" status: 404 len: 246 microversion: 1.1 [pid: 7|app: 0|req: 350/702] 10.0.0.179 () {34 vars in 816 bytes} [Tue Apr 7 01:15:18 2026] DELETE /resource_providers/766b4ace-a611-469b-b21b-8c919d1830b7 => generated 246 bytes in 13 msecs (HTTP/1.1 404) 6 headers in 231 bytes (1 switches on core 0)
2026-04-07 01:15:18.879 7 INFO placement.requestlog [None req-5d4fa91c-aeac-496d-bdb0-f7d3ea55497b - - - - - -] 10.0.0.101 "GET /" status: 200 len: 136 microversion: 1.0
2026-04-07 01:15:18.879 8 INFO placement.requestlog [None req-d6e2807a-484c-4d8b-a1ec-ee469a2e92e0 - - - - - -] 10.0.0.101 "GET /" status: 200 len: 136 microversion: 1.0
2026-04-07 01:15:26.696 7 INFO placement.requestlog [None req-3dc44a18-fe9f-45be-806a-52c1040b02cc 2a647afe1fae4098be042ac4e8760653 f5567cdf7cfe474ebd993a87dbf562c0 - - db650718da724071a24d8a9a2b7ab2bc db650718da724071a24d8a9a2b7ab2bc] 10.0.0.179 "GET /resource_providers/ae205e2b-66ae-4239-af75-59e3b8ea157e/aggregates" status: 404 len: 235 microversion: 1.1 [pid: 7|app: 0|req: 352/705] 10.0.0.179 () {32 vars in 816 bytes} [Tue Apr 7 01:15:26 2026] GET /resource_providers/ae205e2b-66ae-4239-af75-59e3b8ea157e/aggregates => generated 235 bytes in 11 msecs (HTTP/1.1 404) 5 headers in 202 bytes (1 switches on core 0)
2026-04-07 01:15:26.698 8 INFO placement.requestlog [None req-376596a5-ad12-4213-917b-acc390e63b96 2a647afe1fae4098be042ac4e8760653 f5567cdf7cfe474ebd993a87dbf562c0 - - db650718da724071a24d8a9a2b7ab2bc db650718da724071a24d8a9a2b7ab2bc] 10.0.0.179 "GET /resource_providers/ae205e2b-66ae-4239-af75-59e3b8ea157e/aggregates" status: 404 len: 235 microversion: 1.1 [pid: 8|app: 0|req: 354/706] 10.0.0.179 () {32 vars in 816 bytes} [Tue Apr 7 01:15:26 2026] GET /resource_providers/ae205e2b-66ae-4239-af75-59e3b8ea157e/aggregates => generated 235 bytes in 12 msecs (HTTP/1.1 404) 5 headers in 202 bytes (1 switches on core 0)
2026-04-07 01:15:26.712 7 INFO placement.requestlog [None req-3e996231-06dc-418b-84e6-050907dc2615 2a647afe1fae4098be042ac4e8760653 f5567cdf7cfe474ebd993a87dbf562c0 - - db650718da724071a24d8a9a2b7ab2bc db650718da724071a24d8a9a2b7ab2bc] 10.0.0.179 "DELETE /resource_providers/ae205e2b-66ae-4239-af75-59e3b8ea157e" status: 404 len: 246 microversion: 1.1 [pid: 7|app: 0|req: 353/707] 10.0.0.179 () {34 vars in 816 bytes} [Tue Apr 7 01:15:26 2026] DELETE /resource_providers/ae205e2b-66ae-4239-af75-59e3b8ea157e => generated 246 bytes in 9 msecs (HTTP/1.1 404) 6 headers in 231 bytes (1 switches on core 0)
2026-04-07 01:15:26.719 8 INFO placement.requestlog [None req-6bc6a3e4-9e4d-43b9-92c9-7fc5548dce9b 2a647afe1fae4098be042ac4e8760653 f5567cdf7cfe474ebd993a87dbf562c0 - - db650718da724071a24d8a9a2b7ab2bc db650718da724071a24d8a9a2b7ab2bc] 10.0.0.179 "DELETE /resource_providers/ae205e2b-66ae-4239-af75-59e3b8ea157e" status: 404 len: 246 microversion: 1.1 [pid: 8|app: 0|req: 355/708] 10.0.0.179 () {34 vars in 816 bytes} [Tue Apr 7 01:15:26 2026] DELETE /resource_providers/ae205e2b-66ae-4239-af75-59e3b8ea157e => generated 246 bytes in 12 msecs (HTTP/1.1 404) 6 headers in 231 bytes (1 switches on core 0)
2026-04-07 01:15:27.129 7 INFO placement.requestlog [None req-bda1c2c0-c051-4993-afeb-919ccc3d9913 2a647afe1fae4098be042ac4e8760653 f5567cdf7cfe474ebd993a87dbf562c0 - - db650718da724071a24d8a9a2b7ab2bc db650718da724071a24d8a9a2b7ab2bc] 10.0.0.179 "GET /resource_providers/36da93d8-88b6-40af-873a-936a88fa112c/aggregates" status: 404 len: 235 microversion: 1.1 [pid: 7|app: 0|req: 354/709] 10.0.0.179 () {32 vars in 816 bytes} [Tue Apr 7 01:15:27 2026] GET /resource_providers/36da93d8-88b6-40af-873a-936a88fa112c/aggregates => generated 235 bytes in 11 msecs (HTTP/1.1 404) 5 headers in 202 bytes (1 switches on core 0)
2026-04-07 01:15:27.133 8 INFO placement.requestlog [None req-21aa3b85-76de-45fd-8658-2174afae7310 2a647afe1fae4098be042ac4e8760653 f5567cdf7cfe474ebd993a87dbf562c0 - - db650718da724071a24d8a9a2b7ab2bc db650718da724071a24d8a9a2b7ab2bc] 10.0.0.179 "GET /resource_providers/36da93d8-88b6-40af-873a-936a88fa112c/aggregates" status: 404 len: 235 microversion: 1.1 [pid: 8|app: 0|req: 356/710] 10.0.0.179 () {32 vars in 816 bytes} [Tue Apr 7 01:15:27 2026] GET /resource_providers/36da93d8-88b6-40af-873a-936a88fa112c/aggregates => generated 235 bytes in 10 msecs (HTTP/1.1 404) 5 headers in 202 bytes (1 switches on core 0)
2026-04-07 01:15:27.156 8 INFO placement.requestlog [None req-e1d23121-4bd7-4bc7-a437-6ef7b0685fb9 2a647afe1fae4098be042ac4e8760653 f5567cdf7cfe474ebd993a87dbf562c0 - - db650718da724071a24d8a9a2b7ab2bc db650718da724071a24d8a9a2b7ab2bc] 10.0.0.179 "DELETE /resource_providers/36da93d8-88b6-40af-873a-936a88fa112c" status: 404 len: 246 microversion: 1.1 [pid: 8|app: 0|req: 357/711] 10.0.0.179 () {34 vars in 816 bytes} [Tue Apr 7 01:15:27 2026] DELETE /resource_providers/36da93d8-88b6-40af-873a-936a88fa112c => generated 246 bytes in 11 msecs (HTTP/1.1 404) 6 headers in 231 bytes (1 switches on core 0)
2026-04-07 01:15:27.161 7 INFO placement.requestlog [None req-9e9bd496-ff0b-4f80-a45e-dcfb5f95b11f 2a647afe1fae4098be042ac4e8760653 f5567cdf7cfe474ebd993a87dbf562c0 - - db650718da724071a24d8a9a2b7ab2bc db650718da724071a24d8a9a2b7ab2bc] 10.0.0.179 "DELETE /resource_providers/36da93d8-88b6-40af-873a-936a88fa112c" status: 404 len: 246 microversion: 1.1 [pid: 7|app: 0|req: 355/712] 10.0.0.179 () {34 vars in 816 bytes} [Tue Apr 7 01:15:27 2026] DELETE /resource_providers/36da93d8-88b6-40af-873a-936a88fa112c => generated 246 bytes in 16 msecs (HTTP/1.1 404) 6 headers in 231 bytes (1 switches on core 0)
2026-04-07 01:15:27.975 8 INFO placement.requestlog [req-dc71d868-5e2f-43c8-b24e-df9763042f6c req-36845840-d47c-47e0-a4e5-3cb3186852d2 ee6d646e98e442d59302c911300a34f2 f5567cdf7cfe474ebd993a87dbf562c0 - - db650718da724071a24d8a9a2b7ab2bc db650718da724071a24d8a9a2b7ab2bc] 199.204.45.138 "GET /resource_providers/a3e3e82f-d794-4946-a1d1-3669e23693b4/allocations" status: 200 len: 152 microversion: 1.0 [pid: 8|app: 0|req: 358/713] 199.204.45.138 () {32 vars in 857 bytes} [Tue Apr 7 01:15:27 2026] GET /resource_providers/a3e3e82f-d794-4946-a1d1-3669e23693b4/allocations => generated 152 bytes in 40 msecs (HTTP/1.1 200) 6 headers in 224 bytes (1 switches on core 0)
2026-04-07 01:15:27.996 7 INFO placement.requestlog [req-dc71d868-5e2f-43c8-b24e-df9763042f6c req-12437559-49f4-4d54-845e-de857f94ab04 ee6d646e98e442d59302c911300a34f2 f5567cdf7cfe474ebd993a87dbf562c0 - - db650718da724071a24d8a9a2b7ab2bc db650718da724071a24d8a9a2b7ab2bc] 199.204.45.138 "GET /allocations/7e9a0ba9-24ef-480d-8f8a-29ac417e16ac" status: 200 len: 257 microversion: 1.28 [pid: 7|app: 0|req: 356/714] 199.204.45.138 () {34 vars in 863 bytes} [Tue Apr 7 01:15:27 2026] GET /allocations/7e9a0ba9-24ef-480d-8f8a-29ac417e16ac => generated 257 bytes in 14 msecs (HTTP/1.1 200) 8 headers in 296 bytes (1 switches on core 0)
2026-04-07 01:15:28.879 8 INFO placement.requestlog [None req-92b9a1b8-ac4b-411b-803e-6ad3791fccd4 - - - - - -] 10.0.0.101 "GET /" status: 200 len: 136 microversion: 1.0
2026-04-07 01:15:28.879 7 INFO placement.requestlog [None req-c7aacd70-4cd0-432e-bc45-905ddb5a8c16 - - - - - -] 10.0.0.101 "GET /" status: 200 len: 136 microversion: 1.0
2026-04-07 01:15:29.039 7 INFO placement.requestlog [req-dc71d868-5e2f-43c8-b24e-df9763042f6c req-a812e81e-b398-43c7-bd28-888dea56a45e ee6d646e98e442d59302c911300a34f2 f5567cdf7cfe474ebd993a87dbf562c0 - - db650718da724071a24d8a9a2b7ab2bc db650718da724071a24d8a9a2b7ab2bc] 199.204.45.138 "DELETE /allocations/7e9a0ba9-24ef-480d-8f8a-29ac417e16ac" status: 204 len: 0 microversion: 1.0 [pid: 7|app: 0|req: 358/717] 199.204.45.138 () {34 vars in 841 bytes} [Tue Apr 7 01:15:29 2026] DELETE /allocations/7e9a0ba9-24ef-480d-8f8a-29ac417e16ac => generated 0 bytes in 23 msecs (HTTP/1.1 204) 5 headers in 198 bytes (1 switches on core 0)
2026-04-07 01:15:37.148 8 INFO placement.requestlog [None req-94324fe2-0fe5-4fb2-b3f0-12991d1989b2 2a647afe1fae4098be042ac4e8760653 f5567cdf7cfe474ebd993a87dbf562c0 - - db650718da724071a24d8a9a2b7ab2bc db650718da724071a24d8a9a2b7ab2bc] 10.0.0.179 "GET /resource_providers/e7d2df73-be3d-46f6-b3e0-cc4be0216758/aggregates" status: 404 len: 235 microversion: 1.1 [pid: 8|app: 0|req: 360/718] 10.0.0.179 () {32 vars in 816 bytes} [Tue Apr 7 01:15:37 2026] GET /resource_providers/e7d2df73-be3d-46f6-b3e0-cc4be0216758/aggregates => generated 235 bytes in 9 msecs (HTTP/1.1 404) 5 headers in 202 bytes (1 switches on core 0)
2026-04-07 01:15:37.149 7 INFO placement.requestlog [None req-8044fadd-d85b-41d8-923c-4daaa02ad99f 2a647afe1fae4098be042ac4e8760653 f5567cdf7cfe474ebd993a87dbf562c0 - - db650718da724071a24d8a9a2b7ab2bc db650718da724071a24d8a9a2b7ab2bc] 10.0.0.179 "GET /resource_providers/e7d2df73-be3d-46f6-b3e0-cc4be0216758/aggregates" status: 404 len: 235 microversion: 1.1 [pid: 7|app: 0|req: 359/719] 10.0.0.179 () {32 vars in 816 bytes} [Tue Apr 7 01:15:37 2026] GET /resource_providers/e7d2df73-be3d-46f6-b3e0-cc4be0216758/aggregates => generated 235 bytes in 8 msecs (HTTP/1.1 404) 5 headers in 202 bytes (1 switches on core 0)
2026-04-07 01:15:37.167 8 INFO placement.requestlog [None req-1179f656-bd39-4e5a-a4e6-5048e020665b 2a647afe1fae4098be042ac4e8760653 f5567cdf7cfe474ebd993a87dbf562c0 - - db650718da724071a24d8a9a2b7ab2bc db650718da724071a24d8a9a2b7ab2bc] 10.0.0.179 "DELETE /resource_providers/e7d2df73-be3d-46f6-b3e0-cc4be0216758" status: 404 len: 246 microversion: 1.1 [pid: 8|app: 0|req: 361/720] 10.0.0.179 () {34 vars in 816 bytes} [Tue Apr 7 01:15:37 2026] DELETE /resource_providers/e7d2df73-be3d-46f6-b3e0-cc4be0216758 => generated 246 bytes in 7 msecs (HTTP/1.1 404) 6 headers in 231 bytes (1 switches on core 0)
2026-04-07 01:15:37.169 7 INFO placement.requestlog [None req-95dbdcd1-424e-428d-9e2e-7bb1b743f4eb 2a647afe1fae4098be042ac4e8760653 f5567cdf7cfe474ebd993a87dbf562c0 - - db650718da724071a24d8a9a2b7ab2bc db650718da724071a24d8a9a2b7ab2bc] 10.0.0.179 "DELETE /resource_providers/e7d2df73-be3d-46f6-b3e0-cc4be0216758" status: 404 len: 246 microversion: 1.1 [pid: 7|app: 0|req: 360/721] 10.0.0.179 () {34 vars in 816 bytes} [Tue Apr 7 01:15:37 2026] DELETE /resource_providers/e7d2df73-be3d-46f6-b3e0-cc4be0216758 => generated 246 bytes in 8 msecs (HTTP/1.1 404) 6 headers in 231 bytes (1 switches on core 0)
2026-04-07 01:15:38.478 8 INFO placement.requestlog [None req-af323ed1-c1c3-4e5e-8597-1c4ed469d561 2a647afe1fae4098be042ac4e8760653 f5567cdf7cfe474ebd993a87dbf562c0 - - db650718da724071a24d8a9a2b7ab2bc db650718da724071a24d8a9a2b7ab2bc] 10.0.0.179 "GET /resource_providers/81f57e33-da84-4f24-9d2f-30a90fd51465/aggregates" status: 404 len: 235 microversion: 1.1 [pid: 8|app: 0|req: 362/722] 10.0.0.179 () {32 vars in 816 bytes} [Tue Apr 7 01:15:38 2026] GET /resource_providers/81f57e33-da84-4f24-9d2f-30a90fd51465/aggregates => generated 235 bytes in 8 msecs (HTTP/1.1 404) 5 headers in 202 bytes (1 switches on core 0)
2026-04-07 01:15:38.481 7 INFO placement.requestlog [None req-45d8f225-1e88-4855-9c3c-860b8f891db6 2a647afe1fae4098be042ac4e8760653 f5567cdf7cfe474ebd993a87dbf562c0 - - db650718da724071a24d8a9a2b7ab2bc db650718da724071a24d8a9a2b7ab2bc] 10.0.0.179 "GET /resource_providers/81f57e33-da84-4f24-9d2f-30a90fd51465/aggregates" status: 404 len: 235 microversion: 1.1 [pid: 7|app: 0|req: 361/723] 10.0.0.179 () {32 vars in 816 bytes} [Tue Apr 7 01:15:38 2026] GET /resource_providers/81f57e33-da84-4f24-9d2f-30a90fd51465/aggregates => generated 235 bytes in 10 msecs (HTTP/1.1 404) 5 headers in 202 bytes (1 switches on core 0)
2026-04-07 01:15:38.502 8 INFO placement.requestlog [None req-d61a99ef-fd2f-4ae7-9509-d1da179e6769 2a647afe1fae4098be042ac4e8760653 f5567cdf7cfe474ebd993a87dbf562c0 - - db650718da724071a24d8a9a2b7ab2bc db650718da724071a24d8a9a2b7ab2bc] 10.0.0.179 "DELETE /resource_providers/81f57e33-da84-4f24-9d2f-30a90fd51465" status: 404 len: 246 microversion: 1.1 [pid: 8|app: 0|req: 363/724] 10.0.0.179 () {34 vars in 816 bytes} [Tue Apr 7 01:15:38 2026] DELETE /resource_providers/81f57e33-da84-4f24-9d2f-30a90fd51465 => generated 246 bytes in 8 msecs (HTTP/1.1 404) 6 headers in 231 bytes (1 switches on core 0)
2026-04-07 01:15:38.508 7 INFO placement.requestlog [None req-8c2688dc-6880-497a-a1a2-82d45d09fc5f 2a647afe1fae4098be042ac4e8760653 f5567cdf7cfe474ebd993a87dbf562c0 - - db650718da724071a24d8a9a2b7ab2bc db650718da724071a24d8a9a2b7ab2bc] 10.0.0.179 "DELETE /resource_providers/81f57e33-da84-4f24-9d2f-30a90fd51465" status: 404 len: 246 microversion: 1.1 [pid: 7|app: 0|req: 362/725] 10.0.0.179 () {34 vars in 816 bytes} [Tue Apr 7 01:15:38 2026] DELETE /resource_providers/81f57e33-da84-4f24-9d2f-30a90fd51465 => generated 246 bytes in 9 msecs (HTTP/1.1 404) 6 headers in 231 bytes (1 switches on core 0)
2026-04-07 01:15:38.880 8 INFO placement.requestlog [None req-c69fecf5-edb4-4bf0-8e04-7a6195a9089f - - - - - -] 10.0.0.101 "GET /" status: 200 len: 136 microversion: 1.0
2026-04-07 01:15:38.879 7 INFO placement.requestlog [None req-4e7445a6-9bd8-487e-9a42-723a6c874a08 - - - - - -] 10.0.0.101 "GET /" status: 200 len: 136 microversion: 1.0
2026-04-07 01:15:39.188 7 INFO placement.requestlog [None req-ab2d55c2-efde-4d2a-ae4d-825d4347ab20 2a647afe1fae4098be042ac4e8760653 f5567cdf7cfe474ebd993a87dbf562c0 - - db650718da724071a24d8a9a2b7ab2bc db650718da724071a24d8a9a2b7ab2bc] 10.0.0.179 "GET /resource_providers/4137c776-f75c-4d53-92d7-0d9871a6f38e/aggregates" status: 404 len: 235 microversion: 1.1 [pid: 7|app: 0|req: 364/728] 10.0.0.179 () {32 vars in 816 bytes} [Tue Apr 7 01:15:39 2026] GET /resource_providers/4137c776-f75c-4d53-92d7-0d9871a6f38e/aggregates => generated 235 bytes in 10 msecs (HTTP/1.1 404) 5 headers in 202 bytes (1 switches on core 0)
2026-04-07 01:15:39.189 8 INFO placement.requestlog [None req-9e3dca87-ebed-44e8-831a-c6eaf676c27d 2a647afe1fae4098be042ac4e8760653 f5567cdf7cfe474ebd993a87dbf562c0 - - db650718da724071a24d8a9a2b7ab2bc db650718da724071a24d8a9a2b7ab2bc] 10.0.0.179 "GET /resource_providers/4137c776-f75c-4d53-92d7-0d9871a6f38e/aggregates" status: 404 len: 235 microversion: 1.1 [pid: 8|app: 0|req: 365/729] 10.0.0.179 () {32 vars in 816 bytes} [Tue Apr 7 01:15:39 2026] GET /resource_providers/4137c776-f75c-4d53-92d7-0d9871a6f38e/aggregates => generated 235 bytes in 12 msecs (HTTP/1.1 404) 5 headers in 202 bytes (1 switches on core 0)
2026-04-07 01:15:39.205 8 INFO placement.requestlog [None req-bc01cd92-1fea-411f-9661-c91b0080ac11 2a647afe1fae4098be042ac4e8760653 f5567cdf7cfe474ebd993a87dbf562c0 - - db650718da724071a24d8a9a2b7ab2bc db650718da724071a24d8a9a2b7ab2bc] 10.0.0.179 "DELETE /resource_providers/4137c776-f75c-4d53-92d7-0d9871a6f38e" status: 404 len: 246 microversion: 1.1 [pid: 8|app: 0|req: 366/730] 10.0.0.179 () {34 vars in 816 bytes} [Tue Apr 7 01:15:39 2026] DELETE /resource_providers/4137c776-f75c-4d53-92d7-0d9871a6f38e => generated 246 bytes in 8 msecs (HTTP/1.1 404) 6 headers in 231 bytes (1 switches on core 0)
2026-04-07 01:15:39.210 7 INFO placement.requestlog [None req-1b767607-ffca-4aa7-a8b0-f54ac680a644 2a647afe1fae4098be042ac4e8760653 f5567cdf7cfe474ebd993a87dbf562c0 - - db650718da724071a24d8a9a2b7ab2bc db650718da724071a24d8a9a2b7ab2bc] 10.0.0.179 "DELETE /resource_providers/4137c776-f75c-4d53-92d7-0d9871a6f38e" status: 404 len: 246 microversion: 1.1 [pid: 7|app: 0|req: 365/731] 10.0.0.179 () {34 vars in 816 bytes} [Tue Apr 7 01:15:39 2026] DELETE /resource_providers/4137c776-f75c-4d53-92d7-0d9871a6f38e => generated 246 bytes in 14 msecs (HTTP/1.1 404) 6 headers in 231 bytes (1 switches on core 0)
2026-04-07 01:15:39.229 8 INFO placement.requestlog [None req-35de7bc9-6c5a-4853-a47c-a0158157a1a9 2a647afe1fae4098be042ac4e8760653 f5567cdf7cfe474ebd993a87dbf562c0 - - db650718da724071a24d8a9a2b7ab2bc db650718da724071a24d8a9a2b7ab2bc] 10.0.0.179 "GET /resource_providers/6c1eba79-812a-48c1-a108-b7d6dc7cd3c2/aggregates" status: 404 len: 235 microversion: 1.1 [pid: 8|app: 0|req: 367/732] 10.0.0.179 () {32 vars in 816 bytes} [Tue Apr 7 01:15:39 2026] GET /resource_providers/6c1eba79-812a-48c1-a108-b7d6dc7cd3c2/aggregates => generated 235 bytes in 9 msecs (HTTP/1.1 404) 5 headers in 202 bytes (1 switches on core 0)
2026-04-07 01:15:39.241 8 INFO placement.requestlog [None req-2c37aaf7-5cd0-4820-ab26-fa6b1e6cfa9f 2a647afe1fae4098be042ac4e8760653 f5567cdf7cfe474ebd993a87dbf562c0 - - db650718da724071a24d8a9a2b7ab2bc db650718da724071a24d8a9a2b7ab2bc] 10.0.0.179 "GET /resource_providers/6c1eba79-812a-48c1-a108-b7d6dc7cd3c2/aggregates" status: 404 len: 235 microversion: 1.1 [pid: 8|app: 0|req: 368/733] 10.0.0.179 () {32 vars in 816 bytes} [Tue Apr 7 01:15:39 2026] GET /resource_providers/6c1eba79-812a-48c1-a108-b7d6dc7cd3c2/aggregates => generated 235 bytes in 8 msecs (HTTP/1.1 404) 5 headers in 202 bytes (1 switches on core 0)
2026-04-07 01:15:39.249 8 INFO placement.requestlog [None req-85c8a017-4900-47a9-9f93-b309e7df3ebd 2a647afe1fae4098be042ac4e8760653 f5567cdf7cfe474ebd993a87dbf562c0 - - db650718da724071a24d8a9a2b7ab2bc db650718da724071a24d8a9a2b7ab2bc] 10.0.0.179 "DELETE /resource_providers/6c1eba79-812a-48c1-a108-b7d6dc7cd3c2" status: 404 len: 246 microversion: 1.1 [pid: 8|app: 0|req: 369/734] 10.0.0.179 () {34 vars in 816 bytes} [Tue Apr 7 01:15:39 2026] DELETE /resource_providers/6c1eba79-812a-48c1-a108-b7d6dc7cd3c2 => generated 246 bytes in 8 msecs (HTTP/1.1 404) 6 headers in 231 bytes (1 switches on core 0)
2026-04-07 01:15:39.265 8 INFO placement.requestlog [None req-9915e5ce-d111-42bc-8ef2-1a4366c7fda7 2a647afe1fae4098be042ac4e8760653 f5567cdf7cfe474ebd993a87dbf562c0 - - db650718da724071a24d8a9a2b7ab2bc db650718da724071a24d8a9a2b7ab2bc] 10.0.0.179 "DELETE /resource_providers/6c1eba79-812a-48c1-a108-b7d6dc7cd3c2" status: 404 len: 246 microversion: 1.1 [pid: 8|app: 0|req: 370/735] 10.0.0.179 () {34 vars in 816 bytes} [Tue Apr 7 01:15:39 2026] DELETE /resource_providers/6c1eba79-812a-48c1-a108-b7d6dc7cd3c2 => generated 246 bytes in 8 msecs (HTTP/1.1 404) 6 headers in 231 bytes (1 switches on core 0)
2026-04-07 01:15:39.274 8 INFO placement.requestlog [None req-adc343b9-5002-4b61-bc53-f8062817c524 2a647afe1fae4098be042ac4e8760653 f5567cdf7cfe474ebd993a87dbf562c0 - - db650718da724071a24d8a9a2b7ab2bc db650718da724071a24d8a9a2b7ab2bc] 10.0.0.179 "GET /resource_providers/83f35db0-9701-484a-8325-21dbc48a3138/aggregates" status: 404 len: 235 microversion: 1.1 [pid: 8|app: 0|req: 371/736] 10.0.0.179 () {32 vars in 816 bytes} [Tue Apr 7 01:15:39 2026] GET /resource_providers/83f35db0-9701-484a-8325-21dbc48a3138/aggregates => generated 235 bytes in 9 msecs (HTTP/1.1 404) 5 headers in 202 bytes (1 switches on core 0)
2026-04-07 01:15:39.285 8 INFO placement.requestlog [None req-c6aad39d-a599-4596-9fab-3e09392a092b 2a647afe1fae4098be042ac4e8760653 f5567cdf7cfe474ebd993a87dbf562c0 - - db650718da724071a24d8a9a2b7ab2bc db650718da724071a24d8a9a2b7ab2bc] 10.0.0.179 "GET /resource_providers/83f35db0-9701-484a-8325-21dbc48a3138/aggregates" status: 404 len: 235 microversion: 1.1 [pid: 8|app: 0|req: 372/737] 10.0.0.179 () {32 vars in 816 bytes} [Tue Apr 7 01:15:39 2026] GET /resource_providers/83f35db0-9701-484a-8325-21dbc48a3138/aggregates => generated 235 bytes in 8 msecs (HTTP/1.1 404) 5 headers in 202 bytes (1 switches on core 0)
2026-04-07 01:15:39.288 7 INFO placement.requestlog [req-f7447543-350c-43d2-9a83-5f92717175a2 req-6c465366-0d5c-4d7b-9632-8c3dc6e266a5 ee6d646e98e442d59302c911300a34f2 f5567cdf7cfe474ebd993a87dbf562c0 - - db650718da724071a24d8a9a2b7ab2bc db650718da724071a24d8a9a2b7ab2bc] 10.0.0.71 "GET /allocation_candidates?limit=1000&resources=DISK_GB%3A1%2CMEMORY_MB%3A512%2CVCPU%3A1&root_required=%21COMPUTE_STATUS_DISABLED" status: 200 len: 2640 microversion: 1.36 [pid: 7|app: 0|req: 366/738] 10.0.0.71 () {34 vars in 1011 bytes} [Tue Apr 7 01:15:39 2026] GET /allocation_candidates?limit=1000&resources=DISK_GB%3A1%2CMEMORY_MB%3A512%2CVCPU%3A1&root_required=%21COMPUTE_STATUS_DISABLED => generated 2640 bytes in 56 msecs (HTTP/1.1 200) 8 headers in 297 bytes (1 switches on core 0)
2026-04-07 01:15:39.292 8 INFO placement.requestlog [None req-c0369412-af10-46bc-b55a-969d440a62d2 2a647afe1fae4098be042ac4e8760653 f5567cdf7cfe474ebd993a87dbf562c0 - - db650718da724071a24d8a9a2b7ab2bc db650718da724071a24d8a9a2b7ab2bc] 10.0.0.179 "DELETE /resource_providers/83f35db0-9701-484a-8325-21dbc48a3138" status: 404 len: 246 microversion: 1.1 [pid: 8|app: 0|req: 373/739] 10.0.0.179 () {34 vars in 816 bytes} [Tue Apr 7 01:15:39 2026] DELETE /resource_providers/83f35db0-9701-484a-8325-21dbc48a3138 => generated 246 bytes in 7 msecs (HTTP/1.1 404) 6 headers in 231 bytes (1 switches on core 0)
2026-04-07 01:15:39.305 8 INFO placement.requestlog [None req-88fdcd0d-fb2a-4b6e-9ba2-254117b3134c 2a647afe1fae4098be042ac4e8760653 f5567cdf7cfe474ebd993a87dbf562c0 - - db650718da724071a24d8a9a2b7ab2bc db650718da724071a24d8a9a2b7ab2bc] 10.0.0.179 "DELETE /resource_providers/83f35db0-9701-484a-8325-21dbc48a3138" status: 404 len: 246 microversion: 1.1 [pid: 8|app: 0|req: 374/740] 10.0.0.179 () {34 vars in 816 bytes} [Tue Apr 7 01:15:39 2026] DELETE /resource_providers/83f35db0-9701-484a-8325-21dbc48a3138 => generated 246 bytes in 6 msecs (HTTP/1.1 404) 6 headers in 231 bytes (1 switches on core 0)
2026-04-07 01:15:39.306 7 INFO placement.requestlog [None req-32c0b705-3b58-4294-aa32-17d29aae76be 2a647afe1fae4098be042ac4e8760653 f5567cdf7cfe474ebd993a87dbf562c0 - - db650718da724071a24d8a9a2b7ab2bc db650718da724071a24d8a9a2b7ab2bc] 10.0.0.179 "GET /resource_providers/ebad2062-fd0b-4446-86b3-8e67900a5d70/aggregates" status: 404 len: 235 microversion: 1.1 [pid: 7|app: 0|req: 367/741] 10.0.0.179 () {32 vars in 816 bytes} [Tue Apr 7 01:15:39 2026] GET /resource_providers/ebad2062-fd0b-4446-86b3-8e67900a5d70/aggregates => generated 235 bytes in 8 msecs (HTTP/1.1 404) 5 headers in 202 bytes (1 switches on core 0)
2026-04-07 01:15:39.311 8 INFO placement.requestlog [req-f7447543-350c-43d2-9a83-5f92717175a2 req-32b9a025-65c8-4bde-9cd6-faabc2c02453 ee6d646e98e442d59302c911300a34f2 f5567cdf7cfe474ebd993a87dbf562c0 - - db650718da724071a24d8a9a2b7ab2bc db650718da724071a24d8a9a2b7ab2bc] 10.0.0.71 "GET /allocations/659f22ac-6902-4846-8892-eed4f2ad86f7" status: 200 len: 19 microversion: 1.28 [pid: 8|app: 0|req: 375/742] 10.0.0.71 () {34 vars in 860 bytes} [Tue Apr 7 01:15:39 2026] GET /allocations/659f22ac-6902-4846-8892-eed4f2ad86f7 => generated 19 bytes in 5 msecs (HTTP/1.1 200) 8 headers in 295 bytes (1 switches on core 0)
2026-04-07 01:15:39.320 8 INFO placement.requestlog [None req-02ceffec-88d7-49b0-bfa7-3160d18d565b 2a647afe1fae4098be042ac4e8760653 f5567cdf7cfe474ebd993a87dbf562c0 - - db650718da724071a24d8a9a2b7ab2bc db650718da724071a24d8a9a2b7ab2bc] 10.0.0.179 "GET /resource_providers/ebad2062-fd0b-4446-86b3-8e67900a5d70/aggregates" status: 404 len: 235 microversion: 1.1 [pid: 8|app: 0|req: 376/743] 10.0.0.179 () {32 vars in 816 bytes} [Tue Apr 7 01:15:39 2026] GET /resource_providers/ebad2062-fd0b-4446-86b3-8e67900a5d70/aggregates => generated 235 bytes in 6 msecs (HTTP/1.1 404) 5 headers in 202 bytes (1 switches on core 0)
