Jun 23 03:10:19.261850 np0000182524 devstack@c-api.service[112399]: DEBUG cinder.api.extensions [-] Loading extension cinder.api.contrib.volume_type_encryption.Volume_type_encryption {{(pid=112399) load_extension /opt/stack/cinder/cinder/api/extensions.py:194}}
Jun 23 03:10:19.262403 np0000182524 devstack@c-api.service[112399]: DEBUG cinder.api.extensions [-] Calling extension factory cinder.api.contrib.volume_type_encryption.Volume_type_encryption {{(pid=112399) load_extension /opt/stack/cinder/cinder/api/extensions.py:200}}
Jun 23 03:10:19.262454 np0000182524 devstack@c-api.service[112399]: DEBUG cinder.api.extensions [-] Ext name: VolumeTypeEncryption {{(pid=112399) _check_extension /opt/stack/cinder/cinder/api/extensions.py:174}}
Jun 23 03:10:19.262518 np0000182524 devstack@c-api.service[112399]: DEBUG cinder.api.extensions [-] Ext alias: encryption {{(pid=112399) _check_extension /opt/stack/cinder/cinder/api/extensions.py:175}}
Jun 23 03:10:19.262582 np0000182524 devstack@c-api.service[112399]: DEBUG cinder.api.extensions [-] Ext description: Encryption support for volume types. {{(pid=112399) _check_extension /opt/stack/cinder/cinder/api/extensions.py:176}}
Jun 23 03:10:19.262624 np0000182524 devstack@c-api.service[112399]: DEBUG cinder.api.extensions [-] Ext updated: 2013-07-01T00:00:00+00:00 {{(pid=112399) _check_extension /opt/stack/cinder/cinder/api/extensions.py:178}}
Jun 23 03:10:19.262711 np0000182524 devstack@c-api.service[112399]: DEBUG cinder.api.extensions [-] Loaded extension: encryption {{(pid=112399) register /opt/stack/cinder/cinder/api/extensions.py:135}}
Jun 23 03:10:19.262792 np0000182524 devstack@c-api.service[112399]: DEBUG cinder.api.extensions [-] Loading extension cinder.api.contrib.volume_unmanage.Volume_unmanage {{(pid=112399) load_extension /opt/stack/cinder/cinder/api/extensions.py:194}}
Jun 23 03:10:19.263281 np0000182524 devstack@c-api.service[112399]: DEBUG cinder.api.extensions [-] Calling extension factory cinder.api.contrib.volume_unmanage.Volume_unmanage {{(pid=112399) load_extension /opt/stack/cinder/cinder/api/extensions.py:200}}
Jun 23 03:10:19.263330 np0000182524 devstack@c-api.service[112399]: DEBUG cinder.api.extensions [-] Ext name: VolumeUnmanage {{(pid=112399) _check_extension /opt/stack/cinder/cinder/api/extensions.py:174}}
Jun 23 03:10:19.263437 np0000182524 devstack@c-api.service[112399]: DEBUG cinder.api.extensions [-] Ext alias: os-volume-unmanage {{(pid=112399) _check_extension /opt/stack/cinder/cinder/api/extensions.py:175}}
Jun 23 03:10:19.263498 np0000182524 devstack@c-api.service[112399]: DEBUG cinder.api.extensions [-] Ext description: Enable volume unmanage operation. {{(pid=112399) _check_extension /opt/stack/cinder/cinder/api/extensions.py:176}}
Jun 23 03:10:19.263567 np0000182524 devstack@c-api.service[112399]: DEBUG cinder.api.extensions [-] Ext updated: 2012-05-31T00:00:00+00:00 {{(pid=112399) _check_extension /opt/stack/cinder/cinder/api/extensions.py:178}}
Jun 23 03:10:19.263611 np0000182524 devstack@c-api.service[112399]: DEBUG cinder.api.extensions [-] Loaded extension: os-volume-unmanage {{(pid=112399) register /opt/stack/cinder/cinder/api/extensions.py:135}}
Jun 23 03:10:19.263676 np0000182524 devstack@c-api.service[112399]: DEBUG cinder.api.extensions [-] Loading extension cinder.api.contrib.extended_snapshot_attributes.Extended_snapshot_attributes {{(pid=112399) load_extension /opt/stack/cinder/cinder/api/extensions.py:194}}
Jun 23 03:10:19.263984 np0000182524 devstack@c-api.service[112399]: DEBUG cinder.api.extensions [-] Calling extension factory cinder.api.contrib.extended_snapshot_attributes.Extended_snapshot_attributes {{(pid=112399) load_extension /opt/stack/cinder/cinder/api/extensions.py:200}}
Jun 23 03:10:19.264054 np0000182524 devstack@c-api.service[112399]: DEBUG cinder.api.extensions [-] Ext name: ExtendedSnapshotAttributes {{(pid=112399) _check_extension /opt/stack/cinder/cinder/api/extensions.py:174}}
Jun 23 03:10:19.264113 np0000182524 devstack@c-api.service[112399]: DEBUG cinder.api.extensions [-] Ext alias: os-extended-snapshot-attributes {{(pid=112399) _check_extension /opt/stack/cinder/cinder/api/extensions.py:175}}
Jun 23 03:10:19.264155 np0000182524 devstack@c-api.service[112399]: DEBUG cinder.api.extensions [-] Ext description: Extended SnapshotAttributes support. {{(pid=112399) _check_extension /opt/stack/cinder/cinder/api/extensions.py:176}}
Jun 23 03:10:19.264196 np0000182524 devstack@c-api.service[112399]: DEBUG cinder.api.extensions [-] Ext updated: 2012-06-19T00:00:00+00:00 {{(pid=112399) _check_extension /opt/stack/cinder/cinder/api/extensions.py:178}}
Jun 23 03:10:19.264259 np0000182524 devstack@c-api.service[112399]: DEBUG cinder.api.extensions [-] Loaded extension: os-extended-snapshot-attributes {{(pid=112399) register /opt/stack/cinder/cinder/api/extensions.py:135}}
Jun 23 03:10:19.264366 np0000182524 devstack@c-api.service[112399]: DEBUG cinder.api.extensions [-] Loading extension cinder.api.contrib.volume_encryption_metadata.Volume_encryption_metadata {{(pid=112399) load_extension /opt/stack/cinder/cinder/api/extensions.py:194}}
Jun 23 03:10:19.264659 np0000182524 devstack@c-api.service[112399]: DEBUG cinder.api.extensions [-] Calling extension factory cinder.api.contrib.volume_encryption_metadata.Volume_encryption_metadata {{(pid=112399) load_extension /opt/stack/cinder/cinder/api/extensions.py:200}}
Jun 23 03:10:19.264723 np0000182524 devstack@c-api.service[112399]: DEBUG cinder.api.extensions [-] Ext name: VolumeEncryptionMetadata {{(pid=112399) _check_extension /opt/stack/cinder/cinder/api/extensions.py:174}}
Jun 23 03:10:19.264774 np0000182524 devstack@c-api.service[112399]: DEBUG cinder.api.extensions [-] Ext alias: os-volume-encryption-metadata {{(pid=112399) _check_extension /opt/stack/cinder/cinder/api/extensions.py:175}}
Jun 23 03:10:19.264840 np0000182524 devstack@c-api.service[112399]: DEBUG cinder.api.extensions [-] Ext description: Volume encryption metadata retrieval support. {{(pid=112399) _check_extension /opt/stack/cinder/cinder/api/extensions.py:176}}
Jun 23 03:10:19.264890 np0000182524 devstack@c-api.service[112399]: DEBUG cinder.api.extensions [-] Ext updated: 2013-07-10T00:00:00+00:00 {{(pid=112399) _check_extension /opt/stack/cinder/cinder/api/extensions.py:178}}
Jun 23 03:10:19.265029 np0000182524 devstack@c-api.service[112399]: DEBUG cinder.api.extensions [-] Loaded extension: os-volume-encryption-metadata {{(pid=112399) register /opt/stack/cinder/cinder/api/extensions.py:135}}
Jun 23 03:10:19.265029 np0000182524 devstack@c-api.service[112399]: DEBUG cinder.api.extensions [-] Loading extension cinder.api.contrib.admin_actions.Admin_actions {{(pid=112399) load_extension /opt/stack/cinder/cinder/api/extensions.py:194}}
Jun 23 03:10:19.265807 np0000182524 devstack@c-api.service[112399]: DEBUG cinder.api.extensions [-] Calling extension factory cinder.api.contrib.admin_actions.Admin_actions {{(pid=112399) load_extension /opt/stack/cinder/cinder/api/extensions.py:200}}
Jun 23 03:10:19.265892 np0000182524 devstack@c-api.service[112399]: DEBUG cinder.api.extensions [-] Ext name: AdminActions {{(pid=112399) _check_extension /opt/stack/cinder/cinder/api/extensions.py:174}}
Jun 23 03:10:19.265892 np0000182524 devstack@c-api.service[112399]: DEBUG cinder.api.extensions [-] Ext alias: os-admin-actions {{(pid=112399) _check_extension /opt/stack/cinder/cinder/api/extensions.py:175}}
Jun 23 03:10:19.266010 np0000182524 devstack@c-api.service[112399]: DEBUG cinder.api.extensions [-] Ext description: Enable admin actions. {{(pid=112399) _check_extension /opt/stack/cinder/cinder/api/extensions.py:176}}
Jun 23 03:10:19.266010 np0000182524 devstack@c-api.service[112399]: DEBUG cinder.api.extensions [-] Ext updated: 2012-08-25T00:00:00+00:00 {{(pid=112399) _check_extension /opt/stack/cinder/cinder/api/extensions.py:178}}
Jun 23 03:10:19.266099 np0000182524 devstack@c-api.service[112399]: DEBUG cinder.api.extensions [-] Loaded extension: os-admin-actions {{(pid=112399) register /opt/stack/cinder/cinder/api/extensions.py:135}}
Jun 23 03:10:19.266148 np0000182524 devstack@c-api.service[112399]: DEBUG cinder.api.extensions [-] Loading extension cinder.api.contrib.volume_type_access.Volume_type_access {{(pid=112399) load_extension /opt/stack/cinder/cinder/api/extensions.py:194}}
Jun 23 03:10:19.266726 np0000182524 devstack@c-api.service[112399]: DEBUG cinder.api.extensions [-] Calling extension factory cinder.api.contrib.volume_type_access.Volume_type_access {{(pid=112399) load_extension /opt/stack/cinder/cinder/api/extensions.py:200}}
Jun 23 03:10:19.266806 np0000182524 devstack@c-api.service[112399]: DEBUG cinder.api.extensions [-] Ext name: VolumeTypeAccess {{(pid=112399) _check_extension /opt/stack/cinder/cinder/api/extensions.py:174}}
Jun 23 03:10:19.266879 np0000182524 devstack@c-api.service[112399]: DEBUG cinder.api.extensions [-] Ext alias: os-volume-type-access {{(pid=112399) _check_extension /opt/stack/cinder/cinder/api/extensions.py:175}}
Jun 23 03:10:19.266923 np0000182524 devstack@c-api.service[112399]: DEBUG cinder.api.extensions [-] Ext description: Volume type access support. {{(pid=112399) _check_extension /opt/stack/cinder/cinder/api/extensions.py:176}}
Jun 23 03:10:19.266964 np0000182524 devstack@c-api.service[112399]: DEBUG cinder.api.extensions [-] Ext updated: 2014-06-26T00:00:00Z {{(pid=112399) _check_extension /opt/stack/cinder/cinder/api/extensions.py:178}}
Jun 23 03:10:19.267042 np0000182524 devstack@c-api.service[112399]: DEBUG cinder.api.extensions [-] Loaded extension: os-volume-type-access {{(pid=112399) register /opt/stack/cinder/cinder/api/extensions.py:135}}
Jun 23 03:10:19.267090 np0000182524 devstack@c-api.service[112399]: DEBUG cinder.api.extensions [-] Loading extension cinder.api.contrib.services.Services {{(pid=112399) load_extension /opt/stack/cinder/cinder/api/extensions.py:194}}
Jun 23 03:10:19.267335 np0000182524 devstack@c-api.service[112399]: DEBUG cinder.api.extensions [-] Calling extension factory cinder.api.contrib.services.Services {{(pid=112399) load_extension /opt/stack/cinder/cinder/api/extensions.py:200}}
Jun 23 03:10:19.267436 np0000182524 devstack@c-api.service[112399]: DEBUG cinder.api.extensions [-] Ext name: Services {{(pid=112399) _check_extension /opt/stack/cinder/cinder/api/extensions.py:174}}
Jun 23 03:10:19.267483 np0000182524 devstack@c-api.service[112399]: DEBUG cinder.api.extensions [-] Ext alias: os-services {{(pid=112399) _check_extension /opt/stack/cinder/cinder/api/extensions.py:175}}
Jun 23 03:10:19.267527 np0000182524 devstack@c-api.service[112399]: DEBUG cinder.api.extensions [-] Ext description: Services support. {{(pid=112399) _check_extension /opt/stack/cinder/cinder/api/extensions.py:176}}
Jun 23 03:10:19.267574 np0000182524 devstack@c-api.service[112399]: DEBUG cinder.api.extensions [-] Ext updated: 2012-10-28T00:00:00-00:00 {{(pid=112399) _check_extension /opt/stack/cinder/cinder/api/extensions.py:178}}
Jun 23 03:10:19.267646 np0000182524 devstack@c-api.service[112399]: DEBUG cinder.api.extensions [-] Loaded extension: os-services {{(pid=112399) register /opt/stack/cinder/cinder/api/extensions.py:135}}
Jun 23 03:10:19.267728 np0000182524 devstack@c-api.service[112399]: DEBUG cinder.api.extensions [-] Loading extension cinder.api.contrib.quotas.Quotas {{(pid=112399) load_extension /opt/stack/cinder/cinder/api/extensions.py:194}}
Jun 23 03:10:19.268196 np0000182524 devstack@c-api.service[112399]: DEBUG cinder.api.extensions [-] Calling extension factory cinder.api.contrib.quotas.Quotas {{(pid=112399) load_extension /opt/stack/cinder/cinder/api/extensions.py:200}}
Jun 23 03:10:19.268249 np0000182524 devstack@c-api.service[112399]: DEBUG cinder.api.extensions [-] Ext name: Quotas {{(pid=112399) _check_extension /opt/stack/cinder/cinder/api/extensions.py:174}}
Jun 23 03:10:19.268297 np0000182524 devstack@c-api.service[112399]: DEBUG cinder.api.extensions [-] Ext alias: os-quota-sets {{(pid=112399) _check_extension /opt/stack/cinder/cinder/api/extensions.py:175}}
Jun 23 03:10:19.268393 np0000182524 devstack@c-api.service[112399]: DEBUG cinder.api.extensions [-] Ext description: Quota management support. {{(pid=112399) _check_extension /opt/stack/cinder/cinder/api/extensions.py:176}}
Jun 23 03:10:19.268461 np0000182524 devstack@c-api.service[112399]: DEBUG cinder.api.extensions [-] Ext updated: 2011-08-08T00:00:00+00:00 {{(pid=112399) _check_extension /opt/stack/cinder/cinder/api/extensions.py:178}}
Jun 23 03:10:19.268504 np0000182524 devstack@c-api.service[112399]: DEBUG cinder.api.extensions [-] Loaded extension: os-quota-sets {{(pid=112399) register /opt/stack/cinder/cinder/api/extensions.py:135}}
Jun 23 03:10:19.268559 np0000182524 devstack@c-api.service[112399]: DEBUG cinder.api.extensions [-] Loading extension cinder.api.contrib.snapshot_manage.Snapshot_manage {{(pid=112399) load_extension /opt/stack/cinder/cinder/api/extensions.py:194}}
Jun 23 03:10:19.268626 np0000182524 devstack@c-api.service[112399]: DEBUG cinder.api.extensions [-] Calling extension factory cinder.api.contrib.snapshot_manage.Snapshot_manage {{(pid=112399) load_extension /opt/stack/cinder/cinder/api/extensions.py:200}}
Jun 23 03:10:19.268696 np0000182524 devstack@c-api.service[112399]: DEBUG cinder.api.extensions [-] Ext name: SnapshotManage {{(pid=112399) _check_extension /opt/stack/cinder/cinder/api/extensions.py:174}}
Jun 23 03:10:19.268757 np0000182524 devstack@c-api.service[112399]: DEBUG cinder.api.extensions [-] Ext alias: os-snapshot-manage {{(pid=112399) _check_extension /opt/stack/cinder/cinder/api/extensions.py:175}}
Jun 23 03:10:19.268798 np0000182524 devstack@c-api.service[112399]: DEBUG cinder.api.extensions [-] Ext description: Allows existing backend storage to be 'managed' by Cinder. {{(pid=112399) _check_extension /opt/stack/cinder/cinder/api/extensions.py:176}}
Jun 23 03:10:19.268839 np0000182524 devstack@c-api.service[112399]: DEBUG cinder.api.extensions [-] Ext updated: 2014-12-31T00:00:00+00:00 {{(pid=112399) _check_extension /opt/stack/cinder/cinder/api/extensions.py:178}}
Jun 23 03:10:19.268894 np0000182524 devstack@c-api.service[112399]: DEBUG cinder.api.extensions [-] Loaded extension: os-snapshot-manage {{(pid=112399) register /opt/stack/cinder/cinder/api/extensions.py:135}}
Jun 23 03:10:19.268959 np0000182524 devstack@c-api.service[112399]: DEBUG cinder.api.extensions [-] Loading extension cinder.api.contrib.volume_actions.Volume_actions {{(pid=112399) load_extension /opt/stack/cinder/cinder/api/extensions.py:194}}
Jun 23 03:10:19.269781 np0000182524 devstack@c-api.service[112401]: INFO dbcounter [None req-11d8ea08-8ce5-4611-9e61-8d49c8429d94 None None] Registered counter for database cinder
Jun 23 03:10:19.269867 np0000182524 devstack@c-api.service[112399]: DEBUG cinder.api.extensions [-] Calling extension factory cinder.api.contrib.volume_actions.Volume_actions {{(pid=112399) load_extension /opt/stack/cinder/cinder/api/extensions.py:200}}
Jun 23 03:10:19.269921 np0000182524 devstack@c-api.service[112399]: DEBUG cinder.api.extensions [-] Ext name: VolumeActions {{(pid=112399) _check_extension /opt/stack/cinder/cinder/api/extensions.py:174}}
Jun 23 03:10:19.269962 np0000182524 devstack@c-api.service[112402]: INFO dbcounter [None req-0edc010c-8385-40e6-a934-c5b8d75ca87a None None] Registered counter for database cinder
Jun 23 03:10:19.270005 np0000182524 devstack@c-api.service[112399]: DEBUG cinder.api.extensions [-] Ext alias: os-volume-actions {{(pid=112399) _check_extension /opt/stack/cinder/cinder/api/extensions.py:175}}
Jun 23 03:10:19.270005 np0000182524 devstack@c-api.service[112399]: DEBUG cinder.api.extensions [-] Ext description: Enable volume actions. {{(pid=112399) _check_extension /opt/stack/cinder/cinder/api/extensions.py:176}}
Jun 23 03:10:19.270081 np0000182524 devstack@c-api.service[112399]: DEBUG cinder.api.extensions [-] Ext updated: 2012-05-31T00:00:00+00:00 {{(pid=112399) _check_extension /opt/stack/cinder/cinder/api/extensions.py:178}}
Jun 23 03:10:19.270119 np0000182524 devstack@c-api.service[112399]: DEBUG cinder.api.extensions [-] Loaded extension: os-volume-actions {{(pid=112399) register /opt/stack/cinder/cinder/api/extensions.py:135}}
Jun 23 03:10:19.270212 np0000182524 devstack@c-api.service[112399]: DEBUG cinder.api.extensions [-] Loading extension cinder.api.contrib.volume_manage.Volume_manage {{(pid=112399) load_extension /opt/stack/cinder/cinder/api/extensions.py:194}}
Jun 23 03:10:19.270263 np0000182524 devstack@c-api.service[112399]: DEBUG cinder.api.extensions [-] Calling extension factory cinder.api.contrib.volume_manage.Volume_manage {{(pid=112399) load_extension /opt/stack/cinder/cinder/api/extensions.py:200}}
Jun 23 03:10:19.270335 np0000182524 devstack@c-api.service[112399]: DEBUG cinder.api.extensions [-] Ext name: VolumeManage {{(pid=112399) _check_extension /opt/stack/cinder/cinder/api/extensions.py:174}}
Jun 23 03:10:19.270407 np0000182524 devstack@c-api.service[112399]: DEBUG cinder.api.extensions [-] Ext alias: os-volume-manage {{(pid=112399) _check_extension /opt/stack/cinder/cinder/api/extensions.py:175}}
Jun 23 03:10:19.270476 np0000182524 devstack@c-api.service[112399]: DEBUG cinder.api.extensions [-] Ext description: Allows existing backend storage to be 'managed' by Cinder. {{(pid=112399) _check_extension /opt/stack/cinder/cinder/api/extensions.py:176}}
Jun 23 03:10:19.270536 np0000182524 devstack@c-api.service[112399]: DEBUG cinder.api.extensions [-] Ext updated: 2014-02-10T00:00:00+00:00 {{(pid=112399) _check_extension /opt/stack/cinder/cinder/api/extensions.py:178}}
Jun 23 03:10:19.270596 np0000182524 devstack@c-api.service[112399]: DEBUG cinder.api.extensions [-] Loaded extension: os-volume-manage {{(pid=112399) register /opt/stack/cinder/cinder/api/extensions.py:135}}
Jun 23 03:10:19.270670 np0000182524 devstack@c-api.service[112399]: DEBUG cinder.api.extensions [-] Loading extension cinder.api.contrib.hosts.Hosts {{(pid=112399) load_extension /opt/stack/cinder/cinder/api/extensions.py:194}}
Jun 23 03:10:19.271196 np0000182524 devstack@c-api.service[112399]: DEBUG cinder.api.extensions [-] Calling extension factory cinder.api.contrib.hosts.Hosts {{(pid=112399) load_extension /opt/stack/cinder/cinder/api/extensions.py:200}}
Jun 23 03:10:19.271269 np0000182524 devstack@c-api.service[112399]: DEBUG cinder.api.extensions [-] Ext name: Hosts {{(pid=112399) _check_extension /opt/stack/cinder/cinder/api/extensions.py:174}}
Jun 23 03:10:19.271311 np0000182524 devstack@c-api.service[112399]: DEBUG cinder.api.extensions [-] Ext alias: os-hosts {{(pid=112399) _check_extension /opt/stack/cinder/cinder/api/extensions.py:175}}
Jun 23 03:10:19.271402 np0000182524 devstack@c-api.service[112399]: DEBUG cinder.api.extensions [-] Ext description: Admin-only host administration. {{(pid=112399) _check_extension /opt/stack/cinder/cinder/api/extensions.py:176}}
Jun 23 03:10:19.271465 np0000182524 devstack@c-api.service[112399]: DEBUG cinder.api.extensions [-] Ext updated: 2011-06-29T00:00:00+00:00 {{(pid=112399) _check_extension /opt/stack/cinder/cinder/api/extensions.py:178}}
Jun 23 03:10:19.271513 np0000182524 devstack@c-api.service[112399]: DEBUG cinder.api.extensions [-] Loaded extension: os-hosts {{(pid=112399) register /opt/stack/cinder/cinder/api/extensions.py:135}}
Jun 23 03:10:19.271580 np0000182524 devstack@c-api.service[112399]: DEBUG cinder.api.extensions [-] Loading extension cinder.api.contrib.availability_zones.Availability_zones {{(pid=112399) load_extension /opt/stack/cinder/cinder/api/extensions.py:194}}
Jun 23 03:10:19.272020 np0000182524 devstack@c-api.service[112399]: DEBUG cinder.api.extensions [-] Calling extension factory cinder.api.contrib.availability_zones.Availability_zones {{(pid=112399) load_extension /opt/stack/cinder/cinder/api/extensions.py:200}}
Jun 23 03:10:19.272090 np0000182524 devstack@c-api.service[112399]: DEBUG cinder.api.extensions [-] Ext name: AvailabilityZones {{(pid=112399) _check_extension /opt/stack/cinder/cinder/api/extensions.py:174}}
Jun 23 03:10:19.272141 np0000182524 devstack@c-api.service[112399]: DEBUG cinder.api.extensions [-] Ext alias: os-availability-zone {{(pid=112399) _check_extension /opt/stack/cinder/cinder/api/extensions.py:175}}
Jun 23 03:10:19.272200 np0000182524 devstack@c-api.service[112399]: DEBUG cinder.api.extensions [-] Ext description: Describe Availability Zones. {{(pid=112399) _check_extension /opt/stack/cinder/cinder/api/extensions.py:176}}
Jun 23 03:10:19.272276 np0000182524 devstack@c-api.service[112399]: DEBUG cinder.api.extensions [-] Ext updated: 2013-06-27T00:00:00+00:00 {{(pid=112399) _check_extension /opt/stack/cinder/cinder/api/extensions.py:178}}
Jun 23 03:10:19.272276 np0000182524 devstack@c-api.service[112399]: DEBUG cinder.api.extensions [-] Loaded extension: os-availability-zone {{(pid=112399) register /opt/stack/cinder/cinder/api/extensions.py:135}}
Jun 23 03:10:19.272427 np0000182524 devstack@c-api.service[112399]: DEBUG cinder.api.extensions [-] Loading extension cinder.api.contrib.scheduler_hints.Scheduler_hints {{(pid=112399) load_extension /opt/stack/cinder/cinder/api/extensions.py:194}}
Jun 23 03:10:19.272427 np0000182524 devstack@c-api.service[112399]: DEBUG cinder.api.extensions [-] Calling extension factory cinder.api.contrib.scheduler_hints.Scheduler_hints {{(pid=112399) load_extension /opt/stack/cinder/cinder/api/extensions.py:200}}
Jun 23 03:10:19.272537 np0000182524 devstack@c-api.service[112399]: DEBUG cinder.api.extensions [-] Ext name: SchedulerHints {{(pid=112399) _check_extension /opt/stack/cinder/cinder/api/extensions.py:174}}
Jun 23 03:10:19.272537 np0000182524 devstack@c-api.service[112399]: DEBUG cinder.api.extensions [-] Ext alias: OS-SCH-HNT {{(pid=112399) _check_extension /opt/stack/cinder/cinder/api/extensions.py:175}}
Jun 23 03:10:19.272662 np0000182524 devstack@c-api.service[112399]: DEBUG cinder.api.extensions [-] Ext description: Pass arbitrary key/value pairs to the scheduler. {{(pid=112399) _check_extension /opt/stack/cinder/cinder/api/extensions.py:176}}
Jun 23 03:10:19.272662 np0000182524 devstack@c-api.service[112399]: DEBUG cinder.api.extensions [-] Ext updated: 2013-04-18T00:00:00+00:00 {{(pid=112399) _check_extension /opt/stack/cinder/cinder/api/extensions.py:178}}
Jun 23 03:10:19.272771 np0000182524 devstack@c-api.service[112399]: DEBUG cinder.api.extensions [-] Loaded extension: OS-SCH-HNT {{(pid=112399) register /opt/stack/cinder/cinder/api/extensions.py:135}}
Jun 23 03:10:19.272771 np0000182524 devstack@c-api.service[112399]: DEBUG cinder.api.extensions [-] Loading extension cinder.api.contrib.types_manage.Types_manage {{(pid=112399) load_extension /opt/stack/cinder/cinder/api/extensions.py:194}}
Jun 23 03:10:19.273501 np0000182524 devstack@c-api.service[112399]: DEBUG cinder.api.extensions [-] Calling extension factory cinder.api.contrib.types_manage.Types_manage {{(pid=112399) load_extension /opt/stack/cinder/cinder/api/extensions.py:200}}
Jun 23 03:10:19.273598 np0000182524 devstack@c-api.service[112399]: DEBUG cinder.api.extensions [-] Ext name: TypesManage {{(pid=112399) _check_extension /opt/stack/cinder/cinder/api/extensions.py:174}}
Jun 23 03:10:19.273598 np0000182524 devstack@c-api.service[112399]: DEBUG cinder.api.extensions [-] Ext alias: os-types-manage {{(pid=112399) _check_extension /opt/stack/cinder/cinder/api/extensions.py:175}}
Jun 23 03:10:19.273705 np0000182524 devstack@c-api.service[112399]: DEBUG cinder.api.extensions [-] Ext description: Types manage support. {{(pid=112399) _check_extension /opt/stack/cinder/cinder/api/extensions.py:176}}
Jun 23 03:10:19.273705 np0000182524 devstack@c-api.service[112399]: DEBUG cinder.api.extensions [-] Ext updated: 2011-08-24T00:00:00+00:00 {{(pid=112399) _check_extension /opt/stack/cinder/cinder/api/extensions.py:178}}
Jun 23 03:10:19.278727 np0000182524 devstack@c-api.service[112399]: DEBUG cinder.api.extensions [-] Loaded extension: os-types-manage {{(pid=112399) register /opt/stack/cinder/cinder/api/extensions.py:135}}
Jun 23 03:10:19.278727 np0000182524 devstack@c-api.service[112399]: DEBUG cinder.api.extensions [-] Loading extension cinder.api.contrib.consistencygroups.Consistencygroups {{(pid=112399) load_extension /opt/stack/cinder/cinder/api/extensions.py:194}}
Jun 23 03:10:19.278727 np0000182524 devstack@c-api.service[112399]: DEBUG cinder.api.extensions [-] Calling extension factory cinder.api.contrib.consistencygroups.Consistencygroups {{(pid=112399) load_extension /opt/stack/cinder/cinder/api/extensions.py:200}}
Jun 23 03:10:19.278727 np0000182524 devstack@c-api.service[112399]: DEBUG cinder.api.extensions [-] Ext name: Consistencygroups {{(pid=112399) _check_extension /opt/stack/cinder/cinder/api/extensions.py:174}}
Jun 23 03:10:19.278727 np0000182524 devstack@c-api.service[112399]: DEBUG cinder.api.extensions [-] Ext alias: consistencygroups {{(pid=112399) _check_extension /opt/stack/cinder/cinder/api/extensions.py:175}}
Jun 23 03:10:19.278727 np0000182524 devstack@c-api.service[112399]: DEBUG cinder.api.extensions [-] Ext description: consistency groups support. {{(pid=112399) _check_extension /opt/stack/cinder/cinder/api/extensions.py:176}}
Jun 23 03:10:19.278727 np0000182524 devstack@c-api.service[112399]: DEBUG cinder.api.extensions [-] Ext updated: 2014-08-18T00:00:00+00:00 {{(pid=112399) _check_extension /opt/stack/cinder/cinder/api/extensions.py:178}}
Jun 23 03:10:19.278727 np0000182524 devstack@c-api.service[112399]: DEBUG cinder.api.extensions [-] Loaded extension: consistencygroups {{(pid=112399) register /opt/stack/cinder/cinder/api/extensions.py:135}}
Jun 23 03:10:19.278727 np0000182524 devstack@c-api.service[112399]: DEBUG cinder.api.extensions [-] Loading extension cinder.api.contrib.backups.Backups {{(pid=112399) load_extension /opt/stack/cinder/cinder/api/extensions.py:194}}
Jun 23 03:10:19.278727 np0000182524 devstack@c-api.service[112399]: DEBUG cinder.api.extensions [-] Calling extension factory cinder.api.contrib.backups.Backups {{(pid=112399) load_extension /opt/stack/cinder/cinder/api/extensions.py:200}}
Jun 23 03:10:19.279103 np0000182524 devstack@c-api.service[112399]: DEBUG cinder.api.extensions [-] Ext name: Backups {{(pid=112399) _check_extension /opt/stack/cinder/cinder/api/extensions.py:174}}
Jun 23 03:10:19.279103 np0000182524 devstack@c-api.service[112399]: DEBUG cinder.api.extensions [-] Ext alias: backups {{(pid=112399) _check_extension /opt/stack/cinder/cinder/api/extensions.py:175}}
Jun 23 03:10:19.279103 np0000182524 devstack@c-api.service[112399]: DEBUG cinder.api.extensions [-] Ext description: Backups support. {{(pid=112399) _check_extension /opt/stack/cinder/cinder/api/extensions.py:176}}
Jun 23 03:10:19.279103 np0000182524 devstack@c-api.service[112399]: DEBUG cinder.api.extensions [-] Ext updated: 2012-12-12T00:00:00+00:00 {{(pid=112399) _check_extension /opt/stack/cinder/cinder/api/extensions.py:178}}
Jun 23 03:10:19.279103 np0000182524 devstack@c-api.service[112399]: DEBUG cinder.api.extensions [-] Loaded extension: backups {{(pid=112399) register /opt/stack/cinder/cinder/api/extensions.py:135}}
Jun 23 03:10:19.279267 np0000182524 devstack@c-api.service[112400]: INFO dbcounter [None req-4e299fc2-2c6a-4c6b-827b-ad9adcaedded None None] Registered counter for database cinder
Jun 23 03:10:19.313338 np0000182524 devstack@c-api.service[112401]: DEBUG oslo_db.sqlalchemy.engines [None req-11d8ea08-8ce5-4611-9e61-8d49c8429d94 None None] MySQL server mode set to STRICT_TRANS_TABLES,STRICT_ALL_TABLES,NO_ZERO_IN_DATE,NO_ZERO_DATE,ERROR_FOR_DIVISION_BY_ZERO,TRADITIONAL,NO_ENGINE_SUBSTITUTION {{(pid=112401) _check_effective_sql_mode /opt/stack/data/venv/lib/python3.12/site-packages/oslo_db/sqlalchemy/engines.py:325}}
Jun 23 03:10:19.320312 np0000182524 devstack@c-api.service[112400]: DEBUG oslo_db.sqlalchemy.engines [None req-4e299fc2-2c6a-4c6b-827b-ad9adcaedded None None] MySQL server mode set to STRICT_TRANS_TABLES,STRICT_ALL_TABLES,NO_ZERO_IN_DATE,NO_ZERO_DATE,ERROR_FOR_DIVISION_BY_ZERO,TRADITIONAL,NO_ENGINE_SUBSTITUTION {{(pid=112400) _check_effective_sql_mode /opt/stack/data/venv/lib/python3.12/site-packages/oslo_db/sqlalchemy/engines.py:325}}
Jun 23 03:10:19.321593 np0000182524 devstack@c-api.service[112402]: DEBUG oslo_db.sqlalchemy.engines [None req-0edc010c-8385-40e6-a934-c5b8d75ca87a None None] MySQL server mode set to STRICT_TRANS_TABLES,STRICT_ALL_TABLES,NO_ZERO_IN_DATE,NO_ZERO_DATE,ERROR_FOR_DIVISION_BY_ZERO,TRADITIONAL,NO_ENGINE_SUBSTITUTION {{(pid=112402) _check_effective_sql_mode /opt/stack/data/venv/lib/python3.12/site-packages/oslo_db/sqlalchemy/engines.py:325}}
Jun 23 03:10:19.322407 np0000182524 devstack@c-api.service[112399]: INFO dbcounter [None req-7ed7d5e9-1881-472e-832f-c9df9c0f9b35 None None] Registered counter for database cinder
Jun 23 03:10:19.368224 np0000182524 devstack@c-api.service[112399]: DEBUG oslo_db.sqlalchemy.engines [None req-7ed7d5e9-1881-472e-832f-c9df9c0f9b35 None None] MySQL server mode set to STRICT_TRANS_TABLES,STRICT_ALL_TABLES,NO_ZERO_IN_DATE,NO_ZERO_DATE,ERROR_FOR_DIVISION_BY_ZERO,TRADITIONAL,NO_ENGINE_SUBSTITUTION {{(pid=112399) _check_effective_sql_mode /opt/stack/data/venv/lib/python3.12/site-packages/oslo_db/sqlalchemy/engines.py:325}}
Jun 23 03:10:19.433528 np0000182524 devstack@c-api.service[112401]: DEBUG dbcounter [-] [112401] Writer thread running {{(pid=112401) stat_writer /opt/stack/data/venv/lib/python3.12/site-packages/dbcounter.py:102}}
Jun 23 03:10:19.435927 np0000182524 devstack@c-api.service[112400]: DEBUG dbcounter [-] [112400] Writer thread running {{(pid=112400) stat_writer /opt/stack/data/venv/lib/python3.12/site-packages/dbcounter.py:102}}
Jun 23 03:10:19.436430 np0000182524 devstack@c-api.service[112401]: INFO cinder.rpc [None req-11d8ea08-8ce5-4611-9e61-8d49c8429d94 None None] Automatically selected cinder-scheduler objects version 1.39 as minimum service version.
Jun 23 03:10:19.437670 np0000182524 devstack@c-api.service[112402]: DEBUG dbcounter [-] [112402] Writer thread running {{(pid=112402) stat_writer /opt/stack/data/venv/lib/python3.12/site-packages/dbcounter.py:102}}
Jun 23 03:10:19.438779 np0000182524 devstack@c-api.service[112401]: INFO cinder.rpc [None req-11d8ea08-8ce5-4611-9e61-8d49c8429d94 None None] Automatically selected cinder-scheduler RPC version 3.12 as minimum service version.
Jun 23 03:10:19.438969 np0000182524 devstack@c-api.service[112400]: INFO cinder.rpc [None req-4e299fc2-2c6a-4c6b-827b-ad9adcaedded None None] Automatically selected cinder-scheduler objects version 1.39 as minimum service version.
Jun 23 03:10:19.440471 np0000182524 devstack@c-api.service[112402]: INFO cinder.rpc [None req-0edc010c-8385-40e6-a934-c5b8d75ca87a None None] Automatically selected cinder-scheduler objects version 1.39 as minimum service version.
Jun 23 03:10:19.441475 np0000182524 devstack@c-api.service[112400]: INFO cinder.rpc [None req-4e299fc2-2c6a-4c6b-827b-ad9adcaedded None None] Automatically selected cinder-scheduler RPC version 3.12 as minimum service version.
Jun 23 03:10:19.441681 np0000182524 devstack@c-api.service[112401]: INFO cinder.rpc [None req-11d8ea08-8ce5-4611-9e61-8d49c8429d94 None None] Automatically selected cinder-volume objects version 1.39 as minimum service version.
Jun 23 03:10:19.443204 np0000182524 devstack@c-api.service[112402]: INFO cinder.rpc [None req-0edc010c-8385-40e6-a934-c5b8d75ca87a None None] Automatically selected cinder-scheduler RPC version 3.12 as minimum service version.
Jun 23 03:10:19.443567 np0000182524 devstack@c-api.service[112400]: INFO cinder.rpc [None req-4e299fc2-2c6a-4c6b-827b-ad9adcaedded None None] Automatically selected cinder-volume objects version 1.39 as minimum service version.
Jun 23 03:10:19.444384 np0000182524 devstack@c-api.service[112401]: INFO cinder.rpc [None req-11d8ea08-8ce5-4611-9e61-8d49c8429d94 None None] Automatically selected cinder-volume RPC version 3.20 as minimum service version.
Jun 23 03:10:19.445401 np0000182524 devstack@c-api.service[112400]: INFO cinder.rpc [None req-4e299fc2-2c6a-4c6b-827b-ad9adcaedded None None] Automatically selected cinder-volume RPC version 3.20 as minimum service version.
Jun 23 03:10:19.445541 np0000182524 devstack@c-api.service[112402]: INFO cinder.rpc [None req-0edc010c-8385-40e6-a934-c5b8d75ca87a None None] Automatically selected cinder-volume objects version 1.39 as minimum service version.
Jun 23 03:10:19.445626 np0000182524 devstack@c-api.service[112401]: WARNING castellan.key_manager.migration [None req-11d8ea08-8ce5-4611-9e61-8d49c8429d94 None None] Using MigrationKeyManager to provide support for legacy fixed_key encryption
Jun 23 03:10:19.446220 np0000182524 devstack@c-api.service[112400]: WARNING castellan.key_manager.migration [None req-4e299fc2-2c6a-4c6b-827b-ad9adcaedded None None] Using MigrationKeyManager to provide support for legacy fixed_key encryption
Jun 23 03:10:19.447380 np0000182524 devstack@c-api.service[112402]: INFO cinder.rpc [None req-0edc010c-8385-40e6-a934-c5b8d75ca87a None None] Automatically selected cinder-volume RPC version 3.20 as minimum service version.
Jun 23 03:10:19.448174 np0000182524 devstack@c-api.service[112402]: WARNING castellan.key_manager.migration [None req-0edc010c-8385-40e6-a934-c5b8d75ca87a None None] Using MigrationKeyManager to provide support for legacy fixed_key encryption
Jun 23 03:10:19.449546 np0000182524 devstack@c-api.service[112401]: WARNING castellan.key_manager.migration [None req-11d8ea08-8ce5-4611-9e61-8d49c8429d94 None None] Using MigrationKeyManager to provide support for legacy fixed_key encryption
Jun 23 03:10:19.449958 np0000182524 devstack@c-api.service[112400]: WARNING castellan.key_manager.migration [None req-4e299fc2-2c6a-4c6b-827b-ad9adcaedded None None] Using MigrationKeyManager to provide support for legacy fixed_key encryption
Jun 23 03:10:19.451145 np0000182524 devstack@c-api.service[112402]: WARNING castellan.key_manager.migration [None req-0edc010c-8385-40e6-a934-c5b8d75ca87a None None] Using MigrationKeyManager to provide support for legacy fixed_key encryption
Jun 23 03:10:19.483587 np0000182524 devstack@c-api.service[112401]: DEBUG oslo_db.sqlalchemy.engines [None req-11d8ea08-8ce5-4611-9e61-8d49c8429d94 None None] MySQL server mode set to STRICT_TRANS_TABLES,STRICT_ALL_TABLES,NO_ZERO_IN_DATE,NO_ZERO_DATE,ERROR_FOR_DIVISION_BY_ZERO,TRADITIONAL,NO_ENGINE_SUBSTITUTION {{(pid=112401) _check_effective_sql_mode /opt/stack/data/venv/lib/python3.12/site-packages/oslo_db/sqlalchemy/engines.py:325}}
Jun 23 03:10:19.485159 np0000182524 devstack@c-api.service[112402]: DEBUG oslo_db.sqlalchemy.engines [None req-0edc010c-8385-40e6-a934-c5b8d75ca87a None None] MySQL server mode set to STRICT_TRANS_TABLES,STRICT_ALL_TABLES,NO_ZERO_IN_DATE,NO_ZERO_DATE,ERROR_FOR_DIVISION_BY_ZERO,TRADITIONAL,NO_ENGINE_SUBSTITUTION {{(pid=112402) _check_effective_sql_mode /opt/stack/data/venv/lib/python3.12/site-packages/oslo_db/sqlalchemy/engines.py:325}}
Jun 23 03:10:19.486368 np0000182524 devstack@c-api.service[112400]: DEBUG oslo_db.sqlalchemy.engines [None req-4e299fc2-2c6a-4c6b-827b-ad9adcaedded None None] MySQL server mode set to STRICT_TRANS_TABLES,STRICT_ALL_TABLES,NO_ZERO_IN_DATE,NO_ZERO_DATE,ERROR_FOR_DIVISION_BY_ZERO,TRADITIONAL,NO_ENGINE_SUBSTITUTION {{(pid=112400) _check_effective_sql_mode /opt/stack/data/venv/lib/python3.12/site-packages/oslo_db/sqlalchemy/engines.py:325}}
Jun 23 03:10:19.487162 np0000182524 devstack@c-api.service[112401]: INFO cinder.rpc [None req-11d8ea08-8ce5-4611-9e61-8d49c8429d94 None None] Automatically selected cinder-backup objects version 1.39 as minimum service version.
Jun 23 03:10:19.487555 np0000182524 devstack@c-api.service[112402]: INFO cinder.rpc [None req-0edc010c-8385-40e6-a934-c5b8d75ca87a None None] Automatically selected cinder-backup objects version 1.39 as minimum service version.
Jun 23 03:10:19.489114 np0000182524 devstack@c-api.service[112400]: INFO cinder.rpc [None req-4e299fc2-2c6a-4c6b-827b-ad9adcaedded None None] Automatically selected cinder-backup objects version 1.39 as minimum service version.
Jun 23 03:10:19.489982 np0000182524 devstack@c-api.service[112402]: INFO cinder.rpc [None req-0edc010c-8385-40e6-a934-c5b8d75ca87a None None] Automatically selected cinder-backup RPC version 2.4 as minimum service version.
Jun 23 03:10:19.490871 np0000182524 devstack@c-api.service[112402]: WARNING castellan.key_manager.migration [None req-0edc010c-8385-40e6-a934-c5b8d75ca87a None None] Using MigrationKeyManager to provide support for legacy fixed_key encryption
Jun 23 03:10:19.490966 np0000182524 devstack@c-api.service[112401]: INFO cinder.rpc [None req-11d8ea08-8ce5-4611-9e61-8d49c8429d94 None None] Automatically selected cinder-backup RPC version 2.4 as minimum service version.
Jun 23 03:10:19.491821 np0000182524 devstack@c-api.service[112400]: INFO cinder.rpc [None req-4e299fc2-2c6a-4c6b-827b-ad9adcaedded None None] Automatically selected cinder-backup RPC version 2.4 as minimum service version.
Jun 23 03:10:19.492041 np0000182524 devstack@c-api.service[112401]: WARNING castellan.key_manager.migration [None req-11d8ea08-8ce5-4611-9e61-8d49c8429d94 None None] Using MigrationKeyManager to provide support for legacy fixed_key encryption
Jun 23 03:10:19.493100 np0000182524 devstack@c-api.service[112400]: WARNING castellan.key_manager.migration [None req-4e299fc2-2c6a-4c6b-827b-ad9adcaedded None None] Using MigrationKeyManager to provide support for legacy fixed_key encryption
Jun 23 03:10:19.496087 np0000182524 devstack@c-api.service[112399]: DEBUG dbcounter [-] [112399] Writer thread running {{(pid=112399) stat_writer /opt/stack/data/venv/lib/python3.12/site-packages/dbcounter.py:102}}
Jun 23 03:10:19.500037 np0000182524 devstack@c-api.service[112399]: INFO cinder.rpc [None req-7ed7d5e9-1881-472e-832f-c9df9c0f9b35 None None] Automatically selected cinder-scheduler objects version 1.39 as minimum service version.
Jun 23 03:10:19.501246 np0000182524 devstack@c-api.service[112402]: WARNING castellan.key_manager.migration [None req-0edc010c-8385-40e6-a934-c5b8d75ca87a None None] Using MigrationKeyManager to provide support for legacy fixed_key encryption
Jun 23 03:10:19.503494 np0000182524 devstack@c-api.service[112399]: INFO cinder.rpc [None req-7ed7d5e9-1881-472e-832f-c9df9c0f9b35 None None] Automatically selected cinder-scheduler RPC version 3.12 as minimum service version.
Jun 23 03:10:19.504275 np0000182524 devstack@c-api.service[112401]: WARNING castellan.key_manager.migration [None req-11d8ea08-8ce5-4611-9e61-8d49c8429d94 None None] Using MigrationKeyManager to provide support for legacy fixed_key encryption
Jun 23 03:10:19.504464 np0000182524 devstack@c-api.service[112402]: WARNING castellan.key_manager.migration [None req-0edc010c-8385-40e6-a934-c5b8d75ca87a None None] Using MigrationKeyManager to provide support for legacy fixed_key encryption
Jun 23 03:10:19.505319 np0000182524 devstack@c-api.service[112400]: WARNING castellan.key_manager.migration [None req-4e299fc2-2c6a-4c6b-827b-ad9adcaedded None None] Using MigrationKeyManager to provide support for legacy fixed_key encryption
Jun 23 03:10:19.506589 np0000182524 devstack@c-api.service[112399]: INFO cinder.rpc [None req-7ed7d5e9-1881-472e-832f-c9df9c0f9b35 None None] Automatically selected cinder-volume objects version 1.39 as minimum service version.
Jun 23 03:10:19.507584 np0000182524 devstack@c-api.service[112402]: WARNING castellan.key_manager.migration [None req-0edc010c-8385-40e6-a934-c5b8d75ca87a None None] Using MigrationKeyManager to provide support for legacy fixed_key encryption
Jun 23 03:10:19.507949 np0000182524 devstack@c-api.service[112401]: WARNING castellan.key_manager.migration [None req-11d8ea08-8ce5-4611-9e61-8d49c8429d94 None None] Using MigrationKeyManager to provide support for legacy fixed_key encryption
Jun 23 03:10:19.508471 np0000182524 devstack@c-api.service[112400]: WARNING castellan.key_manager.migration [None req-4e299fc2-2c6a-4c6b-827b-ad9adcaedded None None] Using MigrationKeyManager to provide support for legacy fixed_key encryption
Jun 23 03:10:19.510093 np0000182524 devstack@c-api.service[112399]: INFO cinder.rpc [None req-7ed7d5e9-1881-472e-832f-c9df9c0f9b35 None None] Automatically selected cinder-volume RPC version 3.20 as minimum service version.
Jun 23 03:10:19.511554 np0000182524 devstack@c-api.service[112401]: WARNING castellan.key_manager.migration [None req-11d8ea08-8ce5-4611-9e61-8d49c8429d94 None None] Using MigrationKeyManager to provide support for legacy fixed_key encryption
Jun 23 03:10:19.511626 np0000182524 devstack@c-api.service[112400]: WARNING castellan.key_manager.migration [None req-4e299fc2-2c6a-4c6b-827b-ad9adcaedded None None] Using MigrationKeyManager to provide support for legacy fixed_key encryption
Jun 23 03:10:19.512205 np0000182524 devstack@c-api.service[112399]: WARNING castellan.key_manager.migration [None req-7ed7d5e9-1881-472e-832f-c9df9c0f9b35 None None] Using MigrationKeyManager to provide support for legacy fixed_key encryption
Jun 23 03:10:19.512876 np0000182524 devstack@c-api.service[112402]: WARNING castellan.key_manager.migration [None req-0edc010c-8385-40e6-a934-c5b8d75ca87a None None] Using MigrationKeyManager to provide support for legacy fixed_key encryption
Jun 23 03:10:19.515913 np0000182524 devstack@c-api.service[112402]: WARNING castellan.key_manager.migration [None req-0edc010c-8385-40e6-a934-c5b8d75ca87a None None] Using MigrationKeyManager to provide support for legacy fixed_key encryption
Jun 23 03:10:19.516627 np0000182524 devstack@c-api.service[112400]: WARNING castellan.key_manager.migration [None req-4e299fc2-2c6a-4c6b-827b-ad9adcaedded None None] Using MigrationKeyManager to provide support for legacy fixed_key encryption
Jun 23 03:10:19.517429 np0000182524 devstack@c-api.service[112401]: WARNING castellan.key_manager.migration [None req-11d8ea08-8ce5-4611-9e61-8d49c8429d94 None None] Using MigrationKeyManager to provide support for legacy fixed_key encryption
Jun 23 03:10:19.518913 np0000182524 devstack@c-api.service[112402]: WARNING castellan.key_manager.migration [None req-0edc010c-8385-40e6-a934-c5b8d75ca87a None None] Using MigrationKeyManager to provide support for legacy fixed_key encryption
Jun 23 03:10:19.519082 np0000182524 devstack@c-api.service[112399]: WARNING castellan.key_manager.migration [None req-7ed7d5e9-1881-472e-832f-c9df9c0f9b35 None None] Using MigrationKeyManager to provide support for legacy fixed_key encryption
Jun 23 03:10:19.519645 np0000182524 devstack@c-api.service[112400]: WARNING castellan.key_manager.migration [None req-4e299fc2-2c6a-4c6b-827b-ad9adcaedded None None] Using MigrationKeyManager to provide support for legacy fixed_key encryption
Jun 23 03:10:19.520600 np0000182524 devstack@c-api.service[112401]: WARNING castellan.key_manager.migration [None req-11d8ea08-8ce5-4611-9e61-8d49c8429d94 None None] Using MigrationKeyManager to provide support for legacy fixed_key encryption
Jun 23 03:10:19.522040 np0000182524 devstack@c-api.service[112402]: WARNING castellan.key_manager.migration [None req-0edc010c-8385-40e6-a934-c5b8d75ca87a None None] Using MigrationKeyManager to provide support for legacy fixed_key encryption
Jun 23 03:10:19.522570 np0000182524 devstack@c-api.service[112400]: WARNING castellan.key_manager.migration [None req-4e299fc2-2c6a-4c6b-827b-ad9adcaedded None None] Using MigrationKeyManager to provide support for legacy fixed_key encryption
Jun 23 03:10:19.523530 np0000182524 devstack@c-api.service[112401]: WARNING castellan.key_manager.migration [None req-11d8ea08-8ce5-4611-9e61-8d49c8429d94 None None] Using MigrationKeyManager to provide support for legacy fixed_key encryption
Jun 23 03:10:19.524897 np0000182524 devstack@c-api.service[112402]: WARNING castellan.key_manager.migration [None req-0edc010c-8385-40e6-a934-c5b8d75ca87a None None] Using MigrationKeyManager to provide support for legacy fixed_key encryption
Jun 23 03:10:19.525708 np0000182524 devstack@c-api.service[112400]: WARNING castellan.key_manager.migration [None req-4e299fc2-2c6a-4c6b-827b-ad9adcaedded None None] Using MigrationKeyManager to provide support for legacy fixed_key encryption
Jun 23 03:10:19.526675 np0000182524 devstack@c-api.service[112401]: WARNING castellan.key_manager.migration [None req-11d8ea08-8ce5-4611-9e61-8d49c8429d94 None None] Using MigrationKeyManager to provide support for legacy fixed_key encryption
Jun 23 03:10:19.528063 np0000182524 devstack@c-api.service[112402]: WARNING castellan.key_manager.migration [None req-0edc010c-8385-40e6-a934-c5b8d75ca87a None None] Using MigrationKeyManager to provide support for legacy fixed_key encryption
Jun 23 03:10:19.528738 np0000182524 devstack@c-api.service[112400]: WARNING castellan.key_manager.migration [None req-4e299fc2-2c6a-4c6b-827b-ad9adcaedded None None] Using MigrationKeyManager to provide support for legacy fixed_key encryption
Jun 23 03:10:19.529542 np0000182524 devstack@c-api.service[112402]: WARNING castellan.key_manager.migration [None req-0edc010c-8385-40e6-a934-c5b8d75ca87a None None] Using MigrationKeyManager to provide support for legacy fixed_key encryption
Jun 23 03:10:19.529704 np0000182524 devstack@c-api.service[112401]: WARNING castellan.key_manager.migration [None req-11d8ea08-8ce5-4611-9e61-8d49c8429d94 None None] Using MigrationKeyManager to provide support for legacy fixed_key encryption
Jun 23 03:10:19.531617 np0000182524 devstack@c-api.service[112400]: WARNING castellan.key_manager.migration [None req-4e299fc2-2c6a-4c6b-827b-ad9adcaedded None None] Using MigrationKeyManager to provide support for legacy fixed_key encryption
Jun 23 03:10:19.532243 np0000182524 devstack@c-api.service[112402]: WARNING castellan.key_manager.migration [None req-0edc010c-8385-40e6-a934-c5b8d75ca87a None None] Using MigrationKeyManager to provide support for legacy fixed_key encryption
Jun 23 03:10:19.532587 np0000182524 devstack@c-api.service[112401]: WARNING castellan.key_manager.migration [None req-11d8ea08-8ce5-4611-9e61-8d49c8429d94 None None] Using MigrationKeyManager to provide support for legacy fixed_key encryption
Jun 23 03:10:19.533071 np0000182524 devstack@c-api.service[112400]: WARNING castellan.key_manager.migration [None req-4e299fc2-2c6a-4c6b-827b-ad9adcaedded None None] Using MigrationKeyManager to provide support for legacy fixed_key encryption
Jun 23 03:10:19.534044 np0000182524 devstack@c-api.service[112401]: WARNING castellan.key_manager.migration [None req-11d8ea08-8ce5-4611-9e61-8d49c8429d94 None None] Using MigrationKeyManager to provide support for legacy fixed_key encryption
Jun 23 03:10:19.535748 np0000182524 devstack@c-api.service[112400]: WARNING castellan.key_manager.migration [None req-4e299fc2-2c6a-4c6b-827b-ad9adcaedded None None] Using MigrationKeyManager to provide support for legacy fixed_key encryption
Jun 23 03:10:19.536726 np0000182524 devstack@c-api.service[112401]: WARNING castellan.key_manager.migration [None req-11d8ea08-8ce5-4611-9e61-8d49c8429d94 None None] Using MigrationKeyManager to provide support for legacy fixed_key encryption
Jun 23 03:10:19.537831 np0000182524 devstack@c-api.service[112402]: WARNING castellan.key_manager.migration [None req-0edc010c-8385-40e6-a934-c5b8d75ca87a None None] Using MigrationKeyManager to provide support for legacy fixed_key encryption
Jun 23 03:10:19.541204 np0000182524 devstack@c-api.service[112402]: WARNING castellan.key_manager.migration [None req-0edc010c-8385-40e6-a934-c5b8d75ca87a None None] Using MigrationKeyManager to provide support for legacy fixed_key encryption
Jun 23 03:10:19.541397 np0000182524 devstack@c-api.service[112400]: WARNING castellan.key_manager.migration [None req-4e299fc2-2c6a-4c6b-827b-ad9adcaedded None None] Using MigrationKeyManager to provide support for legacy fixed_key encryption
Jun 23 03:10:19.542222 np0000182524 devstack@c-api.service[112401]: WARNING castellan.key_manager.migration [None req-11d8ea08-8ce5-4611-9e61-8d49c8429d94 None None] Using MigrationKeyManager to provide support for legacy fixed_key encryption
Jun 23 03:10:19.543226 np0000182524 devstack@c-api.service[112402]: WARNING castellan.key_manager.migration [None req-0edc010c-8385-40e6-a934-c5b8d75ca87a None None] Using MigrationKeyManager to provide support for legacy fixed_key encryption
Jun 23 03:10:19.544728 np0000182524 devstack@c-api.service[112402]: WARNING castellan.key_manager.migration [None req-0edc010c-8385-40e6-a934-c5b8d75ca87a None None] Using MigrationKeyManager to provide support for legacy fixed_key encryption
Jun 23 03:10:19.544846 np0000182524 devstack@c-api.service[112400]: WARNING castellan.key_manager.migration [None req-4e299fc2-2c6a-4c6b-827b-ad9adcaedded None None] Using MigrationKeyManager to provide support for legacy fixed_key encryption
Jun 23 03:10:19.545608 np0000182524 devstack@c-api.service[112401]: WARNING castellan.key_manager.migration [None req-11d8ea08-8ce5-4611-9e61-8d49c8429d94 None None] Using MigrationKeyManager to provide support for legacy fixed_key encryption
Jun 23 03:10:19.546401 np0000182524 devstack@c-api.service[112402]: WARNING castellan.key_manager.migration [None req-0edc010c-8385-40e6-a934-c5b8d75ca87a None None] Using MigrationKeyManager to provide support for legacy fixed_key encryption
Jun 23 03:10:19.546778 np0000182524 devstack@c-api.service[112400]: WARNING castellan.key_manager.migration [None req-4e299fc2-2c6a-4c6b-827b-ad9adcaedded None None] Using MigrationKeyManager to provide support for legacy fixed_key encryption
Jun 23 03:10:19.547617 np0000182524 devstack@c-api.service[112401]: WARNING castellan.key_manager.migration [None req-11d8ea08-8ce5-4611-9e61-8d49c8429d94 None None] Using MigrationKeyManager to provide support for legacy fixed_key encryption
