Jun 26 22:04:04.229673 np0000183217 devstack@neutron-api.service[103410]: INFO neutron.plugins.ml2.extensions.port_security [None req-7a0d87a3-dcfe-49b0-8777-7bf1ec693bbf None None] PortSecurityExtensionDriver initialization complete
Jun 26 22:04:04.229673 np0000183217 devstack@neutron-api.service[103410]: INFO neutron.plugins.ml2.managers [None req-7a0d87a3-dcfe-49b0-8777-7bf1ec693bbf None None] Initializing extension driver 'qos'
Jun 26 22:04:04.229913 np0000183217 devstack@neutron-api.service[103411]: DEBUG neutron.plugins.ml2.drivers.ovn.mech_driver.mech_driver [None req-aaa46da5-be0e-4f42-af27-0a554d09bee3 None None] Hash Ring setup, this worker has detected 2 OVN hash ring registers in the database {{(pid=103411) _init_hash_ring /opt/stack/neutron/neutron/plugins/ml2/drivers/ovn/mech_driver/mech_driver.py:414}}
Jun 26 22:04:04.230081 np0000183217 devstack@neutron-api.service[103410]: DEBUG neutron.plugins.ml2.extensions.qos [None req-7a0d87a3-dcfe-49b0-8777-7bf1ec693bbf None None] QosExtensionDriver initialization complete {{(pid=103410) initialize /opt/stack/neutron/neutron/plugins/ml2/extensions/qos.py:31}}
Jun 26 22:04:04.230081 np0000183217 devstack@neutron-api.service[103410]: INFO neutron.plugins.ml2.managers [None req-7a0d87a3-dcfe-49b0-8777-7bf1ec693bbf None None] Initializing mechanism driver 'ovn'
Jun 26 22:04:04.230258 np0000183217 devstack@neutron-api.service[103412]: DEBUG neutron.api.extensions [None req-764ce839-e8cb-4bd3-974d-9bdc1c528db1 None None] Extended resource: floatingips {{(pid=103412) __init__ /opt/stack/neutron/neutron/api/extensions.py:156}}
Jun 26 22:04:04.230418 np0000183217 devstack@neutron-api.service[103410]: INFO neutron.plugins.ml2.drivers.ovn.mech_driver.mech_driver [None req-7a0d87a3-dcfe-49b0-8777-7bf1ec693bbf None None] Starting OVNMechanismDriver
Jun 26 22:04:04.230555 np0000183217 devstack@neutron-api.service[103412]: DEBUG neutron.api.extensions [None req-764ce839-e8cb-4bd3-974d-9bdc1c528db1 None None] Extended resource: l3-routers {{(pid=103412) __init__ /opt/stack/neutron/neutron/api/extensions.py:156}}
Jun 26 22:04:04.231023 np0000183217 devstack@neutron-api.service[103412]: DEBUG neutron.api.extensions [None req-764ce839-e8cb-4bd3-974d-9bdc1c528db1 None None] Extended resource: l3-agents {{(pid=103412) __init__ /opt/stack/neutron/neutron/api/extensions.py:156}}
Jun 26 22:04:04.231714 np0000183217 devstack@neutron-api.service[103412]: DEBUG neutron.api.extensions [None req-764ce839-e8cb-4bd3-974d-9bdc1c528db1 None None] Extended resource: network-ip-availabilities {{(pid=103412) __init__ /opt/stack/neutron/neutron/api/extensions.py:156}}
Jun 26 22:04:04.231845 np0000183217 devstack@neutron-api.service[103410]: DEBUG neutron_lib.callbacks.manager [None req-7a0d87a3-dcfe-49b0-8777-7bf1ec693bbf None None] Subscribe: > process before_spawn 55550000, False {{(pid=103410) subscribe /opt/stack/data/venv/lib/python3.12/site-packages/neutron_lib/callbacks/manager.py:52}}
Jun 26 22:04:04.231999 np0000183217 devstack@neutron-api.service[103410]: DEBUG neutron_lib.callbacks.manager [None req-7a0d87a3-dcfe-49b0-8777-7bf1ec693bbf None None] Subscribe: > process after_init 55550000, True {{(pid=103410) subscribe /opt/stack/data/venv/lib/python3.12/site-packages/neutron_lib/callbacks/manager.py:52}}
Jun 26 22:04:04.232212 np0000183217 devstack@neutron-api.service[103410]: DEBUG neutron_lib.callbacks.manager [None req-7a0d87a3-dcfe-49b0-8777-7bf1ec693bbf None None] Subscribe: > segment after_create 55550000, False {{(pid=103410) subscribe /opt/stack/data/venv/lib/python3.12/site-packages/neutron_lib/callbacks/manager.py:52}}
Jun 26 22:04:04.232212 np0000183217 devstack@neutron-api.service[103410]: DEBUG neutron_lib.callbacks.manager [None req-7a0d87a3-dcfe-49b0-8777-7bf1ec693bbf None None] Subscribe: > segment after_create 55550000, False {{(pid=103410) subscribe /opt/stack/data/venv/lib/python3.12/site-packages/neutron_lib/callbacks/manager.py:52}}
Jun 26 22:04:04.232393 np0000183217 devstack@neutron-api.service[103410]: DEBUG neutron_lib.callbacks.manager [None req-7a0d87a3-dcfe-49b0-8777-7bf1ec693bbf None None] Subscribe: > segment after_delete 55550000, False {{(pid=103410) subscribe /opt/stack/data/venv/lib/python3.12/site-packages/neutron_lib/callbacks/manager.py:52}}
Jun 26 22:04:04.232610 np0000183217 devstack@neutron-api.service[103412]: DEBUG neutron.api.extensions [None req-764ce839-e8cb-4bd3-974d-9bdc1c528db1 None None] Extended resource: network-ip-availabilities {{(pid=103412) __init__ /opt/stack/neutron/neutron/api/extensions.py:156}}
Jun 26 22:04:04.232749 np0000183217 devstack@neutron-api.service[103410]: DEBUG neutron_lib.callbacks.manager [None req-7a0d87a3-dcfe-49b0-8777-7bf1ec693bbf None None] Subscribe: > allowed_address_pair before_create 55550000, False {{(pid=103410) subscribe /opt/stack/data/venv/lib/python3.12/site-packages/neutron_lib/callbacks/manager.py:52}}
Jun 26 22:04:04.232749 np0000183217 devstack@neutron-api.service[103410]: DEBUG neutron_lib.callbacks.manager [None req-7a0d87a3-dcfe-49b0-8777-7bf1ec693bbf None None] Subscribe: > security_group precommit_create 55550000, False {{(pid=103410) subscribe /opt/stack/data/venv/lib/python3.12/site-packages/neutron_lib/callbacks/manager.py:52}}
Jun 26 22:04:04.232749 np0000183217 devstack@neutron-api.service[103410]: DEBUG neutron_lib.callbacks.manager [None req-7a0d87a3-dcfe-49b0-8777-7bf1ec693bbf None None] Subscribe: > security_group after_update 55550000, False {{(pid=103410) subscribe /opt/stack/data/venv/lib/python3.12/site-packages/neutron_lib/callbacks/manager.py:52}}
Jun 26 22:04:04.232749 np0000183217 devstack@neutron-api.service[103410]: DEBUG neutron_lib.callbacks.manager [None req-7a0d87a3-dcfe-49b0-8777-7bf1ec693bbf None None] Subscribe: > security_group after_create 55550000, False {{(pid=103410) subscribe /opt/stack/data/venv/lib/python3.12/site-packages/neutron_lib/callbacks/manager.py:52}}
Jun 26 22:04:04.233017 np0000183217 devstack@neutron-api.service[103410]: DEBUG neutron_lib.callbacks.manager [None req-7a0d87a3-dcfe-49b0-8777-7bf1ec693bbf None None] Subscribe: > security_group precommit_delete 55550000, False {{(pid=103410) subscribe /opt/stack/data/venv/lib/python3.12/site-packages/neutron_lib/callbacks/manager.py:52}}
Jun 26 22:04:04.233017 np0000183217 devstack@neutron-api.service[103410]: DEBUG neutron_lib.callbacks.manager [None req-7a0d87a3-dcfe-49b0-8777-7bf1ec693bbf None None] Subscribe: > security_group after_delete 55550000, False {{(pid=103410) subscribe /opt/stack/data/venv/lib/python3.12/site-packages/neutron_lib/callbacks/manager.py:52}}
Jun 26 22:04:04.233223 np0000183217 devstack@neutron-api.service[103412]: DEBUG neutron.api.extensions [None req-764ce839-e8cb-4bd3-974d-9bdc1c528db1 None None] Extended resource: bindings {{(pid=103412) __init__ /opt/stack/neutron/neutron/api/extensions.py:156}}
Jun 26 22:04:04.233353 np0000183217 devstack@neutron-api.service[103410]: DEBUG neutron_lib.callbacks.manager [None req-7a0d87a3-dcfe-49b0-8777-7bf1ec693bbf None None] Subscribe: > security_group_rule precommit_create 55550000, False {{(pid=103410) subscribe /opt/stack/data/venv/lib/python3.12/site-packages/neutron_lib/callbacks/manager.py:52}}
Jun 26 22:04:04.233353 np0000183217 devstack@neutron-api.service[103410]: DEBUG neutron_lib.callbacks.manager [None req-7a0d87a3-dcfe-49b0-8777-7bf1ec693bbf None None] Subscribe: > security_group_rule after_create 55550000, False {{(pid=103410) subscribe /opt/stack/data/venv/lib/python3.12/site-packages/neutron_lib/callbacks/manager.py:52}}
Jun 26 22:04:04.233353 np0000183217 devstack@neutron-api.service[103410]: DEBUG neutron_lib.callbacks.manager [None req-7a0d87a3-dcfe-49b0-8777-7bf1ec693bbf None None] Subscribe: > security_group_rule before_delete 55550000, False {{(pid=103410) subscribe /opt/stack/data/venv/lib/python3.12/site-packages/neutron_lib/callbacks/manager.py:52}}
Jun 26 22:04:04.233353 np0000183217 devstack@neutron-api.service[103410]: DEBUG neutron_lib.callbacks.manager [None req-7a0d87a3-dcfe-49b0-8777-7bf1ec693bbf None None] Subscribe: > address_group after_create 55550000, False {{(pid=103410) subscribe /opt/stack/data/venv/lib/python3.12/site-packages/neutron_lib/callbacks/manager.py:52}}
Jun 26 22:04:04.233768 np0000183217 devstack@neutron-api.service[103410]: DEBUG neutron_lib.callbacks.manager [None req-7a0d87a3-dcfe-49b0-8777-7bf1ec693bbf None None] Subscribe: > address_group after_update 55550000, False {{(pid=103410) subscribe /opt/stack/data/venv/lib/python3.12/site-packages/neutron_lib/callbacks/manager.py:52}}
Jun 26 22:04:04.233768 np0000183217 devstack@neutron-api.service[103410]: DEBUG neutron_lib.callbacks.manager [None req-7a0d87a3-dcfe-49b0-8777-7bf1ec693bbf None None] Subscribe: > address_group after_delete 55550000, False {{(pid=103410) subscribe /opt/stack/data/venv/lib/python3.12/site-packages/neutron_lib/callbacks/manager.py:52}}
Jun 26 22:04:04.233954 np0000183217 devstack@neutron-api.service[103412]: DEBUG neutron.api.extensions [None req-764ce839-e8cb-4bd3-974d-9bdc1c528db1 None None] Extended resource: quotas {{(pid=103412) __init__ /opt/stack/neutron/neutron/api/extensions.py:156}}
Jun 26 22:04:04.234120 np0000183217 devstack@neutron-api.service[103410]: DEBUG neutron_lib.callbacks.manager [None req-7a0d87a3-dcfe-49b0-8777-7bf1ec693bbf None None] Subscribe: > qos_plugin after_init 55550000, False {{(pid=103410) subscribe /opt/stack/data/venv/lib/python3.12/site-packages/neutron_lib/callbacks/manager.py:52}}
Jun 26 22:04:04.234120 np0000183217 devstack@neutron-api.service[103410]: DEBUG neutron_lib.callbacks.manager [None req-7a0d87a3-dcfe-49b0-8777-7bf1ec693bbf None None] Subscribe: > trunk_plugin after_init 55550000, False {{(pid=103410) subscribe /opt/stack/data/venv/lib/python3.12/site-packages/neutron_lib/callbacks/manager.py:52}}
Jun 26 22:04:04.234390 np0000183217 devstack@neutron-api.service[103410]: DEBUG neutron_lib.callbacks.manager [None req-7a0d87a3-dcfe-49b0-8777-7bf1ec693bbf None None] Subscribe: > logging-plugin after_init 55550000, False {{(pid=103410) subscribe /opt/stack/data/venv/lib/python3.12/site-packages/neutron_lib/callbacks/manager.py:52}}
Jun 26 22:04:04.234683 np0000183217 devstack@neutron-api.service[103412]: DEBUG neutron.api.extensions [None req-764ce839-e8cb-4bd3-974d-9bdc1c528db1 None None] Extended resource: quotas {{(pid=103412) __init__ /opt/stack/neutron/neutron/api/extensions.py:156}}
Jun 26 22:04:04.234885 np0000183217 devstack@neutron-api.service[103410]: INFO neutron.services.logapi.drivers.ovn.driver [None req-7a0d87a3-dcfe-49b0-8777-7bf1ec693bbf None None] OVN logging driver registered
Jun 26 22:04:04.235060 np0000183217 devstack@neutron-api.service[103410]: DEBUG neutron_lib.callbacks.manager [None req-7a0d87a3-dcfe-49b0-8777-7bf1ec693bbf None None] Subscribe: ._register_pvlan_driver at 0x7d3a0a6abce0> pvlan_plugin before_spawn 55550000, False {{(pid=103410) subscribe /opt/stack/data/venv/lib/python3.12/site-packages/neutron_lib/callbacks/manager.py:52}}
Jun 26 22:04:04.235060 np0000183217 devstack@neutron-api.service[103410]: DEBUG neutron_lib.callbacks.manager [None req-7a0d87a3-dcfe-49b0-8777-7bf1ec693bbf None None] Subscribe: process after_init 55550000, False {{(pid=103410) subscribe /opt/stack/data/venv/lib/python3.12/site-packages/neutron_lib/callbacks/manager.py:52}}
Jun 26 22:04:04.235914 np0000183217 devstack@neutron-api.service[103412]: DEBUG neutron.api.extensions [None req-764ce839-e8cb-4bd3-974d-9bdc1c528db1 None None] Extended resource: rbac-policies {{(pid=103412) __init__ /opt/stack/neutron/neutron/api/extensions.py:156}}
Jun 26 22:04:04.236360 np0000183217 devstack@neutron-api.service[103412]: DEBUG neutron.api.extensions [None req-764ce839-e8cb-4bd3-974d-9bdc1c528db1 None None] Extended resource: default-security-group-rules {{(pid=103412) __init__ /opt/stack/neutron/neutron/api/extensions.py:156}}
Jun 26 22:04:04.236854 np0000183217 devstack@neutron-api.service[103410]: DEBUG neutron.plugins.ml2.plugin [None req-7a0d87a3-dcfe-49b0-8777-7bf1ec693bbf None None] neutron.plugins.ml2.plugin.Ml2Plugin method _start_rpc_notifiers called with arguments () {} {{(pid=103410) wrapper /opt/stack/data/venv/lib/python3.12/site-packages/oslo_log/helpers.py:77}}
Jun 26 22:04:04.236988 np0000183217 devstack@neutron-api.service[103412]: DEBUG neutron.api.extensions [None req-764ce839-e8cb-4bd3-974d-9bdc1c528db1 None None] Extended resource: security-groups-default-statefulness {{(pid=103412) __init__ /opt/stack/neutron/neutron/api/extensions.py:156}}
Jun 26 22:04:04.237168 np0000183217 devstack@neutron-api.service[103410]: DEBUG neutron_lib.callbacks.manager [None req-7a0d87a3-dcfe-49b0-8777-7bf1ec693bbf None None] Subscribe: > port after_create 55550000, False {{(pid=103410) subscribe /opt/stack/data/venv/lib/python3.12/site-packages/neutron_lib/callbacks/manager.py:52}}
Jun 26 22:04:04.237680 np0000183217 devstack@neutron-api.service[103410]: DEBUG neutron_lib.callbacks.manager [None req-7a0d87a3-dcfe-49b0-8777-7bf1ec693bbf None None] Subscribe: > port after_update 55550000, False {{(pid=103410) subscribe /opt/stack/data/venv/lib/python3.12/site-packages/neutron_lib/callbacks/manager.py:52}}
Jun 26 22:04:04.237680 np0000183217 devstack@neutron-api.service[103410]: DEBUG neutron_lib.callbacks.manager [None req-7a0d87a3-dcfe-49b0-8777-7bf1ec693bbf None None] Subscribe: > port after_delete 55550000, False {{(pid=103410) subscribe /opt/stack/data/venv/lib/python3.12/site-packages/neutron_lib/callbacks/manager.py:52}}
Jun 26 22:04:04.237680 np0000183217 devstack@neutron-api.service[103410]: DEBUG neutron_lib.callbacks.manager [None req-7a0d87a3-dcfe-49b0-8777-7bf1ec693bbf None None] Subscribe: > subnet after_create 55550000, False {{(pid=103410) subscribe /opt/stack/data/venv/lib/python3.12/site-packages/neutron_lib/callbacks/manager.py:52}}
Jun 26 22:04:04.237680 np0000183217 devstack@neutron-api.service[103410]: DEBUG neutron_lib.callbacks.manager [None req-7a0d87a3-dcfe-49b0-8777-7bf1ec693bbf None None] Subscribe: > subnet after_update 55550000, False {{(pid=103410) subscribe /opt/stack/data/venv/lib/python3.12/site-packages/neutron_lib/callbacks/manager.py:52}}
Jun 26 22:04:04.237940 np0000183217 devstack@neutron-api.service[103412]: DEBUG neutron.api.extensions [None req-764ce839-e8cb-4bd3-974d-9bdc1c528db1 None None] Extended resource: security-groups {{(pid=103412) __init__ /opt/stack/neutron/neutron/api/extensions.py:156}}
Jun 26 22:04:04.238114 np0000183217 devstack@neutron-api.service[103410]: DEBUG neutron_lib.callbacks.manager [None req-7a0d87a3-dcfe-49b0-8777-7bf1ec693bbf None None] Subscribe: > subnet after_delete 55550000, False {{(pid=103410) subscribe /opt/stack/data/venv/lib/python3.12/site-packages/neutron_lib/callbacks/manager.py:52}}
Jun 26 22:04:04.238114 np0000183217 devstack@neutron-api.service[103410]: DEBUG neutron_lib.callbacks.manager [None req-7a0d87a3-dcfe-49b0-8777-7bf1ec693bbf None None] Subscribe: > network after_create 55550000, False {{(pid=103410) subscribe /opt/stack/data/venv/lib/python3.12/site-packages/neutron_lib/callbacks/manager.py:52}}
Jun 26 22:04:04.238114 np0000183217 devstack@neutron-api.service[103410]: DEBUG neutron_lib.callbacks.manager [None req-7a0d87a3-dcfe-49b0-8777-7bf1ec693bbf None None] Subscribe: > network after_update 55550000, False {{(pid=103410) subscribe /opt/stack/data/venv/lib/python3.12/site-packages/neutron_lib/callbacks/manager.py:52}}
Jun 26 22:04:04.238114 np0000183217 devstack@neutron-api.service[103410]: DEBUG neutron_lib.callbacks.manager [None req-7a0d87a3-dcfe-49b0-8777-7bf1ec693bbf None None] Subscribe: > network after_delete 55550000, False {{(pid=103410) subscribe /opt/stack/data/venv/lib/python3.12/site-packages/neutron_lib/callbacks/manager.py:52}}
Jun 26 22:04:04.238581 np0000183217 devstack@neutron-api.service[103410]: DEBUG neutron_lib.callbacks.manager [None req-7a0d87a3-dcfe-49b0-8777-7bf1ec693bbf None None] Subscribe: > security_group after_create 55550000, False {{(pid=103410) subscribe /opt/stack/data/venv/lib/python3.12/site-packages/neutron_lib/callbacks/manager.py:52}}
Jun 26 22:04:04.238581 np0000183217 devstack@neutron-api.service[103410]: DEBUG neutron_lib.callbacks.manager [None req-7a0d87a3-dcfe-49b0-8777-7bf1ec693bbf None None] Subscribe: > security_group after_update 55550000, False {{(pid=103410) subscribe /opt/stack/data/venv/lib/python3.12/site-packages/neutron_lib/callbacks/manager.py:52}}
Jun 26 22:04:04.238581 np0000183217 devstack@neutron-api.service[103410]: DEBUG neutron_lib.callbacks.manager [None req-7a0d87a3-dcfe-49b0-8777-7bf1ec693bbf None None] Subscribe: > security_group after_delete 55550000, False {{(pid=103410) subscribe /opt/stack/data/venv/lib/python3.12/site-packages/neutron_lib/callbacks/manager.py:52}}
Jun 26 22:04:04.238794 np0000183217 devstack@neutron-api.service[103412]: DEBUG neutron.api.extensions [None req-764ce839-e8cb-4bd3-974d-9bdc1c528db1 None None] Extended resource: security-group-rules {{(pid=103412) __init__ /opt/stack/neutron/neutron/api/extensions.py:156}}
Jun 26 22:04:04.239381 np0000183217 devstack@neutron-api.service[103410]: DEBUG neutron_lib.callbacks.manager [None req-7a0d87a3-dcfe-49b0-8777-7bf1ec693bbf None None] Subscribe: > security_group_rule after_create 55550000, False {{(pid=103410) subscribe /opt/stack/data/venv/lib/python3.12/site-packages/neutron_lib/callbacks/manager.py:52}}
Jun 26 22:04:04.239381 np0000183217 devstack@neutron-api.service[103410]: DEBUG neutron_lib.callbacks.manager [None req-7a0d87a3-dcfe-49b0-8777-7bf1ec693bbf None None] Subscribe: > security_group_rule after_update 55550000, False {{(pid=103410) subscribe /opt/stack/data/venv/lib/python3.12/site-packages/neutron_lib/callbacks/manager.py:52}}
Jun 26 22:04:04.239381 np0000183217 devstack@neutron-api.service[103410]: DEBUG neutron_lib.callbacks.manager [None req-7a0d87a3-dcfe-49b0-8777-7bf1ec693bbf None None] Subscribe: > security_group_rule after_delete 55550000, False {{(pid=103410) subscribe /opt/stack/data/venv/lib/python3.12/site-packages/neutron_lib/callbacks/manager.py:52}}
Jun 26 22:04:04.239381 np0000183217 devstack@neutron-api.service[103410]: DEBUG neutron_lib.callbacks.manager [None req-7a0d87a3-dcfe-49b0-8777-7bf1ec693bbf None None] Subscribe: > address_group after_create 55550000, False {{(pid=103410) subscribe /opt/stack/data/venv/lib/python3.12/site-packages/neutron_lib/callbacks/manager.py:52}}
Jun 26 22:04:04.239806 np0000183217 devstack@neutron-api.service[103410]: DEBUG neutron_lib.callbacks.manager [None req-7a0d87a3-dcfe-49b0-8777-7bf1ec693bbf None None] Subscribe: > address_group after_update 55550000, False {{(pid=103410) subscribe /opt/stack/data/venv/lib/python3.12/site-packages/neutron_lib/callbacks/manager.py:52}}
Jun 26 22:04:04.239806 np0000183217 devstack@neutron-api.service[103410]: DEBUG neutron_lib.callbacks.manager [None req-7a0d87a3-dcfe-49b0-8777-7bf1ec693bbf None None] Subscribe: > address_group after_delete 55550000, False {{(pid=103410) subscribe /opt/stack/data/venv/lib/python3.12/site-packages/neutron_lib/callbacks/manager.py:52}}
Jun 26 22:04:04.239806 np0000183217 devstack@neutron-api.service[103410]: DEBUG neutron.plugins.ml2.ovo_rpc [None req-7a0d87a3-dcfe-49b0-8777-7bf1ec693bbf None None] ML2 OVO RPC backend initialized. {{(pid=103410) __init__ /opt/stack/neutron/neutron/plugins/ml2/ovo_rpc.py:117}}
Jun 26 22:04:04.240070 np0000183217 devstack@neutron-api.service[103412]: DEBUG neutron.api.extensions [None req-764ce839-e8cb-4bd3-974d-9bdc1c528db1 None None] Extended resource: service-providers {{(pid=103412) __init__ /opt/stack/neutron/neutron/api/extensions.py:156}}
Jun 26 22:04:04.240070 np0000183217 devstack@neutron-api.service[103412]: DEBUG neutron.api.extensions [None req-764ce839-e8cb-4bd3-974d-9bdc1c528db1 None None] Extended resource: subnetpools {{(pid=103412) __init__ /opt/stack/neutron/neutron/api/extensions.py:156}}
Jun 26 22:04:04.240256 np0000183217 devstack@neutron-api.service[103410]: INFO neutron.quota [None req-7a0d87a3-dcfe-49b0-8777-7bf1ec693bbf None None] Loaded quota_driver: .
Jun 26 22:04:04.240256 np0000183217 devstack@neutron-api.service[103410]: INFO neutron.plugins.ml2.plugin [None req-7a0d87a3-dcfe-49b0-8777-7bf1ec693bbf None None] Modular L2 Plugin initialization complete
Jun 26 22:04:04.240256 np0000183217 devstack@neutron-api.service[103410]: DEBUG neutron.manager [None req-7a0d87a3-dcfe-49b0-8777-7bf1ec693bbf None None] Loading services supported by the core plugin {{(pid=103410) _load_services_from_core_plugin /opt/stack/neutron/neutron/manager.py:167}}
Jun 26 22:04:04.240524 np0000183217 devstack@neutron-api.service[103412]: DEBUG neutron.api.extensions [None req-764ce839-e8cb-4bd3-974d-9bdc1c528db1 None None] Extended resource: subnetpools {{(pid=103412) __init__ /opt/stack/neutron/neutron/api/extensions.py:156}}
Jun 26 22:04:04.240661 np0000183217 devstack@neutron-api.service[103410]: INFO neutron.plugins.ml2.managers [None req-7a0d87a3-dcfe-49b0-8777-7bf1ec693bbf None None] Got port-security extension from driver 'port_security'
Jun 26 22:04:04.240888 np0000183217 devstack@neutron-api.service[103410]: DEBUG neutron.manager [None req-7a0d87a3-dcfe-49b0-8777-7bf1ec693bbf None None] Loading service plugins: ['ovn-router', 'auto_allocate', 'tag', 'timestamp', 'network_ip_availability', 'flavors', 'revisions'] {{(pid=103410) _load_service_plugins /opt/stack/neutron/neutron/manager.py:192}}
Jun 26 22:04:04.240888 np0000183217 devstack@neutron-api.service[103410]: INFO neutron.manager [None req-7a0d87a3-dcfe-49b0-8777-7bf1ec693bbf None None] Loading Plugin: ovn-router
Jun 26 22:04:04.241115 np0000183217 devstack@neutron-api.service[103412]: DEBUG neutron.api.extensions [None req-764ce839-e8cb-4bd3-974d-9bdc1c528db1 None None] Extended resource: tags {{(pid=103412) __init__ /opt/stack/neutron/neutron/api/extensions.py:156}}
Jun 26 22:04:04.242020 np0000183217 devstack@neutron-api.service[103412]: DEBUG neutron.api.extensions [None req-764ce839-e8cb-4bd3-974d-9bdc1c528db1 None None] Extended resource: tags {{(pid=103412) __init__ /opt/stack/neutron/neutron/api/extensions.py:156}}
Jun 26 22:04:04.243084 np0000183217 devstack@neutron-api.service[103412]: DEBUG neutron.api.extensions [None req-764ce839-e8cb-4bd3-974d-9bdc1c528db1 None None] Extended resource: tags {{(pid=103412) __init__ /opt/stack/neutron/neutron/api/extensions.py:156}}
Jun 26 22:04:04.244582 np0000183217 devstack@neutron-api.service[103412]: DEBUG neutron.api.extensions [None req-764ce839-e8cb-4bd3-974d-9bdc1c528db1 None None] Extended resource: tags {{(pid=103412) __init__ /opt/stack/neutron/neutron/api/extensions.py:156}}
Jun 26 22:04:04.244895 np0000183217 devstack@neutron-api.service[103411]: DEBUG neutron.plugins.ml2.drivers.ovn.mech_driver.ovsdb.maintenance [None req-aaa46da5-be0e-4f42-af27-0a554d09bee3 None None] Periodic task found: HashRingHealthCheckPeriodics.touch_hash_ring_node {{(pid=103411) add_periodics /opt/stack/neutron/neutron/plugins/ml2/drivers/ovn/mech_driver/ovsdb/maintenance.py:146}}
Jun 26 22:04:04.245888 np0000183217 devstack@neutron-api.service[103412]: DEBUG neutron.api.extensions [None req-764ce839-e8cb-4bd3-974d-9bdc1c528db1 None None] Extended resource: tags {{(pid=103412) __init__ /opt/stack/neutron/neutron/api/extensions.py:156}}
Jun 26 22:04:04.246498 np0000183217 devstack@neutron-api.service[103411]: INFO neutron.plugins.ml2.drivers.ovn.mech_driver.mech_driver [None req-aaa46da5-be0e-4f42-af27-0a554d09bee3 None None] Hash Ring probing thread for node 9344a2b234265749ad51350b996a320c has started
Jun 26 22:04:04.246658 np0000183217 devstack@neutron-api.service[103412]: DEBUG neutron.api.extensions [None req-764ce839-e8cb-4bd3-974d-9bdc1c528db1 None None] Extended resource: tags {{(pid=103412) __init__ /opt/stack/neutron/neutron/api/extensions.py:156}}
Jun 26 22:04:04.247158 np0000183217 devstack@neutron-api.service[103411]: INFO neutron.plugins.ml2.drivers.ovn.mech_driver.ovsdb.impl_idl_ovn [None req-aaa46da5-be0e-4f42-af27-0a554d09bee3 None None] Getting OvsdbNbOvnIdl for WorkerService with retry
Jun 26 22:04:04.247967 np0000183217 devstack@neutron-api.service[103412]: DEBUG neutron.api.extensions [None req-764ce839-e8cb-4bd3-974d-9bdc1c528db1 None None] Extended resource: tags {{(pid=103412) __init__ /opt/stack/neutron/neutron/api/extensions.py:156}}
Jun 26 22:04:04.251287 np0000183217 devstack@neutron-api.service[103412]: DEBUG neutron.api.extensions [None req-764ce839-e8cb-4bd3-974d-9bdc1c528db1 None None] Extended resource: tags {{(pid=103412) __init__ /opt/stack/neutron/neutron/api/extensions.py:156}}
Jun 26 22:04:04.252012 np0000183217 devstack@neutron-api.service[103412]: DEBUG neutron.api.extensions [None req-764ce839-e8cb-4bd3-974d-9bdc1c528db1 None None] Extended resource: tags {{(pid=103412) __init__ /opt/stack/neutron/neutron/api/extensions.py:156}}
Jun 26 22:04:04.252715 np0000183217 devstack@neutron-api.service[103412]: DEBUG neutron.api.extensions [None req-764ce839-e8cb-4bd3-974d-9bdc1c528db1 None None] Extended resource: tags {{(pid=103412) __init__ /opt/stack/neutron/neutron/api/extensions.py:156}}
Jun 26 22:04:04.253008 np0000183217 devstack@neutron-api.service[103410]: DEBUG neutron_lib.callbacks.manager [None req-7a0d87a3-dcfe-49b0-8777-7bf1ec693bbf None None] Subscribe: > router before_delete 55550000, False {{(pid=103410) subscribe /opt/stack/data/venv/lib/python3.12/site-packages/neutron_lib/callbacks/manager.py:52}}
Jun 26 22:04:04.255316 np0000183217 devstack@neutron-api.service[103410]: DEBUG neutron_lib.callbacks.manager [None req-7a0d87a3-dcfe-49b0-8777-7bf1ec693bbf None None] Subscribe: port before_update 55550000, False {{(pid=103410) subscribe /opt/stack/data/venv/lib/python3.12/site-packages/neutron_lib/callbacks/manager.py:52}}
Jun 26 22:04:04.255461 np0000183217 devstack@neutron-api.service[103410]: DEBUG neutron_lib.callbacks.manager [None req-7a0d87a3-dcfe-49b0-8777-7bf1ec693bbf None None] Subscribe: port after_update 55550000, False {{(pid=103410) subscribe /opt/stack/data/venv/lib/python3.12/site-packages/neutron_lib/callbacks/manager.py:52}}
Jun 26 22:04:04.255601 np0000183217 devstack@neutron-api.service[103410]: DEBUG neutron_lib.callbacks.manager [None req-7a0d87a3-dcfe-49b0-8777-7bf1ec693bbf None None] Subscribe: > port precommit_delete 55550000, False {{(pid=103410) subscribe /opt/stack/data/venv/lib/python3.12/site-packages/neutron_lib/callbacks/manager.py:52}}
Jun 26 22:04:04.255708 np0000183217 devstack@neutron-api.service[103410]: DEBUG neutron_lib.callbacks.manager [None req-7a0d87a3-dcfe-49b0-8777-7bf1ec693bbf None None] Subscribe: port before_update 55550000, False {{(pid=103410) subscribe /opt/stack/data/venv/lib/python3.12/site-packages/neutron_lib/callbacks/manager.py:52}}
Jun 26 22:04:04.255832 np0000183217 devstack@neutron-api.service[103410]: DEBUG neutron_lib.callbacks.manager [None req-7a0d87a3-dcfe-49b0-8777-7bf1ec693bbf None None] Subscribe: port before_delete 55550000, False {{(pid=103410) subscribe /opt/stack/data/venv/lib/python3.12/site-packages/neutron_lib/callbacks/manager.py:52}}
Jun 26 22:04:04.255832 np0000183217 devstack@neutron-api.service[103410]: DEBUG neutron_lib.callbacks.manager [None req-7a0d87a3-dcfe-49b0-8777-7bf1ec693bbf None None] Subscribe: > router precommit_create 55550000, False {{(pid=103410) subscribe /opt/stack/data/venv/lib/python3.12/site-packages/neutron_lib/callbacks/manager.py:52}}
Jun 26 22:04:04.256124 np0000183217 devstack@neutron-api.service[103410]: DEBUG neutron_lib.callbacks.manager [None req-7a0d87a3-dcfe-49b0-8777-7bf1ec693bbf None None] Subscribe: > router precommit_create 55550000, False {{(pid=103410) subscribe /opt/stack/data/venv/lib/python3.12/site-packages/neutron_lib/callbacks/manager.py:52}}
Jun 26 22:04:04.256124 np0000183217 devstack@neutron-api.service[103410]: DEBUG neutron_lib.callbacks.manager [None req-7a0d87a3-dcfe-49b0-8777-7bf1ec693bbf None None] Subscribe: > router precommit_update 55550000, False {{(pid=103410) subscribe /opt/stack/data/venv/lib/python3.12/site-packages/neutron_lib/callbacks/manager.py:52}}
Jun 26 22:04:04.256340 np0000183217 devstack@neutron-api.service[103410]: DEBUG neutron_lib.callbacks.manager [None req-7a0d87a3-dcfe-49b0-8777-7bf1ec693bbf None None] Subscribe: subnet after_update 55550000, False {{(pid=103410) subscribe /opt/stack/data/venv/lib/python3.12/site-packages/neutron_lib/callbacks/manager.py:52}}
Jun 26 22:04:04.256459 np0000183217 devstack@neutron-api.service[103410]: DEBUG neutron.quota.resource_registry [None req-7a0d87a3-dcfe-49b0-8777-7bf1ec693bbf None None] Tracking information for resource: router configured {{(pid=103410) set_tracked_resource /opt/stack/neutron/neutron/quota/resource_registry.py:203}}
Jun 26 22:04:04.256608 np0000183217 devstack@neutron-api.service[103410]: DEBUG neutron.quota.resource_registry [None req-7a0d87a3-dcfe-49b0-8777-7bf1ec693bbf None None] Tracking information for resource: floatingip configured {{(pid=103410) set_tracked_resource /opt/stack/neutron/neutron/quota/resource_registry.py:203}}
Jun 26 22:04:04.256608 np0000183217 devstack@neutron-api.service[103410]: INFO neutron.services.ovn_l3.plugin [None req-7a0d87a3-dcfe-49b0-8777-7bf1ec693bbf None None] Starting OVNL3RouterPlugin
Jun 26 22:04:04.256908 np0000183217 devstack@neutron-api.service[103410]: DEBUG neutron_lib.callbacks.manager [None req-7a0d87a3-dcfe-49b0-8777-7bf1ec693bbf None None] Subscribe: > port_forwarding_plugin after_init 55550000, False {{(pid=103410) subscribe /opt/stack/data/venv/lib/python3.12/site-packages/neutron_lib/callbacks/manager.py:52}}
Jun 26 22:04:04.257110 np0000183217 devstack@neutron-api.service[103410]: DEBUG neutron_lib.callbacks.manager [None req-7a0d87a3-dcfe-49b0-8777-7bf1ec693bbf None None] Subscribe: > router before_create 55550100, False {{(pid=103410) subscribe /opt/stack/data/venv/lib/python3.12/site-packages/neutron_lib/callbacks/manager.py:52}}
Jun 26 22:04:04.257219 np0000183217 devstack@neutron-api.service[103410]: DEBUG neutron_lib.callbacks.manager [None req-7a0d87a3-dcfe-49b0-8777-7bf1ec693bbf None None] Subscribe: > router precommit_delete 55550100, False {{(pid=103410) subscribe /opt/stack/data/venv/lib/python3.12/site-packages/neutron_lib/callbacks/manager.py:52}}
Jun 26 22:04:04.257354 np0000183217 devstack@neutron-api.service[103410]: DEBUG neutron_lib.callbacks.manager [None req-7a0d87a3-dcfe-49b0-8777-7bf1ec693bbf None None] Subscribe: > router precommit_create 55550100, False {{(pid=103410) subscribe /opt/stack/data/venv/lib/python3.12/site-packages/neutron_lib/callbacks/manager.py:52}}
Jun 26 22:04:04.259727 np0000183217 devstack@neutron-api.service[103410]: DEBUG neutron_lib.callbacks.manager [None req-7a0d87a3-dcfe-49b0-8777-7bf1ec693bbf None None] Subscribe: > router precommit_update 55550100, False {{(pid=103410) subscribe /opt/stack/data/venv/lib/python3.12/site-packages/neutron_lib/callbacks/manager.py:52}}
Jun 26 22:04:04.264937 np0000183217 devstack@neutron-api.service[103410]: DEBUG neutron.services.provider_configuration [None req-7a0d87a3-dcfe-49b0-8777-7bf1ec693bbf None None] Service providers = [] {{(pid=103410) parse_service_provider_opt /opt/stack/neutron/neutron/services/provider_configuration.py:170}}
Jun 26 22:04:04.264937 np0000183217 devstack@neutron-api.service[103410]: DEBUG neutron.db.servicetype_db [None req-7a0d87a3-dcfe-49b0-8777-7bf1ec693bbf None None] Adding provider configuration for service L3_ROUTER_NAT {{(pid=103410) add_provider_configuration /opt/stack/neutron/neutron/db/servicetype_db.py:45}}
Jun 26 22:04:04.266529 np0000183217 devstack@neutron-api.service[103412]: DEBUG neutron_lib.callbacks.manager [None req-764ce839-e8cb-4bd3-974d-9bdc1c528db1 None None] Publish callbacks ['neutron.plugins.ml2.drivers.ovn.mech_driver.mech_driver.OVNMechanismDriver.pre_fork_initialize-312985'] for process (None), before_spawn {{(pid=103412) _notify_loop /opt/stack/data/venv/lib/python3.12/site-packages/neutron_lib/callbacks/manager.py:184}}
Jun 26 22:04:04.267313 np0000183217 devstack@neutron-api.service[103412]: DEBUG oslo_concurrency.processutils [None req-764ce839-e8cb-4bd3-974d-9bdc1c528db1 None None] Running cmd (subprocess): ovsdb-client transact ssl:199.204.45.238:6641 --timeout 180 -p /opt/stack/data/CA/int-ca/private/devstack-cert.key -c /opt/stack/data/CA/int-ca/devstack-cert.crt -C /opt/stack/data/CA/int-ca/ca-chain.pem ["OVN_Northbound", {"op": "wait", "timeout": 0, "table": "Port_Group", "where": [["name", "==", "neutron_pg_drop"]], "until": "==", "rows": []}, {"op": "insert", "table": "ACL", "row": {"action": "drop", "direction": "to-lport", "match": "outport == @neutron_pg_drop && ip", "priority": 1001}, "uuid-name": "droptoport"}, {"op": "insert", "table": "ACL", "row": {"action": "drop", "direction": "from-lport", "match": "inport == @neutron_pg_drop && ip", "priority": 1001}, "uuid-name": "dropfromport"}, {"op": "insert", "table": "Port_Group", "row": {"name": "neutron_pg_drop", "acls": ["set", [["named-uuid", "droptoport"], ["named-uuid", "dropfromport"]]]}}] {{(pid=103412) execute /opt/stack/data/venv/lib/python3.12/site-packages/oslo_concurrency/processutils.py:440}}
Jun 26 22:04:04.270492 np0000183217 devstack@neutron-api.service[103410]: DEBUG neutron_lib.callbacks.manager [None req-7a0d87a3-dcfe-49b0-8777-7bf1ec693bbf None None] Subscribe: > router precommit_create 55549900, False {{(pid=103410) subscribe /opt/stack/data/venv/lib/python3.12/site-packages/neutron_lib/callbacks/manager.py:52}}
Jun 26 22:04:04.270742 np0000183217 devstack@neutron-api.service[103410]: DEBUG neutron_lib.callbacks.manager [None req-7a0d87a3-dcfe-49b0-8777-7bf1ec693bbf None None] Subscribe: > router_interface after_create 55550000, False {{(pid=103410) subscribe /opt/stack/data/venv/lib/python3.12/site-packages/neutron_lib/callbacks/manager.py:52}}
Jun 26 22:04:04.270742 np0000183217 devstack@neutron-api.service[103410]: DEBUG neutron_lib.callbacks.manager [None req-7a0d87a3-dcfe-49b0-8777-7bf1ec693bbf None None] Subscribe: > floatingip after_create 55550000, False {{(pid=103410) subscribe /opt/stack/data/venv/lib/python3.12/site-packages/neutron_lib/callbacks/manager.py:52}}
Jun 26 22:04:04.270742 np0000183217 devstack@neutron-api.service[103410]: DEBUG neutron_lib.callbacks.manager [None req-7a0d87a3-dcfe-49b0-8777-7bf1ec693bbf None None] Subscribe: > floatingip precommit_create 55550000, False {{(pid=103410) subscribe /opt/stack/data/venv/lib/python3.12/site-packages/neutron_lib/callbacks/manager.py:52}}
Jun 26 22:04:04.270914 np0000183217 devstack@neutron-api.service[103410]: DEBUG neutron_lib.callbacks.manager [None req-7a0d87a3-dcfe-49b0-8777-7bf1ec693bbf None None] Subscribe: > floatingip precommit_update 55550000, False {{(pid=103410) subscribe /opt/stack/data/venv/lib/python3.12/site-packages/neutron_lib/callbacks/manager.py:52}}
Jun 26 22:04:04.270914 np0000183217 devstack@neutron-api.service[103410]: DEBUG neutron_lib.callbacks.manager [None req-7a0d87a3-dcfe-49b0-8777-7bf1ec693bbf None None] Subscribe: > floatingip after_delete 55550000, False {{(pid=103410) subscribe /opt/stack/data/venv/lib/python3.12/site-packages/neutron_lib/callbacks/manager.py:52}}
Jun 26 22:04:04.271230 np0000183217 devstack@neutron-api.service[103410]: DEBUG neutron_lib.callbacks.manager [None req-7a0d87a3-dcfe-49b0-8777-7bf1ec693bbf None None] Subscribe: > floatingip after_status_update 55550000, False {{(pid=103410) subscribe /opt/stack/data/venv/lib/python3.12/site-packages/neutron_lib/callbacks/manager.py:52}}
Jun 26 22:04:04.271230 np0000183217 devstack@neutron-api.service[103410]: DEBUG neutron_lib.callbacks.manager [None req-7a0d87a3-dcfe-49b0-8777-7bf1ec693bbf None None] Subscribe: > floatingip after_update 55550000, False {{(pid=103410) subscribe /opt/stack/data/venv/lib/python3.12/site-packages/neutron_lib/callbacks/manager.py:52}}
Jun 26 22:04:04.271396 np0000183217 devstack@neutron-api.service[103410]: DEBUG neutron_lib.callbacks.manager [None req-7a0d87a3-dcfe-49b0-8777-7bf1ec693bbf None None] Subscribe: > port_forwarding after_create 55550000, False {{(pid=103410) subscribe /opt/stack/data/venv/lib/python3.12/site-packages/neutron_lib/callbacks/manager.py:52}}
Jun 26 22:04:04.271396 np0000183217 devstack@neutron-api.service[103410]: DEBUG neutron_lib.callbacks.manager [None req-7a0d87a3-dcfe-49b0-8777-7bf1ec693bbf None None] Subscribe: > router_interface after_delete 55550000, False {{(pid=103410) subscribe /opt/stack/data/venv/lib/python3.12/site-packages/neutron_lib/callbacks/manager.py:52}}
Jun 26 22:04:04.271539 np0000183217 devstack@neutron-api.service[103410]: DEBUG neutron_lib.callbacks.manager [None req-7a0d87a3-dcfe-49b0-8777-7bf1ec693bbf None None] Subscribe: > router after_create 55550000, False {{(pid=103410) subscribe /opt/stack/data/venv/lib/python3.12/site-packages/neutron_lib/callbacks/manager.py:52}}
Jun 26 22:04:04.271633 np0000183217 devstack@neutron-api.service[103410]: DEBUG neutron_lib.callbacks.manager [None req-7a0d87a3-dcfe-49b0-8777-7bf1ec693bbf None None] Subscribe: > router precommit_create 55550000, False {{(pid=103410) subscribe /opt/stack/data/venv/lib/python3.12/site-packages/neutron_lib/callbacks/manager.py:52}}
Jun 26 22:04:04.271739 np0000183217 devstack@neutron-api.service[103410]: DEBUG neutron_lib.callbacks.manager [None req-7a0d87a3-dcfe-49b0-8777-7bf1ec693bbf None None] Subscribe: > router after_delete 55550000, False {{(pid=103410) subscribe /opt/stack/data/venv/lib/python3.12/site-packages/neutron_lib/callbacks/manager.py:52}}
Jun 26 22:04:04.272060 np0000183217 devstack@neutron-api.service[103410]: DEBUG neutron_lib.callbacks.manager [None req-7a0d87a3-dcfe-49b0-8777-7bf1ec693bbf None None] Subscribe: > router after_update 55550000, False {{(pid=103410) subscribe /opt/stack/data/venv/lib/python3.12/site-packages/neutron_lib/callbacks/manager.py:52}}
Jun 26 22:04:04.272060 np0000183217 devstack@neutron-api.service[103410]: DEBUG neutron.services.service_base [None req-7a0d87a3-dcfe-49b0-8777-7bf1ec693bbf None None] Loaded 'neutron.services.ovn_l3.service_providers.ovn.OvnDriver' provider for service L3_ROUTER_NAT {{(pid=103410) load_drivers /opt/stack/neutron/neutron/services/service_base.py:49}}
Jun 26 22:04:04.272060 np0000183217 devstack@neutron-api.service[103410]: DEBUG neutron_lib.callbacks.manager [None req-7a0d87a3-dcfe-49b0-8777-7bf1ec693bbf None None] Subscribe: > process after_init 55550001, True {{(pid=103410) subscribe /opt/stack/data/venv/lib/python3.12/site-packages/neutron_lib/callbacks/manager.py:52}}
Jun 26 22:04:04.276118 np0000183217 devstack@neutron-api.service[103410]: DEBUG neutron.manager [None req-7a0d87a3-dcfe-49b0-8777-7bf1ec693bbf None None] Successfully loaded L3_ROUTER_NAT plugin. Description: L3 Router Service Plugin for basic L3 forwarding using OVN {{(pid=103410) _create_and_add_service_plugin /opt/stack/neutron/neutron/manager.py:236}}
Jun 26 22:04:04.276498 np0000183217 devstack@neutron-api.service[103410]: INFO neutron.manager [None req-7a0d87a3-dcfe-49b0-8777-7bf1ec693bbf None None] Loading Plugin: auto_allocate
Jun 26 22:04:04.277743 np0000183217 devstack@neutron-api.service[103410]: DEBUG neutron_lib.callbacks.manager [None req-7a0d87a3-dcfe-49b0-8777-7bf1ec693bbf None None] Subscribe: network precommit_update 55550000, False {{(pid=103410) subscribe /opt/stack/data/venv/lib/python3.12/site-packages/neutron_lib/callbacks/manager.py:52}}
Jun 26 22:04:04.277743 np0000183217 devstack@neutron-api.service[103410]: DEBUG neutron_lib.callbacks.manager [None req-7a0d87a3-dcfe-49b0-8777-7bf1ec693bbf None None] Subscribe: network precommit_create 55550000, False {{(pid=103410) subscribe /opt/stack/data/venv/lib/python3.12/site-packages/neutron_lib/callbacks/manager.py:52}}
Jun 26 22:04:04.281363 np0000183217 devstack@neutron-api.service[103410]: DEBUG neutron.manager [None req-7a0d87a3-dcfe-49b0-8777-7bf1ec693bbf None None] Successfully loaded auto-allocated-topology plugin. Description: Auto Allocated Topology - aka get me a network. {{(pid=103410) _create_and_add_service_plugin /opt/stack/neutron/neutron/manager.py:236}}
Jun 26 22:04:04.281363 np0000183217 devstack@neutron-api.service[103410]: INFO neutron.manager [None req-7a0d87a3-dcfe-49b0-8777-7bf1ec693bbf None None] Loading Plugin: tag
Jun 26 22:04:04.285040 np0000183217 devstack@neutron-api.service[103410]: DEBUG neutron.manager [None req-7a0d87a3-dcfe-49b0-8777-7bf1ec693bbf None None] Successfully loaded TAG plugin. Description: Tag support {{(pid=103410) _create_and_add_service_plugin /opt/stack/neutron/neutron/manager.py:236}}
Jun 26 22:04:04.285040 np0000183217 devstack@neutron-api.service[103410]: INFO neutron.manager [None req-7a0d87a3-dcfe-49b0-8777-7bf1ec693bbf None None] Loading Plugin: timestamp
Jun 26 22:04:04.286394 np0000183217 devstack@neutron-api.service[103410]: DEBUG neutron.manager [None req-7a0d87a3-dcfe-49b0-8777-7bf1ec693bbf None None] Successfully loaded timestamp plugin. Description: Adds timestamps to Neutron resources with standard attributes {{(pid=103410) _create_and_add_service_plugin /opt/stack/neutron/neutron/manager.py:236}}
Jun 26 22:04:04.286497 np0000183217 devstack@neutron-api.service[103410]: INFO neutron.manager [None req-7a0d87a3-dcfe-49b0-8777-7bf1ec693bbf None None] Loading Plugin: network_ip_availability
Jun 26 22:04:04.288431 np0000183217 devstack@neutron-api.service[103410]: DEBUG neutron.manager [None req-7a0d87a3-dcfe-49b0-8777-7bf1ec693bbf None None] Successfully loaded network-ip-availability plugin. Description: Provides IP availability data for each network and subnet. {{(pid=103410) _create_and_add_service_plugin /opt/stack/neutron/neutron/manager.py:236}}
Jun 26 22:04:04.288431 np0000183217 devstack@neutron-api.service[103410]: INFO neutron.manager [None req-7a0d87a3-dcfe-49b0-8777-7bf1ec693bbf None None] Loading Plugin: flavors
Jun 26 22:04:04.289241 np0000183217 devstack@neutron-api.service[103410]: DEBUG neutron.manager [None req-7a0d87a3-dcfe-49b0-8777-7bf1ec693bbf None None] Successfully loaded FLAVORS plugin. Description: Neutron Flavors and Service Profiles manager plugin {{(pid=103410) _create_and_add_service_plugin /opt/stack/neutron/neutron/manager.py:236}}
Jun 26 22:04:04.289683 np0000183217 devstack@neutron-api.service[103410]: INFO neutron.manager [None req-7a0d87a3-dcfe-49b0-8777-7bf1ec693bbf None None] Loading Plugin: revisions
Jun 26 22:04:04.290635 np0000183217 devstack@neutron-api.service[103410]: DEBUG neutron.manager [None req-7a0d87a3-dcfe-49b0-8777-7bf1ec693bbf None None] Successfully loaded revision_plugin plugin. Description: Adds revision numbers to resources. {{(pid=103410) _create_and_add_service_plugin /opt/stack/neutron/neutron/manager.py:236}}
Jun 26 22:04:04.290976 np0000183217 devstack@neutron-api.service[103410]: DEBUG oslo_concurrency.lockutils [None req-7a0d87a3-dcfe-49b0-8777-7bf1ec693bbf None None] Lock "manager" "released" by "neutron.manager.NeutronManager._create_instance" :: held 5.996s {{(pid=103410) inner /opt/stack/data/venv/lib/python3.12/site-packages/oslo_concurrency/lockutils.py:543}}
Jun 26 22:04:04.291355 np0000183217 devstack@neutron-api.service[103410]: DEBUG neutron.api.extensions [None req-7a0d87a3-dcfe-49b0-8777-7bf1ec693bbf None None] get_extension_paths = OrderedDict({'/opt/stack/neutron/neutron/extensions': 1}) {{(pid=103410) get_extensions_path /opt/stack/neutron/neutron/api/extensions.py:640}}
Jun 26 22:04:04.291355 np0000183217 devstack@neutron-api.service[103410]: INFO neutron.api.extensions [None req-7a0d87a3-dcfe-49b0-8777-7bf1ec693bbf None None] Initializing extension manager.
Jun 26 22:04:04.291733 np0000183217 devstack@neutron-api.service[103410]: DEBUG neutron.api.extensions [None req-7a0d87a3-dcfe-49b0-8777-7bf1ec693bbf None None] Loading extension file: __init__.py {{(pid=103410) _load_all_extensions_from_path /opt/stack/neutron/neutron/api/extensions.py:449}}
Jun 26 22:04:04.291733 np0000183217 devstack@neutron-api.service[103410]: DEBUG neutron.api.extensions [None req-7a0d87a3-dcfe-49b0-8777-7bf1ec693bbf None None] Loading extension file: __pycache__ {{(pid=103410) _load_all_extensions_from_path /opt/stack/neutron/neutron/api/extensions.py:449}}
Jun 26 22:04:04.291733 np0000183217 devstack@neutron-api.service[103410]: DEBUG neutron.api.extensions [None req-7a0d87a3-dcfe-49b0-8777-7bf1ec693bbf None None] Loading extension file: aap_reject_multicast.py {{(pid=103410) _load_all_extensions_from_path /opt/stack/neutron/neutron/api/extensions.py:449}}
Jun 26 22:04:04.292134 np0000183217 devstack@neutron-api.service[103410]: DEBUG neutron.api.extensions [None req-7a0d87a3-dcfe-49b0-8777-7bf1ec693bbf None None] Ext name="Allowed address pairs reject multicast extension" alias="aap-reject-multicast" description="Reject multicast addresses in Allowed Address Pairs" updated="2026-04-01T00:00:00-00:00" {{(pid=103410) _check_extension /opt/stack/neutron/neutron/api/extensions.py:415}}
Jun 26 22:04:04.292418 np0000183217 devstack@neutron-api.service[103410]: INFO neutron.api.extensions [None req-7a0d87a3-dcfe-49b0-8777-7bf1ec693bbf None None] Extension aap-reject-multicast not supported by any of loaded plugins
Jun 26 22:04:04.292418 np0000183217 devstack@neutron-api.service[103410]: DEBUG neutron.api.extensions [None req-7a0d87a3-dcfe-49b0-8777-7bf1ec693bbf None None] Loading extension file: address_group.py {{(pid=103410) _load_all_extensions_from_path /opt/stack/neutron/neutron/api/extensions.py:449}}
Jun 26 22:04:04.292790 np0000183217 devstack@neutron-api.service[103410]: DEBUG neutron.api.extensions [None req-7a0d87a3-dcfe-49b0-8777-7bf1ec693bbf None None] Ext name="Address group" alias="address-group" description="Support address group" updated="2020-07-15T10:00:00-00:00" {{(pid=103410) _check_extension /opt/stack/neutron/neutron/api/extensions.py:415}}
Jun 26 22:04:04.292790 np0000183217 devstack@neutron-api.service[103410]: INFO neutron.api.extensions [None req-7a0d87a3-dcfe-49b0-8777-7bf1ec693bbf None None] Loaded extension: address-group
Jun 26 22:04:04.292916 np0000183217 devstack@neutron-api.service[103410]: DEBUG neutron.api.extensions [None req-7a0d87a3-dcfe-49b0-8777-7bf1ec693bbf None None] Loading extension file: address_scope.py {{(pid=103410) _load_all_extensions_from_path /opt/stack/neutron/neutron/api/extensions.py:449}}
Jun 26 22:04:04.293291 np0000183217 devstack@neutron-api.service[103410]: DEBUG neutron.api.extensions [None req-7a0d87a3-dcfe-49b0-8777-7bf1ec693bbf None None] Ext name="Address scope" alias="address-scope" description="Address scopes extension." updated="2015-07-26T10:00:00-00:00" {{(pid=103410) _check_extension /opt/stack/neutron/neutron/api/extensions.py:415}}
Jun 26 22:04:04.293420 np0000183217 devstack@neutron-api.service[103410]: INFO neutron.api.extensions [None req-7a0d87a3-dcfe-49b0-8777-7bf1ec693bbf None None] Loaded extension: address-scope
Jun 26 22:04:04.293516 np0000183217 devstack@neutron-api.service[103410]: DEBUG neutron.api.extensions [None req-7a0d87a3-dcfe-49b0-8777-7bf1ec693bbf None None] Loading extension file: admin_state_down_before_update.py {{(pid=103410) _load_all_extensions_from_path /opt/stack/neutron/neutron/api/extensions.py:449}}
Jun 26 22:04:04.293897 np0000183217 devstack@neutron-api.service[103410]: DEBUG neutron.api.extensions [None req-7a0d87a3-dcfe-49b0-8777-7bf1ec693bbf None None] Ext name="Enforce Router's Admin State Down Before Update Extension" alias="router-admin-state-down-before-update" description="Ensure that the admin state of a router is DOWN (admin_state_up=False) before updating the distributed attribute" updated="2019-07-02T15:56:00" {{(pid=103410) _check_extension /opt/stack/neutron/neutron/api/extensions.py:415}}
Jun 26 22:04:04.294001 np0000183217 devstack@neutron-api.service[103410]: INFO neutron.api.extensions [None req-7a0d87a3-dcfe-49b0-8777-7bf1ec693bbf None None] Extension router-admin-state-down-before-update not supported by any of loaded plugins
Jun 26 22:04:04.294320 np0000183217 devstack@neutron-api.service[103410]: DEBUG neutron.api.extensions [None req-7a0d87a3-dcfe-49b0-8777-7bf1ec693bbf None None] Loading extension file: agent.py {{(pid=103410) _load_all_extensions_from_path /opt/stack/neutron/neutron/api/extensions.py:449}}
Jun 26 22:04:04.294432 np0000183217 devstack@neutron-api.service[103410]: DEBUG neutron.api.extensions [None req-7a0d87a3-dcfe-49b0-8777-7bf1ec693bbf None None] Ext name="agent" alias="agent" description="The agent management extension." updated="2013-02-03T10:00:00-00:00" {{(pid=103410) _check_extension /opt/stack/neutron/neutron/api/extensions.py:415}}
Jun 26 22:04:04.294746 np0000183217 devstack@neutron-api.service[103410]: INFO neutron.api.extensions [None req-7a0d87a3-dcfe-49b0-8777-7bf1ec693bbf None None] Loaded extension: agent
Jun 26 22:04:04.294746 np0000183217 devstack@neutron-api.service[103410]: DEBUG neutron.api.extensions [None req-7a0d87a3-dcfe-49b0-8777-7bf1ec693bbf None None] Loading extension file: agent_resources_synced.py {{(pid=103410) _load_all_extensions_from_path /opt/stack/neutron/neutron/api/extensions.py:449}}
Jun 26 22:04:04.295119 np0000183217 devstack@neutron-api.service[103410]: DEBUG neutron.api.extensions [None req-7a0d87a3-dcfe-49b0-8777-7bf1ec693bbf None None] Ext name="Agent's Resource View Synced to Placement" alias="agent-resources-synced" description="Stores success/failure of last sync to Placement" updated="2018-12-19T00:00:00-00:00" {{(pid=103410) _check_extension /opt/stack/neutron/neutron/api/extensions.py:415}}
Jun 26 22:04:04.295119 np0000183217 devstack@neutron-api.service[103410]: INFO neutron.api.extensions [None req-7a0d87a3-dcfe-49b0-8777-7bf1ec693bbf None None] Extension agent-resources-synced not supported by any of loaded plugins
