2026-07-09 14:20:39.982 10 INFO neutron.db.ovn_revision_numbers_db [None req-6be302ab-2853-41ab-9591-b9bd9696fc67 - - - - - -] Successfully bumped revision number for resource 40707c96-5d6d-41ac-9dfa-287aff27681f (type: ports) to 4
2026-07-09 14:20:40.197 10 INFO neutron.api.wsgi [-] 10.0.0.205 "GET / HTTP/1.1" status: 200 len: 247 time: 0.0012596
2026-07-09 14:20:40.199 10 INFO neutron.api.wsgi [-] 10.0.0.205 "GET / HTTP/1.1" status: 200 len: 247 time: 0.0011566
2026-07-09 14:20:40.234 10 WARNING neutron_lib.context [None req-e637c52b-7c7b-4dc4-9e55-ce2ff5df46a2 e48d8ec457394f3b940aa7376c032b18 a2732ca7fab04c4d90be90b9978f4ceb - - default default] Method 'is_advsvc' is deprecated since 2023.2 release (neutron-lib 3.8.0) and will be removed once support for the old RBAC API policies will be removed from Neutron. Please use method 'is_service_role' instead.
2026-07-09 14:20:40.234 10 WARNING neutron_lib.context [None req-e637c52b-7c7b-4dc4-9e55-ce2ff5df46a2 e48d8ec457394f3b940aa7376c032b18 a2732ca7fab04c4d90be90b9978f4ceb - - default default] Method 'is_advsvc' is deprecated since 2023.2 release (neutron-lib 3.8.0) and will be removed once support for the old RBAC API policies will be removed from Neutron. Please use method 'is_service_role' instead.
2026-07-09 14:20:40.280 10 INFO neutron.db.ovn_revision_numbers_db [None req-6be302ab-2853-41ab-9591-b9bd9696fc67 - - - - - -] Successfully bumped revision number for resource 40707c96-5d6d-41ac-9dfa-287aff27681f (type: ports) to 5
2026-07-09 14:20:40.396 10 INFO neutron.db.ovn_revision_numbers_db [None req-e637c52b-7c7b-4dc4-9e55-ce2ff5df46a2 e48d8ec457394f3b940aa7376c032b18 a2732ca7fab04c4d90be90b9978f4ceb - - default default] Successfully bumped revision number for resource 882c8967-d9b1-43a1-8c9d-3da2901c9648 (type: security_groups) to 1
2026-07-09 14:20:40.410 10 INFO neutron.db.ovn_revision_numbers_db [None req-e637c52b-7c7b-4dc4-9e55-ce2ff5df46a2 e48d8ec457394f3b940aa7376c032b18 a2732ca7fab04c4d90be90b9978f4ceb - - default default] Successfully bumped revision number for resource 90bfef94-c99a-49c8-803d-9d8fcf6c345e (type: security_group_rules) to 0
2026-07-09 14:20:40.423 10 INFO neutron.db.ovn_revision_numbers_db [None req-e637c52b-7c7b-4dc4-9e55-ce2ff5df46a2 e48d8ec457394f3b940aa7376c032b18 a2732ca7fab04c4d90be90b9978f4ceb - - default default] Successfully bumped revision number for resource a1ee6ced-00d8-4fde-a0fd-9111e49b99c2 (type: security_group_rules) to 0
2026-07-09 14:20:40.436 10 INFO neutron.db.ovn_revision_numbers_db [None req-e637c52b-7c7b-4dc4-9e55-ce2ff5df46a2 e48d8ec457394f3b940aa7376c032b18 a2732ca7fab04c4d90be90b9978f4ceb - - default default] Successfully bumped revision number for resource b628044d-d80b-4a4e-9eee-c6e468554bbd (type: security_group_rules) to 0
2026-07-09 14:20:40.453 10 INFO neutron.db.ovn_revision_numbers_db [None req-e637c52b-7c7b-4dc4-9e55-ce2ff5df46a2 e48d8ec457394f3b940aa7376c032b18 a2732ca7fab04c4d90be90b9978f4ceb - - default default] Successfully bumped revision number for resource f974dd6f-f7d4-4710-881a-fcc609abd397 (type: security_group_rules) to 0
2026-07-09 14:20:40.521 10 INFO neutron.plugins.ml2.drivers.ovn.mech_driver.mech_driver [None req-bd9d5420-001a-439d-a704-5228eb1d8356 - - - - - -] OVN reports status up for port: d4ea54d1-9feb-42f2-b0af-b76f88f6af3d
2026-07-09 14:20:40.532 10 INFO neutron.plugins.ml2.plugin [None req-bd9d5420-001a-439d-a704-5228eb1d8356 - - - - - -] Attempt 1 to provision port d4ea54d1-9feb-42f2-b0af-b76f88f6af3d
2026-07-09 14:20:40.538 10 INFO neutron.db.segments_db [None req-e637c52b-7c7b-4dc4-9e55-ce2ff5df46a2 e48d8ec457394f3b940aa7376c032b18 a2732ca7fab04c4d90be90b9978f4ceb - - default default] Added segment 5aa188e7-527b-4159-9ec7-52d0e181c697 of type geneve for network cbee5036-8848-4e39-91e9-295ddb9f485a
2026-07-09 14:20:40.546 9 INFO neutron.db.ovn_revision_numbers_db [None req-88aab57e-697a-452c-b50c-a4a88b1fde04 c77361a9fe8e4cfbbd5fd79589d8ff23 ad7d2beab058472f90d9832e0a2a9e76 - - default default] Successfully bumped revision number for resource d4ea54d1-9feb-42f2-b0af-b76f88f6af3d (type: ports) to 1
2026-07-09 14:20:40.595 9 WARNING neutron.scheduler.dhcp_agent_scheduler [None req-88aab57e-697a-452c-b50c-a4a88b1fde04 c77361a9fe8e4cfbbd5fd79589d8ff23 ad7d2beab058472f90d9832e0a2a9e76 - - default default] No more DHCP agents
2026-07-09 14:20:40.596 9 WARNING neutron.api.rpc.agentnotifiers.dhcp_rpc_agent_api [None req-88aab57e-697a-452c-b50c-a4a88b1fde04 c77361a9fe8e4cfbbd5fd79589d8ff23 ad7d2beab058472f90d9832e0a2a9e76 - - default default] Unable to schedule network 0720440e-de5d-4ba0-ac8e-951cc6d34cfd: no agents available; will retry on subsequent port and subnet creation events.
2026-07-09 14:20:40.658 10 INFO neutron.db.segments_db [None req-e637c52b-7c7b-4dc4-9e55-ce2ff5df46a2 e48d8ec457394f3b940aa7376c032b18 a2732ca7fab04c4d90be90b9978f4ceb - - default default] Added segment 2a0fbbb1-488a-4209-8cb3-990a25e3342f of type geneve for network b72a3789-8fe6-4181-ad99-e1cf4c5873df
2026-07-09 14:20:40.673 9 INFO neutron.api.wsgi [None req-5a6f265c-c180-4696-aa36-983b1156b888 c77361a9fe8e4cfbbd5fd79589d8ff23 ad7d2beab058472f90d9832e0a2a9e76 - - default default] 10.0.0.46 "GET /v2.0/security-groups HTTP/1.1" status: 200 len: 23382 time: 0.1390941
2026-07-09 14:20:40.723 9 INFO neutron.api.wsgi [None req-f79c7de4-1f6f-4283-9c5d-96c07faf9584 c77361a9fe8e4cfbbd5fd79589d8ff23 ad7d2beab058472f90d9832e0a2a9e76 - - default default] 10.0.0.46 "GET /v2.0/subnets HTTP/1.1" status: 200 len: 2165 time: 0.0444684
2026-07-09 14:20:40.811 9 INFO neutron.api.wsgi [None req-052abc9e-579d-428c-828b-e95a558a1a5a c77361a9fe8e4cfbbd5fd79589d8ff23 ad7d2beab058472f90d9832e0a2a9e76 - - default default] 10.0.0.46 "GET /v2.0/ports HTTP/1.1" status: 200 len: 8572 time: 0.0850458
2026-07-09 14:20:40.819 10 INFO neutron.db.ovn_revision_numbers_db [None req-e637c52b-7c7b-4dc4-9e55-ce2ff5df46a2 e48d8ec457394f3b940aa7376c032b18 a2732ca7fab04c4d90be90b9978f4ceb - - default default] Successfully bumped revision number for resource cbee5036-8848-4e39-91e9-295ddb9f485a (type: networks) to 1
2026-07-09 14:20:40.838 9 INFO neutron.api.wsgi [None req-d2f487cd-6d15-434b-83ab-3e2c912ea0a9 c77361a9fe8e4cfbbd5fd79589d8ff23 ad7d2beab058472f90d9832e0a2a9e76 - - default default] 10.0.0.46 "GET /v2.0/floatingips HTTP/1.1" status: 200 len: 193 time: 0.0178397
2026-07-09 14:20:40.901 9 INFO neutron.api.wsgi [None req-3208bf44-2d97-4145-9dab-5964c1a51867 c77361a9fe8e4cfbbd5fd79589d8ff23 ad7d2beab058472f90d9832e0a2a9e76 - - default default] 10.0.0.46 "GET /v2.0/networks HTTP/1.1" status: 200 len: 4509 time: 0.0609615
2026-07-09 14:20:40.978 10 INFO neutron.db.ovn_revision_numbers_db [None req-bd9d5420-001a-439d-a704-5228eb1d8356 - - - - - -] Successfully bumped revision number for resource d4ea54d1-9feb-42f2-b0af-b76f88f6af3d (type: ports) to 2
2026-07-09 14:20:41.000 9 INFO neutron.api.wsgi [None req-2380d43b-6427-4cd6-85bd-7f6fe11f3273 c77361a9fe8e4cfbbd5fd79589d8ff23 ad7d2beab058472f90d9832e0a2a9e76 - - default default] 10.0.0.46 "GET /v2.0/routers HTTP/1.1" status: 200 len: 1153 time: 0.0963697
2026-07-09 14:20:41.014 9 INFO neutron.api.wsgi [None req-b9e23133-bf2c-4568-8f84-d142f62d22e0 c77361a9fe8e4cfbbd5fd79589d8ff23 ad7d2beab058472f90d9832e0a2a9e76 - - default default] 10.0.0.46 "GET /v2.0/agents?binary=ovn-controller HTTP/1.1" status: 200 len: 591 time: 0.0131524
2026-07-09 14:20:41.018 10 WARNING neutron.scheduler.dhcp_agent_scheduler [None req-e637c52b-7c7b-4dc4-9e55-ce2ff5df46a2 e48d8ec457394f3b940aa7376c032b18 a2732ca7fab04c4d90be90b9978f4ceb - - default default] No more DHCP agents
2026-07-09 14:20:41.020 10 WARNING neutron.api.rpc.agentnotifiers.dhcp_rpc_agent_api [None req-e637c52b-7c7b-4dc4-9e55-ce2ff5df46a2 e48d8ec457394f3b940aa7376c032b18 a2732ca7fab04c4d90be90b9978f4ceb - - default default] Unable to schedule network cbee5036-8848-4e39-91e9-295ddb9f485a: no agents available; will retry on subsequent port and subnet creation events.
2026-07-09 14:20:41.037 9 INFO neutron.api.wsgi [None req-b78c3f61-5d14-4548-b5c0-9266e4f0d412 c77361a9fe8e4cfbbd5fd79589d8ff23 ad7d2beab058472f90d9832e0a2a9e76 - - default default] 10.0.0.46 "GET /v2.0/agents HTTP/1.1" status: 200 len: 1390 time: 0.0152690
2026-07-09 14:20:41.069 9 INFO neutron.api.wsgi [None req-ed874352-113a-4973-b6bd-188c21555afb c77361a9fe8e4cfbbd5fd79589d8ff23 ad7d2beab058472f90d9832e0a2a9e76 - - default default] 10.0.0.46 "GET /v2.0/subnets HTTP/1.1" status: 200 len: 2165 time: 0.0299675
2026-07-09 14:20:41.076 10 INFO neutron.db.ovn_revision_numbers_db [None req-e637c52b-7c7b-4dc4-9e55-ce2ff5df46a2 e48d8ec457394f3b940aa7376c032b18 a2732ca7fab04c4d90be90b9978f4ceb - - default default] Successfully bumped revision number for resource 6d5d45e5-146d-48f7-bb68-cff62188bf49 (type: ports) to 1
2026-07-09 14:20:41.081 9 INFO neutron.api.wsgi [None req-4f239fe6-8c50-493b-a756-809f08a1832d c77361a9fe8e4cfbbd5fd79589d8ff23 ad7d2beab058472f90d9832e0a2a9e76 - - default default] 10.0.0.46 "GET /v2.0/subnetpools HTTP/1.1" status: 200 len: 193 time: 0.0096111
2026-07-09 14:20:41.094 9 INFO neutron.api.wsgi [None req-65b752c0-c158-4c0a-91b8-66234624efdf c77361a9fe8e4cfbbd5fd79589d8ff23 ad7d2beab058472f90d9832e0a2a9e76 - - default default] 10.0.0.46 "GET /v2.0/network-ip-availabilities HTTP/1.1" status: 200 len: 2284 time: 0.0120382
2026-07-09 14:20:41.146 10 INFO neutron.db.ovn_revision_numbers_db [None req-e637c52b-7c7b-4dc4-9e55-ce2ff5df46a2 e48d8ec457394f3b940aa7376c032b18 a2732ca7fab04c4d90be90b9978f4ceb - - default default] Successfully bumped revision number for resource b72a3789-8fe6-4181-ad99-e1cf4c5873df (type: networks) to 1
2026-07-09 14:20:41.224 9 INFO neutron.db.ovn_revision_numbers_db [None req-88aab57e-697a-452c-b50c-a4a88b1fde04 c77361a9fe8e4cfbbd5fd79589d8ff23 ad7d2beab058472f90d9832e0a2a9e76 - - default default] Successfully bumped revision number for resource d4ea54d1-9feb-42f2-b0af-b76f88f6af3d (type: router_ports) to 1
2026-07-09 14:20:41.229 9 INFO neutron.api.wsgi [None req-88aab57e-697a-452c-b50c-a4a88b1fde04 c77361a9fe8e4cfbbd5fd79589d8ff23 ad7d2beab058472f90d9832e0a2a9e76 - - default default] 10.0.0.127 "PUT /v2.0/routers/5a12f838-0393-4a0b-9458-c83411e2ccfd/add_router_interface HTTP/1.1" status: 200 len: 503 time: 1.8958571
2026-07-09 14:20:41.351 10 WARNING neutron.scheduler.dhcp_agent_scheduler [None req-e637c52b-7c7b-4dc4-9e55-ce2ff5df46a2 e48d8ec457394f3b940aa7376c032b18 a2732ca7fab04c4d90be90b9978f4ceb - - default default] No more DHCP agents
2026-07-09 14:20:41.354 10 WARNING neutron.api.rpc.agentnotifiers.dhcp_rpc_agent_api [None req-e637c52b-7c7b-4dc4-9e55-ce2ff5df46a2 e48d8ec457394f3b940aa7376c032b18 a2732ca7fab04c4d90be90b9978f4ceb - - default default] Unable to schedule network b72a3789-8fe6-4181-ad99-e1cf4c5873df: no agents available; will retry on subsequent port and subnet creation events.
2026-07-09 14:20:41.398 10 INFO neutron.db.ovn_revision_numbers_db [None req-408ec4cc-c96e-4e08-b53e-15da8d2a6f1c c77361a9fe8e4cfbbd5fd79589d8ff23 ad7d2beab058472f90d9832e0a2a9e76 - - default default] Successfully bumped revision number for resource 191381cd-9abf-46e9-9703-04017f5581dd (type: security_groups) to 1
2026-07-09 14:20:41.413 10 INFO neutron.db.ovn_revision_numbers_db [None req-408ec4cc-c96e-4e08-b53e-15da8d2a6f1c c77361a9fe8e4cfbbd5fd79589d8ff23 ad7d2beab058472f90d9832e0a2a9e76 - - default default] Successfully bumped revision number for resource 0fd6be21-f6cd-40ad-910d-6e1157e75208 (type: security_group_rules) to 0
2026-07-09 14:20:41.415 10 INFO neutron.db.ovn_revision_numbers_db [None req-e637c52b-7c7b-4dc4-9e55-ce2ff5df46a2 e48d8ec457394f3b940aa7376c032b18 a2732ca7fab04c4d90be90b9978f4ceb - - default default] Successfully bumped revision number for resource 4043931b-fbe8-4793-b8da-63ec86854f71 (type: ports) to 1
2026-07-09 14:20:41.433 10 INFO neutron.db.ovn_revision_numbers_db [None req-408ec4cc-c96e-4e08-b53e-15da8d2a6f1c c77361a9fe8e4cfbbd5fd79589d8ff23 ad7d2beab058472f90d9832e0a2a9e76 - - default default] Successfully bumped revision number for resource 4b8206ca-e5b6-4b5e-aa37-849444e35c44 (type: security_group_rules) to 0
2026-07-09 14:20:41.446 10 INFO neutron.api.wsgi [None req-e637c52b-7c7b-4dc4-9e55-ce2ff5df46a2 e48d8ec457394f3b940aa7376c032b18 a2732ca7fab04c4d90be90b9978f4ceb - - default default] 10.0.0.127 "POST /v2.0/networks HTTP/1.1" status: 201 len: 1446 time: 1.3249376
2026-07-09 14:20:41.462 10 INFO neutron.db.ovn_revision_numbers_db [None req-408ec4cc-c96e-4e08-b53e-15da8d2a6f1c c77361a9fe8e4cfbbd5fd79589d8ff23 ad7d2beab058472f90d9832e0a2a9e76 - - default default] Successfully bumped revision number for resource 516cc80c-898a-4a73-bbc5-65e2c7707151 (type: security_group_rules) to 0
2026-07-09 14:20:41.478 10 INFO neutron.db.ovn_revision_numbers_db [None req-408ec4cc-c96e-4e08-b53e-15da8d2a6f1c c77361a9fe8e4cfbbd5fd79589d8ff23 ad7d2beab058472f90d9832e0a2a9e76 - - default default] Successfully bumped revision number for resource 8cbd88bf-1ed8-4f6e-8eb8-c2330d024d43 (type: security_group_rules) to 0
2026-07-09 14:20:41.502 10 INFO neutron.api.wsgi [None req-78a053b5-fc4a-4ca7-8056-b33085f7c65c e48d8ec457394f3b940aa7376c032b18 a2732ca7fab04c4d90be90b9978f4ceb - - default default] 10.0.0.127 "GET /v2.0/networks HTTP/1.1" status: 200 len: 2052 time: 0.0508075
2026-07-09 14:20:41.519 10 INFO neutron.api.wsgi [None req-408ec4cc-c96e-4e08-b53e-15da8d2a6f1c c77361a9fe8e4cfbbd5fd79589d8ff23 ad7d2beab058472f90d9832e0a2a9e76 - - default default] 10.0.0.127 "GET /v2.0/security-groups?tenant_id=d6b558a0019744a8a44a19a593f98834&name=default HTTP/1.1" status: 200 len: 3120 time: 0.3575475
2026-07-09 14:20:41.726 9 INFO neutron.api.wsgi [None req-bcb65da7-a37c-4d0b-a487-2955341d9b7e c77361a9fe8e4cfbbd5fd79589d8ff23 ad7d2beab058472f90d9832e0a2a9e76 - - default default] 10.0.0.127 "DELETE /v2.0/security-groups/191381cd-9abf-46e9-9703-04017f5581dd HTTP/1.1" status: 204 len: 168 time: 0.2019188
2026-07-09 14:20:41.790 10 INFO neutron.services.segments.plugin [-] Segment 5aa188e7-527b-4159-9ec7-52d0e181c697 resource provider aggregate not found
2026-07-09 14:20:41.798 10 INFO neutron.services.segments.plugin [-] Segment 5aa188e7-527b-4159-9ec7-52d0e181c697 resource provider aggregate not found
2026-07-09 14:20:41.814 10 INFO neutron.services.segments.plugin [-] Segment 5aa188e7-527b-4159-9ec7-52d0e181c697 resource provider not found; error: Placement Client Error (4xx): {"errors": [{"status": 404, "title": "Not Found", "detail": "The resource could not be found.\n\n No resource provider with uuid 5aa188e7-527b-4159-9ec7-52d0e181c697 found for delete ", "request_id": "req-f7a880b3-a15f-4a6f-bcf3-5ce8c68af1d7"}]}
2026-07-09 14:20:41.816 10 INFO neutron.services.segments.plugin [-] Segment 5aa188e7-527b-4159-9ec7-52d0e181c697 resource provider not found; error: Placement Client Error (4xx): {"errors": [{"status": 404, "title": "Not Found", "detail": "The resource could not be found.\n\n No resource provider with uuid 5aa188e7-527b-4159-9ec7-52d0e181c697 found for delete ", "request_id": "req-b5f4d315-1f9a-43bb-a5b4-2f1ad4d0da00"}]}
2026-07-09 14:20:41.842 10 INFO neutron.api.wsgi [None req-eed69453-d49f-457b-80fa-0ede863bb0fd e48d8ec457394f3b940aa7376c032b18 a2732ca7fab04c4d90be90b9978f4ceb - - default default] 10.0.0.127 "DELETE /v2.0/networks/cbee5036-8848-4e39-91e9-295ddb9f485a HTTP/1.1" status: 204 len: 168 time: 0.3349228
2026-07-09 14:20:41.907 9 WARNING neutron_lib.context [None req-30c0b31e-3009-4b01-82ce-24fa1eff3451 f84503778d2d4448baac348b65b4e4c0 8e0c2bdf065749a18cb41066c7aa6650 - - default default] Method 'is_advsvc' is deprecated since 2023.2 release (neutron-lib 3.8.0) and will be removed once support for the old RBAC API policies will be removed from Neutron. Please use method 'is_service_role' instead.
2026-07-09 14:20:42.027 9 INFO neutron.db.ovn_revision_numbers_db [None req-30c0b31e-3009-4b01-82ce-24fa1eff3451 f84503778d2d4448baac348b65b4e4c0 8e0c2bdf065749a18cb41066c7aa6650 - - default default] Successfully bumped revision number for resource 2f53a77f-cf37-4189-a4ad-c431e4b48ac4 (type: security_groups) to 1
2026-07-09 14:20:42.041 9 INFO neutron.db.ovn_revision_numbers_db [None req-30c0b31e-3009-4b01-82ce-24fa1eff3451 f84503778d2d4448baac348b65b4e4c0 8e0c2bdf065749a18cb41066c7aa6650 - - default default] Successfully bumped revision number for resource 01663858-0f65-4039-9649-f332f0028d86 (type: security_group_rules) to 0
2026-07-09 14:20:42.052 9 INFO neutron.db.ovn_revision_numbers_db [None req-30c0b31e-3009-4b01-82ce-24fa1eff3451 f84503778d2d4448baac348b65b4e4c0 8e0c2bdf065749a18cb41066c7aa6650 - - default default] Successfully bumped revision number for resource dde3d7ae-5af5-4fae-9bbb-fb412976ee12 (type: security_group_rules) to 0
2026-07-09 14:20:42.083 9 INFO neutron.api.wsgi [None req-30c0b31e-3009-4b01-82ce-24fa1eff3451 f84503778d2d4448baac348b65b4e4c0 8e0c2bdf065749a18cb41066c7aa6650 - - default default] 10.0.0.127 "POST /v2.0/security-groups HTTP/1.1" status: 201 len: 1856 time: 0.1803930
2026-07-09 14:20:42.092 9 WARNING neutron_lib.context [None req-0d9bd5a0-c0f4-443d-9913-e7af230396e6 f84503778d2d4448baac348b65b4e4c0 8e0c2bdf065749a18cb41066c7aa6650 - - default default] Method 'is_advsvc' is deprecated since 2023.2 release (neutron-lib 3.8.0) and will be removed once support for the old RBAC API policies will be removed from Neutron. Please use method 'is_service_role' instead.
2026-07-09 14:20:42.138 10 INFO neutron.api.wsgi [None req-c1ffa774-4aac-4585-ac42-751ee7008ace e48d8ec457394f3b940aa7376c032b18 a2732ca7fab04c4d90be90b9978f4ceb - - default default] 10.0.0.127 "DELETE /v2.0/networks/b72a3789-8fe6-4181-ad99-e1cf4c5873df HTTP/1.1" status: 204 len: 168 time: 0.2912247
2026-07-09 14:20:42.187 10 INFO neutron.api.wsgi [None req-ac3775fe-1cf5-4797-b399-2d11dda32e67 e48d8ec457394f3b940aa7376c032b18 a2732ca7fab04c4d90be90b9978f4ceb - - default default] 10.0.0.127 "GET /v2.0/networks HTTP/1.1" status: 200 len: 845 time: 0.0442259
2026-07-09 14:20:42.197 10 WARNING neutron_lib.context [None req-f0b74238-1d00-4c92-8d26-b25d50fd2afe e48d8ec457394f3b940aa7376c032b18 a2732ca7fab04c4d90be90b9978f4ceb - - default default] Method 'is_advsvc' is deprecated since 2023.2 release (neutron-lib 3.8.0) and will be removed once support for the old RBAC API policies will be removed from Neutron. Please use method 'is_service_role' instead.
2026-07-09 14:20:42.197 9 INFO neutron.db.ovn_revision_numbers_db [None req-0d9bd5a0-c0f4-443d-9913-e7af230396e6 f84503778d2d4448baac348b65b4e4c0 8e0c2bdf065749a18cb41066c7aa6650 - - default default] Successfully bumped revision number for resource 9700008e-8f81-488c-a195-6698db6b1cb8 (type: security_group_rules) to 0
2026-07-09 14:20:42.225 9 INFO neutron.api.wsgi [None req-0d9bd5a0-c0f4-443d-9913-e7af230396e6 f84503778d2d4448baac348b65b4e4c0 8e0c2bdf065749a18cb41066c7aa6650 - - default default] 10.0.0.127 "POST /v2.0/security-group-rules HTTP/1.1" status: 201 len: 796 time: 0.1362951
2026-07-09 14:20:42.233 9 WARNING neutron_lib.context [None req-f4a97877-cc41-43c5-a22a-32cbb1f0d77a f84503778d2d4448baac348b65b4e4c0 8e0c2bdf065749a18cb41066c7aa6650 - - default default] Method 'is_advsvc' is deprecated since 2023.2 release (neutron-lib 3.8.0) and will be removed once support for the old RBAC API policies will be removed from Neutron. Please use method 'is_service_role' instead.
2026-07-09 14:20:42.256 10 INFO neutron.db.ovn_revision_numbers_db [None req-cbbeb046-b24d-4be7-a1e6-9cf68531b4d3 c77361a9fe8e4cfbbd5fd79589d8ff23 ad7d2beab058472f90d9832e0a2a9e76 - - default default] Successfully bumped revision number for resource f35cfc5f-c812-4894-955c-eb43c41aa8cf (type: security_groups) to 1
2026-07-09 14:20:42.266 10 INFO neutron.db.ovn_revision_numbers_db [None req-cbbeb046-b24d-4be7-a1e6-9cf68531b4d3 c77361a9fe8e4cfbbd5fd79589d8ff23 ad7d2beab058472f90d9832e0a2a9e76 - - default default] Successfully bumped revision number for resource 0a606d4c-4360-4395-b251-e74f3ccc19be (type: security_group_rules) to 0
2026-07-09 14:20:42.281 10 INFO neutron.db.ovn_revision_numbers_db [None req-cbbeb046-b24d-4be7-a1e6-9cf68531b4d3 c77361a9fe8e4cfbbd5fd79589d8ff23 ad7d2beab058472f90d9832e0a2a9e76 - - default default] Successfully bumped revision number for resource 65272be7-b11b-4f18-9149-ed63418b91dd (type: security_group_rules) to 0
2026-07-09 14:20:42.285 10 INFO neutron.db.segments_db [None req-f0b74238-1d00-4c92-8d26-b25d50fd2afe e48d8ec457394f3b940aa7376c032b18 a2732ca7fab04c4d90be90b9978f4ceb - - default default] Added segment 77856c1d-46a8-4e93-99ed-9d23f27a29b4 of type geneve for network dbd39113-a8b9-4e36-80ff-6fd09ad7d0a2
2026-07-09 14:20:42.295 10 INFO neutron.db.ovn_revision_numbers_db [None req-cbbeb046-b24d-4be7-a1e6-9cf68531b4d3 c77361a9fe8e4cfbbd5fd79589d8ff23 ad7d2beab058472f90d9832e0a2a9e76 - - default default] Successfully bumped revision number for resource 7a6c715f-4c51-4f1b-b06e-2c23db48248e (type: security_group_rules) to 0
2026-07-09 14:20:42.310 10 INFO neutron.db.ovn_revision_numbers_db [None req-cbbeb046-b24d-4be7-a1e6-9cf68531b4d3 c77361a9fe8e4cfbbd5fd79589d8ff23 ad7d2beab058472f90d9832e0a2a9e76 - - default default] Successfully bumped revision number for resource 8045b7f7-9c3f-4c4b-acf9-7309d3ab0adf (type: security_group_rules) to 0
2026-07-09 14:20:42.342 9 INFO neutron.db.ovn_revision_numbers_db [None req-f4a97877-cc41-43c5-a22a-32cbb1f0d77a f84503778d2d4448baac348b65b4e4c0 8e0c2bdf065749a18cb41066c7aa6650 - - default default] Successfully bumped revision number for resource 175c8f9d-7d87-4f52-80cd-2cf7d2454f4b (type: security_group_rules) to 0
2026-07-09 14:20:42.349 10 INFO neutron.api.wsgi [None req-cbbeb046-b24d-4be7-a1e6-9cf68531b4d3 c77361a9fe8e4cfbbd5fd79589d8ff23 ad7d2beab058472f90d9832e0a2a9e76 - - default default] 10.0.0.127 "GET /v2.0/security-groups?tenant_id=3e946d9fd52c403d8ef127761a293262&name=default HTTP/1.1" status: 200 len: 3120 time: 0.3606064
2026-07-09 14:20:42.372 9 INFO neutron.api.wsgi [None req-f4a97877-cc41-43c5-a22a-32cbb1f0d77a f84503778d2d4448baac348b65b4e4c0 8e0c2bdf065749a18cb41066c7aa6650 - - default default] 10.0.0.127 "POST /v2.0/security-group-rules HTTP/1.1" status: 201 len: 801 time: 0.1423008
2026-07-09 14:20:42.381 9 WARNING neutron_lib.context [None req-e5f7b031-3b27-4666-a6e2-7254fa0afc79 f84503778d2d4448baac348b65b4e4c0 8e0c2bdf065749a18cb41066c7aa6650 - - default default] Method 'is_advsvc' is deprecated since 2023.2 release (neutron-lib 3.8.0) and will be removed once support for the old RBAC API policies will be removed from Neutron. Please use method 'is_service_role' instead.
2026-07-09 14:20:42.405 10 INFO neutron.db.ovn_revision_numbers_db [None req-f0b74238-1d00-4c92-8d26-b25d50fd2afe e48d8ec457394f3b940aa7376c032b18 a2732ca7fab04c4d90be90b9978f4ceb - - default default] Successfully bumped revision number for resource dbd39113-a8b9-4e36-80ff-6fd09ad7d0a2 (type: networks) to 1
2026-07-09 14:20:42.546 10 WARNING neutron.scheduler.dhcp_agent_scheduler [None req-f0b74238-1d00-4c92-8d26-b25d50fd2afe e48d8ec457394f3b940aa7376c032b18 a2732ca7fab04c4d90be90b9978f4ceb - - default default] No more DHCP agents
2026-07-09 14:20:42.547 10 WARNING neutron.api.rpc.agentnotifiers.dhcp_rpc_agent_api [None req-f0b74238-1d00-4c92-8d26-b25d50fd2afe e48d8ec457394f3b940aa7376c032b18 a2732ca7fab04c4d90be90b9978f4ceb - - default default] Unable to schedule network dbd39113-a8b9-4e36-80ff-6fd09ad7d0a2: no agents available; will retry on subsequent port and subnet creation events.
2026-07-09 14:20:42.559 10 INFO neutron.api.wsgi [None req-a4bc7482-a747-4cff-813f-4f14a10ec433 c77361a9fe8e4cfbbd5fd79589d8ff23 ad7d2beab058472f90d9832e0a2a9e76 - - default default] 10.0.0.127 "DELETE /v2.0/security-groups/f35cfc5f-c812-4894-955c-eb43c41aa8cf HTTP/1.1" status: 204 len: 168 time: 0.2054250
2026-07-09 14:20:42.585 9 WARNING neutron.scheduler.dhcp_agent_scheduler [None req-e5f7b031-3b27-4666-a6e2-7254fa0afc79 f84503778d2d4448baac348b65b4e4c0 8e0c2bdf065749a18cb41066c7aa6650 - - default default] No more DHCP agents
2026-07-09 14:20:42.586 9 WARNING neutron.api.rpc.agentnotifiers.dhcp_rpc_agent_api [None req-e5f7b031-3b27-4666-a6e2-7254fa0afc79 f84503778d2d4448baac348b65b4e4c0 8e0c2bdf065749a18cb41066c7aa6650 - - default default] Unable to schedule network 0de78d7e-85fd-4e7f-94c1-c0c4916a3c0b: no agents available; will retry on subsequent port and subnet creation events.
2026-07-09 14:20:42.603 10 INFO neutron.db.ovn_revision_numbers_db [None req-f0b74238-1d00-4c92-8d26-b25d50fd2afe e48d8ec457394f3b940aa7376c032b18 a2732ca7fab04c4d90be90b9978f4ceb - - default default] Successfully bumped revision number for resource 79b1d7e7-5c97-47d6-a361-bb00d35d6e83 (type: ports) to 1
2026-07-09 14:20:42.626 10 INFO neutron.api.wsgi [None req-f0b74238-1d00-4c92-8d26-b25d50fd2afe e48d8ec457394f3b940aa7376c032b18 a2732ca7fab04c4d90be90b9978f4ceb - - default default] 10.0.0.127 "POST /v2.0/networks HTTP/1.1" status: 201 len: 847 time: 0.4314320
2026-07-09 14:20:42.634 10 WARNING neutron_lib.context [None req-85648963-1a4c-4139-8a48-666d81f0d23c e48d8ec457394f3b940aa7376c032b18 a2732ca7fab04c4d90be90b9978f4ceb - - default default] Method 'is_advsvc' is deprecated since 2023.2 release (neutron-lib 3.8.0) and will be removed once support for the old RBAC API policies will be removed from Neutron. Please use method 'is_service_role' instead.
2026-07-09 14:20:42.724 10 INFO neutron.db.segments_db [None req-85648963-1a4c-4139-8a48-666d81f0d23c e48d8ec457394f3b940aa7376c032b18 a2732ca7fab04c4d90be90b9978f4ceb - - default default] Added segment 3171915a-5fc4-435d-b2ff-0328540c2958 of type geneve for network de0a2ad5-c8a5-4e00-a5d8-e6c23642ba0f
2026-07-09 14:20:42.862 9 INFO neutron.api.wsgi [None req-e5f7b031-3b27-4666-a6e2-7254fa0afc79 f84503778d2d4448baac348b65b4e4c0 8e0c2bdf065749a18cb41066c7aa6650 - - default default] 10.0.0.127 "POST /v2.0/floatingips HTTP/1.1" status: 201 len: 751 time: 0.4855587
2026-07-09 14:20:42.872 10 INFO neutron.db.ovn_revision_numbers_db [None req-a6e77d0d-b39a-4221-b11e-44ddbdb78912 c77361a9fe8e4cfbbd5fd79589d8ff23 ad7d2beab058472f90d9832e0a2a9e76 - - default default] Successfully bumped revision number for resource 9f630cff-91be-422c-b0c0-d3b6f9d215e8 (type: security_groups) to 1
2026-07-09 14:20:42.881 10 INFO neutron.db.ovn_revision_numbers_db [None req-85648963-1a4c-4139-8a48-666d81f0d23c e48d8ec457394f3b940aa7376c032b18 a2732ca7fab04c4d90be90b9978f4ceb - - default default] Successfully bumped revision number for resource de0a2ad5-c8a5-4e00-a5d8-e6c23642ba0f (type: networks) to 1
2026-07-09 14:20:42.891 10 INFO neutron.db.ovn_revision_numbers_db [None req-a6e77d0d-b39a-4221-b11e-44ddbdb78912 c77361a9fe8e4cfbbd5fd79589d8ff23 ad7d2beab058472f90d9832e0a2a9e76 - - default default] Successfully bumped revision number for resource 236c4dcd-312a-4aff-a518-d7203f19cb82 (type: security_group_rules) to 0
2026-07-09 14:20:42.911 10 INFO neutron.db.ovn_revision_numbers_db [None req-a6e77d0d-b39a-4221-b11e-44ddbdb78912 c77361a9fe8e4cfbbd5fd79589d8ff23 ad7d2beab058472f90d9832e0a2a9e76 - - default default] Successfully bumped revision number for resource 55a45df0-5367-45a6-a06e-8177ae4d8f8b (type: security_group_rules) to 0
2026-07-09 14:20:42.928 10 INFO neutron.db.ovn_revision_numbers_db [None req-a6e77d0d-b39a-4221-b11e-44ddbdb78912 c77361a9fe8e4cfbbd5fd79589d8ff23 ad7d2beab058472f90d9832e0a2a9e76 - - default default] Successfully bumped revision number for resource a9109ce0-772a-4cfe-82c5-07ff83d6f195 (type: security_group_rules) to 0
2026-07-09 14:20:42.947 10 INFO neutron.db.ovn_revision_numbers_db [None req-a6e77d0d-b39a-4221-b11e-44ddbdb78912 c77361a9fe8e4cfbbd5fd79589d8ff23 ad7d2beab058472f90d9832e0a2a9e76 - - default default] Successfully bumped revision number for resource dabf29d0-22a0-4281-a497-5e78cc6e0f85 (type: security_group_rules) to 0
2026-07-09 14:20:42.988 10 INFO neutron.api.wsgi [None req-a6e77d0d-b39a-4221-b11e-44ddbdb78912 c77361a9fe8e4cfbbd5fd79589d8ff23 ad7d2beab058472f90d9832e0a2a9e76 - - default default] 10.0.0.127 "GET /v2.0/security-groups?tenant_id=7e925a75b0a34481a647aa8b1a746fac&name=default HTTP/1.1" status: 200 len: 3120 time: 0.2887213
2026-07-09 14:20:43.073 10 WARNING neutron.scheduler.dhcp_agent_scheduler [None req-85648963-1a4c-4139-8a48-666d81f0d23c e48d8ec457394f3b940aa7376c032b18 a2732ca7fab04c4d90be90b9978f4ceb - - default default] No more DHCP agents
2026-07-09 14:20:43.074 10 WARNING neutron.api.rpc.agentnotifiers.dhcp_rpc_agent_api [None req-85648963-1a4c-4139-8a48-666d81f0d23c e48d8ec457394f3b940aa7376c032b18 a2732ca7fab04c4d90be90b9978f4ceb - - default default] Unable to schedule network de0a2ad5-c8a5-4e00-a5d8-e6c23642ba0f: no agents available; will retry on subsequent port and subnet creation events.
2026-07-09 14:20:43.142 10 INFO neutron.db.ovn_revision_numbers_db [None req-85648963-1a4c-4139-8a48-666d81f0d23c e48d8ec457394f3b940aa7376c032b18 a2732ca7fab04c4d90be90b9978f4ceb - - default default] Successfully bumped revision number for resource 5e821f4b-2bf6-4033-a32f-ee5b49902f81 (type: ports) to 1
2026-07-09 14:20:43.166 10 INFO neutron.api.wsgi [None req-85648963-1a4c-4139-8a48-666d81f0d23c e48d8ec457394f3b940aa7376c032b18 a2732ca7fab04c4d90be90b9978f4ceb - - default default] 10.0.0.127 "POST /v2.0/networks HTTP/1.1" status: 201 len: 848 time: 0.5356667
2026-07-09 14:20:43.174 10 WARNING neutron_lib.context [None req-72d9f446-2a87-476e-b027-52016841e203 e48d8ec457394f3b940aa7376c032b18 a2732ca7fab04c4d90be90b9978f4ceb - - default default] Method 'is_advsvc' is deprecated since 2023.2 release (neutron-lib 3.8.0) and will be removed once support for the old RBAC API policies will be removed from Neutron. Please use method 'is_service_role' instead.
2026-07-09 14:20:43.207 10 WARNING neutron_lib.context [None req-72d9f446-2a87-476e-b027-52016841e203 e48d8ec457394f3b940aa7376c032b18 a2732ca7fab04c4d90be90b9978f4ceb - - default default] Method 'is_advsvc' is deprecated since 2023.2 release (neutron-lib 3.8.0) and will be removed once support for the old RBAC API policies will be removed from Neutron. Please use method 'is_service_role' instead.
2026-07-09 14:20:43.210 9 INFO neutron.api.wsgi [None req-95687336-1a2b-4e60-a2db-7f6b8586364e c77361a9fe8e4cfbbd5fd79589d8ff23 ad7d2beab058472f90d9832e0a2a9e76 - - default default] 10.0.0.127 "DELETE /v2.0/security-groups/9f630cff-91be-422c-b0c0-d3b6f9d215e8 HTTP/1.1" status: 204 len: 168 time: 0.2169774
2026-07-09 14:20:43.303 9 INFO neutron.api.wsgi [req-748b59a1-3a82-48bd-83c0-81d0d30a2712 req-066b6118-5fb4-4d04-9992-96a8fa078ff8 f84503778d2d4448baac348b65b4e4c0 8e0c2bdf065749a18cb41066c7aa6650 - - default default] 10.0.0.128 "GET /v2.0/security-groups?name=tempest-securitygroup--823975&fields=id&tenant_id=8e0c2bdf065749a18cb41066c7aa6650 HTTP/1.1" status: 200 len: 267 time: 0.0429659
2026-07-09 14:20:43.360 9 INFO neutron.api.wsgi [req-748b59a1-3a82-48bd-83c0-81d0d30a2712 req-61e02fbb-659d-48f6-9ea2-c42e8c193892 f84503778d2d4448baac348b65b4e4c0 8e0c2bdf065749a18cb41066c7aa6650 - - default default] 10.0.0.128 "GET /v2.0/networks?id=0720440e-de5d-4ba0-ac8e-951cc6d34cfd HTTP/1.1" status: 200 len: 875 time: 0.0492334
2026-07-09 14:20:43.376 9 INFO neutron.api.wsgi [req-748b59a1-3a82-48bd-83c0-81d0d30a2712 req-f25670cc-be13-4aae-82ce-e6e6ce294001 f84503778d2d4448baac348b65b4e4c0 8e0c2bdf065749a18cb41066c7aa6650 - - default default] 10.0.0.128 "GET /v2.0/quotas/8e0c2bdf065749a18cb41066c7aa6650 HTTP/1.1" status: 200 len: 491 time: 0.0092731
2026-07-09 14:20:43.451 9 INFO neutron.api.wsgi [req-748b59a1-3a82-48bd-83c0-81d0d30a2712 req-335054ce-af11-45f1-933c-71187d08fa92 f84503778d2d4448baac348b65b4e4c0 8e0c2bdf065749a18cb41066c7aa6650 - - default default] 10.0.0.128 "GET /v2.0/ports?tenant_id=8e0c2bdf065749a18cb41066c7aa6650&fields=id HTTP/1.1" status: 200 len: 302 time: 0.0714271
2026-07-09 14:20:43.503 9 INFO neutron.api.wsgi [req-748b59a1-3a82-48bd-83c0-81d0d30a2712 req-cfd80953-659b-49af-857b-10dd537f49e9 0039bd4d8de5460bba806519a2d1cae1 29bdd136981d4cc2a3036ebe0e04c55a - - d3ef61c4b0e44188a5cc900bcb94ad38 d3ef61c4b0e44188a5cc900bcb94ad38] 10.0.0.128 "GET /v2.0/networks/0720440e-de5d-4ba0-ac8e-951cc6d34cfd?fields=segments HTTP/1.1" status: 200 len: 212 time: 0.0395558
2026-07-09 14:20:43.534 10 WARNING neutron.scheduler.dhcp_agent_scheduler [None req-72d9f446-2a87-476e-b027-52016841e203 e48d8ec457394f3b940aa7376c032b18 a2732ca7fab04c4d90be90b9978f4ceb - - default default] No more DHCP agents
2026-07-09 14:20:43.535 10 WARNING neutron.api.rpc.agentnotifiers.dhcp_rpc_agent_api [None req-72d9f446-2a87-476e-b027-52016841e203 e48d8ec457394f3b940aa7376c032b18 a2732ca7fab04c4d90be90b9978f4ceb - - default default] Unable to schedule network dbd39113-a8b9-4e36-80ff-6fd09ad7d0a2: no agents available; will retry on subsequent port and subnet creation events.
2026-07-09 14:20:43.544 9 INFO neutron.api.wsgi [req-748b59a1-3a82-48bd-83c0-81d0d30a2712 req-3dd69562-326f-4deb-8950-f2862ea690c8 0039bd4d8de5460bba806519a2d1cae1 29bdd136981d4cc2a3036ebe0e04c55a - - d3ef61c4b0e44188a5cc900bcb94ad38 d3ef61c4b0e44188a5cc900bcb94ad38] 10.0.0.128 "GET /v2.0/networks/0720440e-de5d-4ba0-ac8e-951cc6d34cfd?fields=provider%3Aphysical_network&fields=provider%3Anetwork_type HTTP/1.1" status: 200 len: 277 time: 0.0376518
2026-07-09 14:20:43.596 10 INFO neutron.db.ovn_revision_numbers_db [None req-72d9f446-2a87-476e-b027-52016841e203 e48d8ec457394f3b940aa7376c032b18 a2732ca7fab04c4d90be90b9978f4ceb - - default default] Successfully bumped revision number for resource 326f91cb-ad09-4437-a909-6fa46b4c3abb (type: ports) to 1
2026-07-09 14:20:43.636 10 WARNING neutron.scheduler.dhcp_agent_scheduler [None req-72d9f446-2a87-476e-b027-52016841e203 e48d8ec457394f3b940aa7376c032b18 a2732ca7fab04c4d90be90b9978f4ceb - - default default] No more DHCP agents
2026-07-09 14:20:43.637 10 WARNING neutron.api.rpc.agentnotifiers.dhcp_rpc_agent_api [None req-72d9f446-2a87-476e-b027-52016841e203 e48d8ec457394f3b940aa7376c032b18 a2732ca7fab04c4d90be90b9978f4ceb - - default default] Unable to schedule network de0a2ad5-c8a5-4e00-a5d8-e6c23642ba0f: no agents available; will retry on subsequent port and subnet creation events. /var/lib/openstack/lib/python3.12/site-packages/pycadf/identifier.py:71: UserWarning: Invalid uuid: neutron. To ensure interoperability, identifiers should be a valid uuid. warnings.warn(('Invalid uuid: %s. To ensure interoperability, '
2026-07-09 14:20:43.713 10 INFO neutron.api.wsgi [req-3c2a0c2a-9a11-4a98-825d-edb7d8180090 req-4a94af6e-7c9f-48f0-97c7-7ae23115c0ef f84503778d2d4448baac348b65b4e4c0 8e0c2bdf065749a18cb41066c7aa6650 - - default default] 10.0.0.128 "GET /v2.0/ports?device_id=76114db0-8c17-4329-934e-551590b6f898 HTTP/1.1" status: 200 len: 210 time: 0.0186975
2026-07-09 14:20:43.727 10 INFO neutron.db.ovn_revision_numbers_db [None req-72d9f446-2a87-476e-b027-52016841e203 e48d8ec457394f3b940aa7376c032b18 a2732ca7fab04c4d90be90b9978f4ceb - - default default] Successfully bumped revision number for resource 0aee7047-7230-4992-a927-7bc513a5994d (type: ports) to 1
2026-07-09 14:20:43.754 10 INFO neutron.api.wsgi [None req-72d9f446-2a87-476e-b027-52016841e203 e48d8ec457394f3b940aa7376c032b18 a2732ca7fab04c4d90be90b9978f4ceb - - default default] 10.0.0.127 "POST /v2.0/ports HTTP/1.1" status: 201 len: 1706 time: 0.5841839
2026-07-09 14:20:43.836 10 INFO neutron.services.segments.plugin [-] Segment 2a0fbbb1-488a-4209-8cb3-990a25e3342f resource provider aggregate not found
2026-07-09 14:20:43.842 10 INFO neutron.services.segments.plugin [-] Segment 2a0fbbb1-488a-4209-8cb3-990a25e3342f resource provider aggregate not found
2026-07-09 14:20:43.849 10 INFO neutron.services.segments.plugin [-] Segment 2a0fbbb1-488a-4209-8cb3-990a25e3342f resource provider not found; error: Placement Client Error (4xx): {"errors": [{"status": 404, "title": "Not Found", "detail": "The resource could not be found.\n\n No resource provider with uuid 2a0fbbb1-488a-4209-8cb3-990a25e3342f found for delete ", "request_id": "req-b15734bf-5ff0-493c-afe5-7fd39ecf8359"}]}
2026-07-09 14:20:43.858 10 INFO neutron.services.segments.plugin [-] Segment 2a0fbbb1-488a-4209-8cb3-990a25e3342f resource provider not found; error: Placement Client Error (4xx): {"errors": [{"status": 404, "title": "Not Found", "detail": "The resource could not be found.\n\n No resource provider with uuid 2a0fbbb1-488a-4209-8cb3-990a25e3342f found for delete ", "request_id": "req-c0c7131b-0c29-4225-8f36-0fc2d69aafd9"}]}
2026-07-09 14:20:43.889 9 INFO neutron.api.wsgi [None req-6ead3277-b601-49b0-a82f-23878a3f3442 e48d8ec457394f3b940aa7376c032b18 a2732ca7fab04c4d90be90b9978f4ceb - - default default] 10.0.0.127 "GET /v2.0/ports HTTP/1.1" status: 200 len: 3213 time: 0.1298602
2026-07-09 14:20:44.068 10 INFO neutron.db.ovn_revision_numbers_db [None req-f470f8e2-cab9-4681-9ead-e31350611bbe c77361a9fe8e4cfbbd5fd79589d8ff23 ad7d2beab058472f90d9832e0a2a9e76 - - default default] Successfully bumped revision number for resource c3d19fee-3020-4874-ae9c-0d8db8b8cbbb (type: security_groups) to 1
2026-07-09 14:20:44.082 10 INFO neutron.db.ovn_revision_numbers_db [None req-f470f8e2-cab9-4681-9ead-e31350611bbe c77361a9fe8e4cfbbd5fd79589d8ff23 ad7d2beab058472f90d9832e0a2a9e76 - - default default] Successfully bumped revision number for resource 16ddcd36-3cb2-406a-96b4-72bdeb5ae994 (type: security_group_rules) to 0
2026-07-09 14:20:44.094 10 INFO neutron.db.ovn_revision_numbers_db [None req-f470f8e2-cab9-4681-9ead-e31350611bbe c77361a9fe8e4cfbbd5fd79589d8ff23 ad7d2beab058472f90d9832e0a2a9e76 - - default default] Successfully bumped revision number for resource 24d2fbd7-b26e-401e-951d-fb647183aceb (type: security_group_rules) to 0
2026-07-09 14:20:44.105 10 INFO neutron.db.ovn_revision_numbers_db [None req-f470f8e2-cab9-4681-9ead-e31350611bbe c77361a9fe8e4cfbbd5fd79589d8ff23 ad7d2beab058472f90d9832e0a2a9e76 - - default default] Successfully bumped revision number for resource 567c9175-51f1-4ddb-8ad9-135be4918f33 (type: security_group_rules) to 0
2026-07-09 14:20:44.119 10 INFO neutron.db.ovn_revision_numbers_db [None req-f470f8e2-cab9-4681-9ead-e31350611bbe c77361a9fe8e4cfbbd5fd79589d8ff23 ad7d2beab058472f90d9832e0a2a9e76 - - default default] Successfully bumped revision number for resource 84d64b98-b581-4eb5-862e-c8649b38374e (type: security_group_rules) to 0
2026-07-09 14:20:44.123 9 INFO neutron.api.wsgi [None req-ebbfc83d-b8a8-4a84-a727-12cbc5fa50ad e48d8ec457394f3b940aa7376c032b18 a2732ca7fab04c4d90be90b9978f4ceb - - default default] 10.0.0.127 "DELETE /v2.0/ports/326f91cb-ad09-4437-a909-6fa46b4c3abb HTTP/1.1" status: 204 len: 168 time: 0.2288773
2026-07-09 14:20:44.151 10 INFO neutron.api.wsgi [None req-f470f8e2-cab9-4681-9ead-e31350611bbe c77361a9fe8e4cfbbd5fd79589d8ff23 ad7d2beab058472f90d9832e0a2a9e76 - - default default] 10.0.0.127 "GET /v2.0/security-groups?tenant_id=fa14e966e45d4bf6b55fe5eb5cd2d532&name=default HTTP/1.1" status: 200 len: 3120 time: 0.3203599
2026-07-09 14:20:44.434 9 INFO neutron.api.wsgi [None req-b23dfffe-a1e0-4879-bf5b-88d1a2997695 e48d8ec457394f3b940aa7376c032b18 a2732ca7fab04c4d90be90b9978f4ceb - - default default] 10.0.0.127 "DELETE /v2.0/ports/0aee7047-7230-4992-a927-7bc513a5994d HTTP/1.1" status: 204 len: 168 time: 0.3068216
2026-07-09 14:20:44.439 9 INFO neutron.api.wsgi [None req-3d0bf05c-e25b-413b-a237-174d436cf44f c77361a9fe8e4cfbbd5fd79589d8ff23 ad7d2beab058472f90d9832e0a2a9e76 - - default default] 10.0.0.127 "DELETE /v2.0/security-groups/c3d19fee-3020-4874-ae9c-0d8db8b8cbbb HTTP/1.1" status: 204 len: 168 time: 0.2834299
2026-07-09 14:20:44.548 10 INFO neutron.api.wsgi [None req-f3ae7ce6-8aee-45e3-b187-2531756f7efd e48d8ec457394f3b940aa7376c032b18 a2732ca7fab04c4d90be90b9978f4ceb - - default default] 10.0.0.127 "GET /v2.0/ports HTTP/1.1" status: 200 len: 1718 time: 0.1080775
2026-07-09 14:20:44.559 10 WARNING neutron_lib.context [None req-72ba6e88-14e9-47f5-87c1-371f6dd0b33e e48d8ec457394f3b940aa7376c032b18 a2732ca7fab04c4d90be90b9978f4ceb - - default default] Method 'is_advsvc' is deprecated since 2023.2 release (neutron-lib 3.8.0) and will be removed once support for the old RBAC API policies will be removed from Neutron. Please use method 'is_service_role' instead.
2026-07-09 14:20:44.644 10 INFO neutron.db.segments_db [None req-72ba6e88-14e9-47f5-87c1-371f6dd0b33e e48d8ec457394f3b940aa7376c032b18 a2732ca7fab04c4d90be90b9978f4ceb - - default default] Added segment c7e2d82f-8536-4b62-bb2d-aa36f6fc5459 of type geneve for network 88338d77-37b6-4551-a68d-8908987b26ea
2026-07-09 14:20:44.770 10 INFO neutron.db.ovn_revision_numbers_db [None req-72ba6e88-14e9-47f5-87c1-371f6dd0b33e e48d8ec457394f3b940aa7376c032b18 a2732ca7fab04c4d90be90b9978f4ceb - - default default] Successfully bumped revision number for resource 88338d77-37b6-4551-a68d-8908987b26ea (type: networks) to 1
2026-07-09 14:20:44.817 9 INFO neutron.api.wsgi [req-e4093d9e-64a4-4417-9f92-f904c2956e60 req-8d89450f-5159-4cc7-bbe2-715ec8e3ea23 f84503778d2d4448baac348b65b4e4c0 8e0c2bdf065749a18cb41066c7aa6650 - - default default] 10.0.0.128 "GET /v2.0/ports?device_id=76114db0-8c17-4329-934e-551590b6f898 HTTP/1.1" status: 200 len: 210 time: 0.0206003
2026-07-09 14:20:44.943 10 WARNING neutron.scheduler.dhcp_agent_scheduler [None req-72ba6e88-14e9-47f5-87c1-371f6dd0b33e e48d8ec457394f3b940aa7376c032b18 a2732ca7fab04c4d90be90b9978f4ceb - - default default] No more DHCP agents
2026-07-09 14:20:44.944 10 WARNING neutron.api.rpc.agentnotifiers.dhcp_rpc_agent_api [None req-72ba6e88-14e9-47f5-87c1-371f6dd0b33e e48d8ec457394f3b940aa7376c032b18 a2732ca7fab04c4d90be90b9978f4ceb - - default default] Unable to schedule network 88338d77-37b6-4551-a68d-8908987b26ea: no agents available; will retry on subsequent port and subnet creation events.
2026-07-09 14:20:45.004 10 INFO neutron.db.ovn_revision_numbers_db [None req-72ba6e88-14e9-47f5-87c1-371f6dd0b33e e48d8ec457394f3b940aa7376c032b18 a2732ca7fab04c4d90be90b9978f4ceb - - default default] Successfully bumped revision number for resource 8475d1fd-2752-4a73-a367-2b41a3e5f9cf (type: ports) to 1
2026-07-09 14:20:45.023 10 INFO neutron.api.wsgi [None req-72ba6e88-14e9-47f5-87c1-371f6dd0b33e e48d8ec457394f3b940aa7376c032b18 a2732ca7fab04c4d90be90b9978f4ceb - - default default] 10.0.0.127 "POST /v2.0/networks HTTP/1.1" status: 201 len: 849 time: 0.4678419
2026-07-09 14:20:45.032 10 WARNING neutron_lib.context [None req-2331bfc5-c78a-4eb2-8b10-06c03e956345 e48d8ec457394f3b940aa7376c032b18 a2732ca7fab04c4d90be90b9978f4ceb - - default default] Method 'is_advsvc' is deprecated since 2023.2 release (neutron-lib 3.8.0) and will be removed once support for the old RBAC API policies will be removed from Neutron. Please use method 'is_service_role' instead.
2026-07-09 14:20:45.106 10 INFO neutron.db.segments_db [None req-2331bfc5-c78a-4eb2-8b10-06c03e956345 e48d8ec457394f3b940aa7376c032b18 a2732ca7fab04c4d90be90b9978f4ceb - - default default] Added segment 17968c16-7a7e-4712-8ca7-b9b18024c9b0 of type geneve for network 8069cdbc-f3d7-481b-9c49-06e87f0ce6fc
2026-07-09 14:20:45.212 10 INFO neutron.db.ovn_revision_numbers_db [None req-2331bfc5-c78a-4eb2-8b10-06c03e956345 e48d8ec457394f3b940aa7376c032b18 a2732ca7fab04c4d90be90b9978f4ceb - - default default] Successfully bumped revision number for resource 8069cdbc-f3d7-481b-9c49-06e87f0ce6fc (type: networks) to 1
2026-07-09 14:20:45.353 10 WARNING neutron.scheduler.dhcp_agent_scheduler [None req-2331bfc5-c78a-4eb2-8b10-06c03e956345 e48d8ec457394f3b940aa7376c032b18 a2732ca7fab04c4d90be90b9978f4ceb - - default default] No more DHCP agents
2026-07-09 14:20:45.355 10 WARNING neutron.api.rpc.agentnotifiers.dhcp_rpc_agent_api [None req-2331bfc5-c78a-4eb2-8b10-06c03e956345 e48d8ec457394f3b940aa7376c032b18 a2732ca7fab04c4d90be90b9978f4ceb - - default default] Unable to schedule network 8069cdbc-f3d7-481b-9c49-06e87f0ce6fc: no agents available; will retry on subsequent port and subnet creation events.
2026-07-09 14:20:45.427 10 INFO neutron.db.ovn_revision_numbers_db [None req-2331bfc5-c78a-4eb2-8b10-06c03e956345 e48d8ec457394f3b940aa7376c032b18 a2732ca7fab04c4d90be90b9978f4ceb - - default default] Successfully bumped revision number for resource 88f4bc9c-6045-4fba-ab9e-64c88c73a908 (type: ports) to 1
2026-07-09 14:20:45.448 10 INFO neutron.api.wsgi [None req-2331bfc5-c78a-4eb2-8b10-06c03e956345 e48d8ec457394f3b940aa7376c032b18 a2732ca7fab04c4d90be90b9978f4ceb - - default default] 10.0.0.127 "POST /v2.0/networks HTTP/1.1" status: 201 len: 849 time: 0.4198420
2026-07-09 14:20:45.495 9 WARNING neutron_lib.context [None req-ba479f75-944d-415c-b686-f7428b23479d e48d8ec457394f3b940aa7376c032b18 a2732ca7fab04c4d90be90b9978f4ceb - - default default] Method 'is_advsvc' is deprecated since 2023.2 release (neutron-lib 3.8.0) and will be removed once support for the old RBAC API policies will be removed from Neutron. Please use method 'is_service_role' instead.
2026-07-09 14:20:45.519 9 WARNING neutron_lib.context [None req-ba479f75-944d-415c-b686-f7428b23479d e48d8ec457394f3b940aa7376c032b18 a2732ca7fab04c4d90be90b9978f4ceb - - default default] Method 'is_advsvc' is deprecated since 2023.2 release (neutron-lib 3.8.0) and will be removed once support for the old RBAC API policies will be removed from Neutron. Please use method 'is_service_role' instead.
2026-07-09 14:20:45.827 9 WARNING neutron.scheduler.dhcp_agent_scheduler [None req-ba479f75-944d-415c-b686-f7428b23479d e48d8ec457394f3b940aa7376c032b18 a2732ca7fab04c4d90be90b9978f4ceb - - default default] No more DHCP agents
2026-07-09 14:20:45.828 9 WARNING neutron.api.rpc.agentnotifiers.dhcp_rpc_agent_api [None req-ba479f75-944d-415c-b686-f7428b23479d e48d8ec457394f3b940aa7376c032b18 a2732ca7fab04c4d90be90b9978f4ceb - - default default] Unable to schedule network 88338d77-37b6-4551-a68d-8908987b26ea: no agents available; will retry on subsequent port and subnet creation events.
2026-07-09 14:20:45.892 9 INFO neutron.api.wsgi [req-1f942552-d8e4-43c8-893a-a38d915e85c1 req-88c22840-ff36-4d70-b4c7-9be7b24ed225 f84503778d2d4448baac348b65b4e4c0 8e0c2bdf065749a18cb41066c7aa6650 - - default default] 10.0.0.128 "GET /v2.0/ports?device_id=76114db0-8c17-4329-934e-551590b6f898 HTTP/1.1" status: 200 len: 210 time: 0.0143278
2026-07-09 14:20:46.245 9 INFO neutron.db.ovn_revision_numbers_db [None req-64e9f558-8a7a-40b2-96db-3507539c4392 - - - - - -] Successfully bumped revision number for resource 8475d1fd-2752-4a73-a367-2b41a3e5f9cf (type: ports) to 2
2026-07-09 14:20:46.248 10 WARNING neutron_lib.context [None req-18300192-0f7f-40b3-a5ba-1d5559950bbf f901f9f5f64f4f4187fb964256d2e292 972fc14032254f81acf627c04ce6897d - - default default] Method 'is_advsvc' is deprecated since 2023.2 release (neutron-lib 3.8.0) and will be removed once support for the old RBAC API policies will be removed from Neutron. Please use method 'is_service_role' instead.
2026-07-09 14:20:46.273 9 INFO neutron.db.ovn_revision_numbers_db [None req-64e9f558-8a7a-40b2-96db-3507539c4392 - - - - - -] Successfully bumped revision number for resource 0887e698-b576-4611-b540-6da3988bf019 (type: subnets) to 0
2026-07-09 14:20:46.300 9 WARNING neutron.scheduler.dhcp_agent_scheduler [None req-ba479f75-944d-415c-b686-f7428b23479d e48d8ec457394f3b940aa7376c032b18 a2732ca7fab04c4d90be90b9978f4ceb - - default default] No more DHCP agents
2026-07-09 14:20:46.301 9 WARNING neutron.api.rpc.agentnotifiers.dhcp_rpc_agent_api [None req-ba479f75-944d-415c-b686-f7428b23479d e48d8ec457394f3b940aa7376c032b18 a2732ca7fab04c4d90be90b9978f4ceb - - default default] Unable to schedule network 8069cdbc-f3d7-481b-9c49-06e87f0ce6fc: no agents available; will retry on subsequent port and subnet creation events.
2026-07-09 14:20:46.372 10 INFO neutron.db.ovn_revision_numbers_db [None req-18300192-0f7f-40b3-a5ba-1d5559950bbf f901f9f5f64f4f4187fb964256d2e292 972fc14032254f81acf627c04ce6897d - - default default] Successfully bumped revision number for resource dc0f4060-58f8-422b-8bff-6d311c4b95ba (type: security_groups) to 1
2026-07-09 14:20:46.383 10 INFO neutron.db.ovn_revision_numbers_db [None req-18300192-0f7f-40b3-a5ba-1d5559950bbf f901f9f5f64f4f4187fb964256d2e292 972fc14032254f81acf627c04ce6897d - - default default] Successfully bumped revision number for resource 0f9054e9-7d95-43b3-b117-0777396a4d63 (type: security_group_rules) to 0
2026-07-09 14:20:46.397 10 INFO neutron.db.ovn_revision_numbers_db [None req-18300192-0f7f-40b3-a5ba-1d5559950bbf f901f9f5f64f4f4187fb964256d2e292 972fc14032254f81acf627c04ce6897d - - default default] Successfully bumped revision number for resource b94fc0b4-13c4-4739-b29c-0099c4933995 (type: security_group_rules) to 0
2026-07-09 14:20:46.410 10 INFO neutron.db.ovn_revision_numbers_db [None req-18300192-0f7f-40b3-a5ba-1d5559950bbf f901f9f5f64f4f4187fb964256d2e292 972fc14032254f81acf627c04ce6897d - - default default] Successfully bumped revision number for resource c751c4e4-07cc-4706-b5a7-9aced7827715 (type: security_group_rules) to 0
2026-07-09 14:20:46.427 10 INFO neutron.db.ovn_revision_numbers_db [None req-18300192-0f7f-40b3-a5ba-1d5559950bbf f901f9f5f64f4f4187fb964256d2e292 972fc14032254f81acf627c04ce6897d - - default default] Successfully bumped revision number for resource cdf0402d-f07a-4385-b51c-48077ba79323 (type: security_group_rules) to 0
2026-07-09 14:20:46.499 10 INFO neutron.db.segments_db [None req-18300192-0f7f-40b3-a5ba-1d5559950bbf f901f9f5f64f4f4187fb964256d2e292 972fc14032254f81acf627c04ce6897d - - default default] Added segment 8d6b1169-5c9f-4eb0-94f3-1d8c78d6ed89 of type geneve for network 48c2643f-43d4-4695-88ef-18e7499b66ff
2026-07-09 14:20:46.622 10 INFO neutron.db.ovn_revision_numbers_db [None req-18300192-0f7f-40b3-a5ba-1d5559950bbf f901f9f5f64f4f4187fb964256d2e292 972fc14032254f81acf627c04ce6897d - - default default] Successfully bumped revision number for resource 48c2643f-43d4-4695-88ef-18e7499b66ff (type: networks) to 1
