2026-07-09 14:21:44.417 10 INFO neutron.api.wsgi [req-09a21277-9947-4a35-93ff-21dd3b8fc6d8 req-824df797-ef20-464e-a68f-86948dd0ad5e 51fb6d11ad5a47aaa47aa07c8123b291 234ee95886ed4cc78b9b0de3f6beeb2a - - default default] 10.0.0.128 "GET /v2.0/security-groups?id=8ac17f82-18ac-4307-a3cc-899db68eb9d3&fields=id&fields=name HTTP/1.1" status: 200 len: 286 time: 0.0243626
2026-07-09 14:21:44.440 9 INFO neutron.api.wsgi [req-2927d046-bba8-4303-9d12-01a37cc4e4b1 req-cc1f7661-8ee3-491e-b167-b0ad02c68aae 3562a23073494c98a019535c08d169bf 8a1d1909a68f4c45959bcf91204609d3 - - default default] 10.0.0.128 "GET /v2.0/security-groups?id=8d84432b-045d-4785-8789-1f27cb258cab&fields=id&fields=name HTTP/1.1" status: 200 len: 313 time: 0.0270882
2026-07-09 14:21:44.625 10 INFO neutron.api.wsgi [req-65a327ff-0f25-42ad-b360-09b0c9b72482 req-fe8702a1-ff21-4553-b4d2-005ab8392528 0039bd4d8de5460bba806519a2d1cae1 29bdd136981d4cc2a3036ebe0e04c55a - - d3ef61c4b0e44188a5cc900bcb94ad38 d3ef61c4b0e44188a5cc900bcb94ad38] 199.19.213.61 "GET /v2.0/ports?tenant_id=3ffdb8a264ee4354a7c88c2928f9ed43&device_id=781e33b6-97b7-4c86-9839-eb74660435d4 HTTP/1.1" status: 200 len: 1450 time: 0.0482526
2026-07-09 14:21:44.682 10 INFO neutron.api.wsgi [req-65a327ff-0f25-42ad-b360-09b0c9b72482 req-25e81d2f-5b6c-4798-abb8-ad799507e8c6 0039bd4d8de5460bba806519a2d1cae1 29bdd136981d4cc2a3036ebe0e04c55a - - d3ef61c4b0e44188a5cc900bcb94ad38 d3ef61c4b0e44188a5cc900bcb94ad38] 199.19.213.61 "GET /v2.0/networks?tenant_id=3ffdb8a264ee4354a7c88c2928f9ed43&shared=False HTTP/1.1" status: 200 len: 971 time: 0.0511231
2026-07-09 14:21:44.685 10 INFO neutron.api.wsgi [req-2033ee57-9d43-4e8f-86b4-c8a0c1ed81c1 req-7d1135ac-f39d-4292-9b57-e1ae65d98b93 7564237578a64a5b93122769bfefbf69 3ffdb8a264ee4354a7c88c2928f9ed43 - - default default] 10.0.0.128 "GET /v2.0/ports?device_id=781e33b6-97b7-4c86-9839-eb74660435d4 HTTP/1.1" status: 200 len: 1212 time: 0.0828626
2026-07-09 14:21:44.752 10 INFO neutron.api.wsgi [req-2033ee57-9d43-4e8f-86b4-c8a0c1ed81c1 req-302d31f5-0804-40bd-85a7-3db304228344 7564237578a64a5b93122769bfefbf69 3ffdb8a264ee4354a7c88c2928f9ed43 - - default default] 10.0.0.128 "GET /v2.0/security-groups?id=9799dbd3-8ca7-451d-b033-29b70fe2a3c5&id=4b40b6fa-5c39-4233-b531-1f8ad3ac2105&fields=id&fields=name HTTP/1.1" status: 200 len: 404 time: 0.0630417
2026-07-09 14:21:44.767 10 INFO neutron.api.wsgi [req-65a327ff-0f25-42ad-b360-09b0c9b72482 req-97844c42-03f4-4b84-a82e-eb3d7705effd 0039bd4d8de5460bba806519a2d1cae1 29bdd136981d4cc2a3036ebe0e04c55a - - d3ef61c4b0e44188a5cc900bcb94ad38 d3ef61c4b0e44188a5cc900bcb94ad38] 199.19.213.61 "GET /v2.0/networks?shared=True HTTP/1.1" status: 200 len: 952 time: 0.0727446
2026-07-09 14:21:45.042 10 INFO neutron.plugins.ml2.drivers.ovn.mech_driver.mech_driver [None req-8b36d4f0-635a-4028-a825-a4ed1e818271 - - - - - -] OVN reports status up for port: 38e10955-233f-4143-80e0-6fc3dd3862cc
2026-07-09 14:21:45.061 10 INFO neutron.plugins.ml2.plugin [None req-8b36d4f0-635a-4028-a825-a4ed1e818271 - - - - - -] Attempt 1 to provision port 38e10955-233f-4143-80e0-6fc3dd3862cc
2026-07-09 14:21:45.134 9 INFO neutron.notifiers.nova [-] Nova event matching ['req-c15dc479-f389-4935-91b5-570d89fea599'] response: {'server_uuid': 'ad86075b-351d-454f-96be-251095523c86', 'name': 'network-vif-unplugged', 'status': 'completed', 'tag': '9cc4fc54-a342-45d3-83db-5f2030299e6a', 'code': 200}
2026-07-09 14:21:45.292 10 INFO neutron.db.ovn_revision_numbers_db [None req-8b36d4f0-635a-4028-a825-a4ed1e818271 - - - - - -] Successfully bumped revision number for resource 38e10955-233f-4143-80e0-6fc3dd3862cc (type: ports) to 5 /var/lib/openstack/lib/python3.12/site-packages/pycadf/identifier.py:71: UserWarning: Invalid uuid: neutron. To ensure interoperability, identifiers should be a valid uuid. warnings.warn(('Invalid uuid: %s. To ensure interoperability, '
2026-07-09 14:21:45.509 10 INFO neutron.api.wsgi [req-07357418-366b-4633-83a0-c700d9cedb0d req-ae866e81-57d6-4f75-ba45-4e6123635be5 51fb6d11ad5a47aaa47aa07c8123b291 234ee95886ed4cc78b9b0de3f6beeb2a - - default default] 10.0.0.128 "GET /v2.0/ports?device_id=2a380fff-0a17-44a4-81ec-737ec2c40733 HTTP/1.1" status: 200 len: 1170 time: 0.0388076
2026-07-09 14:21:45.536 9 INFO neutron.api.wsgi [req-80c7b24a-ef17-4bae-a8db-8ee5a152c0be req-14041749-7292-4284-9fba-86b13f1a6345 3562a23073494c98a019535c08d169bf 8a1d1909a68f4c45959bcf91204609d3 - - default default] 10.0.0.128 "GET /v2.0/ports?device_id=ad86075b-351d-454f-96be-251095523c86 HTTP/1.1" status: 200 len: 1168 time: 0.0422516
2026-07-09 14:21:45.549 10 INFO neutron.api.wsgi [req-07357418-366b-4633-83a0-c700d9cedb0d req-e108609a-4bf7-4480-8b01-1ff7737ded55 51fb6d11ad5a47aaa47aa07c8123b291 234ee95886ed4cc78b9b0de3f6beeb2a - - default default] 10.0.0.128 "GET /v2.0/security-groups?id=8ac17f82-18ac-4307-a3cc-899db68eb9d3&fields=id&fields=name HTTP/1.1" status: 200 len: 286 time: 0.0354598
2026-07-09 14:21:45.568 9 INFO neutron.api.wsgi [req-80c7b24a-ef17-4bae-a8db-8ee5a152c0be req-771f1013-9382-45a0-9892-f47e8ce5b16f 3562a23073494c98a019535c08d169bf 8a1d1909a68f4c45959bcf91204609d3 - - default default] 10.0.0.128 "GET /v2.0/security-groups?id=8d84432b-045d-4785-8789-1f27cb258cab&fields=id&fields=name HTTP/1.1" status: 200 len: 313 time: 0.0250406
2026-07-09 14:21:45.829 10 INFO neutron.api.wsgi [req-90453e3d-74eb-475e-a6ae-46e48d6921dd req-cc3d7ffa-cc54-4f49-9ee4-a862c8498eb3 0039bd4d8de5460bba806519a2d1cae1 29bdd136981d4cc2a3036ebe0e04c55a - - d3ef61c4b0e44188a5cc900bcb94ad38 d3ef61c4b0e44188a5cc900bcb94ad38] 199.19.213.61 "GET /v2.0/ports?tenant_id=3ffdb8a264ee4354a7c88c2928f9ed43&device_id=781e33b6-97b7-4c86-9839-eb74660435d4 HTTP/1.1" status: 200 len: 1450 time: 0.0475655
2026-07-09 14:21:45.867 10 INFO neutron.api.wsgi [req-90453e3d-74eb-475e-a6ae-46e48d6921dd req-d106c196-b43e-45b3-af52-6dd7e44ab665 0039bd4d8de5460bba806519a2d1cae1 29bdd136981d4cc2a3036ebe0e04c55a - - d3ef61c4b0e44188a5cc900bcb94ad38 d3ef61c4b0e44188a5cc900bcb94ad38] 199.19.213.61 "GET /v2.0/floatingips?fixed_ip_address=10.100.0.12&port_id=61b17c1f-4f0d-4514-a615-d562b1f8b931 HTTP/1.1" status: 200 len: 217 time: 0.0316885
2026-07-09 14:21:45.873 10 INFO neutron.api.wsgi [req-93a90524-462a-4c46-ad3d-e8f1808f875a req-6783c2c0-28e8-402e-aa70-0bacb8b7f318 7564237578a64a5b93122769bfefbf69 3ffdb8a264ee4354a7c88c2928f9ed43 - - default default] 10.0.0.128 "GET /v2.0/ports?device_id=781e33b6-97b7-4c86-9839-eb74660435d4 HTTP/1.1" status: 200 len: 1212 time: 0.0590978
2026-07-09 14:21:45.898 10 INFO neutron.api.wsgi [req-90453e3d-74eb-475e-a6ae-46e48d6921dd req-1e4c9bc8-6f26-4788-b2fc-444e95fd5629 0039bd4d8de5460bba806519a2d1cae1 29bdd136981d4cc2a3036ebe0e04c55a - - d3ef61c4b0e44188a5cc900bcb94ad38 d3ef61c4b0e44188a5cc900bcb94ad38] 199.19.213.61 "GET /v2.0/subnets?id=558d07b5-15fd-48b0-b6a9-83e552ac5885 HTTP/1.1" status: 200 len: 890 time: 0.0242853
2026-07-09 14:21:45.920 10 INFO neutron.api.wsgi [req-90453e3d-74eb-475e-a6ae-46e48d6921dd req-dc7b142e-58f3-49b6-8b64-125d869b9aff 0039bd4d8de5460bba806519a2d1cae1 29bdd136981d4cc2a3036ebe0e04c55a - - d3ef61c4b0e44188a5cc900bcb94ad38 d3ef61c4b0e44188a5cc900bcb94ad38] 199.19.213.61 "GET /v2.0/ports?network_id=e5209ead-cfda-4dde-bfb1-146ca28217b3&device_owner=network%3Adhcp HTTP/1.1" status: 200 len: 210 time: 0.0163991
2026-07-09 14:21:45.941 10 INFO neutron.api.wsgi [req-93a90524-462a-4c46-ad3d-e8f1808f875a req-c2d8924e-d416-43c5-ba92-575f91e6c70e 7564237578a64a5b93122769bfefbf69 3ffdb8a264ee4354a7c88c2928f9ed43 - - default default] 10.0.0.128 "GET /v2.0/security-groups?id=9799dbd3-8ca7-451d-b033-29b70fe2a3c5&id=4b40b6fa-5c39-4233-b531-1f8ad3ac2105&fields=id&fields=name HTTP/1.1" status: 200 len: 404 time: 0.0621731
2026-07-09 14:21:45.982 10 INFO neutron.api.wsgi [req-90453e3d-74eb-475e-a6ae-46e48d6921dd req-87aeb11a-0d8c-4c4f-99bc-3e52f5f4f7b1 0039bd4d8de5460bba806519a2d1cae1 29bdd136981d4cc2a3036ebe0e04c55a - - d3ef61c4b0e44188a5cc900bcb94ad38 d3ef61c4b0e44188a5cc900bcb94ad38] 199.19.213.61 "GET /v2.0/networks/e5209ead-cfda-4dde-bfb1-146ca28217b3?fields=segments HTTP/1.1" status: 200 len: 212 time: 0.0528147
2026-07-09 14:21:46.001 9 INFO neutron.plugins.ml2.drivers.ovn.mech_driver.mech_driver [None req-15e770e2-9452-4ec7-9fd7-ff73d3826f39 - - - - - -] OVN reports status up for port: 9cc4fc54-a342-45d3-83db-5f2030299e6a
2026-07-09 14:21:46.018 9 INFO neutron.plugins.ml2.plugin [None req-15e770e2-9452-4ec7-9fd7-ff73d3826f39 - - - - - -] Attempt 1 to provision port 9cc4fc54-a342-45d3-83db-5f2030299e6a
2026-07-09 14:21:46.042 10 INFO neutron.api.wsgi [req-90453e3d-74eb-475e-a6ae-46e48d6921dd req-46e6f9cc-8d5f-4316-8315-9a3e432266a8 0039bd4d8de5460bba806519a2d1cae1 29bdd136981d4cc2a3036ebe0e04c55a - - d3ef61c4b0e44188a5cc900bcb94ad38 d3ef61c4b0e44188a5cc900bcb94ad38] 199.19.213.61 "GET /v2.0/networks/e5209ead-cfda-4dde-bfb1-146ca28217b3?fields=provider%3Aphysical_network&fields=provider%3Anetwork_type HTTP/1.1" status: 200 len: 277 time: 0.0566812
2026-07-09 14:21:46.105 10 INFO neutron.notifiers.nova [-] Nova event matching ['req-cf5bbd6c-eb08-4719-84b9-14e32287d23f'] response: {'server_uuid': '2a380fff-0a17-44a4-81ec-737ec2c40733', 'name': 'network-vif-plugged', 'status': 'completed', 'tag': '38e10955-233f-4143-80e0-6fc3dd3862cc', 'code': 200}
2026-07-09 14:21:46.105 10 INFO neutron.notifiers.nova [-] Nova event matching ['req-cf5bbd6c-eb08-4719-84b9-14e32287d23f'] response: {'server_uuid': '2a380fff-0a17-44a4-81ec-737ec2c40733', 'name': 'network-vif-plugged', 'status': 'completed', 'tag': '38e10955-233f-4143-80e0-6fc3dd3862cc', 'code': 200}
2026-07-09 14:21:46.223 9 INFO neutron.db.ovn_revision_numbers_db [None req-15e770e2-9452-4ec7-9fd7-ff73d3826f39 - - - - - -] Successfully bumped revision number for resource 9cc4fc54-a342-45d3-83db-5f2030299e6a (type: ports) to 7 /var/lib/openstack/lib/python3.12/site-packages/pycadf/identifier.py:71: UserWarning: Invalid uuid: neutron. To ensure interoperability, identifiers should be a valid uuid. warnings.warn(('Invalid uuid: %s. To ensure interoperability, '
2026-07-09 14:21:46.665 9 INFO neutron.api.wsgi [req-60d2e92b-efa1-4272-986c-94375322917a req-356d58df-0bbd-4d01-99ed-b46e6fc82029 3562a23073494c98a019535c08d169bf 8a1d1909a68f4c45959bcf91204609d3 - - default default] 10.0.0.128 "GET /v2.0/ports?device_id=ad86075b-351d-454f-96be-251095523c86 HTTP/1.1" status: 200 len: 1170 time: 0.0412097
2026-07-09 14:21:46.700 9 INFO neutron.api.wsgi [req-60d2e92b-efa1-4272-986c-94375322917a req-c3bad7eb-be1c-4e51-988c-930d92f9bbe8 3562a23073494c98a019535c08d169bf 8a1d1909a68f4c45959bcf91204609d3 - - default default] 10.0.0.128 "GET /v2.0/security-groups?id=8d84432b-045d-4785-8789-1f27cb258cab&fields=id&fields=name HTTP/1.1" status: 200 len: 313 time: 0.0291517
2026-07-09 14:21:46.721 10 INFO neutron.api.wsgi [req-680801f4-cb64-42ee-808c-2af7e67f9dab req-c4bc8f9f-bf90-42f7-b764-ef53b9669136 51fb6d11ad5a47aaa47aa07c8123b291 234ee95886ed4cc78b9b0de3f6beeb2a - - default default] 10.0.0.128 "GET /v2.0/ports?device_id=2a380fff-0a17-44a4-81ec-737ec2c40733 HTTP/1.1" status: 200 len: 1170 time: 0.1064034
2026-07-09 14:21:46.759 10 INFO neutron.api.wsgi [req-680801f4-cb64-42ee-808c-2af7e67f9dab req-fd8207e0-c129-481a-bcef-fd3b8914dbbc 51fb6d11ad5a47aaa47aa07c8123b291 234ee95886ed4cc78b9b0de3f6beeb2a - - default default] 10.0.0.128 "GET /v2.0/security-groups?id=8ac17f82-18ac-4307-a3cc-899db68eb9d3&fields=id&fields=name HTTP/1.1" status: 200 len: 286 time: 0.0331888
2026-07-09 14:21:47.041 9 INFO neutron.api.wsgi [req-9f601999-e989-4911-86b8-e6bbc5bffe60 req-f00e0564-6fad-4170-922c-7236e55191b4 7564237578a64a5b93122769bfefbf69 3ffdb8a264ee4354a7c88c2928f9ed43 - - default default] 10.0.0.128 "GET /v2.0/ports?device_id=781e33b6-97b7-4c86-9839-eb74660435d4 HTTP/1.1" status: 200 len: 1212 time: 0.0303907
2026-07-09 14:21:47.082 9 INFO neutron.api.wsgi [req-9f601999-e989-4911-86b8-e6bbc5bffe60 req-f1b77247-01ab-43b6-a94d-5be8cc29552e 7564237578a64a5b93122769bfefbf69 3ffdb8a264ee4354a7c88c2928f9ed43 - - default default] 10.0.0.128 "GET /v2.0/security-groups?id=9799dbd3-8ca7-451d-b033-29b70fe2a3c5&id=4b40b6fa-5c39-4233-b531-1f8ad3ac2105&fields=id&fields=name HTTP/1.1" status: 200 len: 404 time: 0.0356615
2026-07-09 14:21:47.165 9 INFO neutron.notifiers.nova [-] Nova event matching ['req-7ebea298-93a0-46f8-a106-da5a66e1fc13'] response: {'server_uuid': 'ad86075b-351d-454f-96be-251095523c86', 'name': 'network-vif-plugged', 'status': 'completed', 'tag': '9cc4fc54-a342-45d3-83db-5f2030299e6a', 'code': 200}
2026-07-09 14:21:47.165 9 INFO neutron.notifiers.nova [-] Nova event matching ['req-7ebea298-93a0-46f8-a106-da5a66e1fc13'] response: {'server_uuid': 'ad86075b-351d-454f-96be-251095523c86', 'name': 'network-vif-plugged', 'status': 'completed', 'tag': '9cc4fc54-a342-45d3-83db-5f2030299e6a', 'code': 200}
2026-07-09 14:21:47.789 9 INFO neutron.api.wsgi [req-f1706a3b-be87-43c3-985d-3e9ff1d7803e req-af396cc5-c355-473e-8680-5a2876b7a175 3562a23073494c98a019535c08d169bf 8a1d1909a68f4c45959bcf91204609d3 - - default default] 10.0.0.128 "GET /v2.0/ports?device_id=ad86075b-351d-454f-96be-251095523c86 HTTP/1.1" status: 200 len: 1170 time: 0.0289476
2026-07-09 14:21:47.823 9 INFO neutron.api.wsgi [req-f1706a3b-be87-43c3-985d-3e9ff1d7803e req-e0afb8f8-2405-44c1-af3b-82997e374789 3562a23073494c98a019535c08d169bf 8a1d1909a68f4c45959bcf91204609d3 - - default default] 10.0.0.128 "GET /v2.0/security-groups?id=8d84432b-045d-4785-8789-1f27cb258cab&fields=id&fields=name HTTP/1.1" status: 200 len: 313 time: 0.0275748
2026-07-09 14:21:47.865 10 INFO neutron.api.wsgi [req-475c3e17-fc01-49f9-b240-ec0180134499 req-f031f908-b751-46cc-9936-5203a0170c58 51fb6d11ad5a47aaa47aa07c8123b291 234ee95886ed4cc78b9b0de3f6beeb2a - - default default] 10.0.0.128 "GET /v2.0/ports?device_id=2a380fff-0a17-44a4-81ec-737ec2c40733 HTTP/1.1" status: 200 len: 1170 time: 0.0413406
2026-07-09 14:21:47.906 10 INFO neutron.api.wsgi [req-475c3e17-fc01-49f9-b240-ec0180134499 req-bfd89fbc-3c4d-4f46-87dd-d7bd0da73aaa 51fb6d11ad5a47aaa47aa07c8123b291 234ee95886ed4cc78b9b0de3f6beeb2a - - default default] 10.0.0.128 "GET /v2.0/security-groups?id=8ac17f82-18ac-4307-a3cc-899db68eb9d3&fields=id&fields=name HTTP/1.1" status: 200 len: 286 time: 0.0339003
2026-07-09 14:21:48.198 9 INFO neutron.api.wsgi [req-cedfc22c-c382-4a3a-ad80-bd255284c35c req-56d0f865-7c20-46d0-b1ed-e77185514cd7 7564237578a64a5b93122769bfefbf69 3ffdb8a264ee4354a7c88c2928f9ed43 - - default default] 10.0.0.128 "GET /v2.0/ports?device_id=781e33b6-97b7-4c86-9839-eb74660435d4 HTTP/1.1" status: 200 len: 1212 time: 0.0481303
2026-07-09 14:21:48.231 9 INFO neutron.db.ovn_revision_numbers_db [None req-6e174b86-d0f5-4251-be54-cf4c37b48369 b2cd0e547d98431b915ab5249a5324ea b22cdab806974449a39cec167b5be3a1 - - default default] Successfully bumped revision number for resource 91812218-fc46-4ae8-86f7-8551b5e2bff5 (type: security_groups) to 1
2026-07-09 14:21:48.264 9 INFO neutron.db.ovn_revision_numbers_db [None req-6e174b86-d0f5-4251-be54-cf4c37b48369 b2cd0e547d98431b915ab5249a5324ea b22cdab806974449a39cec167b5be3a1 - - default default] Successfully bumped revision number for resource 32543fe1-38a1-4409-b021-a927e8e69d5b (type: security_group_rules) to 0
2026-07-09 14:21:48.273 9 INFO neutron.api.wsgi [req-cedfc22c-c382-4a3a-ad80-bd255284c35c req-310894bc-0cfd-44dd-9c07-bd679b5ca643 7564237578a64a5b93122769bfefbf69 3ffdb8a264ee4354a7c88c2928f9ed43 - - default default] 10.0.0.128 "GET /v2.0/security-groups?id=9799dbd3-8ca7-451d-b033-29b70fe2a3c5&id=4b40b6fa-5c39-4233-b531-1f8ad3ac2105&fields=id&fields=name HTTP/1.1" status: 200 len: 404 time: 0.0690835
2026-07-09 14:21:48.281 9 INFO neutron.db.ovn_revision_numbers_db [None req-6e174b86-d0f5-4251-be54-cf4c37b48369 b2cd0e547d98431b915ab5249a5324ea b22cdab806974449a39cec167b5be3a1 - - default default] Successfully bumped revision number for resource 5a29ff5c-00f0-421c-a2b0-896f1e3cacdc (type: security_group_rules) to 0
2026-07-09 14:21:48.301 9 INFO neutron.db.ovn_revision_numbers_db [None req-6e174b86-d0f5-4251-be54-cf4c37b48369 b2cd0e547d98431b915ab5249a5324ea b22cdab806974449a39cec167b5be3a1 - - default default] Successfully bumped revision number for resource 97e5fc4e-ec04-4f47-b721-89e43b05f490 (type: security_group_rules) to 0
2026-07-09 14:21:48.315 9 INFO neutron.db.ovn_revision_numbers_db [None req-6e174b86-d0f5-4251-be54-cf4c37b48369 b2cd0e547d98431b915ab5249a5324ea b22cdab806974449a39cec167b5be3a1 - - default default] Successfully bumped revision number for resource c0b83ccc-344c-43a8-af20-47183edac00c (type: security_group_rules) to 0
2026-07-09 14:21:48.379 9 INFO neutron.db.segments_db [None req-6e174b86-d0f5-4251-be54-cf4c37b48369 b2cd0e547d98431b915ab5249a5324ea b22cdab806974449a39cec167b5be3a1 - - default default] Added segment 8d197967-7d77-4a6d-9d97-a225b8171612 of type geneve for network 0163e81c-f0d2-493b-9bdb-ec64437f7ce2
2026-07-09 14:21:48.496 9 INFO neutron.db.ovn_revision_numbers_db [None req-6e174b86-d0f5-4251-be54-cf4c37b48369 b2cd0e547d98431b915ab5249a5324ea b22cdab806974449a39cec167b5be3a1 - - default default] Successfully bumped revision number for resource 0163e81c-f0d2-493b-9bdb-ec64437f7ce2 (type: networks) to 1
2026-07-09 14:21:48.638 9 WARNING neutron.scheduler.dhcp_agent_scheduler [None req-6e174b86-d0f5-4251-be54-cf4c37b48369 b2cd0e547d98431b915ab5249a5324ea b22cdab806974449a39cec167b5be3a1 - - default default] No more DHCP agents
2026-07-09 14:21:48.639 9 WARNING neutron.api.rpc.agentnotifiers.dhcp_rpc_agent_api [None req-6e174b86-d0f5-4251-be54-cf4c37b48369 b2cd0e547d98431b915ab5249a5324ea b22cdab806974449a39cec167b5be3a1 - - default default] Unable to schedule network 0163e81c-f0d2-493b-9bdb-ec64437f7ce2: no agents available; will retry on subsequent port and subnet creation events.
2026-07-09 14:21:48.690 9 INFO neutron.db.ovn_revision_numbers_db [None req-6e174b86-d0f5-4251-be54-cf4c37b48369 b2cd0e547d98431b915ab5249a5324ea b22cdab806974449a39cec167b5be3a1 - - default default] Successfully bumped revision number for resource 724fcc8b-97e3-44ea-aa64-9e223efa8b93 (type: ports) to 1
2026-07-09 14:21:48.699 10 INFO neutron.api.wsgi [req-a89f3b44-01eb-48c9-830c-b855102d27b3 req-10d0863b-3421-44dc-adff-e8418c83a751 0039bd4d8de5460bba806519a2d1cae1 29bdd136981d4cc2a3036ebe0e04c55a - - d3ef61c4b0e44188a5cc900bcb94ad38 d3ef61c4b0e44188a5cc900bcb94ad38] 199.19.213.61 "GET /v2.0/ports?device_id=781e33b6-97b7-4c86-9839-eb74660435d4 HTTP/1.1" status: 200 len: 1450 time: 0.0343809
2026-07-09 14:21:48.715 9 INFO neutron.api.wsgi [None req-6e174b86-d0f5-4251-be54-cf4c37b48369 b2cd0e547d98431b915ab5249a5324ea b22cdab806974449a39cec167b5be3a1 - - default default] 10.0.0.127 "POST /v2.0/networks HTTP/1.1" status: 201 len: 928 time: 0.8097289
2026-07-09 14:21:48.746 10 INFO neutron.api.wsgi [req-a89f3b44-01eb-48c9-830c-b855102d27b3 req-180cf9db-2898-4258-97b2-94ea9027bb47 0039bd4d8de5460bba806519a2d1cae1 29bdd136981d4cc2a3036ebe0e04c55a - - d3ef61c4b0e44188a5cc900bcb94ad38 d3ef61c4b0e44188a5cc900bcb94ad38] 199.19.213.61 "GET /v2.0/security-groups?id=9799dbd3-8ca7-451d-b033-29b70fe2a3c5&id=4b40b6fa-5c39-4233-b531-1f8ad3ac2105&fields=id&fields=name HTTP/1.1" status: 200 len: 404 time: 0.0413489
2026-07-09 14:21:48.846 10 INFO neutron.plugins.ml2.drivers.ovn.mech_driver.mech_driver [None req-7464ba91-0a47-4cd9-afc2-0102bc5fea81 - - - - - -] OVN reports status up for port: 61b17c1f-4f0d-4514-a615-d562b1f8b931
2026-07-09 14:21:48.855 9 WARNING neutron.scheduler.dhcp_agent_scheduler [None req-c5104988-1eb9-4112-a961-7a4042d41a8b b2cd0e547d98431b915ab5249a5324ea b22cdab806974449a39cec167b5be3a1 - - default default] No more DHCP agents
2026-07-09 14:21:48.857 9 WARNING neutron.api.rpc.agentnotifiers.dhcp_rpc_agent_api [None req-c5104988-1eb9-4112-a961-7a4042d41a8b b2cd0e547d98431b915ab5249a5324ea b22cdab806974449a39cec167b5be3a1 - - default default] Unable to schedule network 0163e81c-f0d2-493b-9bdb-ec64437f7ce2: no agents available; will retry on subsequent port and subnet creation events.
2026-07-09 14:21:48.860 10 INFO neutron.plugins.ml2.plugin [None req-7464ba91-0a47-4cd9-afc2-0102bc5fea81 - - - - - -] Attempt 1 to provision port 61b17c1f-4f0d-4514-a615-d562b1f8b931
2026-07-09 14:21:48.980 10 INFO neutron.notifiers.nova [-] Nova event matching ['req-b8dfd9f1-b18a-45e8-9f7b-64d1c8979393'] response: {'server_uuid': '781e33b6-97b7-4c86-9839-eb74660435d4', 'name': 'network-vif-plugged', 'status': 'completed', 'tag': '61b17c1f-4f0d-4514-a615-d562b1f8b931', 'code': 200}
2026-07-09 14:21:49.103 10 INFO neutron.db.ovn_revision_numbers_db [None req-7464ba91-0a47-4cd9-afc2-0102bc5fea81 - - - - - -] Successfully bumped revision number for resource 61b17c1f-4f0d-4514-a615-d562b1f8b931 (type: ports) to 5 /var/lib/openstack/lib/python3.12/site-packages/pycadf/identifier.py:71: UserWarning: Invalid uuid: neutron. To ensure interoperability, identifiers should be a valid uuid. warnings.warn(('Invalid uuid: %s. To ensure interoperability, '
2026-07-09 14:21:49.279 9 INFO neutron.db.ovn_revision_numbers_db [None req-d07dd6c2-ea1b-47c1-9680-3862604799be - - - - - -] Successfully bumped revision number for resource 724fcc8b-97e3-44ea-aa64-9e223efa8b93 (type: ports) to 2
2026-07-09 14:21:49.290 10 INFO neutron.api.wsgi [req-ee4549b2-0b14-4352-a67b-caa902200024 req-cac913a9-df02-4ab2-8058-acb2a12f691a 51fb6d11ad5a47aaa47aa07c8123b291 234ee95886ed4cc78b9b0de3f6beeb2a - - default default] 10.0.0.128 "GET /v2.0/ports?device_id=2a380fff-0a17-44a4-81ec-737ec2c40733 HTTP/1.1" status: 200 len: 1170 time: 0.0444362
2026-07-09 14:21:49.328 9 INFO neutron.db.ovn_revision_numbers_db [None req-d07dd6c2-ea1b-47c1-9680-3862604799be - - - - - -] Successfully bumped revision number for resource 01b5ccf8-8cf8-4d02-9f9d-35480282eac9 (type: subnets) to 0
2026-07-09 14:21:49.335 10 INFO neutron.api.wsgi [req-ee4549b2-0b14-4352-a67b-caa902200024 req-21d534f9-b748-4f0a-96bb-ea080db443e9 51fb6d11ad5a47aaa47aa07c8123b291 234ee95886ed4cc78b9b0de3f6beeb2a - - default default] 10.0.0.128 "GET /v2.0/security-groups?id=8ac17f82-18ac-4307-a3cc-899db68eb9d3&fields=id&fields=name HTTP/1.1" status: 200 len: 286 time: 0.0382910
2026-07-09 14:21:49.345 9 INFO neutron.api.wsgi [None req-c5104988-1eb9-4112-a961-7a4042d41a8b b2cd0e547d98431b915ab5249a5324ea b22cdab806974449a39cec167b5be3a1 - - default default] 10.0.0.127 "POST /v2.0/subnets HTTP/1.1" status: 201 len: 843 time: 0.6261444
2026-07-09 14:21:49.362 10 WARNING neutron.api.v2.base [None req-0fb191a0-7397-41a0-9bb4-857727463922 b2cd0e547d98431b915ab5249a5324ea b22cdab806974449a39cec167b5be3a1 - - default default] An exception happened while processing the request body. The exception message is [Invalid input for target_tenant. Reason: 'None' is not a valid string.].: webob.exc.HTTPBadRequest: Invalid input for target_tenant. Reason: 'None' is not a valid string.
2026-07-09 14:21:49.363 10 INFO neutron.api.v2.resource [None req-0fb191a0-7397-41a0-9bb4-857727463922 b2cd0e547d98431b915ab5249a5324ea b22cdab806974449a39cec167b5be3a1 - - default default] create failed (client error): Invalid input for target_tenant. Reason: 'None' is not a valid string.
2026-07-09 14:21:49.364 10 INFO neutron.api.wsgi [None req-0fb191a0-7397-41a0-9bb4-857727463922 b2cd0e547d98431b915ab5249a5324ea b22cdab806974449a39cec167b5be3a1 - - default default] 10.0.0.127 "POST /v2.0/rbac-policies HTTP/1.1" status: 400 len: 346 time: 0.0093160
2026-07-09 14:21:49.436 9 INFO neutron.api.wsgi [req-e57dd3c8-c0fc-46ef-8f3c-9734e0f22173 req-693da9ac-e681-4c40-952d-e640385e7e72 7564237578a64a5b93122769bfefbf69 3ffdb8a264ee4354a7c88c2928f9ed43 - - default default] 10.0.0.128 "GET /v2.0/ports?device_id=781e33b6-97b7-4c86-9839-eb74660435d4 HTTP/1.1" status: 200 len: 1214 time: 0.0949645
2026-07-09 14:21:49.482 9 INFO neutron.api.wsgi [req-e57dd3c8-c0fc-46ef-8f3c-9734e0f22173 req-c4a57add-f1b8-4ff3-a5e4-a6f78ee0f5da 7564237578a64a5b93122769bfefbf69 3ffdb8a264ee4354a7c88c2928f9ed43 - - default default] 10.0.0.128 "GET /v2.0/security-groups?id=9799dbd3-8ca7-451d-b033-29b70fe2a3c5&id=4b40b6fa-5c39-4233-b531-1f8ad3ac2105&fields=id&fields=name HTTP/1.1" status: 200 len: 404 time: 0.0407426
2026-07-09 14:21:49.768 10 INFO neutron.plugins.ml2.drivers.ovn.mech_driver.mech_driver [None req-a617ce49-6d61-42d2-a3c2-e1ca2e005a9b - - - - - -] OVN reports status down for port: 38e10955-233f-4143-80e0-6fc3dd3862cc
2026-07-09 14:21:49.865 10 INFO neutron.services.segments.plugin [-] Segment 8d197967-7d77-4a6d-9d97-a225b8171612 resource provider aggregate not found
2026-07-09 14:21:49.872 10 INFO neutron.services.segments.plugin [-] Segment 8d197967-7d77-4a6d-9d97-a225b8171612 resource provider aggregate not found
2026-07-09 14:21:49.876 10 INFO neutron.services.segments.plugin [-] Segment 8d197967-7d77-4a6d-9d97-a225b8171612 resource provider not found; error: Placement Client Error (4xx): {"errors": [{"status": 404, "title": "Not Found", "detail": "The resource could not be found.\n\n No resource provider with uuid 8d197967-7d77-4a6d-9d97-a225b8171612 found for delete ", "request_id": "req-e8079d09-5cc3-49ce-886d-074fc6618083"}]}
2026-07-09 14:21:49.883 10 INFO neutron.services.segments.plugin [-] Segment 8d197967-7d77-4a6d-9d97-a225b8171612 resource provider not found; error: Placement Client Error (4xx): {"errors": [{"status": 404, "title": "Not Found", "detail": "The resource could not be found.\n\n No resource provider with uuid 8d197967-7d77-4a6d-9d97-a225b8171612 found for delete ", "request_id": "req-bc059136-95e8-4190-9fc8-056b95ccf5d0"}]}
2026-07-09 14:21:49.911 10 INFO neutron.api.wsgi [None req-4358b725-bc3d-4f30-89be-649bf0b51f58 b2cd0e547d98431b915ab5249a5324ea b22cdab806974449a39cec167b5be3a1 - - default default] 10.0.0.127 "DELETE /v2.0/networks/0163e81c-f0d2-493b-9bdb-ec64437f7ce2 HTTP/1.1" status: 204 len: 168 time: 0.5421422
2026-07-09 14:21:50.036 9 INFO neutron.db.segments_db [None req-570aff4e-d1bb-45b1-8a3c-5ed4436eebdc b2cd0e547d98431b915ab5249a5324ea b22cdab806974449a39cec167b5be3a1 - - default default] Added segment 2a8b03a0-848f-40be-9252-59b34bfae1cf of type geneve for network 24c5f293-19f4-4195-86f4-4482ac800d2c
2026-07-09 14:21:50.058 10 INFO neutron.db.ovn_revision_numbers_db [None req-a617ce49-6d61-42d2-a3c2-e1ca2e005a9b - - - - - -] Successfully bumped revision number for resource 38e10955-233f-4143-80e0-6fc3dd3862cc (type: ports) to 6
2026-07-09 14:21:50.150 9 INFO neutron.db.ovn_revision_numbers_db [None req-570aff4e-d1bb-45b1-8a3c-5ed4436eebdc b2cd0e547d98431b915ab5249a5324ea b22cdab806974449a39cec167b5be3a1 - - default default] Successfully bumped revision number for resource 24c5f293-19f4-4195-86f4-4482ac800d2c (type: networks) to 1
2026-07-09 14:21:50.300 9 WARNING neutron.scheduler.dhcp_agent_scheduler [None req-570aff4e-d1bb-45b1-8a3c-5ed4436eebdc b2cd0e547d98431b915ab5249a5324ea b22cdab806974449a39cec167b5be3a1 - - default default] No more DHCP agents
2026-07-09 14:21:50.302 9 WARNING neutron.api.rpc.agentnotifiers.dhcp_rpc_agent_api [None req-570aff4e-d1bb-45b1-8a3c-5ed4436eebdc b2cd0e547d98431b915ab5249a5324ea b22cdab806974449a39cec167b5be3a1 - - default default] Unable to schedule network 24c5f293-19f4-4195-86f4-4482ac800d2c: no agents available; will retry on subsequent port and subnet creation events.
2026-07-09 14:21:50.368 9 INFO neutron.db.ovn_revision_numbers_db [None req-570aff4e-d1bb-45b1-8a3c-5ed4436eebdc b2cd0e547d98431b915ab5249a5324ea b22cdab806974449a39cec167b5be3a1 - - default default] Successfully bumped revision number for resource 99d66fdb-2a23-48f4-84c2-b96b3050a356 (type: ports) to 1
2026-07-09 14:21:50.389 9 INFO neutron.api.wsgi [None req-570aff4e-d1bb-45b1-8a3c-5ed4436eebdc b2cd0e547d98431b915ab5249a5324ea b22cdab806974449a39cec167b5be3a1 - - default default] 10.0.0.127 "POST /v2.0/networks HTTP/1.1" status: 201 len: 928 time: 0.4653227 /var/lib/openstack/lib/python3.12/site-packages/pycadf/identifier.py:71: UserWarning: Invalid uuid: neutron. To ensure interoperability, identifiers should be a valid uuid. warnings.warn(('Invalid uuid: %s. To ensure interoperability, '
2026-07-09 14:21:50.420 10 INFO neutron.api.wsgi [req-2c05361c-5767-43aa-84d9-32573a4598f7 req-c0b48453-cebe-48ae-9f8b-f3ab62d66eb1 51fb6d11ad5a47aaa47aa07c8123b291 234ee95886ed4cc78b9b0de3f6beeb2a - - default default] 10.0.0.128 "GET /v2.0/ports?device_id=2a380fff-0a17-44a4-81ec-737ec2c40733 HTTP/1.1" status: 200 len: 1168 time: 0.0321796
2026-07-09 14:21:50.453 10 INFO neutron.api.wsgi [req-2c05361c-5767-43aa-84d9-32573a4598f7 req-bdc645ab-c420-4c7b-ac8e-8eeed0b0118f 51fb6d11ad5a47aaa47aa07c8123b291 234ee95886ed4cc78b9b0de3f6beeb2a - - default default] 10.0.0.128 "GET /v2.0/security-groups?id=8ac17f82-18ac-4307-a3cc-899db68eb9d3&fields=id&fields=name HTTP/1.1" status: 200 len: 286 time: 0.0276949
2026-07-09 14:21:50.528 9 WARNING neutron.scheduler.dhcp_agent_scheduler [None req-60d43bdd-d817-4119-8dbd-34b6a76db6ee b2cd0e547d98431b915ab5249a5324ea b22cdab806974449a39cec167b5be3a1 - - default default] No more DHCP agents
2026-07-09 14:21:50.531 9 WARNING neutron.api.rpc.agentnotifiers.dhcp_rpc_agent_api [None req-60d43bdd-d817-4119-8dbd-34b6a76db6ee b2cd0e547d98431b915ab5249a5324ea b22cdab806974449a39cec167b5be3a1 - - default default] Unable to schedule network 24c5f293-19f4-4195-86f4-4482ac800d2c: no agents available; will retry on subsequent port and subnet creation events.
2026-07-09 14:21:50.585 9 INFO neutron.api.wsgi [req-eff4c2c8-7edf-4008-9734-13d8242cc908 req-75f1919a-bcf9-4836-94c3-e61487d631aa 7564237578a64a5b93122769bfefbf69 3ffdb8a264ee4354a7c88c2928f9ed43 - - default default] 10.0.0.128 "GET /v2.0/ports?device_id=781e33b6-97b7-4c86-9839-eb74660435d4 HTTP/1.1" status: 200 len: 1214 time: 0.0382459
2026-07-09 14:21:50.628 9 INFO neutron.api.wsgi [req-eff4c2c8-7edf-4008-9734-13d8242cc908 req-537aa76c-4834-4ed0-8eaa-6f342573c46f 7564237578a64a5b93122769bfefbf69 3ffdb8a264ee4354a7c88c2928f9ed43 - - default default] 10.0.0.128 "GET /v2.0/security-groups?id=9799dbd3-8ca7-451d-b033-29b70fe2a3c5&id=4b40b6fa-5c39-4233-b531-1f8ad3ac2105&fields=id&fields=name HTTP/1.1" status: 200 len: 404 time: 0.0360603
2026-07-09 14:21:51.024 10 INFO neutron.api.wsgi [req-8c01c84a-fe79-4b55-8f67-4f3a832e70f3 req-10ced59a-80d9-4372-8475-99677d71c292 51fb6d11ad5a47aaa47aa07c8123b291 234ee95886ed4cc78b9b0de3f6beeb2a - - default default] 199.19.213.61 "GET /v2.0/ports?device_id=2a380fff-0a17-44a4-81ec-737ec2c40733 HTTP/1.1" status: 200 len: 1168 time: 0.0367622
2026-07-09 14:21:51.025 10 INFO neutron.notifiers.nova [-] Nova event matching ['req-ebe6eec2-b41b-4711-9355-9057b8cc4913'] response: {'server_uuid': '781e33b6-97b7-4c86-9839-eb74660435d4', 'name': 'network-vif-plugged', 'status': 'completed', 'tag': '61b17c1f-4f0d-4514-a615-d562b1f8b931', 'code': 200}
2026-07-09 14:21:51.025 10 INFO neutron.notifiers.nova [-] Nova event matching ['req-ebe6eec2-b41b-4711-9355-9057b8cc4913'] response: {'server_uuid': '2a380fff-0a17-44a4-81ec-737ec2c40733', 'name': 'network-vif-unplugged', 'status': 'completed', 'tag': '38e10955-233f-4143-80e0-6fc3dd3862cc', 'code': 200}
2026-07-09 14:21:51.026 10 INFO neutron.notifiers.nova [-] Nova event matching ['req-ebe6eec2-b41b-4711-9355-9057b8cc4913'] response: {'server_uuid': '2a380fff-0a17-44a4-81ec-737ec2c40733', 'name': 'network-vif-unplugged', 'status': 'completed', 'tag': '38e10955-233f-4143-80e0-6fc3dd3862cc', 'code': 200}
2026-07-09 14:21:51.195 9 INFO neutron.db.ovn_revision_numbers_db [None req-b14ec18b-971f-42b1-8937-6f021c35d776 - - - - - -] Successfully bumped revision number for resource 99d66fdb-2a23-48f4-84c2-b96b3050a356 (type: ports) to 2
2026-07-09 14:21:51.224 9 INFO neutron.db.ovn_revision_numbers_db [None req-b14ec18b-971f-42b1-8937-6f021c35d776 - - - - - -] Successfully bumped revision number for resource 6aefc494-3aa0-4328-a154-05f7f2fe9d50 (type: subnets) to 0
2026-07-09 14:21:51.237 9 INFO neutron.api.wsgi [None req-60d43bdd-d817-4119-8dbd-34b6a76db6ee b2cd0e547d98431b915ab5249a5324ea b22cdab806974449a39cec167b5be3a1 - - default default] 10.0.0.127 "POST /v2.0/subnets HTTP/1.1" status: 201 len: 846 time: 0.8427100
2026-07-09 14:21:51.248 9 WARNING neutron.api.v2.base [None req-8ac3d425-8707-4189-a47e-126a490204bf b2cd0e547d98431b915ab5249a5324ea b22cdab806974449a39cec167b5be3a1 - - default default] An exception happened while processing the request body. The exception message is [Invalid input for target_tenant. Reason: '1234123412341234123412341234123412341234123412341234123412341234123412341234123412341234123412341234123412341234123412341234123412341234123412341234123412341234123412341234123412341234123412341234123412341234123412341234123412341234123412341234123412341234123412341234123412341234123412341234123412341234123412341234123412341234123412341234123412341234123412341234123412341234123412341234123412341234' exceeds maximum length of 255.].: webob.exc.HTTPBadRequest: Invalid input for target_tenant. Reason: '1234123412341234123412341234123412341234123412341234123412341234123412341234123412341234123412341234123412341234123412341234123412341234123412341234123412341234123412341234123412341234123412341234123412341234123412341234123412341234123412341234123412341234123412341234123412341234123412341234123412341234123412341234123412341234123412341234123412341234123412341234123412341234123412341234123412341234' exceeds maximum length of 255.
2026-07-09 14:21:51.249 9 INFO neutron.api.v2.resource [None req-8ac3d425-8707-4189-a47e-126a490204bf b2cd0e547d98431b915ab5249a5324ea b22cdab806974449a39cec167b5be3a1 - - default default] create failed (client error): Invalid input for target_tenant. Reason: '1234123412341234123412341234123412341234123412341234123412341234123412341234123412341234123412341234123412341234123412341234123412341234123412341234123412341234123412341234123412341234123412341234123412341234123412341234123412341234123412341234123412341234123412341234123412341234123412341234123412341234123412341234123412341234123412341234123412341234123412341234123412341234123412341234123412341234' exceeds maximum length of 255.
2026-07-09 14:21:51.250 9 INFO neutron.api.wsgi [None req-8ac3d425-8707-4189-a47e-126a490204bf b2cd0e547d98431b915ab5249a5324ea b22cdab806974449a39cec167b5be3a1 - - default default] 10.0.0.127 "POST /v2.0/rbac-policies HTTP/1.1" status: 400 len: 750 time: 0.0065844
2026-07-09 14:21:51.293 10 INFO neutron.api.wsgi [req-8c01c84a-fe79-4b55-8f67-4f3a832e70f3 req-e8bc7f3d-1a6b-4858-9a74-bafea479cde8 51fb6d11ad5a47aaa47aa07c8123b291 234ee95886ed4cc78b9b0de3f6beeb2a - - default default] 199.19.213.61 "DELETE /v2.0/ports/38e10955-233f-4143-80e0-6fc3dd3862cc HTTP/1.1" status: 204 len: 173 time: 0.2628090
2026-07-09 14:21:51.537 9 INFO neutron.api.wsgi [req-107dfdf5-1915-496a-abe1-8b5ec9c34f1f req-47031a77-5ce1-42d5-a883-325d508e6fe9 51fb6d11ad5a47aaa47aa07c8123b291 234ee95886ed4cc78b9b0de3f6beeb2a - - default default] 10.0.0.128 "GET /v2.0/ports?device_id=2a380fff-0a17-44a4-81ec-737ec2c40733 HTTP/1.1" status: 200 len: 210 time: 0.0201342
2026-07-09 14:21:51.706 9 INFO neutron.services.segments.plugin [-] Segment 2a8b03a0-848f-40be-9252-59b34bfae1cf resource provider aggregate not found
2026-07-09 14:21:51.715 9 INFO neutron.services.segments.plugin [-] Segment 2a8b03a0-848f-40be-9252-59b34bfae1cf resource provider aggregate not found
2026-07-09 14:21:51.718 9 INFO neutron.services.segments.plugin [-] Segment 2a8b03a0-848f-40be-9252-59b34bfae1cf resource provider not found; error: Placement Client Error (4xx): {"errors": [{"status": 404, "title": "Not Found", "detail": "The resource could not be found.\n\n No resource provider with uuid 2a8b03a0-848f-40be-9252-59b34bfae1cf found for delete ", "request_id": "req-bfdce10e-c9f4-420f-bbf2-59f47c4aabdf"}]}
2026-07-09 14:21:51.727 9 INFO neutron.services.segments.plugin [-] Segment 2a8b03a0-848f-40be-9252-59b34bfae1cf resource provider not found; error: Placement Client Error (4xx): {"errors": [{"status": 404, "title": "Not Found", "detail": "The resource could not be found.\n\n No resource provider with uuid 2a8b03a0-848f-40be-9252-59b34bfae1cf found for delete ", "request_id": "req-5ac20dd7-fb20-4a56-ad75-10d59fc8ec40"}]}
2026-07-09 14:21:51.735 9 INFO neutron.api.wsgi [None req-5804fb93-41f5-4926-9e16-5fe60c8dad21 b2cd0e547d98431b915ab5249a5324ea b22cdab806974449a39cec167b5be3a1 - - default default] 10.0.0.127 "DELETE /v2.0/networks/24c5f293-19f4-4195-86f4-4482ac800d2c HTTP/1.1" status: 204 len: 168 time: 0.4808259
2026-07-09 14:21:51.808 10 INFO neutron.api.wsgi [req-7ae7d0a2-18c8-4349-861f-4c8abfc67c8e req-b4770b87-6d3b-4282-be59-71328013f10f 7564237578a64a5b93122769bfefbf69 3ffdb8a264ee4354a7c88c2928f9ed43 - - default default] 10.0.0.128 "GET /v2.0/ports?device_id=781e33b6-97b7-4c86-9839-eb74660435d4 HTTP/1.1" status: 200 len: 1214 time: 0.1189566
2026-07-09 14:21:51.847 10 INFO neutron.api.wsgi [req-7ae7d0a2-18c8-4349-861f-4c8abfc67c8e req-9cf2a482-84d6-472c-8be5-26add6590561 7564237578a64a5b93122769bfefbf69 3ffdb8a264ee4354a7c88c2928f9ed43 - - default default] 10.0.0.128 "GET /v2.0/security-groups?id=9799dbd3-8ca7-451d-b033-29b70fe2a3c5&id=4b40b6fa-5c39-4233-b531-1f8ad3ac2105&fields=id&fields=name HTTP/1.1" status: 200 len: 404 time: 0.0336514
2026-07-09 14:21:51.855 10 INFO neutron.db.segments_db [None req-9c5afabe-b697-48d7-b24f-46c6bcf3df58 b2cd0e547d98431b915ab5249a5324ea b22cdab806974449a39cec167b5be3a1 - - default default] Added segment ba130749-83be-4641-8a4a-d2a1e47befac of type geneve for network 756df7be-6826-43bb-a38c-6a50ff1458fa
2026-07-09 14:21:51.928 9 INFO neutron.api.wsgi [req-8cdab44b-01ad-4478-995d-d87683617594 req-6f6121f4-eed9-4fc5-b0cc-84273a613b4a 7564237578a64a5b93122769bfefbf69 3ffdb8a264ee4354a7c88c2928f9ed43 - - default default] 10.0.0.128 "GET /v2.0/ports?device_id=781e33b6-97b7-4c86-9839-eb74660435d4 HTTP/1.1" status: 200 len: 1214 time: 0.0309539
2026-07-09 14:21:51.996 10 INFO neutron.db.ovn_revision_numbers_db [None req-9c5afabe-b697-48d7-b24f-46c6bcf3df58 b2cd0e547d98431b915ab5249a5324ea b22cdab806974449a39cec167b5be3a1 - - default default] Successfully bumped revision number for resource 756df7be-6826-43bb-a38c-6a50ff1458fa (type: networks) to 1
2026-07-09 14:21:52.204 10 WARNING neutron.scheduler.dhcp_agent_scheduler [None req-9c5afabe-b697-48d7-b24f-46c6bcf3df58 b2cd0e547d98431b915ab5249a5324ea b22cdab806974449a39cec167b5be3a1 - - default default] No more DHCP agents
2026-07-09 14:21:52.207 10 WARNING neutron.api.rpc.agentnotifiers.dhcp_rpc_agent_api [None req-9c5afabe-b697-48d7-b24f-46c6bcf3df58 b2cd0e547d98431b915ab5249a5324ea b22cdab806974449a39cec167b5be3a1 - - default default] Unable to schedule network 756df7be-6826-43bb-a38c-6a50ff1458fa: no agents available; will retry on subsequent port and subnet creation events.
2026-07-09 14:21:52.284 10 INFO neutron.db.ovn_revision_numbers_db [None req-9c5afabe-b697-48d7-b24f-46c6bcf3df58 b2cd0e547d98431b915ab5249a5324ea b22cdab806974449a39cec167b5be3a1 - - default default] Successfully bumped revision number for resource b998e2f9-2c5e-48b7-9a1a-90e35a63ef03 (type: ports) to 1
2026-07-09 14:21:52.318 10 INFO neutron.api.wsgi [None req-9c5afabe-b697-48d7-b24f-46c6bcf3df58 b2cd0e547d98431b915ab5249a5324ea b22cdab806974449a39cec167b5be3a1 - - default default] 10.0.0.127 "POST /v2.0/networks HTTP/1.1" status: 201 len: 927 time: 0.5756283
2026-07-09 14:21:52.458 10 INFO neutron.db.ovn_revision_numbers_db [None req-750238c6-71f5-4556-b50b-a208e3d2cc89 7564237578a64a5b93122769bfefbf69 3ffdb8a264ee4354a7c88c2928f9ed43 - - default default] Successfully bumped revision number for resource c6b006ae-1e4c-4cd3-8309-d92450f72f84 (type: floatingips) to 1
2026-07-09 14:21:52.467 9 WARNING neutron.scheduler.dhcp_agent_scheduler [None req-f6523ba9-1042-42da-a30a-5731ddc3d5a6 b2cd0e547d98431b915ab5249a5324ea b22cdab806974449a39cec167b5be3a1 - - default default] No more DHCP agents
2026-07-09 14:21:52.468 9 WARNING neutron.api.rpc.agentnotifiers.dhcp_rpc_agent_api [None req-f6523ba9-1042-42da-a30a-5731ddc3d5a6 b2cd0e547d98431b915ab5249a5324ea b22cdab806974449a39cec167b5be3a1 - - default default] Unable to schedule network 756df7be-6826-43bb-a38c-6a50ff1458fa: no agents available; will retry on subsequent port and subnet creation events.
2026-07-09 14:21:52.557 10 INFO neutron.db.ovn_revision_numbers_db [None req-750238c6-71f5-4556-b50b-a208e3d2cc89 7564237578a64a5b93122769bfefbf69 3ffdb8a264ee4354a7c88c2928f9ed43 - - default default] Successfully bumped revision number for resource c6b006ae-1e4c-4cd3-8309-d92450f72f84 (type: floatingips) to 2
2026-07-09 14:21:52.557 10 INFO neutron.db.l3_db [None req-750238c6-71f5-4556-b50b-a208e3d2cc89 7564237578a64a5b93122769bfefbf69 3ffdb8a264ee4354a7c88c2928f9ed43 - - default default] Floating IP c6b006ae-1e4c-4cd3-8309-d92450f72f84 associated. External IP: 10.96.250.214, port: 61b17c1f-4f0d-4514-a615-d562b1f8b931.
2026-07-09 14:21:52.588 10 INFO neutron.api.wsgi [None req-750238c6-71f5-4556-b50b-a208e3d2cc89 7564237578a64a5b93122769bfefbf69 3ffdb8a264ee4354a7c88c2928f9ed43 - - default default] 10.0.0.127 "PUT /v2.0/floatingips/c6b006ae-1e4c-4cd3-8309-d92450f72f84 HTTP/1.1" status: 200 len: 1050 time: 0.6488636 /var/lib/openstack/lib/python3.12/site-packages/pycadf/identifier.py:71: UserWarning: Invalid uuid: neutron. To ensure interoperability, identifiers should be a valid uuid. warnings.warn(('Invalid uuid: %s. To ensure interoperability, '
2026-07-09 14:21:52.616 10 INFO neutron.api.wsgi [req-ed90b82c-be36-4b0e-b571-d0aeb2b2f5b6 req-1ccbe7a7-6a09-4e47-a50b-d7a5526ebe86 51fb6d11ad5a47aaa47aa07c8123b291 234ee95886ed4cc78b9b0de3f6beeb2a - - default default] 10.0.0.128 "GET /v2.0/ports?device_id=2a380fff-0a17-44a4-81ec-737ec2c40733 HTTP/1.1" status: 200 len: 210 time: 0.0198107
2026-07-09 14:21:52.883 9 INFO neutron.db.ovn_revision_numbers_db [None req-cdfa526b-6d57-43ab-9e8d-d44309cfaf7c - - - - - -] Successfully bumped revision number for resource b998e2f9-2c5e-48b7-9a1a-90e35a63ef03 (type: ports) to 2
2026-07-09 14:21:52.913 9 INFO neutron.db.ovn_revision_numbers_db [None req-cdfa526b-6d57-43ab-9e8d-d44309cfaf7c - - - - - -] Successfully bumped revision number for resource 159a0aa0-8dc8-46c1-b01d-97db107f3feb (type: subnets) to 0
2026-07-09 14:21:52.930 9 INFO neutron.api.wsgi [None req-f6523ba9-1042-42da-a30a-5731ddc3d5a6 b2cd0e547d98431b915ab5249a5324ea b22cdab806974449a39cec167b5be3a1 - - default default] 10.0.0.127 "POST /v2.0/subnets HTTP/1.1" status: 201 len: 846 time: 0.6047614
2026-07-09 14:21:53.061 10 INFO neutron.notifiers.nova [-] Nova event matching ['req-ef2538b2-d819-4cb9-bb32-46c38620aa50'] response: {'server_uuid': '2a380fff-0a17-44a4-81ec-737ec2c40733', 'name': 'network-vif-deleted', 'tag': '38e10955-233f-4143-80e0-6fc3dd3862cc', 'status': 'completed', 'code': 200}
2026-07-09 14:21:53.061 10 INFO neutron.notifiers.nova [-] Nova event matching ['req-ef2538b2-d819-4cb9-bb32-46c38620aa50'] response: {'name': 'network-changed', 'server_uuid': '781e33b6-97b7-4c86-9839-eb74660435d4', 'tag': '61b17c1f-4f0d-4514-a615-d562b1f8b931', 'status': 'completed', 'code': 200}
2026-07-09 14:21:53.161 9 INFO neutron.api.wsgi [None req-039c5c30-5e19-47c6-ac31-a2bdd3d4e959 b2cd0e547d98431b915ab5249a5324ea b22cdab806974449a39cec167b5be3a1 - - default default] 10.0.0.127 "POST /v2.0/rbac-policies HTTP/1.1" status: 201 len: 523 time: 0.2265520
2026-07-09 14:21:53.570 9 INFO neutron.api.wsgi [None req-44d1377a-681e-4311-87b1-ebde64657e2e 9fb68390fa0d4f60a9555b7fb0991810 88178442e03747ba9da59d09c550efa0 - - default default] 10.0.0.127 "GET /v2.0/networks/756df7be-6826-43bb-a38c-6a50ff1458fa HTTP/1.1" status: 200 len: 848 time: 0.0663784
2026-07-09 14:21:53.600 10 INFO neutron.api.wsgi [req-61f33284-b79f-417c-a64a-e6d86a484dfc req-9edc3c11-1365-4d82-a67d-d370e29305a9 0039bd4d8de5460bba806519a2d1cae1 29bdd136981d4cc2a3036ebe0e04c55a - - d3ef61c4b0e44188a5cc900bcb94ad38 d3ef61c4b0e44188a5cc900bcb94ad38] 199.19.213.61 "GET /v2.0/ports?tenant_id=3ffdb8a264ee4354a7c88c2928f9ed43&device_id=781e33b6-97b7-4c86-9839-eb74660435d4 HTTP/1.1" status: 200 len: 1452 time: 0.0280645
2026-07-09 14:21:53.650 10 INFO neutron.api.wsgi [req-61f33284-b79f-417c-a64a-e6d86a484dfc req-cd9c49a5-293d-4a34-972b-e41294064c3d 0039bd4d8de5460bba806519a2d1cae1 29bdd136981d4cc2a3036ebe0e04c55a - - d3ef61c4b0e44188a5cc900bcb94ad38 d3ef61c4b0e44188a5cc900bcb94ad38] 199.19.213.61 "GET /v2.0/networks?id=e5209ead-cfda-4dde-bfb1-146ca28217b3 HTTP/1.1" status: 200 len: 971 time: 0.0428438
2026-07-09 14:21:53.715 10 INFO neutron.api.wsgi [req-5a6a5714-6741-4ae8-aef5-638fb46000aa req-98727c7b-4330-4ce6-9702-e157b5d69a93 51fb6d11ad5a47aaa47aa07c8123b291 234ee95886ed4cc78b9b0de3f6beeb2a - - default default] 10.0.0.128 "GET /v2.0/ports?device_id=2a380fff-0a17-44a4-81ec-737ec2c40733 HTTP/1.1" status: 200 len: 210 time: 0.0240927
2026-07-09 14:21:53.738 10 INFO neutron.api.wsgi [req-61f33284-b79f-417c-a64a-e6d86a484dfc req-1de6a8d4-d206-45ae-8686-1ac94961761b 0039bd4d8de5460bba806519a2d1cae1 29bdd136981d4cc2a3036ebe0e04c55a - - d3ef61c4b0e44188a5cc900bcb94ad38 d3ef61c4b0e44188a5cc900bcb94ad38] 199.19.213.61 "GET /v2.0/floatingips?fixed_ip_address=10.100.0.12&port_id=61b17c1f-4f0d-4514-a615-d562b1f8b931 HTTP/1.1" status: 200 len: 1060 time: 0.0811415
2026-07-09 14:21:53.776 10 INFO neutron.api.wsgi [req-61f33284-b79f-417c-a64a-e6d86a484dfc req-05bb3596-3144-414d-b68b-4154eede059d 0039bd4d8de5460bba806519a2d1cae1 29bdd136981d4cc2a3036ebe0e04c55a - - d3ef61c4b0e44188a5cc900bcb94ad38 d3ef61c4b0e44188a5cc900bcb94ad38] 199.19.213.61 "GET /v2.0/subnets?id=558d07b5-15fd-48b0-b6a9-83e552ac5885 HTTP/1.1" status: 200 len: 890 time: 0.0283997
2026-07-09 14:21:53.804 10 INFO neutron.api.wsgi [req-61f33284-b79f-417c-a64a-e6d86a484dfc req-5bccd3cc-7617-4ed9-810e-c7aa979951a7 0039bd4d8de5460bba806519a2d1cae1 29bdd136981d4cc2a3036ebe0e04c55a - - d3ef61c4b0e44188a5cc900bcb94ad38 d3ef61c4b0e44188a5cc900bcb94ad38] 199.19.213.61 "GET /v2.0/ports?network_id=e5209ead-cfda-4dde-bfb1-146ca28217b3&device_owner=network%3Adhcp HTTP/1.1" status: 200 len: 210 time: 0.0229790
2026-07-09 14:21:53.844 10 INFO neutron.api.wsgi [req-61f33284-b79f-417c-a64a-e6d86a484dfc req-bc5e2f9a-b828-4f33-8f0d-c71b5d8654e9 0039bd4d8de5460bba806519a2d1cae1 29bdd136981d4cc2a3036ebe0e04c55a - - d3ef61c4b0e44188a5cc900bcb94ad38 d3ef61c4b0e44188a5cc900bcb94ad38] 199.19.213.61 "GET /v2.0/networks/e5209ead-cfda-4dde-bfb1-146ca28217b3?fields=segments HTTP/1.1" status: 200 len: 212 time: 0.0346649
2026-07-09 14:21:53.881 10 INFO neutron.api.wsgi [req-61f33284-b79f-417c-a64a-e6d86a484dfc req-87adf88f-b69f-44c6-be9e-46ad6decf635 0039bd4d8de5460bba806519a2d1cae1 29bdd136981d4cc2a3036ebe0e04c55a - - d3ef61c4b0e44188a5cc900bcb94ad38 d3ef61c4b0e44188a5cc900bcb94ad38] 199.19.213.61 "GET /v2.0/networks/e5209ead-cfda-4dde-bfb1-146ca28217b3?fields=provider%3Aphysical_network&fields=provider%3Anetwork_type HTTP/1.1" status: 200 len: 277 time: 0.0318477
2026-07-09 14:21:53.985 9 INFO neutron.pecan_wsgi.hooks.translation [None req-a76e2544-e852-43d6-8ea6-237458c94375 ef3fa81d998146c5ab6b3778d3960e8c cb2e1b4ef86f46c5a9739539ea569aca - - default default] GET failed (client error): The resource could not be found.
2026-07-09 14:21:53.986 9 INFO neutron.api.wsgi [None req-a76e2544-e852-43d6-8ea6-237458c94375 ef3fa81d998146c5ab6b3778d3960e8c cb2e1b4ef86f46c5a9739539ea569aca - - default default] 10.0.0.127 "GET /v2.0/networks/756df7be-6826-43bb-a38c-6a50ff1458fa HTTP/1.1" status: 404 len: 339 time: 0.0373957
2026-07-09 14:21:54.432 9 INFO neutron.services.segments.plugin [-] Segment ba130749-83be-4641-8a4a-d2a1e47befac resource provider aggregate not found
2026-07-09 14:21:54.436 9 INFO neutron.services.segments.plugin [-] Segment ba130749-83be-4641-8a4a-d2a1e47befac resource provider aggregate not found
2026-07-09 14:21:54.444 9 INFO neutron.services.segments.plugin [-] Segment ba130749-83be-4641-8a4a-d2a1e47befac resource provider not found; error: Placement Client Error (4xx): {"errors": [{"status": 404, "title": "Not Found", "detail": "The resource could not be found.\n\n No resource provider with uuid ba130749-83be-4641-8a4a-d2a1e47befac found for delete ", "request_id": "req-5f24041a-1988-4768-9e8e-d1fb927a03ff"}]}
2026-07-09 14:21:54.449 9 INFO neutron.services.segments.plugin [-] Segment ba130749-83be-4641-8a4a-d2a1e47befac resource provider not found; error: Placement Client Error (4xx): {"errors": [{"status": 404, "title": "Not Found", "detail": "The resource could not be found.\n\n No resource provider with uuid ba130749-83be-4641-8a4a-d2a1e47befac found for delete ", "request_id": "req-f9ce9ba1-864e-4fea-b8a9-ae2d0d3d3588"}]}
2026-07-09 14:21:54.472 9 INFO neutron.api.wsgi [None req-7eb1edba-8970-4f8f-b1d9-85fcce618d54 b2cd0e547d98431b915ab5249a5324ea b22cdab806974449a39cec167b5be3a1 - - default default] 10.0.0.127 "DELETE /v2.0/networks/756df7be-6826-43bb-a38c-6a50ff1458fa HTTP/1.1" status: 204 len: 168 time: 0.4810662
2026-07-09 14:21:54.489 9 INFO neutron.pecan_wsgi.hooks.translation [None req-97ee7626-e2e2-4ee0-aedd-42fad069fc04 b2cd0e547d98431b915ab5249a5324ea b22cdab806974449a39cec167b5be3a1 - - default default] DELETE failed (client error): The resource could not be found.
2026-07-09 14:21:54.493 9 INFO neutron.api.wsgi [None req-97ee7626-e2e2-4ee0-aedd-42fad069fc04 b2cd0e547d98431b915ab5249a5324ea b22cdab806974449a39cec167b5be3a1 - - default default] 10.0.0.127 "DELETE /v2.0/subnets/01b5ccf8-8cf8-4d02-9f9d-35480282eac9 HTTP/1.1" status: 404 len: 337 time: 0.0144038
2026-07-09 14:21:54.509 9 INFO neutron.pecan_wsgi.hooks.translation [None req-2aecba3f-1f2b-4a6c-a080-3cd5a17df5b5 b2cd0e547d98431b915ab5249a5324ea b22cdab806974449a39cec167b5be3a1 - - default default] DELETE failed (client error): The resource could not be found.
2026-07-09 14:21:54.512 9 INFO neutron.api.wsgi [None req-2aecba3f-1f2b-4a6c-a080-3cd5a17df5b5 b2cd0e547d98431b915ab5249a5324ea b22cdab806974449a39cec167b5be3a1 - - default default] 10.0.0.127 "DELETE /v2.0/subnets/6aefc494-3aa0-4328-a154-05f7f2fe9d50 HTTP/1.1" status: 404 len: 337 time: 0.0120523
