2026-07-09 14:23:05.417 9 INFO neutron.db.ovn_revision_numbers_db [None req-3f3110af-210a-48e0-9c45-4ccc350eec1a c77361a9fe8e4cfbbd5fd79589d8ff23 ad7d2beab058472f90d9832e0a2a9e76 - - default default] Successfully bumped revision number for resource 33bcab0b-73fb-4970-a96d-1fc5be69ed28 (type: security_groups) to 1
2026-07-09 14:23:05.428 9 INFO neutron.api.wsgi [req-b6a45888-15ef-4de4-8f96-6c598640032a req-9f77779a-a7f3-4cab-bf1a-6f024283f234 cf72ca0298f54e9ca9b4bb4ec8a6e95e 536c36df797d450da55ce21af225c1ac - - default default] 10.0.0.128 "GET /v2.0/security-groups?id=be7bc528-8ecd-4ecb-acbe-0fe911590ed7&fields=id&fields=name HTTP/1.1" status: 200 len: 313 time: 0.0478024
2026-07-09 14:23:05.437 9 INFO neutron.db.ovn_revision_numbers_db [None req-3f3110af-210a-48e0-9c45-4ccc350eec1a c77361a9fe8e4cfbbd5fd79589d8ff23 ad7d2beab058472f90d9832e0a2a9e76 - - default default] Successfully bumped revision number for resource 475d711c-a867-42c8-8697-dd843db982b6 (type: security_group_rules) to 0
2026-07-09 14:23:05.454 9 INFO neutron.db.ovn_revision_numbers_db [None req-3f3110af-210a-48e0-9c45-4ccc350eec1a c77361a9fe8e4cfbbd5fd79589d8ff23 ad7d2beab058472f90d9832e0a2a9e76 - - default default] Successfully bumped revision number for resource 5e9c56c7-17b3-4f1f-80a6-be87808801d6 (type: security_group_rules) to 0
2026-07-09 14:23:05.468 9 INFO neutron.db.ovn_revision_numbers_db [None req-3f3110af-210a-48e0-9c45-4ccc350eec1a c77361a9fe8e4cfbbd5fd79589d8ff23 ad7d2beab058472f90d9832e0a2a9e76 - - default default] Successfully bumped revision number for resource 808fc39d-439d-4faf-8a96-50989b8a1f17 (type: security_group_rules) to 0
2026-07-09 14:23:05.482 9 INFO neutron.db.ovn_revision_numbers_db [None req-3f3110af-210a-48e0-9c45-4ccc350eec1a c77361a9fe8e4cfbbd5fd79589d8ff23 ad7d2beab058472f90d9832e0a2a9e76 - - default default] Successfully bumped revision number for resource 8362a414-a92b-4e1e-b032-d6cffd63d522 (type: security_group_rules) to 0
2026-07-09 14:23:05.489 10 INFO neutron.api.wsgi [None req-d81a9b16-6332-4166-8b45-8bb151911fce 883f5c1c69ef45de95416d3918d35349 792e1748adb243d1b2af610da5f3fd58 - - default default] 10.0.0.127 "GET /v2.0/ports?device_id=6904c338-8a21-4474-b198-70014b53fe26 HTTP/1.1" status: 200 len: 1404 time: 0.0321605
2026-07-09 14:23:05.565 9 INFO neutron.api.wsgi [None req-3f3110af-210a-48e0-9c45-4ccc350eec1a c77361a9fe8e4cfbbd5fd79589d8ff23 ad7d2beab058472f90d9832e0a2a9e76 - - default default] 10.0.0.127 "GET /v2.0/security-groups?tenant_id=918ad4be56b243a890f48717659be1b5&name=default HTTP/1.1" status: 200 len: 3120 time: 0.4609179
2026-07-09 14:23:05.858 9 INFO neutron.api.wsgi [None req-14d4820e-750f-44ef-bc99-4c56ed25f462 c77361a9fe8e4cfbbd5fd79589d8ff23 ad7d2beab058472f90d9832e0a2a9e76 - - default default] 10.0.0.127 "DELETE /v2.0/security-groups/33bcab0b-73fb-4970-a96d-1fc5be69ed28 HTTP/1.1" status: 204 len: 168 time: 0.2858186
2026-07-09 14:23:06.136 10 INFO neutron.db.ovn_revision_numbers_db [None req-652d09f9-89dc-4ab5-9970-ba738e500f01 cf72ca0298f54e9ca9b4bb4ec8a6e95e 536c36df797d450da55ce21af225c1ac - - default default] Successfully bumped revision number for resource b2cdd3ad-032f-4bbe-b49b-26a53585f10d (type: floatingips) to 4
2026-07-09 14:23:06.242 10 INFO neutron.db.ovn_revision_numbers_db [None req-652d09f9-89dc-4ab5-9970-ba738e500f01 cf72ca0298f54e9ca9b4bb4ec8a6e95e 536c36df797d450da55ce21af225c1ac - - default default] Successfully bumped revision number for resource b2cdd3ad-032f-4bbe-b49b-26a53585f10d (type: floatingips) to 5
2026-07-09 14:23:06.243 10 INFO neutron.db.l3_db [None req-652d09f9-89dc-4ab5-9970-ba738e500f01 cf72ca0298f54e9ca9b4bb4ec8a6e95e 536c36df797d450da55ce21af225c1ac - - default default] Floating IP b2cdd3ad-032f-4bbe-b49b-26a53585f10d associated. External IP: 10.96.250.215, port: 326bf5bf-a849-418c-b17b-d092c694c652.
2026-07-09 14:23:06.280 10 INFO neutron.api.wsgi [None req-652d09f9-89dc-4ab5-9970-ba738e500f01 cf72ca0298f54e9ca9b4bb4ec8a6e95e 536c36df797d450da55ce21af225c1ac - - default default] 10.0.0.127 "PUT /v2.0/floatingips/b2cdd3ad-032f-4bbe-b49b-26a53585f10d HTTP/1.1" status: 200 len: 1049 time: 0.7859507 /var/lib/openstack/lib/python3.12/site-packages/pycadf/identifier.py:71: UserWarning: Invalid uuid: neutron. To ensure interoperability, identifiers should be a valid uuid. warnings.warn(('Invalid uuid: %s. To ensure interoperability, '
2026-07-09 14:23:06.334 10 INFO neutron.api.wsgi [None req-1658bcc1-e5da-4894-8983-6e2acca7afad cf72ca0298f54e9ca9b4bb4ec8a6e95e 536c36df797d450da55ce21af225c1ac - - default default] 10.0.0.127 "GET /v2.0/floatingips/b2cdd3ad-032f-4bbe-b49b-26a53585f10d HTTP/1.1" status: 200 len: 1051 time: 0.0499237
2026-07-09 14:23:07.109 10 INFO neutron.notifiers.nova [-] Nova event matching ['req-7ce5d999-cf40-44c2-9f18-73f275eb752c'] response: {'name': 'network-changed', 'server_uuid': '6904c338-8a21-4474-b198-70014b53fe26', 'tag': '326bf5bf-a849-418c-b17b-d092c694c652', 'status': 'completed', 'code': 200}
2026-07-09 14:23:07.652 10 INFO neutron.api.wsgi [req-86e58dfb-ccc6-42c3-966b-2a4773543d78 req-f66cf61e-d384-4af9-86e9-21a40fdb3886 0039bd4d8de5460bba806519a2d1cae1 29bdd136981d4cc2a3036ebe0e04c55a - - d3ef61c4b0e44188a5cc900bcb94ad38 d3ef61c4b0e44188a5cc900bcb94ad38] 199.19.213.61 "GET /v2.0/ports?tenant_id=536c36df797d450da55ce21af225c1ac&device_id=6904c338-8a21-4474-b198-70014b53fe26 HTTP/1.1" status: 200 len: 1409 time: 0.0334368
2026-07-09 14:23:07.696 10 INFO neutron.api.wsgi [req-86e58dfb-ccc6-42c3-966b-2a4773543d78 req-a7775be8-d84a-4b5c-a6c2-7a958c490139 0039bd4d8de5460bba806519a2d1cae1 29bdd136981d4cc2a3036ebe0e04c55a - - d3ef61c4b0e44188a5cc900bcb94ad38 d3ef61c4b0e44188a5cc900bcb94ad38] 199.19.213.61 "GET /v2.0/networks?id=28591842-8aee-4ef0-9bca-70cc20bfb22f HTTP/1.1" status: 200 len: 957 time: 0.0401895
2026-07-09 14:23:07.751 10 INFO neutron.api.wsgi [req-86e58dfb-ccc6-42c3-966b-2a4773543d78 req-542f78b9-acbe-4b27-be76-3e1a064154d7 0039bd4d8de5460bba806519a2d1cae1 29bdd136981d4cc2a3036ebe0e04c55a - - d3ef61c4b0e44188a5cc900bcb94ad38 d3ef61c4b0e44188a5cc900bcb94ad38] 199.19.213.61 "GET /v2.0/floatingips?fixed_ip_address=10.100.0.6&port_id=326bf5bf-a849-418c-b17b-d092c694c652 HTTP/1.1" status: 200 len: 1059 time: 0.0464973
2026-07-09 14:23:07.786 10 INFO neutron.api.wsgi [req-86e58dfb-ccc6-42c3-966b-2a4773543d78 req-487b934f-7543-46c9-a164-e7db6515fb7e 0039bd4d8de5460bba806519a2d1cae1 29bdd136981d4cc2a3036ebe0e04c55a - - d3ef61c4b0e44188a5cc900bcb94ad38 d3ef61c4b0e44188a5cc900bcb94ad38] 199.19.213.61 "GET /v2.0/subnets?id=aec7f1ba-e9b0-4f03-9128-e4def239f230 HTTP/1.1" status: 200 len: 877 time: 0.0306888
2026-07-09 14:23:07.813 10 INFO neutron.api.wsgi [req-86e58dfb-ccc6-42c3-966b-2a4773543d78 req-a75f9c54-79ed-4c77-ab0e-77c0ccc37070 0039bd4d8de5460bba806519a2d1cae1 29bdd136981d4cc2a3036ebe0e04c55a - - d3ef61c4b0e44188a5cc900bcb94ad38 d3ef61c4b0e44188a5cc900bcb94ad38] 199.19.213.61 "GET /v2.0/ports?network_id=28591842-8aee-4ef0-9bca-70cc20bfb22f&device_owner=network%3Adhcp HTTP/1.1" status: 200 len: 210 time: 0.0214593
2026-07-09 14:23:07.877 10 INFO neutron.api.wsgi [req-86e58dfb-ccc6-42c3-966b-2a4773543d78 req-19ea6295-0e76-4eba-8695-2af8829ea11d 0039bd4d8de5460bba806519a2d1cae1 29bdd136981d4cc2a3036ebe0e04c55a - - d3ef61c4b0e44188a5cc900bcb94ad38 d3ef61c4b0e44188a5cc900bcb94ad38] 199.19.213.61 "GET /v2.0/networks/28591842-8aee-4ef0-9bca-70cc20bfb22f?fields=segments HTTP/1.1" status: 200 len: 212 time: 0.0585494
2026-07-09 14:23:07.920 10 INFO neutron.api.wsgi [req-86e58dfb-ccc6-42c3-966b-2a4773543d78 req-97c196e0-fd56-4637-ac55-b6e00cdebbdd 0039bd4d8de5460bba806519a2d1cae1 29bdd136981d4cc2a3036ebe0e04c55a - - d3ef61c4b0e44188a5cc900bcb94ad38 d3ef61c4b0e44188a5cc900bcb94ad38] 199.19.213.61 "GET /v2.0/networks/28591842-8aee-4ef0-9bca-70cc20bfb22f?fields=provider%3Aphysical_network&fields=provider%3Anetwork_type HTTP/1.1" status: 200 len: 277 time: 0.0404232
2026-07-09 14:23:09.510 10 INFO neutron.db.ovn_revision_numbers_db [None req-3e7408e0-83d8-44c5-8767-2e6713ed09b4 c77361a9fe8e4cfbbd5fd79589d8ff23 ad7d2beab058472f90d9832e0a2a9e76 - - default default] Successfully bumped revision number for resource ecad6947-5be1-40ae-bfe3-6f694876483f (type: security_groups) to 1
2026-07-09 14:23:09.523 10 INFO neutron.db.ovn_revision_numbers_db [None req-3e7408e0-83d8-44c5-8767-2e6713ed09b4 c77361a9fe8e4cfbbd5fd79589d8ff23 ad7d2beab058472f90d9832e0a2a9e76 - - default default] Successfully bumped revision number for resource 49bef33b-d4c9-4f5e-9b17-4552a7490bee (type: security_group_rules) to 0
2026-07-09 14:23:09.537 10 INFO neutron.db.ovn_revision_numbers_db [None req-3e7408e0-83d8-44c5-8767-2e6713ed09b4 c77361a9fe8e4cfbbd5fd79589d8ff23 ad7d2beab058472f90d9832e0a2a9e76 - - default default] Successfully bumped revision number for resource 5f36c956-afcd-4622-a036-08ec3c322752 (type: security_group_rules) to 0
2026-07-09 14:23:09.549 10 INFO neutron.db.ovn_revision_numbers_db [None req-3e7408e0-83d8-44c5-8767-2e6713ed09b4 c77361a9fe8e4cfbbd5fd79589d8ff23 ad7d2beab058472f90d9832e0a2a9e76 - - default default] Successfully bumped revision number for resource 7816a242-a1d7-4a34-a301-adf66bfb7a49 (type: security_group_rules) to 0
2026-07-09 14:23:09.563 10 INFO neutron.db.ovn_revision_numbers_db [None req-3e7408e0-83d8-44c5-8767-2e6713ed09b4 c77361a9fe8e4cfbbd5fd79589d8ff23 ad7d2beab058472f90d9832e0a2a9e76 - - default default] Successfully bumped revision number for resource b8cc2c56-3e57-4695-8e88-02888411f475 (type: security_group_rules) to 0
2026-07-09 14:23:09.600 10 INFO neutron.api.wsgi [None req-3e7408e0-83d8-44c5-8767-2e6713ed09b4 c77361a9fe8e4cfbbd5fd79589d8ff23 ad7d2beab058472f90d9832e0a2a9e76 - - default default] 10.0.0.127 "GET /v2.0/security-groups?tenant_id=f9f0204af822483487982f3742504f82&name=default HTTP/1.1" status: 200 len: 3120 time: 0.4026425
2026-07-09 14:23:09.808 10 INFO neutron.api.wsgi [None req-3997b5f3-8ed8-40d5-80c1-2e98852ca771 c77361a9fe8e4cfbbd5fd79589d8ff23 ad7d2beab058472f90d9832e0a2a9e76 - - default default] 10.0.0.127 "DELETE /v2.0/security-groups/ecad6947-5be1-40ae-bfe3-6f694876483f HTTP/1.1" status: 204 len: 168 time: 0.2018366
2026-07-09 14:23:10.198 10 INFO neutron.api.wsgi [-] 10.0.0.205 "GET / HTTP/1.1" status: 200 len: 247 time: 0.0025570
2026-07-09 14:23:10.199 9 INFO neutron.api.wsgi [-] 10.0.0.205 "GET / HTTP/1.1" status: 200 len: 247 time: 0.0032172
2026-07-09 14:23:12.121 9 WARNING neutron_lib.context [None req-f4f5b0e7-3f23-4795-8fea-8d23d51ec3de 33f9a3e25b45430db0803855f608f5c0 12b90e08d21d4eb8b27ee04b93e08b47 - - default default] Method 'is_advsvc' is deprecated since 2023.2 release (neutron-lib 3.8.0) and will be removed once support for the old RBAC API policies will be removed from Neutron. Please use method 'is_service_role' instead.
2026-07-09 14:23:12.278 9 INFO neutron.db.ovn_revision_numbers_db [None req-f4f5b0e7-3f23-4795-8fea-8d23d51ec3de 33f9a3e25b45430db0803855f608f5c0 12b90e08d21d4eb8b27ee04b93e08b47 - - default default] Successfully bumped revision number for resource 1e5ae9f4-e69d-4594-b50d-b40ec3696ae2 (type: security_groups) to 1
2026-07-09 14:23:12.293 9 INFO neutron.db.ovn_revision_numbers_db [None req-f4f5b0e7-3f23-4795-8fea-8d23d51ec3de 33f9a3e25b45430db0803855f608f5c0 12b90e08d21d4eb8b27ee04b93e08b47 - - default default] Successfully bumped revision number for resource 0b5ad03d-0c59-4e18-a45b-5bfe0b5b6009 (type: security_group_rules) to 0
2026-07-09 14:23:12.304 9 INFO neutron.db.ovn_revision_numbers_db [None req-f4f5b0e7-3f23-4795-8fea-8d23d51ec3de 33f9a3e25b45430db0803855f608f5c0 12b90e08d21d4eb8b27ee04b93e08b47 - - default default] Successfully bumped revision number for resource 6eec84c6-8a24-4653-901a-88461b3e7b8b (type: security_group_rules) to 0
2026-07-09 14:23:12.321 9 INFO neutron.db.ovn_revision_numbers_db [None req-f4f5b0e7-3f23-4795-8fea-8d23d51ec3de 33f9a3e25b45430db0803855f608f5c0 12b90e08d21d4eb8b27ee04b93e08b47 - - default default] Successfully bumped revision number for resource c101a288-97c5-4275-8429-85cb68a568a0 (type: security_group_rules) to 0
2026-07-09 14:23:12.335 9 INFO neutron.db.ovn_revision_numbers_db [None req-f4f5b0e7-3f23-4795-8fea-8d23d51ec3de 33f9a3e25b45430db0803855f608f5c0 12b90e08d21d4eb8b27ee04b93e08b47 - - default default] Successfully bumped revision number for resource c95d6e1f-d31b-459e-bcf6-f01be33a67eb (type: security_group_rules) to 0
2026-07-09 14:23:12.415 9 INFO neutron.db.segments_db [None req-f4f5b0e7-3f23-4795-8fea-8d23d51ec3de 33f9a3e25b45430db0803855f608f5c0 12b90e08d21d4eb8b27ee04b93e08b47 - - default default] Added segment b6ba3545-295f-4d92-986f-9beeb07ac052 of type geneve for network 03fa0225-b783-49ad-b485-dcf6b3fb7b36
2026-07-09 14:23:12.526 9 INFO neutron.db.ovn_revision_numbers_db [None req-f4f5b0e7-3f23-4795-8fea-8d23d51ec3de 33f9a3e25b45430db0803855f608f5c0 12b90e08d21d4eb8b27ee04b93e08b47 - - default default] Successfully bumped revision number for resource 03fa0225-b783-49ad-b485-dcf6b3fb7b36 (type: networks) to 1
2026-07-09 14:23:12.675 9 WARNING neutron.scheduler.dhcp_agent_scheduler [None req-f4f5b0e7-3f23-4795-8fea-8d23d51ec3de 33f9a3e25b45430db0803855f608f5c0 12b90e08d21d4eb8b27ee04b93e08b47 - - default default] No more DHCP agents
2026-07-09 14:23:12.677 9 WARNING neutron.api.rpc.agentnotifiers.dhcp_rpc_agent_api [None req-f4f5b0e7-3f23-4795-8fea-8d23d51ec3de 33f9a3e25b45430db0803855f608f5c0 12b90e08d21d4eb8b27ee04b93e08b47 - - default default] Unable to schedule network 03fa0225-b783-49ad-b485-dcf6b3fb7b36: no agents available; will retry on subsequent port and subnet creation events.
2026-07-09 14:23:12.752 9 INFO neutron.db.ovn_revision_numbers_db [None req-f4f5b0e7-3f23-4795-8fea-8d23d51ec3de 33f9a3e25b45430db0803855f608f5c0 12b90e08d21d4eb8b27ee04b93e08b47 - - default default] Successfully bumped revision number for resource 3b953e93-665a-41fd-b09c-6add98685ce2 (type: ports) to 1
2026-07-09 14:23:12.779 9 INFO neutron.api.wsgi [None req-f4f5b0e7-3f23-4795-8fea-8d23d51ec3de 33f9a3e25b45430db0803855f608f5c0 12b90e08d21d4eb8b27ee04b93e08b47 - - default default] 10.0.0.127 "POST /v2.0/networks HTTP/1.1" status: 201 len: 839 time: 0.8054740
2026-07-09 14:23:12.791 9 WARNING neutron_lib.context [None req-e467c7df-fa13-4ac4-a3e4-5d9180f8c95d 33f9a3e25b45430db0803855f608f5c0 12b90e08d21d4eb8b27ee04b93e08b47 - - default default] Method 'is_advsvc' is deprecated since 2023.2 release (neutron-lib 3.8.0) and will be removed once support for the old RBAC API policies will be removed from Neutron. Please use method 'is_service_role' instead.
2026-07-09 14:23:12.971 9 WARNING neutron.scheduler.dhcp_agent_scheduler [None req-e467c7df-fa13-4ac4-a3e4-5d9180f8c95d 33f9a3e25b45430db0803855f608f5c0 12b90e08d21d4eb8b27ee04b93e08b47 - - default default] No more DHCP agents
2026-07-09 14:23:12.973 9 WARNING neutron.api.rpc.agentnotifiers.dhcp_rpc_agent_api [None req-e467c7df-fa13-4ac4-a3e4-5d9180f8c95d 33f9a3e25b45430db0803855f608f5c0 12b90e08d21d4eb8b27ee04b93e08b47 - - default default] Unable to schedule network 03fa0225-b783-49ad-b485-dcf6b3fb7b36: no agents available; will retry on subsequent port and subnet creation events.
2026-07-09 14:23:13.420 9 INFO neutron.db.ovn_revision_numbers_db [None req-7786e765-6e91-40da-b1bf-d96f88d1aa9f - - - - - -] Successfully bumped revision number for resource 3b953e93-665a-41fd-b09c-6add98685ce2 (type: ports) to 2
2026-07-09 14:23:13.450 9 INFO neutron.db.ovn_revision_numbers_db [None req-7786e765-6e91-40da-b1bf-d96f88d1aa9f - - - - - -] Successfully bumped revision number for resource db42c47d-3ffb-4dde-9a36-250f3b247b90 (type: subnets) to 0
2026-07-09 14:23:13.464 9 INFO neutron.api.wsgi [None req-e467c7df-fa13-4ac4-a3e4-5d9180f8c95d 33f9a3e25b45430db0803855f608f5c0 12b90e08d21d4eb8b27ee04b93e08b47 - - default default] 10.0.0.127 "POST /v2.0/subnets HTTP/1.1" status: 201 len: 857 time: 0.6776965
2026-07-09 14:23:13.642 9 INFO neutron.api.wsgi [None req-7bbfd899-634d-43d4-8dd1-870bf7a0b1fb 9bcc30bb5d084c6a8cd08d28c4534ba4 08e61e82a2634bc582c930892ef2306c - - default default] 10.0.0.127 "GET /v2.0/subnetpools?name=shared-default-subnetpool-v6 HTTP/1.1" status: 200 len: 212 time: 0.1733973
2026-07-09 14:23:13.654 9 WARNING neutron_lib.context [None req-72c003e8-208e-44bb-89d2-7fc20b1e93e9 33f9a3e25b45430db0803855f608f5c0 12b90e08d21d4eb8b27ee04b93e08b47 - - default default] Method 'is_advsvc' is deprecated since 2023.2 release (neutron-lib 3.8.0) and will be removed once support for the old RBAC API policies will be removed from Neutron. Please use method 'is_service_role' instead.
2026-07-09 14:23:13.862 10 WARNING neutron_lib.context [None req-f4632025-7a1b-4a6f-a3dc-b2bb31a0cd85 a065f930fda54b46861896eaeae91508 bca451a21c6646e49f17e6da346f6f86 - - default default] Method 'is_advsvc' is deprecated since 2023.2 release (neutron-lib 3.8.0) and will be removed once support for the old RBAC API policies will be removed from Neutron. Please use method 'is_service_role' instead.
2026-07-09 14:23:13.866 9 WARNING neutron.scheduler.dhcp_agent_scheduler [None req-72c003e8-208e-44bb-89d2-7fc20b1e93e9 33f9a3e25b45430db0803855f608f5c0 12b90e08d21d4eb8b27ee04b93e08b47 - - default default] No more DHCP agents
2026-07-09 14:23:13.867 9 WARNING neutron.api.rpc.agentnotifiers.dhcp_rpc_agent_api [None req-72c003e8-208e-44bb-89d2-7fc20b1e93e9 33f9a3e25b45430db0803855f608f5c0 12b90e08d21d4eb8b27ee04b93e08b47 - - default default] Unable to schedule network 03fa0225-b783-49ad-b485-dcf6b3fb7b36: no agents available; will retry on subsequent port and subnet creation events.
2026-07-09 14:23:13.898 9 INFO neutron.db.ovn_revision_numbers_db [None req-72c003e8-208e-44bb-89d2-7fc20b1e93e9 33f9a3e25b45430db0803855f608f5c0 12b90e08d21d4eb8b27ee04b93e08b47 - - default default] Successfully bumped revision number for resource b2019093-6b4c-4051-b315-5a532d20351e (type: subnets) to 0
2026-07-09 14:23:13.916 9 INFO neutron.api.wsgi [None req-72c003e8-208e-44bb-89d2-7fc20b1e93e9 33f9a3e25b45430db0803855f608f5c0 12b90e08d21d4eb8b27ee04b93e08b47 - - default default] 10.0.0.127 "POST /v2.0/subnets HTTP/1.1" status: 201 len: 931 time: 0.2679007
2026-07-09 14:23:13.926 10 WARNING neutron_lib.context [None req-82dda8d0-3465-4e39-be5a-13822c6610d6 33f9a3e25b45430db0803855f608f5c0 12b90e08d21d4eb8b27ee04b93e08b47 - - default default] Method 'is_advsvc' is deprecated since 2023.2 release (neutron-lib 3.8.0) and will be removed once support for the old RBAC API policies will be removed from Neutron. Please use method 'is_service_role' instead.
2026-07-09 14:23:14.019 10 INFO neutron.db.segments_db [None req-82dda8d0-3465-4e39-be5a-13822c6610d6 33f9a3e25b45430db0803855f608f5c0 12b90e08d21d4eb8b27ee04b93e08b47 - - default default] Added segment 74088eca-977c-40bc-8300-cde9f1cea4fb of type geneve for network 6e0be040-5e37-4bc1-a795-81bec2f94562
2026-07-09 14:23:14.130 10 WARNING neutron.scheduler.dhcp_agent_scheduler [None req-f4632025-7a1b-4a6f-a3dc-b2bb31a0cd85 a065f930fda54b46861896eaeae91508 bca451a21c6646e49f17e6da346f6f86 - - default default] No more DHCP agents
2026-07-09 14:23:14.133 10 WARNING neutron.api.rpc.agentnotifiers.dhcp_rpc_agent_api [None req-f4632025-7a1b-4a6f-a3dc-b2bb31a0cd85 a065f930fda54b46861896eaeae91508 bca451a21c6646e49f17e6da346f6f86 - - default default] Unable to schedule network 0de78d7e-85fd-4e7f-94c1-c0c4916a3c0b: no agents available; will retry on subsequent port and subnet creation events.
2026-07-09 14:23:14.140 10 INFO neutron.db.ovn_revision_numbers_db [None req-82dda8d0-3465-4e39-be5a-13822c6610d6 33f9a3e25b45430db0803855f608f5c0 12b90e08d21d4eb8b27ee04b93e08b47 - - default default] Successfully bumped revision number for resource 6e0be040-5e37-4bc1-a795-81bec2f94562 (type: networks) to 1
2026-07-09 14:23:14.314 10 WARNING neutron.scheduler.dhcp_agent_scheduler [None req-82dda8d0-3465-4e39-be5a-13822c6610d6 33f9a3e25b45430db0803855f608f5c0 12b90e08d21d4eb8b27ee04b93e08b47 - - default default] No more DHCP agents
2026-07-09 14:23:14.315 10 WARNING neutron.api.rpc.agentnotifiers.dhcp_rpc_agent_api [None req-82dda8d0-3465-4e39-be5a-13822c6610d6 33f9a3e25b45430db0803855f608f5c0 12b90e08d21d4eb8b27ee04b93e08b47 - - default default] Unable to schedule network 6e0be040-5e37-4bc1-a795-81bec2f94562: no agents available; will retry on subsequent port and subnet creation events.
2026-07-09 14:23:14.399 10 INFO neutron.db.ovn_revision_numbers_db [None req-82dda8d0-3465-4e39-be5a-13822c6610d6 33f9a3e25b45430db0803855f608f5c0 12b90e08d21d4eb8b27ee04b93e08b47 - - default default] Successfully bumped revision number for resource 9a0ca815-4787-48e7-b957-5a2459a1ad67 (type: ports) to 1
2026-07-09 14:23:14.434 10 INFO neutron.api.wsgi [None req-82dda8d0-3465-4e39-be5a-13822c6610d6 33f9a3e25b45430db0803855f608f5c0 12b90e08d21d4eb8b27ee04b93e08b47 - - default default] 10.0.0.127 "POST /v2.0/networks HTTP/1.1" status: 201 len: 837 time: 0.5129511
2026-07-09 14:23:14.444 9 WARNING neutron_lib.context [None req-59a46ab9-11ad-4eb2-9770-fb8980056b6e 33f9a3e25b45430db0803855f608f5c0 12b90e08d21d4eb8b27ee04b93e08b47 - - default default] Method 'is_advsvc' is deprecated since 2023.2 release (neutron-lib 3.8.0) and will be removed once support for the old RBAC API policies will be removed from Neutron. Please use method 'is_service_role' instead.
2026-07-09 14:23:14.450 10 INFO neutron.api.wsgi [None req-f4632025-7a1b-4a6f-a3dc-b2bb31a0cd85 a065f930fda54b46861896eaeae91508 bca451a21c6646e49f17e6da346f6f86 - - default default] 10.0.0.127 "POST /v2.0/floatingips HTTP/1.1" status: 201 len: 751 time: 0.6330776
2026-07-09 14:23:14.459 10 WARNING neutron_lib.context [None req-6449deaf-1a64-41ce-be2f-6560e1ef7e4a a065f930fda54b46861896eaeae91508 bca451a21c6646e49f17e6da346f6f86 - - default default] Method 'is_advsvc' is deprecated since 2023.2 release (neutron-lib 3.8.0) and will be removed once support for the old RBAC API policies will be removed from Neutron. Please use method 'is_service_role' instead.
2026-07-09 14:23:14.620 9 WARNING neutron.scheduler.dhcp_agent_scheduler [None req-59a46ab9-11ad-4eb2-9770-fb8980056b6e 33f9a3e25b45430db0803855f608f5c0 12b90e08d21d4eb8b27ee04b93e08b47 - - default default] No more DHCP agents
2026-07-09 14:23:14.625 9 WARNING neutron.api.rpc.agentnotifiers.dhcp_rpc_agent_api [None req-59a46ab9-11ad-4eb2-9770-fb8980056b6e 33f9a3e25b45430db0803855f608f5c0 12b90e08d21d4eb8b27ee04b93e08b47 - - default default] Unable to schedule network 6e0be040-5e37-4bc1-a795-81bec2f94562: no agents available; will retry on subsequent port and subnet creation events.
2026-07-09 14:23:14.633 10 WARNING neutron.scheduler.dhcp_agent_scheduler [None req-6449deaf-1a64-41ce-be2f-6560e1ef7e4a a065f930fda54b46861896eaeae91508 bca451a21c6646e49f17e6da346f6f86 - - default default] No more DHCP agents
2026-07-09 14:23:14.635 10 WARNING neutron.api.rpc.agentnotifiers.dhcp_rpc_agent_api [None req-6449deaf-1a64-41ce-be2f-6560e1ef7e4a a065f930fda54b46861896eaeae91508 bca451a21c6646e49f17e6da346f6f86 - - default default] Unable to schedule network 0de78d7e-85fd-4e7f-94c1-c0c4916a3c0b: no agents available; will retry on subsequent port and subnet creation events.
2026-07-09 14:23:14.903 10 INFO neutron.api.wsgi [None req-6449deaf-1a64-41ce-be2f-6560e1ef7e4a a065f930fda54b46861896eaeae91508 bca451a21c6646e49f17e6da346f6f86 - - default default] 10.0.0.127 "POST /v2.0/floatingips HTTP/1.1" status: 201 len: 751 time: 0.4484253
2026-07-09 14:23:14.912 9 WARNING neutron_lib.context [None req-29bd29b3-7f1c-4501-b6ee-492330916a06 a065f930fda54b46861896eaeae91508 bca451a21c6646e49f17e6da346f6f86 - - default default] Method 'is_advsvc' is deprecated since 2023.2 release (neutron-lib 3.8.0) and will be removed once support for the old RBAC API policies will be removed from Neutron. Please use method 'is_service_role' instead.
2026-07-09 14:23:15.083 9 INFO neutron.db.ovn_revision_numbers_db [None req-0671c891-1b9c-4c7d-b54f-5af8a4812626 - - - - - -] Successfully bumped revision number for resource 9a0ca815-4787-48e7-b957-5a2459a1ad67 (type: ports) to 2
2026-07-09 14:23:15.119 9 INFO neutron.db.ovn_revision_numbers_db [None req-0671c891-1b9c-4c7d-b54f-5af8a4812626 - - - - - -] Successfully bumped revision number for resource 362d706c-a294-4f58-b5f3-2b24d5fd17fb (type: subnets) to 0
2026-07-09 14:23:15.134 9 INFO neutron.api.wsgi [None req-59a46ab9-11ad-4eb2-9770-fb8980056b6e 33f9a3e25b45430db0803855f608f5c0 12b90e08d21d4eb8b27ee04b93e08b47 - - default default] 10.0.0.127 "POST /v2.0/subnets HTTP/1.1" status: 201 len: 855 time: 0.6966062
2026-07-09 14:23:15.141 9 WARNING neutron_lib.context [None req-a9e08d9b-77fa-4cde-98a5-f94ba56b26b5 33f9a3e25b45430db0803855f608f5c0 12b90e08d21d4eb8b27ee04b93e08b47 - - default default] Method 'is_advsvc' is deprecated since 2023.2 release (neutron-lib 3.8.0) and will be removed once support for the old RBAC API policies will be removed from Neutron. Please use method 'is_service_role' instead.
2026-07-09 14:23:15.180 9 WARNING neutron.scheduler.dhcp_agent_scheduler [None req-29bd29b3-7f1c-4501-b6ee-492330916a06 a065f930fda54b46861896eaeae91508 bca451a21c6646e49f17e6da346f6f86 - - default default] No more DHCP agents
2026-07-09 14:23:15.182 9 WARNING neutron.api.rpc.agentnotifiers.dhcp_rpc_agent_api [None req-29bd29b3-7f1c-4501-b6ee-492330916a06 a065f930fda54b46861896eaeae91508 bca451a21c6646e49f17e6da346f6f86 - - default default] Unable to schedule network 0de78d7e-85fd-4e7f-94c1-c0c4916a3c0b: no agents available; will retry on subsequent port and subnet creation events.
2026-07-09 14:23:15.347 9 WARNING neutron.scheduler.dhcp_agent_scheduler [None req-a9e08d9b-77fa-4cde-98a5-f94ba56b26b5 33f9a3e25b45430db0803855f608f5c0 12b90e08d21d4eb8b27ee04b93e08b47 - - default default] No more DHCP agents
2026-07-09 14:23:15.349 9 WARNING neutron.api.rpc.agentnotifiers.dhcp_rpc_agent_api [None req-a9e08d9b-77fa-4cde-98a5-f94ba56b26b5 33f9a3e25b45430db0803855f608f5c0 12b90e08d21d4eb8b27ee04b93e08b47 - - default default] Unable to schedule network 6e0be040-5e37-4bc1-a795-81bec2f94562: no agents available; will retry on subsequent port and subnet creation events.
2026-07-09 14:23:15.379 9 INFO neutron.db.ovn_revision_numbers_db [None req-a9e08d9b-77fa-4cde-98a5-f94ba56b26b5 33f9a3e25b45430db0803855f608f5c0 12b90e08d21d4eb8b27ee04b93e08b47 - - default default] Successfully bumped revision number for resource 78ae520a-7d1a-45c7-b678-5233caf333af (type: subnets) to 0
2026-07-09 14:23:15.397 9 INFO neutron.api.wsgi [None req-a9e08d9b-77fa-4cde-98a5-f94ba56b26b5 33f9a3e25b45430db0803855f608f5c0 12b90e08d21d4eb8b27ee04b93e08b47 - - default default] 10.0.0.127 "POST /v2.0/subnets HTTP/1.1" status: 201 len: 924 time: 0.2593927
2026-07-09 14:23:15.406 10 WARNING neutron_lib.context [None req-bd67356d-d828-4e58-9b9e-42f2d5aa2cb9 33f9a3e25b45430db0803855f608f5c0 12b90e08d21d4eb8b27ee04b93e08b47 - - default default] Method 'is_advsvc' is deprecated since 2023.2 release (neutron-lib 3.8.0) and will be removed once support for the old RBAC API policies will be removed from Neutron. Please use method 'is_service_role' instead.
2026-07-09 14:23:15.461 9 INFO neutron.api.wsgi [None req-29bd29b3-7f1c-4501-b6ee-492330916a06 a065f930fda54b46861896eaeae91508 bca451a21c6646e49f17e6da346f6f86 - - default default] 10.0.0.127 "POST /v2.0/floatingips HTTP/1.1" status: 201 len: 751 time: 0.5525815
2026-07-09 14:23:15.469 9 WARNING neutron_lib.context [None req-3ca5828a-c8a8-41c0-9498-4d0015121259 a065f930fda54b46861896eaeae91508 bca451a21c6646e49f17e6da346f6f86 - - default default] Method 'is_advsvc' is deprecated since 2023.2 release (neutron-lib 3.8.0) and will be removed once support for the old RBAC API policies will be removed from Neutron. Please use method 'is_service_role' instead.
2026-07-09 14:23:15.499 10 INFO neutron.db.segments_db [None req-bd67356d-d828-4e58-9b9e-42f2d5aa2cb9 33f9a3e25b45430db0803855f608f5c0 12b90e08d21d4eb8b27ee04b93e08b47 - - default default] Added segment 5bd4251f-13cd-4803-b180-94e75d22453f of type geneve for network fa27181e-9de9-4859-b6b7-eb95c8ee037b
2026-07-09 14:23:15.613 10 INFO neutron.db.ovn_revision_numbers_db [None req-bd67356d-d828-4e58-9b9e-42f2d5aa2cb9 33f9a3e25b45430db0803855f608f5c0 12b90e08d21d4eb8b27ee04b93e08b47 - - default default] Successfully bumped revision number for resource fa27181e-9de9-4859-b6b7-eb95c8ee037b (type: networks) to 1
2026-07-09 14:23:15.699 9 WARNING neutron.scheduler.dhcp_agent_scheduler [None req-3ca5828a-c8a8-41c0-9498-4d0015121259 a065f930fda54b46861896eaeae91508 bca451a21c6646e49f17e6da346f6f86 - - default default] No more DHCP agents
2026-07-09 14:23:15.701 9 WARNING neutron.api.rpc.agentnotifiers.dhcp_rpc_agent_api [None req-3ca5828a-c8a8-41c0-9498-4d0015121259 a065f930fda54b46861896eaeae91508 bca451a21c6646e49f17e6da346f6f86 - - default default] Unable to schedule network 0de78d7e-85fd-4e7f-94c1-c0c4916a3c0b: no agents available; will retry on subsequent port and subnet creation events.
2026-07-09 14:23:15.815 10 WARNING neutron.scheduler.dhcp_agent_scheduler [None req-bd67356d-d828-4e58-9b9e-42f2d5aa2cb9 33f9a3e25b45430db0803855f608f5c0 12b90e08d21d4eb8b27ee04b93e08b47 - - default default] No more DHCP agents
2026-07-09 14:23:15.818 10 WARNING neutron.api.rpc.agentnotifiers.dhcp_rpc_agent_api [None req-bd67356d-d828-4e58-9b9e-42f2d5aa2cb9 33f9a3e25b45430db0803855f608f5c0 12b90e08d21d4eb8b27ee04b93e08b47 - - default default] Unable to schedule network fa27181e-9de9-4859-b6b7-eb95c8ee037b: no agents available; will retry on subsequent port and subnet creation events.
2026-07-09 14:23:15.880 10 INFO neutron.db.ovn_revision_numbers_db [None req-bd67356d-d828-4e58-9b9e-42f2d5aa2cb9 33f9a3e25b45430db0803855f608f5c0 12b90e08d21d4eb8b27ee04b93e08b47 - - default default] Successfully bumped revision number for resource 20451ae5-fdbc-4a6b-abdc-5d82dfdf1783 (type: ports) to 1
2026-07-09 14:23:15.899 10 INFO neutron.api.wsgi [None req-bd67356d-d828-4e58-9b9e-42f2d5aa2cb9 33f9a3e25b45430db0803855f608f5c0 12b90e08d21d4eb8b27ee04b93e08b47 - - default default] 10.0.0.127 "POST /v2.0/networks HTTP/1.1" status: 201 len: 837 time: 0.4962797
2026-07-09 14:23:15.906 10 WARNING neutron_lib.context [None req-2474c2d9-a17b-4647-8e9e-b472426e1456 33f9a3e25b45430db0803855f608f5c0 12b90e08d21d4eb8b27ee04b93e08b47 - - default default] Method 'is_advsvc' is deprecated since 2023.2 release (neutron-lib 3.8.0) and will be removed once support for the old RBAC API policies will be removed from Neutron. Please use method 'is_service_role' instead.
2026-07-09 14:23:15.992 9 INFO neutron.api.wsgi [None req-3ca5828a-c8a8-41c0-9498-4d0015121259 a065f930fda54b46861896eaeae91508 bca451a21c6646e49f17e6da346f6f86 - - default default] 10.0.0.127 "POST /v2.0/floatingips HTTP/1.1" status: 201 len: 751 time: 0.5261362
2026-07-09 14:23:16.004 9 WARNING neutron_lib.context [None req-e8cf148c-f95c-4d05-8c4f-9f741c72bf0b a065f930fda54b46861896eaeae91508 bca451a21c6646e49f17e6da346f6f86 - - default default] Method 'is_advsvc' is deprecated since 2023.2 release (neutron-lib 3.8.0) and will be removed once support for the old RBAC API policies will be removed from Neutron. Please use method 'is_service_role' instead.
2026-07-09 14:23:16.079 10 WARNING neutron.scheduler.dhcp_agent_scheduler [None req-2474c2d9-a17b-4647-8e9e-b472426e1456 33f9a3e25b45430db0803855f608f5c0 12b90e08d21d4eb8b27ee04b93e08b47 - - default default] No more DHCP agents
2026-07-09 14:23:16.080 10 WARNING neutron.api.rpc.agentnotifiers.dhcp_rpc_agent_api [None req-2474c2d9-a17b-4647-8e9e-b472426e1456 33f9a3e25b45430db0803855f608f5c0 12b90e08d21d4eb8b27ee04b93e08b47 - - default default] Unable to schedule network fa27181e-9de9-4859-b6b7-eb95c8ee037b: no agents available; will retry on subsequent port and subnet creation events.
2026-07-09 14:23:16.238 9 WARNING neutron.scheduler.dhcp_agent_scheduler [None req-e8cf148c-f95c-4d05-8c4f-9f741c72bf0b a065f930fda54b46861896eaeae91508 bca451a21c6646e49f17e6da346f6f86 - - default default] No more DHCP agents
2026-07-09 14:23:16.239 9 WARNING neutron.api.rpc.agentnotifiers.dhcp_rpc_agent_api [None req-e8cf148c-f95c-4d05-8c4f-9f741c72bf0b a065f930fda54b46861896eaeae91508 bca451a21c6646e49f17e6da346f6f86 - - default default] Unable to schedule network 0de78d7e-85fd-4e7f-94c1-c0c4916a3c0b: no agents available; will retry on subsequent port and subnet creation events.
2026-07-09 14:23:16.496 10 INFO neutron.db.ovn_revision_numbers_db [None req-6d81d739-1b13-4148-9ae9-c502279b4010 - - - - - -] Successfully bumped revision number for resource 20451ae5-fdbc-4a6b-abdc-5d82dfdf1783 (type: ports) to 2
2026-07-09 14:23:16.529 10 INFO neutron.db.ovn_revision_numbers_db [None req-6d81d739-1b13-4148-9ae9-c502279b4010 - - - - - -] Successfully bumped revision number for resource 09b6a3ff-2b34-4d87-bcd5-357143a591c2 (type: subnets) to 0
2026-07-09 14:23:16.533 9 INFO neutron.api.wsgi [None req-e8cf148c-f95c-4d05-8c4f-9f741c72bf0b a065f930fda54b46861896eaeae91508 bca451a21c6646e49f17e6da346f6f86 - - default default] 10.0.0.127 "POST /v2.0/floatingips HTTP/1.1" status: 201 len: 751 time: 0.5365417
2026-07-09 14:23:16.545 10 INFO neutron.api.wsgi [None req-2474c2d9-a17b-4647-8e9e-b472426e1456 33f9a3e25b45430db0803855f608f5c0 12b90e08d21d4eb8b27ee04b93e08b47 - - default default] 10.0.0.127 "POST /v2.0/subnets HTTP/1.1" status: 201 len: 855 time: 0.6431112
2026-07-09 14:23:16.555 10 WARNING neutron_lib.context [None req-82138bf3-ea83-4dda-a049-cc9d53426bac 33f9a3e25b45430db0803855f608f5c0 12b90e08d21d4eb8b27ee04b93e08b47 - - default default] Method 'is_advsvc' is deprecated since 2023.2 release (neutron-lib 3.8.0) and will be removed once support for the old RBAC API policies will be removed from Neutron. Please use method 'is_service_role' instead.
2026-07-09 14:23:16.569 9 INFO neutron.api.wsgi [None req-a5f6e6eb-1b6c-4392-be7d-05d0e1563c1c a065f930fda54b46861896eaeae91508 bca451a21c6646e49f17e6da346f6f86 - - default default] 10.0.0.127 "PUT /v2.0/floatingips/a94deef4-ee62-4cd0-8f21-1d82c4ea7ba5/tags HTTP/1.1" status: 200 len: 210 time: 0.0325205
2026-07-09 14:23:16.616 9 INFO neutron.api.wsgi [None req-3360b30d-7859-4004-802a-962a44441c2b a065f930fda54b46861896eaeae91508 bca451a21c6646e49f17e6da346f6f86 - - default default] 10.0.0.127 "PUT /v2.0/floatingips/ba039fdd-b7f6-438f-8f8d-5cd44efc8f48/tags HTTP/1.1" status: 200 len: 218 time: 0.0413179
2026-07-09 14:23:16.640 10 INFO neutron.api.wsgi [req-95d5a0dd-d14c-4e82-ab21-bffbcebf31fb req-09fb5f7a-e6a6-464e-a228-c80c87f38841 0039bd4d8de5460bba806519a2d1cae1 29bdd136981d4cc2a3036ebe0e04c55a - - d3ef61c4b0e44188a5cc900bcb94ad38 d3ef61c4b0e44188a5cc900bcb94ad38] 10.0.0.121 "GET /v2.0/ports?device_id=6904c338-8a21-4474-b198-70014b53fe26 HTTP/1.1" status: 200 len: 1409 time: 0.1072104
2026-07-09 14:23:16.661 9 INFO neutron.api.wsgi [None req-0001f632-60e0-4905-82e8-fdd54cb2b45b a065f930fda54b46861896eaeae91508 bca451a21c6646e49f17e6da346f6f86 - - default default] 10.0.0.127 "PUT /v2.0/floatingips/6e517901-0908-4779-bc6d-7a5ef235390a/tags HTTP/1.1" status: 200 len: 227 time: 0.0415986
2026-07-09 14:23:16.704 9 INFO neutron.api.wsgi [None req-8d2816fb-3791-4441-8f0a-50684d5a9524 a065f930fda54b46861896eaeae91508 bca451a21c6646e49f17e6da346f6f86 - - default default] 10.0.0.127 "PUT /v2.0/floatingips/61d5b2a4-3339-4c75-8bae-b4f1932807cc/tags HTTP/1.1" status: 200 len: 212 time: 0.0386763
2026-07-09 14:23:16.705 10 INFO neutron.api.wsgi [req-95d5a0dd-d14c-4e82-ab21-bffbcebf31fb req-53a62a35-7891-4c1a-8a3f-b27be53acc68 0039bd4d8de5460bba806519a2d1cae1 29bdd136981d4cc2a3036ebe0e04c55a - - d3ef61c4b0e44188a5cc900bcb94ad38 d3ef61c4b0e44188a5cc900bcb94ad38] 10.0.0.121 "GET /v2.0/security-groups?id=be7bc528-8ecd-4ecb-acbe-0fe911590ed7&fields=id&fields=name HTTP/1.1" status: 200 len: 313 time: 0.0577052
2026-07-09 14:23:16.762 10 INFO neutron.api.wsgi [None req-0f9b098e-b977-4916-a61e-7609f7728b30 a065f930fda54b46861896eaeae91508 bca451a21c6646e49f17e6da346f6f86 - - default default] 10.0.0.127 "GET /v2.0/floatingips?tags=red HTTP/1.1" status: 200 len: 1866 time: 0.0515890
2026-07-09 14:23:16.825 9 INFO neutron.api.wsgi [None req-e4cbd2fd-e90c-4425-a4d8-6a4b26db6a88 a065f930fda54b46861896eaeae91508 bca451a21c6646e49f17e6da346f6f86 - - default default] 10.0.0.127 "GET /v2.0/floatingips?tags=red%2Cblue HTTP/1.1" status: 200 len: 1323 time: 0.0574503
2026-07-09 14:23:16.883 10 INFO neutron.api.wsgi [None req-2e20c1db-49ff-4d71-a98a-1062c3724449 a065f930fda54b46861896eaeae91508 bca451a21c6646e49f17e6da346f6f86 - - default default] 10.0.0.127 "GET /v2.0/floatingips?tags-any=blue HTTP/1.1" status: 200 len: 1323 time: 0.0508647
2026-07-09 14:23:16.884 10 WARNING neutron.scheduler.dhcp_agent_scheduler [None req-82138bf3-ea83-4dda-a049-cc9d53426bac 33f9a3e25b45430db0803855f608f5c0 12b90e08d21d4eb8b27ee04b93e08b47 - - default default] No more DHCP agents
2026-07-09 14:23:16.885 10 WARNING neutron.api.rpc.agentnotifiers.dhcp_rpc_agent_api [None req-82138bf3-ea83-4dda-a049-cc9d53426bac 33f9a3e25b45430db0803855f608f5c0 12b90e08d21d4eb8b27ee04b93e08b47 - - default default] Unable to schedule network fa27181e-9de9-4859-b6b7-eb95c8ee037b: no agents available; will retry on subsequent port and subnet creation events.
2026-07-09 14:23:16.911 10 INFO neutron.api.wsgi [None req-414cbf6c-dae1-4aa7-bda5-4598d2d73d66 a065f930fda54b46861896eaeae91508 bca451a21c6646e49f17e6da346f6f86 - - default default] 10.0.0.127 "GET /v2.0/floatingips?tags-any=red%2Cblue HTTP/1.1" status: 200 len: 1866 time: 0.0236471
2026-07-09 14:23:16.922 10 INFO neutron.db.ovn_revision_numbers_db [None req-82138bf3-ea83-4dda-a049-cc9d53426bac 33f9a3e25b45430db0803855f608f5c0 12b90e08d21d4eb8b27ee04b93e08b47 - - default default] Successfully bumped revision number for resource c1cd1709-b4b7-4383-a9d2-6505bd7334ea (type: subnets) to 0
2026-07-09 14:23:16.934 10 INFO neutron.api.wsgi [None req-82138bf3-ea83-4dda-a049-cc9d53426bac 33f9a3e25b45430db0803855f608f5c0 12b90e08d21d4eb8b27ee04b93e08b47 - - default default] 10.0.0.127 "POST /v2.0/subnets HTTP/1.1" status: 201 len: 928 time: 0.3831170
2026-07-09 14:23:16.942 10 WARNING neutron_lib.context [None req-d757e115-817f-4007-9fa4-c3dd9d1e5e68 33f9a3e25b45430db0803855f608f5c0 12b90e08d21d4eb8b27ee04b93e08b47 - - default default] Method 'is_advsvc' is deprecated since 2023.2 release (neutron-lib 3.8.0) and will be removed once support for the old RBAC API policies will be removed from Neutron. Please use method 'is_service_role' instead.
2026-07-09 14:23:16.958 9 INFO neutron.api.wsgi [None req-09cb84c5-9167-41ec-8bea-f5c5d31aa509 a065f930fda54b46861896eaeae91508 bca451a21c6646e49f17e6da346f6f86 - - default default] 10.0.0.127 "GET /v2.0/floatingips?not-tags=red HTTP/1.1" status: 200 len: 1295 time: 0.0419929
2026-07-09 14:23:17.001 9 INFO neutron.api.wsgi [None req-578e1596-4021-459c-93b1-70c2dbb95c3b a065f930fda54b46861896eaeae91508 bca451a21c6646e49f17e6da346f6f86 - - default default] 10.0.0.127 "GET /v2.0/floatingips?not-tags=red%2Cblue HTTP/1.1" status: 200 len: 1838 time: 0.0396769
2026-07-09 14:23:17.043 9 INFO neutron.api.wsgi [None req-414457c3-b5a5-4a1f-a72e-17633da919d6 a065f930fda54b46861896eaeae91508 bca451a21c6646e49f17e6da346f6f86 - - default default] 10.0.0.127 "GET /v2.0/floatingips?not-tags-any=blue HTTP/1.1" status: 200 len: 1838 time: 0.0366509
2026-07-09 14:23:17.069 9 INFO neutron.api.wsgi [None req-e2951916-1890-4198-ba6e-9c487121d7be a065f930fda54b46861896eaeae91508 bca451a21c6646e49f17e6da346f6f86 - - default default] 10.0.0.127 "GET /v2.0/floatingips?not-tags-any=red%2Cblue HTTP/1.1" status: 200 len: 1295 time: 0.0224338
2026-07-09 14:23:17.333 9 INFO neutron.api.wsgi [None req-4e9892e2-c556-45a5-b185-5d1f52cdd0cd a065f930fda54b46861896eaeae91508 bca451a21c6646e49f17e6da346f6f86 - - default default] 10.0.0.127 "DELETE /v2.0/floatingips/a94deef4-ee62-4cd0-8f21-1d82c4ea7ba5 HTTP/1.1" status: 204 len: 168 time: 0.2568550
2026-07-09 14:23:17.345 10 WARNING neutron.scheduler.dhcp_agent_scheduler [None req-d757e115-817f-4007-9fa4-c3dd9d1e5e68 33f9a3e25b45430db0803855f608f5c0 12b90e08d21d4eb8b27ee04b93e08b47 - - default default] No more DHCP agents
2026-07-09 14:23:17.353 10 WARNING neutron.api.rpc.agentnotifiers.dhcp_rpc_agent_api [None req-d757e115-817f-4007-9fa4-c3dd9d1e5e68 33f9a3e25b45430db0803855f608f5c0 12b90e08d21d4eb8b27ee04b93e08b47 - - default default] Unable to schedule network 0de78d7e-85fd-4e7f-94c1-c0c4916a3c0b: no agents available; will retry on subsequent port and subnet creation events.
2026-07-09 14:23:17.468 10 INFO neutron.db.ovn_revision_numbers_db [None req-d757e115-817f-4007-9fa4-c3dd9d1e5e68 33f9a3e25b45430db0803855f608f5c0 12b90e08d21d4eb8b27ee04b93e08b47 - - default default] Successfully bumped revision number for resource 60b32ea0-e5c9-442e-85c4-d9c26e4334a3 (type: ports) to 1
2026-07-09 14:23:17.582 9 INFO neutron.api.wsgi [None req-6ca274a2-dc12-4f9e-8dc2-3ba4379fb58e a065f930fda54b46861896eaeae91508 bca451a21c6646e49f17e6da346f6f86 - - default default] 10.0.0.127 "DELETE /v2.0/floatingips/ba039fdd-b7f6-438f-8f8d-5cd44efc8f48 HTTP/1.1" status: 204 len: 168 time: 0.2424302
2026-07-09 14:23:17.900 9 INFO neutron.api.wsgi [None req-8c4af552-ed73-4dc9-9b7c-a9e9d2ff5ed6 a065f930fda54b46861896eaeae91508 bca451a21c6646e49f17e6da346f6f86 - - default default] 10.0.0.127 "DELETE /v2.0/floatingips/6e517901-0908-4779-bc6d-7a5ef235390a HTTP/1.1" status: 204 len: 168 time: 0.3128719
2026-07-09 14:23:18.077 10 INFO neutron.plugins.ml2.drivers.ovn.mech_driver.ovsdb.commands [None req-8ad0638e-81af-4846-90f9-08379f09da2f - - - - - -] Schedule LRP lrp-60b32ea0-e5c9-442e-85c4-d9c26e4334a3 on gateway 9471688c-9f56-4fc5-a150-02e959409f35 with priority 1
2026-07-09 14:23:18.085 10 INFO neutron.plugins.ml2.drivers.ovn.mech_driver.mech_driver [None req-445af9a0-246e-4fcc-a6b2-cb9da721b725 - - - - - -] OVN reports status up for port: 60b32ea0-e5c9-442e-85c4-d9c26e4334a3
2026-07-09 14:23:18.106 10 INFO neutron.plugins.ml2.plugin [None req-445af9a0-246e-4fcc-a6b2-cb9da721b725 - - - - - -] Attempt 1 to provision port 60b32ea0-e5c9-442e-85c4-d9c26e4334a3
2026-07-09 14:23:18.108 10 INFO neutron.plugins.ml2.drivers.ovn.mech_driver.ovsdb.ovsdb_monitor [None req-334d7714-430d-466a-b33b-d500e9cd160c - - - - - -] Router 03deaf2e-d2ca-485c-8ca7-ea55739c15b7 is bound to host instance
2026-07-09 14:23:18.137 10 INFO neutron.db.ovn_revision_numbers_db [None req-d757e115-817f-4007-9fa4-c3dd9d1e5e68 33f9a3e25b45430db0803855f608f5c0 12b90e08d21d4eb8b27ee04b93e08b47 - - default default] Successfully bumped revision number for resource 60b32ea0-e5c9-442e-85c4-d9c26e4334a3 (type: router_ports) to 1
2026-07-09 14:23:18.251 10 INFO neutron.db.ovn_revision_numbers_db [None req-d757e115-817f-4007-9fa4-c3dd9d1e5e68 33f9a3e25b45430db0803855f608f5c0 12b90e08d21d4eb8b27ee04b93e08b47 - - default default] Successfully bumped revision number for resource 03deaf2e-d2ca-485c-8ca7-ea55739c15b7 (type: routers) to 2
2026-07-09 14:23:18.275 10 INFO neutron.api.wsgi [None req-d757e115-817f-4007-9fa4-c3dd9d1e5e68 33f9a3e25b45430db0803855f608f5c0 12b90e08d21d4eb8b27ee04b93e08b47 - - default default] 10.0.0.127 "POST /v2.0/routers HTTP/1.1" status: 201 len: 1144 time: 1.3359203
2026-07-09 14:23:18.304 10 INFO neutron.api.wsgi [None req-57014fa5-02c2-40b0-8de6-bb193528b6db a065f930fda54b46861896eaeae91508 bca451a21c6646e49f17e6da346f6f86 - - default default] 10.0.0.127 "DELETE /v2.0/floatingips/61d5b2a4-3339-4c75-8bae-b4f1932807cc HTTP/1.1" status: 204 len: 168 time: 0.3966837
2026-07-09 14:23:18.824 9 WARNING neutron.scheduler.dhcp_agent_scheduler [None req-c08185ab-810d-4446-8a05-f97898c36056 33f9a3e25b45430db0803855f608f5c0 12b90e08d21d4eb8b27ee04b93e08b47 - - default default] No more DHCP agents
2026-07-09 14:23:18.826 9 WARNING neutron.api.rpc.agentnotifiers.dhcp_rpc_agent_api [None req-c08185ab-810d-4446-8a05-f97898c36056 33f9a3e25b45430db0803855f608f5c0 12b90e08d21d4eb8b27ee04b93e08b47 - - default default] Unable to schedule network 03fa0225-b783-49ad-b485-dcf6b3fb7b36: no agents available; will retry on subsequent port and subnet creation events.
2026-07-09 14:23:18.961 9 INFO neutron.db.ovn_revision_numbers_db [None req-c08185ab-810d-4446-8a05-f97898c36056 33f9a3e25b45430db0803855f608f5c0 12b90e08d21d4eb8b27ee04b93e08b47 - - default default] Successfully bumped revision number for resource 2bcd1c7b-5428-4cfa-914b-d95fc0835b99 (type: ports) to 1
2026-07-09 14:23:18.996 10 INFO neutron.api.wsgi [None req-fbe51beb-0957-4d31-9f6f-1f1268eab963 a065f930fda54b46861896eaeae91508 bca451a21c6646e49f17e6da346f6f86 - - default default] 10.0.0.127 "DELETE /v2.0/floatingips/d4675586-074c-49eb-bee1-3904d0cb8408 HTTP/1.1" status: 204 len: 168 time: 0.6873088
2026-07-09 14:23:19.000 10 INFO neutron.db.ovn_revision_numbers_db [None req-2899eb89-bd12-419d-a05e-c0f1eacbecf8 - - - - - -] Successfully bumped revision number for resource 60b32ea0-e5c9-442e-85c4-d9c26e4334a3 (type: ports) to 1
2026-07-09 14:23:19.316 10 INFO neutron.db.ovn_revision_numbers_db [None req-2899eb89-bd12-419d-a05e-c0f1eacbecf8 - - - - - -] Successfully bumped revision number for resource 60b32ea0-e5c9-442e-85c4-d9c26e4334a3 (type: ports) to 4
2026-07-09 14:23:19.518 9 INFO neutron.db.ovn_revision_numbers_db [None req-c08185ab-810d-4446-8a05-f97898c36056 33f9a3e25b45430db0803855f608f5c0 12b90e08d21d4eb8b27ee04b93e08b47 - - default default] Successfully bumped revision number for resource 2bcd1c7b-5428-4cfa-914b-d95fc0835b99 (type: ports) to 1
2026-07-09 14:23:19.563 9 WARNING neutron.scheduler.dhcp_agent_scheduler [None req-c08185ab-810d-4446-8a05-f97898c36056 33f9a3e25b45430db0803855f608f5c0 12b90e08d21d4eb8b27ee04b93e08b47 - - default default] No more DHCP agents
2026-07-09 14:23:19.564 9 WARNING neutron.api.rpc.agentnotifiers.dhcp_rpc_agent_api [None req-c08185ab-810d-4446-8a05-f97898c36056 33f9a3e25b45430db0803855f608f5c0 12b90e08d21d4eb8b27ee04b93e08b47 - - default default] Unable to schedule network 03fa0225-b783-49ad-b485-dcf6b3fb7b36: no agents available; will retry on subsequent port and subnet creation events.
2026-07-09 14:23:19.607 10 INFO neutron.db.ovn_revision_numbers_db [None req-2899eb89-bd12-419d-a05e-c0f1eacbecf8 - - - - - -] Successfully bumped revision number for resource 60b32ea0-e5c9-442e-85c4-d9c26e4334a3 (type: ports) to 5
2026-07-09 14:23:19.889 9 INFO neutron.db.ovn_revision_numbers_db [None req-c08185ab-810d-4446-8a05-f97898c36056 33f9a3e25b45430db0803855f608f5c0 12b90e08d21d4eb8b27ee04b93e08b47 - - default default] Successfully bumped revision number for resource 2bcd1c7b-5428-4cfa-914b-d95fc0835b99 (type: router_ports) to 1
2026-07-09 14:23:19.894 9 INFO neutron.api.wsgi [None req-c08185ab-810d-4446-8a05-f97898c36056 33f9a3e25b45430db0803855f608f5c0 12b90e08d21d4eb8b27ee04b93e08b47 - - default default] 10.0.0.127 "PUT /v2.0/routers/03deaf2e-d2ca-485c-8ca7-ea55739c15b7/add_router_interface HTTP/1.1" status: 200 len: 503 time: 1.6126306
2026-07-09 14:23:20.079 10 INFO neutron.db.ovn_revision_numbers_db [None req-797ef5f9-e019-4b3c-b930-4205cc3d23cb c77361a9fe8e4cfbbd5fd79589d8ff23 ad7d2beab058472f90d9832e0a2a9e76 - - default default] Successfully bumped revision number for resource 2b5c4588-93cc-4a9e-abc9-0c87abae7396 (type: security_groups) to 1
2026-07-09 14:23:20.092 10 INFO neutron.db.ovn_revision_numbers_db [None req-797ef5f9-e019-4b3c-b930-4205cc3d23cb c77361a9fe8e4cfbbd5fd79589d8ff23 ad7d2beab058472f90d9832e0a2a9e76 - - default default] Successfully bumped revision number for resource 372fecd5-dff0-4eb0-9d2c-1574cfc73db2 (type: security_group_rules) to 0
2026-07-09 14:23:20.105 10 INFO neutron.db.ovn_revision_numbers_db [None req-797ef5f9-e019-4b3c-b930-4205cc3d23cb c77361a9fe8e4cfbbd5fd79589d8ff23 ad7d2beab058472f90d9832e0a2a9e76 - - default default] Successfully bumped revision number for resource 4f0e69c2-75cf-4c41-beeb-52095c4a7b4e (type: security_group_rules) to 0
2026-07-09 14:23:20.116 10 INFO neutron.db.ovn_revision_numbers_db [None req-797ef5f9-e019-4b3c-b930-4205cc3d23cb c77361a9fe8e4cfbbd5fd79589d8ff23 ad7d2beab058472f90d9832e0a2a9e76 - - default default] Successfully bumped revision number for resource 5e196fa9-851c-4cf1-a991-f045833d7d1f (type: security_group_rules) to 0
2026-07-09 14:23:20.130 10 INFO neutron.db.ovn_revision_numbers_db [None req-797ef5f9-e019-4b3c-b930-4205cc3d23cb c77361a9fe8e4cfbbd5fd79589d8ff23 ad7d2beab058472f90d9832e0a2a9e76 - - default default] Successfully bumped revision number for resource 6186a44b-1b1a-4449-b54a-d3e406bd4c64 (type: security_group_rules) to 0
2026-07-09 14:23:20.158 10 INFO neutron.api.wsgi [None req-797ef5f9-e019-4b3c-b930-4205cc3d23cb c77361a9fe8e4cfbbd5fd79589d8ff23 ad7d2beab058472f90d9832e0a2a9e76 - - default default] 10.0.0.127 "GET /v2.0/security-groups?tenant_id=fc394713fa2846b6af55befc24c4b030&name=default HTTP/1.1" status: 200 len: 3124 time: 0.3693931
2026-07-09 14:23:20.352 10 INFO neutron.api.wsgi [None req-7874f95a-85e3-431b-a02a-da0bc6c5b8ce c77361a9fe8e4cfbbd5fd79589d8ff23 ad7d2beab058472f90d9832e0a2a9e76 - - default default] 10.0.0.127 "DELETE /v2.0/security-groups/2b5c4588-93cc-4a9e-abc9-0c87abae7396 HTTP/1.1" status: 204 len: 168 time: 0.1906145
2026-07-09 14:23:20.407 9 WARNING neutron.scheduler.dhcp_agent_scheduler [None req-a2c9b487-243a-401b-a1ba-6782d4b476c5 33f9a3e25b45430db0803855f608f5c0 12b90e08d21d4eb8b27ee04b93e08b47 - - default default] No more DHCP agents
2026-07-09 14:23:20.409 9 WARNING neutron.api.rpc.agentnotifiers.dhcp_rpc_agent_api [None req-a2c9b487-243a-401b-a1ba-6782d4b476c5 33f9a3e25b45430db0803855f608f5c0 12b90e08d21d4eb8b27ee04b93e08b47 - - default default] Unable to schedule network 6e0be040-5e37-4bc1-a795-81bec2f94562: no agents available; will retry on subsequent port and subnet creation events.
2026-07-09 14:23:20.424 10 INFO neutron.plugins.ml2.drivers.ovn.mech_driver.mech_driver [None req-445af9a0-246e-4fcc-a6b2-cb9da721b725 - - - - - -] OVN reports status up for port: 2bcd1c7b-5428-4cfa-914b-d95fc0835b99
