2026-07-09 14:21:06.143 10 INFO neutron.services.segments.plugin [-] Segment ac2400cd-29f7-4f95-a6a5-5a0c3508a027 resource provider not found; error: Placement Client Error (4xx): {"errors": [{"status": 404, "title": "Not Found", "detail": "The resource could not be found.\n\n No resource provider with uuid ac2400cd-29f7-4f95-a6a5-5a0c3508a027 found for delete ", "request_id": "req-f18a83fc-a6ca-42b5-809a-64d6ea195c5f"}]}
2026-07-09 14:21:06.150 9 WARNING neutron.scheduler.dhcp_agent_scheduler [None req-77f9a1b6-d23c-464e-a571-0a2a98f40d3c ffe34f0331004587a148ff05aaa4d64d 2131299c54d74b079dde0117136f3f3b - - default default] No more DHCP agents
2026-07-09 14:21:06.154 9 WARNING neutron.api.rpc.agentnotifiers.dhcp_rpc_agent_api [None req-77f9a1b6-d23c-464e-a571-0a2a98f40d3c ffe34f0331004587a148ff05aaa4d64d 2131299c54d74b079dde0117136f3f3b - - default default] Unable to schedule network 28e8c1e1-9c5e-4850-8194-b89a61c7b48c: no agents available; will retry on subsequent port and subnet creation events.
2026-07-09 14:21:06.162 9 INFO neutron.db.ovn_revision_numbers_db [None req-6a53a2cf-734e-467f-b6ee-1c211005c089 76f09fb2696946cfbf4cae49b4076247 d9af0744d2c54be7bfdea603d8f5d250 - - default default] Successfully bumped revision number for resource 6c6eed51-9e28-410b-9e6e-32d61d682acc (type: ports) to 1
2026-07-09 14:21:06.167 10 INFO neutron.api.wsgi [None req-ae32cb7a-fadb-433d-a6bf-1dac45367808 c77361a9fe8e4cfbbd5fd79589d8ff23 ad7d2beab058472f90d9832e0a2a9e76 - - default default] 10.0.0.127 "DELETE /v2.0/networks/0720440e-de5d-4ba0-ac8e-951cc6d34cfd HTTP/1.1" status: 204 len: 168 time: 0.3917468
2026-07-09 14:21:06.193 9 INFO neutron.api.wsgi [None req-6a53a2cf-734e-467f-b6ee-1c211005c089 76f09fb2696946cfbf4cae49b4076247 d9af0744d2c54be7bfdea603d8f5d250 - - default default] 10.0.0.127 "POST /v2.0/ports HTTP/1.1" status: 201 len: 1126 time: 0.4155676 /var/lib/openstack/lib/python3.12/site-packages/pycadf/identifier.py:71: UserWarning: Invalid uuid: neutron. To ensure interoperability, identifiers should be a valid uuid. warnings.warn(('Invalid uuid: %s. To ensure interoperability, '
2026-07-09 14:21:06.261 9 INFO neutron.db.ovn_revision_numbers_db [None req-77f9a1b6-d23c-464e-a571-0a2a98f40d3c ffe34f0331004587a148ff05aaa4d64d 2131299c54d74b079dde0117136f3f3b - - default default] Successfully bumped revision number for resource 94625813-5a09-430b-a328-834ab443f81b (type: ports) to 1
2026-07-09 14:21:06.287 9 INFO neutron.api.wsgi [None req-77f9a1b6-d23c-464e-a571-0a2a98f40d3c ffe34f0331004587a148ff05aaa4d64d 2131299c54d74b079dde0117136f3f3b - - default default] 10.0.0.127 "POST /v2.0/ports HTTP/1.1" status: 201 len: 973 time: 0.3935251
2026-07-09 14:21:06.307 10 WARNING neutron_lib.context [None req-d06f6c7b-e9c5-478d-bdca-0d541f7568eb ffe34f0331004587a148ff05aaa4d64d 2131299c54d74b079dde0117136f3f3b - - default default] Method 'is_advsvc' is deprecated since 2023.2 release (neutron-lib 3.8.0) and will be removed once support for the old RBAC API policies will be removed from Neutron. Please use method 'is_service_role' instead.
2026-07-09 14:21:06.337 10 INFO neutron.api.wsgi [None req-e5d1830a-3ae8-47e6-b71b-2c6734fd5ed2 a4e8765bc5b543c8b69e198f724a851c 85aa545cccf04324848938668872f96e - - default default] 10.0.0.127 "DELETE /v2.0/networks/63230fe3-c4ae-4a23-9eab-38e0958c50a8 HTTP/1.1" status: 204 len: 168 time: 0.3584964
2026-07-09 14:21:06.345 10 WARNING neutron_lib.context [None req-55f50dbd-84cb-486e-8153-9818cb0eff83 a4e8765bc5b543c8b69e198f724a851c 85aa545cccf04324848938668872f96e - - default default] Method 'is_advsvc' is deprecated since 2023.2 release (neutron-lib 3.8.0) and will be removed once support for the old RBAC API policies will be removed from Neutron. Please use method 'is_service_role' instead.
2026-07-09 14:21:06.395 10 INFO neutron.db.segments_db [None req-d06f6c7b-e9c5-478d-bdca-0d541f7568eb ffe34f0331004587a148ff05aaa4d64d 2131299c54d74b079dde0117136f3f3b - - default default] Added segment b3b7488c-d1c5-4af2-b0f8-ebc05689fe59 of type geneve for network 64fa64a3-151d-49a1-91fe-6fbe40298586
2026-07-09 14:21:06.415 10 INFO neutron.db.segments_db [None req-55f50dbd-84cb-486e-8153-9818cb0eff83 a4e8765bc5b543c8b69e198f724a851c 85aa545cccf04324848938668872f96e - - default default] Added segment c5b98d4a-bba4-46f7-97e6-e19ef85e17b3 of type geneve for network fb46981c-adb7-41a3-acc5-168f0bfd906a
2026-07-09 14:21:06.468 9 INFO neutron.api.wsgi [None req-e2cdfd19-1356-4ce7-b51e-73b3b13d18dd c77361a9fe8e4cfbbd5fd79589d8ff23 ad7d2beab058472f90d9832e0a2a9e76 - - default default] 10.0.0.127 "GET /v2.0/security-groups?tenant_id=8e0c2bdf065749a18cb41066c7aa6650&name=default HTTP/1.1" status: 200 len: 3120 time: 0.0380707
2026-07-09 14:21:06.515 10 INFO neutron.db.ovn_revision_numbers_db [None req-d06f6c7b-e9c5-478d-bdca-0d541f7568eb ffe34f0331004587a148ff05aaa4d64d 2131299c54d74b079dde0117136f3f3b - - default default] Successfully bumped revision number for resource 64fa64a3-151d-49a1-91fe-6fbe40298586 (type: networks) to 1
2026-07-09 14:21:06.520 9 INFO neutron.api.wsgi [None req-2f746b1c-355e-4292-a34d-6ae77476820e 76f09fb2696946cfbf4cae49b4076247 d9af0744d2c54be7bfdea603d8f5d250 - - default default] 10.0.0.127 "DELETE /v2.0/ports/6c6eed51-9e28-410b-9e6e-32d61d682acc HTTP/1.1" status: 204 len: 168 time: 0.3209815
2026-07-09 14:21:06.539 10 INFO neutron.pecan_wsgi.hooks.translation [None req-5aa46c48-fc2e-4af6-b16e-1dbe62521040 76f09fb2696946cfbf4cae49b4076247 d9af0744d2c54be7bfdea603d8f5d250 - - default default] GET failed (client error): The resource could not be found.
2026-07-09 14:21:06.540 10 INFO neutron.api.wsgi [None req-5aa46c48-fc2e-4af6-b16e-1dbe62521040 76f09fb2696946cfbf4cae49b4076247 d9af0744d2c54be7bfdea603d8f5d250 - - default default] 10.0.0.127 "GET /v2.0/ports/6c6eed51-9e28-410b-9e6e-32d61d682acc HTTP/1.1" status: 404 len: 333 time: 0.0158515
2026-07-09 14:21:06.546 10 INFO neutron.db.ovn_revision_numbers_db [None req-55f50dbd-84cb-486e-8153-9818cb0eff83 a4e8765bc5b543c8b69e198f724a851c 85aa545cccf04324848938668872f96e - - default default] Successfully bumped revision number for resource fb46981c-adb7-41a3-acc5-168f0bfd906a (type: networks) to 1
2026-07-09 14:21:06.695 9 INFO neutron.api.wsgi [None req-451ee97a-14c6-4737-a5f4-e6e9fced4deb c77361a9fe8e4cfbbd5fd79589d8ff23 ad7d2beab058472f90d9832e0a2a9e76 - - default default] 10.0.0.127 "DELETE /v2.0/security-groups/256d7d55-f00b-4bc0-bd5f-c6004d12cbae HTTP/1.1" status: 204 len: 168 time: 0.2229750
2026-07-09 14:21:06.736 10 WARNING neutron.scheduler.dhcp_agent_scheduler [None req-d06f6c7b-e9c5-478d-bdca-0d541f7568eb ffe34f0331004587a148ff05aaa4d64d 2131299c54d74b079dde0117136f3f3b - - default default] No more DHCP agents
2026-07-09 14:21:06.739 10 WARNING neutron.api.rpc.agentnotifiers.dhcp_rpc_agent_api [None req-d06f6c7b-e9c5-478d-bdca-0d541f7568eb ffe34f0331004587a148ff05aaa4d64d 2131299c54d74b079dde0117136f3f3b - - default default] Unable to schedule network 64fa64a3-151d-49a1-91fe-6fbe40298586: no agents available; will retry on subsequent port and subnet creation events.
2026-07-09 14:21:06.753 10 INFO neutron.api.wsgi [None req-b08d1b03-ad4e-4d47-ae67-e0d5953bd1fe 76f09fb2696946cfbf4cae49b4076247 d9af0744d2c54be7bfdea603d8f5d250 - - default default] 10.0.0.127 "DELETE /v2.0/subnets/1b036a9a-1a15-4f65-bf4a-3d52887e74c3 HTTP/1.1" status: 204 len: 168 time: 0.2085936
2026-07-09 14:21:06.766 10 WARNING neutron.scheduler.dhcp_agent_scheduler [None req-55f50dbd-84cb-486e-8153-9818cb0eff83 a4e8765bc5b543c8b69e198f724a851c 85aa545cccf04324848938668872f96e - - default default] No more DHCP agents
2026-07-09 14:21:06.768 10 WARNING neutron.api.rpc.agentnotifiers.dhcp_rpc_agent_api [None req-55f50dbd-84cb-486e-8153-9818cb0eff83 a4e8765bc5b543c8b69e198f724a851c 85aa545cccf04324848938668872f96e - - default default] Unable to schedule network fb46981c-adb7-41a3-acc5-168f0bfd906a: no agents available; will retry on subsequent port and subnet creation events.
2026-07-09 14:21:06.819 10 INFO neutron.db.ovn_revision_numbers_db [None req-d06f6c7b-e9c5-478d-bdca-0d541f7568eb ffe34f0331004587a148ff05aaa4d64d 2131299c54d74b079dde0117136f3f3b - - default default] Successfully bumped revision number for resource 94a9d10d-ea60-4845-b2e6-25fd351ad992 (type: ports) to 1
2026-07-09 14:21:06.839 10 INFO neutron.api.wsgi [None req-d06f6c7b-e9c5-478d-bdca-0d541f7568eb ffe34f0331004587a148ff05aaa4d64d 2131299c54d74b079dde0117136f3f3b - - default default] 10.0.0.127 "POST /v2.0/networks HTTP/1.1" status: 201 len: 830 time: 0.5369101
2026-07-09 14:21:06.840 10 INFO neutron.db.ovn_revision_numbers_db [None req-55f50dbd-84cb-486e-8153-9818cb0eff83 a4e8765bc5b543c8b69e198f724a851c 85aa545cccf04324848938668872f96e - - default default] Successfully bumped revision number for resource 1455b38f-2060-4c6e-97af-ed69fe41019a (type: ports) to 1
2026-07-09 14:21:06.850 9 WARNING neutron_lib.context [None req-1703ccae-ad72-41cd-8bb4-615c72a4168e ffe34f0331004587a148ff05aaa4d64d 2131299c54d74b079dde0117136f3f3b - - default default] Method 'is_advsvc' is deprecated since 2023.2 release (neutron-lib 3.8.0) and will be removed once support for the old RBAC API policies will be removed from Neutron. Please use method 'is_service_role' instead.
2026-07-09 14:21:06.857 10 INFO neutron.api.wsgi [None req-55f50dbd-84cb-486e-8153-9818cb0eff83 a4e8765bc5b543c8b69e198f724a851c 85aa545cccf04324848938668872f96e - - default default] 10.0.0.127 "POST /v2.0/networks HTTP/1.1" status: 201 len: 829 time: 0.5145280
2026-07-09 14:21:06.866 10 WARNING neutron_lib.context [None req-f84d39b8-d08d-4638-ad18-6caa1ef8dcf0 a4e8765bc5b543c8b69e198f724a851c 85aa545cccf04324848938668872f96e - - default default] Method 'is_advsvc' is deprecated since 2023.2 release (neutron-lib 3.8.0) and will be removed once support for the old RBAC API policies will be removed from Neutron. Please use method 'is_service_role' instead.
2026-07-09 14:21:07.014 9 WARNING neutron.scheduler.dhcp_agent_scheduler [None req-1703ccae-ad72-41cd-8bb4-615c72a4168e ffe34f0331004587a148ff05aaa4d64d 2131299c54d74b079dde0117136f3f3b - - default default] No more DHCP agents
2026-07-09 14:21:07.015 9 WARNING neutron.api.rpc.agentnotifiers.dhcp_rpc_agent_api [None req-1703ccae-ad72-41cd-8bb4-615c72a4168e ffe34f0331004587a148ff05aaa4d64d 2131299c54d74b079dde0117136f3f3b - - default default] Unable to schedule network 64fa64a3-151d-49a1-91fe-6fbe40298586: no agents available; will retry on subsequent port and subnet creation events.
2026-07-09 14:21:07.015 10 WARNING neutron.scheduler.dhcp_agent_scheduler [None req-f84d39b8-d08d-4638-ad18-6caa1ef8dcf0 a4e8765bc5b543c8b69e198f724a851c 85aa545cccf04324848938668872f96e - - default default] No more DHCP agents
2026-07-09 14:21:07.016 10 WARNING neutron.api.rpc.agentnotifiers.dhcp_rpc_agent_api [None req-f84d39b8-d08d-4638-ad18-6caa1ef8dcf0 a4e8765bc5b543c8b69e198f724a851c 85aa545cccf04324848938668872f96e - - default default] Unable to schedule network fb46981c-adb7-41a3-acc5-168f0bfd906a: no agents available; will retry on subsequent port and subnet creation events.
2026-07-09 14:21:07.129 9 INFO neutron.api.wsgi [None req-e095519b-58e2-4061-aa21-0d634e510b37 76f09fb2696946cfbf4cae49b4076247 d9af0744d2c54be7bfdea603d8f5d250 - - default default] 10.0.0.127 "DELETE /v2.0/networks/a420b930-3bb6-485a-9f4f-214839ce9600 HTTP/1.1" status: 204 len: 168 time: 0.3712382
2026-07-09 14:21:07.139 9 WARNING neutron_lib.context [None req-09371188-0cac-401f-b4e9-706e795eb1f7 76f09fb2696946cfbf4cae49b4076247 d9af0744d2c54be7bfdea603d8f5d250 - - default default] Method 'is_advsvc' is deprecated since 2023.2 release (neutron-lib 3.8.0) and will be removed once support for the old RBAC API policies will be removed from Neutron. Please use method 'is_service_role' instead.
2026-07-09 14:21:07.177 9 INFO neutron.services.segments.plugin [-] Segment 142b54f0-d579-49db-9a3f-0e9da34662b7 resource provider aggregate not found
2026-07-09 14:21:07.182 9 INFO neutron.services.segments.plugin [-] Segment 142b54f0-d579-49db-9a3f-0e9da34662b7 resource provider aggregate not found
2026-07-09 14:21:07.192 9 INFO neutron.services.segments.plugin [-] Segment 142b54f0-d579-49db-9a3f-0e9da34662b7 resource provider not found; error: Placement Client Error (4xx): {"errors": [{"status": 404, "title": "Not Found", "detail": "The resource could not be found.\n\n No resource provider with uuid 142b54f0-d579-49db-9a3f-0e9da34662b7 found for delete ", "request_id": "req-0e395ad2-5a5b-4c0e-a904-3e674db3b0cf"}]}
2026-07-09 14:21:07.192 9 INFO neutron.services.segments.plugin [-] Segment 142b54f0-d579-49db-9a3f-0e9da34662b7 resource provider not found; error: Placement Client Error (4xx): {"errors": [{"status": 404, "title": "Not Found", "detail": "The resource could not be found.\n\n No resource provider with uuid 142b54f0-d579-49db-9a3f-0e9da34662b7 found for delete ", "request_id": "req-c219f786-9df5-4072-9728-d6d9c44caf24"}]}
2026-07-09 14:21:07.384 9 WARNING neutron.scheduler.dhcp_agent_scheduler [None req-09371188-0cac-401f-b4e9-706e795eb1f7 76f09fb2696946cfbf4cae49b4076247 d9af0744d2c54be7bfdea603d8f5d250 - - default default] No more DHCP agents
2026-07-09 14:21:07.389 9 WARNING neutron.api.rpc.agentnotifiers.dhcp_rpc_agent_api [None req-09371188-0cac-401f-b4e9-706e795eb1f7 76f09fb2696946cfbf4cae49b4076247 d9af0744d2c54be7bfdea603d8f5d250 - - default default] Unable to schedule network 9e2df1e8-e026-41b0-ab6f-ddf3d6d1e7c0: no agents available; will retry on subsequent port and subnet creation events.
2026-07-09 14:21:07.402 10 INFO neutron.db.ovn_revision_numbers_db [None req-e00f9fb0-bd79-49bf-bfa3-451e92b90c54 - - - - - -] Successfully bumped revision number for resource 1455b38f-2060-4c6e-97af-ed69fe41019a (type: ports) to 2
2026-07-09 14:21:07.430 10 INFO neutron.db.ovn_revision_numbers_db [None req-e00f9fb0-bd79-49bf-bfa3-451e92b90c54 - - - - - -] Successfully bumped revision number for resource d5e8f4ca-16ff-4442-a5c0-111b4f153579 (type: subnets) to 0
2026-07-09 14:21:07.443 10 INFO neutron.api.wsgi [None req-f84d39b8-d08d-4638-ad18-6caa1ef8dcf0 a4e8765bc5b543c8b69e198f724a851c 85aa545cccf04324848938668872f96e - - default default] 10.0.0.127 "POST /v2.0/subnets HTTP/1.1" status: 201 len: 825 time: 0.5811362
2026-07-09 14:21:07.452 10 WARNING neutron_lib.context [None req-d9300668-c688-4eb0-ba26-ba5d9dd2c0f5 a4e8765bc5b543c8b69e198f724a851c 85aa545cccf04324848938668872f96e - - default default] Method 'is_advsvc' is deprecated since 2023.2 release (neutron-lib 3.8.0) and will be removed once support for the old RBAC API policies will be removed from Neutron. Please use method 'is_service_role' instead.
2026-07-09 14:21:07.453 9 INFO neutron.db.ovn_revision_numbers_db [None req-09371188-0cac-401f-b4e9-706e795eb1f7 76f09fb2696946cfbf4cae49b4076247 d9af0744d2c54be7bfdea603d8f5d250 - - default default] Successfully bumped revision number for resource cfce67c6-e24c-4fa6-a5c8-54806ec5b604 (type: ports) to 1
2026-07-09 14:21:07.475 9 INFO neutron.api.wsgi [None req-09371188-0cac-401f-b4e9-706e795eb1f7 76f09fb2696946cfbf4cae49b4076247 d9af0744d2c54be7bfdea603d8f5d250 - - default default] 10.0.0.127 "POST /v2.0/ports HTTP/1.1" status: 201 len: 977 time: 0.3391097 /var/lib/openstack/lib/python3.12/site-packages/pycadf/identifier.py:71: UserWarning: Invalid uuid: neutron. To ensure interoperability, identifiers should be a valid uuid. warnings.warn(('Invalid uuid: %s. To ensure interoperability, '
2026-07-09 14:21:07.486 9 INFO neutron.db.ovn_revision_numbers_db [None req-460602fc-aa55-4b26-beba-9207171f4faa - - - - - -] Successfully bumped revision number for resource 94a9d10d-ea60-4845-b2e6-25fd351ad992 (type: ports) to 2
2026-07-09 14:21:07.522 9 INFO neutron.db.ovn_revision_numbers_db [None req-460602fc-aa55-4b26-beba-9207171f4faa - - - - - -] Successfully bumped revision number for resource 3da6a45e-4eba-46dc-8699-8c1b23948671 (type: subnets) to 0
2026-07-09 14:21:07.536 9 INFO neutron.api.wsgi [None req-1703ccae-ad72-41cd-8bb4-615c72a4168e ffe34f0331004587a148ff05aaa4d64d 2131299c54d74b079dde0117136f3f3b - - default default] 10.0.0.127 "POST /v2.0/subnets HTTP/1.1" status: 201 len: 825 time: 0.6904449
2026-07-09 14:21:07.537 10 INFO neutron.db.ovn_revision_numbers_db [None req-d9300668-c688-4eb0-ba26-ba5d9dd2c0f5 a4e8765bc5b543c8b69e198f724a851c 85aa545cccf04324848938668872f96e - - default default] Successfully bumped revision number for resource 1459a4c3-1a70-4713-a54e-24e145862713 (type: routers) to 1
2026-07-09 14:21:07.544 10 WARNING neutron_lib.context [None req-d34db62f-9272-4234-85d2-e064661895e2 ffe34f0331004587a148ff05aaa4d64d 2131299c54d74b079dde0117136f3f3b - - default default] Method 'is_advsvc' is deprecated since 2023.2 release (neutron-lib 3.8.0) and will be removed once support for the old RBAC API policies will be removed from Neutron. Please use method 'is_service_role' instead.
2026-07-09 14:21:07.559 10 INFO neutron.api.wsgi [None req-d9300668-c688-4eb0-ba26-ba5d9dd2c0f5 a4e8765bc5b543c8b69e198f724a851c 85aa545cccf04324848938668872f96e - - default default] 10.0.0.127 "POST /v2.0/routers HTTP/1.1" status: 201 len: 802 time: 0.1108687
2026-07-09 14:21:07.712 9 INFO neutron.db.ovn_revision_numbers_db [None req-70affe87-c2c2-4a47-a79c-b67f289d034f 76f09fb2696946cfbf4cae49b4076247 d9af0744d2c54be7bfdea603d8f5d250 - - default default] Successfully bumped revision number for resource cfce67c6-e24c-4fa6-a5c8-54806ec5b604 (type: ports) to 2
2026-07-09 14:21:07.722 9 INFO neutron.api.wsgi [None req-70affe87-c2c2-4a47-a79c-b67f289d034f 76f09fb2696946cfbf4cae49b4076247 d9af0744d2c54be7bfdea603d8f5d250 - - default default] 10.0.0.127 "PUT /v2.0/ports/cfce67c6-e24c-4fa6-a5c8-54806ec5b604 HTTP/1.1" status: 200 len: 946 time: 0.2425542
2026-07-09 14:21:08.034 10 WARNING neutron.scheduler.dhcp_agent_scheduler [None req-c1d25c08-373b-4a1b-a7a9-e729c9bf8a83 a4e8765bc5b543c8b69e198f724a851c 85aa545cccf04324848938668872f96e - - default default] No more DHCP agents
2026-07-09 14:21:08.037 10 WARNING neutron.api.rpc.agentnotifiers.dhcp_rpc_agent_api [None req-c1d25c08-373b-4a1b-a7a9-e729c9bf8a83 a4e8765bc5b543c8b69e198f724a851c 85aa545cccf04324848938668872f96e - - default default] Unable to schedule network fb46981c-adb7-41a3-acc5-168f0bfd906a: no agents available; will retry on subsequent port and subnet creation events.
2026-07-09 14:21:08.039 10 WARNING neutron.scheduler.dhcp_agent_scheduler [None req-d34db62f-9272-4234-85d2-e064661895e2 ffe34f0331004587a148ff05aaa4d64d 2131299c54d74b079dde0117136f3f3b - - default default] No more DHCP agents
2026-07-09 14:21:08.046 10 WARNING neutron.api.rpc.agentnotifiers.dhcp_rpc_agent_api [None req-d34db62f-9272-4234-85d2-e064661895e2 ffe34f0331004587a148ff05aaa4d64d 2131299c54d74b079dde0117136f3f3b - - default default] Unable to schedule network 64fa64a3-151d-49a1-91fe-6fbe40298586: no agents available; will retry on subsequent port and subnet creation events.
2026-07-09 14:21:08.101 10 INFO neutron.api.wsgi [None req-509d04ab-5b34-4ad0-8fc8-29ef1c7497a4 76f09fb2696946cfbf4cae49b4076247 d9af0744d2c54be7bfdea603d8f5d250 - - default default] 10.0.0.127 "DELETE /v2.0/ports/cfce67c6-e24c-4fa6-a5c8-54806ec5b604 HTTP/1.1" status: 204 len: 168 time: 0.3740640 /var/lib/openstack/lib/python3.12/site-packages/pycadf/identifier.py:71: UserWarning: Invalid uuid: neutron. To ensure interoperability, identifiers should be a valid uuid. warnings.warn(('Invalid uuid: %s. To ensure interoperability, '
2026-07-09 14:21:08.165 10 INFO neutron.services.segments.plugin [-] Segment 914ed687-d9e1-4dcc-a1c3-e13974f53d82 resource provider aggregate not found
2026-07-09 14:21:08.168 10 INFO neutron.services.segments.plugin [-] Segment 914ed687-d9e1-4dcc-a1c3-e13974f53d82 resource provider aggregate not found
2026-07-09 14:21:08.181 9 INFO neutron.api.wsgi [None req-558d7a21-65d8-4451-9492-61dbc82f0b32 76f09fb2696946cfbf4cae49b4076247 d9af0744d2c54be7bfdea603d8f5d250 - - default default] 10.0.0.127 "GET /v2.0/ports HTTP/1.1" status: 200 len: 1732 time: 0.0644970
2026-07-09 14:21:08.183 10 INFO neutron.services.segments.plugin [-] Segment 914ed687-d9e1-4dcc-a1c3-e13974f53d82 resource provider not found; error: Placement Client Error (4xx): {"errors": [{"status": 404, "title": "Not Found", "detail": "The resource could not be found.\n\n No resource provider with uuid 914ed687-d9e1-4dcc-a1c3-e13974f53d82 found for delete ", "request_id": "req-a126b420-eabb-4496-8828-1f0e90195423"}]}
2026-07-09 14:21:08.185 10 INFO neutron.services.segments.plugin [-] Segment 914ed687-d9e1-4dcc-a1c3-e13974f53d82 resource provider not found; error: Placement Client Error (4xx): {"errors": [{"status": 404, "title": "Not Found", "detail": "The resource could not be found.\n\n No resource provider with uuid 914ed687-d9e1-4dcc-a1c3-e13974f53d82 found for delete ", "request_id": "req-a18f01ba-0f97-4ea3-830a-ea243a4a7020"}]}
2026-07-09 14:21:08.197 9 INFO neutron.pecan_wsgi.hooks.translation [None req-8dfb6096-c9bf-411c-b164-50d2035e4964 76f09fb2696946cfbf4cae49b4076247 d9af0744d2c54be7bfdea603d8f5d250 - - default default] GET failed (client error): The resource could not be found.
2026-07-09 14:21:08.198 9 INFO neutron.api.wsgi [None req-8dfb6096-c9bf-411c-b164-50d2035e4964 76f09fb2696946cfbf4cae49b4076247 d9af0744d2c54be7bfdea603d8f5d250 - - default default] 10.0.0.127 "GET /v2.0/ports/cfce67c6-e24c-4fa6-a5c8-54806ec5b604 HTTP/1.1" status: 404 len: 333 time: 0.0155506
2026-07-09 14:21:08.204 10 INFO neutron.db.ovn_revision_numbers_db [None req-c1d25c08-373b-4a1b-a7a9-e729c9bf8a83 a4e8765bc5b543c8b69e198f724a851c 85aa545cccf04324848938668872f96e - - default default] Successfully bumped revision number for resource e75ab945-6309-43b4-ac5c-cd6ccb8a9d06 (type: ports) to 1
2026-07-09 14:21:08.225 10 INFO neutron.db.ovn_revision_numbers_db [None req-d34db62f-9272-4234-85d2-e064661895e2 ffe34f0331004587a148ff05aaa4d64d 2131299c54d74b079dde0117136f3f3b - - default default] Successfully bumped revision number for resource 8d53f1b3-313c-49db-91a0-95e4419f8fa8 (type: ports) to 1
2026-07-09 14:21:08.236 9 INFO neutron.api.wsgi [None req-56de9071-a629-4477-b2d7-2c6f5f633d11 76f09fb2696946cfbf4cae49b4076247 d9af0744d2c54be7bfdea603d8f5d250 - - default default] 10.0.0.127 "GET /v2.0/ports HTTP/1.1" status: 200 len: 1732 time: 0.0305309 /var/lib/openstack/lib/python3.12/site-packages/pycadf/identifier.py:71: UserWarning: Invalid uuid: neutron. To ensure interoperability, identifiers should be a valid uuid. warnings.warn(('Invalid uuid: %s. To ensure interoperability, '
2026-07-09 14:21:08.254 10 INFO neutron.api.wsgi [None req-d34db62f-9272-4234-85d2-e064661895e2 ffe34f0331004587a148ff05aaa4d64d 2131299c54d74b079dde0117136f3f3b - - default default] 10.0.0.127 "POST /v2.0/ports HTTP/1.1" status: 201 len: 1152 time: 0.7137768
2026-07-09 14:21:08.278 10 INFO neutron.api.wsgi [None req-6c9aed5b-3b9f-467c-a2b2-36bc6fc8c2cb 76f09fb2696946cfbf4cae49b4076247 d9af0744d2c54be7bfdea603d8f5d250 - - default default] 10.0.0.127 "GET /v2.0/ports/5f268c10-5a7d-40a0-858b-bbf51f2b8a2d HTTP/1.1" status: 200 len: 972 time: 0.0339537
2026-07-09 14:21:08.305 9 INFO neutron.pecan_wsgi.hooks.translation [None req-66a9a5ed-ffe8-45b0-900e-26a2deb01bfd 76f09fb2696946cfbf4cae49b4076247 d9af0744d2c54be7bfdea603d8f5d250 - - default default] DELETE failed (client error): The resource could not be found.
2026-07-09 14:21:08.307 9 INFO neutron.api.wsgi [None req-66a9a5ed-ffe8-45b0-900e-26a2deb01bfd 76f09fb2696946cfbf4cae49b4076247 d9af0744d2c54be7bfdea603d8f5d250 - - default default] 10.0.0.127 "DELETE /v2.0/ports/6c6eed51-9e28-410b-9e6e-32d61d682acc HTTP/1.1" status: 404 len: 333 time: 0.0176470
2026-07-09 14:21:08.327 10 INFO neutron.pecan_wsgi.hooks.translation [None req-b92762ed-a593-4952-8cba-9b06d63f1f78 76f09fb2696946cfbf4cae49b4076247 d9af0744d2c54be7bfdea603d8f5d250 - - default default] DELETE failed (client error): The resource could not be found.
2026-07-09 14:21:08.330 10 INFO neutron.api.wsgi [None req-b92762ed-a593-4952-8cba-9b06d63f1f78 76f09fb2696946cfbf4cae49b4076247 d9af0744d2c54be7bfdea603d8f5d250 - - default default] 10.0.0.127 "DELETE /v2.0/subnets/1b036a9a-1a15-4f65-bf4a-3d52887e74c3 HTTP/1.1" status: 404 len: 337 time: 0.0198164
2026-07-09 14:21:08.350 10 INFO neutron.pecan_wsgi.hooks.translation [None req-806a9cf5-1d9b-48c2-bc8c-b307174138b8 76f09fb2696946cfbf4cae49b4076247 d9af0744d2c54be7bfdea603d8f5d250 - - default default] DELETE failed (client error): The resource could not be found.
2026-07-09 14:21:08.354 10 INFO neutron.api.wsgi [None req-806a9cf5-1d9b-48c2-bc8c-b307174138b8 76f09fb2696946cfbf4cae49b4076247 d9af0744d2c54be7bfdea603d8f5d250 - - default default] 10.0.0.127 "DELETE /v2.0/subnets/83200664-e45c-4342-b9e1-b6e3e9203d0a HTTP/1.1" status: 404 len: 337 time: 0.0195496
2026-07-09 14:21:08.563 9 INFO neutron.api.wsgi [None req-9fa24549-efec-4a86-94ad-2db8b7f97006 ffe34f0331004587a148ff05aaa4d64d 2131299c54d74b079dde0117136f3f3b - - default default] 10.0.0.127 "DELETE /v2.0/ports/8d53f1b3-313c-49db-91a0-95e4419f8fa8 HTTP/1.1" status: 204 len: 168 time: 0.3048110
2026-07-09 14:21:08.587 9 INFO neutron.pecan_wsgi.hooks.translation [None req-826219b3-7bd9-4b65-9f30-af73dd644331 ffe34f0331004587a148ff05aaa4d64d 2131299c54d74b079dde0117136f3f3b - - default default] DELETE failed (client error): The resource could not be found.
2026-07-09 14:21:08.590 9 INFO neutron.api.wsgi [None req-826219b3-7bd9-4b65-9f30-af73dd644331 ffe34f0331004587a148ff05aaa4d64d 2131299c54d74b079dde0117136f3f3b - - default default] 10.0.0.127 "DELETE /v2.0/ports/8d53f1b3-313c-49db-91a0-95e4419f8fa8 HTTP/1.1" status: 404 len: 333 time: 0.0226445
2026-07-09 14:21:08.610 9 INFO neutron.pecan_wsgi.hooks.translation [None req-66e05140-8bac-4224-9cd0-3b305d282874 ffe34f0331004587a148ff05aaa4d64d 2131299c54d74b079dde0117136f3f3b - - default default] GET failed (client error): The resource could not be found.
2026-07-09 14:21:08.612 9 INFO neutron.api.wsgi [None req-66e05140-8bac-4224-9cd0-3b305d282874 ffe34f0331004587a148ff05aaa4d64d 2131299c54d74b079dde0117136f3f3b - - default default] 10.0.0.127 "GET /v2.0/ports/8d53f1b3-313c-49db-91a0-95e4419f8fa8 HTTP/1.1" status: 404 len: 333 time: 0.0184152
2026-07-09 14:21:08.637 10 INFO neutron.api.wsgi [None req-57c7bff6-6bee-4d56-a6db-bdf149fc84f5 76f09fb2696946cfbf4cae49b4076247 d9af0744d2c54be7bfdea603d8f5d250 - - default default] 10.0.0.127 "DELETE /v2.0/ports/5f268c10-5a7d-40a0-858b-bbf51f2b8a2d HTTP/1.1" status: 204 len: 168 time: 0.2775700
2026-07-09 14:21:08.749 9 INFO neutron.db.ovn_revision_numbers_db [None req-14740e73-fd52-4b28-8e39-e521d64cc4f3 c77361a9fe8e4cfbbd5fd79589d8ff23 ad7d2beab058472f90d9832e0a2a9e76 - - default default] Successfully bumped revision number for resource facc12a1-fd6d-41bb-9a31-167dbde0b64f (type: security_groups) to 1
2026-07-09 14:21:08.750 10 INFO neutron.db.ovn_revision_numbers_db [None req-c1d25c08-373b-4a1b-a7a9-e729c9bf8a83 a4e8765bc5b543c8b69e198f724a851c 85aa545cccf04324848938668872f96e - - default default] Successfully bumped revision number for resource e75ab945-6309-43b4-ac5c-cd6ccb8a9d06 (type: ports) to 1
2026-07-09 14:21:08.767 9 INFO neutron.db.ovn_revision_numbers_db [None req-14740e73-fd52-4b28-8e39-e521d64cc4f3 c77361a9fe8e4cfbbd5fd79589d8ff23 ad7d2beab058472f90d9832e0a2a9e76 - - default default] Successfully bumped revision number for resource 3b0672f2-970f-4351-8fc3-aa8541ed43a2 (type: security_group_rules) to 0
2026-07-09 14:21:08.789 9 INFO neutron.db.ovn_revision_numbers_db [None req-14740e73-fd52-4b28-8e39-e521d64cc4f3 c77361a9fe8e4cfbbd5fd79589d8ff23 ad7d2beab058472f90d9832e0a2a9e76 - - default default] Successfully bumped revision number for resource 3d0bea4d-e3c4-42cd-90bd-dd9ca69ed6da (type: security_group_rules) to 0
2026-07-09 14:21:08.800 9 INFO neutron.db.ovn_revision_numbers_db [None req-14740e73-fd52-4b28-8e39-e521d64cc4f3 c77361a9fe8e4cfbbd5fd79589d8ff23 ad7d2beab058472f90d9832e0a2a9e76 - - default default] Successfully bumped revision number for resource 8b5824b4-a74f-497c-bd17-d2aa8c2970c4 (type: security_group_rules) to 0
2026-07-09 14:21:08.816 10 WARNING neutron.scheduler.dhcp_agent_scheduler [None req-c1d25c08-373b-4a1b-a7a9-e729c9bf8a83 a4e8765bc5b543c8b69e198f724a851c 85aa545cccf04324848938668872f96e - - default default] No more DHCP agents
2026-07-09 14:21:08.817 9 INFO neutron.api.wsgi [None req-eb5c9f54-babb-484e-a4e1-88e89d6d9f16 ffe34f0331004587a148ff05aaa4d64d 2131299c54d74b079dde0117136f3f3b - - default default] 10.0.0.127 "DELETE /v2.0/subnets/3da6a45e-4eba-46dc-8699-8c1b23948671 HTTP/1.1" status: 204 len: 168 time: 0.1950932
2026-07-09 14:21:08.817 9 INFO neutron.db.ovn_revision_numbers_db [None req-14740e73-fd52-4b28-8e39-e521d64cc4f3 c77361a9fe8e4cfbbd5fd79589d8ff23 ad7d2beab058472f90d9832e0a2a9e76 - - default default] Successfully bumped revision number for resource f19dc2f5-cd58-48c6-9dcd-386c8f2a920a (type: security_group_rules) to 0
2026-07-09 14:21:08.818 10 WARNING neutron.api.rpc.agentnotifiers.dhcp_rpc_agent_api [None req-c1d25c08-373b-4a1b-a7a9-e729c9bf8a83 a4e8765bc5b543c8b69e198f724a851c 85aa545cccf04324848938668872f96e - - default default] Unable to schedule network fb46981c-adb7-41a3-acc5-168f0bfd906a: no agents available; will retry on subsequent port and subnet creation events.
2026-07-09 14:21:08.889 9 INFO neutron.db.segments_db [None req-14740e73-fd52-4b28-8e39-e521d64cc4f3 c77361a9fe8e4cfbbd5fd79589d8ff23 ad7d2beab058472f90d9832e0a2a9e76 - - default default] Added segment 41eb3a61-ff2a-4c1c-9904-ea56ed16d5c6 of type geneve for network e5c68737-1a60-4e3c-9c19-b0da007285e9
2026-07-09 14:21:08.978 9 WARNING neutron.plugins.ml2.drivers.ovn.mech_driver.ovsdb.ovn_client [None req-2b7848c4-1dca-4b54-be80-96cf5e205935 - - - - - -] No port found with ID 5b9a54c0-5d56-4819-9b75-ef6f0872aac4: RuntimeError: No port found with ID 5b9a54c0-5d56-4819-9b75-ef6f0872aac4
2026-07-09 14:21:08.990 9 INFO neutron.plugins.ml2.drivers.ovn.mech_driver.mech_driver [None req-2b7848c4-1dca-4b54-be80-96cf5e205935 - - - - - -] OVN reports status down for port: cfce67c6-e24c-4fa6-a5c8-54806ec5b604
2026-07-09 14:21:08.999 9 INFO neutron.plugins.ml2.drivers.ovn.mech_driver.mech_driver [None req-2b7848c4-1dca-4b54-be80-96cf5e205935 - - - - - -] OVN reports status up for port: e75ab945-6309-43b4-ac5c-cd6ccb8a9d06
2026-07-09 14:21:09.015 9 INFO neutron.plugins.ml2.plugin [None req-2b7848c4-1dca-4b54-be80-96cf5e205935 - - - - - -] Attempt 1 to provision port e75ab945-6309-43b4-ac5c-cd6ccb8a9d06
2026-07-09 14:21:09.041 9 INFO neutron.db.ovn_revision_numbers_db [None req-14740e73-fd52-4b28-8e39-e521d64cc4f3 c77361a9fe8e4cfbbd5fd79589d8ff23 ad7d2beab058472f90d9832e0a2a9e76 - - default default] Successfully bumped revision number for resource e5c68737-1a60-4e3c-9c19-b0da007285e9 (type: networks) to 1
2026-07-09 14:21:09.185 10 INFO neutron.api.wsgi [None req-284b89ff-9819-4e0c-8692-a99a479d3b5d 76f09fb2696946cfbf4cae49b4076247 d9af0744d2c54be7bfdea603d8f5d250 - - default default] 10.0.0.127 "DELETE /v2.0/networks/9e2df1e8-e026-41b0-ab6f-ddf3d6d1e7c0 HTTP/1.1" status: 204 len: 168 time: 0.5443504
2026-07-09 14:21:09.187 10 INFO neutron.db.ovn_revision_numbers_db [None req-c1d25c08-373b-4a1b-a7a9-e729c9bf8a83 a4e8765bc5b543c8b69e198f724a851c 85aa545cccf04324848938668872f96e - - default default] Successfully bumped revision number for resource e75ab945-6309-43b4-ac5c-cd6ccb8a9d06 (type: router_ports) to 1
2026-07-09 14:21:09.190 10 INFO neutron.api.wsgi [None req-c1d25c08-373b-4a1b-a7a9-e729c9bf8a83 a4e8765bc5b543c8b69e198f724a851c 85aa545cccf04324848938668872f96e - - default default] 10.0.0.127 "PUT /v2.0/routers/1459a4c3-1a70-4713-a54e-24e145862713/add_router_interface HTTP/1.1" status: 200 len: 503 time: 1.6264553
2026-07-09 14:21:09.222 10 INFO neutron.api.wsgi [None req-171d972c-b2ad-4403-8e09-a0b12409ccb6 a4e8765bc5b543c8b69e198f724a851c 85aa545cccf04324848938668872f96e - - default default] 10.0.0.127 "GET /v2.0/ports/e75ab945-6309-43b4-ac5c-cd6ccb8a9d06 HTTP/1.1" status: 200 len: 1135 time: 0.0261581
2026-07-09 14:21:09.252 9 WARNING neutron.scheduler.dhcp_agent_scheduler [None req-14740e73-fd52-4b28-8e39-e521d64cc4f3 c77361a9fe8e4cfbbd5fd79589d8ff23 ad7d2beab058472f90d9832e0a2a9e76 - - default default] No more DHCP agents
2026-07-09 14:21:09.255 10 INFO neutron.api.wsgi [None req-9f805985-c46a-4574-8eb1-0d447e3a112f a4e8765bc5b543c8b69e198f724a851c 85aa545cccf04324848938668872f96e - - default default] 10.0.0.127 "GET /v2.0/ports/e75ab945-6309-43b4-ac5c-cd6ccb8a9d06 HTTP/1.1" status: 200 len: 1137 time: 0.0287011
2026-07-09 14:21:09.256 9 WARNING neutron.api.rpc.agentnotifiers.dhcp_rpc_agent_api [None req-14740e73-fd52-4b28-8e39-e521d64cc4f3 c77361a9fe8e4cfbbd5fd79589d8ff23 ad7d2beab058472f90d9832e0a2a9e76 - - default default] Unable to schedule network e5c68737-1a60-4e3c-9c19-b0da007285e9: no agents available; will retry on subsequent port and subnet creation events.
2026-07-09 14:21:09.288 9 INFO neutron.services.segments.plugin [-] Segment b3b7488c-d1c5-4af2-b0f8-ebc05689fe59 resource provider aggregate not found
2026-07-09 14:21:09.298 9 INFO neutron.services.segments.plugin [-] Segment b3b7488c-d1c5-4af2-b0f8-ebc05689fe59 resource provider aggregate not found
2026-07-09 14:21:09.303 9 INFO neutron.services.segments.plugin [-] Segment b3b7488c-d1c5-4af2-b0f8-ebc05689fe59 resource provider not found; error: Placement Client Error (4xx): {"errors": [{"status": 404, "title": "Not Found", "detail": "The resource could not be found.\n\n No resource provider with uuid b3b7488c-d1c5-4af2-b0f8-ebc05689fe59 found for delete ", "request_id": "req-482ee590-85e0-4b2e-9f0f-7ec0a08ecd34"}]}
2026-07-09 14:21:09.316 9 INFO neutron.services.segments.plugin [-] Segment b3b7488c-d1c5-4af2-b0f8-ebc05689fe59 resource provider not found; error: Placement Client Error (4xx): {"errors": [{"status": 404, "title": "Not Found", "detail": "The resource could not be found.\n\n No resource provider with uuid b3b7488c-d1c5-4af2-b0f8-ebc05689fe59 found for delete ", "request_id": "req-221c9301-a9bd-4fe2-b479-f12baa4b55f7"}]}
2026-07-09 14:21:09.337 9 INFO neutron.api.wsgi [None req-5fc2ec50-1ac1-402d-8a5e-c9ee0f81f130 ffe34f0331004587a148ff05aaa4d64d 2131299c54d74b079dde0117136f3f3b - - default default] 10.0.0.127 "DELETE /v2.0/networks/64fa64a3-151d-49a1-91fe-6fbe40298586 HTTP/1.1" status: 204 len: 168 time: 0.5161476
2026-07-09 14:21:09.348 10 WARNING neutron_lib.context [None req-8f957d70-4138-495c-af84-7eb1ca3633e8 ffe34f0331004587a148ff05aaa4d64d 2131299c54d74b079dde0117136f3f3b - - default default] Method 'is_advsvc' is deprecated since 2023.2 release (neutron-lib 3.8.0) and will be removed once support for the old RBAC API policies will be removed from Neutron. Please use method 'is_service_role' instead.
2026-07-09 14:21:09.354 9 INFO neutron.db.ovn_revision_numbers_db [None req-14740e73-fd52-4b28-8e39-e521d64cc4f3 c77361a9fe8e4cfbbd5fd79589d8ff23 ad7d2beab058472f90d9832e0a2a9e76 - - default default] Successfully bumped revision number for resource 6c4f0d7f-90a8-450a-a90b-cdabb1ce7e03 (type: ports) to 1
2026-07-09 14:21:09.377 9 INFO neutron.api.wsgi [None req-14740e73-fd52-4b28-8e39-e521d64cc4f3 c77361a9fe8e4cfbbd5fd79589d8ff23 ad7d2beab058472f90d9832e0a2a9e76 - - default default] 10.0.0.127 "POST /v2.0/networks HTTP/1.1" status: 201 len: 945 time: 1.0015988
2026-07-09 14:21:09.438 10 INFO neutron.db.segments_db [None req-8f957d70-4138-495c-af84-7eb1ca3633e8 ffe34f0331004587a148ff05aaa4d64d 2131299c54d74b079dde0117136f3f3b - - default default] Added segment c77f921a-c193-4bfa-bff2-d045a4d15593 of type geneve for network 2194e3ff-861c-4c30-97ea-5bbebb53b9a0
2026-07-09 14:21:09.489 9 INFO neutron.db.ovn_revision_numbers_db [None req-2b7848c4-1dca-4b54-be80-96cf5e205935 - - - - - -] Successfully bumped revision number for resource e75ab945-6309-43b4-ac5c-cd6ccb8a9d06 (type: ports) to 2
2026-07-09 14:21:09.555 9 WARNING neutron.scheduler.dhcp_agent_scheduler [None req-bd3bd33b-aae1-47f6-82d9-eecc4a023458 c77361a9fe8e4cfbbd5fd79589d8ff23 ad7d2beab058472f90d9832e0a2a9e76 - - default default] No more DHCP agents
2026-07-09 14:21:09.556 9 WARNING neutron.api.rpc.agentnotifiers.dhcp_rpc_agent_api [None req-bd3bd33b-aae1-47f6-82d9-eecc4a023458 c77361a9fe8e4cfbbd5fd79589d8ff23 ad7d2beab058472f90d9832e0a2a9e76 - - default default] Unable to schedule network e5c68737-1a60-4e3c-9c19-b0da007285e9: no agents available; will retry on subsequent port and subnet creation events.
2026-07-09 14:21:09.587 10 INFO neutron.db.ovn_revision_numbers_db [None req-8f957d70-4138-495c-af84-7eb1ca3633e8 ffe34f0331004587a148ff05aaa4d64d 2131299c54d74b079dde0117136f3f3b - - default default] Successfully bumped revision number for resource 2194e3ff-861c-4c30-97ea-5bbebb53b9a0 (type: networks) to 1
2026-07-09 14:21:09.781 10 INFO neutron.api.wsgi [None req-61514704-7213-4aac-a508-b5efc343b87e c77361a9fe8e4cfbbd5fd79589d8ff23 ad7d2beab058472f90d9832e0a2a9e76 - - default default] 10.0.0.127 "GET /v2.0/security-groups?tenant_id=d9af0744d2c54be7bfdea603d8f5d250&name=default HTTP/1.1" status: 200 len: 3120 time: 0.1564453
2026-07-09 14:21:09.797 10 WARNING neutron.scheduler.dhcp_agent_scheduler [None req-8f957d70-4138-495c-af84-7eb1ca3633e8 ffe34f0331004587a148ff05aaa4d64d 2131299c54d74b079dde0117136f3f3b - - default default] No more DHCP agents
2026-07-09 14:21:09.800 10 WARNING neutron.api.rpc.agentnotifiers.dhcp_rpc_agent_api [None req-8f957d70-4138-495c-af84-7eb1ca3633e8 ffe34f0331004587a148ff05aaa4d64d 2131299c54d74b079dde0117136f3f3b - - default default] Unable to schedule network 2194e3ff-861c-4c30-97ea-5bbebb53b9a0: no agents available; will retry on subsequent port and subnet creation events.
2026-07-09 14:21:09.885 10 INFO neutron.db.ovn_revision_numbers_db [None req-8f957d70-4138-495c-af84-7eb1ca3633e8 ffe34f0331004587a148ff05aaa4d64d 2131299c54d74b079dde0117136f3f3b - - default default] Successfully bumped revision number for resource f36ac155-833b-478e-bf72-d2ea5c19d395 (type: ports) to 1
2026-07-09 14:21:09.928 10 INFO neutron.api.wsgi [None req-ec0f23f9-6676-4e3c-8354-5f593bb0e3d1 a4e8765bc5b543c8b69e198f724a851c 85aa545cccf04324848938668872f96e - - default default] 10.0.0.127 "PUT /v2.0/routers/1459a4c3-1a70-4713-a54e-24e145862713/remove_router_interface HTTP/1.1" status: 200 len: 503 time: 0.6663532
2026-07-09 14:21:09.930 10 INFO neutron.api.wsgi [None req-8f957d70-4138-495c-af84-7eb1ca3633e8 ffe34f0331004587a148ff05aaa4d64d 2131299c54d74b079dde0117136f3f3b - - default default] 10.0.0.127 "POST /v2.0/networks HTTP/1.1" status: 201 len: 830 time: 0.5870159 /var/lib/openstack/lib/python3.12/site-packages/pycadf/identifier.py:71: UserWarning: Invalid uuid: neutron. To ensure interoperability, identifiers should be a valid uuid. warnings.warn(('Invalid uuid: %s. To ensure interoperability, '
2026-07-09 14:21:09.943 10 WARNING neutron_lib.context [None req-9f46a078-2821-4275-93b8-a2a7b40b47fd ffe34f0331004587a148ff05aaa4d64d 2131299c54d74b079dde0117136f3f3b - - default default] Method 'is_advsvc' is deprecated since 2023.2 release (neutron-lib 3.8.0) and will be removed once support for the old RBAC API policies will be removed from Neutron. Please use method 'is_service_role' instead.
2026-07-09 14:21:09.958 10 INFO neutron.api.wsgi [None req-b15d5545-71f0-4162-858f-88da1c4c3a87 a4e8765bc5b543c8b69e198f724a851c 85aa545cccf04324848938668872f96e - - default default] 10.0.0.127 "GET /v2.0/ports?device_id=1459a4c3-1a70-4713-a54e-24e145862713 HTTP/1.1" status: 200 len: 205 time: 0.0236979
2026-07-09 14:21:10.005 9 INFO neutron.db.ovn_revision_numbers_db [None req-4b0068b6-4012-414d-938c-1c0c3aa8ded2 - - - - - -] Successfully bumped revision number for resource 6c4f0d7f-90a8-450a-a90b-cdabb1ce7e03 (type: ports) to 2
2026-07-09 14:21:10.014 9 INFO neutron.api.wsgi [None req-019edce7-e4e3-409e-a156-791e40f2d6e3 c77361a9fe8e4cfbbd5fd79589d8ff23 ad7d2beab058472f90d9832e0a2a9e76 - - default default] 10.0.0.127 "DELETE /v2.0/security-groups/e0e34978-ba1d-48fe-9795-f7b47999070b HTTP/1.1" status: 204 len: 168 time: 0.2273946
2026-07-09 14:21:10.043 9 INFO neutron.db.ovn_revision_numbers_db [None req-4b0068b6-4012-414d-938c-1c0c3aa8ded2 - - - - - -] Successfully bumped revision number for resource 1686817b-8794-41cc-af04-a8324c3f99b2 (type: subnets) to 0
2026-07-09 14:21:10.059 9 INFO neutron.api.wsgi [None req-bd3bd33b-aae1-47f6-82d9-eecc4a023458 c77361a9fe8e4cfbbd5fd79589d8ff23 ad7d2beab058472f90d9832e0a2a9e76 - - default default] 10.0.0.127 "POST /v2.0/subnets HTTP/1.1" status: 201 len: 889 time: 0.6762285
2026-07-09 14:21:10.125 10 INFO neutron.api.wsgi [None req-4c343fe6-708b-4be2-972f-b4a270cc2979 a4e8765bc5b543c8b69e198f724a851c 85aa545cccf04324848938668872f96e - - default default] 10.0.0.127 "DELETE /v2.0/routers/1459a4c3-1a70-4713-a54e-24e145862713 HTTP/1.1" status: 204 len: 168 time: 0.1615877
2026-07-09 14:21:10.195 10 INFO neutron.api.wsgi [-] 10.0.0.205 "GET / HTTP/1.1" status: 200 len: 247 time: 0.0011868
2026-07-09 14:21:10.197 10 INFO neutron.api.wsgi [-] 10.0.0.205 "GET / HTTP/1.1" status: 200 len: 247 time: 0.0010664
2026-07-09 14:21:10.198 10 INFO neutron.services.segments.plugin [-] Segment 35c551c9-6a8c-4e32-bb34-acc588c5ae6e resource provider aggregate not found
2026-07-09 14:21:10.204 10 INFO neutron.services.segments.plugin [-] Segment 35c551c9-6a8c-4e32-bb34-acc588c5ae6e resource provider aggregate not found
2026-07-09 14:21:10.212 10 INFO neutron.services.segments.plugin [-] Segment 35c551c9-6a8c-4e32-bb34-acc588c5ae6e resource provider not found; error: Placement Client Error (4xx): {"errors": [{"status": 404, "title": "Not Found", "detail": "The resource could not be found.\n\n No resource provider with uuid 35c551c9-6a8c-4e32-bb34-acc588c5ae6e found for delete ", "request_id": "req-7d76314e-0ae5-4758-baed-b9eb56d78b2b"}]}
2026-07-09 14:21:10.222 10 INFO neutron.services.segments.plugin [-] Segment 35c551c9-6a8c-4e32-bb34-acc588c5ae6e resource provider not found; error: Placement Client Error (4xx): {"errors": [{"status": 404, "title": "Not Found", "detail": "The resource could not be found.\n\n No resource provider with uuid 35c551c9-6a8c-4e32-bb34-acc588c5ae6e found for delete ", "request_id": "req-8ae6ead8-bd6d-48d3-80d4-9f1189872fbf"}]}
2026-07-09 14:21:10.248 10 WARNING neutron.scheduler.dhcp_agent_scheduler [None req-9f46a078-2821-4275-93b8-a2a7b40b47fd ffe34f0331004587a148ff05aaa4d64d 2131299c54d74b079dde0117136f3f3b - - default default] No more DHCP agents
2026-07-09 14:21:10.250 10 WARNING neutron.api.rpc.agentnotifiers.dhcp_rpc_agent_api [None req-9f46a078-2821-4275-93b8-a2a7b40b47fd ffe34f0331004587a148ff05aaa4d64d 2131299c54d74b079dde0117136f3f3b - - default default] Unable to schedule network 2194e3ff-861c-4c30-97ea-5bbebb53b9a0: no agents available; will retry on subsequent port and subnet creation events.
2026-07-09 14:21:10.362 10 INFO neutron.api.wsgi [None req-a537a6e3-8c8e-41f9-9804-35071798953c a4e8765bc5b543c8b69e198f724a851c 85aa545cccf04324848938668872f96e - - default default] 10.0.0.127 "DELETE /v2.0/subnets/d5e8f4ca-16ff-4442-a5c0-111b4f153579 HTTP/1.1" status: 204 len: 168 time: 0.2267792
2026-07-09 14:21:10.713 10 INFO neutron.api.wsgi [None req-ab3ede75-5736-4aea-8410-7557be0c537d a4e8765bc5b543c8b69e198f724a851c 85aa545cccf04324848938668872f96e - - default default] 10.0.0.127 "DELETE /v2.0/networks/fb46981c-adb7-41a3-acc5-168f0bfd906a HTTP/1.1" status: 204 len: 168 time: 0.3458841
2026-07-09 14:21:10.717 10 INFO neutron.db.ovn_revision_numbers_db [None req-38da2db1-3345-40b3-87f7-51f63837edd3 - - - - - -] Successfully bumped revision number for resource f36ac155-833b-478e-bf72-d2ea5c19d395 (type: ports) to 2
2026-07-09 14:21:10.724 10 WARNING neutron_lib.context [None req-83a17d56-f65a-4f73-a271-315f0e13452b a4e8765bc5b543c8b69e198f724a851c 85aa545cccf04324848938668872f96e - - default default] Method 'is_advsvc' is deprecated since 2023.2 release (neutron-lib 3.8.0) and will be removed once support for the old RBAC API policies will be removed from Neutron. Please use method 'is_service_role' instead.
2026-07-09 14:21:10.725 9 WARNING neutron.scheduler.dhcp_agent_scheduler [None req-ff133c1d-cdba-40c6-a096-b370c951b8d1 c77361a9fe8e4cfbbd5fd79589d8ff23 ad7d2beab058472f90d9832e0a2a9e76 - - default default] No more DHCP agents
2026-07-09 14:21:10.727 9 WARNING neutron.api.rpc.agentnotifiers.dhcp_rpc_agent_api [None req-ff133c1d-cdba-40c6-a096-b370c951b8d1 c77361a9fe8e4cfbbd5fd79589d8ff23 ad7d2beab058472f90d9832e0a2a9e76 - - default default] Unable to schedule network 0de78d7e-85fd-4e7f-94c1-c0c4916a3c0b: no agents available; will retry on subsequent port and subnet creation events.
2026-07-09 14:21:10.754 10 INFO neutron.db.ovn_revision_numbers_db [None req-38da2db1-3345-40b3-87f7-51f63837edd3 - - - - - -] Successfully bumped revision number for resource 154a4143-1e19-4691-9a72-7dcdbbe80119 (type: subnets) to 0
2026-07-09 14:21:10.769 10 INFO neutron.api.wsgi [None req-9f46a078-2821-4275-93b8-a2a7b40b47fd ffe34f0331004587a148ff05aaa4d64d 2131299c54d74b079dde0117136f3f3b - - default default] 10.0.0.127 "POST /v2.0/subnets HTTP/1.1" status: 201 len: 825 time: 0.8346221
2026-07-09 14:21:10.779 9 WARNING neutron_lib.context [None req-b48fd839-dc1f-4f49-9bcd-79812c774520 ffe34f0331004587a148ff05aaa4d64d 2131299c54d74b079dde0117136f3f3b - - default default] Method 'is_advsvc' is deprecated since 2023.2 release (neutron-lib 3.8.0) and will be removed once support for the old RBAC API policies will be removed from Neutron. Please use method 'is_service_role' instead.
2026-07-09 14:21:10.868 9 INFO neutron.db.ovn_revision_numbers_db [None req-ff133c1d-cdba-40c6-a096-b370c951b8d1 c77361a9fe8e4cfbbd5fd79589d8ff23 ad7d2beab058472f90d9832e0a2a9e76 - - default default] Successfully bumped revision number for resource 6ff17f69-1eb8-449b-bb6e-7da7a23c9e3e (type: ports) to 1
2026-07-09 14:21:11.041 10 WARNING neutron.scheduler.dhcp_agent_scheduler [None req-83a17d56-f65a-4f73-a271-315f0e13452b a4e8765bc5b543c8b69e198f724a851c 85aa545cccf04324848938668872f96e - - default default] No more DHCP agents
2026-07-09 14:21:11.042 10 WARNING neutron.api.rpc.agentnotifiers.dhcp_rpc_agent_api [None req-83a17d56-f65a-4f73-a271-315f0e13452b a4e8765bc5b543c8b69e198f724a851c 85aa545cccf04324848938668872f96e - - default default] Unable to schedule network 0de78d7e-85fd-4e7f-94c1-c0c4916a3c0b: no agents available; will retry on subsequent port and subnet creation events.
2026-07-09 14:21:11.088 9 WARNING neutron.scheduler.dhcp_agent_scheduler [None req-b48fd839-dc1f-4f49-9bcd-79812c774520 ffe34f0331004587a148ff05aaa4d64d 2131299c54d74b079dde0117136f3f3b - - default default] No more DHCP agents
2026-07-09 14:21:11.090 9 WARNING neutron.api.rpc.agentnotifiers.dhcp_rpc_agent_api [None req-b48fd839-dc1f-4f49-9bcd-79812c774520 ffe34f0331004587a148ff05aaa4d64d 2131299c54d74b079dde0117136f3f3b - - default default] Unable to schedule network 2194e3ff-861c-4c30-97ea-5bbebb53b9a0: no agents available; will retry on subsequent port and subnet creation events.
2026-07-09 14:21:11.146 10 INFO neutron.db.ovn_revision_numbers_db [None req-83a17d56-f65a-4f73-a271-315f0e13452b a4e8765bc5b543c8b69e198f724a851c 85aa545cccf04324848938668872f96e - - default default] Successfully bumped revision number for resource 8de9b332-7ef4-4f57-8e6c-5e85a110e34a (type: ports) to 1
2026-07-09 14:21:11.242 9 INFO neutron.db.ovn_revision_numbers_db [None req-b48fd839-dc1f-4f49-9bcd-79812c774520 ffe34f0331004587a148ff05aaa4d64d 2131299c54d74b079dde0117136f3f3b - - default default] Successfully bumped revision number for resource 6e256a7a-2717-4b46-810e-6cd502d2006a (type: ports) to 1
2026-07-09 14:21:11.266 9 INFO neutron.api.wsgi [None req-b48fd839-dc1f-4f49-9bcd-79812c774520 ffe34f0331004587a148ff05aaa4d64d 2131299c54d74b079dde0117136f3f3b - - default default] 10.0.0.127 "POST /v2.0/ports HTTP/1.1" status: 201 len: 1114 time: 0.4916058
2026-07-09 14:21:11.494 9 INFO neutron.plugins.ml2.drivers.ovn.mech_driver.ovsdb.commands [None req-514aead0-a9b8-4efc-ba5a-81c257ab371e - - - - - -] Schedule LRP lrp-6ff17f69-1eb8-449b-bb6e-7da7a23c9e3e on gateway 9471688c-9f56-4fc5-a150-02e959409f35 with priority 1
2026-07-09 14:21:11.523 9 INFO neutron.plugins.ml2.drivers.ovn.mech_driver.ovsdb.ovsdb_monitor [None req-2f055148-a3a1-4a10-9f7f-bef0bf974888 - - - - - -] Router 208dc5d8-3623-48f1-aeed-e6d5061cd903 is bound to host instance
2026-07-09 14:21:11.545 9 INFO neutron.db.ovn_revision_numbers_db [None req-ff133c1d-cdba-40c6-a096-b370c951b8d1 c77361a9fe8e4cfbbd5fd79589d8ff23 ad7d2beab058472f90d9832e0a2a9e76 - - default default] Successfully bumped revision number for resource 6ff17f69-1eb8-449b-bb6e-7da7a23c9e3e (type: router_ports) to 1
2026-07-09 14:21:11.641 9 INFO neutron.db.ovn_revision_numbers_db [None req-ff133c1d-cdba-40c6-a096-b370c951b8d1 c77361a9fe8e4cfbbd5fd79589d8ff23 ad7d2beab058472f90d9832e0a2a9e76 - - default default] Successfully bumped revision number for resource 208dc5d8-3623-48f1-aeed-e6d5061cd903 (type: routers) to 2
2026-07-09 14:21:11.661 9 INFO neutron.api.wsgi [None req-ff133c1d-cdba-40c6-a096-b370c951b8d1 c77361a9fe8e4cfbbd5fd79589d8ff23 ad7d2beab058472f90d9832e0a2a9e76 - - default default] 10.0.0.127 "POST /v2.0/routers HTTP/1.1" status: 201 len: 1167 time: 1.5970700
2026-07-09 14:21:11.709 9 INFO neutron.api.wsgi [None req-835561c1-c417-4228-82a4-730736154d30 ffe34f0331004587a148ff05aaa4d64d 2131299c54d74b079dde0117136f3f3b - - default default] 10.0.0.127 "DELETE /v2.0/ports/6e256a7a-2717-4b46-810e-6cd502d2006a HTTP/1.1" status: 204 len: 168 time: 0.4367158
2026-07-09 14:21:11.730 10 INFO neutron.pecan_wsgi.hooks.translation [None req-dc240ac8-fe09-45f8-8349-e39a06a7c2cd ffe34f0331004587a148ff05aaa4d64d 2131299c54d74b079dde0117136f3f3b - - default default] GET failed (client error): The resource could not be found.
