2026-07-09 14:24:34.711 10 INFO neutron.api.wsgi [req-cfb76000-c8e5-4ecd-9af2-3c3a45ffa851 req-029ce2b0-e1f0-4db6-a410-ba5c10cf4498 0039bd4d8de5460bba806519a2d1cae1 29bdd136981d4cc2a3036ebe0e04c55a - - d3ef61c4b0e44188a5cc900bcb94ad38 d3ef61c4b0e44188a5cc900bcb94ad38] 199.19.213.61 "GET /v2.0/ports?tenant_id=ad7d2beab058472f90d9832e0a2a9e76&device_id=63991ce0-9318-4ca3-ad3e-4edc9b8ce3ab HTTP/1.1" status: 200 len: 1415 time: 0.0405042
2026-07-09 14:24:34.783 10 INFO neutron.api.wsgi [req-cfb76000-c8e5-4ecd-9af2-3c3a45ffa851 req-ae32aa86-661c-4e17-9bce-2d735f16bcea 0039bd4d8de5460bba806519a2d1cae1 29bdd136981d4cc2a3036ebe0e04c55a - - d3ef61c4b0e44188a5cc900bcb94ad38 d3ef61c4b0e44188a5cc900bcb94ad38] 199.19.213.61 "GET /v2.0/networks?tenant_id=ad7d2beab058472f90d9832e0a2a9e76&shared=False HTTP/1.1" status: 200 len: 937 time: 0.0649600
2026-07-09 14:24:34.784 10 INFO neutron.db.ovn_revision_numbers_db [None req-b15cd886-1b39-4cc7-bfdc-02c7527ec7a6 - - - - - -] Successfully bumped revision number for resource 174e6cf8-837b-4dbb-ad92-abda0e4bb587 (type: networks) to 1
2026-07-09 14:24:34.842 10 INFO neutron.api.wsgi [req-cfb76000-c8e5-4ecd-9af2-3c3a45ffa851 req-ad4d0b1e-6358-4caf-94d7-168ec6859645 0039bd4d8de5460bba806519a2d1cae1 29bdd136981d4cc2a3036ebe0e04c55a - - d3ef61c4b0e44188a5cc900bcb94ad38 d3ef61c4b0e44188a5cc900bcb94ad38] 199.19.213.61 "GET /v2.0/networks?shared=True HTTP/1.1" status: 200 len: 952 time: 0.0493464
2026-07-09 14:24:34.936 10 WARNING neutron.scheduler.dhcp_agent_scheduler [None req-b15cd886-1b39-4cc7-bfdc-02c7527ec7a6 - - - - - -] No more DHCP agents
2026-07-09 14:24:34.938 10 WARNING neutron.api.rpc.agentnotifiers.dhcp_rpc_agent_api [None req-b15cd886-1b39-4cc7-bfdc-02c7527ec7a6 - - - - - -] Unable to schedule network 174e6cf8-837b-4dbb-ad92-abda0e4bb587: no agents available; will retry on subsequent port and subnet creation events.
2026-07-09 14:24:34.993 10 INFO neutron.db.ovn_revision_numbers_db [None req-b15cd886-1b39-4cc7-bfdc-02c7527ec7a6 - - - - - -] Successfully bumped revision number for resource 526fb24d-824a-4d16-97ef-962ac8288f91 (type: ports) to 1
2026-07-09 14:24:35.107 10 WARNING neutron.scheduler.dhcp_agent_scheduler [None req-b15cd886-1b39-4cc7-bfdc-02c7527ec7a6 - - - - - -] No more DHCP agents
2026-07-09 14:24:35.109 10 WARNING neutron.api.rpc.agentnotifiers.dhcp_rpc_agent_api [None req-b15cd886-1b39-4cc7-bfdc-02c7527ec7a6 - - - - - -] Unable to schedule network 174e6cf8-837b-4dbb-ad92-abda0e4bb587: no agents available; will retry on subsequent port and subnet creation events.
2026-07-09 14:24:35.136 10 INFO neutron.db.ovn_revision_numbers_db [None req-b15cd886-1b39-4cc7-bfdc-02c7527ec7a6 - - - - - -] Successfully bumped revision number for resource 0fe691ea-d8b4-4f58-9137-41389752013d (type: subnets) to 0
2026-07-09 14:24:35.193 10 INFO neutron.api.wsgi [req-b0286d6d-02db-4694-b0e1-4159384c66e5 req-3a2be2e5-c19e-4ca9-905f-132723e20087 0039bd4d8de5460bba806519a2d1cae1 29bdd136981d4cc2a3036ebe0e04c55a - - d3ef61c4b0e44188a5cc900bcb94ad38 d3ef61c4b0e44188a5cc900bcb94ad38] 199.19.213.61 "GET /v2.0/ports?device_id=8956c964-3434-4d75-8899-efff7ed8b755&fields=binding%3Ahost_id&fields=binding%3Avif_type HTTP/1.1" status: 200 len: 265 time: 0.0309305
2026-07-09 14:24:35.541 10 WARNING neutron.scheduler.dhcp_agent_scheduler [None req-b15cd886-1b39-4cc7-bfdc-02c7527ec7a6 - - - - - -] No more DHCP agents
2026-07-09 14:24:35.543 10 WARNING neutron.api.rpc.agentnotifiers.dhcp_rpc_agent_api [None req-b15cd886-1b39-4cc7-bfdc-02c7527ec7a6 - - - - - -] Unable to schedule network 174e6cf8-837b-4dbb-ad92-abda0e4bb587: no agents available; will retry on subsequent port and subnet creation events.
2026-07-09 14:24:35.655 10 INFO neutron.db.ovn_revision_numbers_db [None req-b15cd886-1b39-4cc7-bfdc-02c7527ec7a6 - - - - - -] Successfully bumped revision number for resource ff160ad3-d8bf-48e2-a608-e83de1827da1 (type: ports) to 1
2026-07-09 14:24:35.903 10 INFO neutron.api.wsgi [req-f2d36f1c-77e5-4194-9801-43e0bee5e64d req-3e21a717-e83b-4b79-96f5-7b4c1f591cf4 0039bd4d8de5460bba806519a2d1cae1 29bdd136981d4cc2a3036ebe0e04c55a - - d3ef61c4b0e44188a5cc900bcb94ad38 d3ef61c4b0e44188a5cc900bcb94ad38] 199.19.213.61 "GET /v2.0/ports?tenant_id=ad7d2beab058472f90d9832e0a2a9e76&device_id=63991ce0-9318-4ca3-ad3e-4edc9b8ce3ab HTTP/1.1" status: 200 len: 1415 time: 0.0463464
2026-07-09 14:24:35.933 10 INFO neutron.api.wsgi [req-f2d36f1c-77e5-4194-9801-43e0bee5e64d req-25cb5558-3b23-4a96-959c-1811dc56c52a 0039bd4d8de5460bba806519a2d1cae1 29bdd136981d4cc2a3036ebe0e04c55a - - d3ef61c4b0e44188a5cc900bcb94ad38 d3ef61c4b0e44188a5cc900bcb94ad38] 199.19.213.61 "GET /v2.0/floatingips?fixed_ip_address=172.24.2.208&port_id=4f20d65b-fb80-4a78-bca2-a5fbf868018e HTTP/1.1" status: 200 len: 217 time: 0.0230277
2026-07-09 14:24:35.969 10 INFO neutron.api.wsgi [req-f2d36f1c-77e5-4194-9801-43e0bee5e64d req-fc7c7e87-748e-4d45-bd9c-6c7c7e3f04f3 0039bd4d8de5460bba806519a2d1cae1 29bdd136981d4cc2a3036ebe0e04c55a - - d3ef61c4b0e44188a5cc900bcb94ad38 d3ef61c4b0e44188a5cc900bcb94ad38] 199.19.213.61 "GET /v2.0/subnets?id=5f292b44-b5a4-423d-bf64-cbb3333e5b7c HTTP/1.1" status: 200 len: 853 time: 0.0311325
2026-07-09 14:24:36.000 10 INFO neutron.api.wsgi [req-f2d36f1c-77e5-4194-9801-43e0bee5e64d req-e6107f22-add9-49cc-a036-b301dc98df2f 0039bd4d8de5460bba806519a2d1cae1 29bdd136981d4cc2a3036ebe0e04c55a - - d3ef61c4b0e44188a5cc900bcb94ad38 d3ef61c4b0e44188a5cc900bcb94ad38] 199.19.213.61 "GET /v2.0/ports?network_id=9c2871a5-cb68-45db-8fab-6edd173b1aec&device_owner=network%3Adhcp HTTP/1.1" status: 200 len: 210 time: 0.0245349
2026-07-09 14:24:36.070 10 INFO neutron.api.wsgi [req-f2d36f1c-77e5-4194-9801-43e0bee5e64d req-e067bfcf-ca7c-4648-a928-bcd1ffa3c00e 0039bd4d8de5460bba806519a2d1cae1 29bdd136981d4cc2a3036ebe0e04c55a - - d3ef61c4b0e44188a5cc900bcb94ad38 d3ef61c4b0e44188a5cc900bcb94ad38] 199.19.213.61 "GET /v2.0/networks/9c2871a5-cb68-45db-8fab-6edd173b1aec?fields=segments HTTP/1.1" status: 200 len: 212 time: 0.0628064
2026-07-09 14:24:36.122 10 INFO neutron.api.wsgi [req-f2d36f1c-77e5-4194-9801-43e0bee5e64d req-9b59c946-fb45-4879-8492-9a4aad2fda68 0039bd4d8de5460bba806519a2d1cae1 29bdd136981d4cc2a3036ebe0e04c55a - - d3ef61c4b0e44188a5cc900bcb94ad38 d3ef61c4b0e44188a5cc900bcb94ad38] 199.19.213.61 "GET /v2.0/networks/9c2871a5-cb68-45db-8fab-6edd173b1aec?fields=provider%3Aphysical_network&fields=provider%3Anetwork_type HTTP/1.1" status: 200 len: 277 time: 0.0484219
2026-07-09 14:24:36.245 10 INFO neutron.api.wsgi [req-b0286d6d-02db-4694-b0e1-4159384c66e5 req-7245a8bf-760d-49c0-a010-783533dc29b9 0039bd4d8de5460bba806519a2d1cae1 29bdd136981d4cc2a3036ebe0e04c55a - - d3ef61c4b0e44188a5cc900bcb94ad38 d3ef61c4b0e44188a5cc900bcb94ad38] 199.19.213.61 "GET /v2.0/ports?tenant_id=12b90e08d21d4eb8b27ee04b93e08b47&device_id=8956c964-3434-4d75-8899-efff7ed8b755 HTTP/1.1" status: 200 len: 1638 time: 0.0374265
2026-07-09 14:24:36.391 10 INFO neutron.db.ovn_revision_numbers_db [None req-b15cd886-1b39-4cc7-bfdc-02c7527ec7a6 - - - - - -] Successfully bumped revision number for resource ff160ad3-d8bf-48e2-a608-e83de1827da1 (type: ports) to 1
2026-07-09 14:24:36.437 10 WARNING neutron.scheduler.dhcp_agent_scheduler [None req-b15cd886-1b39-4cc7-bfdc-02c7527ec7a6 - - - - - -] No more DHCP agents
2026-07-09 14:24:36.439 10 WARNING neutron.api.rpc.agentnotifiers.dhcp_rpc_agent_api [None req-b15cd886-1b39-4cc7-bfdc-02c7527ec7a6 - - - - - -] Unable to schedule network 174e6cf8-837b-4dbb-ad92-abda0e4bb587: no agents available; will retry on subsequent port and subnet creation events.
2026-07-09 14:24:36.571 9 WARNING neutron.plugins.ml2.drivers.ovn.mech_driver.ovsdb.ovn_client [None req-ae6b8f7b-bca5-4987-b386-d351c60a5afe - - - - - -] No hosting information found for port d11baff0-eee6-4ed1-b846-c991f5c8992c: RuntimeError: No hosting information found for port d11baff0-eee6-4ed1-b846-c991f5c8992c
2026-07-09 14:24:36.572 9 INFO neutron.plugins.ml2.drivers.ovn.mech_driver.mech_driver [None req-ae6b8f7b-bca5-4987-b386-d351c60a5afe - - - - - -] OVN reports status up for port: ff160ad3-d8bf-48e2-a608-e83de1827da1
2026-07-09 14:24:36.578 9 INFO neutron.plugins.ml2.plugin [None req-ae6b8f7b-bca5-4987-b386-d351c60a5afe - - - - - -] Attempt 1 to provision port ff160ad3-d8bf-48e2-a608-e83de1827da1
2026-07-09 14:24:36.937 9 INFO neutron.db.ovn_revision_numbers_db [None req-ae6b8f7b-bca5-4987-b386-d351c60a5afe - - - - - -] Successfully bumped revision number for resource ff160ad3-d8bf-48e2-a608-e83de1827da1 (type: ports) to 2
2026-07-09 14:24:37.084 10 INFO neutron.api.wsgi [req-b0286d6d-02db-4694-b0e1-4159384c66e5 req-76ebc153-72c8-4e2f-ba67-83265a4af0c4 0039bd4d8de5460bba806519a2d1cae1 29bdd136981d4cc2a3036ebe0e04c55a - - d3ef61c4b0e44188a5cc900bcb94ad38 d3ef61c4b0e44188a5cc900bcb94ad38] 199.19.213.61 "GET /v2.0/networks?id=6e0be040-5e37-4bc1-a795-81bec2f94562 HTTP/1.1" status: 200 len: 1003 time: 0.3318253
2026-07-09 14:24:37.136 10 INFO neutron.api.wsgi [req-b0286d6d-02db-4694-b0e1-4159384c66e5 req-e09445bd-5dcd-4fc7-9790-8683ec49ceeb 0039bd4d8de5460bba806519a2d1cae1 29bdd136981d4cc2a3036ebe0e04c55a - - d3ef61c4b0e44188a5cc900bcb94ad38 d3ef61c4b0e44188a5cc900bcb94ad38] 199.19.213.61 "GET /v2.0/floatingips?fixed_ip_address=10.2.1.154&port_id=febb316d-edf6-4ddf-b929-820c25f92c1a HTTP/1.1" status: 200 len: 1059 time: 0.0472274
2026-07-09 14:24:37.158 10 INFO neutron.api.wsgi [req-b0286d6d-02db-4694-b0e1-4159384c66e5 req-0623b969-4617-4bf0-9e64-a2768044e29c 0039bd4d8de5460bba806519a2d1cae1 29bdd136981d4cc2a3036ebe0e04c55a - - d3ef61c4b0e44188a5cc900bcb94ad38 d3ef61c4b0e44188a5cc900bcb94ad38] 199.19.213.61 "GET /v2.0/floatingips?fixed_ip_address=fd7b%3Af9f7%3Afff%3A4eca%3A%3A395&port_id=febb316d-edf6-4ddf-b929-820c25f92c1a HTTP/1.1" status: 200 len: 217 time: 0.0155940
2026-07-09 14:24:37.198 10 INFO neutron.api.wsgi [req-b0286d6d-02db-4694-b0e1-4159384c66e5 req-f9764147-8637-4be5-90a9-300628c9a2db 0039bd4d8de5460bba806519a2d1cae1 29bdd136981d4cc2a3036ebe0e04c55a - - d3ef61c4b0e44188a5cc900bcb94ad38 d3ef61c4b0e44188a5cc900bcb94ad38] 199.19.213.61 "GET /v2.0/subnets?id=78ae520a-7d1a-45c7-b678-5233caf333af&id=362d706c-a294-4f58-b5f3-2b24d5fd17fb HTTP/1.1" status: 200 len: 1610 time: 0.0324309
2026-07-09 14:24:37.219 10 INFO neutron.api.wsgi [req-b0286d6d-02db-4694-b0e1-4159384c66e5 req-933a379c-897f-4a53-bb3e-e978e2baa4ca 0039bd4d8de5460bba806519a2d1cae1 29bdd136981d4cc2a3036ebe0e04c55a - - d3ef61c4b0e44188a5cc900bcb94ad38 d3ef61c4b0e44188a5cc900bcb94ad38] 199.19.213.61 "GET /v2.0/ports?network_id=6e0be040-5e37-4bc1-a795-81bec2f94562&device_owner=network%3Adhcp HTTP/1.1" status: 200 len: 210 time: 0.0160146
2026-07-09 14:24:37.245 10 INFO neutron.api.wsgi [req-b0286d6d-02db-4694-b0e1-4159384c66e5 req-28a73359-0604-48a2-86c2-a42304a72909 0039bd4d8de5460bba806519a2d1cae1 29bdd136981d4cc2a3036ebe0e04c55a - - d3ef61c4b0e44188a5cc900bcb94ad38 d3ef61c4b0e44188a5cc900bcb94ad38] 199.19.213.61 "GET /v2.0/ports?network_id=6e0be040-5e37-4bc1-a795-81bec2f94562&device_owner=network%3Adhcp HTTP/1.1" status: 200 len: 210 time: 0.0198324
2026-07-09 14:24:37.334 10 INFO neutron.api.wsgi [req-b0286d6d-02db-4694-b0e1-4159384c66e5 req-059fad7b-0d5f-45e7-8580-482ca60eb65f 0039bd4d8de5460bba806519a2d1cae1 29bdd136981d4cc2a3036ebe0e04c55a - - d3ef61c4b0e44188a5cc900bcb94ad38 d3ef61c4b0e44188a5cc900bcb94ad38] 199.19.213.61 "GET /v2.0/networks/6e0be040-5e37-4bc1-a795-81bec2f94562?fields=segments HTTP/1.1" status: 200 len: 212 time: 0.0825157
2026-07-09 14:24:37.355 10 INFO neutron.api.wsgi [req-19143915-f13f-469a-856e-ac864de6c058 req-596931ee-7586-426a-a81f-af2a0c7f4831 c77361a9fe8e4cfbbd5fd79589d8ff23 ad7d2beab058472f90d9832e0a2a9e76 - - default default] 10.0.0.128 "GET /v2.0/ports?device_id=63991ce0-9318-4ca3-ad3e-4edc9b8ce3ab HTTP/1.1" status: 200 len: 1415 time: 0.0697806
2026-07-09 14:24:37.415 10 INFO neutron.api.wsgi [req-19143915-f13f-469a-856e-ac864de6c058 req-a448d6ea-ae1e-4117-ac2b-212712955c0f c77361a9fe8e4cfbbd5fd79589d8ff23 ad7d2beab058472f90d9832e0a2a9e76 - - default default] 10.0.0.128 "GET /v2.0/security-groups?id=fc7984de-c78b-46b8-be2b-41686cba0e9a&fields=id&fields=name HTTP/1.1" status: 200 len: 294 time: 0.0554488
2026-07-09 14:24:37.419 10 INFO neutron.api.wsgi [req-b0286d6d-02db-4694-b0e1-4159384c66e5 req-907faad5-6990-4f15-a7b8-182ec36e6e83 0039bd4d8de5460bba806519a2d1cae1 29bdd136981d4cc2a3036ebe0e04c55a - - d3ef61c4b0e44188a5cc900bcb94ad38 d3ef61c4b0e44188a5cc900bcb94ad38] 199.19.213.61 "GET /v2.0/networks/6e0be040-5e37-4bc1-a795-81bec2f94562?fields=provider%3Aphysical_network&fields=provider%3Anetwork_type HTTP/1.1" status: 200 len: 277 time: 0.0791059
2026-07-09 14:24:37.492 9 INFO neutron.api.wsgi [req-e6c4cbbe-b3e5-4f1e-a21a-9243dc03bb0a req-5694c463-bb4b-4011-bc6e-c687f7ecf193 c77361a9fe8e4cfbbd5fd79589d8ff23 ad7d2beab058472f90d9832e0a2a9e76 - - default default] 10.0.0.128 "GET /v2.0/ports?device_id=63991ce0-9318-4ca3-ad3e-4edc9b8ce3ab HTTP/1.1" status: 200 len: 1415 time: 0.0354383
2026-07-09 14:24:37.515 10 INFO neutron.db.ovn_revision_numbers_db [None req-b15cd886-1b39-4cc7-bfdc-02c7527ec7a6 - - - - - -] Successfully bumped revision number for resource ff160ad3-d8bf-48e2-a608-e83de1827da1 (type: router_ports) to 1
2026-07-09 14:24:37.727 10 WARNING neutron.scheduler.dhcp_agent_scheduler [None req-b15cd886-1b39-4cc7-bfdc-02c7527ec7a6 - - - - - -] No more DHCP agents
2026-07-09 14:24:37.729 10 WARNING neutron.api.rpc.agentnotifiers.dhcp_rpc_agent_api [None req-b15cd886-1b39-4cc7-bfdc-02c7527ec7a6 - - - - - -] Unable to schedule network 174e6cf8-837b-4dbb-ad92-abda0e4bb587: no agents available; will retry on subsequent port and subnet creation events.
2026-07-09 14:24:37.865 10 INFO neutron.db.ovn_revision_numbers_db [None req-b15cd886-1b39-4cc7-bfdc-02c7527ec7a6 - - - - - -] Successfully bumped revision number for resource f5f58be3-4cc9-4569-85d5-5eb5a256a423 (type: ports) to 1
2026-07-09 14:24:38.075 10 INFO neutron.db.ovn_revision_numbers_db [None req-b15cd886-1b39-4cc7-bfdc-02c7527ec7a6 - - - - - -] Successfully bumped revision number for resource f5f58be3-4cc9-4569-85d5-5eb5a256a423 (type: ports) to 3
2026-07-09 14:24:38.114 13 ERROR oslo_messaging.rpc.server [None req-742caded-0c6a-4521-aaa8-61cae4b103ad 764956f1750b4213bb784b1fadf257c5 b4437647e9134dd0b529072be48147c1 - - default default] Exception during message handling: sqlalchemy.exc.PendingRollbackError: This Session's transaction has been rolled back due to a previous exception during flush. To begin a new transaction with this Session, first issue Session.rollback(). Original exception was: (pymysql.err.IntegrityError) (1062, "Duplicate entry '4a67fcf2-041e-4141-b816-b5a050fc252c-c5bab7f3-34d7-5a1d-8a5f-492' for key 'routervpnagentbindings.PRIMARY'") [SQL: INSERT INTO routervpnagentbindings (router_id, vpn_agent_id) VALUES (%(router_id)s, %(vpn_agent_id)s)] [parameters: {'router_id': '4a67fcf2-041e-4141-b816-b5a050fc252c', 'vpn_agent_id': 'c5bab7f3-34d7-5a1d-8a5f-4924fc647b42'}] (Background on this error at: https://sqlalche.me/e/20/gkpj) (Background on this error at: https://sqlalche.me/e/20/7s2a)
2026-07-09 14:24:38.114 13 ERROR oslo_messaging.rpc.server
Traceback (most recent call last):
2026-07-09 14:24:38.114 13 ERROR oslo_messaging.rpc.server
File "/var/lib/openstack/lib/python3.12/site-packages/oslo_messaging/rpc/server.py", line 172, in _process_incoming
2026-07-09 14:24:38.114 13 ERROR oslo_messaging.rpc.server res = self.dispatcher.dispatch(message)
2026-07-09 14:24:38.114 13 ERROR oslo_messaging.rpc.server ^^^^^^^^^^^^^^^^^^^^^^^^^^^^^^^^^
2026-07-09 14:24:38.114 13 ERROR oslo_messaging.rpc.server
File "/var/lib/openstack/lib/python3.12/site-packages/oslo_messaging/rpc/dispatcher.py", line 309, in dispatch
2026-07-09 14:24:38.114 13 ERROR oslo_messaging.rpc.server return self._do_dispatch(endpoint, method, ctxt, args)
2026-07-09 14:24:38.114 13 ERROR oslo_messaging.rpc.server ^^^^^^^^^^^^^^^^^^^^^^^^^^^^^^^^^^^^^^^^^^^^^^^
2026-07-09 14:24:38.114 13 ERROR oslo_messaging.rpc.server
File "/var/lib/openstack/lib/python3.12/site-packages/oslo_messaging/rpc/dispatcher.py", line 229, in _do_dispatch
2026-07-09 14:24:38.114 13 ERROR oslo_messaging.rpc.server result = func(ctxt, **new_args)
2026-07-09 14:24:38.114 13 ERROR oslo_messaging.rpc.server ^^^^^^^^^^^^^^^^^^^^^^
2026-07-09 14:24:38.114 13 ERROR oslo_messaging.rpc.server
File "/var/lib/openstack/lib/python3.12/site-packages/oslo_db/sqlalchemy/enginefacade.py", line 998, in wrapper
2026-07-09 14:24:38.114 13 ERROR oslo_messaging.rpc.server return fn(*args, **kwargs)
2026-07-09 14:24:38.114 13 ERROR oslo_messaging.rpc.server ^^^^^^^^^^^^^^^^^^^
2026-07-09 14:24:38.114 13 ERROR oslo_messaging.rpc.server
File "/var/lib/openstack/lib/python3.12/site-packages/neutron_vpnaas/services/vpn/service_drivers/base_ipsec.py", line 80, in get_vpn_services_on_host
2026-07-09 14:24:38.114 13 ERROR oslo_messaging.rpc.server local_cidr_map = plugin._build_local_subnet_cidr_map(context)
2026-07-09 14:24:38.114 13 ERROR oslo_messaging.rpc.server ^^^^^^^^^^^^^^^^^^^^^^^^^^^^^^^^^^^^^^^^^^^^
2026-07-09 14:24:38.114 13 ERROR oslo_messaging.rpc.server
File "/var/lib/openstack/lib/python3.12/site-packages/neutron_vpnaas/db/vpn/vpn_db.py", line 731, in _build_local_subnet_cidr_map
2026-07-09 14:24:38.114 13 ERROR oslo_messaging.rpc.server return {sn.id: sn.cidr for sn in query.all()}
2026-07-09 14:24:38.114 13 ERROR oslo_messaging.rpc.server ^^^^^^^^^^^
2026-07-09 14:24:38.114 13 ERROR oslo_messaging.rpc.server
File "/var/lib/openstack/lib/python3.12/site-packages/sqlalchemy/orm/query.py", line 2673, in all
2026-07-09 14:24:38.114 13 ERROR oslo_messaging.rpc.server return self._iter().all() # type: ignore
2026-07-09 14:24:38.114 13 ERROR oslo_messaging.rpc.server ^^^^^^^^^^^^
2026-07-09 14:24:38.114 13 ERROR oslo_messaging.rpc.server
File "/var/lib/openstack/lib/python3.12/site-packages/sqlalchemy/orm/query.py", line 2827, in _iter
2026-07-09 14:24:38.114 13 ERROR oslo_messaging.rpc.server result: Union[ScalarResult[_T], Result[_T]] = self.session.execute(
2026-07-09 14:24:38.114 13 ERROR oslo_messaging.rpc.server ^^^^^^^^^^^^^^^^^^^^^
2026-07-09 14:24:38.114 13 ERROR oslo_messaging.rpc.server
File "/var/lib/openstack/lib/python3.12/site-packages/sqlalchemy/orm/session.py", line 2362, in execute
2026-07-09 14:24:38.114 13 ERROR oslo_messaging.rpc.server return self._execute_internal(
2026-07-09 14:24:38.114 13 ERROR oslo_messaging.rpc.server ^^^^^^^^^^^^^^^^^^^^^^^
2026-07-09 14:24:38.114 13 ERROR oslo_messaging.rpc.server
File "/var/lib/openstack/lib/python3.12/site-packages/sqlalchemy/orm/session.py", line 2237, in _execute_internal
2026-07-09 14:24:38.114 13 ERROR oslo_messaging.rpc.server conn = self._connection_for_bind(bind)
2026-07-09 14:24:38.114 13 ERROR oslo_messaging.rpc.server ^^^^^^^^^^^^^^^^^^^^^^^^^^^^^^^
2026-07-09 14:24:38.114 13 ERROR oslo_messaging.rpc.server
File "/var/lib/openstack/lib/python3.12/site-packages/sqlalchemy/orm/session.py", line 2106, in _connection_for_bind
2026-07-09 14:24:38.114 13 ERROR oslo_messaging.rpc.server return trans._connection_for_bind(engine, execution_options)
2026-07-09 14:24:38.114 13 ERROR oslo_messaging.rpc.server ^^^^^^^^^^^^^^^^^^^^^^^^^^^^^^^^^^^^^^^^^^^^^^^^^^^^^
2026-07-09 14:24:38.114 13 ERROR oslo_messaging.rpc.server File "", line 2, in _connection_for_bind
2026-07-09 14:24:38.114 13 ERROR oslo_messaging.rpc.server
File "/var/lib/openstack/lib/python3.12/site-packages/sqlalchemy/orm/state_changes.py", line 103, in _go
2026-07-09 14:24:38.114 13 ERROR oslo_messaging.rpc.server self._raise_for_prerequisite_state(fn.__name__, current_state)
2026-07-09 14:24:38.114 13 ERROR oslo_messaging.rpc.server
File "/var/lib/openstack/lib/python3.12/site-packages/sqlalchemy/orm/session.py", line 973, in _raise_for_prerequisite_state
2026-07-09 14:24:38.114 13 ERROR oslo_messaging.rpc.server raise sa_exc.PendingRollbackError(
2026-07-09 14:24:38.114 13 ERROR oslo_messaging.rpc.server sqlalchemy.exc.PendingRollbackError: This Session's transaction has been rolled back due to a previous exception during flush. To begin a new transaction with this Session, first issue Session.rollback(). Original exception was: (pymysql.err.IntegrityError) (1062, "Duplicate entry '4a67fcf2-041e-4141-b816-b5a050fc252c-c5bab7f3-34d7-5a1d-8a5f-492' for key 'routervpnagentbindings.PRIMARY'")
2026-07-09 14:24:38.114 13 ERROR oslo_messaging.rpc.server [SQL: INSERT INTO routervpnagentbindings (router_id, vpn_agent_id) VALUES (%(router_id)s, %(vpn_agent_id)s)]
2026-07-09 14:24:38.114 13 ERROR oslo_messaging.rpc.server [parameters: {'router_id': '4a67fcf2-041e-4141-b816-b5a050fc252c', 'vpn_agent_id': 'c5bab7f3-34d7-5a1d-8a5f-4924fc647b42'}]
2026-07-09 14:24:38.114 13 ERROR oslo_messaging.rpc.server (Background on this error at: https://sqlalche.me/e/20/gkpj) (Background on this error at: https://sqlalche.me/e/20/7s2a)
2026-07-09 14:24:38.114 13 ERROR oslo_messaging.rpc.server
2026-07-09 14:24:38.239 10 INFO neutron.api.wsgi [None req-4e5a088b-5495-4df2-8704-7889c2eb0fe8 764956f1750b4213bb784b1fadf257c5 b4437647e9134dd0b529072be48147c1 - - default default] 10.0.0.127 "POST /v2.0/vpn/vpnservices HTTP/1.1" status: 201 len: 658 time: 4.7719076
2026-07-09 14:24:38.263 9 INFO neutron.api.wsgi [None req-0edc52c5-05da-4ea0-8431-5a5d45a42e09 764956f1750b4213bb784b1fadf257c5 b4437647e9134dd0b529072be48147c1 - - default default] 10.0.0.127 "GET /v2.0/vpn/vpnservices HTTP/1.1" status: 200 len: 1502 time: 0.0162911
2026-07-09 14:24:38.612 10 WARNING neutron.plugins.ml2.drivers.ovn.mech_driver.ovsdb.ovn_client [None req-5500a04d-03e6-4d1d-8771-799ae72f933c - - - - - -] No hosting information found for port a4af20f7-c745-42a8-93dc-636cb0e63d13: RuntimeError: No hosting information found for port a4af20f7-c745-42a8-93dc-636cb0e63d13
2026-07-09 14:24:38.740 10 INFO neutron.db.ovn_revision_numbers_db [None req-5500a04d-03e6-4d1d-8771-799ae72f933c - - - - - -] Successfully bumped revision number for resource a4af20f7-c745-42a8-93dc-636cb0e63d13 (type: router_ports) to 2
2026-07-09 14:24:39.252 10 INFO neutron.api.wsgi [req-77a674a1-d57d-4fb1-9589-33b5137a8ee6 req-68cab859-2d98-4cb8-8204-b05c98afe795 0039bd4d8de5460bba806519a2d1cae1 29bdd136981d4cc2a3036ebe0e04c55a - - d3ef61c4b0e44188a5cc900bcb94ad38 d3ef61c4b0e44188a5cc900bcb94ad38] 199.19.213.61 "GET /v2.0/ports?device_id=63991ce0-9318-4ca3-ad3e-4edc9b8ce3ab HTTP/1.1" status: 200 len: 1415 time: 0.0374787
2026-07-09 14:24:39.298 10 INFO neutron.api.wsgi [req-77a674a1-d57d-4fb1-9589-33b5137a8ee6 req-036a98a4-c012-4952-83b1-7f51822aac6f 0039bd4d8de5460bba806519a2d1cae1 29bdd136981d4cc2a3036ebe0e04c55a - - d3ef61c4b0e44188a5cc900bcb94ad38 d3ef61c4b0e44188a5cc900bcb94ad38] 199.19.213.61 "GET /v2.0/security-groups?id=fc7984de-c78b-46b8-be2b-41686cba0e9a&fields=id&fields=name HTTP/1.1" status: 200 len: 294 time: 0.0406470
2026-07-09 14:24:40.199 9 INFO neutron.api.wsgi [-] 10.0.0.205 "GET / HTTP/1.1" status: 200 len: 247 time: 0.0032892
2026-07-09 14:24:40.204 9 INFO neutron.api.wsgi [-] 10.0.0.205 "GET / HTTP/1.1" status: 200 len: 247 time: 0.0043921
2026-07-09 14:24:40.478 9 INFO neutron.api.wsgi [req-46140396-f1e7-43c3-969e-618f017c60a7 req-1b67f330-662d-49c7-b1a3-c660489a5b07 c77361a9fe8e4cfbbd5fd79589d8ff23 ad7d2beab058472f90d9832e0a2a9e76 - - default default] 10.0.0.128 "GET /v2.0/ports?device_id=63991ce0-9318-4ca3-ad3e-4edc9b8ce3ab HTTP/1.1" status: 200 len: 1415 time: 0.0384393
2026-07-09 14:24:40.531 9 INFO neutron.api.wsgi [req-46140396-f1e7-43c3-969e-618f017c60a7 req-18499aff-dc5a-4bf0-8f24-68997ae851b6 c77361a9fe8e4cfbbd5fd79589d8ff23 ad7d2beab058472f90d9832e0a2a9e76 - - default default] 10.0.0.128 "GET /v2.0/security-groups?id=fc7984de-c78b-46b8-be2b-41686cba0e9a&fields=id&fields=name HTTP/1.1" status: 200 len: 294 time: 0.0487392 /var/lib/openstack/lib/python3.12/site-packages/pycadf/identifier.py:71: UserWarning: Invalid uuid: neutron. To ensure interoperability, identifiers should be a valid uuid. warnings.warn(('Invalid uuid: %s. To ensure interoperability, '
2026-07-09 14:24:40.582 9 INFO neutron.api.wsgi [None req-b4fab66f-cf51-4feb-8b8d-cbc612f9b236 c77361a9fe8e4cfbbd5fd79589d8ff23 ad7d2beab058472f90d9832e0a2a9e76 - - default default] 10.0.0.46 "GET /v2.0/networks HTTP/1.1" status: 200 len: 8322 time: 0.1169059
2026-07-09 14:24:40.623 10 INFO neutron.api.wsgi [req-63822279-d6ae-45f9-a8b1-bf965aece565 req-13fd87e8-c93f-4961-b23e-96fc485706a2 c77361a9fe8e4cfbbd5fd79589d8ff23 ad7d2beab058472f90d9832e0a2a9e76 - - default default] 10.0.0.128 "GET /v2.0/ports?device_id=63991ce0-9318-4ca3-ad3e-4edc9b8ce3ab HTTP/1.1" status: 200 len: 1415 time: 0.0499072
2026-07-09 14:24:40.624 10 INFO neutron.services.segments.plugin [-] Segment fe86d4d3-5869-42ec-8de8-3d6d55d5afa6 resource provider aggregate not found
2026-07-09 14:24:40.630 10 INFO neutron.services.segments.plugin [-] Segment fe86d4d3-5869-42ec-8de8-3d6d55d5afa6 resource provider aggregate not found
2026-07-09 14:24:40.634 10 INFO neutron.services.segments.plugin [-] Segment fe86d4d3-5869-42ec-8de8-3d6d55d5afa6 resource provider not found; error: Placement Client Error (4xx): {"errors": [{"status": 404, "title": "Not Found", "detail": "The resource could not be found.\n\n No resource provider with uuid fe86d4d3-5869-42ec-8de8-3d6d55d5afa6 found for delete ", "request_id": "req-8c657a4c-773b-42c8-a5b7-79301e1b0a69"}]}
2026-07-09 14:24:40.648 10 INFO neutron.services.segments.plugin [-] Segment fe86d4d3-5869-42ec-8de8-3d6d55d5afa6 resource provider not found; error: Placement Client Error (4xx): {"errors": [{"status": 404, "title": "Not Found", "detail": "The resource could not be found.\n\n No resource provider with uuid fe86d4d3-5869-42ec-8de8-3d6d55d5afa6 found for delete ", "request_id": "req-02b6d5c1-c0f2-490c-ab86-d061a3aab9ee"}]}
2026-07-09 14:24:40.659 10 INFO neutron.api.wsgi [None req-676c69b3-9b1a-43b8-ba19-acfa39e03931 764956f1750b4213bb784b1fadf257c5 b4437647e9134dd0b529072be48147c1 - - default default] 10.0.0.127 "DELETE /v2.0/vpn/vpnservices/298223db-86f6-4b7f-bf28-fb74538aa0a6 HTTP/1.1" status: 204 len: 168 time: 2.3889709
2026-07-09 14:24:40.681 10 INFO neutron.api.wsgi [None req-6eb66f3a-ced2-4020-8dd0-7a264430ab2f 764956f1750b4213bb784b1fadf257c5 b4437647e9134dd0b529072be48147c1 - - default default] 10.0.0.127 "GET /v2.0/vpn/vpnservices HTTP/1.1" status: 200 len: 1056 time: 0.0126534
2026-07-09 14:24:40.688 10 WARNING neutron_lib.context [None req-4c67e22e-8423-40b6-a5bb-b1a954e8a5cf 764956f1750b4213bb784b1fadf257c5 b4437647e9134dd0b529072be48147c1 - - default default] Method 'is_advsvc' is deprecated since 2023.2 release (neutron-lib 3.8.0) and will be removed once support for the old RBAC API policies will be removed from Neutron. Please use method 'is_service_role' instead.
2026-07-09 14:24:40.718 9 INFO neutron.api.wsgi [None req-c77fabb5-7922-4d63-afb1-db705c77f149 c77361a9fe8e4cfbbd5fd79589d8ff23 ad7d2beab058472f90d9832e0a2a9e76 - - default default] 10.0.0.46 "GET /v2.0/ports HTTP/1.1" status: 200 len: 33424 time: 0.1296968
2026-07-09 14:24:40.761 10 INFO neutron.api.v2.resource [None req-4c67e22e-8423-40b6-a5bb-b1a954e8a5cf 764956f1750b4213bb784b1fadf257c5 b4437647e9134dd0b529072be48147c1 - - default default] create failed (client error): The server could not comply with the request since it is either malformed or otherwise incorrect.
2026-07-09 14:24:40.762 10 INFO neutron.api.wsgi [None req-4c67e22e-8423-40b6-a5bb-b1a954e8a5cf 764956f1750b4213bb784b1fadf257c5 b4437647e9134dd0b529072be48147c1 - - default default] 10.0.0.127 "POST /v2.0/vpn/ipsec-site-connections HTTP/1.1" status: 400 len: 330 time: 0.0778010
2026-07-09 14:24:40.778 9 WARNING neutron_lib.context [None req-ff143e1f-d05f-42ab-80a3-f1ec8bb238a7 764956f1750b4213bb784b1fadf257c5 b4437647e9134dd0b529072be48147c1 - - default default] Method 'is_advsvc' is deprecated since 2023.2 release (neutron-lib 3.8.0) and will be removed once support for the old RBAC API policies will be removed from Neutron. Please use method 'is_service_role' instead.
2026-07-09 14:24:40.850 9 INFO neutron.api.v2.resource [None req-ff143e1f-d05f-42ab-80a3-f1ec8bb238a7 764956f1750b4213bb784b1fadf257c5 b4437647e9134dd0b529072be48147c1 - - default default] create failed (client error): The server could not comply with the request since it is either malformed or otherwise incorrect.
2026-07-09 14:24:40.851 9 INFO neutron.api.wsgi [None req-ff143e1f-d05f-42ab-80a3-f1ec8bb238a7 764956f1750b4213bb784b1fadf257c5 b4437647e9134dd0b529072be48147c1 - - default default] 10.0.0.127 "POST /v2.0/vpn/ipsec-site-connections HTTP/1.1" status: 400 len: 339 time: 0.0776856
2026-07-09 14:24:40.863 9 INFO neutron.api.wsgi [None req-8d5db7b2-71b7-480d-8ec9-5f941b43f42b c77361a9fe8e4cfbbd5fd79589d8ff23 ad7d2beab058472f90d9832e0a2a9e76 - - default default] 10.0.0.46 "GET /v2.0/routers HTTP/1.1" status: 200 len: 4084 time: 0.1216071
2026-07-09 14:24:40.864 10 WARNING neutron.api.v2.base [None req-475d12be-104b-47ac-b2f9-54c7ad76c017 764956f1750b4213bb784b1fadf257c5 b4437647e9134dd0b529072be48147c1 - - default default] An exception happened while processing the request body. The exception message is [Invalid input for dpd. Reason: '59' is not a dictionary.].: webob.exc.HTTPBadRequest: Invalid input for dpd. Reason: '59' is not a dictionary.
2026-07-09 14:24:40.865 10 INFO neutron.api.v2.resource [None req-475d12be-104b-47ac-b2f9-54c7ad76c017 764956f1750b4213bb784b1fadf257c5 b4437647e9134dd0b529072be48147c1 - - default default] create failed (client error): Invalid input for dpd. Reason: '59' is not a dictionary.
2026-07-09 14:24:40.866 10 INFO neutron.api.wsgi [None req-475d12be-104b-47ac-b2f9-54c7ad76c017 764956f1750b4213bb784b1fadf257c5 b4437647e9134dd0b529072be48147c1 - - default default] 10.0.0.127 "POST /v2.0/vpn/ipsec-site-connections HTTP/1.1" status: 400 len: 332 time: 0.0080297
2026-07-09 14:24:40.872 9 INFO neutron.api.wsgi [None req-17bbc5ea-717a-4b80-861c-64b5c89c947c c77361a9fe8e4cfbbd5fd79589d8ff23 ad7d2beab058472f90d9832e0a2a9e76 - - default default] 10.0.0.46 "GET /v2.0/agents?binary=ovn-controller HTTP/1.1" status: 200 len: 591 time: 0.0082111
2026-07-09 14:24:40.878 10 WARNING neutron_lib.context [None req-f508e334-b345-4c02-8911-3d5031a90599 764956f1750b4213bb784b1fadf257c5 b4437647e9134dd0b529072be48147c1 - - default default] Method 'is_advsvc' is deprecated since 2023.2 release (neutron-lib 3.8.0) and will be removed once support for the old RBAC API policies will be removed from Neutron. Please use method 'is_service_role' instead.
2026-07-09 14:24:40.886 9 INFO neutron.api.wsgi [None req-f365264a-03d6-4586-a189-7959c9eceae1 c77361a9fe8e4cfbbd5fd79589d8ff23 ad7d2beab058472f90d9832e0a2a9e76 - - default default] 10.0.0.46 "GET /v2.0/network-ip-availabilities HTTP/1.1" status: 200 len: 5037 time: 0.0124190
2026-07-09 14:24:40.920 10 INFO neutron.api.wsgi [None req-f508e334-b345-4c02-8911-3d5031a90599 764956f1750b4213bb784b1fadf257c5 b4437647e9134dd0b529072be48147c1 - - default default] 10.0.0.127 "POST /v2.0/vpn/endpoint-groups HTTP/1.1" status: 201 len: 493 time: 0.0486798
2026-07-09 14:24:40.928 10 WARNING neutron_lib.context [None req-b10dc681-ea7e-495b-82e9-da850fb1faa3 764956f1750b4213bb784b1fadf257c5 b4437647e9134dd0b529072be48147c1 - - default default] Method 'is_advsvc' is deprecated since 2023.2 release (neutron-lib 3.8.0) and will be removed once support for the old RBAC API policies will be removed from Neutron. Please use method 'is_service_role' instead.
2026-07-09 14:24:40.929 9 INFO neutron.api.wsgi [None req-0084b03b-abaf-4318-883d-8afebcb50189 c77361a9fe8e4cfbbd5fd79589d8ff23 ad7d2beab058472f90d9832e0a2a9e76 - - default default] 10.0.0.46 "GET /v2.0/floatingips HTTP/1.1" status: 200 len: 1879 time: 0.0420516
2026-07-09 14:24:40.968 10 INFO neutron.api.v2.resource [None req-b10dc681-ea7e-495b-82e9-da850fb1faa3 764956f1750b4213bb784b1fadf257c5 b4437647e9134dd0b529072be48147c1 - - default default] create failed (client error): The server could not comply with the request since it is either malformed or otherwise incorrect.
2026-07-09 14:24:40.970 10 INFO neutron.api.wsgi [None req-b10dc681-ea7e-495b-82e9-da850fb1faa3 764956f1750b4213bb784b1fadf257c5 b4437647e9134dd0b529072be48147c1 - - default default] 10.0.0.127 "POST /v2.0/vpn/ipsec-site-connections HTTP/1.1" status: 400 len: 352 time: 0.0457711
2026-07-09 14:24:40.980 9 INFO neutron.api.wsgi [None req-653cd06d-7c64-430c-8839-d0460c7cc182 c77361a9fe8e4cfbbd5fd79589d8ff23 ad7d2beab058472f90d9832e0a2a9e76 - - default default] 10.0.0.46 "GET /v2.0/security-groups HTTP/1.1" status: 200 len: 33352 time: 0.0497642
2026-07-09 14:24:40.986 10 INFO neutron.api.wsgi [None req-360bf9c2-3f3c-4f15-be21-384943ff8618 764956f1750b4213bb784b1fadf257c5 b4437647e9134dd0b529072be48147c1 - - default default] 10.0.0.127 "GET /v2.0/vpn/endpoint-groups HTTP/1.1" status: 200 len: 1103 time: 0.0096760
2026-07-09 14:24:41.023 10 INFO neutron.api.wsgi [None req-04575b1a-e6f7-49ce-b548-9502b45cb607 764956f1750b4213bb784b1fadf257c5 b4437647e9134dd0b529072be48147c1 - - default default] 10.0.0.127 "DELETE /v2.0/vpn/endpoint-groups/3d2ded44-2541-4cef-a72e-769556d79a97 HTTP/1.1" status: 204 len: 168 time: 0.0295184
2026-07-09 14:24:41.028 9 INFO neutron.api.wsgi [None req-d7a35765-5090-4205-907e-009ce7e15c45 c77361a9fe8e4cfbbd5fd79589d8ff23 ad7d2beab058472f90d9832e0a2a9e76 - - default default] 10.0.0.46 "GET /v2.0/subnets HTTP/1.1" status: 200 len: 8290 time: 0.0380375
2026-07-09 14:24:41.033 10 INFO neutron.api.wsgi [None req-cbb31f0c-383c-4790-8368-fb5b4bcf2df8 764956f1750b4213bb784b1fadf257c5 b4437647e9134dd0b529072be48147c1 - - default default] 10.0.0.127 "GET /v2.0/vpn/endpoint-groups HTTP/1.1" status: 200 len: 827 time: 0.0080616
2026-07-09 14:24:41.040 10 WARNING neutron_lib.context [None req-9ea6b3a5-3a2a-451d-b8e1-3ee6e853f931 764956f1750b4213bb784b1fadf257c5 b4437647e9134dd0b529072be48147c1 - - default default] Method 'is_advsvc' is deprecated since 2023.2 release (neutron-lib 3.8.0) and will be removed once support for the old RBAC API policies will be removed from Neutron. Please use method 'is_service_role' instead.
2026-07-09 14:24:41.041 9 INFO neutron.api.wsgi [None req-7b449ea1-9940-4e2b-9088-fb23f174a3c3 c77361a9fe8e4cfbbd5fd79589d8ff23 ad7d2beab058472f90d9832e0a2a9e76 - - default default] 10.0.0.46 "GET /v2.0/agents HTTP/1.1" status: 200 len: 1390 time: 0.0103116
2026-07-09 14:24:41.081 9 INFO neutron.api.wsgi [None req-6ac14214-971c-4893-8ffc-f848bf3554ad c77361a9fe8e4cfbbd5fd79589d8ff23 ad7d2beab058472f90d9832e0a2a9e76 - - default default] 10.0.0.46 "GET /v2.0/subnets HTTP/1.1" status: 200 len: 8290 time: 0.0390689
2026-07-09 14:24:41.091 9 INFO neutron.api.wsgi [None req-3b0e3a6b-57d3-40f4-8279-e45d15d3a87a c77361a9fe8e4cfbbd5fd79589d8ff23 ad7d2beab058472f90d9832e0a2a9e76 - - default default] 10.0.0.46 "GET /v2.0/subnetpools HTTP/1.1" status: 200 len: 193 time: 0.0075510
2026-07-09 14:24:41.092 10 INFO neutron.api.wsgi [None req-9ea6b3a5-3a2a-451d-b8e1-3ee6e853f931 764956f1750b4213bb784b1fadf257c5 b4437647e9134dd0b529072be48147c1 - - default default] 10.0.0.127 "POST /v2.0/vpn/endpoint-groups HTTP/1.1" status: 201 len: 501 time: 0.0552893
2026-07-09 14:24:41.102 9 WARNING neutron_lib.context [None req-c9850834-2115-463c-8ba2-6b7c34017afc 764956f1750b4213bb784b1fadf257c5 b4437647e9134dd0b529072be48147c1 - - default default] Method 'is_advsvc' is deprecated since 2023.2 release (neutron-lib 3.8.0) and will be removed once support for the old RBAC API policies will be removed from Neutron. Please use method 'is_service_role' instead.
2026-07-09 14:24:41.134 9 INFO neutron.api.v2.resource [None req-c9850834-2115-463c-8ba2-6b7c34017afc 764956f1750b4213bb784b1fadf257c5 b4437647e9134dd0b529072be48147c1 - - default default] create failed (client error): The server could not comply with the request since it is either malformed or otherwise incorrect.
2026-07-09 14:24:41.135 9 INFO neutron.api.wsgi [None req-c9850834-2115-463c-8ba2-6b7c34017afc 764956f1750b4213bb784b1fadf257c5 b4437647e9134dd0b529072be48147c1 - - default default] 10.0.0.127 "POST /v2.0/vpn/ipsec-site-connections HTTP/1.1" status: 400 len: 351 time: 0.0386050
2026-07-09 14:24:41.150 9 INFO neutron.api.wsgi [None req-1f019f7b-1ac5-4941-a2b9-d68abe3d3a72 764956f1750b4213bb784b1fadf257c5 b4437647e9134dd0b529072be48147c1 - - default default] 10.0.0.127 "GET /v2.0/vpn/endpoint-groups HTTP/1.1" status: 200 len: 1111 time: 0.0100553
2026-07-09 14:24:41.171 9 INFO neutron.api.wsgi [None req-258fe7fe-adc0-46f2-8446-a0a9195ca759 764956f1750b4213bb784b1fadf257c5 b4437647e9134dd0b529072be48147c1 - - default default] 10.0.0.127 "DELETE /v2.0/vpn/endpoint-groups/1ef5cf43-3500-49fa-98d3-901d59738a2f HTTP/1.1" status: 204 len: 168 time: 0.0177383
2026-07-09 14:24:41.182 9 INFO neutron.api.wsgi [None req-4288f147-5463-409c-adc2-6820c7423b97 764956f1750b4213bb784b1fadf257c5 b4437647e9134dd0b529072be48147c1 - - default default] 10.0.0.127 "GET /v2.0/vpn/endpoint-groups HTTP/1.1" status: 200 len: 827 time: 0.0080678
2026-07-09 14:24:41.190 9 WARNING neutron.api.v2.base [None req-1707f29d-8e76-44f2-bc71-f631623d9504 764956f1750b4213bb784b1fadf257c5 b4437647e9134dd0b529072be48147c1 - - default default] An exception happened while processing the request body. The exception message is [Invalid input for peer_cidrs. Reason: '1.0.0.0/33' is not a valid IP subnet.].: webob.exc.HTTPBadRequest: Invalid input for peer_cidrs. Reason: '1.0.0.0/33' is not a valid IP subnet.
2026-07-09 14:24:41.190 9 INFO neutron.api.v2.resource [None req-1707f29d-8e76-44f2-bc71-f631623d9504 764956f1750b4213bb784b1fadf257c5 b4437647e9134dd0b529072be48147c1 - - default default] create failed (client error): Invalid input for peer_cidrs. Reason: '1.0.0.0/33' is not a valid IP subnet.
2026-07-09 14:24:41.191 9 INFO neutron.api.wsgi [None req-1707f29d-8e76-44f2-bc71-f631623d9504 764956f1750b4213bb784b1fadf257c5 b4437647e9134dd0b529072be48147c1 - - default default] 10.0.0.127 "POST /v2.0/vpn/ipsec-site-connections HTTP/1.1" status: 400 len: 352 time: 0.0050292
2026-07-09 14:24:41.199 9 WARNING neutron_lib.context [None req-7c9ae87b-bfaa-4d60-8dce-f130755f92fd 764956f1750b4213bb784b1fadf257c5 b4437647e9134dd0b529072be48147c1 - - default default] Method 'is_advsvc' is deprecated since 2023.2 release (neutron-lib 3.8.0) and will be removed once support for the old RBAC API policies will be removed from Neutron. Please use method 'is_service_role' instead.
2026-07-09 14:24:41.299 9 INFO neutron.db.segments_db [None req-7c9ae87b-bfaa-4d60-8dce-f130755f92fd 764956f1750b4213bb784b1fadf257c5 b4437647e9134dd0b529072be48147c1 - - default default] Added segment 21040957-6074-4b20-95e2-9c532b23aa21 of type geneve for network b80ddb4c-1294-4861-9e70-b93e8e997d55
2026-07-09 14:24:41.421 9 INFO neutron.db.ovn_revision_numbers_db [None req-7c9ae87b-bfaa-4d60-8dce-f130755f92fd 764956f1750b4213bb784b1fadf257c5 b4437647e9134dd0b529072be48147c1 - - default default] Successfully bumped revision number for resource b80ddb4c-1294-4861-9e70-b93e8e997d55 (type: networks) to 1
2026-07-09 14:24:41.574 9 WARNING neutron.scheduler.dhcp_agent_scheduler [None req-7c9ae87b-bfaa-4d60-8dce-f130755f92fd 764956f1750b4213bb784b1fadf257c5 b4437647e9134dd0b529072be48147c1 - - default default] No more DHCP agents
2026-07-09 14:24:41.575 9 WARNING neutron.api.rpc.agentnotifiers.dhcp_rpc_agent_api [None req-7c9ae87b-bfaa-4d60-8dce-f130755f92fd 764956f1750b4213bb784b1fadf257c5 b4437647e9134dd0b529072be48147c1 - - default default] Unable to schedule network b80ddb4c-1294-4861-9e70-b93e8e997d55: no agents available; will retry on subsequent port and subnet creation events.
2026-07-09 14:24:41.633 9 INFO neutron.db.ovn_revision_numbers_db [None req-7c9ae87b-bfaa-4d60-8dce-f130755f92fd 764956f1750b4213bb784b1fadf257c5 b4437647e9134dd0b529072be48147c1 - - default default] Successfully bumped revision number for resource fb2d6518-f68d-4365-a599-4d68741b74d1 (type: ports) to 1
2026-07-09 14:24:41.660 9 INFO neutron.api.wsgi [None req-7c9ae87b-bfaa-4d60-8dce-f130755f92fd 764956f1750b4213bb784b1fadf257c5 b4437647e9134dd0b529072be48147c1 - - default default] 10.0.0.127 "POST /v2.0/networks HTTP/1.1" status: 201 len: 831 time: 0.4654405
2026-07-09 14:24:41.669 9 WARNING neutron_lib.context [None req-f1496ab3-b090-4335-b1a7-dd533f35281a 764956f1750b4213bb784b1fadf257c5 b4437647e9134dd0b529072be48147c1 - - default default] Method 'is_advsvc' is deprecated since 2023.2 release (neutron-lib 3.8.0) and will be removed once support for the old RBAC API policies will be removed from Neutron. Please use method 'is_service_role' instead.
2026-07-09 14:24:41.849 9 WARNING neutron.scheduler.dhcp_agent_scheduler [None req-f1496ab3-b090-4335-b1a7-dd533f35281a 764956f1750b4213bb784b1fadf257c5 b4437647e9134dd0b529072be48147c1 - - default default] No more DHCP agents
2026-07-09 14:24:41.851 9 WARNING neutron.api.rpc.agentnotifiers.dhcp_rpc_agent_api [None req-f1496ab3-b090-4335-b1a7-dd533f35281a 764956f1750b4213bb784b1fadf257c5 b4437647e9134dd0b529072be48147c1 - - default default] Unable to schedule network b80ddb4c-1294-4861-9e70-b93e8e997d55: no agents available; will retry on subsequent port and subnet creation events.
2026-07-09 14:24:41.934 9 WARNING neutron.plugins.ml2.drivers.ovn.mech_driver.ovsdb.ovn_client [None req-106c94d1-f641-4d70-86fa-c66444f4ddae - - - - - -] No port found with ID ff160ad3-d8bf-48e2-a608-e83de1827da1: RuntimeError: No port found with ID ff160ad3-d8bf-48e2-a608-e83de1827da1
2026-07-09 14:24:41.945 9 INFO neutron.plugins.ml2.drivers.ovn.mech_driver.mech_driver [None req-106c94d1-f641-4d70-86fa-c66444f4ddae - - - - - -] OVN reports status up for port: 4f20d65b-fb80-4a78-bca2-a5fbf868018e
2026-07-09 14:24:41.960 9 INFO neutron.plugins.ml2.plugin [None req-106c94d1-f641-4d70-86fa-c66444f4ddae - - - - - -] Attempt 1 to provision port 4f20d65b-fb80-4a78-bca2-a5fbf868018e
2026-07-09 14:24:42.100 9 INFO neutron.notifiers.nova [-] Nova event matching ['req-2fc56603-6945-49ee-b97d-e6ea5da7e959'] response: {'server_uuid': '63991ce0-9318-4ca3-ad3e-4edc9b8ce3ab', 'name': 'network-vif-plugged', 'status': 'completed', 'tag': '4f20d65b-fb80-4a78-bca2-a5fbf868018e', 'code': 200}
2026-07-09 14:24:42.224 9 INFO neutron.db.ovn_revision_numbers_db [None req-106c94d1-f641-4d70-86fa-c66444f4ddae - - - - - -] Successfully bumped revision number for resource 4f20d65b-fb80-4a78-bca2-a5fbf868018e (type: ports) to 5
2026-07-09 14:24:42.309 9 INFO neutron.db.ovn_revision_numbers_db [None req-e49cb46b-6a56-4b28-b6a4-2f102f759e40 - - - - - -] Successfully bumped revision number for resource fb2d6518-f68d-4365-a599-4d68741b74d1 (type: ports) to 2
2026-07-09 14:24:42.338 9 INFO neutron.db.ovn_revision_numbers_db [None req-e49cb46b-6a56-4b28-b6a4-2f102f759e40 - - - - - -] Successfully bumped revision number for resource c2926cc4-b024-4720-a5e3-73b0658135ba (type: subnets) to 0
2026-07-09 14:24:42.355 9 INFO neutron.api.wsgi [None req-f1496ab3-b090-4335-b1a7-dd533f35281a 764956f1750b4213bb784b1fadf257c5 b4437647e9134dd0b529072be48147c1 - - default default] 10.0.0.127 "POST /v2.0/subnets HTTP/1.1" status: 201 len: 828 time: 0.6894736 /var/lib/openstack/lib/python3.12/site-packages/pycadf/identifier.py:71: UserWarning: Invalid uuid: neutron. To ensure interoperability, identifiers should be a valid uuid. warnings.warn(('Invalid uuid: %s. To ensure interoperability, '
2026-07-09 14:24:42.365 9 WARNING neutron_lib.context [None req-7d4da78c-1b7b-45cf-b665-68df2c864bbd 764956f1750b4213bb784b1fadf257c5 b4437647e9134dd0b529072be48147c1 - - default default] Method 'is_advsvc' is deprecated since 2023.2 release (neutron-lib 3.8.0) and will be removed once support for the old RBAC API policies will be removed from Neutron. Please use method 'is_service_role' instead.
2026-07-09 14:24:42.732 9 WARNING neutron.scheduler.dhcp_agent_scheduler [None req-7d4da78c-1b7b-45cf-b665-68df2c864bbd 764956f1750b4213bb784b1fadf257c5 b4437647e9134dd0b529072be48147c1 - - default default] No more DHCP agents
2026-07-09 14:24:42.734 9 WARNING neutron.api.rpc.agentnotifiers.dhcp_rpc_agent_api [None req-7d4da78c-1b7b-45cf-b665-68df2c864bbd 764956f1750b4213bb784b1fadf257c5 b4437647e9134dd0b529072be48147c1 - - default default] Unable to schedule network 0de78d7e-85fd-4e7f-94c1-c0c4916a3c0b: no agents available; will retry on subsequent port and subnet creation events.
2026-07-09 14:24:42.867 9 INFO neutron.db.ovn_revision_numbers_db [None req-7d4da78c-1b7b-45cf-b665-68df2c864bbd 764956f1750b4213bb784b1fadf257c5 b4437647e9134dd0b529072be48147c1 - - default default] Successfully bumped revision number for resource b44aff2d-4755-4bd8-9c7a-abe7e892a9f7 (type: ports) to 1
2026-07-09 14:24:43.451 9 INFO neutron.api.wsgi [req-7c122305-a00c-49cc-81bd-fa199167ceed req-db4ce153-a59b-4b61-b2eb-65a1bd785854 c77361a9fe8e4cfbbd5fd79589d8ff23 ad7d2beab058472f90d9832e0a2a9e76 - - default default] 10.0.0.128 "GET /v2.0/ports?device_id=63991ce0-9318-4ca3-ad3e-4edc9b8ce3ab HTTP/1.1" status: 200 len: 1417 time: 0.0427909
2026-07-09 14:24:43.481 9 INFO neutron.plugins.ml2.drivers.ovn.mech_driver.ovsdb.commands [None req-514aead0-a9b8-4efc-ba5a-81c257ab371e - - - - - -] Schedule LRP lrp-b44aff2d-4755-4bd8-9c7a-abe7e892a9f7 on gateway 9471688c-9f56-4fc5-a150-02e959409f35 with priority 1
2026-07-09 14:24:43.502 10 INFO neutron.plugins.ml2.drivers.ovn.mech_driver.mech_driver [None req-5500a04d-03e6-4d1d-8771-799ae72f933c - - - - - -] OVN reports status up for port: b44aff2d-4755-4bd8-9c7a-abe7e892a9f7
2026-07-09 14:24:43.508 9 INFO neutron.api.wsgi [req-7c122305-a00c-49cc-81bd-fa199167ceed req-0ab1b37f-a414-4b11-9688-ff35e5d4316b c77361a9fe8e4cfbbd5fd79589d8ff23 ad7d2beab058472f90d9832e0a2a9e76 - - default default] 10.0.0.128 "GET /v2.0/security-groups?id=fc7984de-c78b-46b8-be2b-41686cba0e9a&fields=id&fields=name HTTP/1.1" status: 200 len: 294 time: 0.0499880
2026-07-09 14:24:43.510 10 INFO neutron.plugins.ml2.plugin [None req-5500a04d-03e6-4d1d-8771-799ae72f933c - - - - - -] Attempt 1 to provision port b44aff2d-4755-4bd8-9c7a-abe7e892a9f7
2026-07-09 14:24:43.591 10 INFO neutron.api.wsgi [req-2aa7d9e7-aed9-4667-8a91-71bf66f14a83 req-25228585-7198-42e7-a8c3-8212f29878c7 c77361a9fe8e4cfbbd5fd79589d8ff23 ad7d2beab058472f90d9832e0a2a9e76 - - default default] 10.0.0.128 "GET /v2.0/ports?device_id=63991ce0-9318-4ca3-ad3e-4edc9b8ce3ab HTTP/1.1" status: 200 len: 1417 time: 0.0346456
2026-07-09 14:24:43.868 9 INFO neutron.db.ovn_revision_numbers_db [None req-7d4da78c-1b7b-45cf-b665-68df2c864bbd 764956f1750b4213bb784b1fadf257c5 b4437647e9134dd0b529072be48147c1 - - default default] Successfully bumped revision number for resource b44aff2d-4755-4bd8-9c7a-abe7e892a9f7 (type: router_ports) to 1
2026-07-09 14:24:43.933 9 INFO neutron.db.ovn_revision_numbers_db [None req-7d4da78c-1b7b-45cf-b665-68df2c864bbd 764956f1750b4213bb784b1fadf257c5 b4437647e9134dd0b529072be48147c1 - - default default] Successfully bumped revision number for resource 02239c97-ba70-4200-926f-28744876796e (type: routers) to 2
2026-07-09 14:24:43.948 9 INFO neutron.api.wsgi [None req-7d4da78c-1b7b-45cf-b665-68df2c864bbd 764956f1750b4213bb784b1fadf257c5 b4437647e9134dd0b529072be48147c1 - - default default] 10.0.0.127 "POST /v2.0/routers HTTP/1.1" status: 201 len: 1136 time: 1.5883186
2026-07-09 14:24:44.052 9 INFO neutron.api.v2.resource [None req-66927b16-72b7-46e1-a350-a338fad55cfb 4ab2ae858517469ba1b9dd81a01f2a16 b4be1a8d41f94228b743e9dfe324bcfc - - default default] create failed (client error): The server could not comply with the request since it is either malformed or otherwise incorrect.
2026-07-09 14:24:44.053 9 INFO neutron.api.wsgi [None req-66927b16-72b7-46e1-a350-a338fad55cfb 4ab2ae858517469ba1b9dd81a01f2a16 b4be1a8d41f94228b743e9dfe324bcfc - - default default] 10.0.0.127 "POST /v2.0/vpn/vpnservices HTTP/1.1" status: 400 len: 397 time: 0.1009767
2026-07-09 14:24:44.132 9 INFO neutron.notifiers.nova [-] Nova event matching ['req-127c3db0-fdb9-4189-af80-0cfd4aed81bf'] response: {'server_uuid': '63991ce0-9318-4ca3-ad3e-4edc9b8ce3ab', 'name': 'network-vif-plugged', 'status': 'completed', 'tag': '4f20d65b-fb80-4a78-bca2-a5fbf868018e', 'code': 200}
2026-07-09 14:24:44.513 9 INFO neutron.services.segments.plugin [-] Segment 21040957-6074-4b20-95e2-9c532b23aa21 resource provider aggregate not found
2026-07-09 14:24:44.519 9 INFO neutron.services.segments.plugin [-] Segment 21040957-6074-4b20-95e2-9c532b23aa21 resource provider aggregate not found
2026-07-09 14:24:44.539 9 INFO neutron.services.segments.plugin [-] Segment 21040957-6074-4b20-95e2-9c532b23aa21 resource provider not found; error: Placement Client Error (4xx): {"errors": [{"status": 404, "title": "Not Found", "detail": "The resource could not be found.\n\n No resource provider with uuid 21040957-6074-4b20-95e2-9c532b23aa21 found for delete ", "request_id": "req-8e910059-2220-4c2e-9d01-a0113c678261"}]}
2026-07-09 14:24:44.539 9 INFO neutron.services.segments.plugin [-] Segment 21040957-6074-4b20-95e2-9c532b23aa21 resource provider not found; error: Placement Client Error (4xx): {"errors": [{"status": 404, "title": "Not Found", "detail": "The resource could not be found.\n\n No resource provider with uuid 21040957-6074-4b20-95e2-9c532b23aa21 found for delete ", "request_id": "req-ac706517-11e8-485e-8b80-17c6774145de"}]}
2026-07-09 14:24:44.548 9 INFO neutron.api.wsgi [None req-ed29826c-cbe7-4330-9b1c-6e90c2aa1711 4ab2ae858517469ba1b9dd81a01f2a16 b4be1a8d41f94228b743e9dfe324bcfc - - default default] 10.0.0.127 "DELETE /v2.0/networks/b80ddb4c-1294-4861-9e70-b93e8e997d55 HTTP/1.1" status: 204 len: 168 time: 0.4891863
2026-07-09 14:24:45.237 9 INFO neutron.api.wsgi [None req-cb5a0698-58b7-41da-9403-604188200f13 4ab2ae858517469ba1b9dd81a01f2a16 b4be1a8d41f94228b743e9dfe324bcfc - - default default] 10.0.0.127 "DELETE /v2.0/routers/02239c97-ba70-4200-926f-28744876796e HTTP/1.1" status: 204 len: 168 time: 0.6849203
