2026-07-09 14:20:33.941 9 INFO neutron.api.wsgi [None req-1a043607-2642-4ee7-95c7-ec18901229f0 c77361a9fe8e4cfbbd5fd79589d8ff23 ad7d2beab058472f90d9832e0a2a9e76 - - default default] 10.0.0.127 "DELETE /v2.0/security-groups/0283fa57-01ca-4c10-a827-03d7ea2dff2a HTTP/1.1" status: 204 len: 168 time: 0.2474229
2026-07-09 14:20:34.079 10 INFO neutron.api.wsgi [None req-c014f802-f4cd-4dc4-95e0-dc47661c3150 c77361a9fe8e4cfbbd5fd79589d8ff23 ad7d2beab058472f90d9832e0a2a9e76 - - default default] 10.0.0.127 "DELETE /v2.0/routers/433b6cc5-b9dd-49be-b377-ad946fd0f1f9 HTTP/1.1" status: 204 len: 168 time: 0.6087341
2026-07-09 14:20:34.245 9 INFO neutron.api.wsgi [None req-5be2adf6-60e2-4dff-b980-9ea10768592c c77361a9fe8e4cfbbd5fd79589d8ff23 ad7d2beab058472f90d9832e0a2a9e76 - - default default] 10.0.0.127 "DELETE /v2.0/subnets/dd041177-7195-4ada-8e27-1757aa6243a6 HTTP/1.1" status: 204 len: 168 time: 0.1622748
2026-07-09 14:20:34.313 9 INFO neutron.db.ovn_revision_numbers_db [None req-d162656f-89e7-484c-96ce-6a4b3e51a30e c77361a9fe8e4cfbbd5fd79589d8ff23 ad7d2beab058472f90d9832e0a2a9e76 - - default default] Successfully bumped revision number for resource bf61b275-023f-4877-aade-22883bf6073e (type: security_groups) to 1
2026-07-09 14:20:34.327 9 INFO neutron.db.ovn_revision_numbers_db [None req-d162656f-89e7-484c-96ce-6a4b3e51a30e c77361a9fe8e4cfbbd5fd79589d8ff23 ad7d2beab058472f90d9832e0a2a9e76 - - default default] Successfully bumped revision number for resource 1f12de7d-2e41-489f-b635-ec0005948150 (type: security_group_rules) to 0
2026-07-09 14:20:34.340 9 INFO neutron.db.ovn_revision_numbers_db [None req-d162656f-89e7-484c-96ce-6a4b3e51a30e c77361a9fe8e4cfbbd5fd79589d8ff23 ad7d2beab058472f90d9832e0a2a9e76 - - default default] Successfully bumped revision number for resource 7520912a-3e5f-4c0f-966c-bf6d0e2807a4 (type: security_group_rules) to 0
2026-07-09 14:20:34.351 9 INFO neutron.db.ovn_revision_numbers_db [None req-d162656f-89e7-484c-96ce-6a4b3e51a30e c77361a9fe8e4cfbbd5fd79589d8ff23 ad7d2beab058472f90d9832e0a2a9e76 - - default default] Successfully bumped revision number for resource b4efc469-26e7-4d19-9ebe-30567945b385 (type: security_group_rules) to 0
2026-07-09 14:20:34.362 9 INFO neutron.db.ovn_revision_numbers_db [None req-d162656f-89e7-484c-96ce-6a4b3e51a30e c77361a9fe8e4cfbbd5fd79589d8ff23 ad7d2beab058472f90d9832e0a2a9e76 - - default default] Successfully bumped revision number for resource de4b100b-b78c-4c4e-ae2f-c8ff57f01716 (type: security_group_rules) to 0
2026-07-09 14:20:34.394 9 INFO neutron.api.wsgi [None req-d162656f-89e7-484c-96ce-6a4b3e51a30e c77361a9fe8e4cfbbd5fd79589d8ff23 ad7d2beab058472f90d9832e0a2a9e76 - - default default] 10.0.0.127 "GET /v2.0/security-groups?tenant_id=0252f378d35e46cb9a4344ec5cfc8221&name=default HTTP/1.1" status: 200 len: 3120 time: 0.4029717
2026-07-09 14:20:34.559 10 INFO neutron.api.wsgi [None req-f3ce69e5-aa10-4ba7-8f55-fb05602c2841 c77361a9fe8e4cfbbd5fd79589d8ff23 ad7d2beab058472f90d9832e0a2a9e76 - - default default] 10.0.0.127 "DELETE /v2.0/networks/c7c35e94-71ff-430a-8ac5-819da35dd65c HTTP/1.1" status: 204 len: 168 time: 0.3098762
2026-07-09 14:20:34.595 9 INFO neutron.api.wsgi [None req-643d1cef-51f5-470d-8d52-4b53ed855991 c77361a9fe8e4cfbbd5fd79589d8ff23 ad7d2beab058472f90d9832e0a2a9e76 - - default default] 10.0.0.127 "DELETE /v2.0/security-groups/bf61b275-023f-4877-aade-22883bf6073e HTTP/1.1" status: 204 len: 168 time: 0.1949983
2026-07-09 14:20:34.790 10 INFO neutron.api.wsgi [None req-db83f43e-3d0b-4dbf-9837-9dfb80fbd3ff c77361a9fe8e4cfbbd5fd79589d8ff23 ad7d2beab058472f90d9832e0a2a9e76 - - default default] 10.0.0.127 "GET /v2.0/security-groups?tenant_id=cff42c23f7304c12ac1654c5cf1a4e9e&name=default HTTP/1.1" status: 200 len: 3120 time: 0.0288088
2026-07-09 14:20:35.015 9 INFO neutron.api.wsgi [None req-4e20eb2a-2c90-4b8e-932d-0d97a4c88068 c77361a9fe8e4cfbbd5fd79589d8ff23 ad7d2beab058472f90d9832e0a2a9e76 - - default default] 10.0.0.127 "DELETE /v2.0/security-groups/39c49239-c8b5-41bd-b2a8-978b1a428bc0 HTTP/1.1" status: 204 len: 168 time: 0.2175875
2026-07-09 14:20:35.489 10 INFO neutron.services.segments.plugin [-] Segment 18289ede-e089-480a-9c40-92560bd9845a resource provider aggregate not found
2026-07-09 14:20:35.511 10 INFO neutron.services.segments.plugin [-] Segment 18289ede-e089-480a-9c40-92560bd9845a resource provider aggregate not found
2026-07-09 14:20:35.517 10 INFO neutron.services.segments.plugin [-] Segment 18289ede-e089-480a-9c40-92560bd9845a resource provider not found; error: Placement Client Error (4xx): {"errors": [{"status": 404, "title": "Not Found", "detail": "The resource could not be found.\n\n No resource provider with uuid 18289ede-e089-480a-9c40-92560bd9845a found for delete ", "request_id": "req-7bb6d531-8405-4c7a-8f3a-5c6f5a125919"}]}
2026-07-09 14:20:35.526 10 INFO neutron.services.segments.plugin [-] Segment 18289ede-e089-480a-9c40-92560bd9845a resource provider not found; error: Placement Client Error (4xx): {"errors": [{"status": 404, "title": "Not Found", "detail": "The resource could not be found.\n\n No resource provider with uuid 18289ede-e089-480a-9c40-92560bd9845a found for delete ", "request_id": "req-86a868b5-0c07-4bd0-84d4-e68d5efd15b1"}]}
2026-07-09 14:20:35.900 9 INFO neutron.db.ovn_revision_numbers_db [None req-837c5b7c-fc5b-472b-a7c5-f2f85532b0b9 c77361a9fe8e4cfbbd5fd79589d8ff23 ad7d2beab058472f90d9832e0a2a9e76 - - default default] Successfully bumped revision number for resource b56cf0cf-6941-430a-90be-a226effb4c1b (type: security_groups) to 1
2026-07-09 14:20:35.918 9 INFO neutron.db.ovn_revision_numbers_db [None req-837c5b7c-fc5b-472b-a7c5-f2f85532b0b9 c77361a9fe8e4cfbbd5fd79589d8ff23 ad7d2beab058472f90d9832e0a2a9e76 - - default default] Successfully bumped revision number for resource 1168ea8b-8134-4cb0-9b4f-3c1095e3e178 (type: security_group_rules) to 0
2026-07-09 14:20:35.944 9 INFO neutron.db.ovn_revision_numbers_db [None req-837c5b7c-fc5b-472b-a7c5-f2f85532b0b9 c77361a9fe8e4cfbbd5fd79589d8ff23 ad7d2beab058472f90d9832e0a2a9e76 - - default default] Successfully bumped revision number for resource 57d6c95c-732d-4170-b8fe-f14d318c1789 (type: security_group_rules) to 0
2026-07-09 14:20:35.968 9 INFO neutron.db.ovn_revision_numbers_db [None req-837c5b7c-fc5b-472b-a7c5-f2f85532b0b9 c77361a9fe8e4cfbbd5fd79589d8ff23 ad7d2beab058472f90d9832e0a2a9e76 - - default default] Successfully bumped revision number for resource be24063d-050d-45bc-8b64-1b27f08b2e74 (type: security_group_rules) to 0
2026-07-09 14:20:35.981 9 INFO neutron.db.ovn_revision_numbers_db [None req-837c5b7c-fc5b-472b-a7c5-f2f85532b0b9 c77361a9fe8e4cfbbd5fd79589d8ff23 ad7d2beab058472f90d9832e0a2a9e76 - - default default] Successfully bumped revision number for resource de4ce645-b9f6-4f22-b701-7e7831fdb2b5 (type: security_group_rules) to 0
2026-07-09 14:20:36.045 9 INFO neutron.api.wsgi [None req-837c5b7c-fc5b-472b-a7c5-f2f85532b0b9 c77361a9fe8e4cfbbd5fd79589d8ff23 ad7d2beab058472f90d9832e0a2a9e76 - - default default] 10.0.0.127 "GET /v2.0/security-groups?tenant_id=e4136a9f53314204902337edde4a3183&name=default HTTP/1.1" status: 200 len: 3120 time: 0.8330371
2026-07-09 14:20:36.332 9 INFO neutron.api.wsgi [None req-236b764a-9b46-4f47-a9da-6353bcb2fd51 c77361a9fe8e4cfbbd5fd79589d8ff23 ad7d2beab058472f90d9832e0a2a9e76 - - default default] 10.0.0.127 "DELETE /v2.0/security-groups/b56cf0cf-6941-430a-90be-a226effb4c1b HTTP/1.1" status: 204 len: 168 time: 0.2797267
2026-07-09 14:20:36.586 10 INFO neutron.db.ovn_revision_numbers_db [None req-2b91e966-ccd3-4a7f-b5be-1a1e85c42166 c77361a9fe8e4cfbbd5fd79589d8ff23 ad7d2beab058472f90d9832e0a2a9e76 - - default default] Successfully bumped revision number for resource 10fc9609-532e-4d20-b9ec-258524511a4c (type: security_groups) to 1
2026-07-09 14:20:36.596 10 INFO neutron.db.ovn_revision_numbers_db [None req-2b91e966-ccd3-4a7f-b5be-1a1e85c42166 c77361a9fe8e4cfbbd5fd79589d8ff23 ad7d2beab058472f90d9832e0a2a9e76 - - default default] Successfully bumped revision number for resource 3b17f5e3-bb13-449f-89ea-ff54aad7a6b4 (type: security_group_rules) to 0
2026-07-09 14:20:36.609 10 INFO neutron.db.ovn_revision_numbers_db [None req-2b91e966-ccd3-4a7f-b5be-1a1e85c42166 c77361a9fe8e4cfbbd5fd79589d8ff23 ad7d2beab058472f90d9832e0a2a9e76 - - default default] Successfully bumped revision number for resource 47b922f6-ea5a-47cf-a63f-d3a5a033ee1d (type: security_group_rules) to 0
2026-07-09 14:20:36.620 10 INFO neutron.db.ovn_revision_numbers_db [None req-2b91e966-ccd3-4a7f-b5be-1a1e85c42166 c77361a9fe8e4cfbbd5fd79589d8ff23 ad7d2beab058472f90d9832e0a2a9e76 - - default default] Successfully bumped revision number for resource a7d9891e-d912-4f99-aab5-2ff64d4799a7 (type: security_group_rules) to 0
2026-07-09 14:20:36.631 10 INFO neutron.db.ovn_revision_numbers_db [None req-2b91e966-ccd3-4a7f-b5be-1a1e85c42166 c77361a9fe8e4cfbbd5fd79589d8ff23 ad7d2beab058472f90d9832e0a2a9e76 - - default default] Successfully bumped revision number for resource ef452ccc-e274-4558-ab67-43135b7bb50a (type: security_group_rules) to 0
2026-07-09 14:20:36.660 10 INFO neutron.api.wsgi [None req-dd89ee01-59b7-42d7-ad7e-c39b9f109336 04136651789b4f39b2fe7892590473af d32046ff64c44476a9374d2e68a61c6e - - default default] 10.0.0.127 "GET /v2.0/extensions HTTP/1.1" status: 200 len: 19293 time: 0.2096579
2026-07-09 14:20:36.667 10 INFO neutron.api.wsgi [None req-51d3f486-31ee-46a9-b513-f28ed5bd126b 04136651789b4f39b2fe7892590473af d32046ff64c44476a9374d2e68a61c6e - - default default] 10.0.0.127 "GET /v2.0/extensions/address-group HTTP/1.1" status: 200 len: 353 time: 0.0035539
2026-07-09 14:20:36.671 10 INFO neutron.api.wsgi [None req-2b91e966-ccd3-4a7f-b5be-1a1e85c42166 c77361a9fe8e4cfbbd5fd79589d8ff23 ad7d2beab058472f90d9832e0a2a9e76 - - default default] 10.0.0.127 "GET /v2.0/security-groups?tenant_id=9a92865eb1e04ca6a77da38a7680b82e&name=default HTTP/1.1" status: 200 len: 3120 time: 0.1926875
2026-07-09 14:20:36.675 10 INFO neutron.api.wsgi [None req-08071832-e28b-471d-a78d-d13fdf0c51c8 04136651789b4f39b2fe7892590473af d32046ff64c44476a9374d2e68a61c6e - - default default] 10.0.0.127 "GET /v2.0/extensions/address-scope HTTP/1.1" status: 200 len: 357 time: 0.0027394
2026-07-09 14:20:36.683 9 INFO neutron.api.wsgi [None req-aa6ba1e1-206e-4797-8daf-246c9b2570d9 04136651789b4f39b2fe7892590473af d32046ff64c44476a9374d2e68a61c6e - - default default] 10.0.0.127 "GET /v2.0/extensions/agent HTTP/1.1" status: 200 len: 347 time: 0.0044253
2026-07-09 14:20:36.691 10 INFO neutron.api.wsgi [None req-98e926ef-6f03-4f80-98be-28cb71c41203 04136651789b4f39b2fe7892590473af d32046ff64c44476a9374d2e68a61c6e - - default default] 10.0.0.127 "GET /v2.0/extensions/allowed-address-pairs HTTP/1.1" status: 200 len: 378 time: 0.0046885
2026-07-09 14:20:36.700 10 INFO neutron.api.wsgi [None req-bdf8de3d-f57d-4bd6-a45a-440a6dff5de0 04136651789b4f39b2fe7892590473af d32046ff64c44476a9374d2e68a61c6e - - default default] 10.0.0.127 "GET /v2.0/extensions/auto-allocated-topology HTTP/1.1" status: 200 len: 394 time: 0.0058651
2026-07-09 14:20:36.707 10 INFO neutron.api.wsgi [None req-f4365032-c7ca-4c0c-a5ba-7767ff69df6c 04136651789b4f39b2fe7892590473af d32046ff64c44476a9374d2e68a61c6e - - default default] 10.0.0.127 "GET /v2.0/extensions/availability_zone HTTP/1.1" status: 200 len: 372 time: 0.0027027
2026-07-09 14:20:36.716 10 INFO neutron.api.wsgi [None req-fa020a3e-118d-48cb-b87b-2425babae78e 04136651789b4f39b2fe7892590473af d32046ff64c44476a9374d2e68a61c6e - - default default] 10.0.0.127 "GET /v2.0/extensions/default-subnetpools HTTP/1.1" status: 200 len: 405 time: 0.0058813
2026-07-09 14:20:36.731 9 INFO neutron.api.wsgi [None req-09475564-1b66-42cf-9df1-3644f4733cb8 04136651789b4f39b2fe7892590473af d32046ff64c44476a9374d2e68a61c6e - - default default] 10.0.0.127 "GET /v2.0/extensions/dhcp_agent_scheduler HTTP/1.1" status: 200 len: 381 time: 0.0113614
2026-07-09 14:20:36.742 10 INFO neutron.api.wsgi [None req-e2b1a03c-1619-45a1-b66e-95c9244162bd 04136651789b4f39b2fe7892590473af d32046ff64c44476a9374d2e68a61c6e - - default default] 10.0.0.127 "GET /v2.0/extensions/dns-integration HTTP/1.1" status: 200 len: 366 time: 0.0069990
2026-07-09 14:20:36.757 10 INFO neutron.api.wsgi [None req-9d7c6625-e25a-4115-aef6-276e21da71f9 04136651789b4f39b2fe7892590473af d32046ff64c44476a9374d2e68a61c6e - - default default] 10.0.0.127 "GET /v2.0/extensions/dns-domain-ports HTTP/1.1" status: 200 len: 399 time: 0.0087199
2026-07-09 14:20:36.773 9 INFO neutron.api.wsgi [None req-4d35a46d-a24a-404c-b97b-042dfeb474c0 04136651789b4f39b2fe7892590473af d32046ff64c44476a9374d2e68a61c6e - - default default] 10.0.0.127 "GET /v2.0/extensions/dns-integration-domain-keywords HTTP/1.1" status: 200 len: 477 time: 0.0068831
2026-07-09 14:20:36.789 9 INFO neutron.api.wsgi [None req-6ef1a2d1-91a3-4f7a-9e00-b1cb4360faaa 04136651789b4f39b2fe7892590473af d32046ff64c44476a9374d2e68a61c6e - - default default] 10.0.0.127 "GET /v2.0/extensions/empty-string-filtering HTTP/1.1" status: 200 len: 413 time: 0.0118985
2026-07-09 14:20:36.798 9 INFO neutron.api.wsgi [None req-462bc598-c996-4056-85ee-3b97c8608bb5 04136651789b4f39b2fe7892590473af d32046ff64c44476a9374d2e68a61c6e - - default default] 10.0.0.127 "GET /v2.0/extensions/external-net HTTP/1.1" status: 200 len: 394 time: 0.0065234
2026-07-09 14:20:36.806 10 INFO neutron.api.wsgi [None req-4bf824c9-72f3-4466-a79c-323cdf1858c4 04136651789b4f39b2fe7892590473af d32046ff64c44476a9374d2e68a61c6e - - default default] 10.0.0.127 "GET /v2.0/extensions/extra_dhcp_opt HTTP/1.1" status: 200 len: 498 time: 0.0036850
2026-07-09 14:20:36.821 9 INFO neutron.api.wsgi [None req-a8f324ac-4ff2-4300-9aa9-afc76e9aa673 04136651789b4f39b2fe7892590473af d32046ff64c44476a9374d2e68a61c6e - - default default] 10.0.0.127 "GET /v2.0/extensions/extraroute HTTP/1.1" status: 200 len: 375 time: 0.0091586
2026-07-09 14:20:36.833 9 INFO neutron.api.wsgi [None req-1498de6e-e0d4-40c7-970a-449c9789e737 04136651789b4f39b2fe7892590473af d32046ff64c44476a9374d2e68a61c6e - - default default] 10.0.0.127 "GET /v2.0/extensions/floating-ip-port-forwarding-detail HTTP/1.1" status: 200 len: 465 time: 0.0034740
2026-07-09 14:20:36.844 9 INFO neutron.api.wsgi [None req-433e2d95-3ed3-458d-9630-fa1da80eaa05 04136651789b4f39b2fe7892590473af d32046ff64c44476a9374d2e68a61c6e - - default default] 10.0.0.127 "GET /v2.0/extensions/fip-port-details HTTP/1.1" status: 200 len: 406 time: 0.0036068
2026-07-09 14:20:36.853 9 INFO neutron.api.wsgi [None req-ceb1eb2a-a91a-41c0-b3b2-afafcbc49b7b 04136651789b4f39b2fe7892590473af d32046ff64c44476a9374d2e68a61c6e - - default default] 10.0.0.127 "GET /v2.0/extensions/flavors HTTP/1.1" status: 200 len: 387 time: 0.0037823
2026-07-09 14:20:36.869 9 INFO neutron.api.wsgi [None req-b8a45b2d-a9ae-4511-8bf6-bf644214d9e6 04136651789b4f39b2fe7892590473af d32046ff64c44476a9374d2e68a61c6e - - default default] 10.0.0.127 "GET /v2.0/extensions/floatingip-pools HTTP/1.1" status: 200 len: 382 time: 0.0072086
2026-07-09 14:20:36.876 9 INFO neutron.api.wsgi [None req-9cd49c9c-8834-41e1-b1fa-4b5b4678712d 04136651789b4f39b2fe7892590473af d32046ff64c44476a9374d2e68a61c6e - - default default] 10.0.0.127 "GET /v2.0/extensions/ip_allocation HTTP/1.1" status: 200 len: 356 time: 0.0028224
2026-07-09 14:20:36.881 9 INFO neutron.api.wsgi [None req-032748ef-f430-48e5-87d5-d4fda70fb24a 04136651789b4f39b2fe7892590473af d32046ff64c44476a9374d2e68a61c6e - - default default] 10.0.0.127 "GET /v2.0/extensions/l2_adjacency HTTP/1.1" status: 200 len: 372 time: 0.0024462
2026-07-09 14:20:36.888 9 INFO neutron.api.wsgi [None req-76419172-6b13-4fad-94e3-780120c6dd0d 04136651789b4f39b2fe7892590473af d32046ff64c44476a9374d2e68a61c6e - - default default] 10.0.0.127 "GET /v2.0/extensions/router HTTP/1.1" status: 200 len: 450 time: 0.0034878
2026-07-09 14:20:36.896 9 INFO neutron.api.wsgi [None req-d2866430-b7fb-4d9a-b936-b010cb8caafd 04136651789b4f39b2fe7892590473af d32046ff64c44476a9374d2e68a61c6e - - default default] 10.0.0.127 "GET /v2.0/extensions/enable-default-route-bfd HTTP/1.1" status: 200 len: 406 time: 0.0049193
2026-07-09 14:20:36.903 9 INFO neutron.api.wsgi [None req-474ce2d6-405b-4e0a-8831-a455040a94f6 04136651789b4f39b2fe7892590473af d32046ff64c44476a9374d2e68a61c6e - - default default] 10.0.0.127 "GET /v2.0/extensions/enable-default-route-ecmp HTTP/1.1" status: 200 len: 409 time: 0.0035241
2026-07-09 14:20:36.910 10 INFO neutron.api.wsgi [None req-d4702b67-6067-4bfc-9dee-9bc92dd3d706 04136651789b4f39b2fe7892590473af d32046ff64c44476a9374d2e68a61c6e - - default default] 10.0.0.127 "GET /v2.0/extensions/ext-gw-mode HTTP/1.1" status: 200 len: 462 time: 0.0045590
2026-07-09 14:20:36.917 10 INFO neutron.api.wsgi [None req-4beaa874-df85-4097-8480-895a47d13b3e 04136651789b4f39b2fe7892590473af d32046ff64c44476a9374d2e68a61c6e - - default default] 10.0.0.127 "GET /v2.0/extensions/l3-ha HTTP/1.1" status: 200 len: 360 time: 0.0035975
2026-07-09 14:20:36.922 9 INFO neutron.api.wsgi [None req-86b172ce-92c2-43bd-90c9-d0b34284ca47 04136651789b4f39b2fe7892590473af d32046ff64c44476a9374d2e68a61c6e - - default default] 10.0.0.127 "GET /v2.0/extensions/external-gateway-multihoming HTTP/1.1" status: 200 len: 421 time: 0.0028126
2026-07-09 14:20:36.923 10 INFO neutron.api.wsgi [None req-9e32d6f0-147c-4fcb-a0e5-5dbeca3154d0 c77361a9fe8e4cfbbd5fd79589d8ff23 ad7d2beab058472f90d9832e0a2a9e76 - - default default] 10.0.0.127 "DELETE /v2.0/security-groups/10fc9609-532e-4d20-b9ec-258524511a4c HTTP/1.1" status: 204 len: 168 time: 0.2468753
2026-07-09 14:20:36.929 10 INFO neutron.api.wsgi [None req-51fbc6e3-0bb5-4676-b2e5-056f5a785d3e 04136651789b4f39b2fe7892590473af d32046ff64c44476a9374d2e68a61c6e - - default default] 10.0.0.127 "GET /v2.0/extensions/l3-flavors HTTP/1.1" status: 200 len: 366 time: 0.0025926
2026-07-09 14:20:36.935 9 INFO neutron.api.wsgi [None req-7a04ad1f-8305-401c-83bc-3ecde5d340c5 04136651789b4f39b2fe7892590473af d32046ff64c44476a9374d2e68a61c6e - - default default] 10.0.0.127 "GET /v2.0/extensions/logging HTTP/1.1" status: 200 len: 407 time: 0.0031731
2026-07-09 14:20:36.943 10 INFO neutron.api.wsgi [None req-a4114d6e-7eef-473f-9f94-254a5c80017d 04136651789b4f39b2fe7892590473af d32046ff64c44476a9374d2e68a61c6e - - default default] 10.0.0.127 "GET /v2.0/extensions/multi-provider HTTP/1.1" status: 200 len: 406 time: 0.0052409
2026-07-09 14:20:36.950 9 INFO neutron.api.wsgi [None req-830a7363-db4c-4bf9-a44b-9f1aad22e97a 04136651789b4f39b2fe7892590473af d32046ff64c44476a9374d2e68a61c6e - - default default] 10.0.0.127 "GET /v2.0/extensions/net-mtu HTTP/1.1" status: 200 len: 370 time: 0.0038230
2026-07-09 14:20:36.959 10 INFO neutron.api.wsgi [None req-84fff367-ebee-46ea-a2ae-75fee88116ac 04136651789b4f39b2fe7892590473af d32046ff64c44476a9374d2e68a61c6e - - default default] 10.0.0.127 "GET /v2.0/extensions/net-mtu-writable HTTP/1.1" status: 200 len: 401 time: 0.0045218
2026-07-09 14:20:36.967 10 INFO neutron.api.wsgi [None req-b8d34b34-c42e-4e2e-9543-78489a5f7d55 04136651789b4f39b2fe7892590473af d32046ff64c44476a9374d2e68a61c6e - - default default] 10.0.0.127 "GET /v2.0/extensions/network_availability_zone HTTP/1.1" status: 200 len: 394 time: 0.0038779
2026-07-09 14:20:36.977 10 INFO neutron.api.wsgi [None req-54b1d86e-6b66-47f3-ba1e-23d935421f42 04136651789b4f39b2fe7892590473af d32046ff64c44476a9374d2e68a61c6e - - default default] 10.0.0.127 "GET /v2.0/extensions/network-ip-availability HTTP/1.1" status: 200 len: 410 time: 0.0049622
2026-07-09 14:20:36.985 10 INFO neutron.api.wsgi [None req-6e4ef188-fa37-4d67-97fd-845cc90f46ea 04136651789b4f39b2fe7892590473af d32046ff64c44476a9374d2e68a61c6e - - default default] 10.0.0.127 "GET /v2.0/extensions/pagination HTTP/1.1" status: 200 len: 386 time: 0.0045073
2026-07-09 14:20:36.991 10 INFO neutron.api.wsgi [None req-cbdb7814-52ea-4e09-96bd-6e431f4ac9b9 04136651789b4f39b2fe7892590473af d32046ff64c44476a9374d2e68a61c6e - - default default] 10.0.0.127 "GET /v2.0/extensions/port-device-profile HTTP/1.1" status: 200 len: 383 time: 0.0023949
2026-07-09 14:20:36.998 10 INFO neutron.api.wsgi [None req-200c7278-8bc2-4746-bfee-504100f5f033 04136651789b4f39b2fe7892590473af d32046ff64c44476a9374d2e68a61c6e - - default default] 10.0.0.127 "GET /v2.0/extensions/port-mac-address-regenerate HTTP/1.1" status: 200 len: 403 time: 0.0034339
2026-07-09 14:20:37.005 10 INFO neutron.api.wsgi [None req-b60a66fb-d98c-4b85-b612-c1ee6747aa31 04136651789b4f39b2fe7892590473af d32046ff64c44476a9374d2e68a61c6e - - default default] 10.0.0.127 "GET /v2.0/extensions/port-numa-affinity-policy HTTP/1.1" status: 200 len: 392 time: 0.0043106
2026-07-09 14:20:37.011 10 INFO neutron.api.wsgi [None req-26b48f40-1897-4ed8-ac12-ccdc88bfb3d8 04136651789b4f39b2fe7892590473af d32046ff64c44476a9374d2e68a61c6e - - default default] 10.0.0.127 "GET /v2.0/extensions/port-numa-affinity-policy-socket HTTP/1.1" status: 200 len: 434 time: 0.0033948
2026-07-09 14:20:37.025 10 INFO neutron.api.wsgi [None req-e22205ae-49f9-403e-92c3-f84abb5a2a7a 04136651789b4f39b2fe7892590473af d32046ff64c44476a9374d2e68a61c6e - - default default] 10.0.0.127 "GET /v2.0/extensions/port-resource-request HTTP/1.1" status: 200 len: 379 time: 0.0091646
2026-07-09 14:20:37.031 10 INFO neutron.api.wsgi [None req-47b0889e-b654-4ba6-bf01-9a747a25653a 04136651789b4f39b2fe7892590473af d32046ff64c44476a9374d2e68a61c6e - - default default] 10.0.0.127 "GET /v2.0/extensions/port-resource-request-groups HTTP/1.1" status: 200 len: 465 time: 0.0031683
2026-07-09 14:20:37.038 9 INFO neutron.db.ovn_revision_numbers_db [None req-257083d3-159b-4efb-8dad-4bda6b98c414 c77361a9fe8e4cfbbd5fd79589d8ff23 ad7d2beab058472f90d9832e0a2a9e76 - - default default] Successfully bumped revision number for resource 256d7d55-f00b-4bc0-bd5f-c6004d12cbae (type: security_groups) to 1
2026-07-09 14:20:37.039 10 INFO neutron.api.wsgi [None req-149aa522-caf4-4127-979d-869cde2ede72 04136651789b4f39b2fe7892590473af d32046ff64c44476a9374d2e68a61c6e - - default default] 10.0.0.127 "GET /v2.0/extensions/binding HTTP/1.1" status: 200 len: 387 time: 0.0047066
2026-07-09 14:20:37.046 10 INFO neutron.api.wsgi [None req-05e25575-e139-42fe-907b-f13c39f67cd3 04136651789b4f39b2fe7892590473af d32046ff64c44476a9374d2e68a61c6e - - default default] 10.0.0.127 "GET /v2.0/extensions/binding-extended HTTP/1.1" status: 200 len: 406 time: 0.0038085
2026-07-09 14:20:37.054 9 INFO neutron.api.wsgi [None req-73c1c1fa-41c3-4896-a092-453b28b54371 04136651789b4f39b2fe7892590473af d32046ff64c44476a9374d2e68a61c6e - - default default] 10.0.0.127 "GET /v2.0/extensions/port-security HTTP/1.1" status: 200 len: 354 time: 0.0041504
2026-07-09 14:20:37.055 9 INFO neutron.db.ovn_revision_numbers_db [None req-257083d3-159b-4efb-8dad-4bda6b98c414 c77361a9fe8e4cfbbd5fd79589d8ff23 ad7d2beab058472f90d9832e0a2a9e76 - - default default] Successfully bumped revision number for resource 06d1a177-797f-47c3-959d-1e303ae7b119 (type: security_group_rules) to 0
2026-07-09 14:20:37.061 9 INFO neutron.api.wsgi [None req-0bf3c3e9-2836-4852-8556-afd04254939d 04136651789b4f39b2fe7892590473af d32046ff64c44476a9374d2e68a61c6e - - default default] 10.0.0.127 "GET /v2.0/extensions/project-id HTTP/1.1" status: 200 len: 398 time: 0.0036304
2026-07-09 14:20:37.068 9 INFO neutron.db.ovn_revision_numbers_db [None req-257083d3-159b-4efb-8dad-4bda6b98c414 c77361a9fe8e4cfbbd5fd79589d8ff23 ad7d2beab058472f90d9832e0a2a9e76 - - default default] Successfully bumped revision number for resource 8c94e2e6-aa80-48c6-ae34-f33cb05cedb4 (type: security_group_rules) to 0
2026-07-09 14:20:37.070 10 INFO neutron.api.wsgi [None req-398ac90a-026d-4c4e-a4ab-e776936429c5 04136651789b4f39b2fe7892590473af d32046ff64c44476a9374d2e68a61c6e - - default default] 10.0.0.127 "GET /v2.0/extensions/provider HTTP/1.1" status: 200 len: 385 time: 0.0043688
2026-07-09 14:20:37.076 10 INFO neutron.api.wsgi [None req-48a6610b-8d1b-4067-bf70-22cb458d83f2 04136651789b4f39b2fe7892590473af d32046ff64c44476a9374d2e68a61c6e - - default default] 10.0.0.127 "GET /v2.0/extensions/qos HTTP/1.1" status: 200 len: 360 time: 0.0035241
2026-07-09 14:20:37.079 9 INFO neutron.db.ovn_revision_numbers_db [None req-257083d3-159b-4efb-8dad-4bda6b98c414 c77361a9fe8e4cfbbd5fd79589d8ff23 ad7d2beab058472f90d9832e0a2a9e76 - - default default] Successfully bumped revision number for resource 8cd71d29-9012-427c-9f23-31091fe2a4fb (type: security_group_rules) to 0
2026-07-09 14:20:37.083 10 INFO neutron.api.wsgi [None req-7fcc9327-a5be-4a41-890b-525fc20376fd 04136651789b4f39b2fe7892590473af d32046ff64c44476a9374d2e68a61c6e - - default default] 10.0.0.127 "GET /v2.0/extensions/qos-bw-limit-direction HTTP/1.1" status: 200 len: 452 time: 0.0031774
2026-07-09 14:20:37.089 10 INFO neutron.api.wsgi [None req-f801b050-2b2f-4cfc-bf15-ba5b51090d20 04136651789b4f39b2fe7892590473af d32046ff64c44476a9374d2e68a61c6e - - default default] 10.0.0.127 "GET /v2.0/extensions/qos-bw-minimum-ingress HTTP/1.1" status: 200 len: 445 time: 0.0031371
2026-07-09 14:20:37.092 9 INFO neutron.db.ovn_revision_numbers_db [None req-257083d3-159b-4efb-8dad-4bda6b98c414 c77361a9fe8e4cfbbd5fd79589d8ff23 ad7d2beab058472f90d9832e0a2a9e76 - - default default] Successfully bumped revision number for resource a57b272c-1935-4aec-afdb-2316d3a1dd48 (type: security_group_rules) to 0
2026-07-09 14:20:37.096 10 INFO neutron.api.wsgi [None req-b16b1c5d-a645-4130-b87b-f6c497d71c80 04136651789b4f39b2fe7892590473af d32046ff64c44476a9374d2e68a61c6e - - default default] 10.0.0.127 "GET /v2.0/extensions/qos-default HTTP/1.1" status: 200 len: 377 time: 0.0031908
2026-07-09 14:20:37.102 10 INFO neutron.api.wsgi [None req-b466fdde-6b2f-4ad8-8027-73ef5ed9c14c 04136651789b4f39b2fe7892590473af d32046ff64c44476a9374d2e68a61c6e - - default default] 10.0.0.127 "GET /v2.0/extensions/qos-fip HTTP/1.1" status: 200 len: 372 time: 0.0035477
2026-07-09 14:20:37.108 10 INFO neutron.api.wsgi [None req-ffdcaaa4-fbab-4eff-910e-6b9e57f1d589 04136651789b4f39b2fe7892590473af d32046ff64c44476a9374d2e68a61c6e - - default default] 10.0.0.127 "GET /v2.0/extensions/qos-gateway-ip HTTP/1.1" status: 200 len: 391 time: 0.0032568
2026-07-09 14:20:37.114 10 INFO neutron.api.wsgi [None req-6ae9c96a-47d2-485e-8245-c66642980fd4 04136651789b4f39b2fe7892590473af d32046ff64c44476a9374d2e68a61c6e - - default default] 10.0.0.127 "GET /v2.0/extensions/qos-port-network-policy HTTP/1.1" status: 200 len: 403 time: 0.0034518
2026-07-09 14:20:37.120 10 INFO neutron.api.wsgi [None req-9beb9ebe-98ed-48da-8469-268944491bb5 04136651789b4f39b2fe7892590473af d32046ff64c44476a9374d2e68a61c6e - - default default] 10.0.0.127 "GET /v2.0/extensions/qos-pps-minimum HTTP/1.1" status: 200 len: 397 time: 0.0030177
2026-07-09 14:20:37.129 9 INFO neutron.api.wsgi [None req-4b78c937-72d5-48e7-87e4-361b164a05d6 04136651789b4f39b2fe7892590473af d32046ff64c44476a9374d2e68a61c6e - - default default] 10.0.0.127 "GET /v2.0/extensions/qos-pps-minimum-rule-alias HTTP/1.1" status: 200 len: 471 time: 0.0060494
2026-07-09 14:20:37.140 10 INFO neutron.api.wsgi [None req-67ee059c-8a59-4f10-9b54-9d27385f3e19 04136651789b4f39b2fe7892590473af d32046ff64c44476a9374d2e68a61c6e - - default default] 10.0.0.127 "GET /v2.0/extensions/qos-pps HTTP/1.1" status: 200 len: 389 time: 0.0035210
2026-07-09 14:20:37.150 10 INFO neutron.api.wsgi [None req-517c067e-4edb-47ce-b3d1-e2ba035b7bbf 04136651789b4f39b2fe7892590473af d32046ff64c44476a9374d2e68a61c6e - - default default] 10.0.0.127 "GET /v2.0/extensions/qos-rule-type-details HTTP/1.1" status: 200 len: 423 time: 0.0030124
2026-07-09 14:20:37.157 10 INFO neutron.api.wsgi [None req-c21d8361-0ed4-4b6c-b184-67100998524c 04136651789b4f39b2fe7892590473af d32046ff64c44476a9374d2e68a61c6e - - default default] 10.0.0.127 "GET /v2.0/extensions/qos-rule-type-filter HTTP/1.1" status: 200 len: 567 time: 0.0030465
2026-07-09 14:20:37.162 9 INFO neutron.db.segments_db [None req-257083d3-159b-4efb-8dad-4bda6b98c414 c77361a9fe8e4cfbbd5fd79589d8ff23 ad7d2beab058472f90d9832e0a2a9e76 - - default default] Added segment ac2400cd-29f7-4f95-a6a5-5a0c3508a027 of type geneve for network 0720440e-de5d-4ba0-ac8e-951cc6d34cfd
2026-07-09 14:20:37.164 10 INFO neutron.api.wsgi [None req-516ece7a-c2d0-4901-b698-9e2f186ffe74 04136651789b4f39b2fe7892590473af d32046ff64c44476a9374d2e68a61c6e - - default default] 10.0.0.127 "GET /v2.0/extensions/qos-rules-alias HTTP/1.1" status: 200 len: 448 time: 0.0031989
2026-07-09 14:20:37.170 10 INFO neutron.api.wsgi [None req-1031d071-f4b5-4946-9ef9-76a85b37a9dd 04136651789b4f39b2fe7892590473af d32046ff64c44476a9374d2e68a61c6e - - default default] 10.0.0.127 "GET /v2.0/extensions/quota-check-limit HTTP/1.1" status: 200 len: 420 time: 0.0034215
2026-07-09 14:20:37.178 10 INFO neutron.api.wsgi [None req-9e2cba77-4b02-44b6-a4b2-4a2e9b2d4249 04136651789b4f39b2fe7892590473af d32046ff64c44476a9374d2e68a61c6e - - default default] 10.0.0.127 "GET /v2.0/extensions/quotas HTTP/1.1" status: 200 len: 386 time: 0.0041723
2026-07-09 14:20:37.186 10 INFO neutron.api.wsgi [None req-7c9cdd47-7fca-400b-ab43-0e86f0e872f0 04136651789b4f39b2fe7892590473af d32046ff64c44476a9374d2e68a61c6e - - default default] 10.0.0.127 "GET /v2.0/extensions/quota_details HTTP/1.1" status: 200 len: 407 time: 0.0050733
2026-07-09 14:20:37.193 10 INFO neutron.api.wsgi [None req-0a934cff-87ef-47e7-b13e-0c2ebbf99e14 04136651789b4f39b2fe7892590473af d32046ff64c44476a9374d2e68a61c6e - - default default] 10.0.0.127 "GET /v2.0/extensions/rbac-policies HTTP/1.1" status: 200 len: 417 time: 0.0037558
2026-07-09 14:20:37.200 10 INFO neutron.api.wsgi [None req-ff753541-4c57-4014-8ba0-a3f55b365769 04136651789b4f39b2fe7892590473af d32046ff64c44476a9374d2e68a61c6e - - default default] 10.0.0.127 "GET /v2.0/extensions/rbac-address-scope HTTP/1.1" status: 200 len: 384 time: 0.0043600
2026-07-09 14:20:37.207 10 INFO neutron.api.wsgi [None req-f0883353-9cc1-4e5d-8fe6-ea812474cba0 04136651789b4f39b2fe7892590473af d32046ff64c44476a9374d2e68a61c6e - - default default] 10.0.0.127 "GET /v2.0/extensions/rbac-security-groups HTTP/1.1" status: 200 len: 404 time: 0.0037353
2026-07-09 14:20:37.215 10 INFO neutron.api.wsgi [None req-e45f2f93-fa04-4fb1-8525-6de62625b5f8 04136651789b4f39b2fe7892590473af d32046ff64c44476a9374d2e68a61c6e - - default default] 10.0.0.127 "GET /v2.0/extensions/revision-if-match HTTP/1.1" status: 200 len: 441 time: 0.0044289
2026-07-09 14:20:37.222 10 INFO neutron.api.wsgi [None req-e7d86311-8416-41b7-bccf-2f26288efc5c 04136651789b4f39b2fe7892590473af d32046ff64c44476a9374d2e68a61c6e - - default default] 10.0.0.127 "GET /v2.0/extensions/standard-attr-revisions HTTP/1.1" status: 200 len: 423 time: 0.0036552
2026-07-09 14:20:37.229 10 INFO neutron.api.wsgi [None req-351f88fa-326c-4680-835f-c70ef9c84d37 04136651789b4f39b2fe7892590473af d32046ff64c44476a9374d2e68a61c6e - - default default] 10.0.0.127 "GET /v2.0/extensions/router_availability_zone HTTP/1.1" status: 200 len: 391 time: 0.0042744
2026-07-09 14:20:37.237 10 INFO neutron.api.wsgi [None req-7d182ada-867b-4e8a-a79b-6c8b71722374 04136651789b4f39b2fe7892590473af d32046ff64c44476a9374d2e68a61c6e - - default default] 10.0.0.127 "GET /v2.0/extensions/security-groups-default-rules HTTP/1.1" status: 200 len: 456 time: 0.0038195
2026-07-09 14:20:37.245 10 INFO neutron.api.wsgi [None req-20abf480-5887-4ac1-ae13-11ba1e152720 04136651789b4f39b2fe7892590473af d32046ff64c44476a9374d2e68a61c6e - - default default] 10.0.0.127 "GET /v2.0/extensions/security-groups-normalized-cidr HTTP/1.1" status: 200 len: 445 time: 0.0042324
2026-07-09 14:20:37.260 10 INFO neutron.api.wsgi [None req-bcec46a4-5110-414d-9db2-9d2a3714896d 04136651789b4f39b2fe7892590473af d32046ff64c44476a9374d2e68a61c6e - - default default] 10.0.0.127 "GET /v2.0/extensions/security-groups-remote-address-group HTTP/1.1" status: 200 len: 448 time: 0.0054879
2026-07-09 14:20:37.268 10 INFO neutron.api.wsgi [None req-837c43f5-d961-4383-a8f8-baa2fe7ebb07 04136651789b4f39b2fe7892590473af d32046ff64c44476a9374d2e68a61c6e - - default default] 10.0.0.127 "GET /v2.0/extensions/security-groups-rules-belongs-to-default-sg HTTP/1.1" status: 200 len: 508 time: 0.0036998
2026-07-09 14:20:37.274 9 INFO neutron.db.ovn_revision_numbers_db [None req-b0c9595e-7e83-46d5-9bef-47c695a1d217 c77361a9fe8e4cfbbd5fd79589d8ff23 ad7d2beab058472f90d9832e0a2a9e76 - - default default] Successfully bumped revision number for resource 164a927e-e2f9-488e-8d1b-36a49fbec06b (type: security_groups) to 1
2026-07-09 14:20:37.276 10 INFO neutron.api.wsgi [None req-2cc391f4-b5b9-437f-913b-37bea5df59aa 04136651789b4f39b2fe7892590473af d32046ff64c44476a9374d2e68a61c6e - - default default] 10.0.0.127 "GET /v2.0/extensions/security-groups-shared-filtering HTTP/1.1" status: 200 len: 435 time: 0.0040100
2026-07-09 14:20:37.283 10 INFO neutron.api.wsgi [None req-ff849aa7-17d7-4e9a-a5fe-74a46f5b27ac 04136651789b4f39b2fe7892590473af d32046ff64c44476a9374d2e68a61c6e - - default default] 10.0.0.127 "GET /v2.0/extensions/security-group HTTP/1.1" status: 200 len: 364 time: 0.0036681
2026-07-09 14:20:37.286 9 INFO neutron.db.ovn_revision_numbers_db [None req-257083d3-159b-4efb-8dad-4bda6b98c414 c77361a9fe8e4cfbbd5fd79589d8ff23 ad7d2beab058472f90d9832e0a2a9e76 - - default default] Successfully bumped revision number for resource 0720440e-de5d-4ba0-ac8e-951cc6d34cfd (type: networks) to 1
2026-07-09 14:20:37.295 9 INFO neutron.api.wsgi [None req-cf5801d2-aadd-4cee-8d59-e17a4753203f 04136651789b4f39b2fe7892590473af d32046ff64c44476a9374d2e68a61c6e - - default default] 10.0.0.127 "GET /v2.0/extensions/segment HTTP/1.1" status: 200 len: 339 time: 0.0076206
2026-07-09 14:20:37.296 9 INFO neutron.db.ovn_revision_numbers_db [None req-b0c9595e-7e83-46d5-9bef-47c695a1d217 c77361a9fe8e4cfbbd5fd79589d8ff23 ad7d2beab058472f90d9832e0a2a9e76 - - default default] Successfully bumped revision number for resource 0623775e-99e8-4f83-b5c0-91bdb08b3594 (type: security_group_rules) to 0
2026-07-09 14:20:37.306 10 INFO neutron.api.wsgi [None req-98318354-f845-4660-babb-238e1165f416 04136651789b4f39b2fe7892590473af d32046ff64c44476a9374d2e68a61c6e - - default default] 10.0.0.127 "GET /v2.0/extensions/segments-peer-subnet-host-routes HTTP/1.1" status: 200 len: 427 time: 0.0062366
2026-07-09 14:20:37.319 10 INFO neutron.api.wsgi [None req-f8ad8232-a5d1-4f3b-a860-8ce284977649 04136651789b4f39b2fe7892590473af d32046ff64c44476a9374d2e68a61c6e - - default default] 10.0.0.127 "GET /v2.0/extensions/service-type HTTP/1.1" status: 200 len: 415 time: 0.0056458
2026-07-09 14:20:37.325 9 INFO neutron.db.ovn_revision_numbers_db [None req-b0c9595e-7e83-46d5-9bef-47c695a1d217 c77361a9fe8e4cfbbd5fd79589d8ff23 ad7d2beab058472f90d9832e0a2a9e76 - - default default] Successfully bumped revision number for resource 5fd3ef67-6fc6-4cc0-b5f2-79279bdbc871 (type: security_group_rules) to 0
2026-07-09 14:20:37.330 10 INFO neutron.api.wsgi [None req-682523ae-67fd-434c-8248-d90a0d66af7b 04136651789b4f39b2fe7892590473af d32046ff64c44476a9374d2e68a61c6e - - default default] 10.0.0.127 "GET /v2.0/extensions/sorting HTTP/1.1" status: 200 len: 377 time: 0.0045474
2026-07-09 14:20:37.337 10 INFO neutron.api.wsgi [None req-1881e7b2-a7f6-4af4-b4fd-58f0174a3084 04136651789b4f39b2fe7892590473af d32046ff64c44476a9374d2e68a61c6e - - default default] 10.0.0.127 "GET /v2.0/extensions/standard-attr-segment HTTP/1.1" status: 200 len: 406 time: 0.0038052
2026-07-09 14:20:37.345 9 INFO neutron.api.wsgi [None req-9834930f-b28e-4a79-93c3-a9077287f227 04136651789b4f39b2fe7892590473af d32046ff64c44476a9374d2e68a61c6e - - default default] 10.0.0.127 "GET /v2.0/extensions/standard-attr-description HTTP/1.1" status: 200 len: 408 time: 0.0049028
2026-07-09 14:20:37.345 9 INFO neutron.db.ovn_revision_numbers_db [None req-b0c9595e-7e83-46d5-9bef-47c695a1d217 c77361a9fe8e4cfbbd5fd79589d8ff23 ad7d2beab058472f90d9832e0a2a9e76 - - default default] Successfully bumped revision number for resource 8099a44f-3ebd-459a-a5dc-24b85a538645 (type: security_group_rules) to 0
2026-07-09 14:20:37.351 10 INFO neutron.api.wsgi [None req-d9e7e2e7-be04-4a5e-909d-9d36d2db3719 04136651789b4f39b2fe7892590473af d32046ff64c44476a9374d2e68a61c6e - - default default] 10.0.0.127 "GET /v2.0/extensions/stateful-security-group HTTP/1.1" status: 200 len: 402 time: 0.0041540
2026-07-09 14:20:37.359 9 INFO neutron.db.ovn_revision_numbers_db [None req-b0c9595e-7e83-46d5-9bef-47c695a1d217 c77361a9fe8e4cfbbd5fd79589d8ff23 ad7d2beab058472f90d9832e0a2a9e76 - - default default] Successfully bumped revision number for resource eb207d2c-0c34-4f38-8471-8b68dfedfa77 (type: security_group_rules) to 0
2026-07-09 14:20:37.360 10 INFO neutron.api.wsgi [None req-692f4dc4-64aa-4f37-92d9-d447e26fb67a 04136651789b4f39b2fe7892590473af d32046ff64c44476a9374d2e68a61c6e - - default default] 10.0.0.127 "GET /v2.0/extensions/subnet-dns-publish-fixed-ip HTTP/1.1" status: 200 len: 421 time: 0.0048308
2026-07-09 14:20:37.366 10 INFO neutron.api.wsgi [None req-c50afafb-5aa4-4b50-b119-d4d0fdeb952c 04136651789b4f39b2fe7892590473af d32046ff64c44476a9374d2e68a61c6e - - default default] 10.0.0.127 "GET /v2.0/extensions/subnet-external-network HTTP/1.1" status: 200 len: 418 time: 0.0037279
2026-07-09 14:20:37.373 10 INFO neutron.api.wsgi [None req-ecb62d0e-7a1d-4512-a556-8f8cc4fd7aa5 04136651789b4f39b2fe7892590473af d32046ff64c44476a9374d2e68a61c6e - - default default] 10.0.0.127 "GET /v2.0/extensions/subnet-segmentid-writable HTTP/1.1" status: 200 len: 421 time: 0.0039401
2026-07-09 14:20:37.380 10 INFO neutron.api.wsgi [None req-83361415-ea5b-4f95-b4a4-ac22bf711997 04136651789b4f39b2fe7892590473af d32046ff64c44476a9374d2e68a61c6e - - default default] 10.0.0.127 "GET /v2.0/extensions/subnet-service-types HTTP/1.1" status: 200 len: 400 time: 0.0040662
2026-07-09 14:20:37.387 10 INFO neutron.api.wsgi [None req-25cf26fc-08e3-40e6-9c2a-8d7d24af3cd0 04136651789b4f39b2fe7892590473af d32046ff64c44476a9374d2e68a61c6e - - default default] 10.0.0.127 "GET /v2.0/extensions/subnet_allocation HTTP/1.1" status: 200 len: 388 time: 0.0042276
2026-07-09 14:20:37.394 10 INFO neutron.api.wsgi [None req-6e78f27f-8af3-492e-b9a6-737588a03514 04136651789b4f39b2fe7892590473af d32046ff64c44476a9374d2e68a61c6e - - default default] 10.0.0.127 "GET /v2.0/extensions/subnetpool-prefix-ops HTTP/1.1" status: 200 len: 418 time: 0.0035756
2026-07-09 14:20:37.397 9 INFO neutron.api.wsgi [None req-b0c9595e-7e83-46d5-9bef-47c695a1d217 c77361a9fe8e4cfbbd5fd79589d8ff23 ad7d2beab058472f90d9832e0a2a9e76 - - default default] 10.0.0.127 "GET /v2.0/security-groups?tenant_id=f21ac89410564799b40465a7bf04a89b&name=default HTTP/1.1" status: 200 len: 3120 time: 0.3532314
2026-07-09 14:20:37.400 10 INFO neutron.api.wsgi [None req-238dbe63-8628-49cc-a75d-af29b2b85be7 04136651789b4f39b2fe7892590473af d32046ff64c44476a9374d2e68a61c6e - - default default] 10.0.0.127 "GET /v2.0/extensions/tag-creation HTTP/1.1" status: 200 len: 384 time: 0.0038066
2026-07-09 14:20:37.407 10 INFO neutron.api.wsgi [None req-4a13b517-2413-4ab7-877c-a4af69e524fa 04136651789b4f39b2fe7892590473af d32046ff64c44476a9374d2e68a61c6e - - default default] 10.0.0.127 "GET /v2.0/extensions/standard-attr-tag HTTP/1.1" status: 200 len: 537 time: 0.0032659
2026-07-09 14:20:37.417 9 INFO neutron.api.wsgi [None req-d2e44139-1333-4b9a-a8c1-e3fe3a0a6b3d 04136651789b4f39b2fe7892590473af d32046ff64c44476a9374d2e68a61c6e - - default default] 10.0.0.127 "GET /v2.0/extensions/standard-attr-timestamp HTTP/1.1" status: 200 len: 449 time: 0.0053706
2026-07-09 14:20:37.425 9 INFO neutron.api.wsgi [None req-ba063a6b-721d-4d90-8f30-f7555520b866 04136651789b4f39b2fe7892590473af d32046ff64c44476a9374d2e68a61c6e - - default default] 10.0.0.127 "GET /v2.0/extensions/trunk HTTP/1.1" status: 200 len: 358 time: 0.0035400
2026-07-09 14:20:37.432 9 INFO neutron.api.wsgi [None req-97a267cd-3f82-483d-833d-ee47b3a1ea9e 04136651789b4f39b2fe7892590473af d32046ff64c44476a9374d2e68a61c6e - - default default] 10.0.0.127 "GET /v2.0/extensions/trunk-details HTTP/1.1" status: 200 len: 362 time: 0.0030713
2026-07-09 14:20:37.439 9 INFO neutron.api.wsgi [None req-07502791-ae1b-44f2-b6c6-2a913dd587ff 04136651789b4f39b2fe7892590473af d32046ff64c44476a9374d2e68a61c6e - - default default] 10.0.0.127 "GET /v2.0/extensions/vpn-agent-scheduler HTTP/1.1" status: 200 len: 393 time: 0.0042493
2026-07-09 14:20:37.446 9 INFO neutron.api.wsgi [None req-7de0a97b-8bef-4541-948c-0194c1603cfe 04136651789b4f39b2fe7892590473af d32046ff64c44476a9374d2e68a61c6e - - default default] 10.0.0.127 "GET /v2.0/extensions/vpn-endpoint-groups HTTP/1.1" status: 200 len: 371 time: 0.0037470
2026-07-09 14:20:37.447 9 WARNING neutron.scheduler.dhcp_agent_scheduler [None req-257083d3-159b-4efb-8dad-4bda6b98c414 c77361a9fe8e4cfbbd5fd79589d8ff23 ad7d2beab058472f90d9832e0a2a9e76 - - default default] No more DHCP agents
2026-07-09 14:20:37.448 9 WARNING neutron.api.rpc.agentnotifiers.dhcp_rpc_agent_api [None req-257083d3-159b-4efb-8dad-4bda6b98c414 c77361a9fe8e4cfbbd5fd79589d8ff23 ad7d2beab058472f90d9832e0a2a9e76 - - default default] Unable to schedule network 0720440e-de5d-4ba0-ac8e-951cc6d34cfd: no agents available; will retry on subsequent port and subnet creation events.
2026-07-09 14:20:37.453 9 INFO neutron.api.wsgi [None req-96ff93c1-190f-4bbb-8442-788299ed9811 04136651789b4f39b2fe7892590473af d32046ff64c44476a9374d2e68a61c6e - - default default] 10.0.0.127 "GET /v2.0/extensions/vpn-flavors HTTP/1.1" status: 200 len: 376 time: 0.0035572
2026-07-09 14:20:37.463 10 INFO neutron.api.wsgi [None req-0f15703e-8dc1-486a-802b-197b2c6baf40 04136651789b4f39b2fe7892590473af d32046ff64c44476a9374d2e68a61c6e - - default default] 10.0.0.127 "GET /v2.0/extensions/vpnaas HTTP/1.1" status: 200 len: 348 time: 0.0050111
2026-07-09 14:20:37.507 9 INFO neutron.db.ovn_revision_numbers_db [None req-257083d3-159b-4efb-8dad-4bda6b98c414 c77361a9fe8e4cfbbd5fd79589d8ff23 ad7d2beab058472f90d9832e0a2a9e76 - - default default] Successfully bumped revision number for resource 5ad2788e-dcdc-4be8-88be-267ee0b869d0 (type: ports) to 1
2026-07-09 14:20:37.526 9 INFO neutron.api.wsgi [None req-257083d3-159b-4efb-8dad-4bda6b98c414 c77361a9fe8e4cfbbd5fd79589d8ff23 ad7d2beab058472f90d9832e0a2a9e76 - - default default] 10.0.0.127 "POST /v2.0/networks HTTP/1.1" status: 201 len: 946 time: 0.7146399
2026-07-09 14:20:37.612 10 INFO neutron.api.wsgi [None req-a2b299f6-9e38-49ba-8b1f-b9969404a9b7 c77361a9fe8e4cfbbd5fd79589d8ff23 ad7d2beab058472f90d9832e0a2a9e76 - - default default] 10.0.0.127 "DELETE /v2.0/security-groups/164a927e-e2f9-488e-8d1b-36a49fbec06b HTTP/1.1" status: 204 len: 168 time: 0.2078910
2026-07-09 14:20:37.642 9 WARNING neutron.scheduler.dhcp_agent_scheduler [None req-24b24812-fbf9-4a1b-a02d-5f95cc951105 c77361a9fe8e4cfbbd5fd79589d8ff23 ad7d2beab058472f90d9832e0a2a9e76 - - default default] No more DHCP agents
2026-07-09 14:20:37.643 9 WARNING neutron.api.rpc.agentnotifiers.dhcp_rpc_agent_api [None req-24b24812-fbf9-4a1b-a02d-5f95cc951105 c77361a9fe8e4cfbbd5fd79589d8ff23 ad7d2beab058472f90d9832e0a2a9e76 - - default default] Unable to schedule network 0720440e-de5d-4ba0-ac8e-951cc6d34cfd: no agents available; will retry on subsequent port and subnet creation events.
2026-07-09 14:20:38.064 9 INFO neutron.db.ovn_revision_numbers_db [None req-43c2948c-6f3c-4610-9009-d00522f3ea67 - - - - - -] Successfully bumped revision number for resource 5ad2788e-dcdc-4be8-88be-267ee0b869d0 (type: ports) to 2
2026-07-09 14:20:38.086 9 INFO neutron.db.ovn_revision_numbers_db [None req-43c2948c-6f3c-4610-9009-d00522f3ea67 - - - - - -] Successfully bumped revision number for resource ea742400-2ea3-452f-aa7d-c2e7ca7240a4 (type: subnets) to 0
2026-07-09 14:20:38.104 9 INFO neutron.api.wsgi [None req-24b24812-fbf9-4a1b-a02d-5f95cc951105 c77361a9fe8e4cfbbd5fd79589d8ff23 ad7d2beab058472f90d9832e0a2a9e76 - - default default] 10.0.0.127 "POST /v2.0/subnets HTTP/1.1" status: 201 len: 890 time: 0.5727668
2026-07-09 14:20:38.133 10 INFO neutron.db.ovn_revision_numbers_db [None req-9e654704-d092-4554-b926-56bf5a451dd1 c77361a9fe8e4cfbbd5fd79589d8ff23 ad7d2beab058472f90d9832e0a2a9e76 - - default default] Successfully bumped revision number for resource 2458ee62-4b2a-4533-b751-17a8189f2c5c (type: security_groups) to 1
2026-07-09 14:20:38.145 10 INFO neutron.db.ovn_revision_numbers_db [None req-9e654704-d092-4554-b926-56bf5a451dd1 c77361a9fe8e4cfbbd5fd79589d8ff23 ad7d2beab058472f90d9832e0a2a9e76 - - default default] Successfully bumped revision number for resource 501f7e10-8b79-403d-8026-dfae8d704a9c (type: security_group_rules) to 0
2026-07-09 14:20:38.158 10 INFO neutron.db.ovn_revision_numbers_db [None req-9e654704-d092-4554-b926-56bf5a451dd1 c77361a9fe8e4cfbbd5fd79589d8ff23 ad7d2beab058472f90d9832e0a2a9e76 - - default default] Successfully bumped revision number for resource 7dba967e-af41-41a7-8df6-a5ca68f6960b (type: security_group_rules) to 0
2026-07-09 14:20:38.170 10 INFO neutron.db.ovn_revision_numbers_db [None req-9e654704-d092-4554-b926-56bf5a451dd1 c77361a9fe8e4cfbbd5fd79589d8ff23 ad7d2beab058472f90d9832e0a2a9e76 - - default default] Successfully bumped revision number for resource bf133458-d732-48d0-b5fd-2761f1de9082 (type: security_group_rules) to 0
2026-07-09 14:20:38.182 10 INFO neutron.db.ovn_revision_numbers_db [None req-9e654704-d092-4554-b926-56bf5a451dd1 c77361a9fe8e4cfbbd5fd79589d8ff23 ad7d2beab058472f90d9832e0a2a9e76 - - default default] Successfully bumped revision number for resource c2582c6c-9f61-40de-b65d-c7a3c05f6cf6 (type: security_group_rules) to 0
2026-07-09 14:20:38.220 10 INFO neutron.api.wsgi [None req-9e654704-d092-4554-b926-56bf5a451dd1 c77361a9fe8e4cfbbd5fd79589d8ff23 ad7d2beab058472f90d9832e0a2a9e76 - - default default] 10.0.0.127 "GET /v2.0/security-groups?tenant_id=d32046ff64c44476a9374d2e68a61c6e&name=default HTTP/1.1" status: 200 len: 3120 time: 0.3499608
2026-07-09 14:20:38.429 10 INFO neutron.api.wsgi [None req-2ed48320-8a06-4fdb-87b4-ac586431f558 c77361a9fe8e4cfbbd5fd79589d8ff23 ad7d2beab058472f90d9832e0a2a9e76 - - default default] 10.0.0.127 "DELETE /v2.0/security-groups/2458ee62-4b2a-4533-b751-17a8189f2c5c HTTP/1.1" status: 204 len: 168 time: 0.2032793
2026-07-09 14:20:38.476 9 WARNING neutron.scheduler.dhcp_agent_scheduler [None req-e72bea75-7d74-4bce-a60f-0c388f7cdd09 c77361a9fe8e4cfbbd5fd79589d8ff23 ad7d2beab058472f90d9832e0a2a9e76 - - default default] No more DHCP agents
2026-07-09 14:20:38.477 9 WARNING neutron.api.rpc.agentnotifiers.dhcp_rpc_agent_api [None req-e72bea75-7d74-4bce-a60f-0c388f7cdd09 c77361a9fe8e4cfbbd5fd79589d8ff23 ad7d2beab058472f90d9832e0a2a9e76 - - default default] Unable to schedule network 0de78d7e-85fd-4e7f-94c1-c0c4916a3c0b: no agents available; will retry on subsequent port and subnet creation events.
2026-07-09 14:20:38.623 9 INFO neutron.db.ovn_revision_numbers_db [None req-e72bea75-7d74-4bce-a60f-0c388f7cdd09 c77361a9fe8e4cfbbd5fd79589d8ff23 ad7d2beab058472f90d9832e0a2a9e76 - - default default] Successfully bumped revision number for resource 40707c96-5d6d-41ac-9dfa-287aff27681f (type: ports) to 1
2026-07-09 14:20:39.197 9 INFO neutron.plugins.ml2.drivers.ovn.mech_driver.ovsdb.commands [None req-514aead0-a9b8-4efc-ba5a-81c257ab371e - - - - - -] Schedule LRP lrp-40707c96-5d6d-41ac-9dfa-287aff27681f on gateway 9471688c-9f56-4fc5-a150-02e959409f35 with priority 1
2026-07-09 14:20:39.204 9 INFO neutron.plugins.ml2.drivers.ovn.mech_driver.mech_driver [None req-e0493124-c942-48cf-aa4c-3d481b4f1a40 - - - - - -] OVN reports status up for port: 40707c96-5d6d-41ac-9dfa-287aff27681f
2026-07-09 14:20:39.222 9 INFO neutron.plugins.ml2.plugin [None req-e0493124-c942-48cf-aa4c-3d481b4f1a40 - - - - - -] Attempt 1 to provision port 40707c96-5d6d-41ac-9dfa-287aff27681f
2026-07-09 14:20:39.241 10 INFO neutron.plugins.ml2.drivers.ovn.mech_driver.ovsdb.ovsdb_monitor [None req-df993f03-82df-4533-b5b9-585f7fd0887d - - - - - -] Router 5a12f838-0393-4a0b-9458-c83411e2ccfd is bound to host instance
2026-07-09 14:20:39.246 9 INFO neutron.db.ovn_revision_numbers_db [None req-e72bea75-7d74-4bce-a60f-0c388f7cdd09 c77361a9fe8e4cfbbd5fd79589d8ff23 ad7d2beab058472f90d9832e0a2a9e76 - - default default] Successfully bumped revision number for resource 40707c96-5d6d-41ac-9dfa-287aff27681f (type: router_ports) to 1
2026-07-09 14:20:39.312 9 INFO neutron.db.ovn_revision_numbers_db [None req-e72bea75-7d74-4bce-a60f-0c388f7cdd09 c77361a9fe8e4cfbbd5fd79589d8ff23 ad7d2beab058472f90d9832e0a2a9e76 - - default default] Successfully bumped revision number for resource 5a12f838-0393-4a0b-9458-c83411e2ccfd (type: routers) to 2
2026-07-09 14:20:39.329 9 INFO neutron.api.wsgi [None req-e72bea75-7d74-4bce-a60f-0c388f7cdd09 c77361a9fe8e4cfbbd5fd79589d8ff23 ad7d2beab058472f90d9832e0a2a9e76 - - default default] 10.0.0.127 "POST /v2.0/routers HTTP/1.1" status: 201 len: 1168 time: 1.2215629
2026-07-09 14:20:39.664 10 INFO neutron.db.ovn_revision_numbers_db [None req-6be302ab-2853-41ab-9591-b9bd9696fc67 - - - - - -] Successfully bumped revision number for resource 40707c96-5d6d-41ac-9dfa-287aff27681f (type: ports) to 1
2026-07-09 14:20:39.803 9 WARNING neutron.scheduler.dhcp_agent_scheduler [None req-88aab57e-697a-452c-b50c-a4a88b1fde04 c77361a9fe8e4cfbbd5fd79589d8ff23 ad7d2beab058472f90d9832e0a2a9e76 - - default default] No more DHCP agents
2026-07-09 14:20:39.810 9 WARNING neutron.api.rpc.agentnotifiers.dhcp_rpc_agent_api [None req-88aab57e-697a-452c-b50c-a4a88b1fde04 c77361a9fe8e4cfbbd5fd79589d8ff23 ad7d2beab058472f90d9832e0a2a9e76 - - default default] Unable to schedule network 0720440e-de5d-4ba0-ac8e-951cc6d34cfd: no agents available; will retry on subsequent port and subnet creation events.
2026-07-09 14:20:39.950 9 INFO neutron.db.ovn_revision_numbers_db [None req-88aab57e-697a-452c-b50c-a4a88b1fde04 c77361a9fe8e4cfbbd5fd79589d8ff23 ad7d2beab058472f90d9832e0a2a9e76 - - default default] Successfully bumped revision number for resource d4ea54d1-9feb-42f2-b0af-b76f88f6af3d (type: ports) to 1
