2026-07-07 12:37:32.104 8 INFO neutron_taas.services.taas.tap_mirror_plugin [None req-aff0daf4-a0a3-4c0d-b018-78f3208a096b ebecfb2f100e4b229db85499e2e46065 11257db6ee954f90962297d2b42189a0 - - default default] Tap Mirror: Handle Delete Port: a7d0c037-add8-4b23-9457-b01d7a6358ce [pid: 7|app: 0|req: 581/1278] 199.204.45.23 () {34 vars in 1079 bytes} [Tue Jul 7 12:37:32 2026] GET /v2.0/ports?tenant_id=0a56ca61d9a14115910a42db94cfe35b&device_id=ccd99033-609d-481b-ba66-a24e90e355ca => generated 1213 bytes in 40 msecs (HTTP/1.1 200) 4 headers in 158 bytes (1 switches on core 0) [pid: 7|app: 0|req: 582/1279] 199.204.45.23 () {34 vars in 985 bytes} [Tue Jul 7 12:37:32 2026] GET /v2.0/networks?id=7da03cb8-0f66-4737-8ff7-8f842200fc39 => generated 813 bytes in 37 msecs (HTTP/1.1 200) 4 headers in 157 bytes (1 switches on core 0) [pid: 7|app: 0|req: 583/1280] 199.204.45.23 () {34 vars in 1059 bytes} [Tue Jul 7 12:37:32 2026] GET /v2.0/floatingips?fixed_ip_address=10.100.0.13&port_id=f71d2e16-9f2f-4358-9202-35b8c8a3a7b9 => generated 861 bytes in 38 msecs (HTTP/1.1 200) 4 headers in 157 bytes (1 switches on core 0) [pid: 7|app: 0|req: 584/1281] 199.204.45.23 () {34 vars in 983 bytes} [Tue Jul 7 12:37:32 2026] GET /v2.0/subnets?id=550f401f-a306-4819-bb5c-dceff2d42c0e => generated 694 bytes in 22 msecs (HTTP/1.1 200) 4 headers in 157 bytes (1 switches on core 0) [pid: 7|app: 0|req: 585/1282] 199.204.45.23 () {34 vars in 1051 bytes} [Tue Jul 7 12:37:32 2026] GET /v2.0/ports?network_id=7da03cb8-0f66-4737-8ff7-8f842200fc39&device_owner=network%3Adhcp => generated 12 bytes in 47 msecs (HTTP/1.1 200) 4 headers in 156 bytes (1 switches on core 0) [pid: 8|app: 0|req: 698/1283] 10.0.0.253 () {32 vars in 720 bytes} [Tue Jul 7 12:37:31 2026] DELETE /v2.0/ports/a7d0c037-add8-4b23-9457-b01d7a6358ce => generated 0 bytes in 367 msecs (HTTP/1.1 204) 3 headers in 131 bytes (1 switches on core 0) [pid: 8|app: 0|req: 699/1284] 10.0.0.253 () {32 vars in 736 bytes} [Tue Jul 7 12:37:32 2026] GET /v2.0/ports?device_id=5f95abbc-a687-4383-b227-508f1fa7957e => generated 946 bytes in 34 msecs (HTTP/1.1 200) 4 headers in 157 bytes (1 switches on core 0) [pid: 7|app: 0|req: 586/1285] 199.204.45.23 () {34 vars in 1011 bytes} [Tue Jul 7 12:37:32 2026] GET /v2.0/networks/7da03cb8-0f66-4737-8ff7-8f842200fc39?fields=segments => generated 14 bytes in 75 msecs (HTTP/1.1 200) 4 headers in 156 bytes (1 switches on core 0) [pid: 7|app: 0|req: 587/1286] 199.204.45.23 () {34 vars in 1111 bytes} [Tue Jul 7 12:37:32 2026] GET /v2.0/networks/7da03cb8-0f66-4737-8ff7-8f842200fc39?fields=provider%3Aphysical_network&fields=provider%3Anetwork_type => generated 79 bytes in 48 msecs (HTTP/1.1 200) 4 headers in 156 bytes (1 switches on core 0) [pid: 7|app: 0|req: 588/1287] 10.0.0.176 () {34 vars in 990 bytes} [Tue Jul 7 12:37:32 2026] GET /v2.0/ports?device_id=903cdac2-f9e6-404b-8aa6-1545ebd9d5c8 => generated 12 bytes in 20 msecs (HTTP/1.1 200) 4 headers in 156 bytes (1 switches on core 0)
2026-07-07 12:37:33.172 8 INFO neutron_taas.services.taas.taas_plugin [None req-650d2ac1-44bb-4843-a28a-6c882a546906 ebecfb2f100e4b229db85499e2e46065 11257db6ee954f90962297d2b42189a0 - - default default] TaaS: Handle Delete Port: 63e1e037-a60d-4d03-88d5-f3110bdd42fb
2026-07-07 12:37:33.174 8 INFO neutron_taas.services.taas.tap_mirror_plugin [None req-650d2ac1-44bb-4843-a28a-6c882a546906 ebecfb2f100e4b229db85499e2e46065 11257db6ee954f90962297d2b42189a0 - - default default] Tap Mirror: Handle Delete Port: 63e1e037-a60d-4d03-88d5-f3110bdd42fb [pid: 8|app: 0|req: 700/1288] 10.0.0.253 () {34 vars in 789 bytes} [Tue Jul 7 12:37:32 2026] PUT /v2.0/routers/5f95abbc-a687-4383-b227-508f1fa7957e/remove_router_interface => generated 309 bytes in 1439 msecs (HTTP/1.1 200) 4 headers in 157 bytes (1 switches on core 0) /var/lib/openstack/lib/python3.12/site-packages/pycadf/identifier.py:70: UserWarning: Invalid uuid: neutron. To ensure interoperability, identifiers should be a valid uuid. warnings.warn(('Invalid uuid: %s. To ensure interoperability, '
2026-07-07 12:37:34.032 7 INFO neutron_taas.services.taas.taas_plugin [None req-1ca54fa1-2eea-4818-b16c-2e7746ef2934 d4598f424d894e068eb4917b410a2b63 86a7f499bb684392abc85e8012ca05fd - - default default] TaaS: Handle Delete Port: 8b476f5f-d22c-4d7e-a4ad-c15c8703cdd3
2026-07-07 12:37:34.040 7 INFO neutron_taas.services.taas.tap_mirror_plugin [None req-1ca54fa1-2eea-4818-b16c-2e7746ef2934 d4598f424d894e068eb4917b410a2b63 86a7f499bb684392abc85e8012ca05fd - - default default] Tap Mirror: Handle Delete Port: 8b476f5f-d22c-4d7e-a4ad-c15c8703cdd3
2026-07-07 12:37:34.167 8 INFO neutron_taas.services.taas.taas_plugin [None req-ccfc9b85-2616-49da-b54c-eabd3b3b73b8 ebecfb2f100e4b229db85499e2e46065 11257db6ee954f90962297d2b42189a0 - - default default] TaaS: Handle Delete Port: a8754225-a1f6-4486-9d53-229d96ca03ac
2026-07-07 12:37:34.171 8 INFO neutron_taas.services.taas.tap_mirror_plugin [None req-ccfc9b85-2616-49da-b54c-eabd3b3b73b8 ebecfb2f100e4b229db85499e2e46065 11257db6ee954f90962297d2b42189a0 - - default default] Tap Mirror: Handle Delete Port: a8754225-a1f6-4486-9d53-229d96ca03ac [pid: 8|app: 0|req: 701/1289] 10.0.0.253 () {32 vars in 724 bytes} [Tue Jul 7 12:37:33 2026] DELETE /v2.0/routers/5f95abbc-a687-4383-b227-508f1fa7957e => generated 0 bytes in 912 msecs (HTTP/1.1 204) 2 headers in 112 bytes (1 switches on core 0) [pid: 8|app: 0|req: 702/1290] 10.0.0.253 () {32 vars in 724 bytes} [Tue Jul 7 12:37:34 2026] DELETE /v2.0/subnets/003ac73e-d964-4966-a0ef-e707e698d7a6 => generated 0 bytes in 173 msecs (HTTP/1.1 204) 3 headers in 131 bytes (1 switches on core 0) [pid: 7|app: 0|req: 589/1291] 10.0.0.253 () {34 vars in 789 bytes} [Tue Jul 7 12:37:33 2026] PUT /v2.0/routers/e7ccc4ab-02b3-45fb-a5a9-50a34667a943/remove_router_interface => generated 309 bytes in 1298 msecs (HTTP/1.1 200) 4 headers in 157 bytes (1 switches on core 0) /var/lib/openstack/lib/python3.12/site-packages/pycadf/identifier.py:70: UserWarning: Invalid uuid: neutron. To ensure interoperability, identifiers should be a valid uuid. warnings.warn(('Invalid uuid: %s. To ensure interoperability, '
2026-07-07 12:37:35.065 8 INFO neutron_taas.services.taas.taas_plugin [None req-3c8039c8-69c5-4d85-91c3-5f4019ad723d ebecfb2f100e4b229db85499e2e46065 11257db6ee954f90962297d2b42189a0 - - default default] TaaS: Handle Delete Port: 3834062f-3336-4996-9467-e43bbc496045
2026-07-07 12:37:35.068 8 INFO neutron_taas.services.taas.tap_mirror_plugin [None req-3c8039c8-69c5-4d85-91c3-5f4019ad723d ebecfb2f100e4b229db85499e2e46065 11257db6ee954f90962297d2b42189a0 - - default default] Tap Mirror: Handle Delete Port: 3834062f-3336-4996-9467-e43bbc496045
2026-07-07 12:37:35.275 8 INFO neutron.services.segments.plugin [-] Segment 2fa84639-4144-4d5d-8156-b63beed3cf15 resource provider aggregate not found
2026-07-07 12:37:35.282 8 INFO neutron.services.segments.plugin [-] Segment 2fa84639-4144-4d5d-8156-b63beed3cf15 resource provider aggregate not found
2026-07-07 12:37:35.286 7 INFO neutron_taas.services.taas.taas_plugin [None req-d841f2cc-4d96-4151-97a6-8354bad90d8e d4598f424d894e068eb4917b410a2b63 86a7f499bb684392abc85e8012ca05fd - - default default] TaaS: Handle Delete Port: b4b7ae07-39df-4118-892d-239f3773bade
2026-07-07 12:37:35.290 7 INFO neutron_taas.services.taas.tap_mirror_plugin [None req-d841f2cc-4d96-4151-97a6-8354bad90d8e d4598f424d894e068eb4917b410a2b63 86a7f499bb684392abc85e8012ca05fd - - default default] Tap Mirror: Handle Delete Port: b4b7ae07-39df-4118-892d-239f3773bade
2026-07-07 12:37:35.300 8 INFO neutron.services.segments.plugin [-] Segment 2fa84639-4144-4d5d-8156-b63beed3cf15 resource provider not found; error: Placement Client Error (4xx): {"errors": [{"status": 404, "title": "Not Found", "detail": "The resource could not be found.\n\n No resource provider with uuid 2fa84639-4144-4d5d-8156-b63beed3cf15 found for delete ", "request_id": "req-b385de61-55a1-4c58-b5ed-22530370a770"}]}
2026-07-07 12:37:35.305 8 INFO neutron.services.segments.plugin [-] Segment 2fa84639-4144-4d5d-8156-b63beed3cf15 resource provider not found; error: Placement Client Error (4xx): {"errors": [{"status": 404, "title": "Not Found", "detail": "The resource could not be found.\n\n No resource provider with uuid 2fa84639-4144-4d5d-8156-b63beed3cf15 found for delete ", "request_id": "req-ba948426-700f-4e6a-b210-27b865069eaf"}]} [pid: 8|app: 0|req: 703/1292] 10.0.0.253 () {32 vars in 726 bytes} [Tue Jul 7 12:37:34 2026] DELETE /v2.0/networks/12742c60-4414-4c8b-bafa-e933d112338c => generated 0 bytes in 463 msecs (HTTP/1.1 204) 3 headers in 131 bytes (1 switches on core 0)
2026-07-07 12:37:35.763 7 WARNING neutron.plugins.ml2.drivers.ovn.mech_driver.ovsdb.ovn_client [None req-0d0154d8-17e8-4223-a15d-cedf93f8af08 - - - - - -] No port found with ID 63e1e037-a60d-4d03-88d5-f3110bdd42fb: RuntimeError: No port found with ID 63e1e037-a60d-4d03-88d5-f3110bdd42fb
2026-07-07 12:37:35.776 7 INFO neutron.plugins.ml2.drivers.ovn.mech_driver.mech_driver [None req-0d0154d8-17e8-4223-a15d-cedf93f8af08 - - - - - -] OVN reports status down for port: a7d0c037-add8-4b23-9457-b01d7a6358ce
2026-07-07 12:37:35.873 7 INFO neutron.plugins.ml2.drivers.ovn.mech_driver.mech_driver [None req-0d0154d8-17e8-4223-a15d-cedf93f8af08 - - - - - -] OVN reports status down for port: a0ecf26f-2d55-4e7b-840d-a2e78ee619d2 [pid: 7|app: 0|req: 590/1293] 10.0.0.253 () {32 vars in 724 bytes} [Tue Jul 7 12:37:34 2026] DELETE /v2.0/routers/e7ccc4ab-02b3-45fb-a5a9-50a34667a943 => generated 0 bytes in 937 msecs (HTTP/1.1 204) 2 headers in 112 bytes (1 switches on core 0)
2026-07-07 12:37:35.886 7 INFO neutron.plugins.ml2.drivers.ovn.mech_driver.mech_driver [None req-0d0154d8-17e8-4223-a15d-cedf93f8af08 - - - - - -] OVN reports status down for port: 9e6fc420-a8f4-4bb8-8591-234907d2ae16 [pid: 8|app: 0|req: 704/1294] 10.0.0.253 () {32 vars in 724 bytes} [Tue Jul 7 12:37:35 2026] DELETE /v2.0/subnets/466b66db-cc2a-4189-9b58-b3c2b39bf6ea => generated 0 bytes in 176 msecs (HTTP/1.1 204) 3 headers in 131 bytes (1 switches on core 0) /var/lib/openstack/lib/python3.12/site-packages/pycadf/identifier.py:70: UserWarning: Invalid uuid: neutron. To ensure interoperability, identifiers should be a valid uuid. warnings.warn(('Invalid uuid: %s. To ensure interoperability, ' [pid: 7|app: 0|req: 591/1295] 10.0.0.253 () {32 vars in 774 bytes} [Tue Jul 7 12:37:35 2026] GET /v2.0/security-groups?tenant_id=11257db6ee954f90962297d2b42189a0&name=default => generated 2925 bytes in 196 msecs (HTTP/1.1 200) 4 headers in 158 bytes (1 switches on core 0)
2026-07-07 12:37:36.323 8 INFO neutron.db.ovn_revision_numbers_db [None req-2baee77b-2680-40b3-bd46-0c623708a400 d4598f424d894e068eb4917b410a2b63 86a7f499bb684392abc85e8012ca05fd - - default default] Successfully bumped revision number for resource ed1de18b-ef97-4283-af03-a532da91aa57 (type: security_groups) to 1
2026-07-07 12:37:36.335 8 INFO neutron.db.ovn_revision_numbers_db [None req-2baee77b-2680-40b3-bd46-0c623708a400 d4598f424d894e068eb4917b410a2b63 86a7f499bb684392abc85e8012ca05fd - - default default] Successfully bumped revision number for resource 08f11393-d4a5-4374-bb18-37810f954e54 (type: security_group_rules) to 0
2026-07-07 12:37:36.343 7 INFO neutron_taas.services.taas.taas_plugin [None req-a97413f1-b844-4f59-9b57-f1e35474bb91 d4598f424d894e068eb4917b410a2b63 86a7f499bb684392abc85e8012ca05fd - - default default] TaaS: Handle Delete Port: c44a0936-a6ac-4d44-8bb0-eeb5d06daca6
2026-07-07 12:37:36.346 7 INFO neutron_taas.services.taas.tap_mirror_plugin [None req-a97413f1-b844-4f59-9b57-f1e35474bb91 d4598f424d894e068eb4917b410a2b63 86a7f499bb684392abc85e8012ca05fd - - default default] Tap Mirror: Handle Delete Port: c44a0936-a6ac-4d44-8bb0-eeb5d06daca6
2026-07-07 12:37:36.347 8 INFO neutron.db.ovn_revision_numbers_db [None req-2baee77b-2680-40b3-bd46-0c623708a400 d4598f424d894e068eb4917b410a2b63 86a7f499bb684392abc85e8012ca05fd - - default default] Successfully bumped revision number for resource 12f614b4-b617-42a9-a13e-6eaeb0d295f2 (type: security_group_rules) to 0
2026-07-07 12:37:36.359 8 INFO neutron.db.ovn_revision_numbers_db [None req-2baee77b-2680-40b3-bd46-0c623708a400 d4598f424d894e068eb4917b410a2b63 86a7f499bb684392abc85e8012ca05fd - - default default] Successfully bumped revision number for resource 16fb680a-876d-4609-9b06-865a254df2f2 (type: security_group_rules) to 0
2026-07-07 12:37:36.375 8 INFO neutron.db.ovn_revision_numbers_db [None req-2baee77b-2680-40b3-bd46-0c623708a400 d4598f424d894e068eb4917b410a2b63 86a7f499bb684392abc85e8012ca05fd - - default default] Successfully bumped revision number for resource a603ca1e-d64e-4960-873d-6b8aa3ae3136 (type: security_group_rules) to 0 [pid: 8|app: 0|req: 705/1296] 10.0.0.253 () {32 vars in 774 bytes} [Tue Jul 7 12:37:36 2026] GET /v2.0/security-groups?tenant_id=726021ea1cbb4d5d901389918042820c&name=default => generated 2925 bytes in 347 msecs (HTTP/1.1 200) 4 headers in 158 bytes (1 switches on core 0)
2026-07-07 12:37:36.564 7 INFO neutron.services.segments.plugin [-] Segment 84246b90-5bf4-4274-8fb9-36c822df104e resource provider aggregate not found
2026-07-07 12:37:36.572 7 INFO neutron.services.segments.plugin [-] Segment 84246b90-5bf4-4274-8fb9-36c822df104e resource provider aggregate not found
2026-07-07 12:37:36.587 7 INFO neutron.services.segments.plugin [-] Segment 84246b90-5bf4-4274-8fb9-36c822df104e resource provider not found; error: Placement Client Error (4xx): {"errors": [{"status": 404, "title": "Not Found", "detail": "The resource could not be found.\n\n No resource provider with uuid 84246b90-5bf4-4274-8fb9-36c822df104e found for delete ", "request_id": "req-27051af6-c761-47c5-8618-047664e2ee38"}]}
2026-07-07 12:37:36.597 7 INFO neutron.services.segments.plugin [-] Segment 84246b90-5bf4-4274-8fb9-36c822df104e resource provider not found; error: Placement Client Error (4xx): {"errors": [{"status": 404, "title": "Not Found", "detail": "The resource could not be found.\n\n No resource provider with uuid 84246b90-5bf4-4274-8fb9-36c822df104e found for delete ", "request_id": "req-d3168afb-e142-4932-a787-59940efe549b"}]} [pid: 7|app: 0|req: 592/1297] 10.0.0.253 () {32 vars in 726 bytes} [Tue Jul 7 12:37:36 2026] DELETE /v2.0/networks/a8a8e0e8-b110-4799-b5cd-b604a4700535 => generated 0 bytes in 494 msecs (HTTP/1.1 204) 3 headers in 131 bytes (1 switches on core 0) [pid: 8|app: 0|req: 706/1298] 10.0.0.253 () {32 vars in 740 bytes} [Tue Jul 7 12:37:36 2026] DELETE /v2.0/security-groups/cdf47b30-82b7-4fdf-8db2-619478f35dfa => generated 0 bytes in 393 msecs (HTTP/1.1 204) 2 headers in 112 bytes (1 switches on core 0) [pid: 8|app: 0|req: 707/1299] 10.0.0.253 () {32 vars in 774 bytes} [Tue Jul 7 12:37:36 2026] GET /v2.0/security-groups?tenant_id=62e324198f584d729392e4159f6e5ae9&name=default => generated 2925 bytes in 53 msecs (HTTP/1.1 200) 4 headers in 158 bytes (1 switches on core 0) [pid: 7|app: 0|req: 593/1300] 10.0.0.253 () {32 vars in 740 bytes} [Tue Jul 7 12:37:36 2026] DELETE /v2.0/security-groups/ed1de18b-ef97-4283-af03-a532da91aa57 => generated 0 bytes in 400 msecs (HTTP/1.1 204) 2 headers in 112 bytes (1 switches on core 0) [pid: 8|app: 0|req: 708/1301] 10.0.0.253 () {32 vars in 740 bytes} [Tue Jul 7 12:37:36 2026] DELETE /v2.0/security-groups/411b0c81-7066-4e97-9cbe-618bc7c600ae => generated 0 bytes in 363 msecs (HTTP/1.1 204) 2 headers in 112 bytes (1 switches on core 0)
2026-07-07 12:37:37.530 7 INFO neutron.db.ovn_revision_numbers_db [None req-0c454154-13d9-4940-be14-95a025f81306 d4598f424d894e068eb4917b410a2b63 86a7f499bb684392abc85e8012ca05fd - - default default] Successfully bumped revision number for resource bcf3f3b7-7178-474a-b8ba-d849f8c2ec34 (type: security_groups) to 1
2026-07-07 12:37:37.554 7 INFO neutron.db.ovn_revision_numbers_db [None req-0c454154-13d9-4940-be14-95a025f81306 d4598f424d894e068eb4917b410a2b63 86a7f499bb684392abc85e8012ca05fd - - default default] Successfully bumped revision number for resource 0f9d53d5-f5ca-42eb-89ae-8c7a3caded31 (type: security_group_rules) to 0
2026-07-07 12:37:37.586 7 INFO neutron.db.ovn_revision_numbers_db [None req-0c454154-13d9-4940-be14-95a025f81306 d4598f424d894e068eb4917b410a2b63 86a7f499bb684392abc85e8012ca05fd - - default default] Successfully bumped revision number for resource a6df2c06-13f1-43e8-ba36-a5ba57de60d8 (type: security_group_rules) to 0
2026-07-07 12:37:37.597 7 INFO neutron.db.ovn_revision_numbers_db [None req-0c454154-13d9-4940-be14-95a025f81306 d4598f424d894e068eb4917b410a2b63 86a7f499bb684392abc85e8012ca05fd - - default default] Successfully bumped revision number for resource ae134d62-7f9c-4d9c-aa27-7fbcaae65931 (type: security_group_rules) to 0
2026-07-07 12:37:37.611 7 INFO neutron.db.ovn_revision_numbers_db [None req-0c454154-13d9-4940-be14-95a025f81306 d4598f424d894e068eb4917b410a2b63 86a7f499bb684392abc85e8012ca05fd - - default default] Successfully bumped revision number for resource cc0cdd71-4b7c-498b-b81e-901cd9e1ac23 (type: security_group_rules) to 0 [pid: 7|app: 0|req: 594/1302] 10.0.0.253 () {32 vars in 774 bytes} [Tue Jul 7 12:37:37 2026] GET /v2.0/security-groups?tenant_id=2221acf4c68347b9badc681648321c27&name=default => generated 2925 bytes in 382 msecs (HTTP/1.1 200) 4 headers in 158 bytes (1 switches on core 0) [pid: 8|app: 0|req: 709/1303] 10.0.0.253 () {32 vars in 740 bytes} [Tue Jul 7 12:37:37 2026] DELETE /v2.0/security-groups/bcf3f3b7-7178-474a-b8ba-d849f8c2ec34 => generated 0 bytes in 346 msecs (HTTP/1.1 204) 2 headers in 112 bytes (1 switches on core 0)
2026-07-07 12:37:39.254 7 INFO neutron.db.ovn_revision_numbers_db [None req-2e13f8b7-a45b-466e-ba5d-733d98167708 9bdebdfa5d804a2f9747e6e8134b6c31 565561b656504abfb4b7467004e2a674 - - default default] Successfully bumped revision number for resource bfd6b995-835c-4916-9365-d036613ae41f (type: security_groups) to 1
2026-07-07 12:37:39.266 7 INFO neutron.db.ovn_revision_numbers_db [None req-2e13f8b7-a45b-466e-ba5d-733d98167708 9bdebdfa5d804a2f9747e6e8134b6c31 565561b656504abfb4b7467004e2a674 - - default default] Successfully bumped revision number for resource 07a22109-f188-437b-8acd-d192bfec8ce5 (type: security_group_rules) to 0
2026-07-07 12:37:39.278 7 INFO neutron.db.ovn_revision_numbers_db [None req-2e13f8b7-a45b-466e-ba5d-733d98167708 9bdebdfa5d804a2f9747e6e8134b6c31 565561b656504abfb4b7467004e2a674 - - default default] Successfully bumped revision number for resource 5949adb5-38c2-47dc-8692-8ecb02168978 (type: security_group_rules) to 0
2026-07-07 12:37:39.294 7 INFO neutron.db.ovn_revision_numbers_db [None req-2e13f8b7-a45b-466e-ba5d-733d98167708 9bdebdfa5d804a2f9747e6e8134b6c31 565561b656504abfb4b7467004e2a674 - - default default] Successfully bumped revision number for resource 716ce7a2-ddba-41f4-b9f7-88c794aa9fd6 (type: security_group_rules) to 0
2026-07-07 12:37:39.306 7 INFO neutron.db.ovn_revision_numbers_db [None req-2e13f8b7-a45b-466e-ba5d-733d98167708 9bdebdfa5d804a2f9747e6e8134b6c31 565561b656504abfb4b7467004e2a674 - - default default] Successfully bumped revision number for resource fe83d82c-fb53-4ead-83f1-4eb9600c871e (type: security_group_rules) to 0
2026-07-07 12:37:39.398 7 INFO neutron.db.segments_db [None req-2e13f8b7-a45b-466e-ba5d-733d98167708 9bdebdfa5d804a2f9747e6e8134b6c31 565561b656504abfb4b7467004e2a674 - - default default] Added segment f41fe0da-effa-498b-8a6e-4a72d26f5fd4 of type geneve for network 443fde81-2d59-45b1-8880-b8f3a4a2acb4
2026-07-07 12:37:39.491 7 INFO neutron.db.segments_db [None req-2e13f8b7-a45b-466e-ba5d-733d98167708 9bdebdfa5d804a2f9747e6e8134b6c31 565561b656504abfb4b7467004e2a674 - - default default] Added segment 7fb20331-bd3f-4a0c-9cff-7cd1826e0488 of type geneve for network 96ba7f1f-2677-443f-89c3-f4a04e6149a6
2026-07-07 12:37:39.630 7 INFO neutron.db.ovn_revision_numbers_db [None req-2e13f8b7-a45b-466e-ba5d-733d98167708 9bdebdfa5d804a2f9747e6e8134b6c31 565561b656504abfb4b7467004e2a674 - - default default] Successfully bumped revision number for resource 443fde81-2d59-45b1-8880-b8f3a4a2acb4 (type: networks) to 1
2026-07-07 12:37:39.834 7 WARNING neutron.scheduler.dhcp_agent_scheduler [None req-2e13f8b7-a45b-466e-ba5d-733d98167708 9bdebdfa5d804a2f9747e6e8134b6c31 565561b656504abfb4b7467004e2a674 - - default default] No more DHCP agents
2026-07-07 12:37:39.836 7 WARNING neutron.api.rpc.agentnotifiers.dhcp_rpc_agent_api [None req-2e13f8b7-a45b-466e-ba5d-733d98167708 9bdebdfa5d804a2f9747e6e8134b6c31 565561b656504abfb4b7467004e2a674 - - default default] Unable to schedule network 443fde81-2d59-45b1-8880-b8f3a4a2acb4: no agents available; will retry on subsequent port and subnet creation events.
2026-07-07 12:37:39.906 7 INFO neutron.plugins.ml2.drivers.ovn.mech_driver.mech_driver [None req-0d0154d8-17e8-4223-a15d-cedf93f8af08 - - - - - -] OVN reports status down for port: 67ad4dbc-4082-47c4-9cf4-8eb079f1fd68
2026-07-07 12:37:39.976 7 INFO neutron.db.ovn_revision_numbers_db [None req-2e13f8b7-a45b-466e-ba5d-733d98167708 9bdebdfa5d804a2f9747e6e8134b6c31 565561b656504abfb4b7467004e2a674 - - default default] Successfully bumped revision number for resource 67ad4dbc-4082-47c4-9cf4-8eb079f1fd68 (type: ports) to 1
2026-07-07 12:37:40.107 7 INFO neutron.db.ovn_revision_numbers_db [None req-2e13f8b7-a45b-466e-ba5d-733d98167708 9bdebdfa5d804a2f9747e6e8134b6c31 565561b656504abfb4b7467004e2a674 - - default default] Successfully bumped revision number for resource 96ba7f1f-2677-443f-89c3-f4a04e6149a6 (type: networks) to 1
2026-07-07 12:37:40.254 7 WARNING neutron.scheduler.dhcp_agent_scheduler [None req-2e13f8b7-a45b-466e-ba5d-733d98167708 9bdebdfa5d804a2f9747e6e8134b6c31 565561b656504abfb4b7467004e2a674 - - default default] No more DHCP agents
2026-07-07 12:37:40.257 7 WARNING neutron.api.rpc.agentnotifiers.dhcp_rpc_agent_api [None req-2e13f8b7-a45b-466e-ba5d-733d98167708 9bdebdfa5d804a2f9747e6e8134b6c31 565561b656504abfb4b7467004e2a674 - - default default] Unable to schedule network 96ba7f1f-2677-443f-89c3-f4a04e6149a6: no agents available; will retry on subsequent port and subnet creation events.
2026-07-07 12:37:40.316 7 INFO neutron.plugins.ml2.drivers.ovn.mech_driver.mech_driver [None req-0d0154d8-17e8-4223-a15d-cedf93f8af08 - - - - - -] OVN reports status down for port: c55ca843-b045-4242-9b54-d374c801c163
2026-07-07 12:37:40.401 7 INFO neutron.db.ovn_revision_numbers_db [None req-2e13f8b7-a45b-466e-ba5d-733d98167708 9bdebdfa5d804a2f9747e6e8134b6c31 565561b656504abfb4b7467004e2a674 - - default default] Successfully bumped revision number for resource c55ca843-b045-4242-9b54-d374c801c163 (type: ports) to 1 [pid: 7|app: 0|req: 595/1304] 10.0.0.253 () {34 vars in 670 bytes} [Tue Jul 7 12:37:38 2026] POST /v2.0/networks => generated 1283 bytes in 1578 msecs (HTTP/1.1 201) 4 headers in 163 bytes (1 switches on core 0) [pid: 8|app: 0|req: 710/1305] 10.0.0.253 () {32 vars in 649 bytes} [Tue Jul 7 12:37:40 2026] GET /v2.0/networks => generated 1970 bytes in 78 msecs (HTTP/1.1 200) 4 headers in 158 bytes (1 switches on core 0)
2026-07-07 12:37:40.694 7 INFO neutron_taas.services.taas.taas_plugin [None req-23c1489b-3ae3-44e3-aa77-e2fc4f6534ce 9bdebdfa5d804a2f9747e6e8134b6c31 565561b656504abfb4b7467004e2a674 - - default default] TaaS: Handle Delete Port: 67ad4dbc-4082-47c4-9cf4-8eb079f1fd68
2026-07-07 12:37:40.697 7 INFO neutron_taas.services.taas.tap_mirror_plugin [None req-23c1489b-3ae3-44e3-aa77-e2fc4f6534ce 9bdebdfa5d804a2f9747e6e8134b6c31 565561b656504abfb4b7467004e2a674 - - default default] Tap Mirror: Handle Delete Port: 67ad4dbc-4082-47c4-9cf4-8eb079f1fd68
2026-07-07 12:37:40.934 7 INFO neutron.services.segments.plugin [-] Segment f41fe0da-effa-498b-8a6e-4a72d26f5fd4 resource provider aggregate not found
2026-07-07 12:37:40.938 7 INFO neutron.services.segments.plugin [-] Segment f41fe0da-effa-498b-8a6e-4a72d26f5fd4 resource provider aggregate not found
2026-07-07 12:37:40.957 7 INFO neutron.services.segments.plugin [-] Segment f41fe0da-effa-498b-8a6e-4a72d26f5fd4 resource provider not found; error: Placement Client Error (4xx): {"errors": [{"status": 404, "title": "Not Found", "detail": "The resource could not be found.\n\n No resource provider with uuid f41fe0da-effa-498b-8a6e-4a72d26f5fd4 found for delete ", "request_id": "req-13957bea-7077-4690-b0eb-f0a47581d095"}]}
2026-07-07 12:37:40.963 7 INFO neutron.services.segments.plugin [-] Segment f41fe0da-effa-498b-8a6e-4a72d26f5fd4 resource provider not found; error: Placement Client Error (4xx): {"errors": [{"status": 404, "title": "Not Found", "detail": "The resource could not be found.\n\n No resource provider with uuid f41fe0da-effa-498b-8a6e-4a72d26f5fd4 found for delete ", "request_id": "req-902a41ab-c08e-4b58-b936-f325d83e57f7"}]} [pid: 7|app: 0|req: 596/1306] 10.0.0.253 () {32 vars in 726 bytes} [Tue Jul 7 12:37:40 2026] DELETE /v2.0/networks/443fde81-2d59-45b1-8880-b8f3a4a2acb4 => generated 0 bytes in 449 msecs (HTTP/1.1 204) 3 headers in 131 bytes (1 switches on core 0)
2026-07-07 12:37:41.126 8 INFO neutron_taas.services.taas.taas_plugin [None req-cce2cdd4-6ccb-493c-b45e-47e25444642f 9bdebdfa5d804a2f9747e6e8134b6c31 565561b656504abfb4b7467004e2a674 - - default default] TaaS: Handle Delete Port: c55ca843-b045-4242-9b54-d374c801c163
2026-07-07 12:37:41.129 8 INFO neutron_taas.services.taas.tap_mirror_plugin [None req-cce2cdd4-6ccb-493c-b45e-47e25444642f 9bdebdfa5d804a2f9747e6e8134b6c31 565561b656504abfb4b7467004e2a674 - - default default] Tap Mirror: Handle Delete Port: c55ca843-b045-4242-9b54-d374c801c163
2026-07-07 12:37:41.349 8 INFO neutron.services.segments.plugin [-] Segment 7fb20331-bd3f-4a0c-9cff-7cd1826e0488 resource provider aggregate not found
2026-07-07 12:37:41.359 8 INFO neutron.services.segments.plugin [-] Segment 7fb20331-bd3f-4a0c-9cff-7cd1826e0488 resource provider aggregate not found
2026-07-07 12:37:41.380 8 INFO neutron.services.segments.plugin [-] Segment 7fb20331-bd3f-4a0c-9cff-7cd1826e0488 resource provider not found; error: Placement Client Error (4xx): {"errors": [{"status": 404, "title": "Not Found", "detail": "The resource could not be found.\n\n No resource provider with uuid 7fb20331-bd3f-4a0c-9cff-7cd1826e0488 found for delete ", "request_id": "req-098c685c-5005-4a6e-80e3-fba2e2fa88c7"}]}
2026-07-07 12:37:41.389 8 INFO neutron.services.segments.plugin [-] Segment 7fb20331-bd3f-4a0c-9cff-7cd1826e0488 resource provider not found; error: Placement Client Error (4xx): {"errors": [{"status": 404, "title": "Not Found", "detail": "The resource could not be found.\n\n No resource provider with uuid 7fb20331-bd3f-4a0c-9cff-7cd1826e0488 found for delete ", "request_id": "req-40d058e5-ef45-48dc-83c9-b5a661e8ca1a"}]} [pid: 8|app: 0|req: 711/1307] 10.0.0.253 () {32 vars in 726 bytes} [Tue Jul 7 12:37:40 2026] DELETE /v2.0/networks/96ba7f1f-2677-443f-89c3-f4a04e6149a6 => generated 0 bytes in 429 msecs (HTTP/1.1 204) 3 headers in 131 bytes (1 switches on core 0) [pid: 7|app: 0|req: 597/1308] 10.0.0.253 () {32 vars in 649 bytes} [Tue Jul 7 12:37:41 2026] GET /v2.0/networks => generated 689 bytes in 59 msecs (HTTP/1.1 200) 4 headers in 157 bytes (1 switches on core 0)
2026-07-07 12:37:41.579 8 INFO neutron.db.segments_db [None req-55031f91-db15-42c5-a376-c3c8c4b2db04 9bdebdfa5d804a2f9747e6e8134b6c31 565561b656504abfb4b7467004e2a674 - - default default] Added segment 58ecd2c0-ae97-40ea-b7c9-be6be0052462 of type geneve for network f7bdd18a-98a0-4579-bfc6-9c52b247ba19
2026-07-07 12:37:41.740 8 INFO neutron.db.ovn_revision_numbers_db [None req-55031f91-db15-42c5-a376-c3c8c4b2db04 9bdebdfa5d804a2f9747e6e8134b6c31 565561b656504abfb4b7467004e2a674 - - default default] Successfully bumped revision number for resource f7bdd18a-98a0-4579-bfc6-9c52b247ba19 (type: networks) to 1 [pid: 7|app: 0|req: 598/1309] 10.0.0.186 () {34 vars in 990 bytes} [Tue Jul 7 12:37:41 2026] GET /v2.0/ports?device_id=ccd99033-609d-481b-ba66-a24e90e355ca => generated 1213 bytes in 261 msecs (HTTP/1.1 200) 4 headers in 158 bytes (1 switches on core 0) [pid: 7|app: 0|req: 599/1310] 10.0.0.186 () {34 vars in 1040 bytes} [Tue Jul 7 12:37:41 2026] GET /v2.0/security-groups?id=bccab74d-be78-4d77-a7d5-8d0fa07194e3&fields=id&fields=name => generated 113 bytes in 29 msecs (HTTP/1.1 200) 4 headers in 157 bytes (1 switches on core 0)
2026-07-07 12:37:41.940 8 WARNING neutron.scheduler.dhcp_agent_scheduler [None req-55031f91-db15-42c5-a376-c3c8c4b2db04 9bdebdfa5d804a2f9747e6e8134b6c31 565561b656504abfb4b7467004e2a674 - - default default] No more DHCP agents
2026-07-07 12:37:41.941 8 WARNING neutron.api.rpc.agentnotifiers.dhcp_rpc_agent_api [None req-55031f91-db15-42c5-a376-c3c8c4b2db04 9bdebdfa5d804a2f9747e6e8134b6c31 565561b656504abfb4b7467004e2a674 - - default default] Unable to schedule network f7bdd18a-98a0-4579-bfc6-9c52b247ba19: no agents available; will retry on subsequent port and subnet creation events.
2026-07-07 12:37:42.035 7 INFO neutron.plugins.ml2.drivers.ovn.mech_driver.mech_driver [None req-0d0154d8-17e8-4223-a15d-cedf93f8af08 - - - - - -] OVN reports status down for port: 4a5f47e5-8463-4321-ae25-099c7886e65b
2026-07-07 12:37:42.099 8 INFO neutron.db.ovn_revision_numbers_db [None req-55031f91-db15-42c5-a376-c3c8c4b2db04 9bdebdfa5d804a2f9747e6e8134b6c31 565561b656504abfb4b7467004e2a674 - - default default] Successfully bumped revision number for resource 4a5f47e5-8463-4321-ae25-099c7886e65b (type: ports) to 1 [pid: 8|app: 0|req: 712/1313] 10.0.0.253 () {34 vars in 670 bytes} [Tue Jul 7 12:37:41 2026] POST /v2.0/networks => generated 672 bytes in 644 msecs (HTTP/1.1 201) 4 headers in 162 bytes (1 switches on core 0)
2026-07-07 12:37:42.238 7 INFO neutron.db.segments_db [None req-32e5f435-bdd1-4e1a-9e61-f037b408e9d3 9bdebdfa5d804a2f9747e6e8134b6c31 565561b656504abfb4b7467004e2a674 - - default default] Added segment 04cf4552-5546-4987-873a-ca8f50e2bc96 of type geneve for network 2026d1e0-11e1-49b8-843f-2848cb3c73aa
2026-07-07 12:37:42.337 7 INFO neutron.db.ovn_revision_numbers_db [None req-32e5f435-bdd1-4e1a-9e61-f037b408e9d3 9bdebdfa5d804a2f9747e6e8134b6c31 565561b656504abfb4b7467004e2a674 - - default default] Successfully bumped revision number for resource 2026d1e0-11e1-49b8-843f-2848cb3c73aa (type: networks) to 1
2026-07-07 12:37:42.493 7 WARNING neutron.scheduler.dhcp_agent_scheduler [None req-32e5f435-bdd1-4e1a-9e61-f037b408e9d3 9bdebdfa5d804a2f9747e6e8134b6c31 565561b656504abfb4b7467004e2a674 - - default default] No more DHCP agents
2026-07-07 12:37:42.494 7 WARNING neutron.api.rpc.agentnotifiers.dhcp_rpc_agent_api [None req-32e5f435-bdd1-4e1a-9e61-f037b408e9d3 9bdebdfa5d804a2f9747e6e8134b6c31 565561b656504abfb4b7467004e2a674 - - default default] Unable to schedule network 2026d1e0-11e1-49b8-843f-2848cb3c73aa: no agents available; will retry on subsequent port and subnet creation events.
2026-07-07 12:37:42.565 7 INFO neutron.plugins.ml2.drivers.ovn.mech_driver.mech_driver [None req-0d0154d8-17e8-4223-a15d-cedf93f8af08 - - - - - -] OVN reports status down for port: a7ab64fa-08eb-47c9-a047-9e0d0e21f40a
2026-07-07 12:37:42.652 7 INFO neutron.db.ovn_revision_numbers_db [None req-32e5f435-bdd1-4e1a-9e61-f037b408e9d3 9bdebdfa5d804a2f9747e6e8134b6c31 565561b656504abfb4b7467004e2a674 - - default default] Successfully bumped revision number for resource a7ab64fa-08eb-47c9-a047-9e0d0e21f40a (type: ports) to 1
2026-07-07 12:37:42.675 8 INFO neutron.db.ovn_revision_numbers_db [None req-8f9fd85f-2855-4cf7-9715-4afdb12b4c62 d4598f424d894e068eb4917b410a2b63 86a7f499bb684392abc85e8012ca05fd - - default default] Successfully bumped revision number for resource ec0f2559-873b-4891-baf3-2d698d5a898b (type: security_groups) to 1
2026-07-07 12:37:42.698 8 INFO neutron.db.ovn_revision_numbers_db [None req-8f9fd85f-2855-4cf7-9715-4afdb12b4c62 d4598f424d894e068eb4917b410a2b63 86a7f499bb684392abc85e8012ca05fd - - default default] Successfully bumped revision number for resource 42638c3f-595f-4f58-97b2-c21655042079 (type: security_group_rules) to 0
2026-07-07 12:37:42.713 8 INFO neutron.db.ovn_revision_numbers_db [None req-8f9fd85f-2855-4cf7-9715-4afdb12b4c62 d4598f424d894e068eb4917b410a2b63 86a7f499bb684392abc85e8012ca05fd - - default default] Successfully bumped revision number for resource afb939f3-2a29-4a1e-adce-cd9e850f4d35 (type: security_group_rules) to 0 [pid: 7|app: 0|req: 602/1314] 10.0.0.253 () {34 vars in 670 bytes} [Tue Jul 7 12:37:42 2026] POST /v2.0/networks => generated 672 bytes in 564 msecs (HTTP/1.1 201) 4 headers in 162 bytes (1 switches on core 0)
2026-07-07 12:37:42.730 8 INFO neutron.db.ovn_revision_numbers_db [None req-8f9fd85f-2855-4cf7-9715-4afdb12b4c62 d4598f424d894e068eb4917b410a2b63 86a7f499bb684392abc85e8012ca05fd - - default default] Successfully bumped revision number for resource d207e2c8-94f3-407d-af7b-896958e7b3df (type: security_group_rules) to 0
2026-07-07 12:37:42.750 8 INFO neutron.db.ovn_revision_numbers_db [None req-8f9fd85f-2855-4cf7-9715-4afdb12b4c62 d4598f424d894e068eb4917b410a2b63 86a7f499bb684392abc85e8012ca05fd - - default default] Successfully bumped revision number for resource e94dfe29-1bed-4a70-bdc4-f91df65b1e69 (type: security_group_rules) to 0 [pid: 8|app: 0|req: 713/1315] 10.0.0.253 () {32 vars in 774 bytes} [Tue Jul 7 12:37:42 2026] GET /v2.0/security-groups?tenant_id=999830973aa64f5d8e26ca979148cd7f&name=default => generated 2925 bytes in 534 msecs (HTTP/1.1 200) 4 headers in 158 bytes (1 switches on core 0)
2026-07-07 12:37:42.925 7 INFO neutron.db.ovn_revision_numbers_db [None req-5d3bd2c9-83cc-4bab-a324-0a0f71039c19 d4598f424d894e068eb4917b410a2b63 86a7f499bb684392abc85e8012ca05fd - - default default] Successfully bumped revision number for resource e1e639fd-7b08-4e6d-b599-2feb13978658 (type: security_groups) to 1
2026-07-07 12:37:42.936 7 INFO neutron.db.ovn_revision_numbers_db [None req-5d3bd2c9-83cc-4bab-a324-0a0f71039c19 d4598f424d894e068eb4917b410a2b63 86a7f499bb684392abc85e8012ca05fd - - default default] Successfully bumped revision number for resource 06d24f37-fe65-450e-ac81-cbdc5385d7b0 (type: security_group_rules) to 0
2026-07-07 12:37:42.949 7 INFO neutron.db.ovn_revision_numbers_db [None req-5d3bd2c9-83cc-4bab-a324-0a0f71039c19 d4598f424d894e068eb4917b410a2b63 86a7f499bb684392abc85e8012ca05fd - - default default] Successfully bumped revision number for resource 20b50a1a-8216-457b-b866-47ba1b1d54af (type: security_group_rules) to 0
2026-07-07 12:37:42.975 7 INFO neutron.db.ovn_revision_numbers_db [None req-5d3bd2c9-83cc-4bab-a324-0a0f71039c19 d4598f424d894e068eb4917b410a2b63 86a7f499bb684392abc85e8012ca05fd - - default default] Successfully bumped revision number for resource bde6f6bb-f81a-4018-ba81-5c0cd8f10461 (type: security_group_rules) to 0
2026-07-07 12:37:42.985 7 INFO neutron.db.ovn_revision_numbers_db [None req-5d3bd2c9-83cc-4bab-a324-0a0f71039c19 d4598f424d894e068eb4917b410a2b63 86a7f499bb684392abc85e8012ca05fd - - default default] Successfully bumped revision number for resource e582b1f6-97a1-4b82-8a2c-95e81c5bfbc2 (type: security_group_rules) to 0 [pid: 7|app: 0|req: 603/1316] 10.0.0.253 () {32 vars in 774 bytes} [Tue Jul 7 12:37:42 2026] GET /v2.0/security-groups?tenant_id=e4f0e2f952a64db48856346c3c657f0c&name=default => generated 2925 bytes in 299 msecs (HTTP/1.1 200) 4 headers in 158 bytes (1 switches on core 0)
2026-07-07 12:37:43.290 8 WARNING neutron.scheduler.dhcp_agent_scheduler [None req-93a9dd42-1b84-4341-9a14-5731f7731d82 9bdebdfa5d804a2f9747e6e8134b6c31 565561b656504abfb4b7467004e2a674 - - default default] No more DHCP agents
2026-07-07 12:37:43.293 8 WARNING neutron.api.rpc.agentnotifiers.dhcp_rpc_agent_api [None req-93a9dd42-1b84-4341-9a14-5731f7731d82 9bdebdfa5d804a2f9747e6e8134b6c31 565561b656504abfb4b7467004e2a674 - - default default] Unable to schedule network f7bdd18a-98a0-4579-bfc6-9c52b247ba19: no agents available; will retry on subsequent port and subnet creation events. [pid: 7|app: 0|req: 604/1317] 10.0.0.253 () {32 vars in 740 bytes} [Tue Jul 7 12:37:43 2026] DELETE /v2.0/security-groups/ec0f2559-873b-4891-baf3-2d698d5a898b => generated 0 bytes in 319 msecs (HTTP/1.1 204) 2 headers in 112 bytes (1 switches on core 0)
2026-07-07 12:37:43.445 7 INFO neutron.plugins.ml2.drivers.ovn.mech_driver.mech_driver [None req-0d0154d8-17e8-4223-a15d-cedf93f8af08 - - - - - -] OVN reports status down for port: 41ae08c3-0ca2-4f75-a461-edede9f39444
2026-07-07 12:37:43.456 8 INFO neutron.db.ovn_revision_numbers_db [None req-93a9dd42-1b84-4341-9a14-5731f7731d82 9bdebdfa5d804a2f9747e6e8134b6c31 565561b656504abfb4b7467004e2a674 - - default default] Successfully bumped revision number for resource 41ae08c3-0ca2-4f75-a461-edede9f39444 (type: ports) to 1
2026-07-07 12:37:43.498 8 WARNING neutron.scheduler.dhcp_agent_scheduler [None req-93a9dd42-1b84-4341-9a14-5731f7731d82 9bdebdfa5d804a2f9747e6e8134b6c31 565561b656504abfb4b7467004e2a674 - - default default] No more DHCP agents
2026-07-07 12:37:43.499 8 WARNING neutron.api.rpc.agentnotifiers.dhcp_rpc_agent_api [None req-93a9dd42-1b84-4341-9a14-5731f7731d82 9bdebdfa5d804a2f9747e6e8134b6c31 565561b656504abfb4b7467004e2a674 - - default default] Unable to schedule network 2026d1e0-11e1-49b8-843f-2848cb3c73aa: no agents available; will retry on subsequent port and subnet creation events.
2026-07-07 12:37:43.668 8 INFO neutron.db.ovn_revision_numbers_db [None req-93a9dd42-1b84-4341-9a14-5731f7731d82 9bdebdfa5d804a2f9747e6e8134b6c31 565561b656504abfb4b7467004e2a674 - - default default] Successfully bumped revision number for resource d1173fd7-1e2d-449e-bcd5-4fded16562b3 (type: ports) to 1
2026-07-07 12:37:43.669 7 INFO neutron.plugins.ml2.drivers.ovn.mech_driver.mech_driver [None req-0d0154d8-17e8-4223-a15d-cedf93f8af08 - - - - - -] OVN reports status down for port: d1173fd7-1e2d-449e-bcd5-4fded16562b3 [pid: 8|app: 0|req: 714/1318] 10.0.0.253 () {34 vars in 665 bytes} [Tue Jul 7 12:37:42 2026] POST /v2.0/ports => generated 1506 bytes in 1012 msecs (HTTP/1.1 201) 4 headers in 163 bytes (1 switches on core 0) /var/lib/openstack/lib/python3.12/site-packages/pycadf/identifier.py:70: UserWarning: Invalid uuid: neutron. To ensure interoperability, identifiers should be a valid uuid. warnings.warn(('Invalid uuid: %s. To ensure interoperability, ' [pid: 7|app: 0|req: 605/1319] 10.0.0.253 () {32 vars in 740 bytes} [Tue Jul 7 12:37:43 2026] DELETE /v2.0/security-groups/e1e639fd-7b08-4e6d-b599-2feb13978658 => generated 0 bytes in 569 msecs (HTTP/1.1 204) 2 headers in 112 bytes (1 switches on core 0)
2026-07-07 12:37:44.013 8 INFO neutron.db.ovn_revision_numbers_db [None req-995c9f8a-337b-4f21-a04a-5b1911292d2b d4598f424d894e068eb4917b410a2b63 86a7f499bb684392abc85e8012ca05fd - - default default] Successfully bumped revision number for resource 1e1226a1-14b4-4c49-a4f6-e1c5a281ab82 (type: security_groups) to 1
2026-07-07 12:37:44.025 8 INFO neutron.db.ovn_revision_numbers_db [None req-995c9f8a-337b-4f21-a04a-5b1911292d2b d4598f424d894e068eb4917b410a2b63 86a7f499bb684392abc85e8012ca05fd - - default default] Successfully bumped revision number for resource 54af6343-2deb-415e-b555-7a60d8530876 (type: security_group_rules) to 0
2026-07-07 12:37:44.036 8 INFO neutron.db.ovn_revision_numbers_db [None req-995c9f8a-337b-4f21-a04a-5b1911292d2b d4598f424d894e068eb4917b410a2b63 86a7f499bb684392abc85e8012ca05fd - - default default] Successfully bumped revision number for resource 7df55e6c-5f80-4c24-84d7-7d103690cac4 (type: security_group_rules) to 0
2026-07-07 12:37:44.047 8 INFO neutron.db.ovn_revision_numbers_db [None req-995c9f8a-337b-4f21-a04a-5b1911292d2b d4598f424d894e068eb4917b410a2b63 86a7f499bb684392abc85e8012ca05fd - - default default] Successfully bumped revision number for resource 969035a4-4b90-41ea-8dbf-733039f82a41 (type: security_group_rules) to 0
2026-07-07 12:37:44.059 8 INFO neutron.db.ovn_revision_numbers_db [None req-995c9f8a-337b-4f21-a04a-5b1911292d2b d4598f424d894e068eb4917b410a2b63 86a7f499bb684392abc85e8012ca05fd - - default default] Successfully bumped revision number for resource c348ef2d-340c-40e9-8c49-443240973da9 (type: security_group_rules) to 0 [pid: 8|app: 0|req: 715/1320] 10.0.0.253 () {32 vars in 774 bytes} [Tue Jul 7 12:37:43 2026] GET /v2.0/security-groups?tenant_id=3249dcfa2a5e4755befb110e604fc7a5&name=default => generated 2925 bytes in 300 msecs (HTTP/1.1 200) 4 headers in 158 bytes (1 switches on core 0) [pid: 7|app: 0|req: 606/1321] 10.0.0.253 () {32 vars in 643 bytes} [Tue Jul 7 12:37:43 2026] GET /v2.0/ports => generated 3018 bytes in 204 msecs (HTTP/1.1 200) 4 headers in 158 bytes (1 switches on core 0)
2026-07-07 12:37:44.306 8 INFO neutron.db.ovn_revision_numbers_db [None req-d99c3d8e-6ebc-438f-938d-864095d63271 d4598f424d894e068eb4917b410a2b63 86a7f499bb684392abc85e8012ca05fd - - default default] Successfully bumped revision number for resource f6a9b294-3277-44ee-b857-136786d1c704 (type: security_groups) to 1
2026-07-07 12:37:44.320 8 INFO neutron.db.ovn_revision_numbers_db [None req-d99c3d8e-6ebc-438f-938d-864095d63271 d4598f424d894e068eb4917b410a2b63 86a7f499bb684392abc85e8012ca05fd - - default default] Successfully bumped revision number for resource 1228da60-eeac-43b3-85b6-fb408de3a0fa (type: security_group_rules) to 0
2026-07-07 12:37:44.333 8 INFO neutron.db.ovn_revision_numbers_db [None req-d99c3d8e-6ebc-438f-938d-864095d63271 d4598f424d894e068eb4917b410a2b63 86a7f499bb684392abc85e8012ca05fd - - default default] Successfully bumped revision number for resource 2b23bc1b-7742-45a2-a500-f34c95c55004 (type: security_group_rules) to 0
2026-07-07 12:37:44.346 8 INFO neutron.db.ovn_revision_numbers_db [None req-d99c3d8e-6ebc-438f-938d-864095d63271 d4598f424d894e068eb4917b410a2b63 86a7f499bb684392abc85e8012ca05fd - - default default] Successfully bumped revision number for resource 426424f0-d395-4964-b14c-eb9edac028e3 (type: security_group_rules) to 0
2026-07-07 12:37:44.358 8 INFO neutron.db.ovn_revision_numbers_db [None req-d99c3d8e-6ebc-438f-938d-864095d63271 d4598f424d894e068eb4917b410a2b63 86a7f499bb684392abc85e8012ca05fd - - default default] Successfully bumped revision number for resource f7c4ca60-78f8-491f-adf9-9d77e2676107 (type: security_group_rules) to 0 [pid: 8|app: 0|req: 716/1322] 10.0.0.253 () {32 vars in 774 bytes} [Tue Jul 7 12:37:44 2026] GET /v2.0/security-groups?tenant_id=cbbd54d9327245daac0e8dc4f6e77fa8&name=default => generated 2925 bytes in 303 msecs (HTTP/1.1 200) 4 headers in 158 bytes (1 switches on core 0) [pid: 7|app: 0|req: 607/1323] 10.0.0.253 () {32 vars in 740 bytes} [Tue Jul 7 12:37:44 2026] DELETE /v2.0/security-groups/1e1226a1-14b4-4c49-a4f6-e1c5a281ab82 => generated 0 bytes in 370 msecs (HTTP/1.1 204) 2 headers in 112 bytes (1 switches on core 0)
2026-07-07 12:37:44.544 8 INFO neutron_taas.services.taas.taas_plugin [None req-1032bdad-621c-4806-bad2-cbcbf91cc3f7 9bdebdfa5d804a2f9747e6e8134b6c31 565561b656504abfb4b7467004e2a674 - - default default] TaaS: Handle Delete Port: 41ae08c3-0ca2-4f75-a461-edede9f39444
2026-07-07 12:37:44.547 8 INFO neutron_taas.services.taas.tap_mirror_plugin [None req-1032bdad-621c-4806-bad2-cbcbf91cc3f7 9bdebdfa5d804a2f9747e6e8134b6c31 565561b656504abfb4b7467004e2a674 - - default default] Tap Mirror: Handle Delete Port: 41ae08c3-0ca2-4f75-a461-edede9f39444 [pid: 8|app: 0|req: 717/1324] 10.0.0.253 () {32 vars in 720 bytes} [Tue Jul 7 12:37:44 2026] DELETE /v2.0/ports/41ae08c3-0ca2-4f75-a461-edede9f39444 => generated 0 bytes in 332 msecs (HTTP/1.1 204) 3 headers in 131 bytes (1 switches on core 0) [pid: 7|app: 0|req: 608/1325] 10.0.0.253 () {32 vars in 740 bytes} [Tue Jul 7 12:37:44 2026] DELETE /v2.0/security-groups/f6a9b294-3277-44ee-b857-136786d1c704 => generated 0 bytes in 365 msecs (HTTP/1.1 204) 2 headers in 112 bytes (1 switches on core 0)
2026-07-07 12:37:44.907 8 INFO neutron_taas.services.taas.taas_plugin [None req-200b3f49-38df-4662-82d7-4ac47c4dd839 9bdebdfa5d804a2f9747e6e8134b6c31 565561b656504abfb4b7467004e2a674 - - default default] TaaS: Handle Delete Port: d1173fd7-1e2d-449e-bcd5-4fded16562b3
2026-07-07 12:37:44.910 8 INFO neutron_taas.services.taas.tap_mirror_plugin [None req-200b3f49-38df-4662-82d7-4ac47c4dd839 9bdebdfa5d804a2f9747e6e8134b6c31 565561b656504abfb4b7467004e2a674 - - default default] Tap Mirror: Handle Delete Port: d1173fd7-1e2d-449e-bcd5-4fded16562b3 [pid: 8|app: 0|req: 718/1326] 10.0.0.253 () {32 vars in 720 bytes} [Tue Jul 7 12:37:44 2026] DELETE /v2.0/ports/d1173fd7-1e2d-449e-bcd5-4fded16562b3 => generated 0 bytes in 322 msecs (HTTP/1.1 204) 3 headers in 131 bytes (1 switches on core 0) [pid: 7|app: 0|req: 609/1327] 10.0.0.253 () {32 vars in 643 bytes} [Tue Jul 7 12:37:45 2026] GET /v2.0/ports => generated 1523 bytes in 53 msecs (HTTP/1.1 200) 4 headers in 158 bytes (1 switches on core 0)
2026-07-07 12:37:45.225 8 INFO neutron.db.segments_db [None req-b5f40b1b-ed33-4b0e-b645-43bce0de109a 9bdebdfa5d804a2f9747e6e8134b6c31 565561b656504abfb4b7467004e2a674 - - default default] Added segment 2c8f06e1-04a5-404f-bd0a-87c86682fa50 of type geneve for network d8ce2767-b4a1-44ec-a16d-81c1f6a08d80
2026-07-07 12:37:45.367 8 INFO neutron.db.ovn_revision_numbers_db [None req-b5f40b1b-ed33-4b0e-b645-43bce0de109a 9bdebdfa5d804a2f9747e6e8134b6c31 565561b656504abfb4b7467004e2a674 - - default default] Successfully bumped revision number for resource d8ce2767-b4a1-44ec-a16d-81c1f6a08d80 (type: networks) to 1
2026-07-07 12:37:45.541 8 WARNING neutron.scheduler.dhcp_agent_scheduler [None req-b5f40b1b-ed33-4b0e-b645-43bce0de109a 9bdebdfa5d804a2f9747e6e8134b6c31 565561b656504abfb4b7467004e2a674 - - default default] No more DHCP agents
2026-07-07 12:37:45.542 8 WARNING neutron.api.rpc.agentnotifiers.dhcp_rpc_agent_api [None req-b5f40b1b-ed33-4b0e-b645-43bce0de109a 9bdebdfa5d804a2f9747e6e8134b6c31 565561b656504abfb4b7467004e2a674 - - default default] Unable to schedule network d8ce2767-b4a1-44ec-a16d-81c1f6a08d80: no agents available; will retry on subsequent port and subnet creation events.
2026-07-07 12:37:45.623 7 INFO neutron.plugins.ml2.drivers.ovn.mech_driver.mech_driver [None req-0d0154d8-17e8-4223-a15d-cedf93f8af08 - - - - - -] OVN reports status down for port: a21ec38e-0650-4a84-a341-cd8d1e380bc0
2026-07-07 12:37:45.693 8 INFO neutron.db.ovn_revision_numbers_db [None req-b5f40b1b-ed33-4b0e-b645-43bce0de109a 9bdebdfa5d804a2f9747e6e8134b6c31 565561b656504abfb4b7467004e2a674 - - default default] Successfully bumped revision number for resource a21ec38e-0650-4a84-a341-cd8d1e380bc0 (type: ports) to 1 [pid: 8|app: 0|req: 719/1328] 10.0.0.253 () {34 vars in 670 bytes} [Tue Jul 7 12:37:45 2026] POST /v2.0/networks => generated 673 bytes in 591 msecs (HTTP/1.1 201) 4 headers in 162 bytes (1 switches on core 0)
2026-07-07 12:37:45.858 7 INFO neutron.db.segments_db [None req-f790fab3-2e95-415b-81da-4169c0b91724 9bdebdfa5d804a2f9747e6e8134b6c31 565561b656504abfb4b7467004e2a674 - - default default] Added segment 21fbc9f2-57b5-4f39-8276-365248e11e98 of type geneve for network efe5154c-d0fd-40af-8089-6757b1f40815
2026-07-07 12:37:45.998 7 INFO neutron.db.ovn_revision_numbers_db [None req-f790fab3-2e95-415b-81da-4169c0b91724 9bdebdfa5d804a2f9747e6e8134b6c31 565561b656504abfb4b7467004e2a674 - - default default] Successfully bumped revision number for resource efe5154c-d0fd-40af-8089-6757b1f40815 (type: networks) to 1
2026-07-07 12:37:46.182 7 WARNING neutron.scheduler.dhcp_agent_scheduler [None req-f790fab3-2e95-415b-81da-4169c0b91724 9bdebdfa5d804a2f9747e6e8134b6c31 565561b656504abfb4b7467004e2a674 - - default default] No more DHCP agents
2026-07-07 12:37:46.185 7 WARNING neutron.api.rpc.agentnotifiers.dhcp_rpc_agent_api [None req-f790fab3-2e95-415b-81da-4169c0b91724 9bdebdfa5d804a2f9747e6e8134b6c31 565561b656504abfb4b7467004e2a674 - - default default] Unable to schedule network efe5154c-d0fd-40af-8089-6757b1f40815: no agents available; will retry on subsequent port and subnet creation events.
2026-07-07 12:37:46.266 7 INFO neutron.plugins.ml2.drivers.ovn.mech_driver.mech_driver [None req-0d0154d8-17e8-4223-a15d-cedf93f8af08 - - - - - -] OVN reports status down for port: e121847f-181e-40f0-aa60-d137bc37d08f
2026-07-07 12:37:46.342 7 INFO neutron.db.ovn_revision_numbers_db [None req-f790fab3-2e95-415b-81da-4169c0b91724 9bdebdfa5d804a2f9747e6e8134b6c31 565561b656504abfb4b7467004e2a674 - - default default] Successfully bumped revision number for resource e121847f-181e-40f0-aa60-d137bc37d08f (type: ports) to 1 [pid: 7|app: 0|req: 610/1329] 10.0.0.253 () {34 vars in 670 bytes} [Tue Jul 7 12:37:45 2026] POST /v2.0/networks => generated 672 bytes in 656 msecs (HTTP/1.1 201) 4 headers in 162 bytes (1 switches on core 0)
2026-07-07 12:37:47.232 8 WARNING neutron.scheduler.dhcp_agent_scheduler [None req-3325f4d0-7d03-427f-b478-65afb792375e 9bdebdfa5d804a2f9747e6e8134b6c31 565561b656504abfb4b7467004e2a674 - - default default] No more DHCP agents
2026-07-07 12:37:47.236 8 WARNING neutron.api.rpc.agentnotifiers.dhcp_rpc_agent_api [None req-3325f4d0-7d03-427f-b478-65afb792375e 9bdebdfa5d804a2f9747e6e8134b6c31 565561b656504abfb4b7467004e2a674 - - default default] Unable to schedule network d8ce2767-b4a1-44ec-a16d-81c1f6a08d80: no agents available; will retry on subsequent port and subnet creation events.
2026-07-07 12:37:47.402 8 INFO neutron.db.ovn_revision_numbers_db [None req-3325f4d0-7d03-427f-b478-65afb792375e 9bdebdfa5d804a2f9747e6e8134b6c31 565561b656504abfb4b7467004e2a674 - - default default] Successfully bumped revision number for resource 335a0498-2ade-454a-a9f1-3b05f9bf9cd4 (type: subnets) to 0
2026-07-07 12:37:47.404 7 INFO neutron.db.ovn_revision_numbers_db [None req-4ebc1c18-0457-4924-bf7f-3e43ef1e38a7 d4598f424d894e068eb4917b410a2b63 86a7f499bb684392abc85e8012ca05fd - - default default] Successfully bumped revision number for resource ab7b5805-9976-4307-8a5a-3ffd0ad7f90e (type: security_groups) to 1
2026-07-07 12:37:47.432 8 WARNING neutron.scheduler.dhcp_agent_scheduler [None req-3325f4d0-7d03-427f-b478-65afb792375e 9bdebdfa5d804a2f9747e6e8134b6c31 565561b656504abfb4b7467004e2a674 - - default default] No more DHCP agents
