Apr 18 22:14:24.510254 np0000167621 devstack@neutron-api.service[103759]: INFO neutron.plugins.ml2.drivers.ovn.mech_driver.ovsdb.impl_idl_ovn [None req-1e40cc9b-631b-4372-b401-ef13b4b0a14e None None] Getting OvsdbSbOvnIdl for WorkerService with retry
Apr 18 22:14:24.521738 np0000167621 devstack@neutron-api.service[103760]: DEBUG neutron.common.ovn.hash_ring_manager [None req-c1ec638a-5bee-49a7-9e45-d0041612007c None None] Allow caching, nodes 4>=4 {{(pid=103760) _wait_startup_before_caching /opt/stack/neutron/neutron/common/ovn/hash_ring_manager.py:65}}
Apr 18 22:14:24.523596 np0000167621 devstack@neutron-api.service[103758]: DEBUG ovsdbapp.backend.ovs_idl [None req-eef34cfa-fd12-4d2b-b390-0cfaea26938c None None] Created lookup_table index Chassis.name {{(pid=103758) autocreate_indices /opt/stack/data/venv/lib/python3.12/site-packages/ovsdbapp/backend/ovs_idl/__init__.py:87}}
Apr 18 22:14:24.523703 np0000167621 devstack@neutron-api.service[103758]: DEBUG ovsdbapp.backend.ovs_idl [None req-eef34cfa-fd12-4d2b-b390-0cfaea26938c None None] Created lookup_table index Port_Binding.logical_port {{(pid=103758) autocreate_indices /opt/stack/data/venv/lib/python3.12/site-packages/ovsdbapp/backend/ovs_idl/__init__.py:87}}
Apr 18 22:14:24.523788 np0000167621 devstack@neutron-api.service[103758]: DEBUG ovsdbapp.backend.ovs_idl [None req-eef34cfa-fd12-4d2b-b390-0cfaea26938c None None] Created schema index Chassis_Private.name {{(pid=103758) autocreate_indices /opt/stack/data/venv/lib/python3.12/site-packages/ovsdbapp/backend/ovs_idl/__init__.py:106}}
Apr 18 22:14:24.523900 np0000167621 devstack@neutron-api.service[103758]: DEBUG ovsdbapp.backend.ovs_idl [None req-eef34cfa-fd12-4d2b-b390-0cfaea26938c None None] Created schema index Datapath_Binding.tunnel_key {{(pid=103758) autocreate_indices /opt/stack/data/venv/lib/python3.12/site-packages/ovsdbapp/backend/ovs_idl/__init__.py:106}}
Apr 18 22:14:24.525978 np0000167621 devstack@neutron-api.service[103758]: INFO ovsdbapp.backend.ovs_idl.vlog [None req-eef34cfa-fd12-4d2b-b390-0cfaea26938c None None] ssl:199.204.45.116:6642: connecting...
Apr 18 22:14:24.527399 np0000167621 devstack@neutron-api.service[103760]: DEBUG neutron.common.ovn.hash_ring_manager [None req-c1ec638a-5bee-49a7-9e45-d0041612007c None None] Hash Ring loaded. 4 active nodes. 0 offline nodes {{(pid=103760) _load_hash_ring /opt/stack/neutron/neutron/common/ovn/hash_ring_manager.py:102}}
Apr 18 22:14:24.527581 np0000167621 devstack@neutron-api.service[103760]: DEBUG neutron.plugins.ml2.drivers.ovn.mech_driver.ovsdb.ovsdb_monitor [None req-c1ec638a-5bee-49a7-9e45-d0041612007c None None] Hash Ring: Node f47db916486d577fa846fad737ecd3f0 (host: np0000167621) handling event "create" for row bf59f850-3909-4171-afae-219e05aa29a1 (table: ACL) {{(pid=103760) notify /opt/stack/neutron/neutron/plugins/ml2/drivers/ovn/mech_driver/ovsdb/ovsdb_monitor.py:914}}
Apr 18 22:14:24.527971 np0000167621 devstack@neutron-api.service[103760]: DEBUG neutron.plugins.ml2.drivers.ovn.mech_driver.ovsdb.ovsdb_monitor [None req-c1ec638a-5bee-49a7-9e45-d0041612007c None None] Hash Ring: Node f47db916486d577fa846fad737ecd3f0 (host: np0000167621) handling event "create" for row f5ad30e6-cf6c-4b4e-94b2-835eae8ecd4d (table: Connection) {{(pid=103760) notify /opt/stack/neutron/neutron/plugins/ml2/drivers/ovn/mech_driver/ovsdb/ovsdb_monitor.py:914}}
Apr 18 22:14:24.528150 np0000167621 devstack@neutron-api.service[103760]: DEBUG neutron.plugins.ml2.drivers.ovn.mech_driver.ovsdb.ovsdb_monitor [None req-c1ec638a-5bee-49a7-9e45-d0041612007c None None] Hash Ring: Node f47db916486d577fa846fad737ecd3f0 (host: np0000167621) handling event "create" for row 2492bd4f-0eb1-4353-a173-2b6adaf56e09 (table: NB_Global) {{(pid=103760) notify /opt/stack/neutron/neutron/plugins/ml2/drivers/ovn/mech_driver/ovsdb/ovsdb_monitor.py:914}}
Apr 18 22:14:24.528305 np0000167621 devstack@neutron-api.service[103760]: DEBUG neutron.plugins.ml2.drivers.ovn.mech_driver.ovsdb.ovsdb_monitor [None req-c1ec638a-5bee-49a7-9e45-d0041612007c None None] Hash Ring: Node f47db916486d577fa846fad737ecd3f0 (host: np0000167621) handling event "create" for row 7956c0df-0123-4795-a6a0-a00f478b7ec5 (table: SSL) {{(pid=103760) notify /opt/stack/neutron/neutron/plugins/ml2/drivers/ovn/mech_driver/ovsdb/ovsdb_monitor.py:914}}
Apr 18 22:14:24.529373 np0000167621 devstack@neutron-api.service[103760]: INFO neutron.plugins.ml2.drivers.ovn.mech_driver.ovsdb.impl_idl_ovn [None req-c1ec638a-5bee-49a7-9e45-d0041612007c None None] Getting OvsdbSbOvnIdl for WorkerService with retry
Apr 18 22:14:24.530188 np0000167621 devstack@neutron-api.service[103758]: INFO ovsdbapp.backend.ovs_idl.vlog [None req-eef34cfa-fd12-4d2b-b390-0cfaea26938c None None] ssl:199.204.45.116:6642: connected
Apr 18 22:14:24.545919 np0000167621 devstack@neutron-api.service[103759]: DEBUG ovsdbapp.backend.ovs_idl [None req-1e40cc9b-631b-4372-b401-ef13b4b0a14e None None] Created lookup_table index Chassis.name {{(pid=103759) autocreate_indices /opt/stack/data/venv/lib/python3.12/site-packages/ovsdbapp/backend/ovs_idl/__init__.py:87}}
Apr 18 22:14:24.546017 np0000167621 devstack@neutron-api.service[103759]: DEBUG ovsdbapp.backend.ovs_idl [None req-1e40cc9b-631b-4372-b401-ef13b4b0a14e None None] Created lookup_table index Port_Binding.logical_port {{(pid=103759) autocreate_indices /opt/stack/data/venv/lib/python3.12/site-packages/ovsdbapp/backend/ovs_idl/__init__.py:87}}
Apr 18 22:14:24.546114 np0000167621 devstack@neutron-api.service[103759]: DEBUG ovsdbapp.backend.ovs_idl [None req-1e40cc9b-631b-4372-b401-ef13b4b0a14e None None] Created schema index Chassis_Private.name {{(pid=103759) autocreate_indices /opt/stack/data/venv/lib/python3.12/site-packages/ovsdbapp/backend/ovs_idl/__init__.py:106}}
Apr 18 22:14:24.546204 np0000167621 devstack@neutron-api.service[103759]: DEBUG ovsdbapp.backend.ovs_idl [None req-1e40cc9b-631b-4372-b401-ef13b4b0a14e None None] Created schema index Datapath_Binding.tunnel_key {{(pid=103759) autocreate_indices /opt/stack/data/venv/lib/python3.12/site-packages/ovsdbapp/backend/ovs_idl/__init__.py:106}}
Apr 18 22:14:24.548849 np0000167621 devstack@neutron-api.service[103759]: INFO ovsdbapp.backend.ovs_idl.vlog [None req-1e40cc9b-631b-4372-b401-ef13b4b0a14e None None] ssl:199.204.45.116:6642: connecting...
Apr 18 22:14:24.555584 np0000167621 devstack@neutron-api.service[103759]: INFO ovsdbapp.backend.ovs_idl.vlog [None req-1e40cc9b-631b-4372-b401-ef13b4b0a14e None None] ssl:199.204.45.116:6642: connected
Apr 18 22:14:24.562090 np0000167621 devstack@neutron-api.service[103758]: DEBUG neutron.common.ovn.hash_ring_manager [None req-eef34cfa-fd12-4d2b-b390-0cfaea26938c None None] Allow caching, nodes 4>=4 {{(pid=103758) _wait_startup_before_caching /opt/stack/neutron/neutron/common/ovn/hash_ring_manager.py:65}}
Apr 18 22:14:24.563399 np0000167621 devstack@neutron-api.service[103760]: DEBUG ovsdbapp.backend.ovs_idl [None req-c1ec638a-5bee-49a7-9e45-d0041612007c None None] Created lookup_table index Chassis.name {{(pid=103760) autocreate_indices /opt/stack/data/venv/lib/python3.12/site-packages/ovsdbapp/backend/ovs_idl/__init__.py:87}}
Apr 18 22:14:24.563614 np0000167621 devstack@neutron-api.service[103760]: DEBUG ovsdbapp.backend.ovs_idl [None req-c1ec638a-5bee-49a7-9e45-d0041612007c None None] Created lookup_table index Port_Binding.logical_port {{(pid=103760) autocreate_indices /opt/stack/data/venv/lib/python3.12/site-packages/ovsdbapp/backend/ovs_idl/__init__.py:87}}
Apr 18 22:14:24.563614 np0000167621 devstack@neutron-api.service[103760]: DEBUG ovsdbapp.backend.ovs_idl [None req-c1ec638a-5bee-49a7-9e45-d0041612007c None None] Created schema index Chassis_Private.name {{(pid=103760) autocreate_indices /opt/stack/data/venv/lib/python3.12/site-packages/ovsdbapp/backend/ovs_idl/__init__.py:106}}
Apr 18 22:14:24.563691 np0000167621 devstack@neutron-api.service[103760]: DEBUG ovsdbapp.backend.ovs_idl [None req-c1ec638a-5bee-49a7-9e45-d0041612007c None None] Created schema index Datapath_Binding.tunnel_key {{(pid=103760) autocreate_indices /opt/stack/data/venv/lib/python3.12/site-packages/ovsdbapp/backend/ovs_idl/__init__.py:106}}
Apr 18 22:14:24.565990 np0000167621 devstack@neutron-api.service[103760]: INFO ovsdbapp.backend.ovs_idl.vlog [None req-c1ec638a-5bee-49a7-9e45-d0041612007c None None] ssl:199.204.45.116:6642: connecting...
Apr 18 22:14:24.567231 np0000167621 devstack@neutron-api.service[103758]: DEBUG neutron.common.ovn.hash_ring_manager [None req-eef34cfa-fd12-4d2b-b390-0cfaea26938c None None] Hash Ring loaded. 4 active nodes. 0 offline nodes {{(pid=103758) _load_hash_ring /opt/stack/neutron/neutron/common/ovn/hash_ring_manager.py:102}}
Apr 18 22:14:24.567602 np0000167621 devstack@neutron-api.service[103758]: DEBUG neutron.plugins.ml2.drivers.ovn.mech_driver.ovsdb.ovsdb_monitor [None req-eef34cfa-fd12-4d2b-b390-0cfaea26938c None None] ChassisOVNAgentWriteEvent : Matched Chassis_Private, create, None None {{(pid=103758) matches /opt/stack/neutron/neutron/plugins/ml2/drivers/ovn/mech_driver/ovsdb/ovsdb_monitor.py:64}}
Apr 18 22:14:24.567602 np0000167621 devstack@neutron-api.service[103758]: DEBUG neutron.plugins.ml2.drivers.ovn.mech_driver.ovsdb.ovsdb_monitor [None req-eef34cfa-fd12-4d2b-b390-0cfaea26938c None None] ChassisAgentWriteEvent : Matched Chassis_Private, create, None None {{(pid=103758) matches /opt/stack/neutron/neutron/plugins/ml2/drivers/ovn/mech_driver/ovsdb/ovsdb_monitor.py:64}}
Apr 18 22:14:24.568346 np0000167621 devstack@neutron-api.service[103758]: DEBUG neutron.plugins.ml2.drivers.ovn.mech_driver.ovsdb.ovsdb_monitor [None req-eef34cfa-fd12-4d2b-b390-0cfaea26938c None None] Hash Ring: Node ca68fc64bb0158c7bf62b9368ef9b543 (host: np0000167621) handling event "create" for row e880034a-aa5f-4c5b-9f99-b5f8833e1f36 (table: Chassis_Private) {{(pid=103758) notify /opt/stack/neutron/neutron/plugins/ml2/drivers/ovn/mech_driver/ovsdb/ovsdb_monitor.py:914}}
Apr 18 22:14:24.570362 np0000167621 devstack@neutron-api.service[103758]: INFO neutron.plugins.ml2.drivers.ovn.mech_driver.mech_driver [None req-eef34cfa-fd12-4d2b-b390-0cfaea26938c None None] WorkerService process has finished the post initialization
Apr 18 22:14:24.570845 np0000167621 devstack@neutron-api.service[103760]: INFO ovsdbapp.backend.ovs_idl.vlog [None req-c1ec638a-5bee-49a7-9e45-d0041612007c None None] ssl:199.204.45.116:6642: connected
Apr 18 22:14:24.572066 np0000167621 devstack@neutron-api.service[103758]: WSGI app 0 (mountpoint='') ready in 7 seconds on interpreter 0x7281e5ea3668 pid: 103758 (default app)
Apr 18 22:14:24.596442 np0000167621 devstack@neutron-api.service[103759]: DEBUG neutron.common.ovn.hash_ring_manager [None req-1e40cc9b-631b-4372-b401-ef13b4b0a14e None None] Allow caching, nodes 4>=4 {{(pid=103759) _wait_startup_before_caching /opt/stack/neutron/neutron/common/ovn/hash_ring_manager.py:65}}
Apr 18 22:14:24.599898 np0000167621 devstack@neutron-api.service[103759]: DEBUG neutron.common.ovn.hash_ring_manager [None req-1e40cc9b-631b-4372-b401-ef13b4b0a14e None None] Hash Ring loaded. 4 active nodes. 0 offline nodes {{(pid=103759) _load_hash_ring /opt/stack/neutron/neutron/common/ovn/hash_ring_manager.py:102}}
Apr 18 22:14:24.599965 np0000167621 devstack@neutron-api.service[103760]: DEBUG neutron.common.ovn.hash_ring_manager [None req-c1ec638a-5bee-49a7-9e45-d0041612007c None None] Allow caching, nodes 4>=4 {{(pid=103760) _wait_startup_before_caching /opt/stack/neutron/neutron/common/ovn/hash_ring_manager.py:65}}
Apr 18 22:14:24.600101 np0000167621 devstack@neutron-api.service[103759]: DEBUG neutron.plugins.ml2.drivers.ovn.mech_driver.ovsdb.ovsdb_monitor [None req-1e40cc9b-631b-4372-b401-ef13b4b0a14e None None] Hash Ring: Node d236c6ba78745cd3b61ae1bd415fa7c8 (host: np0000167621) handling event "create" for row 0a86a8b8-0016-4d7d-b099-c1080347b947 (table: Chassis) {{(pid=103759) notify /opt/stack/neutron/neutron/plugins/ml2/drivers/ovn/mech_driver/ovsdb/ovsdb_monitor.py:914}}
Apr 18 22:14:24.600937 np0000167621 devstack@neutron-api.service[103759]: DEBUG ovsdbapp.backend.ovs_idl.event [None req-1e40cc9b-631b-4372-b401-ef13b4b0a14e None None] Matched CREATE: ChassisBandwidthConfigEvent(events=('create', 'update'), table='Chassis', conditions=None, old_conditions=None), priority=20 to row=Chassis(uuid=0a86a8b8-0016-4d7d-b099-c1080347b947, encaps=[402b87d3-fa42-4595-86de-4a53a47396b0], external_ids={}, hostname='np0000167621', name='bdceb457-0a6c-4135-9c7f-c5c8151b749c', nb_cfg=0, other_config={'ct-commit-nat-v2': 'true', 'ct-commit-to-zone': 'true', 'ct-next-zone': 'true', 'ct-no-masked-label': 'true', 'ct-state-save': 'true', 'datapath-type': 'system', 'fdb-timestamp': 'true', 'iface-types': 'afxdp,afxdp-nonpmd,bareudp,erspan,geneve,gre,gtpu,internal,ip6erspan,ip6gre,lisp,patch,srv6,stt,system,tap,vxlan', 'is-interconn': 'false', 'ls-dpg-column': 'true', 'mac-binding-timestamp': 'true', 'ovn-bridge-mappings': 'public:br-ex', 'ovn-chassis-mac-mappings': '', 'ovn-cms-options': 'enable-chassis-as-gw', 'ovn-ct-lb-related': 'true', 'ovn-enable-lflow-cache': 'true', 'ovn-limit-lflow-cache': '', 'ovn-memlimit-lflow-cache-kb': '', 'ovn-monitor-all': 'false', 'ovn-trim-limit-lflow-cache': '', 'ovn-trim-timeout-ms': '', 'ovn-trim-wmark-perc-lflow-cache': '', 'port-up-notif': 'true'}, transport_zones=[], vtep_logical_switches=[]) old= {{(pid=103759) matches /opt/stack/data/venv/lib/python3.12/site-packages/ovsdbapp/backend/ovs_idl/event.py:55}}
Apr 18 22:14:24.601503 np0000167621 devstack@neutron-api.service[103759]: DEBUG neutron.plugins.ml2.drivers.ovn.mech_driver.ovsdb.ovsdb_monitor [None req-1e40cc9b-631b-4372-b401-ef13b4b0a14e None None] ChassisOVNAgentWriteEvent : Matched Chassis_Private, create, None None {{(pid=103759) matches /opt/stack/neutron/neutron/plugins/ml2/drivers/ovn/mech_driver/ovsdb/ovsdb_monitor.py:64}}
Apr 18 22:14:24.601646 np0000167621 devstack@neutron-api.service[103759]: DEBUG neutron.plugins.ml2.drivers.ovn.mech_driver.ovsdb.ovsdb_monitor [None req-1e40cc9b-631b-4372-b401-ef13b4b0a14e None None] ChassisAgentWriteEvent : Matched Chassis_Private, create, None None {{(pid=103759) matches /opt/stack/neutron/neutron/plugins/ml2/drivers/ovn/mech_driver/ovsdb/ovsdb_monitor.py:64}}
Apr 18 22:14:24.603014 np0000167621 devstack@neutron-api.service[103760]: DEBUG neutron.common.ovn.hash_ring_manager [None req-c1ec638a-5bee-49a7-9e45-d0041612007c None None] Hash Ring loaded. 4 active nodes. 0 offline nodes {{(pid=103760) _load_hash_ring /opt/stack/neutron/neutron/common/ovn/hash_ring_manager.py:102}}
Apr 18 22:14:24.603164 np0000167621 devstack@neutron-api.service[103760]: DEBUG neutron.plugins.ml2.drivers.ovn.mech_driver.ovsdb.ovsdb_monitor [None req-c1ec638a-5bee-49a7-9e45-d0041612007c None None] ChassisAgentWriteEvent : Matched Chassis_Private, create, None None {{(pid=103760) matches /opt/stack/neutron/neutron/plugins/ml2/drivers/ovn/mech_driver/ovsdb/ovsdb_monitor.py:64}}
Apr 18 22:14:24.603219 np0000167621 devstack@neutron-api.service[103759]: INFO neutron.plugins.ml2.drivers.ovn.mech_driver.mech_driver [None req-1e40cc9b-631b-4372-b401-ef13b4b0a14e None None] WorkerService process has finished the post initialization
Apr 18 22:14:24.603314 np0000167621 devstack@neutron-api.service[103760]: DEBUG neutron.plugins.ml2.drivers.ovn.mech_driver.ovsdb.ovsdb_monitor [None req-c1ec638a-5bee-49a7-9e45-d0041612007c None None] ChassisOVNAgentWriteEvent : Matched Chassis_Private, create, None None {{(pid=103760) matches /opt/stack/neutron/neutron/plugins/ml2/drivers/ovn/mech_driver/ovsdb/ovsdb_monitor.py:64}}
Apr 18 22:14:24.604437 np0000167621 devstack@neutron-api.service[103759]: INFO neutron.plugins.ml2.drivers.ovn.mech_driver.ovsdb.extensions.qos [-] Starting OVNClientQosExtension
Apr 18 22:14:24.604514 np0000167621 devstack@neutron-api.service[103760]: INFO neutron.plugins.ml2.drivers.ovn.mech_driver.mech_driver [None req-c1ec638a-5bee-49a7-9e45-d0041612007c None None] WorkerService process has finished the post initialization
Apr 18 22:14:24.606017 np0000167621 devstack@neutron-api.service[103759]: INFO neutron.plugins.ml2.drivers.ovn.mech_driver.ovsdb.extensions.placement [-] Starting OVNClientPlacementExtension
Apr 18 22:14:24.606819 np0000167621 devstack@neutron-api.service[103760]: WSGI app 0 (mountpoint='') ready in 7 seconds on interpreter 0x7281e5ea3668 pid: 103760 (default app)
Apr 18 22:14:24.608060 np0000167621 devstack@neutron-api.service[103759]: WSGI app 0 (mountpoint='') ready in 7 seconds on interpreter 0x7281e5ea3668 pid: 103759 (default app)
Apr 18 22:14:26.085137 np0000167621 devstack@neutron-api.service[103760]: DEBUG neutron.plugins.ml2.drivers.ovn.mech_driver.ovsdb.ovsdb_monitor [-] Hash Ring: Node f47db916486d577fa846fad737ecd3f0 (host: np0000167621) handling event "update" for row f5ad30e6-cf6c-4b4e-94b2-835eae8ecd4d (table: Connection) {{(pid=103760) notify /opt/stack/neutron/neutron/plugins/ml2/drivers/ovn/mech_driver/ovsdb/ovsdb_monitor.py:914}}
Apr 18 22:14:26.093378 np0000167621 devstack@neutron-api.service[103761]: DEBUG neutron.common.ovn.hash_ring_manager [-] Allow caching, nodes 4>=4 {{(pid=103761) _wait_startup_before_caching /opt/stack/neutron/neutron/common/ovn/hash_ring_manager.py:65}}
Apr 18 22:14:26.093787 np0000167621 devstack@neutron-api.service[103761]: DEBUG neutron.plugins.ml2.drivers.ovn.mech_driver.ovsdb.ovsdb_monitor [-] Hash Ring: Node fb6380a8eb9c5c9cb8d30b92c445be10 (host: np0000167621) handling event "update" for row f5ad30e6-cf6c-4b4e-94b2-835eae8ecd4d (table: Connection) {{(pid=103761) notify /opt/stack/neutron/neutron/plugins/ml2/drivers/ovn/mech_driver/ovsdb/ovsdb_monitor.py:914}}
Apr 18 22:14:28.587761 np0000167621 devstack@neutron-api.service[103761]: DEBUG neutron.plugins.ml2.drivers.ovn.mech_driver.ovsdb.ovsdb_monitor [-] Hash Ring: Node fb6380a8eb9c5c9cb8d30b92c445be10 (host: np0000167621) handling event "update" for row f5ad30e6-cf6c-4b4e-94b2-835eae8ecd4d (table: Connection) {{(pid=103761) notify /opt/stack/neutron/neutron/plugins/ml2/drivers/ovn/mech_driver/ovsdb/ovsdb_monitor.py:914}}
Apr 18 22:14:28.590152 np0000167621 devstack@neutron-api.service[103760]: DEBUG neutron.plugins.ml2.drivers.ovn.mech_driver.ovsdb.ovsdb_monitor [-] Hash Ring: Node f47db916486d577fa846fad737ecd3f0 (host: np0000167621) handling event "update" for row f5ad30e6-cf6c-4b4e-94b2-835eae8ecd4d (table: Connection) {{(pid=103760) notify /opt/stack/neutron/neutron/plugins/ml2/drivers/ovn/mech_driver/ovsdb/ovsdb_monitor.py:914}}
Apr 18 22:14:30.399259 np0000167621 devstack@neutron-api.service[103761]: DEBUG neutron.api.wsgi [None req-bf2790d1-03c2-4961-86a3-15b1b6c67cab admin admin] Missing Content-Type {{(pid=103761) get_content_type /opt/stack/neutron/neutron/api/wsgi.py:85}}
Apr 18 22:14:30.399922 np0000167621 devstack@neutron-api.service[103761]: DEBUG neutron.api.wsgi [None req-bf2790d1-03c2-4961-86a3-15b1b6c67cab admin admin] https://199.204.45.116/networking/v2.0/extensions returned with HTTP 200 {{(pid=103761) __call__ /opt/stack/neutron/neutron/api/wsgi.py:545}}
Apr 18 22:14:30.400022 np0000167621 devstack@neutron-api.service[103761]: [pid: 103761|app: 0|req: 2/2] 199.204.45.116 () {64 vars in 1323 bytes} [Sat Apr 18 22:14:29 2026] GET /networking/v2.0/extensions => generated 15209 bytes in 415 msecs (HTTP/1.1 200) 4 headers in 159 bytes (1 switches on core 0)
Apr 18 22:14:30.792355 np0000167621 devstack@neutron-api.service[103758]: DEBUG neutron.api.v2.base [None req-e9472607-feef-40e0-8a44-66c275445608 admin admin] Request body: {'subnetpool': {'default_prefixlen': 26, 'prefixes': ['10.1.0.0/20'], 'shared': True, 'is_default': True, 'name': 'shared-default-subnetpool-v4'}} {{(pid=103758) prepare_request_body /opt/stack/neutron/neutron/api/v2/base.py:729}}
Apr 18 22:14:30.992872 np0000167621 devstack@neutron-api.service[103758]: DEBUG neutron.policy [None req-e9472607-feef-40e0-8a44-66c275445608 admin admin] Loaded default policies from ['neutron'] under neutron.policies entry points {{(pid=103758) register_rules /opt/stack/neutron/neutron/policy.py:65}}
Apr 18 22:14:31.142584 np0000167621 devstack@neutron-api.service[103758]: DEBUG neutron_lib.callbacks.manager [None req-e9472607-feef-40e0-8a44-66c275445608 admin admin] Publish callbacks ['neutron.objects.securitygroup.RbacNeutronDbObjectMixin.validate_rbac_policy_change-3143690676875', 'neutron.objects.address_group.RbacNeutronDbObjectMixin.validate_rbac_policy_change-3143690638929', 'neutron.objects.network.RbacNeutronDbObjectMixin.validate_rbac_policy_change-3143690839797', 'neutron.objects.qos.policy.RbacNeutronDbObjectMixin.validate_rbac_policy_change-3143690823135', 'neutron.objects.subnetpool.RbacNeutronDbObjectMixin.validate_rbac_policy_change-3143690784001', 'neutron.objects.address_scope.RbacNeutronDbObjectMixin.validate_rbac_policy_change-3143690814539', 'neutron.plugins.ml2.plugin.External_net_db_mixin._process_ext_policy_create-50319', 'neutron.plugins.ml2.plugin.NeutronDbPluginV2.validate_network_rbac_policy_change-39227'] for rbac-policy (None), before_create {{(pid=103758) _notify_loop /opt/stack/data/venv/lib/python3.12/site-packages/neutron_lib/callbacks/manager.py:184}}
Apr 18 22:14:31.195050 np0000167621 devstack@neutron-api.service[103758]: DEBUG neutron_lib.callbacks.manager [None req-e9472607-feef-40e0-8a44-66c275445608 admin admin] Publish callbacks [] for subnetpool (None), before_response {{(pid=103758) _notify_loop /opt/stack/data/venv/lib/python3.12/site-packages/neutron_lib/callbacks/manager.py:184}}
Apr 18 22:14:31.195995 np0000167621 devstack@neutron-api.service[103758]: [pid: 103758|app: 0|req: 1/3] 199.204.45.116 () {68 vars in 1367 bytes} [Sat Apr 18 22:14:30 2026] POST /networking/v2.0/subnetpools => generated 533 bytes in 508 msecs (HTTP/1.1 201) 4 headers in 162 bytes (1 switches on core 0)
Apr 18 22:14:31.533731 np0000167621 devstack@neutron-api.service[103760]: DEBUG neutron.api.v2.base [None req-c9430412-7485-4d20-b4a6-a10475e94951 admin admin] Request body: {'subnetpool': {'default_prefixlen': 64, 'prefixes': ['fdc8:f4b4:3927::/56'], 'shared': True, 'is_default': True, 'name': 'shared-default-subnetpool-v6'}} {{(pid=103760) prepare_request_body /opt/stack/neutron/neutron/api/v2/base.py:729}}
Apr 18 22:14:31.717332 np0000167621 devstack@neutron-api.service[103760]: DEBUG neutron.policy [None req-c9430412-7485-4d20-b4a6-a10475e94951 admin admin] Loaded default policies from ['neutron'] under neutron.policies entry points {{(pid=103760) register_rules /opt/stack/neutron/neutron/policy.py:65}}
Apr 18 22:14:31.861224 np0000167621 devstack@neutron-api.service[103760]: DEBUG neutron_lib.callbacks.manager [None req-c9430412-7485-4d20-b4a6-a10475e94951 admin admin] Publish callbacks ['neutron.objects.securitygroup.RbacNeutronDbObjectMixin.validate_rbac_policy_change-3143690638890', 'neutron.objects.address_group.RbacNeutronDbObjectMixin.validate_rbac_policy_change-3143690865999', 'neutron.objects.network.RbacNeutronDbObjectMixin.validate_rbac_policy_change-3143690836186', 'neutron.objects.qos.policy.RbacNeutronDbObjectMixin.validate_rbac_policy_change-3143690818432', 'neutron.objects.subnetpool.RbacNeutronDbObjectMixin.validate_rbac_policy_change-3143690781885', 'neutron.objects.address_scope.RbacNeutronDbObjectMixin.validate_rbac_policy_change-3143690817946', 'neutron.plugins.ml2.plugin.External_net_db_mixin._process_ext_policy_create-66575610', 'neutron.plugins.ml2.plugin.NeutronDbPluginV2.validate_network_rbac_policy_change-66578806'] for rbac-policy (None), before_create {{(pid=103760) _notify_loop /opt/stack/data/venv/lib/python3.12/site-packages/neutron_lib/callbacks/manager.py:184}}
Apr 18 22:14:31.903897 np0000167621 devstack@neutron-api.service[103760]: DEBUG neutron_lib.callbacks.manager [None req-c9430412-7485-4d20-b4a6-a10475e94951 admin admin] Publish callbacks [] for subnetpool (None), before_response {{(pid=103760) _notify_loop /opt/stack/data/venv/lib/python3.12/site-packages/neutron_lib/callbacks/manager.py:184}}
Apr 18 22:14:31.904447 np0000167621 devstack@neutron-api.service[103760]: [pid: 103760|app: 0|req: 1/4] 199.204.45.116 () {68 vars in 1367 bytes} [Sat Apr 18 22:14:31 2026] POST /networking/v2.0/subnetpools => generated 543 bytes in 490 msecs (HTTP/1.1 201) 4 headers in 162 bytes (1 switches on core 0)
Apr 18 22:14:32.310391 np0000167621 devstack@neutron-api.service[103759]: DEBUG neutron.api.v2.base [None req-e35708bc-d765-4dc2-93d5-196565c94af3 admin admin] Request body: {'network': {'admin_state_up': True, 'name': 'private'}} {{(pid=103759) prepare_request_body /opt/stack/neutron/neutron/api/v2/base.py:729}}
Apr 18 22:14:32.339221 np0000167621 devstack@neutron-api.service[103759]: DEBUG neutron.pecan_wsgi.hooks.quota_enforcement [None req-e35708bc-d765-4dc2-93d5-196565c94af3 admin admin] Made reservation on behalf of cee44565e3b2487fa57c4d949d91b06a for: {'network': 1} {{(pid=103759) before /opt/stack/neutron/neutron/pecan_wsgi/hooks/quota_enforcement.py:66}}
Apr 18 22:14:32.516500 np0000167621 devstack@neutron-api.service[103759]: DEBUG neutron.policy [None req-e35708bc-d765-4dc2-93d5-196565c94af3 admin admin] Loaded default policies from ['neutron'] under neutron.policies entry points {{(pid=103759) register_rules /opt/stack/neutron/neutron/policy.py:65}}
Apr 18 22:14:32.619723 np0000167621 devstack@neutron-api.service[103759]: DEBUG neutron_lib.callbacks.manager [None req-e35708bc-d765-4dc2-93d5-196565c94af3 admin admin] Publish callbacks ['neutron.plugins.ml2.plugin.SecurityGroupDbMixin._ensure_default_security_group_handler-470479'] for network (None), before_create {{(pid=103759) _notify_loop /opt/stack/data/venv/lib/python3.12/site-packages/neutron_lib/callbacks/manager.py:184}}
Apr 18 22:14:32.641265 np0000167621 devstack@neutron-api.service[103759]: DEBUG neutron_lib.callbacks.manager [None req-e35708bc-d765-4dc2-93d5-196565c94af3 admin admin] Publish callbacks [] for security_group (None), before_create {{(pid=103759) _notify_loop /opt/stack/data/venv/lib/python3.12/site-packages/neutron_lib/callbacks/manager.py:184}}
Apr 18 22:14:32.734515 np0000167621 devstack@neutron-api.service[103759]: DEBUG neutron_lib.callbacks.manager [None req-e35708bc-d765-4dc2-93d5-196565c94af3 admin admin] Publish callbacks ['neutron.plugins.ml2.drivers.ovn.mech_driver.mech_driver.OVNMechanismDriver._create_security_group_precommit-1940900'] for security_group (1ccf0c63-7bbf-4639-87d7-93c4fbb8e8dc), precommit_create {{(pid=103759) _notify_loop /opt/stack/data/venv/lib/python3.12/site-packages/neutron_lib/callbacks/manager.py:184}}
Apr 18 22:14:32.734792 np0000167621 devstack@neutron-api.service[103759]: DEBUG neutron.db.ovn_revision_numbers_db [None req-e35708bc-d765-4dc2-93d5-196565c94af3 admin admin] create_initial_revision uuid=1ccf0c63-7bbf-4639-87d7-93c4fbb8e8dc, type=security_groups, rev=-1 {{(pid=103759) create_initial_revision /opt/stack/neutron/neutron/db/ovn_revision_numbers_db.py:98}}
Apr 18 22:14:32.736913 np0000167621 devstack@neutron-api.service[103759]: DEBUG neutron.db.ovn_revision_numbers_db [None req-e35708bc-d765-4dc2-93d5-196565c94af3 admin admin] create_initial_revision uuid=28719351-4733-4d83-8f9a-cde7e185f15b, type=security_group_rules, rev=-1 {{(pid=103759) create_initial_revision /opt/stack/neutron/neutron/db/ovn_revision_numbers_db.py:98}}
Apr 18 22:14:32.737928 np0000167621 devstack@neutron-api.service[103759]: DEBUG neutron.db.ovn_revision_numbers_db [None req-e35708bc-d765-4dc2-93d5-196565c94af3 admin admin] create_initial_revision uuid=85788999-5596-4501-8103-bf570e65a55b, type=security_group_rules, rev=-1 {{(pid=103759) create_initial_revision /opt/stack/neutron/neutron/db/ovn_revision_numbers_db.py:98}}
Apr 18 22:14:32.738755 np0000167621 devstack@neutron-api.service[103759]: DEBUG neutron.db.ovn_revision_numbers_db [None req-e35708bc-d765-4dc2-93d5-196565c94af3 admin admin] create_initial_revision uuid=9402e781-e029-4087-80dd-c945e5c4d590, type=security_group_rules, rev=-1 {{(pid=103759) create_initial_revision /opt/stack/neutron/neutron/db/ovn_revision_numbers_db.py:98}}
Apr 18 22:14:32.739618 np0000167621 devstack@neutron-api.service[103759]: DEBUG neutron.db.ovn_revision_numbers_db [None req-e35708bc-d765-4dc2-93d5-196565c94af3 admin admin] create_initial_revision uuid=b3764758-7a7c-44a1-a431-61c1af046bda, type=security_group_rules, rev=-1 {{(pid=103759) create_initial_revision /opt/stack/neutron/neutron/db/ovn_revision_numbers_db.py:98}}
Apr 18 22:14:32.745939 np0000167621 devstack@neutron-api.service[103759]: DEBUG neutron_lib.callbacks.manager [None req-e35708bc-d765-4dc2-93d5-196565c94af3 admin admin] Publish callbacks ['neutron.plugins.ml2.drivers.ovn.mech_driver.mech_driver.OVNMechanismDriver._create_security_group-1940954', 'neutron.plugins.ml2.ovo_rpc._ObjectChangeHandler.handle_event-2765820'] for security_group (1ccf0c63-7bbf-4639-87d7-93c4fbb8e8dc), after_create {{(pid=103759) _notify_loop /opt/stack/data/venv/lib/python3.12/site-packages/neutron_lib/callbacks/manager.py:184}}
Apr 18 22:14:32.747332 np0000167621 devstack@neutron-api.service[103759]: DEBUG ovsdbapp.backend.ovs_idl.transaction [-] Running txn n=1 command(idx=0): PgAddCommand(_result=None, name=pg_1ccf0c63_7bbf_4639_87d7_93c4fbb8e8dc, may_exist=False, columns={'acls': [], 'external_ids': {'neutron:security_group_id': '1ccf0c63-7bbf-4639-87d7-93c4fbb8e8dc'}}) {{(pid=103759) do_commit /opt/stack/data/venv/lib/python3.12/site-packages/ovsdbapp/backend/ovs_idl/transaction.py:89}}
Apr 18 22:14:32.749882 np0000167621 devstack@neutron-api.service[103759]: DEBUG ovsdbapp.backend.ovs_idl.transaction [-] Running txn n=1 command(idx=1): PgAclAddCommand(_result=None, entity=pg_1ccf0c63_7bbf_4639_87d7_93c4fbb8e8dc, direction=to-lport, priority=1002, match=outport == @pg_1ccf0c63_7bbf_4639_87d7_93c4fbb8e8dc && ip6 && ip6.src == $pg_1ccf0c63_7bbf_4639_87d7_93c4fbb8e8dc_ip6, action=allow-related, log=False, may_exist=True, severity=[], name=[], meter=[], external_ids={'neutron:security_group_rule_id': '28719351-4733-4d83-8f9a-cde7e185f15b'}) {{(pid=103759) do_commit /opt/stack/data/venv/lib/python3.12/site-packages/ovsdbapp/backend/ovs_idl/transaction.py:89}}
Apr 18 22:14:32.750219 np0000167621 devstack@neutron-api.service[103759]: DEBUG ovsdbapp.backend.ovs_idl.transaction [-] Running txn n=1 command(idx=2): PgAclAddCommand(_result=None, entity=pg_1ccf0c63_7bbf_4639_87d7_93c4fbb8e8dc, direction=from-lport, priority=1002, match=inport == @pg_1ccf0c63_7bbf_4639_87d7_93c4fbb8e8dc && ip4, action=allow-related, log=False, may_exist=True, severity=[], name=[], meter=[], external_ids={'neutron:security_group_rule_id': '85788999-5596-4501-8103-bf570e65a55b'}) {{(pid=103759) do_commit /opt/stack/data/venv/lib/python3.12/site-packages/ovsdbapp/backend/ovs_idl/transaction.py:89}}
Apr 18 22:14:32.750464 np0000167621 devstack@neutron-api.service[103759]: DEBUG ovsdbapp.backend.ovs_idl.transaction [-] Running txn n=1 command(idx=3): PgAclAddCommand(_result=None, entity=pg_1ccf0c63_7bbf_4639_87d7_93c4fbb8e8dc, direction=from-lport, priority=1002, match=inport == @pg_1ccf0c63_7bbf_4639_87d7_93c4fbb8e8dc && ip6, action=allow-related, log=False, may_exist=True, severity=[], name=[], meter=[], external_ids={'neutron:security_group_rule_id': '9402e781-e029-4087-80dd-c945e5c4d590'}) {{(pid=103759) do_commit /opt/stack/data/venv/lib/python3.12/site-packages/ovsdbapp/backend/ovs_idl/transaction.py:89}}
Apr 18 22:14:32.750669 np0000167621 devstack@neutron-api.service[103759]: DEBUG ovsdbapp.backend.ovs_idl.transaction [-] Running txn n=1 command(idx=4): PgAclAddCommand(_result=None, entity=pg_1ccf0c63_7bbf_4639_87d7_93c4fbb8e8dc, direction=to-lport, priority=1002, match=outport == @pg_1ccf0c63_7bbf_4639_87d7_93c4fbb8e8dc && ip4 && ip4.src == $pg_1ccf0c63_7bbf_4639_87d7_93c4fbb8e8dc_ip4, action=allow-related, log=False, may_exist=True, severity=[], name=[], meter=[], external_ids={'neutron:security_group_rule_id': 'b3764758-7a7c-44a1-a431-61c1af046bda'}) {{(pid=103759) do_commit /opt/stack/data/venv/lib/python3.12/site-packages/ovsdbapp/backend/ovs_idl/transaction.py:89}}
Apr 18 22:14:32.755377 np0000167621 devstack@neutron-api.service[103759]: DEBUG neutron.plugins.ml2.drivers.ovn.mech_driver.ovsdb.ovsdb_monitor [-] Hash Ring: Node d236c6ba78745cd3b61ae1bd415fa7c8 (host: np0000167621) handling event "create" for row 92190d72-102a-468d-b52e-54ed9e3b83df (table: ACL) {{(pid=103759) notify /opt/stack/neutron/neutron/plugins/ml2/drivers/ovn/mech_driver/ovsdb/ovsdb_monitor.py:914}}
Apr 18 22:14:32.758141 np0000167621 devstack@neutron-api.service[103760]: DEBUG neutron.plugins.ml2.drivers.ovn.mech_driver.ovsdb.ovsdb_monitor [-] Hash Ring: Node f47db916486d577fa846fad737ecd3f0 (host: np0000167621) handling event "create" for row ac434f00-3cd7-4c43-8c30-bc30aca3d9c4 (table: ACL) {{(pid=103760) notify /opt/stack/neutron/neutron/plugins/ml2/drivers/ovn/mech_driver/ovsdb/ovsdb_monitor.py:914}}
Apr 18 22:14:32.759905 np0000167621 devstack@neutron-api.service[103761]: DEBUG neutron.plugins.ml2.drivers.ovn.mech_driver.ovsdb.ovsdb_monitor [-] Hash Ring: Node fb6380a8eb9c5c9cb8d30b92c445be10 (host: np0000167621) handling event "create" for row 92190d72-102a-468d-b52e-54ed9e3b83df (table: ACL) {{(pid=103761) notify /opt/stack/neutron/neutron/plugins/ml2/drivers/ovn/mech_driver/ovsdb/ovsdb_monitor.py:914}}
Apr 18 22:14:32.760230 np0000167621 devstack@neutron-api.service[103758]: DEBUG neutron.plugins.ml2.drivers.ovn.mech_driver.ovsdb.ovsdb_monitor [-] Hash Ring: Node ca68fc64bb0158c7bf62b9368ef9b543 (host: np0000167621) handling event "create" for row ad780ef1-4cef-4e9b-9e6e-6de5a20dab8c (table: ACL) {{(pid=103758) notify /opt/stack/neutron/neutron/plugins/ml2/drivers/ovn/mech_driver/ovsdb/ovsdb_monitor.py:914}}
Apr 18 22:14:32.760557 np0000167621 devstack@neutron-api.service[103761]: DEBUG neutron.plugins.ml2.drivers.ovn.mech_driver.ovsdb.ovsdb_monitor [-] Hash Ring: Node fb6380a8eb9c5c9cb8d30b92c445be10 (host: np0000167621) handling event "create" for row ac434f00-3cd7-4c43-8c30-bc30aca3d9c4 (table: ACL) {{(pid=103761) notify /opt/stack/neutron/neutron/plugins/ml2/drivers/ovn/mech_driver/ovsdb/ovsdb_monitor.py:914}}
Apr 18 22:14:32.760557 np0000167621 devstack@neutron-api.service[103761]: DEBUG neutron.plugins.ml2.drivers.ovn.mech_driver.ovsdb.ovsdb_monitor [-] Hash Ring: Node fb6380a8eb9c5c9cb8d30b92c445be10 (host: np0000167621) handling event "create" for row ad780ef1-4cef-4e9b-9e6e-6de5a20dab8c (table: ACL) {{(pid=103761) notify /opt/stack/neutron/neutron/plugins/ml2/drivers/ovn/mech_driver/ovsdb/ovsdb_monitor.py:914}}
Apr 18 22:14:32.760722 np0000167621 devstack@neutron-api.service[103761]: DEBUG neutron.plugins.ml2.drivers.ovn.mech_driver.ovsdb.ovsdb_monitor [-] Hash Ring: Node fb6380a8eb9c5c9cb8d30b92c445be10 (host: np0000167621) handling event "create" for row e50d111f-837e-46ed-81c5-1e5c663112e4 (table: ACL) {{(pid=103761) notify /opt/stack/neutron/neutron/plugins/ml2/drivers/ovn/mech_driver/ovsdb/ovsdb_monitor.py:914}}
Apr 18 22:14:32.760966 np0000167621 devstack@neutron-api.service[103761]: DEBUG neutron.plugins.ml2.drivers.ovn.mech_driver.ovsdb.ovsdb_monitor [-] Hash Ring: Node fb6380a8eb9c5c9cb8d30b92c445be10 (host: np0000167621) handling event "create" for row 35cae5db-0cbb-4cb0-a164-fe55e035feba (table: Port_Group) {{(pid=103761) notify /opt/stack/neutron/neutron/plugins/ml2/drivers/ovn/mech_driver/ovsdb/ovsdb_monitor.py:914}}
Apr 18 22:14:32.787380 np0000167621 devstack@neutron-api.service[103759]: INFO neutron.db.ovn_revision_numbers_db [None req-e35708bc-d765-4dc2-93d5-196565c94af3 admin admin] Successfully bumped revision number for resource 1ccf0c63-7bbf-4639-87d7-93c4fbb8e8dc (type: security_groups) to 1
Apr 18 22:14:32.804738 np0000167621 devstack@neutron-api.service[103759]: INFO neutron.db.ovn_revision_numbers_db [None req-e35708bc-d765-4dc2-93d5-196565c94af3 admin admin] Successfully bumped revision number for resource 28719351-4733-4d83-8f9a-cde7e185f15b (type: security_group_rules) to 0
Apr 18 22:14:32.819288 np0000167621 devstack@neutron-api.service[103759]: INFO neutron.db.ovn_revision_numbers_db [None req-e35708bc-d765-4dc2-93d5-196565c94af3 admin admin] Successfully bumped revision number for resource 85788999-5596-4501-8103-bf570e65a55b (type: security_group_rules) to 0
Apr 18 22:14:32.832632 np0000167621 devstack@neutron-api.service[103759]: INFO neutron.db.ovn_revision_numbers_db [None req-e35708bc-d765-4dc2-93d5-196565c94af3 admin admin] Successfully bumped revision number for resource 9402e781-e029-4087-80dd-c945e5c4d590 (type: security_group_rules) to 0
Apr 18 22:14:32.844085 np0000167621 devstack@neutron-api.service[103759]: INFO neutron.db.ovn_revision_numbers_db [None req-e35708bc-d765-4dc2-93d5-196565c94af3 admin admin] Successfully bumped revision number for resource b3764758-7a7c-44a1-a431-61c1af046bda (type: security_group_rules) to 0
Apr 18 22:14:32.869934 np0000167621 devstack@neutron-api.service[103759]: DEBUG neutron.api.rpc.handlers.resources_rpc [None req-e35708bc-d765-4dc2-93d5-196565c94af3 admin admin] Pushing event updated for resources: {'SecurityGroup': ['ID=1ccf0c63-7bbf-4639-87d7-93c4fbb8e8dc,revision_number=1']} {{(pid=103759) push /opt/stack/neutron/neutron/api/rpc/handlers/resources_rpc.py:237}}
Apr 18 22:14:32.877827 np0000167621 devstack@neutron-api.service[103759]: DEBUG ovsdbapp.backend.ovs_idl.transaction [-] Running txn n=1 command(idx=0): CheckLivenessCommand(_result=None) {{(pid=103759) do_commit /opt/stack/data/venv/lib/python3.12/site-packages/ovsdbapp/backend/ovs_idl/transaction.py:89}}
Apr 18 22:14:32.881408 np0000167621 devstack@neutron-api.service[103760]: DEBUG neutron.plugins.ml2.drivers.ovn.mech_driver.ovsdb.ovsdb_monitor [-] Hash Ring: Node f47db916486d577fa846fad737ecd3f0 (host: np0000167621) handling event "update" for row 2492bd4f-0eb1-4353-a173-2b6adaf56e09 (table: NB_Global) {{(pid=103760) notify /opt/stack/neutron/neutron/plugins/ml2/drivers/ovn/mech_driver/ovsdb/ovsdb_monitor.py:914}}
Apr 18 22:14:32.882305 np0000167621 devstack@neutron-api.service[103760]: DEBUG neutron.plugins.ml2.drivers.ovn.mech_driver.ovsdb.ovsdb_monitor [-] Hash Ring: Node f47db916486d577fa846fad737ecd3f0 (host: np0000167621) handling event "update" for row 2492bd4f-0eb1-4353-a173-2b6adaf56e09 (table: NB_Global) {{(pid=103760) notify /opt/stack/neutron/neutron/plugins/ml2/drivers/ovn/mech_driver/ovsdb/ovsdb_monitor.py:914}}
Apr 18 22:14:32.883172 np0000167621 devstack@neutron-api.service[103760]: DEBUG neutron.plugins.ml2.drivers.ovn.mech_driver.ovsdb.ovsdb_monitor [-] Hash Ring: Node f47db916486d577fa846fad737ecd3f0 (host: np0000167621) handling event "update" for row 2492bd4f-0eb1-4353-a173-2b6adaf56e09 (table: NB_Global) {{(pid=103760) notify /opt/stack/neutron/neutron/plugins/ml2/drivers/ovn/mech_driver/ovsdb/ovsdb_monitor.py:914}}
Apr 18 22:14:32.884105 np0000167621 devstack@neutron-api.service[103759]: DEBUG neutron.api.rpc.callbacks.version_manager [None req-e35708bc-d765-4dc2-93d5-196565c94af3 admin admin] Tracked resource versions report:
Apr 18 22:14:32.884105 np0000167621 devstack@neutron-api.service[103759]: pushed versions:
Apr 18 22:14:32.884105 np0000167621 devstack@neutron-api.service[103759]: { 'AddressGroup': {'1.2'},
Apr 18 22:14:32.884105 np0000167621 devstack@neutron-api.service[103759]: 'Agent': {'1.1'},
Apr 18 22:14:32.884105 np0000167621 devstack@neutron-api.service[103759]: 'ConntrackHelper': {'1.0'},
Apr 18 22:14:32.884105 np0000167621 devstack@neutron-api.service[103759]: 'LocalIPAssociation': {'1.0'},
Apr 18 22:14:32.884105 np0000167621 devstack@neutron-api.service[103759]: 'Log': {'1.0'},
Apr 18 22:14:32.884105 np0000167621 devstack@neutron-api.service[103759]: 'NDPProxy': {'1.0'},
Apr 18 22:14:32.884105 np0000167621 devstack@neutron-api.service[103759]: 'Network': {'1.2'},
Apr 18 22:14:32.884105 np0000167621 devstack@neutron-api.service[103759]: 'Port': {'1.10'},
Apr 18 22:14:32.884105 np0000167621 devstack@neutron-api.service[103759]: 'PortForwarding': {'1.3'},
Apr 18 22:14:32.884105 np0000167621 devstack@neutron-api.service[103759]: 'QosPolicy': {'1.10'},
Apr 18 22:14:32.884105 np0000167621 devstack@neutron-api.service[103759]: 'SecurityGroup': {'1.6'},
Apr 18 22:14:32.884105 np0000167621 devstack@neutron-api.service[103759]: 'SecurityGroupRule': {'1.3'},
Apr 18 22:14:32.884105 np0000167621 devstack@neutron-api.service[103759]: 'SubPort': {'1.0'},
Apr 18 22:14:32.884105 np0000167621 devstack@neutron-api.service[103759]: 'Subnet': {'1.2'},
Apr 18 22:14:32.884105 np0000167621 devstack@neutron-api.service[103759]: 'Trunk': {'1.1'}}
Apr 18 22:14:32.884105 np0000167621 devstack@neutron-api.service[103759]: consumer versions:
Apr 18 22:14:32.884105 np0000167621 devstack@neutron-api.service[103759]: {}
Apr 18 22:14:32.884105 np0000167621 devstack@neutron-api.service[103759]: {{(pid=103759) report /opt/stack/neutron/neutron/api/rpc/callbacks/version_manager.py:183}}
Apr 18 22:14:32.887552 np0000167621 devstack@neutron-api.service[103760]: DEBUG neutron.plugins.ml2.drivers.ovn.mech_driver.ovsdb.ovsdb_monitor [-] ChassisAgentWriteEvent : Matched Chassis_Private, update, None None {{(pid=103760) matches /opt/stack/neutron/neutron/plugins/ml2/drivers/ovn/mech_driver/ovsdb/ovsdb_monitor.py:64}}
Apr 18 22:14:32.887671 np0000167621 devstack@neutron-api.service[103758]: DEBUG neutron.plugins.ml2.drivers.ovn.mech_driver.ovsdb.ovsdb_monitor [-] ChassisAgentWriteEvent : Matched Chassis_Private, update, None None {{(pid=103758) matches /opt/stack/neutron/neutron/plugins/ml2/drivers/ovn/mech_driver/ovsdb/ovsdb_monitor.py:64}}
Apr 18 22:14:32.887765 np0000167621 devstack@neutron-api.service[103761]: DEBUG neutron.plugins.ml2.drivers.ovn.mech_driver.ovsdb.ovsdb_monitor [-] Hash Ring: Node fb6380a8eb9c5c9cb8d30b92c445be10 (host: np0000167621) handling event "update" for row 2492bd4f-0eb1-4353-a173-2b6adaf56e09 (table: NB_Global) {{(pid=103761) notify /opt/stack/neutron/neutron/plugins/ml2/drivers/ovn/mech_driver/ovsdb/ovsdb_monitor.py:914}}
Apr 18 22:14:32.887868 np0000167621 devstack@neutron-api.service[103758]: DEBUG neutron.plugins.ml2.drivers.ovn.mech_driver.ovsdb.ovsdb_monitor [-] Hash Ring: Node ca68fc64bb0158c7bf62b9368ef9b543 (host: np0000167621) handling event "update" for row e880034a-aa5f-4c5b-9f99-b5f8833e1f36 (table: Chassis_Private) {{(pid=103758) notify /opt/stack/neutron/neutron/plugins/ml2/drivers/ovn/mech_driver/ovsdb/ovsdb_monitor.py:914}}
Apr 18 22:14:32.888130 np0000167621 devstack@neutron-api.service[103760]: DEBUG neutron.plugins.ml2.drivers.ovn.mech_driver.ovsdb.ovsdb_monitor [-] Hash Ring: Node f47db916486d577fa846fad737ecd3f0 (host: np0000167621) handling event "update" for row 2492bd4f-0eb1-4353-a173-2b6adaf56e09 (table: NB_Global) {{(pid=103760) notify /opt/stack/neutron/neutron/plugins/ml2/drivers/ovn/mech_driver/ovsdb/ovsdb_monitor.py:914}}
Apr 18 22:14:32.888278 np0000167621 devstack@neutron-api.service[103761]: DEBUG neutron.plugins.ml2.drivers.ovn.mech_driver.ovsdb.ovsdb_monitor [-] Hash Ring: Node fb6380a8eb9c5c9cb8d30b92c445be10 (host: np0000167621) handling event "update" for row 2492bd4f-0eb1-4353-a173-2b6adaf56e09 (table: NB_Global) {{(pid=103761) notify /opt/stack/neutron/neutron/plugins/ml2/drivers/ovn/mech_driver/ovsdb/ovsdb_monitor.py:914}}
Apr 18 22:14:32.889029 np0000167621 devstack@neutron-api.service[103761]: DEBUG neutron.plugins.ml2.drivers.ovn.mech_driver.ovsdb.ovsdb_monitor [-] Hash Ring: Node fb6380a8eb9c5c9cb8d30b92c445be10 (host: np0000167621) handling event "update" for row 2492bd4f-0eb1-4353-a173-2b6adaf56e09 (table: NB_Global) {{(pid=103761) notify /opt/stack/neutron/neutron/plugins/ml2/drivers/ovn/mech_driver/ovsdb/ovsdb_monitor.py:914}}
Apr 18 22:14:32.890741 np0000167621 devstack@neutron-api.service[103761]: DEBUG neutron.plugins.ml2.drivers.ovn.mech_driver.ovsdb.ovsdb_monitor [-] ChassisAgentWriteEvent : Matched Chassis_Private, update, None None {{(pid=103761) matches /opt/stack/neutron/neutron/plugins/ml2/drivers/ovn/mech_driver/ovsdb/ovsdb_monitor.py:64}}
Apr 18 22:14:32.892301 np0000167621 devstack@neutron-api.service[103758]: DEBUG neutron.plugins.ml2.drivers.ovn.mech_driver.ovsdb.ovsdb_monitor [-] ChassisOVNAgentWriteEvent : Matched Chassis_Private, update, None None {{(pid=103758) matches /opt/stack/neutron/neutron/plugins/ml2/drivers/ovn/mech_driver/ovsdb/ovsdb_monitor.py:64}}
Apr 18 22:14:32.892779 np0000167621 devstack@neutron-api.service[103760]: DEBUG neutron.plugins.ml2.drivers.ovn.mech_driver.ovsdb.ovsdb_monitor [-] ChassisOVNAgentWriteEvent : Matched Chassis_Private, update, None None {{(pid=103760) matches /opt/stack/neutron/neutron/plugins/ml2/drivers/ovn/mech_driver/ovsdb/ovsdb_monitor.py:64}}
Apr 18 22:14:32.892915 np0000167621 devstack@neutron-api.service[103758]: DEBUG neutron.plugins.ml2.drivers.ovn.mech_driver.ovsdb.ovsdb_monitor [-] Hash Ring: Node ca68fc64bb0158c7bf62b9368ef9b543 (host: np0000167621) handling event "update" for row e880034a-aa5f-4c5b-9f99-b5f8833e1f36 (table: Chassis_Private) {{(pid=103758) notify /opt/stack/neutron/neutron/plugins/ml2/drivers/ovn/mech_driver/ovsdb/ovsdb_monitor.py:914}}
Apr 18 22:14:32.896784 np0000167621 devstack@neutron-api.service[103761]: DEBUG neutron.plugins.ml2.drivers.ovn.mech_driver.ovsdb.ovsdb_monitor [-] Hash Ring: Node fb6380a8eb9c5c9cb8d30b92c445be10 (host: np0000167621) handling event "update" for row 2492bd4f-0eb1-4353-a173-2b6adaf56e09 (table: NB_Global) {{(pid=103761) notify /opt/stack/neutron/neutron/plugins/ml2/drivers/ovn/mech_driver/ovsdb/ovsdb_monitor.py:914}}
Apr 18 22:14:32.898011 np0000167621 devstack@neutron-api.service[103759]: DEBUG neutron.plugins.ml2.drivers.ovn.mech_driver.ovsdb.ovsdb_monitor [-] ChassisAgentWriteEvent : Matched Chassis_Private, update, None None {{(pid=103759) matches /opt/stack/neutron/neutron/plugins/ml2/drivers/ovn/mech_driver/ovsdb/ovsdb_monitor.py:64}}
Apr 18 22:14:32.899964 np0000167621 devstack@neutron-api.service[103761]: DEBUG neutron.common.ovn.hash_ring_manager [-] Allow caching, nodes 4>=4 {{(pid=103761) _wait_startup_before_caching /opt/stack/neutron/neutron/common/ovn/hash_ring_manager.py:65}}
Apr 18 22:14:32.900344 np0000167621 devstack@neutron-api.service[103761]: DEBUG neutron.plugins.ml2.drivers.ovn.mech_driver.ovsdb.ovsdb_monitor [-] Hash Ring: Node fb6380a8eb9c5c9cb8d30b92c445be10 (host: np0000167621) handling event "update" for row e880034a-aa5f-4c5b-9f99-b5f8833e1f36 (table: Chassis_Private) {{(pid=103761) notify /opt/stack/neutron/neutron/plugins/ml2/drivers/ovn/mech_driver/ovsdb/ovsdb_monitor.py:914}}
Apr 18 22:14:32.901953 np0000167621 devstack@neutron-api.service[103761]: DEBUG neutron.plugins.ml2.drivers.ovn.mech_driver.ovsdb.ovsdb_monitor [-] ChassisOVNAgentWriteEvent : Matched Chassis_Private, update, None None {{(pid=103761) matches /opt/stack/neutron/neutron/plugins/ml2/drivers/ovn/mech_driver/ovsdb/ovsdb_monitor.py:64}}
Apr 18 22:14:32.902291 np0000167621 devstack@neutron-api.service[103761]: DEBUG neutron.plugins.ml2.drivers.ovn.mech_driver.ovsdb.ovsdb_monitor [-] Hash Ring: Node fb6380a8eb9c5c9cb8d30b92c445be10 (host: np0000167621) handling event "update" for row e880034a-aa5f-4c5b-9f99-b5f8833e1f36 (table: Chassis_Private) {{(pid=103761) notify /opt/stack/neutron/neutron/plugins/ml2/drivers/ovn/mech_driver/ovsdb/ovsdb_monitor.py:914}}
Apr 18 22:14:32.902665 np0000167621 devstack@neutron-api.service[103759]: DEBUG neutron.plugins.ml2.drivers.ovn.mech_driver.ovsdb.ovsdb_monitor [-] ChassisOVNAgentWriteEvent : Matched Chassis_Private, update, None None {{(pid=103759) matches /opt/stack/neutron/neutron/plugins/ml2/drivers/ovn/mech_driver/ovsdb/ovsdb_monitor.py:64}}
Apr 18 22:14:32.955777 np0000167621 devstack@neutron-api.service[103759]: DEBUG neutron.plugins.ml2.drivers.helpers [None req-e35708bc-d765-4dc2-93d5-196565c94af3 admin admin] geneve segment allocate from pool success with {'geneve_vni': 58541} {{(pid=103759) allocate_partially_specified_segment /opt/stack/neutron/neutron/plugins/ml2/drivers/helpers.py:142}}
Apr 18 22:14:32.969827 np0000167621 devstack@neutron-api.service[103759]: DEBUG neutron_lib.callbacks.manager [None req-e35708bc-d765-4dc2-93d5-196565c94af3 admin admin] Publish callbacks ['neutron.services.segments.db._add_segment_host_mapping_for_segment-7868882559370', 'neutron.plugins.ml2.plugin.Ml2Plugin._handle_segment_change-1796089'] for segment (0f51be8e-181a-44e8-903e-d896c707e9c1), precommit_create {{(pid=103759) _notify_loop /opt/stack/data/venv/lib/python3.12/site-packages/neutron_lib/callbacks/manager.py:184}}
Apr 18 22:14:32.970068 np0000167621 devstack@neutron-api.service[103759]: INFO neutron.db.segments_db [None req-e35708bc-d765-4dc2-93d5-196565c94af3 admin admin] Added segment 0f51be8e-181a-44e8-903e-d896c707e9c1 of type geneve for network e6a05c5a-7055-4227-8ae6-69674b589350
Apr 18 22:14:33.012999 np0000167621 devstack@neutron-api.service[103759]: DEBUG neutron_lib.callbacks.manager [None req-e35708bc-d765-4dc2-93d5-196565c94af3 admin admin] Publish callbacks ['neutron.services.auto_allocate.db._ensure_external_network_default_value_callback-7868881288906'] for network (e6a05c5a-7055-4227-8ae6-69674b589350), precommit_create {{(pid=103759) _notify_loop /opt/stack/data/venv/lib/python3.12/site-packages/neutron_lib/callbacks/manager.py:184}}
Apr 18 22:14:33.030555 np0000167621 devstack@neutron-api.service[103759]: DEBUG neutron.plugins.ml2.drivers.ovn.mech_driver.mech_driver [None req-e35708bc-d765-4dc2-93d5-196565c94af3 admin admin] Validating network segment with type geneve, segmentation ID 58541, physical network None {{(pid=103759) _validate_network_segments /opt/stack/neutron/neutron/plugins/ml2/drivers/ovn/mech_driver/mech_driver.py:641}}
