2026-07-01 02:00:56.222 10 WARNING neutron.api.rpc.agentnotifiers.dhcp_rpc_agent_api [None req-3c725911-6fe7-4a28-9aeb-a76f5a8c4a81 774424232dbc41d7a9c79d883e3d5e3b 787bf98b46c0473391fe7975bcc46a47 - - default default] Unable to schedule network 27187b76-afbd-4b92-9e68-03991c485faa: no agents available; will retry on subsequent port and subnet creation events.
2026-07-01 02:00:56.386 10 INFO neutron.db.ovn_revision_numbers_db [None req-3c725911-6fe7-4a28-9aeb-a76f5a8c4a81 774424232dbc41d7a9c79d883e3d5e3b 787bf98b46c0473391fe7975bcc46a47 - - default default] Successfully bumped revision number for resource 79a4630b-c634-46fc-a032-e34a90bdfc72 (type: ports) to 1
2026-07-01 02:00:56.454 10 WARNING neutron.plugins.ml2.drivers.ovn.mech_driver.ovsdb.ovn_client [None req-ab9e2713-dbcd-4ec7-86b9-bb03792ba8c2 - - - - - -] No port found with ID 3aa83eab-554f-423b-9518-9540802202ec: RuntimeError: No port found with ID 3aa83eab-554f-423b-9518-9540802202ec
2026-07-01 02:00:56.486 10 INFO neutron.plugins.ml2.drivers.ovn.mech_driver.mech_driver [None req-ab9e2713-dbcd-4ec7-86b9-bb03792ba8c2 - - - - - -] OVN reports status down for port: ce498e32-3d80-443e-85d6-46c83d338e11
2026-07-01 02:00:56.938 10 INFO neutron.plugins.ml2.drivers.ovn.mech_driver.mech_driver [None req-ab9e2713-dbcd-4ec7-86b9-bb03792ba8c2 - - - - - -] OVN reports status up for port: 79a4630b-c634-46fc-a032-e34a90bdfc72
2026-07-01 02:00:57.005 10 INFO neutron.plugins.ml2.plugin [None req-ab9e2713-dbcd-4ec7-86b9-bb03792ba8c2 - - - - - -] Attempt 1 to provision port 79a4630b-c634-46fc-a032-e34a90bdfc72
2026-07-01 02:00:57.219 10 INFO neutron.wsgi [None req-fc61ef47-c20a-4c21-a9f3-5fd428ebb3f7 57880ae6fa834c0cb2ec94c5fa286aee 29ed25ada14c4ab4a263e6ec8667d934 - - default default] 10.0.0.106 "PUT /v2.0/routers/7ca03315-a56c-4ce6-b629-30f6180673b8/remove_router_interface HTTP/1.1" status: 200 len: 503 time: 1.6283402
2026-07-01 02:00:57.242 10 INFO neutron.db.ovn_revision_numbers_db [None req-3c725911-6fe7-4a28-9aeb-a76f5a8c4a81 774424232dbc41d7a9c79d883e3d5e3b 787bf98b46c0473391fe7975bcc46a47 - - default default] Successfully bumped revision number for resource 79a4630b-c634-46fc-a032-e34a90bdfc72 (type: router_ports) to 1
2026-07-01 02:00:57.278 9 INFO neutron.db.ovn_revision_numbers_db [None req-b7f17390-ae74-4794-bfd8-0f784b4c7bc9 57880ae6fa834c0cb2ec94c5fa286aee 29ed25ada14c4ab4a263e6ec8667d934 - - default default] Successfully bumped revision number for resource 899bd18c-12d7-4a56-a81c-d5d1132cd60c (type: security_groups) to 1
2026-07-01 02:00:57.308 9 INFO neutron.db.ovn_revision_numbers_db [None req-b7f17390-ae74-4794-bfd8-0f784b4c7bc9 57880ae6fa834c0cb2ec94c5fa286aee 29ed25ada14c4ab4a263e6ec8667d934 - - default default] Successfully bumped revision number for resource 02f1fddf-3131-4f5c-adde-43e8f3eda451 (type: security_group_rules) to 0
2026-07-01 02:00:57.332 9 INFO neutron.db.ovn_revision_numbers_db [None req-b7f17390-ae74-4794-bfd8-0f784b4c7bc9 57880ae6fa834c0cb2ec94c5fa286aee 29ed25ada14c4ab4a263e6ec8667d934 - - default default] Successfully bumped revision number for resource 3916e1e8-77fc-40f5-a61b-37303ab3c41e (type: security_group_rules) to 0
2026-07-01 02:00:57.353 9 INFO neutron.db.ovn_revision_numbers_db [None req-b7f17390-ae74-4794-bfd8-0f784b4c7bc9 57880ae6fa834c0cb2ec94c5fa286aee 29ed25ada14c4ab4a263e6ec8667d934 - - default default] Successfully bumped revision number for resource 48708625-009a-4fca-a34a-2cd77d7f8644 (type: security_group_rules) to 0
2026-07-01 02:00:57.373 10 INFO neutron.db.ovn_revision_numbers_db [None req-3c725911-6fe7-4a28-9aeb-a76f5a8c4a81 774424232dbc41d7a9c79d883e3d5e3b 787bf98b46c0473391fe7975bcc46a47 - - default default] Successfully bumped revision number for resource 79a4630b-c634-46fc-a032-e34a90bdfc72 (type: ports) to 1
2026-07-01 02:00:57.395 9 INFO neutron.db.ovn_revision_numbers_db [None req-b7f17390-ae74-4794-bfd8-0f784b4c7bc9 57880ae6fa834c0cb2ec94c5fa286aee 29ed25ada14c4ab4a263e6ec8667d934 - - default default] Successfully bumped revision number for resource b6d5102a-6c99-400e-94db-0c80ed3a7115 (type: security_group_rules) to 0
2026-07-01 02:00:57.425 9 INFO neutron.wsgi [None req-b7f17390-ae74-4794-bfd8-0f784b4c7bc9 57880ae6fa834c0cb2ec94c5fa286aee 29ed25ada14c4ab4a263e6ec8667d934 - - default default] 10.0.0.106 "GET /v2.0/security-groups?tenant_id=fa9f83b448214158b3094afddfa10d3a&name=default HTTP/1.1" status: 200 len: 2996 time: 0.4103026 /var/lib/openstack/lib/python3.10/site-packages/pycadf/identifier.py:71: UserWarning: Invalid uuid: neutron. To ensure interoperability, identifiers should be a valid uuid. warnings.warn(('Invalid uuid: %s. To ensure interoperability, '
2026-07-01 02:00:57.489 10 WARNING neutron.scheduler.dhcp_agent_scheduler [None req-3c725911-6fe7-4a28-9aeb-a76f5a8c4a81 774424232dbc41d7a9c79d883e3d5e3b 787bf98b46c0473391fe7975bcc46a47 - - default default] No more DHCP agents
2026-07-01 02:00:57.501 10 WARNING neutron.api.rpc.agentnotifiers.dhcp_rpc_agent_api [None req-3c725911-6fe7-4a28-9aeb-a76f5a8c4a81 774424232dbc41d7a9c79d883e3d5e3b 787bf98b46c0473391fe7975bcc46a47 - - default default] Unable to schedule network 27187b76-afbd-4b92-9e68-03991c485faa: no agents available; will retry on subsequent port and subnet creation events.
2026-07-01 02:00:57.616 10 INFO neutron.db.ovn_revision_numbers_db [None req-ab9e2713-dbcd-4ec7-86b9-bb03792ba8c2 - - - - - -] Successfully bumped revision number for resource 79a4630b-c634-46fc-a032-e34a90bdfc72 (type: ports) to 2
2026-07-01 02:00:57.803 10 INFO neutron.db.ovn_revision_numbers_db [None req-3c725911-6fe7-4a28-9aeb-a76f5a8c4a81 774424232dbc41d7a9c79d883e3d5e3b 787bf98b46c0473391fe7975bcc46a47 - - default default] Successfully bumped revision number for resource 79a4630b-c634-46fc-a032-e34a90bdfc72 (type: router_ports) to 2
2026-07-01 02:00:57.805 10 INFO neutron.wsgi [None req-3c725911-6fe7-4a28-9aeb-a76f5a8c4a81 774424232dbc41d7a9c79d883e3d5e3b 787bf98b46c0473391fe7975bcc46a47 - - default default] 10.0.0.106 "PUT /v2.0/routers/b81d304e-63a1-4e17-9590-1cda5d681405/add_router_interface HTTP/1.1" status: 200 len: 503 time: 2.1031139
2026-07-01 02:00:57.854 10 INFO neutron.wsgi [None req-f55ead70-a7cf-44fc-90d9-e8d1779f90bc 57880ae6fa834c0cb2ec94c5fa286aee 29ed25ada14c4ab4a263e6ec8667d934 - - default default] 10.0.0.106 "DELETE /v2.0/security-groups/899bd18c-12d7-4a56-a81c-d5d1132cd60c HTTP/1.1" status: 204 len: 168 time: 0.4241779
2026-07-01 02:00:57.896 10 INFO neutron.wsgi [None req-ffc8697d-5975-4d27-a554-400d68e9d7ae 774424232dbc41d7a9c79d883e3d5e3b 787bf98b46c0473391fe7975bcc46a47 - - default default] 10.0.0.106 "GET /v2.0/ports/79a4630b-c634-46fc-a032-e34a90bdfc72 HTTP/1.1" status: 200 len: 1141 time: 0.0848944
2026-07-01 02:00:57.930 10 INFO neutron.wsgi [None req-6a588fa6-5133-4716-9e42-54b3c29f19e0 774424232dbc41d7a9c79d883e3d5e3b 787bf98b46c0473391fe7975bcc46a47 - - default default] 10.0.0.106 "GET /v2.0/ports/79a4630b-c634-46fc-a032-e34a90bdfc72 HTTP/1.1" status: 200 len: 1141 time: 0.0292165
2026-07-01 02:00:58.129 9 INFO neutron.wsgi [None req-e25e188e-9468-4e87-a153-043458435b54 57880ae6fa834c0cb2ec94c5fa286aee 29ed25ada14c4ab4a263e6ec8667d934 - - default default] 10.0.0.106 "DELETE /v2.0/routers/7ca03315-a56c-4ce6-b629-30f6180673b8 HTTP/1.1" status: 204 len: 168 time: 0.9054284
2026-07-01 02:00:58.161 10 INFO neutron.db.ovn_revision_numbers_db [None req-4cd8b688-78ca-432c-ab51-4912873c2f42 57880ae6fa834c0cb2ec94c5fa286aee 29ed25ada14c4ab4a263e6ec8667d934 - - default default] Successfully bumped revision number for resource d40b7566-9a25-4b9a-abd1-56a256d51f90 (type: security_groups) to 1
2026-07-01 02:00:58.188 10 INFO neutron.db.ovn_revision_numbers_db [None req-4cd8b688-78ca-432c-ab51-4912873c2f42 57880ae6fa834c0cb2ec94c5fa286aee 29ed25ada14c4ab4a263e6ec8667d934 - - default default] Successfully bumped revision number for resource 02edf64a-4a9e-4d8a-9616-df0624be121c (type: security_group_rules) to 0
2026-07-01 02:00:58.225 10 INFO neutron.db.ovn_revision_numbers_db [None req-4cd8b688-78ca-432c-ab51-4912873c2f42 57880ae6fa834c0cb2ec94c5fa286aee 29ed25ada14c4ab4a263e6ec8667d934 - - default default] Successfully bumped revision number for resource 5de08432-1f60-4d42-826b-5d9f32d37b6e (type: security_group_rules) to 0
2026-07-01 02:00:58.254 10 INFO neutron.db.ovn_revision_numbers_db [None req-4cd8b688-78ca-432c-ab51-4912873c2f42 57880ae6fa834c0cb2ec94c5fa286aee 29ed25ada14c4ab4a263e6ec8667d934 - - default default] Successfully bumped revision number for resource 7d6a6e3a-7dc6-480e-a15f-56df8d1b170e (type: security_group_rules) to 0
2026-07-01 02:00:58.272 10 INFO neutron.db.ovn_revision_numbers_db [None req-4cd8b688-78ca-432c-ab51-4912873c2f42 57880ae6fa834c0cb2ec94c5fa286aee 29ed25ada14c4ab4a263e6ec8667d934 - - default default] Successfully bumped revision number for resource be47ec18-f8a9-47fb-a49d-42fe87f36ca3 (type: security_group_rules) to 0
2026-07-01 02:00:58.302 10 INFO neutron.wsgi [None req-4cd8b688-78ca-432c-ab51-4912873c2f42 57880ae6fa834c0cb2ec94c5fa286aee 29ed25ada14c4ab4a263e6ec8667d934 - - default default] 10.0.0.106 "GET /v2.0/security-groups?tenant_id=f8e9ec7ad27849afa27f688ad4e3f50a&name=default HTTP/1.1" status: 200 len: 2996 time: 0.3470628
2026-07-01 02:00:58.367 9 INFO neutron.wsgi [None req-45ff9f9b-8891-4764-8d25-837f131b8239 57880ae6fa834c0cb2ec94c5fa286aee 29ed25ada14c4ab4a263e6ec8667d934 - - default default] 10.0.0.106 "DELETE /v2.0/subnets/ab02c023-5b61-47f7-8a3f-d48e9f7e1c22 HTTP/1.1" status: 204 len: 168 time: 0.2315135
2026-07-01 02:00:58.537 9 INFO neutron.wsgi [None req-b45911f2-14cb-4e58-8f62-685f72b0d372 57880ae6fa834c0cb2ec94c5fa286aee 29ed25ada14c4ab4a263e6ec8667d934 - - default default] 10.0.0.106 "DELETE /v2.0/security-groups/d40b7566-9a25-4b9a-abd1-56a256d51f90 HTTP/1.1" status: 204 len: 168 time: 0.2273285
2026-07-01 02:00:58.658 10 INFO neutron.wsgi [None req-a97c0520-ffce-4fab-b627-156ff30c67e9 774424232dbc41d7a9c79d883e3d5e3b 787bf98b46c0473391fe7975bcc46a47 - - default default] 10.0.0.106 "PUT /v2.0/routers/b81d304e-63a1-4e17-9590-1cda5d681405/remove_router_interface HTTP/1.1" status: 200 len: 503 time: 0.7248192
2026-07-01 02:00:58.686 9 INFO neutron.wsgi [None req-89169f47-75fa-4bfc-b956-262d2b5d52e5 774424232dbc41d7a9c79d883e3d5e3b 787bf98b46c0473391fe7975bcc46a47 - - default default] 10.0.0.106 "GET /v2.0/ports?device_id=b81d304e-63a1-4e17-9590-1cda5d681405 HTTP/1.1" status: 200 len: 205 time: 0.0231454
2026-07-01 02:00:58.797 10 INFO neutron.services.segments.plugin [-] Segment 8982f115-27ad-4bc6-9f76-9ff533f8a402 resource provider aggregate not found
2026-07-01 02:00:58.815 10 INFO neutron.services.segments.plugin [-] Segment 8982f115-27ad-4bc6-9f76-9ff533f8a402 resource provider aggregate not found
2026-07-01 02:00:58.837 10 INFO neutron.services.segments.plugin [-] Segment 8982f115-27ad-4bc6-9f76-9ff533f8a402 resource provider not found; error: Placement Client Error (4xx): {"errors": [{"status": 404, "title": "Not Found", "detail": "The resource could not be found.\n\n No resource provider with uuid 8982f115-27ad-4bc6-9f76-9ff533f8a402 found for delete ", "request_id": "req-e62045a8-e521-4e7e-8d42-58800aade220"}]}
2026-07-01 02:00:58.842 10 INFO neutron.services.segments.plugin [-] Segment 8982f115-27ad-4bc6-9f76-9ff533f8a402 resource provider not found; error: Placement Client Error (4xx): {"errors": [{"status": 404, "title": "Not Found", "detail": "The resource could not be found.\n\n No resource provider with uuid 8982f115-27ad-4bc6-9f76-9ff533f8a402 found for delete ", "request_id": "req-6beb8ad1-6669-456e-b9b6-5d3e4c9d505a"}]}
2026-07-01 02:00:58.874 10 INFO neutron.wsgi [None req-14f62a3b-3be5-4c0f-b413-8d32748bcf47 57880ae6fa834c0cb2ec94c5fa286aee 29ed25ada14c4ab4a263e6ec8667d934 - - default default] 10.0.0.106 "DELETE /v2.0/networks/b9fcad42-bcca-4ee2-8ca2-db19e89493fc HTTP/1.1" status: 204 len: 168 time: 0.5008800
2026-07-01 02:00:58.923 9 INFO neutron.wsgi [None req-f38172d6-2793-43c0-ab39-f19df47b04c2 774424232dbc41d7a9c79d883e3d5e3b 787bf98b46c0473391fe7975bcc46a47 - - default default] 10.0.0.106 "DELETE /v2.0/routers/b81d304e-63a1-4e17-9590-1cda5d681405 HTTP/1.1" status: 204 len: 168 time: 0.2314439
2026-07-01 02:00:59.143 9 INFO neutron.wsgi [None req-7341c946-fcda-4218-a059-7ec2b9709123 57880ae6fa834c0cb2ec94c5fa286aee 29ed25ada14c4ab4a263e6ec8667d934 - - default default] 10.0.0.106 "GET /v2.0/security-groups?tenant_id=13718274381340d2bbc6947c83d9054a&name=default HTTP/1.1" status: 200 len: 2996 time: 0.0523407 /var/lib/openstack/lib/python3.10/site-packages/pycadf/identifier.py:71: UserWarning: Invalid uuid: neutron. To ensure interoperability, identifiers should be a valid uuid. warnings.warn(('Invalid uuid: %s. To ensure interoperability, '
2026-07-01 02:00:59.156 9 INFO neutron.wsgi [None req-3f11fa9d-5ce0-4e72-a227-49dbf9f5d74c 774424232dbc41d7a9c79d883e3d5e3b 787bf98b46c0473391fe7975bcc46a47 - - default default] 10.0.0.106 "DELETE /v2.0/subnets/d4bf3bac-474e-461c-ad0b-d818f8cb8fe3 HTTP/1.1" status: 204 len: 168 time: 0.2279630
2026-07-01 02:00:59.360 10 INFO neutron.wsgi [None req-652d5eff-4e64-4713-bb68-4d7c07bb48ab 57880ae6fa834c0cb2ec94c5fa286aee 29ed25ada14c4ab4a263e6ec8667d934 - - default default] 10.0.0.106 "DELETE /v2.0/security-groups/f9ceb61a-d03a-4649-bd50-1b5133ee7214 HTTP/1.1" status: 204 len: 168 time: 0.2082655
2026-07-01 02:00:59.517 9 INFO neutron.services.segments.plugin [-] Segment 26b4d493-be5c-4878-8e97-949bf29679dd resource provider aggregate not found
2026-07-01 02:00:59.521 9 INFO neutron.services.segments.plugin [-] Segment 26b4d493-be5c-4878-8e97-949bf29679dd resource provider aggregate not found
2026-07-01 02:00:59.537 9 INFO neutron.services.segments.plugin [-] Segment 26b4d493-be5c-4878-8e97-949bf29679dd resource provider not found; error: Placement Client Error (4xx): {"errors": [{"status": 404, "title": "Not Found", "detail": "The resource could not be found.\n\n No resource provider with uuid 26b4d493-be5c-4878-8e97-949bf29679dd found for delete ", "request_id": "req-b0169996-84ab-4e23-8c1e-0a57bd78451c"}]}
2026-07-01 02:00:59.542 9 INFO neutron.services.segments.plugin [-] Segment 26b4d493-be5c-4878-8e97-949bf29679dd resource provider not found; error: Placement Client Error (4xx): {"errors": [{"status": 404, "title": "Not Found", "detail": "The resource could not be found.\n\n No resource provider with uuid 26b4d493-be5c-4878-8e97-949bf29679dd found for delete ", "request_id": "req-d5c06d0e-739e-44ec-9532-85ebed51816a"}]}
2026-07-01 02:00:59.567 9 INFO neutron.wsgi [None req-640722b3-ef6d-4a5c-8153-ea0e9d932b06 774424232dbc41d7a9c79d883e3d5e3b 787bf98b46c0473391fe7975bcc46a47 - - default default] 10.0.0.106 "DELETE /v2.0/networks/27187b76-afbd-4b92-9e68-03991c485faa HTTP/1.1" status: 204 len: 168 time: 0.4056468
2026-07-01 02:01:00.052 10 WARNING neutron.scheduler.dhcp_agent_scheduler [None req-dc7e4bfc-8f78-4b2a-9c08-496ef0c868c2 774424232dbc41d7a9c79d883e3d5e3b 787bf98b46c0473391fe7975bcc46a47 - - default default] No more DHCP agents
2026-07-01 02:01:00.053 10 WARNING neutron.api.rpc.agentnotifiers.dhcp_rpc_agent_api [None req-dc7e4bfc-8f78-4b2a-9c08-496ef0c868c2 774424232dbc41d7a9c79d883e3d5e3b 787bf98b46c0473391fe7975bcc46a47 - - default default] Unable to schedule network e7d0a970-df71-40ed-a342-6199b9f41ae1: no agents available; will retry on subsequent port and subnet creation events.
2026-07-01 02:01:00.231 10 INFO neutron.db.ovn_revision_numbers_db [None req-dc7e4bfc-8f78-4b2a-9c08-496ef0c868c2 774424232dbc41d7a9c79d883e3d5e3b 787bf98b46c0473391fe7975bcc46a47 - - default default] Successfully bumped revision number for resource 2ceb315d-fdaf-46b5-8884-8d557bcb11bd (type: ports) to 1
2026-07-01 02:01:00.489 9 INFO neutron.wsgi [req-92e47d4d-1917-41e9-b5ed-ae9618f8de9b req-7af917ae-f48b-4f2f-ba4e-942748b2ff05 d78c6ffc63e14fc1a6d0cadc9ffeedf4 5505ac35fe4042c295b8fcd48b6a3b49 - - 5405da94dae646ca878ea16edcbf95e5 5405da94dae646ca878ea16edcbf95e5] 10.0.0.105 "GET /v2.0/ports?device_id=33dff4df-6b20-4f97-ad02-58442fa49004 HTTP/1.1" status: 200 len: 1409 time: 0.0362790
2026-07-01 02:01:00.534 9 INFO neutron.wsgi [req-92e47d4d-1917-41e9-b5ed-ae9618f8de9b req-d1742646-7ac2-4c5b-9d91-24d2f32f97a6 d78c6ffc63e14fc1a6d0cadc9ffeedf4 5505ac35fe4042c295b8fcd48b6a3b49 - - 5405da94dae646ca878ea16edcbf95e5 5405da94dae646ca878ea16edcbf95e5] 10.0.0.105 "GET /v2.0/security-groups?id=376d5113-1b61-40e4-bebc-c987c075444b&fields=id&fields=name HTTP/1.1" status: 200 len: 313 time: 0.0372713
2026-07-01 02:01:00.804 9 INFO neutron.plugins.ml2.drivers.ovn.mech_driver.mech_driver [None req-ab9d32e5-980d-440c-9279-1db8e8ddc9a1 - - - - - -] OVN reports status up for port: 2ceb315d-fdaf-46b5-8884-8d557bcb11bd
2026-07-01 02:01:00.817 9 INFO neutron.plugins.ml2.plugin [None req-ab9d32e5-980d-440c-9279-1db8e8ddc9a1 - - - - - -] Attempt 1 to provision port 2ceb315d-fdaf-46b5-8884-8d557bcb11bd
2026-07-01 02:01:00.841 10 INFO neutron.db.ovn_revision_numbers_db [None req-dc7e4bfc-8f78-4b2a-9c08-496ef0c868c2 774424232dbc41d7a9c79d883e3d5e3b 787bf98b46c0473391fe7975bcc46a47 - - default default] Successfully bumped revision number for resource 2ceb315d-fdaf-46b5-8884-8d557bcb11bd (type: router_ports) to 1
2026-07-01 02:01:01.138 10 INFO neutron.db.ovn_revision_numbers_db [None req-dc7e4bfc-8f78-4b2a-9c08-496ef0c868c2 774424232dbc41d7a9c79d883e3d5e3b 787bf98b46c0473391fe7975bcc46a47 - - default default] Successfully bumped revision number for resource 7a3d61b7-79d0-478a-9b0e-0d3cf24daec5 (type: routers) to 2
2026-07-01 02:01:01.158 10 INFO neutron.wsgi [None req-dc7e4bfc-8f78-4b2a-9c08-496ef0c868c2 774424232dbc41d7a9c79d883e3d5e3b 787bf98b46c0473391fe7975bcc46a47 - - default default] 10.0.0.106 "POST /v2.0/routers HTTP/1.1" status: 201 len: 871 time: 1.5843680
2026-07-01 02:01:01.219 10 INFO neutron.db.ovn_revision_numbers_db [None req-3dad69e4-4100-48eb-9349-9be952466979 57880ae6fa834c0cb2ec94c5fa286aee 29ed25ada14c4ab4a263e6ec8667d934 - - default default] Successfully bumped revision number for resource 32015571-76ae-4f81-b586-717f626cb859 (type: security_groups) to 1
2026-07-01 02:01:01.235 10 INFO neutron.db.ovn_revision_numbers_db [None req-3dad69e4-4100-48eb-9349-9be952466979 57880ae6fa834c0cb2ec94c5fa286aee 29ed25ada14c4ab4a263e6ec8667d934 - - default default] Successfully bumped revision number for resource ab638a34-74f2-433c-be58-089e473f48d9 (type: security_group_rules) to 0
2026-07-01 02:01:01.245 9 INFO neutron.wsgi [None req-3a9cf60c-2822-4fb4-9d91-00d1b140a692 774424232dbc41d7a9c79d883e3d5e3b 787bf98b46c0473391fe7975bcc46a47 - - default default] 10.0.0.106 "GET /v2.0/routers/7a3d61b7-79d0-478a-9b0e-0d3cf24daec5 HTTP/1.1" status: 200 len: 872 time: 0.0757942
2026-07-01 02:01:01.251 10 INFO neutron.db.ovn_revision_numbers_db [None req-3dad69e4-4100-48eb-9349-9be952466979 57880ae6fa834c0cb2ec94c5fa286aee 29ed25ada14c4ab4a263e6ec8667d934 - - default default] Successfully bumped revision number for resource ed00efe4-8f74-4a8f-bebd-693e9cb0de23 (type: security_group_rules) to 0
2026-07-01 02:01:01.277 10 INFO neutron.db.ovn_revision_numbers_db [None req-3dad69e4-4100-48eb-9349-9be952466979 57880ae6fa834c0cb2ec94c5fa286aee 29ed25ada14c4ab4a263e6ec8667d934 - - default default] Successfully bumped revision number for resource ed8710d6-d9e7-4653-9beb-a1f2ad1b1389 (type: security_group_rules) to 0
2026-07-01 02:01:01.297 10 INFO neutron.db.ovn_revision_numbers_db [None req-3dad69e4-4100-48eb-9349-9be952466979 57880ae6fa834c0cb2ec94c5fa286aee 29ed25ada14c4ab4a263e6ec8667d934 - - default default] Successfully bumped revision number for resource f4090d83-741d-471c-b700-d2e1023636be (type: security_group_rules) to 0
2026-07-01 02:01:01.318 10 INFO neutron.wsgi [None req-3dad69e4-4100-48eb-9349-9be952466979 57880ae6fa834c0cb2ec94c5fa286aee 29ed25ada14c4ab4a263e6ec8667d934 - - default default] 10.0.0.106 "GET /v2.0/security-groups?tenant_id=6465a806f94f404181e93a52cf7f6d15&name=default HTTP/1.1" status: 200 len: 2996 time: 0.4974279
2026-07-01 02:01:01.370 9 INFO neutron.wsgi [None req-996e5d65-f2b5-491a-a066-7d99d39f5a2f 774424232dbc41d7a9c79d883e3d5e3b 787bf98b46c0473391fe7975bcc46a47 - - default default] 10.0.0.106 "GET /v2.0/routers HTTP/1.1" status: 200 len: 875 time: 0.1176436
2026-07-01 02:01:01.502 10 INFO neutron.wsgi [None req-d9d062b2-14fb-4886-a9d7-1f4062484458 57880ae6fa834c0cb2ec94c5fa286aee 29ed25ada14c4ab4a263e6ec8667d934 - - default default] 10.0.0.106 "DELETE /v2.0/security-groups/32015571-76ae-4f81-b586-717f626cb859 HTTP/1.1" status: 204 len: 168 time: 0.1804075
2026-07-01 02:01:01.785 9 INFO neutron.db.ovn_revision_numbers_db [None req-ea259a4b-32d6-4a0c-af4a-b38584800dd2 774424232dbc41d7a9c79d883e3d5e3b 787bf98b46c0473391fe7975bcc46a47 - - default default] Successfully bumped revision number for resource 7a3d61b7-79d0-478a-9b0e-0d3cf24daec5 (type: routers) to 3
2026-07-01 02:01:01.791 9 INFO neutron.wsgi [None req-ea259a4b-32d6-4a0c-af4a-b38584800dd2 774424232dbc41d7a9c79d883e3d5e3b 787bf98b46c0473391fe7975bcc46a47 - - default default] 10.0.0.106 "PUT /v2.0/routers/7a3d61b7-79d0-478a-9b0e-0d3cf24daec5 HTTP/1.1" status: 200 len: 879 time: 0.4130750
2026-07-01 02:01:01.856 9 INFO neutron.wsgi [None req-bba8a399-7563-413a-b226-581c3748f3b9 774424232dbc41d7a9c79d883e3d5e3b 787bf98b46c0473391fe7975bcc46a47 - - default default] 10.0.0.106 "GET /v2.0/routers/7a3d61b7-79d0-478a-9b0e-0d3cf24daec5 HTTP/1.1" status: 200 len: 879 time: 0.0603418
2026-07-01 02:01:01.879 9 INFO neutron.wsgi [None req-6f7c6968-0d22-48bc-9248-80d0098e8098 774424232dbc41d7a9c79d883e3d5e3b 787bf98b46c0473391fe7975bcc46a47 - - default default] 10.0.0.106 "GET /v2.0/ports?device_id=7a3d61b7-79d0-478a-9b0e-0d3cf24daec5 HTTP/1.1" status: 200 len: 205 time: 0.0174251
2026-07-01 02:01:02.459 10 WARNING neutron.plugins.ml2.drivers.ovn.mech_driver.ovsdb.ovn_client [None req-ab9e2713-dbcd-4ec7-86b9-bb03792ba8c2 - - - - - -] No port found with ID 79a4630b-c634-46fc-a032-e34a90bdfc72: RuntimeError: No port found with ID 79a4630b-c634-46fc-a032-e34a90bdfc72
2026-07-01 02:01:02.541 9 INFO neutron.wsgi [None req-b4cc93cd-f2a7-447f-9b3c-49db70f09d96 774424232dbc41d7a9c79d883e3d5e3b 787bf98b46c0473391fe7975bcc46a47 - - default default] 10.0.0.106 "DELETE /v2.0/routers/7a3d61b7-79d0-478a-9b0e-0d3cf24daec5 HTTP/1.1" status: 204 len: 168 time: 0.6582794
2026-07-01 02:01:02.571 9 INFO neutron.wsgi [None req-551da198-b278-47ac-bd62-a2bb58710f43 774424232dbc41d7a9c79d883e3d5e3b 787bf98b46c0473391fe7975bcc46a47 - - default default] 10.0.0.106 "GET /v2.0/ports?device_id=7a3d61b7-79d0-478a-9b0e-0d3cf24daec5 HTTP/1.1" status: 200 len: 205 time: 0.0234261
2026-07-01 02:01:02.598 9 INFO neutron.api.v2.resource [None req-19283a4c-3a61-4587-b7ea-5a0b0704e35a 774424232dbc41d7a9c79d883e3d5e3b 787bf98b46c0473391fe7975bcc46a47 - - default default] delete failed (client error): The resource could not be found.
2026-07-01 02:01:02.599 9 INFO neutron.wsgi [None req-19283a4c-3a61-4587-b7ea-5a0b0704e35a 774424232dbc41d7a9c79d883e3d5e3b 787bf98b46c0473391fe7975bcc46a47 - - default default] 10.0.0.106 "DELETE /v2.0/routers/7a3d61b7-79d0-478a-9b0e-0d3cf24daec5 HTTP/1.1" status: 404 len: 336 time: 0.0234504
2026-07-01 02:01:02.628 9 INFO neutron.wsgi [None req-39d4e6de-f797-429b-81bd-25dafb35c8f3 774424232dbc41d7a9c79d883e3d5e3b 787bf98b46c0473391fe7975bcc46a47 - - default default] 10.0.0.106 "GET /v2.0/ports?device_id=b81d304e-63a1-4e17-9590-1cda5d681405 HTTP/1.1" status: 200 len: 205 time: 0.0211344
2026-07-01 02:01:02.654 9 INFO neutron.api.v2.resource [None req-f71976f9-8d1b-45c5-bcc0-553f774764a4 774424232dbc41d7a9c79d883e3d5e3b 787bf98b46c0473391fe7975bcc46a47 - - default default] delete failed (client error): The resource could not be found.
2026-07-01 02:01:02.655 9 INFO neutron.wsgi [None req-f71976f9-8d1b-45c5-bcc0-553f774764a4 774424232dbc41d7a9c79d883e3d5e3b 787bf98b46c0473391fe7975bcc46a47 - - default default] 10.0.0.106 "DELETE /v2.0/routers/b81d304e-63a1-4e17-9590-1cda5d681405 HTTP/1.1" status: 404 len: 336 time: 0.0220807
2026-07-01 02:01:02.681 9 INFO neutron.pecan_wsgi.hooks.translation [None req-db6c111b-7752-4420-a5bf-c9c24e8e17f0 774424232dbc41d7a9c79d883e3d5e3b 787bf98b46c0473391fe7975bcc46a47 - - default default] DELETE failed (client error): The resource could not be found.
2026-07-01 02:01:02.683 9 INFO neutron.wsgi [None req-db6c111b-7752-4420-a5bf-c9c24e8e17f0 774424232dbc41d7a9c79d883e3d5e3b 787bf98b46c0473391fe7975bcc46a47 - - default default] 10.0.0.106 "DELETE /v2.0/subnets/d4bf3bac-474e-461c-ad0b-d818f8cb8fe3 HTTP/1.1" status: 404 len: 337 time: 0.0173171
2026-07-01 02:01:02.706 9 INFO neutron.wsgi [None req-f19913bd-5142-4bd8-8f7c-8d3789f44879 774424232dbc41d7a9c79d883e3d5e3b 787bf98b46c0473391fe7975bcc46a47 - - default default] 10.0.0.106 "GET /v2.0/ports?device_id=5c1e9773-2317-4a67-aef1-576fddae113e HTTP/1.1" status: 200 len: 205 time: 0.0189898
2026-07-01 02:01:02.729 9 INFO neutron.api.v2.resource [None req-a41be578-cc2e-433a-a791-fc061e3c2289 774424232dbc41d7a9c79d883e3d5e3b 787bf98b46c0473391fe7975bcc46a47 - - default default] delete failed (client error): The resource could not be found.
2026-07-01 02:01:02.731 9 INFO neutron.wsgi [None req-a41be578-cc2e-433a-a791-fc061e3c2289 774424232dbc41d7a9c79d883e3d5e3b 787bf98b46c0473391fe7975bcc46a47 - - default default] 10.0.0.106 "DELETE /v2.0/routers/5c1e9773-2317-4a67-aef1-576fddae113e HTTP/1.1" status: 404 len: 336 time: 0.0207038
2026-07-01 02:01:02.748 9 INFO neutron.pecan_wsgi.hooks.translation [None req-7505e4aa-ec25-4f8f-80c4-7e3ad292de67 774424232dbc41d7a9c79d883e3d5e3b 787bf98b46c0473391fe7975bcc46a47 - - default default] DELETE failed (client error): The resource could not be found.
2026-07-01 02:01:02.751 9 INFO neutron.wsgi [None req-7505e4aa-ec25-4f8f-80c4-7e3ad292de67 774424232dbc41d7a9c79d883e3d5e3b 787bf98b46c0473391fe7975bcc46a47 - - default default] 10.0.0.106 "DELETE /v2.0/subnets/85977862-b9f2-4750-b516-0d6563e675ec HTTP/1.1" status: 404 len: 337 time: 0.0167105
2026-07-01 02:01:02.775 9 INFO neutron.wsgi [None req-4ed00be4-3650-4d02-ada0-26a06f1a9dff 774424232dbc41d7a9c79d883e3d5e3b 787bf98b46c0473391fe7975bcc46a47 - - default default] 10.0.0.106 "GET /v2.0/ports?device_id=3fe7fb6e-9043-4cc7-a325-843f18621a15 HTTP/1.1" status: 200 len: 205 time: 0.0174727
2026-07-01 02:01:02.799 9 INFO neutron.api.v2.resource [None req-fb2dafd6-ebc7-4d73-a1bb-e67067d05f3c 774424232dbc41d7a9c79d883e3d5e3b 787bf98b46c0473391fe7975bcc46a47 - - default default] delete failed (client error): The resource could not be found.
2026-07-01 02:01:02.800 9 INFO neutron.wsgi [None req-fb2dafd6-ebc7-4d73-a1bb-e67067d05f3c 774424232dbc41d7a9c79d883e3d5e3b 787bf98b46c0473391fe7975bcc46a47 - - default default] 10.0.0.106 "DELETE /v2.0/routers/3fe7fb6e-9043-4cc7-a325-843f18621a15 HTTP/1.1" status: 404 len: 336 time: 0.0207224
2026-07-01 02:01:02.822 9 INFO neutron.pecan_wsgi.hooks.translation [None req-e3c3a6b4-07ac-4e58-872c-c774adc5d617 774424232dbc41d7a9c79d883e3d5e3b 787bf98b46c0473391fe7975bcc46a47 - - default default] DELETE failed (client error): The resource could not be found.
2026-07-01 02:01:02.824 9 INFO neutron.wsgi [None req-e3c3a6b4-07ac-4e58-872c-c774adc5d617 774424232dbc41d7a9c79d883e3d5e3b 787bf98b46c0473391fe7975bcc46a47 - - default default] 10.0.0.106 "DELETE /v2.0/subnets/11b8684e-a4bd-4077-94f5-fff71d1f880e HTTP/1.1" status: 404 len: 337 time: 0.0200224
2026-07-01 02:01:03.064 9 INFO neutron.pecan_wsgi.hooks.translation [None req-1ca2c2ff-887e-4045-8778-bcf867ccc240 774424232dbc41d7a9c79d883e3d5e3b 787bf98b46c0473391fe7975bcc46a47 - - default default] DELETE failed (client error): The resource could not be found.
2026-07-01 02:01:03.068 9 INFO neutron.wsgi [None req-1ca2c2ff-887e-4045-8778-bcf867ccc240 774424232dbc41d7a9c79d883e3d5e3b 787bf98b46c0473391fe7975bcc46a47 - - default default] 10.0.0.106 "DELETE /v2.0/subnets/23b1173d-5a8c-418e-88fc-3104756b7aeb HTTP/1.1" status: 404 len: 337 time: 0.2388668
2026-07-01 02:01:03.664 10 INFO neutron.db.ovn_revision_numbers_db [None req-850287b4-034d-44f9-98f6-58075b7ea394 466a01ceaae64b4e9412079ebf6182e8 8c42b90be51146ba930eb5aac298a5c1 - - default default] Successfully bumped revision number for resource 125aaf17-55e4-4245-8173-df84b0c9eccf (type: security_groups) to 1
2026-07-01 02:01:03.687 10 INFO neutron.db.ovn_revision_numbers_db [None req-850287b4-034d-44f9-98f6-58075b7ea394 466a01ceaae64b4e9412079ebf6182e8 8c42b90be51146ba930eb5aac298a5c1 - - default default] Successfully bumped revision number for resource 04c02243-51e8-4145-9db3-8b8b010ead1d (type: security_group_rules) to 0
2026-07-01 02:01:03.708 10 INFO neutron.db.ovn_revision_numbers_db [None req-850287b4-034d-44f9-98f6-58075b7ea394 466a01ceaae64b4e9412079ebf6182e8 8c42b90be51146ba930eb5aac298a5c1 - - default default] Successfully bumped revision number for resource 6f4585cb-97fc-46fc-b39b-9b0ff09a365d (type: security_group_rules) to 0
2026-07-01 02:01:03.723 9 INFO neutron.db.ovn_revision_numbers_db [None req-dde9bf7f-cf86-483d-9502-cff8293f3448 57880ae6fa834c0cb2ec94c5fa286aee 29ed25ada14c4ab4a263e6ec8667d934 - - default default] Successfully bumped revision number for resource 64b76abe-f1f4-4545-95c0-572ec38a9886 (type: security_groups) to 1
2026-07-01 02:01:03.730 10 INFO neutron.db.ovn_revision_numbers_db [None req-850287b4-034d-44f9-98f6-58075b7ea394 466a01ceaae64b4e9412079ebf6182e8 8c42b90be51146ba930eb5aac298a5c1 - - default default] Successfully bumped revision number for resource 97241bdf-8937-458e-bf26-447d25be855b (type: security_group_rules) to 0
2026-07-01 02:01:03.737 10 INFO neutron.wsgi [None req-7f6cf071-4411-4eea-9b80-00981dfb2c14 57880ae6fa834c0cb2ec94c5fa286aee 29ed25ada14c4ab4a263e6ec8667d934 - - default default] 10.0.0.106 "GET /v2.0/security-groups?tenant_id=787bf98b46c0473391fe7975bcc46a47&name=default HTTP/1.1" status: 200 len: 2996 time: 0.0700617
2026-07-01 02:01:03.737 9 INFO neutron.db.ovn_revision_numbers_db [None req-dde9bf7f-cf86-483d-9502-cff8293f3448 57880ae6fa834c0cb2ec94c5fa286aee 29ed25ada14c4ab4a263e6ec8667d934 - - default default] Successfully bumped revision number for resource 31d13fc1-7182-4e48-ae67-9458823994cb (type: security_group_rules) to 0
2026-07-01 02:01:03.755 10 INFO neutron.db.ovn_revision_numbers_db [None req-850287b4-034d-44f9-98f6-58075b7ea394 466a01ceaae64b4e9412079ebf6182e8 8c42b90be51146ba930eb5aac298a5c1 - - default default] Successfully bumped revision number for resource bb0f588a-eeaf-45ab-a35a-1bba18994eaa (type: security_group_rules) to 0
2026-07-01 02:01:03.756 9 INFO neutron.db.ovn_revision_numbers_db [None req-dde9bf7f-cf86-483d-9502-cff8293f3448 57880ae6fa834c0cb2ec94c5fa286aee 29ed25ada14c4ab4a263e6ec8667d934 - - default default] Successfully bumped revision number for resource 46024837-a1c8-4cb7-97f9-6dd2d4fc961c (type: security_group_rules) to 0
2026-07-01 02:01:03.773 9 INFO neutron.db.ovn_revision_numbers_db [None req-dde9bf7f-cf86-483d-9502-cff8293f3448 57880ae6fa834c0cb2ec94c5fa286aee 29ed25ada14c4ab4a263e6ec8667d934 - - default default] Successfully bumped revision number for resource b3201539-ed6a-45f2-a80e-dc6313435aff (type: security_group_rules) to 0
2026-07-01 02:01:03.790 9 INFO neutron.db.ovn_revision_numbers_db [None req-dde9bf7f-cf86-483d-9502-cff8293f3448 57880ae6fa834c0cb2ec94c5fa286aee 29ed25ada14c4ab4a263e6ec8667d934 - - default default] Successfully bumped revision number for resource b9a1fe74-1384-44e4-9df0-b38d063dbe81 (type: security_group_rules) to 0
2026-07-01 02:01:03.810 9 INFO neutron.wsgi [None req-dde9bf7f-cf86-483d-9502-cff8293f3448 57880ae6fa834c0cb2ec94c5fa286aee 29ed25ada14c4ab4a263e6ec8667d934 - - default default] 10.0.0.106 "GET /v2.0/security-groups?tenant_id=887f658bf0aa4ea9aeb0aafdf21dab7e&name=default HTTP/1.1" status: 200 len: 2996 time: 0.3174717
2026-07-01 02:01:03.813 10 INFO neutron.db.segments_db [None req-850287b4-034d-44f9-98f6-58075b7ea394 466a01ceaae64b4e9412079ebf6182e8 8c42b90be51146ba930eb5aac298a5c1 - - default default] Added segment 47b5904a-41ec-4a9b-a618-f36e5cc0840d of type geneve for network 6bce6c22-cea1-494a-87d8-9b52a2340925
2026-07-01 02:01:04.000 10 INFO neutron.db.ovn_revision_numbers_db [None req-850287b4-034d-44f9-98f6-58075b7ea394 466a01ceaae64b4e9412079ebf6182e8 8c42b90be51146ba930eb5aac298a5c1 - - default default] Successfully bumped revision number for resource 6bce6c22-cea1-494a-87d8-9b52a2340925 (type: networks) to 1
2026-07-01 02:01:04.078 10 INFO neutron.wsgi [None req-e384cec3-2419-4bca-8de3-569890b130bc 57880ae6fa834c0cb2ec94c5fa286aee 29ed25ada14c4ab4a263e6ec8667d934 - - default default] 10.0.0.106 "DELETE /v2.0/security-groups/d579c58d-8469-432d-8972-efd7428acbf6 HTTP/1.1" status: 204 len: 168 time: 0.3347790
2026-07-01 02:01:04.196 10 INFO neutron.wsgi [None req-081ba0f6-7e61-4b2e-a167-3f95ba165f50 57880ae6fa834c0cb2ec94c5fa286aee 29ed25ada14c4ab4a263e6ec8667d934 - - default default] 10.0.0.106 "DELETE /v2.0/security-groups/64b76abe-f1f4-4545-95c0-572ec38a9886 HTTP/1.1" status: 204 len: 168 time: 0.3817093
2026-07-01 02:01:04.221 10 WARNING neutron.scheduler.dhcp_agent_scheduler [None req-850287b4-034d-44f9-98f6-58075b7ea394 466a01ceaae64b4e9412079ebf6182e8 8c42b90be51146ba930eb5aac298a5c1 - - default default] No more DHCP agents
2026-07-01 02:01:04.224 10 WARNING neutron.api.rpc.agentnotifiers.dhcp_rpc_agent_api [None req-850287b4-034d-44f9-98f6-58075b7ea394 466a01ceaae64b4e9412079ebf6182e8 8c42b90be51146ba930eb5aac298a5c1 - - default default] Unable to schedule network 6bce6c22-cea1-494a-87d8-9b52a2340925: no agents available; will retry on subsequent port and subnet creation events.
2026-07-01 02:01:04.312 10 INFO neutron.db.ovn_revision_numbers_db [None req-850287b4-034d-44f9-98f6-58075b7ea394 466a01ceaae64b4e9412079ebf6182e8 8c42b90be51146ba930eb5aac298a5c1 - - default default] Successfully bumped revision number for resource 40ea7509-4147-4e33-a3ae-f1d8d7557dbf (type: ports) to 1
2026-07-01 02:01:04.339 10 INFO neutron.wsgi [None req-850287b4-034d-44f9-98f6-58075b7ea394 466a01ceaae64b4e9412079ebf6182e8 8c42b90be51146ba930eb5aac298a5c1 - - default default] 10.0.0.106 "POST /v2.0/networks HTTP/1.1" status: 201 len: 847 time: 1.0915148
2026-07-01 02:01:04.617 9 INFO neutron.wsgi [req-7f3b0a6b-055c-4720-8621-71bcafd811f4 req-5b1d204b-42d6-4da8-8381-ca811b20fd32 1bf564391d864b4c8d87f4b017499896 c343694f369b4cea82c53c51132402b3 - - default default] 10.0.0.77 "GET /v2.0/ports?device_id=33dff4df-6b20-4f97-ad02-58442fa49004 HTTP/1.1" status: 200 len: 1170 time: 0.0860937
2026-07-01 02:01:04.662 9 INFO neutron.wsgi [req-7f3b0a6b-055c-4720-8621-71bcafd811f4 req-bbeae0c2-2b44-430a-bbf0-f431f2680a2e 1bf564391d864b4c8d87f4b017499896 c343694f369b4cea82c53c51132402b3 - - default default] 10.0.0.77 "GET /v2.0/security-groups?id=376d5113-1b61-40e4-bebc-c987c075444b&fields=id&fields=name HTTP/1.1" status: 200 len: 313 time: 0.0398622
2026-07-01 02:01:05.650 9 INFO neutron.wsgi [None req-6518a1cc-4400-4c18-8ee3-01a175b46c87 57880ae6fa834c0cb2ec94c5fa286aee 29ed25ada14c4ab4a263e6ec8667d934 - - default default] 10.0.0.205 "GET /v2.0/network-ip-availabilities HTTP/1.1" status: 200 len: 2040 time: 0.1044993
2026-07-01 02:01:05.695 9 INFO neutron.wsgi [None req-6a9623b7-f11e-4a1e-84dd-ee7b5b29713c 57880ae6fa834c0cb2ec94c5fa286aee 29ed25ada14c4ab4a263e6ec8667d934 - - default default] 10.0.0.205 "GET /v2.0/floatingips HTTP/1.1" status: 200 len: 1035 time: 0.0437243
2026-07-01 02:01:05.761 9 INFO neutron.wsgi [None req-c006eb12-0845-480a-8af0-6845de000710 57880ae6fa834c0cb2ec94c5fa286aee 29ed25ada14c4ab4a263e6ec8667d934 - - default default] 10.0.0.205 "GET /v2.0/security-groups HTTP/1.1" status: 200 len: 25104 time: 0.0642331
2026-07-01 02:01:05.814 9 INFO neutron.wsgi [None req-8b0fdf83-aff2-454f-8e5f-585ba1b1c388 57880ae6fa834c0cb2ec94c5fa286aee 29ed25ada14c4ab4a263e6ec8667d934 - - default default] 10.0.0.205 "GET /v2.0/ports HTTP/1.1" status: 200 len: 11645 time: 0.0426323
2026-07-01 02:01:05.886 9 INFO neutron.wsgi [None req-4c3ed521-6012-40d0-8a54-879f2f49a8b0 57880ae6fa834c0cb2ec94c5fa286aee 29ed25ada14c4ab4a263e6ec8667d934 - - default default] 10.0.0.205 "GET /v2.0/networks HTTP/1.1" status: 200 len: 3831 time: 0.0636501
2026-07-01 02:01:05.957 9 INFO neutron.wsgi [None req-878bb521-9f88-4b2e-ad36-0e80be7780dc 57880ae6fa834c0cb2ec94c5fa286aee 29ed25ada14c4ab4a263e6ec8667d934 - - default default] 10.0.0.205 "GET /v2.0/routers HTTP/1.1" status: 200 len: 861 time: 0.0684118
2026-07-01 02:01:05.966 9 WARNING neutron.plugins.ml2.drivers.ovn.mech_driver.ovsdb.ovn_client [None req-ab9d32e5-980d-440c-9279-1db8e8ddc9a1 - - - - - -] No port found with ID 2ceb315d-fdaf-46b5-8884-8d557bcb11bd: RuntimeError: No port found with ID 2ceb315d-fdaf-46b5-8884-8d557bcb11bd
2026-07-01 02:01:05.975 9 INFO neutron.wsgi [None req-572b0ca5-391a-4309-9a20-7f5ea21d27fd 57880ae6fa834c0cb2ec94c5fa286aee 29ed25ada14c4ab4a263e6ec8667d934 - - default default] 10.0.0.205 "GET /v2.0/agents?binary=ovn-controller HTTP/1.1" status: 200 len: 591 time: 0.0123150
2026-07-01 02:01:05.986 9 INFO neutron.wsgi [None req-28e4fcbf-823f-4966-afe2-87ef691810d0 57880ae6fa834c0cb2ec94c5fa286aee 29ed25ada14c4ab4a263e6ec8667d934 - - default default] 10.0.0.205 "GET /v2.0/agents HTTP/1.1" status: 200 len: 997 time: 0.0091760
2026-07-01 02:01:06.016 9 INFO neutron.wsgi [None req-d9d13e1e-41ed-403d-b3a5-8ad4e301c4e6 57880ae6fa834c0cb2ec94c5fa286aee 29ed25ada14c4ab4a263e6ec8667d934 - - default default] 10.0.0.205 "GET /v2.0/subnets HTTP/1.1" status: 200 len: 2093 time: 0.0288494
2026-07-01 02:01:06.025 9 INFO neutron.wsgi [None req-42216ccf-77bd-4c06-8e2e-427484eea5f7 57880ae6fa834c0cb2ec94c5fa286aee 29ed25ada14c4ab4a263e6ec8667d934 - - default default] 10.0.0.205 "GET /v2.0/subnetpools HTTP/1.1" status: 200 len: 193 time: 0.0075212
2026-07-01 02:01:06.053 9 INFO neutron.wsgi [None req-c198d01b-02b0-4442-b276-5f4b35e3c644 57880ae6fa834c0cb2ec94c5fa286aee 29ed25ada14c4ab4a263e6ec8667d934 - - default default] 10.0.0.205 "GET /v2.0/subnets HTTP/1.1" status: 200 len: 2093 time: 0.0280466
2026-07-01 02:01:09.488 10 INFO neutron.wsgi [-] 10.0.0.42 "GET / HTTP/1.1" status: 200 len: 247 time: 0.0027149
2026-07-01 02:01:09.489 9 INFO neutron.wsgi [-] 10.0.0.42 "GET / HTTP/1.1" status: 200 len: 247 time: 0.0036407
2026-07-01 02:01:11.188 9 INFO neutron.wsgi [req-95637ebd-e3a3-4787-a8ea-0728d81dfb8a req-d7d5f5d1-ea1f-4ee3-b830-e9443938a08a d78c6ffc63e14fc1a6d0cadc9ffeedf4 5505ac35fe4042c295b8fcd48b6a3b49 - - 5405da94dae646ca878ea16edcbf95e5 5405da94dae646ca878ea16edcbf95e5] 199.204.45.169 "GET /v2.0/ports?device_id=33dff4df-6b20-4f97-ad02-58442fa49004&fields=binding%3Ahost_id&fields=binding%3Avif_type HTTP/1.1" status: 200 len: 265 time: 0.0441241
2026-07-01 02:01:11.257 9 INFO neutron.wsgi [req-95637ebd-e3a3-4787-a8ea-0728d81dfb8a req-b3b52984-7e42-4f62-b796-cbcd1807507e d78c6ffc63e14fc1a6d0cadc9ffeedf4 5505ac35fe4042c295b8fcd48b6a3b49 - - 5405da94dae646ca878ea16edcbf95e5 5405da94dae646ca878ea16edcbf95e5] 199.204.45.169 "GET /v2.0/ports?tenant_id=c343694f369b4cea82c53c51132402b3&device_id=33dff4df-6b20-4f97-ad02-58442fa49004 HTTP/1.1" status: 200 len: 1409 time: 0.0336823
2026-07-01 02:01:11.332 9 INFO neutron.wsgi [req-95637ebd-e3a3-4787-a8ea-0728d81dfb8a req-79ff9862-6f20-42a0-9d7b-e303a6675845 d78c6ffc63e14fc1a6d0cadc9ffeedf4 5505ac35fe4042c295b8fcd48b6a3b49 - - 5405da94dae646ca878ea16edcbf95e5 5405da94dae646ca878ea16edcbf95e5] 199.204.45.169 "GET /v2.0/networks?id=7d9b245e-37c3-4947-b680-4cdc073764f7 HTTP/1.1" status: 200 len: 972 time: 0.0576050
2026-07-01 02:01:11.377 9 INFO neutron.wsgi [req-95637ebd-e3a3-4787-a8ea-0728d81dfb8a req-eb8ef230-8b86-44b1-8303-abc43fd60148 d78c6ffc63e14fc1a6d0cadc9ffeedf4 5505ac35fe4042c295b8fcd48b6a3b49 - - 5405da94dae646ca878ea16edcbf95e5 5405da94dae646ca878ea16edcbf95e5] 199.204.45.169 "GET /v2.0/floatingips?fixed_ip_address=10.100.0.3&port_id=7230f12d-a5e2-499e-b10f-3261dd59bb21 HTTP/1.1" status: 200 len: 1059 time: 0.0378425
2026-07-01 02:01:11.410 9 INFO neutron.wsgi [req-95637ebd-e3a3-4787-a8ea-0728d81dfb8a req-98b07188-1454-4488-ae69-d07ef4808de0 d78c6ffc63e14fc1a6d0cadc9ffeedf4 5505ac35fe4042c295b8fcd48b6a3b49 - - 5405da94dae646ca878ea16edcbf95e5 5405da94dae646ca878ea16edcbf95e5] 199.204.45.169 "GET /v2.0/subnets?id=20d589ae-4e5c-4a67-9183-234d90664a6d HTTP/1.1" status: 200 len: 868 time: 0.0274985
2026-07-01 02:01:11.433 9 INFO neutron.wsgi [req-95637ebd-e3a3-4787-a8ea-0728d81dfb8a req-7a929aa1-2411-4e12-88bf-3781dce43367 d78c6ffc63e14fc1a6d0cadc9ffeedf4 5505ac35fe4042c295b8fcd48b6a3b49 - - 5405da94dae646ca878ea16edcbf95e5 5405da94dae646ca878ea16edcbf95e5] 199.204.45.169 "GET /v2.0/ports?network_id=7d9b245e-37c3-4947-b680-4cdc073764f7&device_owner=network%3Adhcp HTTP/1.1" status: 200 len: 210 time: 0.0155139
2026-07-01 02:01:11.488 9 INFO neutron.wsgi [req-95637ebd-e3a3-4787-a8ea-0728d81dfb8a req-3c308674-41da-4258-9bf8-f1630a893705 d78c6ffc63e14fc1a6d0cadc9ffeedf4 5505ac35fe4042c295b8fcd48b6a3b49 - - 5405da94dae646ca878ea16edcbf95e5 5405da94dae646ca878ea16edcbf95e5] 199.204.45.169 "GET /v2.0/networks/7d9b245e-37c3-4947-b680-4cdc073764f7?fields=segments HTTP/1.1" status: 200 len: 212 time: 0.0507720
2026-07-01 02:01:11.546 9 INFO neutron.wsgi [req-95637ebd-e3a3-4787-a8ea-0728d81dfb8a req-7fe5e87a-42e8-416d-9916-b0234c61f7e4 d78c6ffc63e14fc1a6d0cadc9ffeedf4 5505ac35fe4042c295b8fcd48b6a3b49 - - 5405da94dae646ca878ea16edcbf95e5 5405da94dae646ca878ea16edcbf95e5] 199.204.45.169 "GET /v2.0/networks/7d9b245e-37c3-4947-b680-4cdc073764f7?fields=provider%3Aphysical_network&fields=provider%3Anetwork_type HTTP/1.1" status: 200 len: 277 time: 0.0515423
2026-07-01 02:01:24.487 9 INFO neutron.wsgi [-] 10.0.0.42 "GET / HTTP/1.1" status: 200 len: 247 time: 0.0024014
2026-07-01 02:01:24.487 10 INFO neutron.wsgi [-] 10.0.0.42 "GET / HTTP/1.1" status: 200 len: 247 time: 0.0024970
2026-07-01 02:01:31.545 9 INFO neutron.db.ovn_revision_numbers_db [None req-23ddfaaa-db43-4715-95da-72620c717080 57880ae6fa834c0cb2ec94c5fa286aee 29ed25ada14c4ab4a263e6ec8667d934 - - default default] Successfully bumped revision number for resource 369dec41-f332-44ff-88be-028deda43bd4 (type: security_groups) to 1
2026-07-01 02:01:31.709 9 INFO neutron.plugins.ml2.drivers.ovn.mech_driver.mech_driver [None req-ab9d32e5-980d-440c-9279-1db8e8ddc9a1 - - - - - -] OVN reports status down for port: 7230f12d-a5e2-499e-b10f-3261dd59bb21
2026-07-01 02:01:31.727 9 INFO neutron.db.ovn_revision_numbers_db [None req-23ddfaaa-db43-4715-95da-72620c717080 57880ae6fa834c0cb2ec94c5fa286aee 29ed25ada14c4ab4a263e6ec8667d934 - - default default] Successfully bumped revision number for resource 11f776ae-39b5-4aba-95d7-9c6dbe087d46 (type: security_group_rules) to 0
2026-07-01 02:01:31.826 10 WARNING neutron.scheduler.dhcp_agent_scheduler [None req-ec082af8-255d-4e0a-8859-2ed68c560f33 466a01ceaae64b4e9412079ebf6182e8 8c42b90be51146ba930eb5aac298a5c1 - - default default] No more DHCP agents
2026-07-01 02:01:31.829 10 WARNING neutron.api.rpc.agentnotifiers.dhcp_rpc_agent_api [None req-ec082af8-255d-4e0a-8859-2ed68c560f33 466a01ceaae64b4e9412079ebf6182e8 8c42b90be51146ba930eb5aac298a5c1 - - default default] Unable to schedule network 6bce6c22-cea1-494a-87d8-9b52a2340925: no agents available; will retry on subsequent port and subnet creation events.
2026-07-01 02:01:31.866 9 INFO neutron.db.ovn_revision_numbers_db [None req-23ddfaaa-db43-4715-95da-72620c717080 57880ae6fa834c0cb2ec94c5fa286aee 29ed25ada14c4ab4a263e6ec8667d934 - - default default] Successfully bumped revision number for resource 420dc709-efb4-4c1f-8245-cddbb39dd444 (type: security_group_rules) to 0
2026-07-01 02:01:31.949 9 INFO neutron.wsgi [req-b07c3f54-ee8d-4565-ba7f-3f8f16ef2c83 req-5b5db38b-7ae5-4a92-a5bf-6ff94708b861 1bf564391d864b4c8d87f4b017499896 c343694f369b4cea82c53c51132402b3 - - default default] 10.0.0.77 "GET /v2.0/ports?device_id=33dff4df-6b20-4f97-ad02-58442fa49004 HTTP/1.1" status: 200 len: 1170 time: 0.1619718
2026-07-01 02:01:32.016 10 INFO neutron.db.ovn_revision_numbers_db [None req-ec082af8-255d-4e0a-8859-2ed68c560f33 466a01ceaae64b4e9412079ebf6182e8 8c42b90be51146ba930eb5aac298a5c1 - - default default] Successfully bumped revision number for resource d28d7c67-9a14-4cc6-8962-e98505c075c0 (type: subnets) to 0
2026-07-01 02:01:32.032 9 INFO neutron.notifiers.nova [-] Nova event matching ['req-58319680-f003-4463-8f49-1e7bc549592e'] response: {'server_uuid': '33dff4df-6b20-4f97-ad02-58442fa49004', 'name': 'network-vif-unplugged', 'status': 'completed', 'tag': '7230f12d-a5e2-499e-b10f-3261dd59bb21', 'code': 200}
2026-07-01 02:01:32.038 9 INFO neutron.wsgi [req-b07c3f54-ee8d-4565-ba7f-3f8f16ef2c83 req-0868d8c0-7341-43da-a4d6-5763919b2f21 1bf564391d864b4c8d87f4b017499896 c343694f369b4cea82c53c51132402b3 - - default default] 10.0.0.77 "GET /v2.0/security-groups?id=376d5113-1b61-40e4-bebc-c987c075444b&fields=id&fields=name HTTP/1.1" status: 200 len: 313 time: 0.0833342
2026-07-01 02:01:32.105 9 INFO neutron.db.ovn_revision_numbers_db [None req-23ddfaaa-db43-4715-95da-72620c717080 57880ae6fa834c0cb2ec94c5fa286aee 29ed25ada14c4ab4a263e6ec8667d934 - - default default] Successfully bumped revision number for resource 88b70055-1f59-4c2c-921b-2205e6555c54 (type: security_group_rules) to 0
2026-07-01 02:01:32.217 10 INFO neutron.wsgi [None req-ec082af8-255d-4e0a-8859-2ed68c560f33 466a01ceaae64b4e9412079ebf6182e8 8c42b90be51146ba930eb5aac298a5c1 - - default default] 10.0.0.106 "POST /v2.0/subnets HTTP/1.1" status: 201 len: 848 time: 27.3122649
2026-07-01 02:01:32.296 9 INFO neutron.db.ovn_revision_numbers_db [None req-23ddfaaa-db43-4715-95da-72620c717080 57880ae6fa834c0cb2ec94c5fa286aee 29ed25ada14c4ab4a263e6ec8667d934 - - default default] Successfully bumped revision number for resource dc7d973a-9826-4632-b26f-f7d9c853cb8a (type: security_group_rules) to 0
2026-07-01 02:01:32.343 9 INFO neutron.wsgi [None req-23ddfaaa-db43-4715-95da-72620c717080 57880ae6fa834c0cb2ec94c5fa286aee 29ed25ada14c4ab4a263e6ec8667d934 - - default default] 10.0.0.106 "GET /v2.0/security-groups?tenant_id=54467953ac7b4494be0d4d505f92e972&name=default HTTP/1.1" status: 200 len: 2996 time: 28.0220470
2026-07-01 02:01:32.355 9 INFO neutron.db.ovn_revision_numbers_db [None req-ab9d32e5-980d-440c-9279-1db8e8ddc9a1 - - - - - -] Successfully bumped revision number for resource 7230f12d-a5e2-499e-b10f-3261dd59bb21 (type: ports) to 7
2026-07-01 02:01:32.371 9 INFO neutron.wsgi [req-0c846756-81d4-419d-b975-0453eb93b261 req-642393cc-c4c4-48c4-9ac8-820affe29039 1bf564391d864b4c8d87f4b017499896 c343694f369b4cea82c53c51132402b3 - - default default] 199.204.45.169 "GET /v2.0/ports?device_id=33dff4df-6b20-4f97-ad02-58442fa49004 HTTP/1.1" status: 200 len: 1168 time: 0.0359468
2026-07-01 02:01:32.532 10 INFO neutron.db.segments_db [None req-008d7218-fe70-46db-a4b1-6642cacff2f0 466a01ceaae64b4e9412079ebf6182e8 8c42b90be51146ba930eb5aac298a5c1 - - default default] Added segment 60445fd7-39a5-4317-adbc-94800af60363 of type geneve for network 3ba1e512-58ef-454a-94c3-8f9c3f57b465 /var/lib/openstack/lib/python3.10/site-packages/pycadf/identifier.py:71: UserWarning: Invalid uuid: neutron. To ensure interoperability, identifiers should be a valid uuid. warnings.warn(('Invalid uuid: %s. To ensure interoperability, '
2026-07-01 02:01:32.833 9 INFO neutron.db.l3_db [req-0c846756-81d4-419d-b975-0453eb93b261 req-9df353c4-6394-4a7f-bfe2-b96cadf17936 1bf564391d864b4c8d87f4b017499896 c343694f369b4cea82c53c51132402b3 - - default default] Floating IP ec86876a-9361-4107-ba4b-209a37a28e6b disassociated. External IP: 10.96.250.201, port: 7230f12d-a5e2-499e-b10f-3261dd59bb21.
2026-07-01 02:01:32.980 9 INFO neutron.db.ovn_revision_numbers_db [None req-75ff678b-b6ae-4ba0-a0ea-1f2831680191 e20d4cf0812f4c7ebe83a6a2340d5df8 63ac75df70e048c9bce23cea438f4f0f - - default default] Successfully bumped revision number for resource c90dda02-bbbf-4824-8236-a9a92f2945cf (type: security_groups) to 1
2026-07-01 02:01:33.012 9 INFO neutron.db.ovn_revision_numbers_db [None req-75ff678b-b6ae-4ba0-a0ea-1f2831680191 e20d4cf0812f4c7ebe83a6a2340d5df8 63ac75df70e048c9bce23cea438f4f0f - - default default] Successfully bumped revision number for resource 1a0be14d-f493-4fdc-887f-baba50308641 (type: security_group_rules) to 0
2026-07-01 02:01:33.035 10 INFO neutron.db.ovn_revision_numbers_db [None req-008d7218-fe70-46db-a4b1-6642cacff2f0 466a01ceaae64b4e9412079ebf6182e8 8c42b90be51146ba930eb5aac298a5c1 - - default default] Successfully bumped revision number for resource 3ba1e512-58ef-454a-94c3-8f9c3f57b465 (type: networks) to 1
2026-07-01 02:01:33.064 9 INFO neutron.db.ovn_revision_numbers_db [None req-75ff678b-b6ae-4ba0-a0ea-1f2831680191 e20d4cf0812f4c7ebe83a6a2340d5df8 63ac75df70e048c9bce23cea438f4f0f - - default default] Successfully bumped revision number for resource 611ec3a4-b879-455f-9f8d-d863e3e4ee5c (type: security_group_rules) to 0
2026-07-01 02:01:33.105 9 INFO neutron.db.ovn_revision_numbers_db [None req-75ff678b-b6ae-4ba0-a0ea-1f2831680191 e20d4cf0812f4c7ebe83a6a2340d5df8 63ac75df70e048c9bce23cea438f4f0f - - default default] Successfully bumped revision number for resource 6cb396b0-1955-45e0-9f04-ff515cbc974d (type: security_group_rules) to 0
2026-07-01 02:01:33.122 9 INFO neutron.wsgi [req-0c846756-81d4-419d-b975-0453eb93b261 req-9df353c4-6394-4a7f-bfe2-b96cadf17936 1bf564391d864b4c8d87f4b017499896 c343694f369b4cea82c53c51132402b3 - - default default] 199.204.45.169 "DELETE /v2.0/ports/7230f12d-a5e2-499e-b10f-3261dd59bb21 HTTP/1.1" status: 204 len: 173 time: 0.7430060 /var/lib/openstack/lib/python3.10/site-packages/pycadf/identifier.py:71: UserWarning: Invalid uuid: neutron. To ensure interoperability, identifiers should be a valid uuid. warnings.warn(('Invalid uuid: %s. To ensure interoperability, '
