2026-07-01 02:03:08.902 10 INFO neutron.db.ovn_revision_numbers_db [None req-08c354b0-32bb-4210-bd56-b29d148cf369 cd8640dc82904d36a8ace1718b8dd1f3 62957c0f8bc14f80819af4aa079e2fa9 - - default default] Successfully bumped revision number for resource 5def5a88-cdf9-4980-9e83-c3052ae43ede (type: security_group_rules) to 0
2026-07-01 02:03:08.915 10 INFO neutron.db.ovn_revision_numbers_db [None req-08c354b0-32bb-4210-bd56-b29d148cf369 cd8640dc82904d36a8ace1718b8dd1f3 62957c0f8bc14f80819af4aa079e2fa9 - - default default] Successfully bumped revision number for resource 83b3a07e-aa25-4b68-a563-6e3429ee17c5 (type: security_group_rules) to 0
2026-07-01 02:03:08.929 10 INFO neutron.db.ovn_revision_numbers_db [None req-08c354b0-32bb-4210-bd56-b29d148cf369 cd8640dc82904d36a8ace1718b8dd1f3 62957c0f8bc14f80819af4aa079e2fa9 - - default default] Successfully bumped revision number for resource c2d70364-50e8-4453-b2c2-4b2a2d3e0656 (type: security_group_rules) to 0
2026-07-01 02:03:08.942 10 INFO neutron.db.ovn_revision_numbers_db [None req-08c354b0-32bb-4210-bd56-b29d148cf369 cd8640dc82904d36a8ace1718b8dd1f3 62957c0f8bc14f80819af4aa079e2fa9 - - default default] Successfully bumped revision number for resource f3e93659-9a74-4c78-b584-7617d1baa726 (type: security_group_rules) to 0
2026-07-01 02:03:08.947 9 INFO neutron.wsgi [req-4005fd1d-d2e4-494f-a535-eeb4fc5a6fb7 req-6060d6f3-3c3e-4332-bd68-522ebfeb760d 9da0e2d425d941b385525051dd1d1597 0c1aef4719f6456db2aba000bc5ff83d - - default default] 199.204.45.169 "DELETE /v2.0/ports/4fdb3fa3-b44b-4ffe-b58d-6627dc513b61 HTTP/1.1" status: 204 len: 173 time: 0.5106025
2026-07-01 02:03:09.000 10 INFO neutron.db.segments_db [None req-08c354b0-32bb-4210-bd56-b29d148cf369 cd8640dc82904d36a8ace1718b8dd1f3 62957c0f8bc14f80819af4aa079e2fa9 - - default default] Added segment 4aad2e49-0251-4e16-87ff-a1d7a7a0762b of type geneve for network e0189dfe-b22a-499a-a98a-b68e1d046062
2026-07-01 02:03:09.197 10 INFO neutron.db.ovn_revision_numbers_db [None req-08c354b0-32bb-4210-bd56-b29d148cf369 cd8640dc82904d36a8ace1718b8dd1f3 62957c0f8bc14f80819af4aa079e2fa9 - - default default] Successfully bumped revision number for resource e0189dfe-b22a-499a-a98a-b68e1d046062 (type: networks) to 1 /var/lib/openstack/lib/python3.10/site-packages/pycadf/identifier.py:71: UserWarning: Invalid uuid: neutron. To ensure interoperability, identifiers should be a valid uuid. warnings.warn(('Invalid uuid: %s. To ensure interoperability, '
2026-07-01 02:03:09.405 10 WARNING neutron.scheduler.dhcp_agent_scheduler [None req-08c354b0-32bb-4210-bd56-b29d148cf369 cd8640dc82904d36a8ace1718b8dd1f3 62957c0f8bc14f80819af4aa079e2fa9 - - default default] No more DHCP agents
2026-07-01 02:03:09.408 10 WARNING neutron.api.rpc.agentnotifiers.dhcp_rpc_agent_api [None req-08c354b0-32bb-4210-bd56-b29d148cf369 cd8640dc82904d36a8ace1718b8dd1f3 62957c0f8bc14f80819af4aa079e2fa9 - - default default] Unable to schedule network e0189dfe-b22a-499a-a98a-b68e1d046062: no agents available; will retry on subsequent port and subnet creation events.
2026-07-01 02:03:09.486 10 INFO neutron.wsgi [-] 10.0.0.42 "GET / HTTP/1.1" status: 200 len: 247 time: 0.0014148
2026-07-01 02:03:09.487 9 INFO neutron.wsgi [-] 10.0.0.42 "GET / HTTP/1.1" status: 200 len: 247 time: 0.0021787
2026-07-01 02:03:09.509 10 INFO neutron.db.ovn_revision_numbers_db [None req-08c354b0-32bb-4210-bd56-b29d148cf369 cd8640dc82904d36a8ace1718b8dd1f3 62957c0f8bc14f80819af4aa079e2fa9 - - default default] Successfully bumped revision number for resource 871bdbd1-9275-4264-9d6a-54a2ec30015c (type: ports) to 1
2026-07-01 02:03:09.532 10 INFO neutron.wsgi [None req-e52b8e2d-b292-4814-89b4-db2ec36c58ae 9da0e2d425d941b385525051dd1d1597 0c1aef4719f6456db2aba000bc5ff83d - - default default] 10.0.0.106 "DELETE /v2.0/security-groups/e812dd50-fafd-44c8-91b7-8e3ab62977ed HTTP/1.1" status: 204 len: 168 time: 0.2020292
2026-07-01 02:03:09.536 10 INFO neutron.wsgi [None req-08c354b0-32bb-4210-bd56-b29d148cf369 cd8640dc82904d36a8ace1718b8dd1f3 62957c0f8bc14f80819af4aa079e2fa9 - - default default] 10.0.0.106 "POST /v2.0/networks HTTP/1.1" status: 201 len: 830 time: 0.8832126
2026-07-01 02:03:09.807 10 INFO neutron.db.ovn_revision_numbers_db [None req-bcd27f80-b4fa-42f7-bfb5-40b6e7e42759 57880ae6fa834c0cb2ec94c5fa286aee 29ed25ada14c4ab4a263e6ec8667d934 - - default default] Successfully bumped revision number for resource 9b8e584d-603d-4ff9-8b83-0dd02b8bc2ad (type: security_groups) to 1
2026-07-01 02:03:09.819 10 WARNING neutron.scheduler.dhcp_agent_scheduler [None req-e5f0e358-5332-4a5b-90b5-75c56495127a cd8640dc82904d36a8ace1718b8dd1f3 62957c0f8bc14f80819af4aa079e2fa9 - - default default] No more DHCP agents
2026-07-01 02:03:09.822 10 WARNING neutron.api.rpc.agentnotifiers.dhcp_rpc_agent_api [None req-e5f0e358-5332-4a5b-90b5-75c56495127a cd8640dc82904d36a8ace1718b8dd1f3 62957c0f8bc14f80819af4aa079e2fa9 - - default default] Unable to schedule network e0189dfe-b22a-499a-a98a-b68e1d046062: no agents available; will retry on subsequent port and subnet creation events.
2026-07-01 02:03:09.826 10 INFO neutron.db.ovn_revision_numbers_db [None req-bcd27f80-b4fa-42f7-bfb5-40b6e7e42759 57880ae6fa834c0cb2ec94c5fa286aee 29ed25ada14c4ab4a263e6ec8667d934 - - default default] Successfully bumped revision number for resource 4520c2bf-29b1-40b9-9bd6-1fba2028357d (type: security_group_rules) to 0
2026-07-01 02:03:09.856 10 INFO neutron.db.ovn_revision_numbers_db [None req-bcd27f80-b4fa-42f7-bfb5-40b6e7e42759 57880ae6fa834c0cb2ec94c5fa286aee 29ed25ada14c4ab4a263e6ec8667d934 - - default default] Successfully bumped revision number for resource 72b6e4e5-d4bc-426e-b70f-3fe85ea89f1b (type: security_group_rules) to 0
2026-07-01 02:03:09.872 10 INFO neutron.db.ovn_revision_numbers_db [None req-bcd27f80-b4fa-42f7-bfb5-40b6e7e42759 57880ae6fa834c0cb2ec94c5fa286aee 29ed25ada14c4ab4a263e6ec8667d934 - - default default] Successfully bumped revision number for resource 846faf0a-287d-42af-aab6-d84dd7fefe50 (type: security_group_rules) to 0
2026-07-01 02:03:09.886 10 INFO neutron.db.ovn_revision_numbers_db [None req-bcd27f80-b4fa-42f7-bfb5-40b6e7e42759 57880ae6fa834c0cb2ec94c5fa286aee 29ed25ada14c4ab4a263e6ec8667d934 - - default default] Successfully bumped revision number for resource f634dd71-fa09-400d-8528-ec4897d411dc (type: security_group_rules) to 0
2026-07-01 02:03:09.926 10 INFO neutron.wsgi [None req-bcd27f80-b4fa-42f7-bfb5-40b6e7e42759 57880ae6fa834c0cb2ec94c5fa286aee 29ed25ada14c4ab4a263e6ec8667d934 - - default default] 10.0.0.106 "GET /v2.0/security-groups?tenant_id=3a5a36e37cc94576972875d3abee7c7f&name=default HTTP/1.1" status: 200 len: 2996 time: 0.4260051
2026-07-01 02:03:09.929 9 INFO neutron.wsgi [None req-f1ce305f-1dd9-45e8-848c-9b6626079a55 9da0e2d425d941b385525051dd1d1597 0c1aef4719f6456db2aba000bc5ff83d - - default default] 10.0.0.106 "DELETE /v2.0/floatingips/61894b39-72b0-477e-89ce-569fc0a8589c HTTP/1.1" status: 204 len: 168 time: 0.3690882
2026-07-01 02:03:10.126 9 INFO neutron.wsgi [req-51afc6de-13f0-45b5-acb8-5482d5f62813 req-c74bd482-85e0-407b-85c5-a4d0eb9df938 9da0e2d425d941b385525051dd1d1597 0c1aef4719f6456db2aba000bc5ff83d - - default default] 10.0.0.77 "GET /v2.0/ports?device_id=12091dd4-d1a6-4b71-b877-c3723f5e6616 HTTP/1.1" status: 200 len: 1170 time: 0.0441933
2026-07-01 02:03:10.169 10 INFO neutron.plugins.ml2.drivers.ovn.mech_driver.mech_driver [None req-ab9e2713-dbcd-4ec7-86b9-bb03792ba8c2 - - - - - -] OVN reports status down for port: d9cdd42d-bca4-48cb-a8c1-4de9416e7cc6
2026-07-01 02:03:10.193 9 INFO neutron.wsgi [req-51afc6de-13f0-45b5-acb8-5482d5f62813 req-3b2a639a-e19e-474a-a563-d6c0bc74a079 9da0e2d425d941b385525051dd1d1597 0c1aef4719f6456db2aba000bc5ff83d - - default default] 10.0.0.77 "GET /v2.0/security-groups?id=bb7ca84a-ac6a-4142-8d39-b4fa105085c3&fields=id&fields=name HTTP/1.1" status: 200 len: 313 time: 0.0610676
2026-07-01 02:03:10.241 9 INFO neutron.wsgi [None req-2bd30962-5d7e-4521-a164-32d8604fcf31 57880ae6fa834c0cb2ec94c5fa286aee 29ed25ada14c4ab4a263e6ec8667d934 - - default default] 10.0.0.106 "DELETE /v2.0/security-groups/9b8e584d-603d-4ff9-8b83-0dd02b8bc2ad HTTP/1.1" status: 204 len: 168 time: 0.3093383
2026-07-01 02:03:10.339 9 INFO neutron.notifiers.nova [-] Nova event matching ['req-d1af74c3-409d-44a4-baea-c3f23da4ee0f'] response: {'server_uuid': '9aefc66f-ccbb-4f63-ae01-fe8f4e3591cf', 'name': 'network-vif-plugged', 'status': 'completed', 'tag': '4fdb3fa3-b44b-4ffe-b58d-6627dc513b61', 'code': 200}
2026-07-01 02:03:10.339 9 INFO neutron.notifiers.nova [-] Nova event matching ['req-d1af74c3-409d-44a4-baea-c3f23da4ee0f'] response: {'server_uuid': '9aefc66f-ccbb-4f63-ae01-fe8f4e3591cf', 'name': 'network-vif-deleted', 'tag': '4fdb3fa3-b44b-4ffe-b58d-6627dc513b61', 'status': 'completed', 'code': 200}
2026-07-01 02:03:10.340 10 INFO neutron.notifiers.nova [-] Nova event matching ['req-8d1387b0-c89e-494d-94cc-32d65f88c8ba'] response: {'server_uuid': '12091dd4-d1a6-4b71-b877-c3723f5e6616', 'name': 'network-vif-unplugged', 'status': 'completed', 'tag': 'd9cdd42d-bca4-48cb-a8c1-4de9416e7cc6', 'code': 200}
2026-07-01 02:03:10.397 10 INFO neutron.db.ovn_revision_numbers_db [None req-e5f0e358-5332-4a5b-90b5-75c56495127a cd8640dc82904d36a8ace1718b8dd1f3 62957c0f8bc14f80819af4aa079e2fa9 - - default default] Successfully bumped revision number for resource 871bdbd1-9275-4264-9d6a-54a2ec30015c (type: ports) to 2
2026-07-01 02:03:10.443 10 INFO neutron.db.ovn_revision_numbers_db [None req-e5f0e358-5332-4a5b-90b5-75c56495127a cd8640dc82904d36a8ace1718b8dd1f3 62957c0f8bc14f80819af4aa079e2fa9 - - default default] Successfully bumped revision number for resource 3431c23d-5270-46ab-8d36-0c845a8d93b7 (type: subnets) to 0
2026-07-01 02:03:10.454 9 INFO neutron.wsgi [req-f4ef18fd-1fd0-4d32-b0bb-52b8668da180 req-c02d2058-a506-427f-ac6f-644cea662347 9da0e2d425d941b385525051dd1d1597 0c1aef4719f6456db2aba000bc5ff83d - - default default] 199.204.45.169 "GET /v2.0/ports?device_id=12091dd4-d1a6-4b71-b877-c3723f5e6616 HTTP/1.1" status: 200 len: 1168 time: 0.0378041
2026-07-01 02:03:10.691 10 INFO neutron.wsgi [None req-e5f0e358-5332-4a5b-90b5-75c56495127a cd8640dc82904d36a8ace1718b8dd1f3 62957c0f8bc14f80819af4aa079e2fa9 - - default default] 10.0.0.106 "POST /v2.0/subnets HTTP/1.1" status: 201 len: 801 time: 1.1513824
2026-07-01 02:03:10.773 9 INFO neutron.wsgi [req-f4ef18fd-1fd0-4d32-b0bb-52b8668da180 req-11263324-a8bc-4513-9bd1-69ccbd5f9924 9da0e2d425d941b385525051dd1d1597 0c1aef4719f6456db2aba000bc5ff83d - - default default] 199.204.45.169 "DELETE /v2.0/ports/d9cdd42d-bca4-48cb-a8c1-4de9416e7cc6 HTTP/1.1" status: 204 len: 173 time: 0.3148274
2026-07-01 02:03:10.795 10 INFO neutron.db.ovn_revision_numbers_db [None req-47e8435c-eb79-428c-8534-fc9c8ebf4d89 57880ae6fa834c0cb2ec94c5fa286aee 29ed25ada14c4ab4a263e6ec8667d934 - - default default] Successfully bumped revision number for resource 90f1f21f-e56a-4ce0-80fb-386d9b02da60 (type: security_groups) to 1
2026-07-01 02:03:10.800 9 INFO neutron.db.segments_db [None req-a6427257-5e52-4036-a6b4-e12d5e8be5ae cd8640dc82904d36a8ace1718b8dd1f3 62957c0f8bc14f80819af4aa079e2fa9 - - default default] Added segment a830f2c3-e4ec-4417-8cd7-38cacbcc42fa of type geneve for network 5e4b6f12-bdff-444d-8ebb-8c3fbe909a5e
2026-07-01 02:03:10.810 10 INFO neutron.db.ovn_revision_numbers_db [None req-47e8435c-eb79-428c-8534-fc9c8ebf4d89 57880ae6fa834c0cb2ec94c5fa286aee 29ed25ada14c4ab4a263e6ec8667d934 - - default default] Successfully bumped revision number for resource 38b5571f-f160-4f52-8544-99883eaa431d (type: security_group_rules) to 0
2026-07-01 02:03:10.823 10 INFO neutron.db.ovn_revision_numbers_db [None req-47e8435c-eb79-428c-8534-fc9c8ebf4d89 57880ae6fa834c0cb2ec94c5fa286aee 29ed25ada14c4ab4a263e6ec8667d934 - - default default] Successfully bumped revision number for resource 9257dc2c-4a17-421d-a42d-6e1bc0e555e8 (type: security_group_rules) to 0
2026-07-01 02:03:10.840 10 INFO neutron.db.ovn_revision_numbers_db [None req-47e8435c-eb79-428c-8534-fc9c8ebf4d89 57880ae6fa834c0cb2ec94c5fa286aee 29ed25ada14c4ab4a263e6ec8667d934 - - default default] Successfully bumped revision number for resource 96a311c8-0fbd-49e1-b243-4713496d2235 (type: security_group_rules) to 0
2026-07-01 02:03:10.853 10 INFO neutron.db.ovn_revision_numbers_db [None req-47e8435c-eb79-428c-8534-fc9c8ebf4d89 57880ae6fa834c0cb2ec94c5fa286aee 29ed25ada14c4ab4a263e6ec8667d934 - - default default] Successfully bumped revision number for resource bbade379-8e82-4907-82f1-4b4a733a82c8 (type: security_group_rules) to 0
2026-07-01 02:03:10.874 10 INFO neutron.wsgi [None req-47e8435c-eb79-428c-8534-fc9c8ebf4d89 57880ae6fa834c0cb2ec94c5fa286aee 29ed25ada14c4ab4a263e6ec8667d934 - - default default] 10.0.0.106 "GET /v2.0/security-groups?tenant_id=25483d98b66b4062b837464632771724&name=default HTTP/1.1" status: 200 len: 2996 time: 0.4416902
2026-07-01 02:03:10.971 9 INFO neutron.db.ovn_revision_numbers_db [None req-a6427257-5e52-4036-a6b4-e12d5e8be5ae cd8640dc82904d36a8ace1718b8dd1f3 62957c0f8bc14f80819af4aa079e2fa9 - - default default] Successfully bumped revision number for resource 5e4b6f12-bdff-444d-8ebb-8c3fbe909a5e (type: networks) to 1
2026-07-01 02:03:11.173 9 WARNING neutron.scheduler.dhcp_agent_scheduler [None req-a6427257-5e52-4036-a6b4-e12d5e8be5ae cd8640dc82904d36a8ace1718b8dd1f3 62957c0f8bc14f80819af4aa079e2fa9 - - default default] No more DHCP agents
2026-07-01 02:03:11.175 9 WARNING neutron.api.rpc.agentnotifiers.dhcp_rpc_agent_api [None req-a6427257-5e52-4036-a6b4-e12d5e8be5ae cd8640dc82904d36a8ace1718b8dd1f3 62957c0f8bc14f80819af4aa079e2fa9 - - default default] Unable to schedule network 5e4b6f12-bdff-444d-8ebb-8c3fbe909a5e: no agents available; will retry on subsequent port and subnet creation events.
2026-07-01 02:03:11.192 9 INFO neutron.wsgi [None req-c548722e-2f44-4d3e-9508-10851768bb7d 57880ae6fa834c0cb2ec94c5fa286aee 29ed25ada14c4ab4a263e6ec8667d934 - - default default] 10.0.0.106 "DELETE /v2.0/security-groups/90f1f21f-e56a-4ce0-80fb-386d9b02da60 HTTP/1.1" status: 204 len: 168 time: 0.3132768
2026-07-01 02:03:11.305 9 INFO neutron.db.ovn_revision_numbers_db [None req-a6427257-5e52-4036-a6b4-e12d5e8be5ae cd8640dc82904d36a8ace1718b8dd1f3 62957c0f8bc14f80819af4aa079e2fa9 - - default default] Successfully bumped revision number for resource ef13ec20-46c6-4152-a6a2-ce455f316019 (type: ports) to 1
2026-07-01 02:03:11.330 9 INFO neutron.wsgi [None req-a6427257-5e52-4036-a6b4-e12d5e8be5ae cd8640dc82904d36a8ace1718b8dd1f3 62957c0f8bc14f80819af4aa079e2fa9 - - default default] 10.0.0.106 "POST /v2.0/networks HTTP/1.1" status: 201 len: 831 time: 0.6338575
2026-07-01 02:03:11.402 9 INFO neutron.wsgi [None req-f3824fe2-f9cc-4a91-8a52-b2c910007b67 9da0e2d425d941b385525051dd1d1597 0c1aef4719f6456db2aba000bc5ff83d - - default default] 10.0.0.106 "DELETE /v2.0/security-groups/bb7ca84a-ac6a-4142-8d39-b4fa105085c3 HTTP/1.1" status: 204 len: 168 time: 0.1357954
2026-07-01 02:03:11.607 10 WARNING neutron.scheduler.dhcp_agent_scheduler [None req-ae10ce31-5f62-4367-8c51-f3f6b591440f cd8640dc82904d36a8ace1718b8dd1f3 62957c0f8bc14f80819af4aa079e2fa9 - - default default] No more DHCP agents
2026-07-01 02:03:11.611 10 WARNING neutron.api.rpc.agentnotifiers.dhcp_rpc_agent_api [None req-ae10ce31-5f62-4367-8c51-f3f6b591440f cd8640dc82904d36a8ace1718b8dd1f3 62957c0f8bc14f80819af4aa079e2fa9 - - default default] Unable to schedule network 5e4b6f12-bdff-444d-8ebb-8c3fbe909a5e: no agents available; will retry on subsequent port and subnet creation events.
2026-07-01 02:03:12.210 10 INFO neutron.db.ovn_revision_numbers_db [None req-ceb458cb-fce5-4ebc-b647-3ed27dba5927 a79aef22a6fc48beaa3e1071506d5d40 418a9a2c478d4c00a640f22c6489d1ce - - default default] Successfully bumped revision number for resource 8c5614b8-4b8d-41f5-a1b6-caf652bc286f (type: security_groups) to 1
2026-07-01 02:03:12.227 10 INFO neutron.db.ovn_revision_numbers_db [None req-ceb458cb-fce5-4ebc-b647-3ed27dba5927 a79aef22a6fc48beaa3e1071506d5d40 418a9a2c478d4c00a640f22c6489d1ce - - default default] Successfully bumped revision number for resource 2c169ae4-921a-44af-87d1-376113673045 (type: security_group_rules) to 0
2026-07-01 02:03:12.229 10 INFO neutron.db.ovn_revision_numbers_db [None req-ae10ce31-5f62-4367-8c51-f3f6b591440f cd8640dc82904d36a8ace1718b8dd1f3 62957c0f8bc14f80819af4aa079e2fa9 - - default default] Successfully bumped revision number for resource ef13ec20-46c6-4152-a6a2-ce455f316019 (type: ports) to 2
2026-07-01 02:03:12.246 10 INFO neutron.db.ovn_revision_numbers_db [None req-ceb458cb-fce5-4ebc-b647-3ed27dba5927 a79aef22a6fc48beaa3e1071506d5d40 418a9a2c478d4c00a640f22c6489d1ce - - default default] Successfully bumped revision number for resource b0baac20-d08d-4213-87c9-9cedc2a38122 (type: security_group_rules) to 0
2026-07-01 02:03:12.263 10 INFO neutron.db.ovn_revision_numbers_db [None req-ceb458cb-fce5-4ebc-b647-3ed27dba5927 a79aef22a6fc48beaa3e1071506d5d40 418a9a2c478d4c00a640f22c6489d1ce - - default default] Successfully bumped revision number for resource c8038a80-1c4f-4d92-9354-250a53bb5b0a (type: security_group_rules) to 0
2026-07-01 02:03:12.269 10 INFO neutron.db.ovn_revision_numbers_db [None req-ae10ce31-5f62-4367-8c51-f3f6b591440f cd8640dc82904d36a8ace1718b8dd1f3 62957c0f8bc14f80819af4aa079e2fa9 - - default default] Successfully bumped revision number for resource 482c5a17-76ec-423c-a948-9ac819a8e33b (type: subnets) to 0
2026-07-01 02:03:12.278 10 INFO neutron.db.ovn_revision_numbers_db [None req-ceb458cb-fce5-4ebc-b647-3ed27dba5927 a79aef22a6fc48beaa3e1071506d5d40 418a9a2c478d4c00a640f22c6489d1ce - - default default] Successfully bumped revision number for resource fdfe5015-5ae2-47f7-b287-b42848cef89d (type: security_group_rules) to 0
2026-07-01 02:03:12.284 10 INFO neutron.wsgi [None req-ae10ce31-5f62-4367-8c51-f3f6b591440f cd8640dc82904d36a8ace1718b8dd1f3 62957c0f8bc14f80819af4aa079e2fa9 - - default default] 10.0.0.106 "POST /v2.0/subnets HTTP/1.1" status: 201 len: 804 time: 0.9490454
2026-07-01 02:03:12.332 10 INFO neutron.db.segments_db [None req-ceb458cb-fce5-4ebc-b647-3ed27dba5927 a79aef22a6fc48beaa3e1071506d5d40 418a9a2c478d4c00a640f22c6489d1ce - - default default] Added segment 20996b98-e3a3-4d6a-8d15-2a695f49114f of type geneve for network 9900d701-d979-4d21-821f-cfcb3f814439
2026-07-01 02:03:12.395 9 INFO neutron.notifiers.nova [-] Nova event matching ['req-e7229268-2188-45e9-bb27-7a39f8a8f96b'] response: {'server_uuid': '12091dd4-d1a6-4b71-b877-c3723f5e6616', 'name': 'network-vif-deleted', 'tag': 'd9cdd42d-bca4-48cb-a8c1-4de9416e7cc6', 'status': 'completed', 'code': 200}
2026-07-01 02:03:12.398 10 INFO neutron.notifiers.nova [-] Nova event matching ['req-ee5ee62d-0535-42aa-8eb5-281eaf9d7503'] response: {'server_uuid': '12091dd4-d1a6-4b71-b877-c3723f5e6616', 'name': 'network-vif-plugged', 'status': 'completed', 'tag': 'd9cdd42d-bca4-48cb-a8c1-4de9416e7cc6', 'code': 200}
2026-07-01 02:03:12.427 9 INFO neutron.db.segments_db [None req-0351b8f6-055a-4e17-8279-df64b4b4787b cd8640dc82904d36a8ace1718b8dd1f3 62957c0f8bc14f80819af4aa079e2fa9 - - default default] Added segment fadbc7c1-7051-4e34-8cbb-81fdba0d1901 of type geneve for network 552ce4c7-df00-49d5-9d2d-20dbf6fc0d9c
2026-07-01 02:03:12.483 10 INFO neutron.db.ovn_revision_numbers_db [None req-ceb458cb-fce5-4ebc-b647-3ed27dba5927 a79aef22a6fc48beaa3e1071506d5d40 418a9a2c478d4c00a640f22c6489d1ce - - default default] Successfully bumped revision number for resource 9900d701-d979-4d21-821f-cfcb3f814439 (type: networks) to 1
2026-07-01 02:03:12.625 9 INFO neutron.wsgi [None req-02db6f89-7f37-4463-8d69-d39e9a4d391e 9da0e2d425d941b385525051dd1d1597 0c1aef4719f6456db2aba000bc5ff83d - - default default] 10.0.0.106 "PUT /v2.0/routers/321b1dce-1a09-45ba-a73c-8617933a510f/remove_router_interface HTTP/1.1" status: 200 len: 503 time: 1.1918957
2026-07-01 02:03:12.636 9 INFO neutron.db.ovn_revision_numbers_db [None req-0351b8f6-055a-4e17-8279-df64b4b4787b cd8640dc82904d36a8ace1718b8dd1f3 62957c0f8bc14f80819af4aa079e2fa9 - - default default] Successfully bumped revision number for resource 552ce4c7-df00-49d5-9d2d-20dbf6fc0d9c (type: networks) to 1
2026-07-01 02:03:12.668 10 WARNING neutron.scheduler.dhcp_agent_scheduler [None req-ceb458cb-fce5-4ebc-b647-3ed27dba5927 a79aef22a6fc48beaa3e1071506d5d40 418a9a2c478d4c00a640f22c6489d1ce - - default default] No more DHCP agents
2026-07-01 02:03:12.671 10 WARNING neutron.api.rpc.agentnotifiers.dhcp_rpc_agent_api [None req-ceb458cb-fce5-4ebc-b647-3ed27dba5927 a79aef22a6fc48beaa3e1071506d5d40 418a9a2c478d4c00a640f22c6489d1ce - - default default] Unable to schedule network 9900d701-d979-4d21-821f-cfcb3f814439: no agents available; will retry on subsequent port and subnet creation events.
2026-07-01 02:03:12.786 10 INFO neutron.db.ovn_revision_numbers_db [None req-ceb458cb-fce5-4ebc-b647-3ed27dba5927 a79aef22a6fc48beaa3e1071506d5d40 418a9a2c478d4c00a640f22c6489d1ce - - default default] Successfully bumped revision number for resource 85726989-190d-41e6-861d-deac79ced159 (type: ports) to 1
2026-07-01 02:03:12.817 10 INFO neutron.wsgi [None req-ceb458cb-fce5-4ebc-b647-3ed27dba5927 a79aef22a6fc48beaa3e1071506d5d40 418a9a2c478d4c00a640f22c6489d1ce - - default default] 10.0.0.106 "POST /v2.0/networks HTTP/1.1" status: 201 len: 830 time: 0.9889648
2026-07-01 02:03:12.839 9 WARNING neutron.scheduler.dhcp_agent_scheduler [None req-0351b8f6-055a-4e17-8279-df64b4b4787b cd8640dc82904d36a8ace1718b8dd1f3 62957c0f8bc14f80819af4aa079e2fa9 - - default default] No more DHCP agents
2026-07-01 02:03:12.843 9 WARNING neutron.api.rpc.agentnotifiers.dhcp_rpc_agent_api [None req-0351b8f6-055a-4e17-8279-df64b4b4787b cd8640dc82904d36a8ace1718b8dd1f3 62957c0f8bc14f80819af4aa079e2fa9 - - default default] Unable to schedule network 552ce4c7-df00-49d5-9d2d-20dbf6fc0d9c: no agents available; will retry on subsequent port and subnet creation events.
2026-07-01 02:03:12.890 10 INFO neutron.wsgi [None req-57fb7fd3-7c8b-4f39-be9d-ba76cf282cb9 9da0e2d425d941b385525051dd1d1597 0c1aef4719f6456db2aba000bc5ff83d - - default default] 10.0.0.106 "DELETE /v2.0/subnets/ef4d6596-0a61-4071-9c26-177165ea5313 HTTP/1.1" status: 204 len: 168 time: 0.2583520
2026-07-01 02:03:12.936 9 INFO neutron.db.ovn_revision_numbers_db [None req-0351b8f6-055a-4e17-8279-df64b4b4787b cd8640dc82904d36a8ace1718b8dd1f3 62957c0f8bc14f80819af4aa079e2fa9 - - default default] Successfully bumped revision number for resource 8d46b802-6432-467f-8806-560fc05571e8 (type: ports) to 1
2026-07-01 02:03:12.960 9 INFO neutron.wsgi [None req-0351b8f6-055a-4e17-8279-df64b4b4787b cd8640dc82904d36a8ace1718b8dd1f3 62957c0f8bc14f80819af4aa079e2fa9 - - default default] 10.0.0.106 "POST /v2.0/networks HTTP/1.1" status: 201 len: 831 time: 0.6703389 /var/lib/openstack/lib/python3.10/site-packages/pycadf/identifier.py:71: UserWarning: Invalid uuid: neutron. To ensure interoperability, identifiers should be a valid uuid. warnings.warn(('Invalid uuid: %s. To ensure interoperability, '
2026-07-01 02:03:13.139 10 WARNING neutron.scheduler.dhcp_agent_scheduler [None req-5d1fa499-dfc8-4509-a8c1-2e20d3de1de0 a79aef22a6fc48beaa3e1071506d5d40 418a9a2c478d4c00a640f22c6489d1ce - - default default] No more DHCP agents
2026-07-01 02:03:13.142 10 WARNING neutron.api.rpc.agentnotifiers.dhcp_rpc_agent_api [None req-5d1fa499-dfc8-4509-a8c1-2e20d3de1de0 a79aef22a6fc48beaa3e1071506d5d40 418a9a2c478d4c00a640f22c6489d1ce - - default default] Unable to schedule network 9900d701-d979-4d21-821f-cfcb3f814439: no agents available; will retry on subsequent port and subnet creation events.
2026-07-01 02:03:13.230 9 WARNING neutron.scheduler.dhcp_agent_scheduler [None req-ceb0a652-f375-4e89-b561-1c779bffd9a0 cd8640dc82904d36a8ace1718b8dd1f3 62957c0f8bc14f80819af4aa079e2fa9 - - default default] No more DHCP agents
2026-07-01 02:03:13.233 9 WARNING neutron.api.rpc.agentnotifiers.dhcp_rpc_agent_api [None req-ceb0a652-f375-4e89-b561-1c779bffd9a0 cd8640dc82904d36a8ace1718b8dd1f3 62957c0f8bc14f80819af4aa079e2fa9 - - default default] Unable to schedule network 552ce4c7-df00-49d5-9d2d-20dbf6fc0d9c: no agents available; will retry on subsequent port and subnet creation events.
2026-07-01 02:03:13.250 10 INFO neutron.db.ovn_revision_numbers_db [None req-5d1fa499-dfc8-4509-a8c1-2e20d3de1de0 a79aef22a6fc48beaa3e1071506d5d40 418a9a2c478d4c00a640f22c6489d1ce - - default default] Successfully bumped revision number for resource a37aa61b-fec5-4510-b7d7-1f60c8e1573c (type: ports) to 1
2026-07-01 02:03:13.278 10 INFO neutron.wsgi [None req-5d1fa499-dfc8-4509-a8c1-2e20d3de1de0 a79aef22a6fc48beaa3e1071506d5d40 418a9a2c478d4c00a640f22c6489d1ce - - default default] 10.0.0.106 "POST /v2.0/ports HTTP/1.1" status: 201 len: 942 time: 0.4557736
2026-07-01 02:03:13.398 9 INFO neutron.db.segments_db [None req-8597a448-a037-458e-aef0-9dca92a27605 a79aef22a6fc48beaa3e1071506d5d40 418a9a2c478d4c00a640f22c6489d1ce - - default default] Added segment b89ff316-27b8-4ce5-8f09-8e8a0a368047 of type geneve for network fd1ad0fd-29ed-446c-8dcb-69a0cf5e59b7
2026-07-01 02:03:13.583 10 INFO neutron.wsgi [None req-91edf6f9-61da-45a9-8dc3-ae0e763758f9 9da0e2d425d941b385525051dd1d1597 0c1aef4719f6456db2aba000bc5ff83d - - default default] 10.0.0.106 "DELETE /v2.0/routers/321b1dce-1a09-45ba-a73c-8617933a510f HTTP/1.1" status: 204 len: 168 time: 0.6873653
2026-07-01 02:03:13.590 9 INFO neutron.db.ovn_revision_numbers_db [None req-8597a448-a037-458e-aef0-9dca92a27605 a79aef22a6fc48beaa3e1071506d5d40 418a9a2c478d4c00a640f22c6489d1ce - - default default] Successfully bumped revision number for resource fd1ad0fd-29ed-446c-8dcb-69a0cf5e59b7 (type: networks) to 1 /var/lib/openstack/lib/python3.10/site-packages/pycadf/identifier.py:71: UserWarning: Invalid uuid: neutron. To ensure interoperability, identifiers should be a valid uuid. warnings.warn(('Invalid uuid: %s. To ensure interoperability, '
2026-07-01 02:03:13.839 9 WARNING neutron.scheduler.dhcp_agent_scheduler [None req-8597a448-a037-458e-aef0-9dca92a27605 a79aef22a6fc48beaa3e1071506d5d40 418a9a2c478d4c00a640f22c6489d1ce - - default default] No more DHCP agents
2026-07-01 02:03:13.844 9 WARNING neutron.api.rpc.agentnotifiers.dhcp_rpc_agent_api [None req-8597a448-a037-458e-aef0-9dca92a27605 a79aef22a6fc48beaa3e1071506d5d40 418a9a2c478d4c00a640f22c6489d1ce - - default default] Unable to schedule network fd1ad0fd-29ed-446c-8dcb-69a0cf5e59b7: no agents available; will retry on subsequent port and subnet creation events.
2026-07-01 02:03:13.903 10 INFO neutron.services.segments.plugin [-] Segment 321258b4-9684-489b-8d0c-b8e38cd96085 resource provider aggregate not found
2026-07-01 02:03:13.913 9 INFO neutron.db.ovn_revision_numbers_db [None req-ceb0a652-f375-4e89-b561-1c779bffd9a0 cd8640dc82904d36a8ace1718b8dd1f3 62957c0f8bc14f80819af4aa079e2fa9 - - default default] Successfully bumped revision number for resource 8d46b802-6432-467f-8806-560fc05571e8 (type: ports) to 2
2026-07-01 02:03:13.918 10 INFO neutron.services.segments.plugin [-] Segment 321258b4-9684-489b-8d0c-b8e38cd96085 resource provider not found; error: Placement Client Error (4xx): {"errors": [{"status": 404, "title": "Not Found", "detail": "The resource could not be found.\n\n No resource provider with uuid 321258b4-9684-489b-8d0c-b8e38cd96085 found for delete ", "request_id": "req-bb49287c-bea3-44dc-80d9-0a6e9fe3698f"}]}
2026-07-01 02:03:13.942 10 INFO neutron.wsgi [None req-ff6b8861-e1e3-437b-b897-cf40871433c7 9da0e2d425d941b385525051dd1d1597 0c1aef4719f6456db2aba000bc5ff83d - - default default] 10.0.0.106 "DELETE /v2.0/networks/b9f208ef-1932-463a-bb7f-8f3f079213e4 HTTP/1.1" status: 204 len: 168 time: 0.3524537
2026-07-01 02:03:13.964 9 INFO neutron.db.ovn_revision_numbers_db [None req-8597a448-a037-458e-aef0-9dca92a27605 a79aef22a6fc48beaa3e1071506d5d40 418a9a2c478d4c00a640f22c6489d1ce - - default default] Successfully bumped revision number for resource adbdd12c-364a-4bb5-a494-8a4cc3cb6fa4 (type: ports) to 1
2026-07-01 02:03:13.964 10 INFO neutron.services.segments.plugin [-] Segment 321258b4-9684-489b-8d0c-b8e38cd96085 resource provider aggregate not found
2026-07-01 02:03:13.966 9 INFO neutron.db.ovn_revision_numbers_db [None req-ceb0a652-f375-4e89-b561-1c779bffd9a0 cd8640dc82904d36a8ace1718b8dd1f3 62957c0f8bc14f80819af4aa079e2fa9 - - default default] Successfully bumped revision number for resource 47be16db-f534-408d-9c9f-ced020451bf6 (type: subnets) to 0
2026-07-01 02:03:13.983 10 INFO neutron.services.segments.plugin [-] Segment 321258b4-9684-489b-8d0c-b8e38cd96085 resource provider not found; error: Placement Client Error (4xx): {"errors": [{"status": 404, "title": "Not Found", "detail": "The resource could not be found.\n\n No resource provider with uuid 321258b4-9684-489b-8d0c-b8e38cd96085 found for delete ", "request_id": "req-6ceb7b05-c41e-41a6-ab56-5c6b80af2498"}]}
2026-07-01 02:03:13.988 9 INFO neutron.wsgi [None req-ceb0a652-f375-4e89-b561-1c779bffd9a0 cd8640dc82904d36a8ace1718b8dd1f3 62957c0f8bc14f80819af4aa079e2fa9 - - default default] 10.0.0.106 "POST /v2.0/subnets HTTP/1.1" status: 201 len: 804 time: 1.0219252
2026-07-01 02:03:13.991 9 INFO neutron.wsgi [None req-8597a448-a037-458e-aef0-9dca92a27605 a79aef22a6fc48beaa3e1071506d5d40 418a9a2c478d4c00a640f22c6489d1ce - - default default] 10.0.0.106 "POST /v2.0/networks HTTP/1.1" status: 201 len: 831 time: 0.7082422
2026-07-01 02:03:14.076 10 INFO neutron.db.segments_db [None req-a8ded1ad-d7c0-409a-8747-1323d5605c8c cd8640dc82904d36a8ace1718b8dd1f3 62957c0f8bc14f80819af4aa079e2fa9 - - default default] Added segment 6aba3347-45d0-48ff-87f2-b55987672479 of type geneve for network 5c64b94c-a881-4bd9-8df4-fb65c0f59838
2026-07-01 02:03:14.227 10 INFO neutron.db.ovn_revision_numbers_db [None req-a8ded1ad-d7c0-409a-8747-1323d5605c8c cd8640dc82904d36a8ace1718b8dd1f3 62957c0f8bc14f80819af4aa079e2fa9 - - default default] Successfully bumped revision number for resource 5c64b94c-a881-4bd9-8df4-fb65c0f59838 (type: networks) to 1
2026-07-01 02:03:14.252 9 WARNING neutron.scheduler.dhcp_agent_scheduler [None req-a0512134-d28f-449b-a206-109207b590a3 a79aef22a6fc48beaa3e1071506d5d40 418a9a2c478d4c00a640f22c6489d1ce - - default default] No more DHCP agents
2026-07-01 02:03:14.256 9 WARNING neutron.api.rpc.agentnotifiers.dhcp_rpc_agent_api [None req-a0512134-d28f-449b-a206-109207b590a3 a79aef22a6fc48beaa3e1071506d5d40 418a9a2c478d4c00a640f22c6489d1ce - - default default] Unable to schedule network fd1ad0fd-29ed-446c-8dcb-69a0cf5e59b7: no agents available; will retry on subsequent port and subnet creation events.
2026-07-01 02:03:14.343 9 INFO neutron.db.ovn_revision_numbers_db [None req-a0512134-d28f-449b-a206-109207b590a3 a79aef22a6fc48beaa3e1071506d5d40 418a9a2c478d4c00a640f22c6489d1ce - - default default] Successfully bumped revision number for resource 7c2eac94-a200-4a48-bd60-880110c8c3c5 (type: ports) to 1
2026-07-01 02:03:14.369 9 INFO neutron.wsgi [None req-a0512134-d28f-449b-a206-109207b590a3 a79aef22a6fc48beaa3e1071506d5d40 418a9a2c478d4c00a640f22c6489d1ce - - default default] 10.0.0.106 "POST /v2.0/ports HTTP/1.1" status: 201 len: 942 time: 0.3747008 /var/lib/openstack/lib/python3.10/site-packages/pycadf/identifier.py:71: UserWarning: Invalid uuid: neutron. To ensure interoperability, identifiers should be a valid uuid. warnings.warn(('Invalid uuid: %s. To ensure interoperability, '
2026-07-01 02:03:14.424 10 WARNING neutron.scheduler.dhcp_agent_scheduler [None req-a8ded1ad-d7c0-409a-8747-1323d5605c8c cd8640dc82904d36a8ace1718b8dd1f3 62957c0f8bc14f80819af4aa079e2fa9 - - default default] No more DHCP agents
2026-07-01 02:03:14.428 10 WARNING neutron.api.rpc.agentnotifiers.dhcp_rpc_agent_api [None req-a8ded1ad-d7c0-409a-8747-1323d5605c8c cd8640dc82904d36a8ace1718b8dd1f3 62957c0f8bc14f80819af4aa079e2fa9 - - default default] Unable to schedule network 5c64b94c-a881-4bd9-8df4-fb65c0f59838: no agents available; will retry on subsequent port and subnet creation events.
2026-07-01 02:03:14.476 9 INFO neutron.db.segments_db [None req-c3e38173-3321-41b8-93b9-4b74f1d472d6 a79aef22a6fc48beaa3e1071506d5d40 418a9a2c478d4c00a640f22c6489d1ce - - default default] Added segment c2b91305-020f-408b-80fc-9d1634d5a74b of type geneve for network 5135a532-f647-44c3-9587-3c9bd128aa79
2026-07-01 02:03:14.502 10 INFO neutron.db.ovn_revision_numbers_db [None req-a8ded1ad-d7c0-409a-8747-1323d5605c8c cd8640dc82904d36a8ace1718b8dd1f3 62957c0f8bc14f80819af4aa079e2fa9 - - default default] Successfully bumped revision number for resource 52a0c2d2-87d0-4bdc-9a32-c3985ff5c9f9 (type: ports) to 1
2026-07-01 02:03:14.522 10 INFO neutron.wsgi [None req-a8ded1ad-d7c0-409a-8747-1323d5605c8c cd8640dc82904d36a8ace1718b8dd1f3 62957c0f8bc14f80819af4aa079e2fa9 - - default default] 10.0.0.106 "POST /v2.0/networks HTTP/1.1" status: 201 len: 831 time: 0.5284019
2026-07-01 02:03:14.631 9 INFO neutron.db.ovn_revision_numbers_db [None req-c3e38173-3321-41b8-93b9-4b74f1d472d6 a79aef22a6fc48beaa3e1071506d5d40 418a9a2c478d4c00a640f22c6489d1ce - - default default] Successfully bumped revision number for resource 5135a532-f647-44c3-9587-3c9bd128aa79 (type: networks) to 1
2026-07-01 02:03:14.760 10 WARNING neutron.scheduler.dhcp_agent_scheduler [None req-648f74dc-5d9d-4cd4-b901-52cd63d5ef11 cd8640dc82904d36a8ace1718b8dd1f3 62957c0f8bc14f80819af4aa079e2fa9 - - default default] No more DHCP agents
2026-07-01 02:03:14.764 10 WARNING neutron.api.rpc.agentnotifiers.dhcp_rpc_agent_api [None req-648f74dc-5d9d-4cd4-b901-52cd63d5ef11 cd8640dc82904d36a8ace1718b8dd1f3 62957c0f8bc14f80819af4aa079e2fa9 - - default default] Unable to schedule network 5c64b94c-a881-4bd9-8df4-fb65c0f59838: no agents available; will retry on subsequent port and subnet creation events.
2026-07-01 02:03:14.765 9 INFO neutron.db.ovn_revision_numbers_db [None req-ddce14bd-4f1a-4ce1-a39e-c30958802489 242e23ca0304499e87a2f58212d747bf 1262097274f84a64a23d23c5519f2aca - - default default] Successfully bumped revision number for resource dc5af80f-a48e-48f7-9ed8-c455998865c3 (type: security_groups) to 1
2026-07-01 02:03:14.804 9 INFO neutron.db.ovn_revision_numbers_db [None req-ddce14bd-4f1a-4ce1-a39e-c30958802489 242e23ca0304499e87a2f58212d747bf 1262097274f84a64a23d23c5519f2aca - - default default] Successfully bumped revision number for resource 02169e75-c76c-40bb-a4d6-b890dd567adf (type: security_group_rules) to 0
2026-07-01 02:03:14.826 9 INFO neutron.db.ovn_revision_numbers_db [None req-ddce14bd-4f1a-4ce1-a39e-c30958802489 242e23ca0304499e87a2f58212d747bf 1262097274f84a64a23d23c5519f2aca - - default default] Successfully bumped revision number for resource 8c9739ea-1e27-4c1c-9ceb-1a4df35b2c0f (type: security_group_rules) to 0
2026-07-01 02:03:14.853 9 WARNING neutron.scheduler.dhcp_agent_scheduler [None req-c3e38173-3321-41b8-93b9-4b74f1d472d6 a79aef22a6fc48beaa3e1071506d5d40 418a9a2c478d4c00a640f22c6489d1ce - - default default] No more DHCP agents
2026-07-01 02:03:14.855 9 INFO neutron.db.ovn_revision_numbers_db [None req-ddce14bd-4f1a-4ce1-a39e-c30958802489 242e23ca0304499e87a2f58212d747bf 1262097274f84a64a23d23c5519f2aca - - default default] Successfully bumped revision number for resource c901285e-f516-4292-a748-c979fa8ced6e (type: security_group_rules) to 0
2026-07-01 02:03:14.858 9 WARNING neutron.api.rpc.agentnotifiers.dhcp_rpc_agent_api [None req-c3e38173-3321-41b8-93b9-4b74f1d472d6 a79aef22a6fc48beaa3e1071506d5d40 418a9a2c478d4c00a640f22c6489d1ce - - default default] Unable to schedule network 5135a532-f647-44c3-9587-3c9bd128aa79: no agents available; will retry on subsequent port and subnet creation events.
2026-07-01 02:03:14.892 9 INFO neutron.db.ovn_revision_numbers_db [None req-ddce14bd-4f1a-4ce1-a39e-c30958802489 242e23ca0304499e87a2f58212d747bf 1262097274f84a64a23d23c5519f2aca - - default default] Successfully bumped revision number for resource cf3a73fa-719f-4c5d-a31a-b1c193d2ac1e (type: security_group_rules) to 0
2026-07-01 02:03:14.925 9 INFO neutron.db.ovn_revision_numbers_db [None req-1b78f4ee-20ac-4ddd-bad8-9d03ece0e1a6 57880ae6fa834c0cb2ec94c5fa286aee 29ed25ada14c4ab4a263e6ec8667d934 - - default default] Successfully bumped revision number for resource fb54c223-37d1-4691-adf6-adc23928c9cc (type: security_groups) to 1
2026-07-01 02:03:14.951 9 INFO neutron.db.ovn_revision_numbers_db [None req-1b78f4ee-20ac-4ddd-bad8-9d03ece0e1a6 57880ae6fa834c0cb2ec94c5fa286aee 29ed25ada14c4ab4a263e6ec8667d934 - - default default] Successfully bumped revision number for resource 16ffcb91-44cd-4df7-88bd-8712d64038e9 (type: security_group_rules) to 0
2026-07-01 02:03:14.966 9 INFO neutron.db.segments_db [None req-ddce14bd-4f1a-4ce1-a39e-c30958802489 242e23ca0304499e87a2f58212d747bf 1262097274f84a64a23d23c5519f2aca - - default default] Added segment e9c05317-c861-45fa-9d3c-36be1306e769 of type geneve for network 2abb7d90-7871-4428-aa4b-f74f051d005e
2026-07-01 02:03:14.983 9 INFO neutron.db.ovn_revision_numbers_db [None req-1b78f4ee-20ac-4ddd-bad8-9d03ece0e1a6 57880ae6fa834c0cb2ec94c5fa286aee 29ed25ada14c4ab4a263e6ec8667d934 - - default default] Successfully bumped revision number for resource a62f627f-1ebe-4336-84b8-02b317b2ba06 (type: security_group_rules) to 0
2026-07-01 02:03:14.998 9 INFO neutron.db.ovn_revision_numbers_db [None req-c3e38173-3321-41b8-93b9-4b74f1d472d6 a79aef22a6fc48beaa3e1071506d5d40 418a9a2c478d4c00a640f22c6489d1ce - - default default] Successfully bumped revision number for resource 5d5aeeee-b975-40e9-b450-2e2e81c8314e (type: ports) to 1
2026-07-01 02:03:15.006 9 INFO neutron.db.ovn_revision_numbers_db [None req-1b78f4ee-20ac-4ddd-bad8-9d03ece0e1a6 57880ae6fa834c0cb2ec94c5fa286aee 29ed25ada14c4ab4a263e6ec8667d934 - - default default] Successfully bumped revision number for resource b9c8b831-d63d-4419-ba20-6778803e8641 (type: security_group_rules) to 0
2026-07-01 02:03:15.037 9 INFO neutron.db.ovn_revision_numbers_db [None req-1b78f4ee-20ac-4ddd-bad8-9d03ece0e1a6 57880ae6fa834c0cb2ec94c5fa286aee 29ed25ada14c4ab4a263e6ec8667d934 - - default default] Successfully bumped revision number for resource c0663349-e4ae-41b9-a2d0-10f651095302 (type: security_group_rules) to 0
2026-07-01 02:03:15.040 9 INFO neutron.wsgi [None req-c3e38173-3321-41b8-93b9-4b74f1d472d6 a79aef22a6fc48beaa3e1071506d5d40 418a9a2c478d4c00a640f22c6489d1ce - - default default] 10.0.0.106 "POST /v2.0/networks HTTP/1.1" status: 201 len: 831 time: 0.6650720
2026-07-01 02:03:15.077 9 INFO neutron.wsgi [None req-1b78f4ee-20ac-4ddd-bad8-9d03ece0e1a6 57880ae6fa834c0cb2ec94c5fa286aee 29ed25ada14c4ab4a263e6ec8667d934 - - default default] 10.0.0.106 "GET /v2.0/security-groups?tenant_id=f4dac1d28a434f1a8abf0063288ebd25&name=default HTTP/1.1" status: 200 len: 2996 time: 0.4191720
2026-07-01 02:03:15.126 9 INFO neutron.db.ovn_revision_numbers_db [None req-ddce14bd-4f1a-4ce1-a39e-c30958802489 242e23ca0304499e87a2f58212d747bf 1262097274f84a64a23d23c5519f2aca - - default default] Successfully bumped revision number for resource 2abb7d90-7871-4428-aa4b-f74f051d005e (type: networks) to 1
2026-07-01 02:03:15.293 9 WARNING neutron.scheduler.dhcp_agent_scheduler [None req-ddce14bd-4f1a-4ce1-a39e-c30958802489 242e23ca0304499e87a2f58212d747bf 1262097274f84a64a23d23c5519f2aca - - default default] No more DHCP agents
2026-07-01 02:03:15.295 9 WARNING neutron.api.rpc.agentnotifiers.dhcp_rpc_agent_api [None req-ddce14bd-4f1a-4ce1-a39e-c30958802489 242e23ca0304499e87a2f58212d747bf 1262097274f84a64a23d23c5519f2aca - - default default] Unable to schedule network 2abb7d90-7871-4428-aa4b-f74f051d005e: no agents available; will retry on subsequent port and subnet creation events.
2026-07-01 02:03:15.375 9 INFO neutron.db.ovn_revision_numbers_db [None req-ddce14bd-4f1a-4ce1-a39e-c30958802489 242e23ca0304499e87a2f58212d747bf 1262097274f84a64a23d23c5519f2aca - - default default] Successfully bumped revision number for resource 090dc468-ea1e-4bed-8655-de21d2555085 (type: ports) to 1
2026-07-01 02:03:15.383 10 INFO neutron.db.ovn_revision_numbers_db [None req-648f74dc-5d9d-4cd4-b901-52cd63d5ef11 cd8640dc82904d36a8ace1718b8dd1f3 62957c0f8bc14f80819af4aa079e2fa9 - - default default] Successfully bumped revision number for resource 52a0c2d2-87d0-4bdc-9a32-c3985ff5c9f9 (type: ports) to 2
2026-07-01 02:03:15.395 9 INFO neutron.wsgi [None req-ddce14bd-4f1a-4ce1-a39e-c30958802489 242e23ca0304499e87a2f58212d747bf 1262097274f84a64a23d23c5519f2aca - - default default] 10.0.0.106 "POST /v2.0/networks HTTP/1.1" status: 201 len: 830 time: 1.0095406
2026-07-01 02:03:15.414 10 WARNING neutron.scheduler.dhcp_agent_scheduler [None req-85ac9e2d-d86a-463e-a060-62de2ecee4aa a79aef22a6fc48beaa3e1071506d5d40 418a9a2c478d4c00a640f22c6489d1ce - - default default] No more DHCP agents
2026-07-01 02:03:15.418 10 WARNING neutron.api.rpc.agentnotifiers.dhcp_rpc_agent_api [None req-85ac9e2d-d86a-463e-a060-62de2ecee4aa a79aef22a6fc48beaa3e1071506d5d40 418a9a2c478d4c00a640f22c6489d1ce - - default default] Unable to schedule network 5135a532-f647-44c3-9587-3c9bd128aa79: no agents available; will retry on subsequent port and subnet creation events.
2026-07-01 02:03:15.440 10 INFO neutron.db.ovn_revision_numbers_db [None req-648f74dc-5d9d-4cd4-b901-52cd63d5ef11 cd8640dc82904d36a8ace1718b8dd1f3 62957c0f8bc14f80819af4aa079e2fa9 - - default default] Successfully bumped revision number for resource 692e2219-66ea-42cf-bd1c-7b42641517d1 (type: subnets) to 0
2026-07-01 02:03:15.467 10 INFO neutron.wsgi [None req-372c21c8-f7fa-499b-a7cd-74a99623b3f9 57880ae6fa834c0cb2ec94c5fa286aee 29ed25ada14c4ab4a263e6ec8667d934 - - default default] 10.0.0.106 "DELETE /v2.0/security-groups/fb54c223-37d1-4691-adf6-adc23928c9cc HTTP/1.1" status: 204 len: 168 time: 0.3743186
2026-07-01 02:03:15.469 10 INFO neutron.wsgi [None req-648f74dc-5d9d-4cd4-b901-52cd63d5ef11 cd8640dc82904d36a8ace1718b8dd1f3 62957c0f8bc14f80819af4aa079e2fa9 - - default default] 10.0.0.106 "POST /v2.0/subnets HTTP/1.1" status: 201 len: 804 time: 0.9418018 /var/lib/openstack/lib/python3.10/site-packages/pycadf/identifier.py:71: UserWarning: Invalid uuid: neutron. To ensure interoperability, identifiers should be a valid uuid. warnings.warn(('Invalid uuid: %s. To ensure interoperability, '
2026-07-01 02:03:15.513 10 INFO neutron.db.ovn_revision_numbers_db [None req-85ac9e2d-d86a-463e-a060-62de2ecee4aa a79aef22a6fc48beaa3e1071506d5d40 418a9a2c478d4c00a640f22c6489d1ce - - default default] Successfully bumped revision number for resource 60f9b801-a863-47f1-89b1-c45163b498ea (type: ports) to 1
2026-07-01 02:03:15.535 10 INFO neutron.wsgi [None req-85ac9e2d-d86a-463e-a060-62de2ecee4aa a79aef22a6fc48beaa3e1071506d5d40 418a9a2c478d4c00a640f22c6489d1ce - - default default] 10.0.0.106 "POST /v2.0/ports HTTP/1.1" status: 201 len: 942 time: 0.4856775
2026-07-01 02:03:15.581 10 INFO neutron.db.segments_db [None req-e42c3216-be6b-49b9-befe-b6d7eeedff91 cd8640dc82904d36a8ace1718b8dd1f3 62957c0f8bc14f80819af4aa079e2fa9 - - default default] Added segment ec2d53ff-3514-433d-bd21-b92b71a753e7 of type geneve for network 90c7ff46-2462-4a58-a4cd-9f8d595ca9f0
2026-07-01 02:03:15.627 10 INFO neutron.wsgi [None req-be0a19a1-9e8e-48cc-965c-168a580fb8d1 57880ae6fa834c0cb2ec94c5fa286aee 29ed25ada14c4ab4a263e6ec8667d934 - - default default] 10.0.0.106 "GET /v2.0/security-groups?tenant_id=0c1aef4719f6456db2aba000bc5ff83d&name=default HTTP/1.1" status: 200 len: 2996 time: 0.0478735
2026-07-01 02:03:15.645 9 WARNING neutron.scheduler.dhcp_agent_scheduler [None req-aec83c5c-6225-4ac6-b689-9fcde71a1b3f 242e23ca0304499e87a2f58212d747bf 1262097274f84a64a23d23c5519f2aca - - default default] No more DHCP agents
2026-07-01 02:03:15.647 9 WARNING neutron.api.rpc.agentnotifiers.dhcp_rpc_agent_api [None req-aec83c5c-6225-4ac6-b689-9fcde71a1b3f 242e23ca0304499e87a2f58212d747bf 1262097274f84a64a23d23c5519f2aca - - default default] Unable to schedule network 2abb7d90-7871-4428-aa4b-f74f051d005e: no agents available; will retry on subsequent port and subnet creation events.
2026-07-01 02:03:15.900 10 INFO neutron.db.segments_db [None req-b2fd533f-53c0-4a12-b18f-2b56f22e3c24 a79aef22a6fc48beaa3e1071506d5d40 418a9a2c478d4c00a640f22c6489d1ce - - default default] Added segment 3314cc91-c854-492e-8994-7a9bf4385736 of type geneve for network 62b10960-c321-4fbc-ba0a-f0487c75e07e
2026-07-01 02:03:16.055 10 INFO neutron.db.ovn_revision_numbers_db [None req-e42c3216-be6b-49b9-befe-b6d7eeedff91 cd8640dc82904d36a8ace1718b8dd1f3 62957c0f8bc14f80819af4aa079e2fa9 - - default default] Successfully bumped revision number for resource 90c7ff46-2462-4a58-a4cd-9f8d595ca9f0 (type: networks) to 1
2026-07-01 02:03:16.096 9 INFO neutron.db.ovn_revision_numbers_db [None req-aec83c5c-6225-4ac6-b689-9fcde71a1b3f 242e23ca0304499e87a2f58212d747bf 1262097274f84a64a23d23c5519f2aca - - default default] Successfully bumped revision number for resource 090dc468-ea1e-4bed-8655-de21d2555085 (type: ports) to 2
2026-07-01 02:03:16.134 9 INFO neutron.db.ovn_revision_numbers_db [None req-aec83c5c-6225-4ac6-b689-9fcde71a1b3f 242e23ca0304499e87a2f58212d747bf 1262097274f84a64a23d23c5519f2aca - - default default] Successfully bumped revision number for resource 2eaf52b0-d813-46c1-8912-88674902f56b (type: subnets) to 0
2026-07-01 02:03:16.148 9 INFO neutron.wsgi [None req-aec83c5c-6225-4ac6-b689-9fcde71a1b3f 242e23ca0304499e87a2f58212d747bf 1262097274f84a64a23d23c5519f2aca - - default default] 10.0.0.106 "POST /v2.0/subnets HTTP/1.1" status: 201 len: 801 time: 0.7447331
2026-07-01 02:03:16.172 10 INFO neutron.db.ovn_revision_numbers_db [None req-b2fd533f-53c0-4a12-b18f-2b56f22e3c24 a79aef22a6fc48beaa3e1071506d5d40 418a9a2c478d4c00a640f22c6489d1ce - - default default] Successfully bumped revision number for resource 62b10960-c321-4fbc-ba0a-f0487c75e07e (type: networks) to 1
2026-07-01 02:03:16.214 9 INFO neutron.wsgi [None req-a28dae59-97e7-41ae-b676-1bb91e10c877 242e23ca0304499e87a2f58212d747bf 1262097274f84a64a23d23c5519f2aca - - default default] 10.0.0.106 "PUT /v2.0/subnets/2eaf52b0-d813-46c1-8912-88674902f56b/tags HTTP/1.1" status: 200 len: 218 time: 0.0618713
2026-07-01 02:03:16.251 9 INFO neutron.wsgi [None req-6b883b12-0bb9-469e-9ce0-3046d21f3a79 242e23ca0304499e87a2f58212d747bf 1262097274f84a64a23d23c5519f2aca - - default default] 10.0.0.106 "GET /v2.0/subnets/2eaf52b0-d813-46c1-8912-88674902f56b/tags HTTP/1.1" status: 200 len: 218 time: 0.0319133
2026-07-01 02:03:16.311 9 INFO neutron.wsgi [None req-df033f9d-5fe5-43d0-b47a-fb504088b252 242e23ca0304499e87a2f58212d747bf 1262097274f84a64a23d23c5519f2aca - - default default] 10.0.0.106 "PUT /v2.0/subnets/2eaf52b0-d813-46c1-8912-88674902f56b/tags/green HTTP/1.1" status: 201 len: 201 time: 0.0463290
2026-07-01 02:03:16.345 9 INFO neutron.wsgi [None req-2f2d298a-c6ad-4e73-bc5f-3f9ffc5aab7f 242e23ca0304499e87a2f58212d747bf 1262097274f84a64a23d23c5519f2aca - - default default] 10.0.0.106 "GET /v2.0/subnets/2eaf52b0-d813-46c1-8912-88674902f56b/tags HTTP/1.1" status: 200 len: 227 time: 0.0287457
2026-07-01 02:03:16.376 10 WARNING neutron.scheduler.dhcp_agent_scheduler [None req-e42c3216-be6b-49b9-befe-b6d7eeedff91 cd8640dc82904d36a8ace1718b8dd1f3 62957c0f8bc14f80819af4aa079e2fa9 - - default default] No more DHCP agents
2026-07-01 02:03:16.383 10 WARNING neutron.api.rpc.agentnotifiers.dhcp_rpc_agent_api [None req-e42c3216-be6b-49b9-befe-b6d7eeedff91 cd8640dc82904d36a8ace1718b8dd1f3 62957c0f8bc14f80819af4aa079e2fa9 - - default default] Unable to schedule network 90c7ff46-2462-4a58-a4cd-9f8d595ca9f0: no agents available; will retry on subsequent port and subnet creation events.
2026-07-01 02:03:16.384 9 INFO neutron.wsgi [None req-c633b126-4c4e-4099-82ca-424cff59d1fc 242e23ca0304499e87a2f58212d747bf 1262097274f84a64a23d23c5519f2aca - - default default] 10.0.0.106 "PUT /v2.0/subnets/2eaf52b0-d813-46c1-8912-88674902f56b/tags/red HTTP/1.1" status: 201 len: 201 time: 0.0318158
2026-07-01 02:03:16.394 10 INFO neutron.wsgi [None req-90559510-1b6f-46fb-baf8-1a8fc5b7d179 57880ae6fa834c0cb2ec94c5fa286aee 29ed25ada14c4ab4a263e6ec8667d934 - - default default] 10.0.0.106 "DELETE /v2.0/security-groups/f27c3ca8-56d4-4879-af85-43d7f31c63b3 HTTP/1.1" status: 204 len: 168 time: 0.7624860
2026-07-01 02:03:16.418 9 INFO neutron.wsgi [None req-97a94eff-206a-4fe4-998f-170dc715d243 242e23ca0304499e87a2f58212d747bf 1262097274f84a64a23d23c5519f2aca - - default default] 10.0.0.106 "GET /v2.0/subnets/2eaf52b0-d813-46c1-8912-88674902f56b/tags HTTP/1.1" status: 200 len: 227 time: 0.0299654
2026-07-01 02:03:16.434 10 WARNING neutron.scheduler.dhcp_agent_scheduler [None req-b2fd533f-53c0-4a12-b18f-2b56f22e3c24 a79aef22a6fc48beaa3e1071506d5d40 418a9a2c478d4c00a640f22c6489d1ce - - default default] No more DHCP agents
2026-07-01 02:03:16.438 10 WARNING neutron.api.rpc.agentnotifiers.dhcp_rpc_agent_api [None req-b2fd533f-53c0-4a12-b18f-2b56f22e3c24 a79aef22a6fc48beaa3e1071506d5d40 418a9a2c478d4c00a640f22c6489d1ce - - default default] Unable to schedule network 62b10960-c321-4fbc-ba0a-f0487c75e07e: no agents available; will retry on subsequent port and subnet creation events.
2026-07-01 02:03:16.467 9 INFO neutron.wsgi [None req-ece29645-af6f-447e-9653-4024f9312e13 242e23ca0304499e87a2f58212d747bf 1262097274f84a64a23d23c5519f2aca - - default default] 10.0.0.106 "PUT /v2.0/subnets/2eaf52b0-d813-46c1-8912-88674902f56b/tags/black.or.white HTTP/1.1" status: 201 len: 201 time: 0.0444903
2026-07-01 02:03:16.500 10 INFO neutron.db.ovn_revision_numbers_db [None req-e42c3216-be6b-49b9-befe-b6d7eeedff91 cd8640dc82904d36a8ace1718b8dd1f3 62957c0f8bc14f80819af4aa079e2fa9 - - default default] Successfully bumped revision number for resource de806f4a-ba66-415b-8427-7385868fd169 (type: ports) to 1
2026-07-01 02:03:16.502 9 INFO neutron.wsgi [None req-dbd2692a-aff5-4b06-8e42-f29333470fb6 242e23ca0304499e87a2f58212d747bf 1262097274f84a64a23d23c5519f2aca - - default default] 10.0.0.106 "GET /v2.0/subnets/2eaf52b0-d813-46c1-8912-88674902f56b/tags HTTP/1.1" status: 200 len: 245 time: 0.0307622
