2026-07-01 01:59:54.662 10 INFO neutron.wsgi [req-ecd4740c-516b-4d18-bc93-14b95443f199 req-a11569dd-c32f-4797-93ed-30dfa0f54214 d78c6ffc63e14fc1a6d0cadc9ffeedf4 5505ac35fe4042c295b8fcd48b6a3b49 - - 5405da94dae646ca878ea16edcbf95e5 5405da94dae646ca878ea16edcbf95e5] 199.204.45.169 "GET /v2.0/floatingips?fixed_ip_address=10.100.0.6&port_id=0a1239f1-e136-42b2-b968-ae870271d4c8 HTTP/1.1" status: 200 len: 217 time: 0.0248053
2026-07-01 01:59:54.697 10 INFO neutron.plugins.ml2.drivers.ovn.mech_driver.mech_driver [None req-ab9e2713-dbcd-4ec7-86b9-bb03792ba8c2 - - - - - -] OVN reports status up for port: 0a1239f1-e136-42b2-b968-ae870271d4c8
2026-07-01 01:59:54.716 10 INFO neutron.wsgi [req-ecd4740c-516b-4d18-bc93-14b95443f199 req-f5cf7640-bc6a-4d2e-a3df-280b4cdeea45 d78c6ffc63e14fc1a6d0cadc9ffeedf4 5505ac35fe4042c295b8fcd48b6a3b49 - - 5405da94dae646ca878ea16edcbf95e5 5405da94dae646ca878ea16edcbf95e5] 199.204.45.169 "GET /v2.0/subnets?id=d0a89ffe-725a-4005-b41a-a89271594a69 HTTP/1.1" status: 200 len: 863 time: 0.0481405
2026-07-01 01:59:54.720 10 INFO neutron.plugins.ml2.plugin [None req-ab9e2713-dbcd-4ec7-86b9-bb03792ba8c2 - - - - - -] Attempt 1 to provision port 0a1239f1-e136-42b2-b968-ae870271d4c8
2026-07-01 01:59:54.745 10 INFO neutron.wsgi [req-ecd4740c-516b-4d18-bc93-14b95443f199 req-9e23e8ed-d90a-4f15-bfb3-7edf1f08e91c d78c6ffc63e14fc1a6d0cadc9ffeedf4 5505ac35fe4042c295b8fcd48b6a3b49 - - 5405da94dae646ca878ea16edcbf95e5 5405da94dae646ca878ea16edcbf95e5] 199.204.45.169 "GET /v2.0/ports?network_id=add95db5-5e8f-4fb5-b636-199732195609&device_owner=network%3Adhcp HTTP/1.1" status: 200 len: 210 time: 0.0236540
2026-07-01 01:59:54.777 9 INFO neutron.wsgi [req-6f0d0828-10c6-46ce-a39c-caba896dded6 req-2e5d463b-fd98-4de2-b12f-fa9bef468546 5a866fd895da42e9a6e9af65b5e35900 367f6d1418d343fe8207d718021edd76 - - default default] 10.0.0.77 "GET /v2.0/ports?device_id=5cbedb18-fecf-4325-b125-8e38274e05f4 HTTP/1.1" status: 200 len: 1168 time: 0.0456934
2026-07-01 01:59:54.788 9 INFO neutron.wsgi [None req-accc81dd-4976-4d29-9e2a-fb97fa209e9f 57880ae6fa834c0cb2ec94c5fa286aee 29ed25ada14c4ab4a263e6ec8667d934 - - default default] 10.0.0.106 "DELETE /v2.0/routers/e6d00da0-7499-4f53-b0bd-be6213b8389d HTTP/1.1" status: 204 len: 168 time: 0.6602700
2026-07-01 01:59:54.821 9 INFO neutron.wsgi [req-6f0d0828-10c6-46ce-a39c-caba896dded6 req-82bc7f74-17f5-4a3d-8e05-0dd9261f7e8a 5a866fd895da42e9a6e9af65b5e35900 367f6d1418d343fe8207d718021edd76 - - default default] 10.0.0.77 "GET /v2.0/security-groups?id=caabcc36-d209-472e-8f73-c5295a73f415&fields=id&fields=name HTTP/1.1" status: 200 len: 313 time: 0.0398772
2026-07-01 01:59:54.880 10 INFO neutron.wsgi [req-ecd4740c-516b-4d18-bc93-14b95443f199 req-95e09818-b615-479f-86c2-c2c38161fb7b d78c6ffc63e14fc1a6d0cadc9ffeedf4 5505ac35fe4042c295b8fcd48b6a3b49 - - 5405da94dae646ca878ea16edcbf95e5 5405da94dae646ca878ea16edcbf95e5] 199.204.45.169 "GET /v2.0/networks/add95db5-5e8f-4fb5-b636-199732195609?fields=segments HTTP/1.1" status: 200 len: 212 time: 0.1272528
2026-07-01 01:59:55.050 9 INFO neutron.db.ovn_revision_numbers_db [None req-c7b2d580-fed0-47ea-8bcf-fc8ae6ea3ad6 57880ae6fa834c0cb2ec94c5fa286aee 29ed25ada14c4ab4a263e6ec8667d934 - - default default] Successfully bumped revision number for resource a377a270-2da8-45b2-809d-4c05b2f0de71 (type: security_groups) to 1
2026-07-01 01:59:55.063 9 INFO neutron.db.ovn_revision_numbers_db [None req-c7b2d580-fed0-47ea-8bcf-fc8ae6ea3ad6 57880ae6fa834c0cb2ec94c5fa286aee 29ed25ada14c4ab4a263e6ec8667d934 - - default default] Successfully bumped revision number for resource 01216ec6-6be5-49f3-b1ba-259e483535a9 (type: security_group_rules) to 0
2026-07-01 01:59:55.076 9 INFO neutron.db.ovn_revision_numbers_db [None req-c7b2d580-fed0-47ea-8bcf-fc8ae6ea3ad6 57880ae6fa834c0cb2ec94c5fa286aee 29ed25ada14c4ab4a263e6ec8667d934 - - default default] Successfully bumped revision number for resource 1f114402-2fb1-4484-9b27-263aeee5ab13 (type: security_group_rules) to 0
2026-07-01 01:59:55.087 9 INFO neutron.db.ovn_revision_numbers_db [None req-c7b2d580-fed0-47ea-8bcf-fc8ae6ea3ad6 57880ae6fa834c0cb2ec94c5fa286aee 29ed25ada14c4ab4a263e6ec8667d934 - - default default] Successfully bumped revision number for resource 613d0c6e-e268-4e7f-a936-a291cce4742f (type: security_group_rules) to 0
2026-07-01 01:59:55.100 9 INFO neutron.db.ovn_revision_numbers_db [None req-c7b2d580-fed0-47ea-8bcf-fc8ae6ea3ad6 57880ae6fa834c0cb2ec94c5fa286aee 29ed25ada14c4ab4a263e6ec8667d934 - - default default] Successfully bumped revision number for resource 734591f3-925c-46b3-b4ad-3c05de7786d1 (type: security_group_rules) to 0
2026-07-01 01:59:55.127 9 INFO neutron.wsgi [None req-c7b2d580-fed0-47ea-8bcf-fc8ae6ea3ad6 57880ae6fa834c0cb2ec94c5fa286aee 29ed25ada14c4ab4a263e6ec8667d934 - - default default] 10.0.0.106 "GET /v2.0/security-groups?tenant_id=da857201efa04998b202ad092ccbfa37&name=default HTTP/1.1" status: 200 len: 2996 time: 0.4006484
2026-07-01 01:59:55.294 9 INFO neutron.wsgi [None req-f83ee8b3-5c5f-43df-bb66-bac8b48b9b8d 57880ae6fa834c0cb2ec94c5fa286aee 29ed25ada14c4ab4a263e6ec8667d934 - - default default] 10.0.0.106 "DELETE /v2.0/security-groups/a377a270-2da8-45b2-809d-4c05b2f0de71 HTTP/1.1" status: 204 len: 168 time: 0.1550257
2026-07-01 01:59:55.385 10 INFO neutron.wsgi [req-ecd4740c-516b-4d18-bc93-14b95443f199 req-35522e24-0c1d-4522-ada9-82a379c70294 d78c6ffc63e14fc1a6d0cadc9ffeedf4 5505ac35fe4042c295b8fcd48b6a3b49 - - 5405da94dae646ca878ea16edcbf95e5 5405da94dae646ca878ea16edcbf95e5] 199.204.45.169 "GET /v2.0/networks/add95db5-5e8f-4fb5-b636-199732195609?fields=provider%3Aphysical_network&fields=provider%3Anetwork_type HTTP/1.1" status: 200 len: 277 time: 0.4976406
2026-07-01 01:59:55.475 9 INFO neutron.db.ovn_revision_numbers_db [None req-b5710aae-9087-44ea-9a56-4f8ae38c8723 57880ae6fa834c0cb2ec94c5fa286aee 29ed25ada14c4ab4a263e6ec8667d934 - - default default] Successfully bumped revision number for resource b7364186-99f8-4543-bbee-826b9efa67f9 (type: security_groups) to 1
2026-07-01 01:59:55.486 9 INFO neutron.db.ovn_revision_numbers_db [None req-b5710aae-9087-44ea-9a56-4f8ae38c8723 57880ae6fa834c0cb2ec94c5fa286aee 29ed25ada14c4ab4a263e6ec8667d934 - - default default] Successfully bumped revision number for resource 1c5c35af-e3f2-43bd-a8f4-1013a386cb69 (type: security_group_rules) to 0
2026-07-01 01:59:55.488 10 INFO neutron.wsgi [None req-b9083a00-2c7e-4bb7-abd4-370c5208b7f1 57880ae6fa834c0cb2ec94c5fa286aee 29ed25ada14c4ab4a263e6ec8667d934 - - default default] 10.0.0.106 "DELETE /v2.0/subnets/53bbde15-7543-421b-b6e5-30b725841fc3 HTTP/1.1" status: 204 len: 168 time: 0.6944361
2026-07-01 01:59:55.499 9 INFO neutron.db.ovn_revision_numbers_db [None req-b5710aae-9087-44ea-9a56-4f8ae38c8723 57880ae6fa834c0cb2ec94c5fa286aee 29ed25ada14c4ab4a263e6ec8667d934 - - default default] Successfully bumped revision number for resource 2758fe10-f953-466d-bfcf-71a30e3bec7a (type: security_group_rules) to 0
2026-07-01 01:59:55.509 9 INFO neutron.db.ovn_revision_numbers_db [None req-b5710aae-9087-44ea-9a56-4f8ae38c8723 57880ae6fa834c0cb2ec94c5fa286aee 29ed25ada14c4ab4a263e6ec8667d934 - - default default] Successfully bumped revision number for resource 2da621a1-69b8-4116-a6fc-df20d479b338 (type: security_group_rules) to 0
2026-07-01 01:59:55.520 9 INFO neutron.db.ovn_revision_numbers_db [None req-b5710aae-9087-44ea-9a56-4f8ae38c8723 57880ae6fa834c0cb2ec94c5fa286aee 29ed25ada14c4ab4a263e6ec8667d934 - - default default] Successfully bumped revision number for resource 5c228016-807d-4940-94b4-07fb8059112d (type: security_group_rules) to 0
2026-07-01 01:59:55.538 9 INFO neutron.wsgi [None req-b5710aae-9087-44ea-9a56-4f8ae38c8723 57880ae6fa834c0cb2ec94c5fa286aee 29ed25ada14c4ab4a263e6ec8667d934 - - default default] 10.0.0.106 "GET /v2.0/security-groups?tenant_id=86f43296b18d45108d14d402844266e1&name=default HTTP/1.1" status: 200 len: 2996 time: 0.1452532
2026-07-01 01:59:55.554 10 INFO neutron.db.ovn_revision_numbers_db [None req-ab9e2713-dbcd-4ec7-86b9-bb03792ba8c2 - - - - - -] Successfully bumped revision number for resource 0a1239f1-e136-42b2-b968-ae870271d4c8 (type: ports) to 4
2026-07-01 01:59:55.679 9 INFO neutron.wsgi [None req-c029fdba-8b69-4b03-b7f7-398fb40f8a48 57880ae6fa834c0cb2ec94c5fa286aee 29ed25ada14c4ab4a263e6ec8667d934 - - default default] 10.0.0.106 "DELETE /v2.0/security-groups/b7364186-99f8-4543-bbee-826b9efa67f9 HTTP/1.1" status: 204 len: 168 time: 0.1359160
2026-07-01 01:59:55.861 10 INFO neutron.services.segments.plugin [-] Segment dfefbb6b-57b2-495e-ab24-2051aee3533b resource provider aggregate not found
2026-07-01 01:59:55.866 10 INFO neutron.services.segments.plugin [-] Segment dfefbb6b-57b2-495e-ab24-2051aee3533b resource provider aggregate not found
2026-07-01 01:59:55.874 10 INFO neutron.services.segments.plugin [-] Segment dfefbb6b-57b2-495e-ab24-2051aee3533b resource provider not found; error: Placement Client Error (4xx): {"errors": [{"status": 404, "title": "Not Found", "detail": "The resource could not be found.\n\n No resource provider with uuid dfefbb6b-57b2-495e-ab24-2051aee3533b found for delete ", "request_id": "req-479d5118-eaa2-457c-ba5d-4e693fd0ab24"}]}
2026-07-01 01:59:55.880 10 INFO neutron.services.segments.plugin [-] Segment dfefbb6b-57b2-495e-ab24-2051aee3533b resource provider not found; error: Placement Client Error (4xx): {"errors": [{"status": 404, "title": "Not Found", "detail": "The resource could not be found.\n\n No resource provider with uuid dfefbb6b-57b2-495e-ab24-2051aee3533b found for delete ", "request_id": "req-d6640214-3547-4564-82e4-3c4ce0c646d6"}]}
2026-07-01 01:59:55.904 10 INFO neutron.wsgi [None req-8be5e51e-6a75-4556-ab33-439ff0438865 57880ae6fa834c0cb2ec94c5fa286aee 29ed25ada14c4ab4a263e6ec8667d934 - - default default] 10.0.0.106 "DELETE /v2.0/networks/f36fd7ce-8f6e-45c1-b119-a8baa5d79776 HTTP/1.1" status: 204 len: 168 time: 0.4101350
2026-07-01 01:59:55.987 9 INFO neutron.wsgi [req-e9f100bf-2516-415c-91a5-7e4c43260de9 req-6b9c9844-4611-4981-b704-31e840ac50e5 5a866fd895da42e9a6e9af65b5e35900 367f6d1418d343fe8207d718021edd76 - - default default] 10.0.0.77 "GET /v2.0/ports?device_id=5cbedb18-fecf-4325-b125-8e38274e05f4 HTTP/1.1" status: 200 len: 1170 time: 0.0953844
2026-07-01 01:59:56.034 9 INFO neutron.wsgi [req-e9f100bf-2516-415c-91a5-7e4c43260de9 req-638e7af0-99f8-4acf-93ac-cc11bb79001c 5a866fd895da42e9a6e9af65b5e35900 367f6d1418d343fe8207d718021edd76 - - default default] 10.0.0.77 "GET /v2.0/security-groups?id=caabcc36-d209-472e-8f73-c5295a73f415&fields=id&fields=name HTTP/1.1" status: 200 len: 313 time: 0.0392945 /var/lib/openstack/lib/python3.10/site-packages/pycadf/identifier.py:71: UserWarning: Invalid uuid: neutron. To ensure interoperability, identifiers should be a valid uuid. warnings.warn(('Invalid uuid: %s. To ensure interoperability, '
2026-07-01 01:59:56.071 10 INFO neutron.wsgi [None req-82759d6a-268d-4ab2-9548-66a8863f62db 57880ae6fa834c0cb2ec94c5fa286aee 29ed25ada14c4ab4a263e6ec8667d934 - - default default] 10.0.0.106 "GET /v2.0/security-groups?tenant_id=b4d835bb8b204099897831f014713dc5&name=default HTTP/1.1" status: 200 len: 2992 time: 0.0325129
2026-07-01 01:59:56.237 10 INFO neutron.notifiers.nova [-] Nova event matching ['req-3df3884b-1b7f-42d2-9cd8-c093b6f95fac'] response: {'server_uuid': '5cbedb18-fecf-4325-b125-8e38274e05f4', 'name': 'network-vif-plugged', 'status': 'completed', 'tag': '0a1239f1-e136-42b2-b968-ae870271d4c8', 'code': 200}
2026-07-01 01:59:56.237 10 INFO neutron.notifiers.nova [-] Nova event matching ['req-3df3884b-1b7f-42d2-9cd8-c093b6f95fac'] response: {'server_uuid': '5cbedb18-fecf-4325-b125-8e38274e05f4', 'name': 'network-vif-plugged', 'status': 'completed', 'tag': '0a1239f1-e136-42b2-b968-ae870271d4c8', 'code': 200}
2026-07-01 01:59:56.329 10 INFO neutron.wsgi [None req-8c85dd49-a735-4247-8e5d-6ebf7f898195 57880ae6fa834c0cb2ec94c5fa286aee 29ed25ada14c4ab4a263e6ec8667d934 - - default default] 10.0.0.106 "DELETE /v2.0/security-groups/396f71a6-c617-407a-be24-2aa43cc1ccc0 HTTP/1.1" status: 204 len: 168 time: 0.2487614
2026-07-01 01:59:57.160 9 INFO neutron.wsgi [req-eca70597-712b-4ea8-98b4-1f553edfc9ea req-44263f16-662d-4a75-8003-b92c6b5d7a1f 5a866fd895da42e9a6e9af65b5e35900 367f6d1418d343fe8207d718021edd76 - - default default] 10.0.0.77 "GET /v2.0/ports?device_id=5cbedb18-fecf-4325-b125-8e38274e05f4 HTTP/1.1" status: 200 len: 1170 time: 0.0421453
2026-07-01 01:59:57.221 9 INFO neutron.wsgi [req-eca70597-712b-4ea8-98b4-1f553edfc9ea req-b8416423-a757-467f-b7f1-99ce556e80c4 5a866fd895da42e9a6e9af65b5e35900 367f6d1418d343fe8207d718021edd76 - - default default] 10.0.0.77 "GET /v2.0/security-groups?id=caabcc36-d209-472e-8f73-c5295a73f415&fields=id&fields=name HTTP/1.1" status: 200 len: 313 time: 0.0531130
2026-07-01 01:59:57.323 9 INFO neutron.wsgi [req-a5c27983-abfa-4e6d-9d68-eb66307b0e05 req-28362e19-2444-4dab-b84f-7c5a8aae734f 5a866fd895da42e9a6e9af65b5e35900 367f6d1418d343fe8207d718021edd76 - - default default] 10.0.0.77 "GET /v2.0/ports?device_id=5cbedb18-fecf-4325-b125-8e38274e05f4 HTTP/1.1" status: 200 len: 1170 time: 0.0358706
2026-07-01 01:59:57.571 10 INFO neutron.db.l3_db [None req-78adb9b9-d8b3-4d3b-bb1a-88f4a3e25f8a 5a866fd895da42e9a6e9af65b5e35900 367f6d1418d343fe8207d718021edd76 - - default default] Floating IP 2774441f-2081-4ed4-a0c7-51f093b25ea0 associated. External IP: 10.96.250.208, port: 0a1239f1-e136-42b2-b968-ae870271d4c8.
2026-07-01 01:59:57.779 10 INFO neutron.db.ovn_revision_numbers_db [None req-78adb9b9-d8b3-4d3b-bb1a-88f4a3e25f8a 5a866fd895da42e9a6e9af65b5e35900 367f6d1418d343fe8207d718021edd76 - - default default] Successfully bumped revision number for resource 2774441f-2081-4ed4-a0c7-51f093b25ea0 (type: floatingips) to 1
2026-07-01 01:59:57.880 10 INFO neutron.db.ovn_revision_numbers_db [None req-78adb9b9-d8b3-4d3b-bb1a-88f4a3e25f8a 5a866fd895da42e9a6e9af65b5e35900 367f6d1418d343fe8207d718021edd76 - - default default] Successfully bumped revision number for resource 2774441f-2081-4ed4-a0c7-51f093b25ea0 (type: floatingips) to 2
2026-07-01 01:59:57.916 10 INFO neutron.wsgi [None req-78adb9b9-d8b3-4d3b-bb1a-88f4a3e25f8a 5a866fd895da42e9a6e9af65b5e35900 367f6d1418d343fe8207d718021edd76 - - default default] 10.0.0.106 "PUT /v2.0/floatingips/2774441f-2081-4ed4-a0c7-51f093b25ea0 HTTP/1.1" status: 200 len: 1049 time: 0.5806880
2026-07-01 01:59:58.032 9 INFO neutron.wsgi [req-cc91c45a-539f-4315-801f-6488c5dae775 req-422f003a-85d5-4c5b-b424-c0ac61423935 5a866fd895da42e9a6e9af65b5e35900 367f6d1418d343fe8207d718021edd76 - - default default] 10.0.0.77 "GET /v2.0/ports?device_id=5cbedb18-fecf-4325-b125-8e38274e05f4 HTTP/1.1" status: 200 len: 1170 time: 0.0498044
2026-07-01 01:59:58.090 9 INFO neutron.wsgi [req-cc91c45a-539f-4315-801f-6488c5dae775 req-172f864d-3b1d-4c37-b9ba-8a433f3ebc7a 5a866fd895da42e9a6e9af65b5e35900 367f6d1418d343fe8207d718021edd76 - - default default] 10.0.0.77 "GET /v2.0/security-groups?id=caabcc36-d209-472e-8f73-c5295a73f415&fields=id&fields=name HTTP/1.1" status: 200 len: 313 time: 0.0497582
2026-07-01 01:59:58.293 10 INFO neutron.notifiers.nova [-] Nova event matching ['req-d1525efa-830f-489e-9aa3-04a041fc8d28'] response: {'name': 'network-changed', 'server_uuid': '5cbedb18-fecf-4325-b125-8e38274e05f4', 'tag': '0a1239f1-e136-42b2-b968-ae870271d4c8', 'status': 'completed', 'code': 200} /var/lib/openstack/lib/python3.10/site-packages/pycadf/identifier.py:71: UserWarning: Invalid uuid: neutron. To ensure interoperability, identifiers should be a valid uuid. warnings.warn(('Invalid uuid: %s. To ensure interoperability, '
2026-07-01 01:59:58.367 10 INFO neutron.wsgi [req-ee2943ca-91f0-47a2-b240-75572cfe285c req-b258e749-2964-40be-9482-847b50cc203e d78c6ffc63e14fc1a6d0cadc9ffeedf4 5505ac35fe4042c295b8fcd48b6a3b49 - - 5405da94dae646ca878ea16edcbf95e5 5405da94dae646ca878ea16edcbf95e5] 199.204.45.169 "GET /v2.0/ports?tenant_id=367f6d1418d343fe8207d718021edd76&device_id=5cbedb18-fecf-4325-b125-8e38274e05f4 HTTP/1.1" status: 200 len: 1409 time: 0.0445173
2026-07-01 01:59:58.410 9 INFO neutron.db.ovn_revision_numbers_db [None req-f36240d6-15f4-4780-b3c9-88ef023d4ca4 57880ae6fa834c0cb2ec94c5fa286aee 29ed25ada14c4ab4a263e6ec8667d934 - - default default] Successfully bumped revision number for resource 63577583-a177-48d7-96a8-c1c0b38a7270 (type: security_groups) to 1
2026-07-01 01:59:58.442 9 INFO neutron.db.ovn_revision_numbers_db [None req-f36240d6-15f4-4780-b3c9-88ef023d4ca4 57880ae6fa834c0cb2ec94c5fa286aee 29ed25ada14c4ab4a263e6ec8667d934 - - default default] Successfully bumped revision number for resource 15a056a1-b5f1-4766-9873-5dfc6dd03154 (type: security_group_rules) to 0
2026-07-01 01:59:58.454 10 INFO neutron.wsgi [req-ee2943ca-91f0-47a2-b240-75572cfe285c req-36be1850-b363-4d7e-a84c-ceafcafdb8d4 d78c6ffc63e14fc1a6d0cadc9ffeedf4 5505ac35fe4042c295b8fcd48b6a3b49 - - 5405da94dae646ca878ea16edcbf95e5 5405da94dae646ca878ea16edcbf95e5] 199.204.45.169 "GET /v2.0/networks?id=add95db5-5e8f-4fb5-b636-199732195609 HTTP/1.1" status: 200 len: 968 time: 0.0802212
2026-07-01 01:59:58.461 9 INFO neutron.wsgi [req-0aedfe00-23a0-400f-9799-023555ded5ca req-c697c7d1-6e81-4d58-a413-2a703bf147cf 5a866fd895da42e9a6e9af65b5e35900 367f6d1418d343fe8207d718021edd76 - - default default] 10.0.0.77 "GET /v2.0/ports?device_id=5cbedb18-fecf-4325-b125-8e38274e05f4 HTTP/1.1" status: 200 len: 1170 time: 0.0421989
2026-07-01 01:59:58.465 10 INFO neutron.plugins.ml2.drivers.ovn.mech_driver.mech_driver [None req-ab9e2713-dbcd-4ec7-86b9-bb03792ba8c2 - - - - - -] OVN reports status down for port: 0a1239f1-e136-42b2-b968-ae870271d4c8
2026-07-01 01:59:58.468 9 INFO neutron.db.ovn_revision_numbers_db [None req-f36240d6-15f4-4780-b3c9-88ef023d4ca4 57880ae6fa834c0cb2ec94c5fa286aee 29ed25ada14c4ab4a263e6ec8667d934 - - default default] Successfully bumped revision number for resource 186825cf-9474-4e28-82fb-c7af3619cbd0 (type: security_group_rules) to 0
2026-07-01 01:59:58.505 9 INFO neutron.db.ovn_revision_numbers_db [None req-f36240d6-15f4-4780-b3c9-88ef023d4ca4 57880ae6fa834c0cb2ec94c5fa286aee 29ed25ada14c4ab4a263e6ec8667d934 - - default default] Successfully bumped revision number for resource a992d389-f727-4c9d-86f6-dd64103e183c (type: security_group_rules) to 0
2026-07-01 01:59:58.517 9 INFO neutron.db.ovn_revision_numbers_db [None req-c2dd679a-4bb0-4d16-92e4-6f0be25a66f2 57880ae6fa834c0cb2ec94c5fa286aee 29ed25ada14c4ab4a263e6ec8667d934 - - default default] Successfully bumped revision number for resource aa564cb1-7cce-4df3-ad6c-bbdc2c5bd183 (type: security_groups) to 1
2026-07-01 01:59:58.521 9 INFO neutron.wsgi [req-0aedfe00-23a0-400f-9799-023555ded5ca req-ef0dbda8-9589-4579-8096-fdbd9a90b4da 5a866fd895da42e9a6e9af65b5e35900 367f6d1418d343fe8207d718021edd76 - - default default] 10.0.0.77 "GET /v2.0/security-groups?id=caabcc36-d209-472e-8f73-c5295a73f415&fields=id&fields=name HTTP/1.1" status: 200 len: 313 time: 0.0540819
2026-07-01 01:59:58.526 9 INFO neutron.db.ovn_revision_numbers_db [None req-f36240d6-15f4-4780-b3c9-88ef023d4ca4 57880ae6fa834c0cb2ec94c5fa286aee 29ed25ada14c4ab4a263e6ec8667d934 - - default default] Successfully bumped revision number for resource dde5c8ec-d125-4e60-a4f6-274a25968581 (type: security_group_rules) to 0
2026-07-01 01:59:58.528 10 INFO neutron.wsgi [req-ee2943ca-91f0-47a2-b240-75572cfe285c req-edc58f08-c1bb-44fc-bbae-29568fb66745 d78c6ffc63e14fc1a6d0cadc9ffeedf4 5505ac35fe4042c295b8fcd48b6a3b49 - - 5405da94dae646ca878ea16edcbf95e5 5405da94dae646ca878ea16edcbf95e5] 199.204.45.169 "GET /v2.0/floatingips?fixed_ip_address=10.100.0.6&port_id=0a1239f1-e136-42b2-b968-ae870271d4c8 HTTP/1.1" status: 200 len: 1059 time: 0.0490770
2026-07-01 01:59:58.536 9 INFO neutron.db.ovn_revision_numbers_db [None req-c2dd679a-4bb0-4d16-92e4-6f0be25a66f2 57880ae6fa834c0cb2ec94c5fa286aee 29ed25ada14c4ab4a263e6ec8667d934 - - default default] Successfully bumped revision number for resource 1d4f063d-9c1e-412f-b704-5af050b6cb3c (type: security_group_rules) to 0
2026-07-01 01:59:58.554 9 INFO neutron.wsgi [None req-f36240d6-15f4-4780-b3c9-88ef023d4ca4 57880ae6fa834c0cb2ec94c5fa286aee 29ed25ada14c4ab4a263e6ec8667d934 - - default default] 10.0.0.106 "GET /v2.0/security-groups?tenant_id=dbb1dfcd563749378c80c4925e7b823b&name=default HTTP/1.1" status: 200 len: 2996 time: 0.3707085
2026-07-01 01:59:58.560 9 INFO neutron.db.ovn_revision_numbers_db [None req-c2dd679a-4bb0-4d16-92e4-6f0be25a66f2 57880ae6fa834c0cb2ec94c5fa286aee 29ed25ada14c4ab4a263e6ec8667d934 - - default default] Successfully bumped revision number for resource 66f2ddfe-52a0-460c-8709-355084bde628 (type: security_group_rules) to 0
2026-07-01 01:59:58.576 10 INFO neutron.wsgi [req-ee2943ca-91f0-47a2-b240-75572cfe285c req-a27bebfc-6f0f-4d93-a40f-3aadc2adc46b d78c6ffc63e14fc1a6d0cadc9ffeedf4 5505ac35fe4042c295b8fcd48b6a3b49 - - 5405da94dae646ca878ea16edcbf95e5 5405da94dae646ca878ea16edcbf95e5] 199.204.45.169 "GET /v2.0/subnets?id=d0a89ffe-725a-4005-b41a-a89271594a69 HTTP/1.1" status: 200 len: 863 time: 0.0365314
2026-07-01 01:59:58.582 9 INFO neutron.db.ovn_revision_numbers_db [None req-c2dd679a-4bb0-4d16-92e4-6f0be25a66f2 57880ae6fa834c0cb2ec94c5fa286aee 29ed25ada14c4ab4a263e6ec8667d934 - - default default] Successfully bumped revision number for resource 7a5b5fc7-16b6-41e8-9b91-53992acf90d2 (type: security_group_rules) to 0
2026-07-01 01:59:58.604 10 INFO neutron.wsgi [req-ee2943ca-91f0-47a2-b240-75572cfe285c req-3267a869-953e-4568-bae7-13ac2aa7d19b d78c6ffc63e14fc1a6d0cadc9ffeedf4 5505ac35fe4042c295b8fcd48b6a3b49 - - 5405da94dae646ca878ea16edcbf95e5 5405da94dae646ca878ea16edcbf95e5] 199.204.45.169 "GET /v2.0/ports?network_id=add95db5-5e8f-4fb5-b636-199732195609&device_owner=network%3Adhcp HTTP/1.1" status: 200 len: 210 time: 0.0209615
2026-07-01 01:59:58.617 9 INFO neutron.db.ovn_revision_numbers_db [None req-c2dd679a-4bb0-4d16-92e4-6f0be25a66f2 57880ae6fa834c0cb2ec94c5fa286aee 29ed25ada14c4ab4a263e6ec8667d934 - - default default] Successfully bumped revision number for resource cebd249e-cc18-4e11-8660-727d4d1903cd (type: security_group_rules) to 0
2026-07-01 01:59:58.653 9 INFO neutron.wsgi [req-529dbca8-8afb-4cbe-b742-7cd6b9d4c020 req-66bc9204-15ad-413c-b1b8-c305f4404b20 d78c6ffc63e14fc1a6d0cadc9ffeedf4 5505ac35fe4042c295b8fcd48b6a3b49 - - 5405da94dae646ca878ea16edcbf95e5 5405da94dae646ca878ea16edcbf95e5] 10.0.0.105 "GET /v2.0/ports?device_id=7327be7f-096e-4701-a83a-7cee6bc91edb HTTP/1.1" status: 200 len: 1409 time: 0.1556046
2026-07-01 01:59:58.681 10 INFO neutron.wsgi [req-ee2943ca-91f0-47a2-b240-75572cfe285c req-dbe40147-7846-494a-839c-312473193e33 d78c6ffc63e14fc1a6d0cadc9ffeedf4 5505ac35fe4042c295b8fcd48b6a3b49 - - 5405da94dae646ca878ea16edcbf95e5 5405da94dae646ca878ea16edcbf95e5] 199.204.45.169 "GET /v2.0/networks/add95db5-5e8f-4fb5-b636-199732195609?fields=segments HTTP/1.1" status: 200 len: 212 time: 0.0701988
2026-07-01 01:59:58.688 9 INFO neutron.db.segments_db [None req-c2dd679a-4bb0-4d16-92e4-6f0be25a66f2 57880ae6fa834c0cb2ec94c5fa286aee 29ed25ada14c4ab4a263e6ec8667d934 - - default default] Added segment 9a791e79-2bf1-47d0-9d1d-31bf05331b54 of type geneve for network bc5322ec-f66a-401b-a5d7-cebaadb57d73
2026-07-01 01:59:58.708 9 INFO neutron.wsgi [req-529dbca8-8afb-4cbe-b742-7cd6b9d4c020 req-2c373140-9c72-4c47-9395-96610af11606 d78c6ffc63e14fc1a6d0cadc9ffeedf4 5505ac35fe4042c295b8fcd48b6a3b49 - - 5405da94dae646ca878ea16edcbf95e5 5405da94dae646ca878ea16edcbf95e5] 10.0.0.105 "GET /v2.0/security-groups?id=14262090-607e-44e3-8940-54d7ec7daea6&fields=id&fields=name HTTP/1.1" status: 200 len: 313 time: 0.0460548
2026-07-01 01:59:58.751 10 INFO neutron.wsgi [req-ee2943ca-91f0-47a2-b240-75572cfe285c req-786a759a-c061-4562-ba64-8343a029d63c d78c6ffc63e14fc1a6d0cadc9ffeedf4 5505ac35fe4042c295b8fcd48b6a3b49 - - 5405da94dae646ca878ea16edcbf95e5 5405da94dae646ca878ea16edcbf95e5] 199.204.45.169 "GET /v2.0/networks/add95db5-5e8f-4fb5-b636-199732195609?fields=provider%3Aphysical_network&fields=provider%3Anetwork_type HTTP/1.1" status: 200 len: 277 time: 0.0589650
2026-07-01 01:59:58.826 10 INFO neutron.db.ovn_revision_numbers_db [None req-ab9e2713-dbcd-4ec7-86b9-bb03792ba8c2 - - - - - -] Successfully bumped revision number for resource 0a1239f1-e136-42b2-b968-ae870271d4c8 (type: ports) to 5
2026-07-01 01:59:58.900 10 INFO neutron.wsgi [req-b54e2ab2-babe-4e63-9a61-d61cc17c261a req-41ae51ba-2e47-45b2-98b0-c250600a9c16 5a866fd895da42e9a6e9af65b5e35900 367f6d1418d343fe8207d718021edd76 - - default default] 199.204.45.169 "GET /v2.0/ports?device_id=5cbedb18-fecf-4325-b125-8e38274e05f4 HTTP/1.1" status: 200 len: 1168 time: 0.0964925 /var/lib/openstack/lib/python3.10/site-packages/pycadf/identifier.py:71: UserWarning: Invalid uuid: neutron. To ensure interoperability, identifiers should be a valid uuid. warnings.warn(('Invalid uuid: %s. To ensure interoperability, '
2026-07-01 01:59:58.967 9 INFO neutron.db.ovn_revision_numbers_db [None req-c2dd679a-4bb0-4d16-92e4-6f0be25a66f2 57880ae6fa834c0cb2ec94c5fa286aee 29ed25ada14c4ab4a263e6ec8667d934 - - default default] Successfully bumped revision number for resource bc5322ec-f66a-401b-a5d7-cebaadb57d73 (type: networks) to 1
2026-07-01 01:59:59.046 9 INFO neutron.wsgi [None req-4c7a77af-ca76-4ace-acf9-1a342e5feb8e 57880ae6fa834c0cb2ec94c5fa286aee 29ed25ada14c4ab4a263e6ec8667d934 - - default default] 10.0.0.106 "DELETE /v2.0/security-groups/63577583-a177-48d7-96a8-c1c0b38a7270 HTTP/1.1" status: 204 len: 168 time: 0.4866941
2026-07-01 01:59:59.162 9 WARNING neutron.scheduler.dhcp_agent_scheduler [None req-c2dd679a-4bb0-4d16-92e4-6f0be25a66f2 57880ae6fa834c0cb2ec94c5fa286aee 29ed25ada14c4ab4a263e6ec8667d934 - - default default] No more DHCP agents
2026-07-01 01:59:59.164 9 WARNING neutron.api.rpc.agentnotifiers.dhcp_rpc_agent_api [None req-c2dd679a-4bb0-4d16-92e4-6f0be25a66f2 57880ae6fa834c0cb2ec94c5fa286aee 29ed25ada14c4ab4a263e6ec8667d934 - - default default] Unable to schedule network bc5322ec-f66a-401b-a5d7-cebaadb57d73: no agents available; will retry on subsequent port and subnet creation events.
2026-07-01 01:59:59.203 10 INFO neutron.db.l3_db [req-b54e2ab2-babe-4e63-9a61-d61cc17c261a req-5f81e291-c25c-4708-97f9-f43b872fbfc1 5a866fd895da42e9a6e9af65b5e35900 367f6d1418d343fe8207d718021edd76 - - default default] Floating IP 2774441f-2081-4ed4-a0c7-51f093b25ea0 disassociated. External IP: 10.96.250.208, port: 0a1239f1-e136-42b2-b968-ae870271d4c8.
2026-07-01 01:59:59.260 9 INFO neutron.db.ovn_revision_numbers_db [None req-c2dd679a-4bb0-4d16-92e4-6f0be25a66f2 57880ae6fa834c0cb2ec94c5fa286aee 29ed25ada14c4ab4a263e6ec8667d934 - - default default] Successfully bumped revision number for resource 366bc23b-16b0-4fd4-b988-fe7662b2a69c (type: ports) to 1
2026-07-01 01:59:59.279 9 INFO neutron.wsgi [None req-c2dd679a-4bb0-4d16-92e4-6f0be25a66f2 57880ae6fa834c0cb2ec94c5fa286aee 29ed25ada14c4ab4a263e6ec8667d934 - - default default] 10.0.0.106 "POST /v2.0/networks HTTP/1.1" status: 201 len: 948 time: 1.0958381
2026-07-01 01:59:59.386 10 INFO neutron.wsgi [req-b54e2ab2-babe-4e63-9a61-d61cc17c261a req-5f81e291-c25c-4708-97f9-f43b872fbfc1 5a866fd895da42e9a6e9af65b5e35900 367f6d1418d343fe8207d718021edd76 - - default default] 199.204.45.169 "DELETE /v2.0/ports/0a1239f1-e136-42b2-b968-ae870271d4c8 HTTP/1.1" status: 204 len: 173 time: 0.4819798
2026-07-01 01:59:59.435 9 WARNING neutron.scheduler.dhcp_agent_scheduler [None req-0fcdc09b-6377-4b58-8875-0e7224939e05 57880ae6fa834c0cb2ec94c5fa286aee 29ed25ada14c4ab4a263e6ec8667d934 - - default default] No more DHCP agents
2026-07-01 01:59:59.436 9 WARNING neutron.api.rpc.agentnotifiers.dhcp_rpc_agent_api [None req-0fcdc09b-6377-4b58-8875-0e7224939e05 57880ae6fa834c0cb2ec94c5fa286aee 29ed25ada14c4ab4a263e6ec8667d934 - - default default] Unable to schedule network bc5322ec-f66a-401b-a5d7-cebaadb57d73: no agents available; will retry on subsequent port and subnet creation events.
2026-07-01 01:59:59.620 9 INFO neutron.wsgi [req-ff98c8fe-248a-483d-ae10-5ba837daf2f0 req-0a6a9a66-e8f1-489f-94b1-b17378bdbd09 5a866fd895da42e9a6e9af65b5e35900 367f6d1418d343fe8207d718021edd76 - - default default] 10.0.0.77 "GET /v2.0/ports?device_id=5cbedb18-fecf-4325-b125-8e38274e05f4 HTTP/1.1" status: 200 len: 210 time: 0.0203547
2026-07-01 01:59:59.833 9 INFO neutron.db.ovn_revision_numbers_db [None req-0fcdc09b-6377-4b58-8875-0e7224939e05 57880ae6fa834c0cb2ec94c5fa286aee 29ed25ada14c4ab4a263e6ec8667d934 - - default default] Successfully bumped revision number for resource 366bc23b-16b0-4fd4-b988-fe7662b2a69c (type: ports) to 2
2026-07-01 01:59:59.862 9 INFO neutron.db.ovn_revision_numbers_db [None req-0fcdc09b-6377-4b58-8875-0e7224939e05 57880ae6fa834c0cb2ec94c5fa286aee 29ed25ada14c4ab4a263e6ec8667d934 - - default default] Successfully bumped revision number for resource e82b05cd-5c35-41eb-b9dc-34b2b22478e3 (type: subnets) to 0
2026-07-01 01:59:59.873 9 INFO neutron.wsgi [None req-0fcdc09b-6377-4b58-8875-0e7224939e05 57880ae6fa834c0cb2ec94c5fa286aee 29ed25ada14c4ab4a263e6ec8667d934 - - default default] 10.0.0.106 "POST /v2.0/subnets HTTP/1.1" status: 201 len: 868 time: 0.5897524
2026-07-01 02:00:00.337 9 WARNING neutron.scheduler.dhcp_agent_scheduler [None req-e53f5d2b-45c2-4705-9bf4-0b0ff9b85d66 57880ae6fa834c0cb2ec94c5fa286aee 29ed25ada14c4ab4a263e6ec8667d934 - - default default] No more DHCP agents
2026-07-01 02:00:00.340 9 WARNING neutron.api.rpc.agentnotifiers.dhcp_rpc_agent_api [None req-e53f5d2b-45c2-4705-9bf4-0b0ff9b85d66 57880ae6fa834c0cb2ec94c5fa286aee 29ed25ada14c4ab4a263e6ec8667d934 - - default default] Unable to schedule network e7d0a970-df71-40ed-a342-6199b9f41ae1: no agents available; will retry on subsequent port and subnet creation events.
2026-07-01 02:00:00.347 10 INFO neutron.notifiers.nova [-] Nova event matching ['req-427dbb65-c508-440a-bdf8-4cabe2ab148c'] response: {'server_uuid': '5cbedb18-fecf-4325-b125-8e38274e05f4', 'name': 'network-vif-unplugged', 'status': 'completed', 'tag': '0a1239f1-e136-42b2-b968-ae870271d4c8', 'code': 200}
2026-07-01 02:00:00.348 10 INFO neutron.notifiers.nova [-] Nova event matching ['req-427dbb65-c508-440a-bdf8-4cabe2ab148c'] response: {'server_uuid': '5cbedb18-fecf-4325-b125-8e38274e05f4', 'name': 'network-vif-plugged', 'status': 'completed', 'tag': '0a1239f1-e136-42b2-b968-ae870271d4c8', 'code': 200}
2026-07-01 02:00:00.348 10 INFO neutron.notifiers.nova [-] Nova event matching ['req-427dbb65-c508-440a-bdf8-4cabe2ab148c'] response: {'server_uuid': '5cbedb18-fecf-4325-b125-8e38274e05f4', 'name': 'network-vif-deleted', 'tag': '0a1239f1-e136-42b2-b968-ae870271d4c8', 'status': 'completed', 'code': 200}
2026-07-01 02:00:00.513 9 INFO neutron.db.ovn_revision_numbers_db [None req-e53f5d2b-45c2-4705-9bf4-0b0ff9b85d66 57880ae6fa834c0cb2ec94c5fa286aee 29ed25ada14c4ab4a263e6ec8667d934 - - default default] Successfully bumped revision number for resource ea977f4b-13d9-4662-bff0-4b7c794fbdd3 (type: ports) to 1
2026-07-01 02:00:00.876 9 INFO neutron.wsgi [None req-c4e73830-8b9c-4933-bd8c-97321b5a9797 5a866fd895da42e9a6e9af65b5e35900 367f6d1418d343fe8207d718021edd76 - - default default] 10.0.0.106 "DELETE /v2.0/security-groups/caabcc36-d209-472e-8f73-c5295a73f415 HTTP/1.1" status: 204 len: 168 time: 0.1642098 /var/lib/openstack/lib/python3.10/site-packages/pycadf/identifier.py:71: UserWarning: Invalid uuid: neutron. To ensure interoperability, identifiers should be a valid uuid. warnings.warn(('Invalid uuid: %s. To ensure interoperability, '
2026-07-01 02:00:00.894 10 INFO neutron.api.v2.resource [None req-8839abc5-5d8e-4fef-9465-0070cf396d0c 5a866fd895da42e9a6e9af65b5e35900 367f6d1418d343fe8207d718021edd76 - - default default] show failed (client error): The resource could not be found.
2026-07-01 02:00:00.895 10 INFO neutron.wsgi [None req-8839abc5-5d8e-4fef-9465-0070cf396d0c 5a866fd895da42e9a6e9af65b5e35900 367f6d1418d343fe8207d718021edd76 - - default default] 10.0.0.106 "GET /v2.0/security-groups/caabcc36-d209-472e-8f73-c5295a73f415 HTTP/1.1" status: 404 len: 347 time: 0.0149534
2026-07-01 02:00:01.162 10 INFO neutron.plugins.ml2.drivers.ovn.mech_driver.mech_driver [None req-ab9e2713-dbcd-4ec7-86b9-bb03792ba8c2 - - - - - -] OVN reports status up for port: ea977f4b-13d9-4662-bff0-4b7c794fbdd3
2026-07-01 02:00:01.166 10 INFO neutron.plugins.ml2.drivers.ovn.mech_driver.ovsdb.ovsdb_monitor [None req-f2b60030-d49c-4d4c-85b8-f7ab6ff3c1a3 - - - - - -] Router ce97d8ac-b83c-4033-b87f-417036f17d1b is bound to host instance
2026-07-01 02:00:01.180 9 INFO neutron.db.ovn_revision_numbers_db [None req-e53f5d2b-45c2-4705-9bf4-0b0ff9b85d66 57880ae6fa834c0cb2ec94c5fa286aee 29ed25ada14c4ab4a263e6ec8667d934 - - default default] Successfully bumped revision number for resource ea977f4b-13d9-4662-bff0-4b7c794fbdd3 (type: router_ports) to 1
2026-07-01 02:00:01.181 10 INFO neutron.plugins.ml2.plugin [None req-ab9e2713-dbcd-4ec7-86b9-bb03792ba8c2 - - - - - -] Attempt 1 to provision port ea977f4b-13d9-4662-bff0-4b7c794fbdd3
2026-07-01 02:00:01.384 9 INFO neutron.db.ovn_revision_numbers_db [None req-e53f5d2b-45c2-4705-9bf4-0b0ff9b85d66 57880ae6fa834c0cb2ec94c5fa286aee 29ed25ada14c4ab4a263e6ec8667d934 - - default default] Successfully bumped revision number for resource ce97d8ac-b83c-4033-b87f-417036f17d1b (type: routers) to 2
2026-07-01 02:00:01.398 9 INFO neutron.wsgi [None req-e53f5d2b-45c2-4705-9bf4-0b0ff9b85d66 57880ae6fa834c0cb2ec94c5fa286aee 29ed25ada14c4ab4a263e6ec8667d934 - - default default] 10.0.0.106 "POST /v2.0/routers HTTP/1.1" status: 201 len: 879 time: 1.5210049
2026-07-01 02:00:01.558 10 INFO neutron.wsgi [None req-81ce6c82-b126-4553-9103-8f6ac3a29aa8 5a866fd895da42e9a6e9af65b5e35900 367f6d1418d343fe8207d718021edd76 - - default default] 10.0.0.106 "DELETE /v2.0/floatingips/2774441f-2081-4ed4-a0c7-51f093b25ea0 HTTP/1.1" status: 204 len: 168 time: 0.6563442
2026-07-01 02:00:01.828 9 WARNING neutron.scheduler.dhcp_agent_scheduler [None req-2a104935-9e71-4aa6-b230-21353eed5e94 57880ae6fa834c0cb2ec94c5fa286aee 29ed25ada14c4ab4a263e6ec8667d934 - - default default] No more DHCP agents
2026-07-01 02:00:01.831 9 WARNING neutron.api.rpc.agentnotifiers.dhcp_rpc_agent_api [None req-2a104935-9e71-4aa6-b230-21353eed5e94 57880ae6fa834c0cb2ec94c5fa286aee 29ed25ada14c4ab4a263e6ec8667d934 - - default default] Unable to schedule network bc5322ec-f66a-401b-a5d7-cebaadb57d73: no agents available; will retry on subsequent port and subnet creation events.
2026-07-01 02:00:01.988 9 INFO neutron.db.ovn_revision_numbers_db [None req-2a104935-9e71-4aa6-b230-21353eed5e94 57880ae6fa834c0cb2ec94c5fa286aee 29ed25ada14c4ab4a263e6ec8667d934 - - default default] Successfully bumped revision number for resource 9106831f-434c-41e2-b6b8-e0e7dd4fa353 (type: ports) to 1
2026-07-01 02:00:02.050 10 INFO neutron.db.ovn_revision_numbers_db [None req-f2b60030-d49c-4d4c-85b8-f7ab6ff3c1a3 - - - - - -] Successfully bumped revision number for resource ea977f4b-13d9-4662-bff0-4b7c794fbdd3 (type: ports) to 1
2026-07-01 02:00:02.390 9 INFO neutron.db.ovn_revision_numbers_db [None req-2a104935-9e71-4aa6-b230-21353eed5e94 57880ae6fa834c0cb2ec94c5fa286aee 29ed25ada14c4ab4a263e6ec8667d934 - - default default] Successfully bumped revision number for resource 9106831f-434c-41e2-b6b8-e0e7dd4fa353 (type: router_ports) to 1
2026-07-01 02:00:02.499 10 INFO neutron.db.ovn_revision_numbers_db [None req-f2b60030-d49c-4d4c-85b8-f7ab6ff3c1a3 - - - - - -] Successfully bumped revision number for resource ea977f4b-13d9-4662-bff0-4b7c794fbdd3 (type: router_ports) to 3
2026-07-01 02:00:02.566 9 INFO neutron.db.ovn_revision_numbers_db [None req-2a104935-9e71-4aa6-b230-21353eed5e94 57880ae6fa834c0cb2ec94c5fa286aee 29ed25ada14c4ab4a263e6ec8667d934 - - default default] Successfully bumped revision number for resource 9106831f-434c-41e2-b6b8-e0e7dd4fa353 (type: ports) to 1
2026-07-01 02:00:02.636 9 WARNING neutron.scheduler.dhcp_agent_scheduler [None req-2a104935-9e71-4aa6-b230-21353eed5e94 57880ae6fa834c0cb2ec94c5fa286aee 29ed25ada14c4ab4a263e6ec8667d934 - - default default] No more DHCP agents
2026-07-01 02:00:02.638 9 WARNING neutron.api.rpc.agentnotifiers.dhcp_rpc_agent_api [None req-2a104935-9e71-4aa6-b230-21353eed5e94 57880ae6fa834c0cb2ec94c5fa286aee 29ed25ada14c4ab4a263e6ec8667d934 - - default default] Unable to schedule network bc5322ec-f66a-401b-a5d7-cebaadb57d73: no agents available; will retry on subsequent port and subnet creation events.
2026-07-01 02:00:02.708 10 INFO neutron.db.ovn_revision_numbers_db [None req-f2b60030-d49c-4d4c-85b8-f7ab6ff3c1a3 - - - - - -] Successfully bumped revision number for resource ea977f4b-13d9-4662-bff0-4b7c794fbdd3 (type: ports) to 2
2026-07-01 02:00:02.858 9 INFO neutron.wsgi [req-90441c0d-10e2-49f5-93ae-f522b17fe030 req-ad46108b-360c-43ce-a914-8941fb5aea7b 33807c09a3b141569c7f31706cd42290 17850ad18dc14a98ba81eb4f8051bfd3 - - default default] 10.0.0.77 "GET /v2.0/ports?device_id=7327be7f-096e-4701-a83a-7cee6bc91edb HTTP/1.1" status: 200 len: 1170 time: 0.1148839
2026-07-01 02:00:02.950 10 INFO neutron.wsgi [None req-96daf980-96c5-4c4d-a49c-887112645f5e 57880ae6fa834c0cb2ec94c5fa286aee 29ed25ada14c4ab4a263e6ec8667d934 - - default default] 10.0.0.106 "PUT /v2.0/routers/e6820bfa-a632-4c29-ad71-a874d54abe76/remove_router_interface HTTP/1.1" status: 200 len: 503 time: 1.3862929
2026-07-01 02:00:02.989 9 INFO neutron.wsgi [req-0da3dca7-c6ee-4771-8d1b-a947ddf05852 req-e051a97c-8f71-4151-a5e6-00c1f4fa7fb0 33807c09a3b141569c7f31706cd42290 17850ad18dc14a98ba81eb4f8051bfd3 - - default default] 10.0.0.77 "GET /v2.0/ports/ada68083-e512-4486-9c5d-bab897f287f0 HTTP/1.1" status: 200 len: 1167 time: 0.0816510
2026-07-01 02:00:03.041 10 INFO neutron.db.ovn_revision_numbers_db [None req-f2b60030-d49c-4d4c-85b8-f7ab6ff3c1a3 - - - - - -] Successfully bumped revision number for resource ea977f4b-13d9-4662-bff0-4b7c794fbdd3 (type: ports) to 4 /var/lib/openstack/lib/python3.10/site-packages/pycadf/identifier.py:71: UserWarning: Invalid uuid: neutron. To ensure interoperability, identifiers should be a valid uuid. warnings.warn(('Invalid uuid: %s. To ensure interoperability, '
2026-07-01 02:00:03.223 10 INFO neutron.wsgi [req-4b5e941e-bab1-4202-971c-dfc89397b239 req-46d0982a-054c-4678-9dfc-6ffd6ff36eb9 33807c09a3b141569c7f31706cd42290 17850ad18dc14a98ba81eb4f8051bfd3 - - default default] 199.204.45.169 "GET /v2.0/subnets?network_id=574e01b5-41af-49bc-929d-00b9c7af31e2 HTTP/1.1" status: 200 len: 859 time: 0.0838642
2026-07-01 02:00:03.537 10 INFO neutron.wsgi [req-4b5e941e-bab1-4202-971c-dfc89397b239 req-480b52d4-8932-4e75-97a6-411c2e850a7e 33807c09a3b141569c7f31706cd42290 17850ad18dc14a98ba81eb4f8051bfd3 - - default default] 199.204.45.169 "GET /v2.0/ports?device_id=7327be7f-096e-4701-a83a-7cee6bc91edb&device_owner=compute%3Anova&network_id=574e01b5-41af-49bc-929d-00b9c7af31e2 HTTP/1.1" status: 200 len: 1170 time: 0.3090832
2026-07-01 02:00:03.605 10 INFO neutron.db.ovn_revision_numbers_db [None req-f2b60030-d49c-4d4c-85b8-f7ab6ff3c1a3 - - - - - -] Successfully bumped revision number for resource ea977f4b-13d9-4662-bff0-4b7c794fbdd3 (type: router_ports) to 4
2026-07-01 02:00:03.609 10 INFO neutron.plugins.ml2.drivers.ovn.mech_driver.mech_driver [None req-ab9e2713-dbcd-4ec7-86b9-bb03792ba8c2 - - - - - -] OVN reports status up for port: 9106831f-434c-41e2-b6b8-e0e7dd4fa353
2026-07-01 02:00:03.634 10 INFO neutron.plugins.ml2.plugin [None req-ab9e2713-dbcd-4ec7-86b9-bb03792ba8c2 - - - - - -] Attempt 1 to provision port 9106831f-434c-41e2-b6b8-e0e7dd4fa353
2026-07-01 02:00:03.779 9 INFO neutron.db.ovn_revision_numbers_db [None req-2a104935-9e71-4aa6-b230-21353eed5e94 57880ae6fa834c0cb2ec94c5fa286aee 29ed25ada14c4ab4a263e6ec8667d934 - - default default] Successfully bumped revision number for resource 9106831f-434c-41e2-b6b8-e0e7dd4fa353 (type: router_ports) to 1
2026-07-01 02:00:03.781 9 INFO neutron.wsgi [None req-2a104935-9e71-4aa6-b230-21353eed5e94 57880ae6fa834c0cb2ec94c5fa286aee 29ed25ada14c4ab4a263e6ec8667d934 - - default default] 10.0.0.106 "PUT /v2.0/routers/ce97d8ac-b83c-4033-b87f-417036f17d1b/add_router_interface HTTP/1.1" status: 200 len: 503 time: 2.3789880
2026-07-01 02:00:03.845 10 INFO neutron.db.ovn_revision_numbers_db [None req-6adcc901-38b3-4a7e-87d9-b8e19a3cd69c 57880ae6fa834c0cb2ec94c5fa286aee 29ed25ada14c4ab4a263e6ec8667d934 - - default default] Successfully bumped revision number for resource df633b77-05bb-4e9e-b639-6daa4ede9fff (type: security_groups) to 1
2026-07-01 02:00:03.880 10 INFO neutron.db.ovn_revision_numbers_db [None req-6adcc901-38b3-4a7e-87d9-b8e19a3cd69c 57880ae6fa834c0cb2ec94c5fa286aee 29ed25ada14c4ab4a263e6ec8667d934 - - default default] Successfully bumped revision number for resource 49424005-73ac-4c5f-a993-34d1a52870e2 (type: security_group_rules) to 0
2026-07-01 02:00:03.917 10 INFO neutron.db.ovn_revision_numbers_db [None req-6adcc901-38b3-4a7e-87d9-b8e19a3cd69c 57880ae6fa834c0cb2ec94c5fa286aee 29ed25ada14c4ab4a263e6ec8667d934 - - default default] Successfully bumped revision number for resource 9beb69ed-ef49-483b-83bd-37ec7fb7d569 (type: security_group_rules) to 0
2026-07-01 02:00:03.945 10 INFO neutron.db.ovn_revision_numbers_db [None req-6adcc901-38b3-4a7e-87d9-b8e19a3cd69c 57880ae6fa834c0cb2ec94c5fa286aee 29ed25ada14c4ab4a263e6ec8667d934 - - default default] Successfully bumped revision number for resource a10bb2f2-1214-450a-a21d-6b63d6d3736b (type: security_group_rules) to 0
2026-07-01 02:00:03.978 9 INFO neutron.wsgi [None req-dc2864d8-d96a-409d-b0ef-3de93ade1c38 57880ae6fa834c0cb2ec94c5fa286aee 29ed25ada14c4ab4a263e6ec8667d934 - - default default] 10.0.0.106 "DELETE /v2.0/routers/e6820bfa-a632-4c29-ad71-a874d54abe76 HTTP/1.1" status: 204 len: 168 time: 1.0195379
2026-07-01 02:00:03.987 10 INFO neutron.db.ovn_revision_numbers_db [None req-6adcc901-38b3-4a7e-87d9-b8e19a3cd69c 57880ae6fa834c0cb2ec94c5fa286aee 29ed25ada14c4ab4a263e6ec8667d934 - - default default] Successfully bumped revision number for resource f55619ac-fd50-4675-84e7-0023147eb4dd (type: security_group_rules) to 0
2026-07-01 02:00:04.048 10 INFO neutron.wsgi [None req-6adcc901-38b3-4a7e-87d9-b8e19a3cd69c 57880ae6fa834c0cb2ec94c5fa286aee 29ed25ada14c4ab4a263e6ec8667d934 - - default default] 10.0.0.106 "GET /v2.0/security-groups?tenant_id=25c82ec931494ed49cc95ab32ed989e0&name=default HTTP/1.1" status: 200 len: 2996 time: 0.6127641
2026-07-01 02:00:04.111 10 INFO neutron.db.ovn_revision_numbers_db [None req-ab9e2713-dbcd-4ec7-86b9-bb03792ba8c2 - - - - - -] Successfully bumped revision number for resource 9106831f-434c-41e2-b6b8-e0e7dd4fa353 (type: ports) to 2
2026-07-01 02:00:04.320 9 INFO neutron.wsgi [None req-2bcc9616-96f5-4089-afa6-c400e58099a9 57880ae6fa834c0cb2ec94c5fa286aee 29ed25ada14c4ab4a263e6ec8667d934 - - default default] 10.0.0.106 "DELETE /v2.0/security-groups/df633b77-05bb-4e9e-b639-6daa4ede9fff HTTP/1.1" status: 204 len: 168 time: 0.2575903
2026-07-01 02:00:04.344 10 INFO neutron.db.ovn_revision_numbers_db [None req-ab9e2713-dbcd-4ec7-86b9-bb03792ba8c2 - - - - - -] Successfully bumped revision number for resource 9106831f-434c-41e2-b6b8-e0e7dd4fa353 (type: router_ports) to 2
2026-07-01 02:00:04.345 10 INFO neutron.db.ovn_revision_numbers_db [req-4b5e941e-bab1-4202-971c-dfc89397b239 req-22b14eca-e48f-4711-b723-7fa87b112c28 33807c09a3b141569c7f31706cd42290 17850ad18dc14a98ba81eb4f8051bfd3 - - default default] Successfully bumped revision number for resource ada68083-e512-4486-9c5d-bab897f287f0 (type: ports) to 5
2026-07-01 02:00:04.373 10 INFO neutron.wsgi [None req-03f01475-2166-488e-a32e-f40175c16f09 57880ae6fa834c0cb2ec94c5fa286aee 29ed25ada14c4ab4a263e6ec8667d934 - - default default] 10.0.0.106 "DELETE /v2.0/subnets/d0a89ffe-725a-4005-b41a-a89271594a69 HTTP/1.1" status: 204 len: 168 time: 0.3903146
2026-07-01 02:00:04.378 10 INFO neutron.wsgi [req-4b5e941e-bab1-4202-971c-dfc89397b239 req-22b14eca-e48f-4711-b723-7fa87b112c28 33807c09a3b141569c7f31706cd42290 17850ad18dc14a98ba81eb4f8051bfd3 - - default default] 199.204.45.169 "PUT /v2.0/ports/ada68083-e512-4486-9c5d-bab897f287f0 HTTP/1.1" status: 200 len: 1349 time: 0.8349996 /var/lib/openstack/lib/python3.10/site-packages/pycadf/identifier.py:71: UserWarning: Invalid uuid: neutron. To ensure interoperability, identifiers should be a valid uuid. warnings.warn(('Invalid uuid: %s. To ensure interoperability, '
2026-07-01 02:00:04.416 10 INFO neutron.notifiers.nova [-] Nova event matching ['req-5fa7c858-0e9f-4cd7-8f34-5d5da7657d67'] response: {'name': 'network-changed', 'server_uuid': '7327be7f-096e-4701-a83a-7cee6bc91edb', 'tag': 'ada68083-e512-4486-9c5d-bab897f287f0', 'status': 'completed', 'code': 200}
2026-07-01 02:00:04.440 10 INFO neutron.wsgi [req-4b5e941e-bab1-4202-971c-dfc89397b239 req-842be4dd-291e-4949-b52c-7b2a3209103e d78c6ffc63e14fc1a6d0cadc9ffeedf4 5505ac35fe4042c295b8fcd48b6a3b49 - - 5405da94dae646ca878ea16edcbf95e5 5405da94dae646ca878ea16edcbf95e5] 199.204.45.169 "GET /v2.0/ports?tenant_id=17850ad18dc14a98ba81eb4f8051bfd3&device_id=7327be7f-096e-4701-a83a-7cee6bc91edb HTTP/1.1" status: 200 len: 1590 time: 0.0340357
2026-07-01 02:00:04.499 10 INFO neutron.wsgi [req-4b5e941e-bab1-4202-971c-dfc89397b239 req-568b9fac-23e0-41a5-82e0-bc5068381c9d d78c6ffc63e14fc1a6d0cadc9ffeedf4 5505ac35fe4042c295b8fcd48b6a3b49 - - 5405da94dae646ca878ea16edcbf95e5 5405da94dae646ca878ea16edcbf95e5] 199.204.45.169 "GET /v2.0/networks?id=574e01b5-41af-49bc-929d-00b9c7af31e2 HTTP/1.1" status: 200 len: 982 time: 0.0510292
2026-07-01 02:00:04.529 10 INFO neutron.wsgi [req-4b5e941e-bab1-4202-971c-dfc89397b239 req-20cd8b00-13a2-46fc-8368-35ee0625741c d78c6ffc63e14fc1a6d0cadc9ffeedf4 5505ac35fe4042c295b8fcd48b6a3b49 - - 5405da94dae646ca878ea16edcbf95e5 5405da94dae646ca878ea16edcbf95e5] 199.204.45.169 "GET /v2.0/floatingips?fixed_ip_address=10.100.0.14&port_id=ada68083-e512-4486-9c5d-bab897f287f0 HTTP/1.1" status: 200 len: 217 time: 0.0230761
2026-07-01 02:00:04.569 10 INFO neutron.wsgi [req-4b5e941e-bab1-4202-971c-dfc89397b239 req-f936b86d-96bd-452e-90e9-f33c5be6ab44 d78c6ffc63e14fc1a6d0cadc9ffeedf4 5505ac35fe4042c295b8fcd48b6a3b49 - - 5405da94dae646ca878ea16edcbf95e5 5405da94dae646ca878ea16edcbf95e5] 199.204.45.169 "GET /v2.0/floatingips?fixed_ip_address=10.100.0.4&port_id=ada68083-e512-4486-9c5d-bab897f287f0 HTTP/1.1" status: 200 len: 1059 time: 0.0339000
2026-07-01 02:00:04.626 10 INFO neutron.wsgi [req-4b5e941e-bab1-4202-971c-dfc89397b239 req-caae40e6-fd10-485a-bc55-2e9fca93e1f0 d78c6ffc63e14fc1a6d0cadc9ffeedf4 5505ac35fe4042c295b8fcd48b6a3b49 - - 5405da94dae646ca878ea16edcbf95e5 5405da94dae646ca878ea16edcbf95e5] 199.204.45.169 "GET /v2.0/subnets?id=1aea051b-097a-43ea-ae91-ce2f06daaccd HTTP/1.1" status: 200 len: 877 time: 0.0510862
2026-07-01 02:00:04.654 10 INFO neutron.wsgi [req-4b5e941e-bab1-4202-971c-dfc89397b239 req-1a205a54-9f18-4806-95c1-bd7aaef0d1b4 d78c6ffc63e14fc1a6d0cadc9ffeedf4 5505ac35fe4042c295b8fcd48b6a3b49 - - 5405da94dae646ca878ea16edcbf95e5 5405da94dae646ca878ea16edcbf95e5] 199.204.45.169 "GET /v2.0/ports?network_id=574e01b5-41af-49bc-929d-00b9c7af31e2&device_owner=network%3Adhcp HTTP/1.1" status: 200 len: 210 time: 0.0204093
2026-07-01 02:00:04.695 9 INFO neutron.services.segments.plugin [-] Segment 4f4aa46e-6162-4ef8-9330-e3b55a02dca2 resource provider aggregate not found
2026-07-01 02:00:04.700 9 INFO neutron.services.segments.plugin [-] Segment 4f4aa46e-6162-4ef8-9330-e3b55a02dca2 resource provider aggregate not found
2026-07-01 02:00:04.713 9 INFO neutron.services.segments.plugin [-] Segment 4f4aa46e-6162-4ef8-9330-e3b55a02dca2 resource provider not found; error: Placement Client Error (4xx): {"errors": [{"status": 404, "title": "Not Found", "detail": "The resource could not be found.\n\n No resource provider with uuid 4f4aa46e-6162-4ef8-9330-e3b55a02dca2 found for delete ", "request_id": "req-f079370e-8279-4e0f-82b3-1859d61ca9f1"}]}
2026-07-01 02:00:04.716 10 INFO neutron.wsgi [req-4b5e941e-bab1-4202-971c-dfc89397b239 req-4b8dcadf-4034-480f-8cee-4d859c4e64a6 d78c6ffc63e14fc1a6d0cadc9ffeedf4 5505ac35fe4042c295b8fcd48b6a3b49 - - 5405da94dae646ca878ea16edcbf95e5 5405da94dae646ca878ea16edcbf95e5] 199.204.45.169 "GET /v2.0/networks/574e01b5-41af-49bc-929d-00b9c7af31e2?fields=segments HTTP/1.1" status: 200 len: 212 time: 0.0563231
2026-07-01 02:00:04.720 9 INFO neutron.services.segments.plugin [-] Segment 4f4aa46e-6162-4ef8-9330-e3b55a02dca2 resource provider not found; error: Placement Client Error (4xx): {"errors": [{"status": 404, "title": "Not Found", "detail": "The resource could not be found.\n\n No resource provider with uuid 4f4aa46e-6162-4ef8-9330-e3b55a02dca2 found for delete ", "request_id": "req-287ee83d-ac15-474e-974c-56f81528bb83"}]}
2026-07-01 02:00:04.770 9 INFO neutron.wsgi [None req-08d3d1a4-0c7a-473f-878b-93c01ff59d97 57880ae6fa834c0cb2ec94c5fa286aee 29ed25ada14c4ab4a263e6ec8667d934 - - default default] 10.0.0.106 "DELETE /v2.0/networks/add95db5-5e8f-4fb5-b636-199732195609 HTTP/1.1" status: 204 len: 168 time: 0.3914084
2026-07-01 02:00:04.784 10 INFO neutron.wsgi [req-4b5e941e-bab1-4202-971c-dfc89397b239 req-2d78193f-0ba4-486a-8d86-afe2cb992990 d78c6ffc63e14fc1a6d0cadc9ffeedf4 5505ac35fe4042c295b8fcd48b6a3b49 - - 5405da94dae646ca878ea16edcbf95e5 5405da94dae646ca878ea16edcbf95e5] 199.204.45.169 "GET /v2.0/networks/574e01b5-41af-49bc-929d-00b9c7af31e2?fields=provider%3Aphysical_network&fields=provider%3Anetwork_type HTTP/1.1" status: 200 len: 277 time: 0.0653660
2026-07-01 02:00:04.856 10 INFO neutron.wsgi [req-4789045c-3253-458d-a4c9-687f813a1835 req-50ac510d-ee10-4a19-93b9-855a77a36613 d78c6ffc63e14fc1a6d0cadc9ffeedf4 5505ac35fe4042c295b8fcd48b6a3b49 - - 5405da94dae646ca878ea16edcbf95e5 5405da94dae646ca878ea16edcbf95e5] 199.204.45.169 "GET /v2.0/ports?tenant_id=17850ad18dc14a98ba81eb4f8051bfd3&device_id=7327be7f-096e-4701-a83a-7cee6bc91edb HTTP/1.1" status: 200 len: 1590 time: 0.0354142
