2026-07-01 02:01:33.152 9 INFO neutron.db.ovn_revision_numbers_db [None req-75ff678b-b6ae-4ba0-a0ea-1f2831680191 e20d4cf0812f4c7ebe83a6a2340d5df8 63ac75df70e048c9bce23cea438f4f0f - - default default] Successfully bumped revision number for resource dd4ecac2-c13c-44a6-b29c-bc48ac4b861a (type: security_group_rules) to 0
2026-07-01 02:01:33.169 9 INFO neutron.wsgi [req-4a2fff81-431e-4267-8646-3ef9867d13d3 req-84d18baf-af2c-4f23-9ba8-bf54bff0b37c 1bf564391d864b4c8d87f4b017499896 c343694f369b4cea82c53c51132402b3 - - default default] 10.0.0.77 "GET /v2.0/ports?device_id=33dff4df-6b20-4f97-ad02-58442fa49004 HTTP/1.1" status: 200 len: 210 time: 0.0392089
2026-07-01 02:01:33.245 9 INFO neutron.db.segments_db [None req-75ff678b-b6ae-4ba0-a0ea-1f2831680191 e20d4cf0812f4c7ebe83a6a2340d5df8 63ac75df70e048c9bce23cea438f4f0f - - default default] Added segment bacc0238-266c-4acf-b820-8f46fee41b63 of type geneve for network d6ba79e0-4c95-4020-b7ad-37dc60fcffc6
2026-07-01 02:01:33.247 10 INFO neutron.wsgi [None req-65166f5e-0e24-4bed-823c-af305ac84d02 57880ae6fa834c0cb2ec94c5fa286aee 29ed25ada14c4ab4a263e6ec8667d934 - - default default] 10.0.0.106 "DELETE /v2.0/security-groups/369dec41-f332-44ff-88be-028deda43bd4 HTTP/1.1" status: 204 len: 168 time: 0.8960853
2026-07-01 02:01:33.428 10 WARNING neutron.scheduler.dhcp_agent_scheduler [None req-008d7218-fe70-46db-a4b1-6642cacff2f0 466a01ceaae64b4e9412079ebf6182e8 8c42b90be51146ba930eb5aac298a5c1 - - default default] No more DHCP agents
2026-07-01 02:01:33.433 10 WARNING neutron.api.rpc.agentnotifiers.dhcp_rpc_agent_api [None req-008d7218-fe70-46db-a4b1-6642cacff2f0 466a01ceaae64b4e9412079ebf6182e8 8c42b90be51146ba930eb5aac298a5c1 - - default default] Unable to schedule network 3ba1e512-58ef-454a-94c3-8f9c3f57b465: no agents available; will retry on subsequent port and subnet creation events.
2026-07-01 02:01:33.494 9 INFO neutron.db.ovn_revision_numbers_db [None req-75ff678b-b6ae-4ba0-a0ea-1f2831680191 e20d4cf0812f4c7ebe83a6a2340d5df8 63ac75df70e048c9bce23cea438f4f0f - - default default] Successfully bumped revision number for resource d6ba79e0-4c95-4020-b7ad-37dc60fcffc6 (type: networks) to 1
2026-07-01 02:01:33.570 10 INFO neutron.db.ovn_revision_numbers_db [None req-008d7218-fe70-46db-a4b1-6642cacff2f0 466a01ceaae64b4e9412079ebf6182e8 8c42b90be51146ba930eb5aac298a5c1 - - default default] Successfully bumped revision number for resource ed4de289-0617-41de-a2a8-dfe7ca66f8e8 (type: ports) to 1
2026-07-01 02:01:33.606 10 INFO neutron.wsgi [None req-008d7218-fe70-46db-a4b1-6642cacff2f0 466a01ceaae64b4e9412079ebf6182e8 8c42b90be51146ba930eb5aac298a5c1 - - default default] 10.0.0.106 "POST /v2.0/networks HTTP/1.1" status: 201 len: 847 time: 1.3825417
2026-07-01 02:01:33.757 9 WARNING neutron.scheduler.dhcp_agent_scheduler [None req-75ff678b-b6ae-4ba0-a0ea-1f2831680191 e20d4cf0812f4c7ebe83a6a2340d5df8 63ac75df70e048c9bce23cea438f4f0f - - default default] No more DHCP agents
2026-07-01 02:01:33.774 9 WARNING neutron.api.rpc.agentnotifiers.dhcp_rpc_agent_api [None req-75ff678b-b6ae-4ba0-a0ea-1f2831680191 e20d4cf0812f4c7ebe83a6a2340d5df8 63ac75df70e048c9bce23cea438f4f0f - - default default] Unable to schedule network d6ba79e0-4c95-4020-b7ad-37dc60fcffc6: no agents available; will retry on subsequent port and subnet creation events.
2026-07-01 02:01:33.858 9 INFO neutron.db.ovn_revision_numbers_db [None req-813c3f40-0563-45f8-99a0-a8eb517aa8d7 466a01ceaae64b4e9412079ebf6182e8 8c42b90be51146ba930eb5aac298a5c1 - - default default] Successfully bumped revision number for resource 3ba1e512-58ef-454a-94c3-8f9c3f57b465 (type: networks) to 2
2026-07-01 02:01:33.862 9 INFO neutron.wsgi [None req-813c3f40-0563-45f8-99a0-a8eb517aa8d7 466a01ceaae64b4e9412079ebf6182e8 8c42b90be51146ba930eb5aac298a5c1 - - default default] 10.0.0.106 "PUT /v2.0/networks/3ba1e512-58ef-454a-94c3-8f9c3f57b465 HTTP/1.1" status: 200 len: 792 time: 0.2392263
2026-07-01 02:01:33.889 9 INFO neutron.db.ovn_revision_numbers_db [None req-75ff678b-b6ae-4ba0-a0ea-1f2831680191 e20d4cf0812f4c7ebe83a6a2340d5df8 63ac75df70e048c9bce23cea438f4f0f - - default default] Successfully bumped revision number for resource 2baac02e-2737-4884-8b29-1bc7875e69a1 (type: ports) to 1
2026-07-01 02:01:33.914 9 INFO neutron.wsgi [None req-75ff678b-b6ae-4ba0-a0ea-1f2831680191 e20d4cf0812f4c7ebe83a6a2340d5df8 63ac75df70e048c9bce23cea438f4f0f - - default default] 10.0.0.106 "POST /v2.0/networks HTTP/1.1" status: 201 len: 829 time: 1.4943018
2026-07-01 02:01:34.054 9 INFO neutron.db.segments_db [None req-1fccc5ba-a52a-4657-ad91-030f5ef137b9 e20d4cf0812f4c7ebe83a6a2340d5df8 63ac75df70e048c9bce23cea438f4f0f - - default default] Added segment 88f4976c-f238-4029-a4f6-619e960e184d of type geneve for network 9487ddb0-1da9-409f-a974-15090812ca4a
2026-07-01 02:01:34.115 9 INFO neutron.notifiers.nova [-] Nova event matching ['req-fe1e6c2b-7bd5-4f27-adc3-df04c5a2720c'] response: {'server_uuid': '33dff4df-6b20-4f97-ad02-58442fa49004', 'name': 'network-vif-plugged', 'status': 'completed', 'tag': '7230f12d-a5e2-499e-b10f-3261dd59bb21', 'code': 200}
2026-07-01 02:01:34.115 9 INFO neutron.notifiers.nova [-] Nova event matching ['req-fe1e6c2b-7bd5-4f27-adc3-df04c5a2720c'] response: {'server_uuid': '33dff4df-6b20-4f97-ad02-58442fa49004', 'name': 'network-vif-deleted', 'tag': '7230f12d-a5e2-499e-b10f-3261dd59bb21', 'status': 'completed', 'code': 200}
2026-07-01 02:01:34.339 9 INFO neutron.db.ovn_revision_numbers_db [None req-1fccc5ba-a52a-4657-ad91-030f5ef137b9 e20d4cf0812f4c7ebe83a6a2340d5df8 63ac75df70e048c9bce23cea438f4f0f - - default default] Successfully bumped revision number for resource 9487ddb0-1da9-409f-a974-15090812ca4a (type: networks) to 1
2026-07-01 02:01:34.347 10 WARNING neutron.scheduler.dhcp_agent_scheduler [None req-708d2b40-2f95-4a7a-9617-dfe17f8cb285 466a01ceaae64b4e9412079ebf6182e8 8c42b90be51146ba930eb5aac298a5c1 - - default default] No more DHCP agents
2026-07-01 02:01:34.351 10 WARNING neutron.api.rpc.agentnotifiers.dhcp_rpc_agent_api [None req-708d2b40-2f95-4a7a-9617-dfe17f8cb285 466a01ceaae64b4e9412079ebf6182e8 8c42b90be51146ba930eb5aac298a5c1 - - default default] Unable to schedule network 3ba1e512-58ef-454a-94c3-8f9c3f57b465: no agents available; will retry on subsequent port and subnet creation events.
2026-07-01 02:01:34.384 10 INFO neutron.db.ovn_revision_numbers_db [None req-708d2b40-2f95-4a7a-9617-dfe17f8cb285 466a01ceaae64b4e9412079ebf6182e8 8c42b90be51146ba930eb5aac298a5c1 - - default default] Successfully bumped revision number for resource 65bc98e0-928a-4903-8f3d-c9158ecf0c0b (type: subnets) to 0
2026-07-01 02:01:34.404 10 INFO neutron.wsgi [None req-708d2b40-2f95-4a7a-9617-dfe17f8cb285 466a01ceaae64b4e9412079ebf6182e8 8c42b90be51146ba930eb5aac298a5c1 - - default default] 10.0.0.106 "POST /v2.0/subnets HTTP/1.1" status: 201 len: 821 time: 0.5314693
2026-07-01 02:01:34.546 9 INFO neutron.wsgi [None req-1abf801c-be55-421a-8cdd-a69b91f72d15 1bf564391d864b4c8d87f4b017499896 c343694f369b4cea82c53c51132402b3 - - default default] 10.0.0.106 "DELETE /v2.0/security-groups/376d5113-1b61-40e4-bebc-c987c075444b HTTP/1.1" status: 204 len: 168 time: 0.2283840
2026-07-01 02:01:34.567 9 WARNING neutron.scheduler.dhcp_agent_scheduler [None req-1fccc5ba-a52a-4657-ad91-030f5ef137b9 e20d4cf0812f4c7ebe83a6a2340d5df8 63ac75df70e048c9bce23cea438f4f0f - - default default] No more DHCP agents
2026-07-01 02:01:34.569 9 WARNING neutron.api.rpc.agentnotifiers.dhcp_rpc_agent_api [None req-1fccc5ba-a52a-4657-ad91-030f5ef137b9 e20d4cf0812f4c7ebe83a6a2340d5df8 63ac75df70e048c9bce23cea438f4f0f - - default default] Unable to schedule network 9487ddb0-1da9-409f-a974-15090812ca4a: no agents available; will retry on subsequent port and subnet creation events.
2026-07-01 02:01:34.569 10 INFO neutron.api.v2.resource [None req-a2fb83dd-2e90-419f-a0da-e155ac6500fa 1bf564391d864b4c8d87f4b017499896 c343694f369b4cea82c53c51132402b3 - - default default] show failed (client error): The resource could not be found.
2026-07-01 02:01:34.571 10 INFO neutron.wsgi [None req-a2fb83dd-2e90-419f-a0da-e155ac6500fa 1bf564391d864b4c8d87f4b017499896 c343694f369b4cea82c53c51132402b3 - - default default] 10.0.0.106 "GET /v2.0/security-groups/376d5113-1b61-40e4-bebc-c987c075444b HTTP/1.1" status: 404 len: 347 time: 0.0192721
2026-07-01 02:01:34.684 9 INFO neutron.db.ovn_revision_numbers_db [None req-1fccc5ba-a52a-4657-ad91-030f5ef137b9 e20d4cf0812f4c7ebe83a6a2340d5df8 63ac75df70e048c9bce23cea438f4f0f - - default default] Successfully bumped revision number for resource 383f2920-0d5b-456a-b584-12cb7e782da4 (type: ports) to 1
2026-07-01 02:01:34.715 9 INFO neutron.wsgi [None req-1fccc5ba-a52a-4657-ad91-030f5ef137b9 e20d4cf0812f4c7ebe83a6a2340d5df8 63ac75df70e048c9bce23cea438f4f0f - - default default] 10.0.0.106 "POST /v2.0/networks HTTP/1.1" status: 201 len: 829 time: 0.7960691
2026-07-01 02:01:34.913 9 INFO neutron.wsgi [None req-62f8da06-75a6-4f40-ba6e-ea952ccaa6a9 1bf564391d864b4c8d87f4b017499896 c343694f369b4cea82c53c51132402b3 - - default default] 10.0.0.106 "DELETE /v2.0/floatingips/ec86876a-9361-4107-ba4b-209a37a28e6b HTTP/1.1" status: 204 len: 168 time: 0.3351405
2026-07-01 02:01:35.038 10 WARNING neutron.scheduler.dhcp_agent_scheduler [None req-3d99985d-82e0-48eb-ab1b-b6d9ec1a6559 e20d4cf0812f4c7ebe83a6a2340d5df8 63ac75df70e048c9bce23cea438f4f0f - - default default] No more DHCP agents
2026-07-01 02:01:35.046 10 WARNING neutron.api.rpc.agentnotifiers.dhcp_rpc_agent_api [None req-3d99985d-82e0-48eb-ab1b-b6d9ec1a6559 e20d4cf0812f4c7ebe83a6a2340d5df8 63ac75df70e048c9bce23cea438f4f0f - - default default] Unable to schedule network d6ba79e0-4c95-4020-b7ad-37dc60fcffc6: no agents available; will retry on subsequent port and subnet creation events.
2026-07-01 02:01:35.349 10 INFO neutron.db.ovn_revision_numbers_db [None req-8b2dec4b-609e-4b43-a98e-ff74423eb822 466a01ceaae64b4e9412079ebf6182e8 8c42b90be51146ba930eb5aac298a5c1 - - default default] Successfully bumped revision number for resource ed4de289-0617-41de-a2a8-dfe7ca66f8e8 (type: ports) to 2
2026-07-01 02:01:35.393 10 INFO neutron.db.ovn_revision_numbers_db [None req-8b2dec4b-609e-4b43-a98e-ff74423eb822 466a01ceaae64b4e9412079ebf6182e8 8c42b90be51146ba930eb5aac298a5c1 - - default default] Successfully bumped revision number for resource 65bc98e0-928a-4903-8f3d-c9158ecf0c0b (type: subnets) to 1
2026-07-01 02:01:35.396 10 INFO neutron.wsgi [None req-8b2dec4b-609e-4b43-a98e-ff74423eb822 466a01ceaae64b4e9412079ebf6182e8 8c42b90be51146ba930eb5aac298a5c1 - - default default] 10.0.0.106 "PUT /v2.0/subnets/65bc98e0-928a-4903-8f3d-c9158ecf0c0b HTTP/1.1" status: 200 len: 826 time: 0.9815936
2026-07-01 02:01:35.622 10 INFO neutron.db.ovn_revision_numbers_db [None req-3d99985d-82e0-48eb-ab1b-b6d9ec1a6559 e20d4cf0812f4c7ebe83a6a2340d5df8 63ac75df70e048c9bce23cea438f4f0f - - default default] Successfully bumped revision number for resource 2baac02e-2737-4884-8b29-1bc7875e69a1 (type: ports) to 2
2026-07-01 02:01:35.654 10 INFO neutron.db.ovn_revision_numbers_db [None req-3d99985d-82e0-48eb-ab1b-b6d9ec1a6559 e20d4cf0812f4c7ebe83a6a2340d5df8 63ac75df70e048c9bce23cea438f4f0f - - default default] Successfully bumped revision number for resource 13b61e5b-e5e4-4ce6-8c9a-8d683e7ce984 (type: subnets) to 0
2026-07-01 02:01:35.671 10 INFO neutron.wsgi [None req-3d99985d-82e0-48eb-ab1b-b6d9ec1a6559 e20d4cf0812f4c7ebe83a6a2340d5df8 63ac75df70e048c9bce23cea438f4f0f - - default default] 10.0.0.106 "POST /v2.0/subnets HTTP/1.1" status: 201 len: 801 time: 0.9499080
2026-07-01 02:01:35.899 10 WARNING neutron.scheduler.dhcp_agent_scheduler [None req-0b95c9cd-fc53-4bb9-8b11-ead526d72732 e20d4cf0812f4c7ebe83a6a2340d5df8 63ac75df70e048c9bce23cea438f4f0f - - default default] No more DHCP agents
2026-07-01 02:01:35.906 10 WARNING neutron.api.rpc.agentnotifiers.dhcp_rpc_agent_api [None req-0b95c9cd-fc53-4bb9-8b11-ead526d72732 e20d4cf0812f4c7ebe83a6a2340d5df8 63ac75df70e048c9bce23cea438f4f0f - - default default] Unable to schedule network 9487ddb0-1da9-409f-a974-15090812ca4a: no agents available; will retry on subsequent port and subnet creation events.
2026-07-01 02:01:35.927 9 INFO neutron.db.ovn_revision_numbers_db [None req-3edf896d-6c21-48c8-8a27-9da110be681e 2c4f59b323e5456296a9fd148495f090 f9fc4afa1037453ea153f24b91932eda - - default default] Successfully bumped revision number for resource 813d43ac-1a96-46a3-914a-eca01458cd5b (type: security_groups) to 1
2026-07-01 02:01:35.965 9 INFO neutron.db.ovn_revision_numbers_db [None req-3edf896d-6c21-48c8-8a27-9da110be681e 2c4f59b323e5456296a9fd148495f090 f9fc4afa1037453ea153f24b91932eda - - default default] Successfully bumped revision number for resource 179e31e8-c81c-4945-bdd6-ce2b70efa894 (type: security_group_rules) to 0
2026-07-01 02:01:35.997 9 INFO neutron.db.ovn_revision_numbers_db [None req-3edf896d-6c21-48c8-8a27-9da110be681e 2c4f59b323e5456296a9fd148495f090 f9fc4afa1037453ea153f24b91932eda - - default default] Successfully bumped revision number for resource 48714619-3e35-4b2e-9d7e-437ed1a42395 (type: security_group_rules) to 0
2026-07-01 02:01:36.022 9 INFO neutron.db.ovn_revision_numbers_db [None req-3edf896d-6c21-48c8-8a27-9da110be681e 2c4f59b323e5456296a9fd148495f090 f9fc4afa1037453ea153f24b91932eda - - default default] Successfully bumped revision number for resource ba15b4d1-7b6b-4a0b-a601-81922615c426 (type: security_group_rules) to 0
2026-07-01 02:01:36.048 9 INFO neutron.db.ovn_revision_numbers_db [None req-3edf896d-6c21-48c8-8a27-9da110be681e 2c4f59b323e5456296a9fd148495f090 f9fc4afa1037453ea153f24b91932eda - - default default] Successfully bumped revision number for resource f26390f9-3afe-4cfb-9b3b-c61dc3612c2e (type: security_group_rules) to 0
2026-07-01 02:01:36.117 9 INFO neutron.db.segments_db [None req-3edf896d-6c21-48c8-8a27-9da110be681e 2c4f59b323e5456296a9fd148495f090 f9fc4afa1037453ea153f24b91932eda - - default default] Added segment d20b0bca-00af-43fd-86cf-aa194012923e of type geneve for network 386661fe-3745-4cc5-8fb0-1d1e95695321
2026-07-01 02:01:36.194 9 INFO neutron.wsgi [None req-4b97e84c-3a83-455d-98c4-24cc58e2c7d8 57880ae6fa834c0cb2ec94c5fa286aee 29ed25ada14c4ab4a263e6ec8667d934 - - default default] 10.0.0.106 "PUT /v2.0/routers/9372d9ff-d85d-474b-b1f7-3213eb3ae2d0/remove_router_interface HTTP/1.1" status: 200 len: 503 time: 1.2761440 /var/lib/openstack/lib/python3.10/site-packages/pycadf/identifier.py:71: UserWarning: Invalid uuid: neutron. To ensure interoperability, identifiers should be a valid uuid. warnings.warn(('Invalid uuid: %s. To ensure interoperability, '
2026-07-01 02:01:36.414 10 INFO neutron.db.ovn_revision_numbers_db [None req-0b95c9cd-fc53-4bb9-8b11-ead526d72732 e20d4cf0812f4c7ebe83a6a2340d5df8 63ac75df70e048c9bce23cea438f4f0f - - default default] Successfully bumped revision number for resource 383f2920-0d5b-456a-b584-12cb7e782da4 (type: ports) to 2
2026-07-01 02:01:36.416 9 INFO neutron.db.ovn_revision_numbers_db [None req-3edf896d-6c21-48c8-8a27-9da110be681e 2c4f59b323e5456296a9fd148495f090 f9fc4afa1037453ea153f24b91932eda - - default default] Successfully bumped revision number for resource 386661fe-3745-4cc5-8fb0-1d1e95695321 (type: networks) to 1
2026-07-01 02:01:36.444 10 INFO neutron.db.ovn_revision_numbers_db [None req-0b95c9cd-fc53-4bb9-8b11-ead526d72732 e20d4cf0812f4c7ebe83a6a2340d5df8 63ac75df70e048c9bce23cea438f4f0f - - default default] Successfully bumped revision number for resource dbbb5180-a725-405c-8fef-aa3c5ab6ef8c (type: subnets) to 0
2026-07-01 02:01:36.458 10 INFO neutron.wsgi [None req-0b95c9cd-fc53-4bb9-8b11-ead526d72732 e20d4cf0812f4c7ebe83a6a2340d5df8 63ac75df70e048c9bce23cea438f4f0f - - default default] 10.0.0.106 "POST /v2.0/subnets HTTP/1.1" status: 201 len: 801 time: 0.7821226
2026-07-01 02:01:36.509 9 INFO neutron.services.segments.plugin [-] Segment 60445fd7-39a5-4317-adbc-94800af60363 resource provider aggregate not found
2026-07-01 02:01:36.515 9 INFO neutron.services.segments.plugin [-] Segment 60445fd7-39a5-4317-adbc-94800af60363 resource provider aggregate not found
2026-07-01 02:01:36.528 9 INFO neutron.services.segments.plugin [-] Segment 60445fd7-39a5-4317-adbc-94800af60363 resource provider not found; error: Placement Client Error (4xx): {"errors": [{"status": 404, "title": "Not Found", "detail": "The resource could not be found.\n\n No resource provider with uuid 60445fd7-39a5-4317-adbc-94800af60363 found for delete ", "request_id": "req-8a1f576d-190f-4c3f-96af-ad1a333e3087"}]}
2026-07-01 02:01:36.537 9 INFO neutron.services.segments.plugin [-] Segment 60445fd7-39a5-4317-adbc-94800af60363 resource provider not found; error: Placement Client Error (4xx): {"errors": [{"status": 404, "title": "Not Found", "detail": "The resource could not be found.\n\n No resource provider with uuid 60445fd7-39a5-4317-adbc-94800af60363 found for delete ", "request_id": "req-06f21123-23db-4fc0-ae5a-3fe43823c7b3"}]}
2026-07-01 02:01:36.577 9 INFO neutron.wsgi [None req-43b18433-acfb-4d91-b0d6-c61c463c9020 466a01ceaae64b4e9412079ebf6182e8 8c42b90be51146ba930eb5aac298a5c1 - - default default] 10.0.0.106 "DELETE /v2.0/networks/3ba1e512-58ef-454a-94c3-8f9c3f57b465 HTTP/1.1" status: 204 len: 168 time: 1.1753914
2026-07-01 02:01:36.595 10 INFO neutron.pecan_wsgi.hooks.translation [None req-dd59137c-d3dc-4b74-a29d-fd95be13bc10 466a01ceaae64b4e9412079ebf6182e8 8c42b90be51146ba930eb5aac298a5c1 - - default default] DELETE failed (client error): The resource could not be found.
2026-07-01 02:01:36.597 10 INFO neutron.wsgi [None req-dd59137c-d3dc-4b74-a29d-fd95be13bc10 466a01ceaae64b4e9412079ebf6182e8 8c42b90be51146ba930eb5aac298a5c1 - - default default] 10.0.0.106 "DELETE /v2.0/networks/3ba1e512-58ef-454a-94c3-8f9c3f57b465 HTTP/1.1" status: 404 len: 339 time: 0.0138316
2026-07-01 02:01:36.671 10 INFO neutron.db.ovn_revision_numbers_db [None req-0d2061b3-1fe1-4a42-aa80-7bf1667acbae e20d4cf0812f4c7ebe83a6a2340d5df8 63ac75df70e048c9bce23cea438f4f0f - - default default] Successfully bumped revision number for resource dc82b1e6-bb3d-46d2-b9a4-ec7d0793fe52 (type: routers) to 1
2026-07-01 02:01:36.683 10 INFO neutron.wsgi [None req-0d2061b3-1fe1-4a42-aa80-7bf1667acbae e20d4cf0812f4c7ebe83a6a2340d5df8 63ac75df70e048c9bce23cea438f4f0f - - default default] 10.0.0.106 "POST /v2.0/routers HTTP/1.1" status: 201 len: 686 time: 0.2188046
2026-07-01 02:01:36.769 9 INFO neutron.wsgi [None req-b8396394-e730-4a88-a7c4-106fc260e793 466a01ceaae64b4e9412079ebf6182e8 8c42b90be51146ba930eb5aac298a5c1 - - default default] 10.0.0.106 "GET /v2.0/networks?router%3Aexternal=True HTTP/1.1" status: 200 len: 845 time: 0.1642282
2026-07-01 02:01:36.806 10 INFO neutron.wsgi [None req-b5621371-243d-4a29-9a10-76ac1b4a2717 466a01ceaae64b4e9412079ebf6182e8 8c42b90be51146ba930eb5aac298a5c1 - - default default] 10.0.0.106 "GET /v2.0/subnets?network_id=e7d0a970-df71-40ed-a342-6199b9f41ae1 HTTP/1.1" status: 200 len: 820 time: 0.0318356
2026-07-01 02:01:36.822 9 WARNING neutron.scheduler.dhcp_agent_scheduler [None req-3edf896d-6c21-48c8-8a27-9da110be681e 2c4f59b323e5456296a9fd148495f090 f9fc4afa1037453ea153f24b91932eda - - default default] No more DHCP agents
2026-07-01 02:01:36.824 10 INFO neutron.wsgi [None req-eaae2049-f25e-4afa-96ee-06d5a35651b2 466a01ceaae64b4e9412079ebf6182e8 8c42b90be51146ba930eb5aac298a5c1 - - default default] 10.0.0.106 "GET /v2.0/extensions HTTP/1.1" status: 200 len: 16520 time: 0.0072122
2026-07-01 02:01:36.828 9 WARNING neutron.api.rpc.agentnotifiers.dhcp_rpc_agent_api [None req-3edf896d-6c21-48c8-8a27-9da110be681e 2c4f59b323e5456296a9fd148495f090 f9fc4afa1037453ea153f24b91932eda - - default default] Unable to schedule network 386661fe-3745-4cc5-8fb0-1d1e95695321: no agents available; will retry on subsequent port and subnet creation events.
2026-07-01 02:01:36.936 10 INFO neutron.wsgi [None req-daaf119e-a3de-4278-80de-fcaa2f391f26 466a01ceaae64b4e9412079ebf6182e8 8c42b90be51146ba930eb5aac298a5c1 - - default default] 10.0.0.106 "GET /v2.0/networks HTTP/1.1" status: 200 len: 1508 time: 0.1049654
2026-07-01 02:01:36.974 9 INFO neutron.db.ovn_revision_numbers_db [None req-3edf896d-6c21-48c8-8a27-9da110be681e 2c4f59b323e5456296a9fd148495f090 f9fc4afa1037453ea153f24b91932eda - - default default] Successfully bumped revision number for resource 3c0504a8-f8bd-4004-8d4c-028c6d45e116 (type: ports) to 1
2026-07-01 02:01:37.015 9 INFO neutron.wsgi [None req-3edf896d-6c21-48c8-8a27-9da110be681e 2c4f59b323e5456296a9fd148495f090 f9fc4afa1037453ea153f24b91932eda - - default default] 10.0.0.106 "POST /v2.0/networks HTTP/1.1" status: 201 len: 847 time: 1.6679642
2026-07-01 02:01:37.198 10 INFO neutron.wsgi [None req-3cda0861-3247-4092-a84a-2b35f238fc74 466a01ceaae64b4e9412079ebf6182e8 8c42b90be51146ba930eb5aac298a5c1 - - default default] 10.0.0.106 "GET /v2.0/subnets HTTP/1.1" status: 200 len: 1460 time: 0.2534368
2026-07-01 02:01:37.267 10 INFO neutron.wsgi [None req-c891c0e8-8d23-42a3-ae3d-d17f9ae96862 466a01ceaae64b4e9412079ebf6182e8 8c42b90be51146ba930eb5aac298a5c1 - - default default] 10.0.0.106 "GET /v2.0/networks/6bce6c22-cea1-494a-87d8-9b52a2340925 HTTP/1.1" status: 200 len: 867 time: 0.0622697
2026-07-01 02:01:37.312 10 INFO neutron.wsgi [None req-3631d897-3b0d-4151-8079-8a7b34406707 466a01ceaae64b4e9412079ebf6182e8 8c42b90be51146ba930eb5aac298a5c1 - - default default] 10.0.0.106 "GET /v2.0/subnets/d28d7c67-9a14-4cc6-8962-e98505c075c0 HTTP/1.1" status: 200 len: 843 time: 0.0388229
2026-07-01 02:01:37.337 10 INFO neutron.pecan_wsgi.hooks.translation [None req-55bd6bd7-135e-4f28-b95a-65923d88e5a0 466a01ceaae64b4e9412079ebf6182e8 8c42b90be51146ba930eb5aac298a5c1 - - default default] DELETE failed (client error): The resource could not be found.
2026-07-01 02:01:37.339 10 INFO neutron.wsgi [None req-55bd6bd7-135e-4f28-b95a-65923d88e5a0 466a01ceaae64b4e9412079ebf6182e8 8c42b90be51146ba930eb5aac298a5c1 - - default default] 10.0.0.106 "DELETE /v2.0/subnets/65bc98e0-928a-4903-8f3d-c9158ecf0c0b HTTP/1.1" status: 404 len: 337 time: 0.0205212
2026-07-01 02:01:37.356 10 INFO neutron.pecan_wsgi.hooks.translation [None req-38a54b9f-eb4c-48cc-bf60-eb97b6331fb0 466a01ceaae64b4e9412079ebf6182e8 8c42b90be51146ba930eb5aac298a5c1 - - default default] DELETE failed (client error): The resource could not be found.
2026-07-01 02:01:37.358 10 INFO neutron.wsgi [None req-38a54b9f-eb4c-48cc-bf60-eb97b6331fb0 466a01ceaae64b4e9412079ebf6182e8 8c42b90be51146ba930eb5aac298a5c1 - - default default] 10.0.0.106 "DELETE /v2.0/networks/3ba1e512-58ef-454a-94c3-8f9c3f57b465 HTTP/1.1" status: 404 len: 339 time: 0.0151248
2026-07-01 02:01:37.547 10 INFO neutron.wsgi [None req-6e9dd2a8-25fd-4946-8923-abb89b2c5fd1 466a01ceaae64b4e9412079ebf6182e8 8c42b90be51146ba930eb5aac298a5c1 - - default default] 10.0.0.106 "DELETE /v2.0/subnets/d28d7c67-9a14-4cc6-8962-e98505c075c0 HTTP/1.1" status: 204 len: 168 time: 0.1843696
2026-07-01 02:01:37.558 9 WARNING neutron.scheduler.dhcp_agent_scheduler [None req-9925d3d9-3301-4a27-82f6-d1a06855f342 e20d4cf0812f4c7ebe83a6a2340d5df8 63ac75df70e048c9bce23cea438f4f0f - - default default] No more DHCP agents
2026-07-01 02:01:37.561 9 INFO neutron.wsgi [None req-223535cb-8a0a-46a4-96d8-0ba2beb08888 57880ae6fa834c0cb2ec94c5fa286aee 29ed25ada14c4ab4a263e6ec8667d934 - - default default] 10.0.0.106 "DELETE /v2.0/routers/9372d9ff-d85d-474b-b1f7-3213eb3ae2d0 HTTP/1.1" status: 204 len: 168 time: 1.3587964
2026-07-01 02:01:37.566 9 WARNING neutron.api.rpc.agentnotifiers.dhcp_rpc_agent_api [None req-9925d3d9-3301-4a27-82f6-d1a06855f342 e20d4cf0812f4c7ebe83a6a2340d5df8 63ac75df70e048c9bce23cea438f4f0f - - default default] Unable to schedule network d6ba79e0-4c95-4020-b7ad-37dc60fcffc6: no agents available; will retry on subsequent port and subnet creation events.
2026-07-01 02:01:37.649 9 WARNING neutron.scheduler.dhcp_agent_scheduler [None req-0b006bc4-34ae-4b8b-9c06-d376ae3221af 2c4f59b323e5456296a9fd148495f090 f9fc4afa1037453ea153f24b91932eda - - default default] No more DHCP agents
2026-07-01 02:01:37.654 9 WARNING neutron.api.rpc.agentnotifiers.dhcp_rpc_agent_api [None req-0b006bc4-34ae-4b8b-9c06-d376ae3221af 2c4f59b323e5456296a9fd148495f090 f9fc4afa1037453ea153f24b91932eda - - default default] Unable to schedule network 386661fe-3745-4cc5-8fb0-1d1e95695321: no agents available; will retry on subsequent port and subnet creation events.
2026-07-01 02:01:37.752 9 INFO neutron.db.ovn_revision_numbers_db [None req-0b006bc4-34ae-4b8b-9c06-d376ae3221af 2c4f59b323e5456296a9fd148495f090 f9fc4afa1037453ea153f24b91932eda - - default default] Successfully bumped revision number for resource f314f42e-c82e-453c-a443-445536c5b274 (type: ports) to 1
2026-07-01 02:01:37.778 9 INFO neutron.wsgi [None req-0b006bc4-34ae-4b8b-9c06-d376ae3221af 2c4f59b323e5456296a9fd148495f090 f9fc4afa1037453ea153f24b91932eda - - default default] 10.0.0.106 "POST /v2.0/ports HTTP/1.1" status: 201 len: 978 time: 0.7559843
2026-07-01 02:01:37.783 9 INFO neutron.db.ovn_revision_numbers_db [None req-9925d3d9-3301-4a27-82f6-d1a06855f342 e20d4cf0812f4c7ebe83a6a2340d5df8 63ac75df70e048c9bce23cea438f4f0f - - default default] Successfully bumped revision number for resource d05539ec-d982-4ff2-95f7-753838291c35 (type: ports) to 1
2026-07-01 02:01:37.825 10 INFO neutron.wsgi [None req-2f79bb91-eff1-4070-9637-46b66c2a4cf9 57880ae6fa834c0cb2ec94c5fa286aee 29ed25ada14c4ab4a263e6ec8667d934 - - default default] 10.0.0.106 "DELETE /v2.0/subnets/20d589ae-4e5c-4a67-9183-234d90664a6d HTTP/1.1" status: 204 len: 168 time: 0.2583101
2026-07-01 02:01:37.915 10 INFO neutron.db.segments_db [None req-03b43bdb-5b26-4dd7-8e38-9fb3429eb764 2c4f59b323e5456296a9fd148495f090 f9fc4afa1037453ea153f24b91932eda - - default default] Added segment 8ca5df76-b1ad-4537-8b62-f3a752ed5f68 of type geneve for network 9acab8e5-18f5-4e5c-a734-bcb129a49d5d
2026-07-01 02:01:38.011 10 INFO neutron.services.segments.plugin [-] Segment 47b5904a-41ec-4a9b-a618-f36e5cc0840d resource provider aggregate not found
2026-07-01 02:01:38.026 10 INFO neutron.services.segments.plugin [-] Segment 47b5904a-41ec-4a9b-a618-f36e5cc0840d resource provider aggregate not found
2026-07-01 02:01:38.045 10 INFO neutron.services.segments.plugin [-] Segment 47b5904a-41ec-4a9b-a618-f36e5cc0840d resource provider not found; error: Placement Client Error (4xx): {"errors": [{"status": 404, "title": "Not Found", "detail": "The resource could not be found.\n\n No resource provider with uuid 47b5904a-41ec-4a9b-a618-f36e5cc0840d found for delete ", "request_id": "req-462ef5d7-3e4b-4e06-84db-bb428d237963"}]}
2026-07-01 02:01:38.047 10 INFO neutron.services.segments.plugin [-] Segment 47b5904a-41ec-4a9b-a618-f36e5cc0840d resource provider not found; error: Placement Client Error (4xx): {"errors": [{"status": 404, "title": "Not Found", "detail": "The resource could not be found.\n\n No resource provider with uuid 47b5904a-41ec-4a9b-a618-f36e5cc0840d found for delete ", "request_id": "req-d46a983f-a536-40d3-93da-c43498fcab8c"}]}
2026-07-01 02:01:38.146 10 INFO neutron.wsgi [None req-b6e3a306-096f-4ee6-9c09-c554fd3bd261 466a01ceaae64b4e9412079ebf6182e8 8c42b90be51146ba930eb5aac298a5c1 - - default default] 10.0.0.106 "DELETE /v2.0/networks/6bce6c22-cea1-494a-87d8-9b52a2340925 HTTP/1.1" status: 204 len: 168 time: 0.5927210
2026-07-01 02:01:38.180 10 INFO neutron.db.ovn_revision_numbers_db [None req-03b43bdb-5b26-4dd7-8e38-9fb3429eb764 2c4f59b323e5456296a9fd148495f090 f9fc4afa1037453ea153f24b91932eda - - default default] Successfully bumped revision number for resource 9acab8e5-18f5-4e5c-a734-bcb129a49d5d (type: networks) to 1
2026-07-01 02:01:38.208 9 INFO neutron.plugins.ml2.drivers.ovn.mech_driver.mech_driver [None req-ab9d32e5-980d-440c-9279-1db8e8ddc9a1 - - - - - -] OVN reports status up for port: d05539ec-d982-4ff2-95f7-753838291c35
2026-07-01 02:01:38.228 9 INFO neutron.plugins.ml2.plugin [None req-ab9d32e5-980d-440c-9279-1db8e8ddc9a1 - - - - - -] Attempt 1 to provision port d05539ec-d982-4ff2-95f7-753838291c35
2026-07-01 02:01:38.250 9 INFO neutron.db.ovn_revision_numbers_db [None req-9925d3d9-3301-4a27-82f6-d1a06855f342 e20d4cf0812f4c7ebe83a6a2340d5df8 63ac75df70e048c9bce23cea438f4f0f - - default default] Successfully bumped revision number for resource d05539ec-d982-4ff2-95f7-753838291c35 (type: router_ports) to 1
2026-07-01 02:01:38.376 10 INFO neutron.wsgi [None req-2c55bfa5-0baf-40a5-8804-db193be034d5 57880ae6fa834c0cb2ec94c5fa286aee 29ed25ada14c4ab4a263e6ec8667d934 - - default default] 10.0.0.106 "DELETE /v2.0/networks/7d9b245e-37c3-4947-b680-4cdc073764f7 HTTP/1.1" status: 204 len: 168 time: 0.5449324
2026-07-01 02:01:38.400 10 WARNING neutron.scheduler.dhcp_agent_scheduler [None req-03b43bdb-5b26-4dd7-8e38-9fb3429eb764 2c4f59b323e5456296a9fd148495f090 f9fc4afa1037453ea153f24b91932eda - - default default] No more DHCP agents
2026-07-01 02:01:38.402 10 WARNING neutron.api.rpc.agentnotifiers.dhcp_rpc_agent_api [None req-03b43bdb-5b26-4dd7-8e38-9fb3429eb764 2c4f59b323e5456296a9fd148495f090 f9fc4afa1037453ea153f24b91932eda - - default default] Unable to schedule network 9acab8e5-18f5-4e5c-a734-bcb129a49d5d: no agents available; will retry on subsequent port and subnet creation events.
2026-07-01 02:01:38.435 9 INFO neutron.db.ovn_revision_numbers_db [None req-9925d3d9-3301-4a27-82f6-d1a06855f342 e20d4cf0812f4c7ebe83a6a2340d5df8 63ac75df70e048c9bce23cea438f4f0f - - default default] Successfully bumped revision number for resource d05539ec-d982-4ff2-95f7-753838291c35 (type: ports) to 1
2026-07-01 02:01:38.469 10 INFO neutron.db.ovn_revision_numbers_db [None req-03b43bdb-5b26-4dd7-8e38-9fb3429eb764 2c4f59b323e5456296a9fd148495f090 f9fc4afa1037453ea153f24b91932eda - - default default] Successfully bumped revision number for resource 8cf8d7ce-f41a-4132-add7-ade31b258f12 (type: ports) to 1
2026-07-01 02:01:38.485 10 INFO neutron.wsgi [None req-03b43bdb-5b26-4dd7-8e38-9fb3429eb764 2c4f59b323e5456296a9fd148495f090 f9fc4afa1037453ea153f24b91932eda - - default default] 10.0.0.106 "POST /v2.0/networks HTTP/1.1" status: 201 len: 835 time: 0.7007442
2026-07-01 02:01:38.553 9 WARNING neutron.scheduler.dhcp_agent_scheduler [None req-9925d3d9-3301-4a27-82f6-d1a06855f342 e20d4cf0812f4c7ebe83a6a2340d5df8 63ac75df70e048c9bce23cea438f4f0f - - default default] No more DHCP agents
2026-07-01 02:01:38.564 9 WARNING neutron.api.rpc.agentnotifiers.dhcp_rpc_agent_api [None req-9925d3d9-3301-4a27-82f6-d1a06855f342 e20d4cf0812f4c7ebe83a6a2340d5df8 63ac75df70e048c9bce23cea438f4f0f - - default default] Unable to schedule network d6ba79e0-4c95-4020-b7ad-37dc60fcffc6: no agents available; will retry on subsequent port and subnet creation events.
2026-07-01 02:01:38.586 10 INFO neutron.wsgi [None req-e9509797-8cc3-4711-acc3-c2427b37e759 57880ae6fa834c0cb2ec94c5fa286aee 29ed25ada14c4ab4a263e6ec8667d934 - - default default] 10.0.0.106 "GET /v2.0/security-groups?tenant_id=c343694f369b4cea82c53c51132402b3&name=default HTTP/1.1" status: 200 len: 2996 time: 0.0487783 /var/lib/openstack/lib/python3.10/site-packages/pycadf/identifier.py:71: UserWarning: Invalid uuid: neutron. To ensure interoperability, identifiers should be a valid uuid. warnings.warn(('Invalid uuid: %s. To ensure interoperability, '
2026-07-01 02:01:38.597 9 INFO neutron.db.ovn_revision_numbers_db [None req-ab9d32e5-980d-440c-9279-1db8e8ddc9a1 - - - - - -] Successfully bumped revision number for resource d05539ec-d982-4ff2-95f7-753838291c35 (type: ports) to 2
2026-07-01 02:01:38.697 10 WARNING neutron.scheduler.dhcp_agent_scheduler [None req-8fb37b3e-aa10-4b7d-95f6-8ccb6126c922 2c4f59b323e5456296a9fd148495f090 f9fc4afa1037453ea153f24b91932eda - - default default] No more DHCP agents
2026-07-01 02:01:38.699 10 WARNING neutron.api.rpc.agentnotifiers.dhcp_rpc_agent_api [None req-8fb37b3e-aa10-4b7d-95f6-8ccb6126c922 2c4f59b323e5456296a9fd148495f090 f9fc4afa1037453ea153f24b91932eda - - default default] Unable to schedule network 9acab8e5-18f5-4e5c-a734-bcb129a49d5d: no agents available; will retry on subsequent port and subnet creation events.
2026-07-01 02:01:38.724 10 INFO neutron.db.ovn_revision_numbers_db [None req-8fb37b3e-aa10-4b7d-95f6-8ccb6126c922 2c4f59b323e5456296a9fd148495f090 f9fc4afa1037453ea153f24b91932eda - - default default] Successfully bumped revision number for resource b3808ae0-907b-4f92-9489-823552745bdb (type: subnets) to 0
2026-07-01 02:01:38.736 10 INFO neutron.wsgi [None req-8fb37b3e-aa10-4b7d-95f6-8ccb6126c922 2c4f59b323e5456296a9fd148495f090 f9fc4afa1037453ea153f24b91932eda - - default default] 10.0.0.106 "POST /v2.0/subnets HTTP/1.1" status: 201 len: 821 time: 0.2463133
2026-07-01 02:01:38.800 10 INFO neutron.wsgi [None req-51513401-a575-4344-ac94-08e8473ea951 57880ae6fa834c0cb2ec94c5fa286aee 29ed25ada14c4ab4a263e6ec8667d934 - - default default] 10.0.0.106 "GET /v2.0/security-groups?tenant_id=8c42b90be51146ba930eb5aac298a5c1&name=default HTTP/1.1" status: 200 len: 2996 time: 0.1423109
2026-07-01 02:01:38.835 9 INFO neutron.db.ovn_revision_numbers_db [None req-ab9d32e5-980d-440c-9279-1db8e8ddc9a1 - - - - - -] Successfully bumped revision number for resource d05539ec-d982-4ff2-95f7-753838291c35 (type: router_ports) to 2
2026-07-01 02:01:38.873 9 INFO neutron.db.ovn_revision_numbers_db [None req-9925d3d9-3301-4a27-82f6-d1a06855f342 e20d4cf0812f4c7ebe83a6a2340d5df8 63ac75df70e048c9bce23cea438f4f0f - - default default] Successfully bumped revision number for resource d05539ec-d982-4ff2-95f7-753838291c35 (type: router_ports) to 2
2026-07-01 02:01:38.876 9 INFO neutron.wsgi [None req-9925d3d9-3301-4a27-82f6-d1a06855f342 e20d4cf0812f4c7ebe83a6a2340d5df8 63ac75df70e048c9bce23cea438f4f0f - - default default] 10.0.0.106 "PUT /v2.0/routers/dc82b1e6-bb3d-46d2-b9a4-ec7d0793fe52/add_router_interface HTTP/1.1" status: 200 len: 503 time: 2.1880088
2026-07-01 02:01:39.008 9 INFO neutron.wsgi [None req-1618a49e-d92b-46ef-b588-3a4896e3aec2 e20d4cf0812f4c7ebe83a6a2340d5df8 63ac75df70e048c9bce23cea438f4f0f - - default default] 10.0.0.106 "GET /v2.0/ports/d05539ec-d982-4ff2-95f7-753838291c35 HTTP/1.1" status: 200 len: 1137 time: 0.1249685
2026-07-01 02:01:39.066 9 INFO neutron.wsgi [None req-476e0a2b-732c-4303-8294-f53ee837beeb 57880ae6fa834c0cb2ec94c5fa286aee 29ed25ada14c4ab4a263e6ec8667d934 - - default default] 10.0.0.106 "DELETE /v2.0/security-groups/e30329ca-16ac-4c08-ac5e-ff0647003517 HTTP/1.1" status: 204 len: 168 time: 0.4747133
2026-07-01 02:01:39.076 10 INFO neutron.wsgi [None req-de8e27d7-6170-4dab-bcb6-312b4b94859e 57880ae6fa834c0cb2ec94c5fa286aee 29ed25ada14c4ab4a263e6ec8667d934 - - default default] 10.0.0.106 "DELETE /v2.0/security-groups/125aaf17-55e4-4245-8173-df84b0c9eccf HTTP/1.1" status: 204 len: 168 time: 0.2715757
2026-07-01 02:01:39.110 10 WARNING neutron.scheduler.dhcp_agent_scheduler [None req-434b619a-f617-491f-8071-88b7c8882474 2c4f59b323e5456296a9fd148495f090 f9fc4afa1037453ea153f24b91932eda - - default default] No more DHCP agents
2026-07-01 02:01:39.112 10 WARNING neutron.api.rpc.agentnotifiers.dhcp_rpc_agent_api [None req-434b619a-f617-491f-8071-88b7c8882474 2c4f59b323e5456296a9fd148495f090 f9fc4afa1037453ea153f24b91932eda - - default default] Unable to schedule network 9acab8e5-18f5-4e5c-a734-bcb129a49d5d: no agents available; will retry on subsequent port and subnet creation events.
2026-07-01 02:01:39.221 10 INFO neutron.db.ovn_revision_numbers_db [None req-434b619a-f617-491f-8071-88b7c8882474 2c4f59b323e5456296a9fd148495f090 f9fc4afa1037453ea153f24b91932eda - - default default] Successfully bumped revision number for resource 66e53ac6-3517-461d-bfd8-cd583577b170 (type: ports) to 1
2026-07-01 02:01:39.243 10 INFO neutron.wsgi [None req-434b619a-f617-491f-8071-88b7c8882474 2c4f59b323e5456296a9fd148495f090 f9fc4afa1037453ea153f24b91932eda - - default default] 10.0.0.106 "POST /v2.0/ports HTTP/1.1" status: 201 len: 1161 time: 0.5003295
2026-07-01 02:01:39.482 9 WARNING neutron.scheduler.dhcp_agent_scheduler [None req-746fea75-60af-4f71-9101-22f130776703 e20d4cf0812f4c7ebe83a6a2340d5df8 63ac75df70e048c9bce23cea438f4f0f - - default default] No more DHCP agents
2026-07-01 02:01:39.485 9 INFO neutron.wsgi [-] 10.0.0.42 "GET / HTTP/1.1" status: 200 len: 247 time: 0.0012188
2026-07-01 02:01:39.486 10 INFO neutron.wsgi [-] 10.0.0.42 "GET / HTTP/1.1" status: 200 len: 247 time: 0.0022454
2026-07-01 02:01:39.488 9 WARNING neutron.api.rpc.agentnotifiers.dhcp_rpc_agent_api [None req-746fea75-60af-4f71-9101-22f130776703 e20d4cf0812f4c7ebe83a6a2340d5df8 63ac75df70e048c9bce23cea438f4f0f - - default default] Unable to schedule network 9487ddb0-1da9-409f-a974-15090812ca4a: no agents available; will retry on subsequent port and subnet creation events.
2026-07-01 02:01:39.574 9 INFO neutron.wsgi [None req-f48af98d-7f36-4b7d-abf5-5034e7421f11 2c4f59b323e5456296a9fd148495f090 f9fc4afa1037453ea153f24b91932eda - - default default] 10.0.0.106 "DELETE /v2.0/ports/66e53ac6-3517-461d-bfd8-cd583577b170 HTTP/1.1" status: 204 len: 168 time: 0.3257034
2026-07-01 02:01:39.595 9 INFO neutron.pecan_wsgi.hooks.translation [None req-b569c4c3-8ee2-44cb-88af-268219320607 2c4f59b323e5456296a9fd148495f090 f9fc4afa1037453ea153f24b91932eda - - default default] DELETE failed (client error): The resource could not be found.
2026-07-01 02:01:39.597 9 INFO neutron.wsgi [None req-b569c4c3-8ee2-44cb-88af-268219320607 2c4f59b323e5456296a9fd148495f090 f9fc4afa1037453ea153f24b91932eda - - default default] 10.0.0.106 "DELETE /v2.0/ports/66e53ac6-3517-461d-bfd8-cd583577b170 HTTP/1.1" status: 404 len: 333 time: 0.0172038 /var/lib/openstack/lib/python3.10/site-packages/pycadf/identifier.py:71: UserWarning: Invalid uuid: neutron. To ensure interoperability, identifiers should be a valid uuid. warnings.warn(('Invalid uuid: %s. To ensure interoperability, '
2026-07-01 02:01:39.621 10 INFO neutron.pecan_wsgi.hooks.translation [None req-4c3108de-f2ba-402b-bf25-9c530956c830 2c4f59b323e5456296a9fd148495f090 f9fc4afa1037453ea153f24b91932eda - - default default] GET failed (client error): The resource could not be found.
2026-07-01 02:01:39.623 10 INFO neutron.wsgi [None req-4c3108de-f2ba-402b-bf25-9c530956c830 2c4f59b323e5456296a9fd148495f090 f9fc4afa1037453ea153f24b91932eda - - default default] 10.0.0.106 "GET /v2.0/ports/66e53ac6-3517-461d-bfd8-cd583577b170 HTTP/1.1" status: 404 len: 333 time: 0.0211358
2026-07-01 02:01:39.666 9 INFO neutron.db.ovn_revision_numbers_db [None req-746fea75-60af-4f71-9101-22f130776703 e20d4cf0812f4c7ebe83a6a2340d5df8 63ac75df70e048c9bce23cea438f4f0f - - default default] Successfully bumped revision number for resource 3eb5de34-4f67-441b-8075-761121bcdb0c (type: ports) to 1
2026-07-01 02:01:39.835 10 INFO neutron.wsgi [None req-31ca1071-046d-4530-905c-af1d9831245d 2c4f59b323e5456296a9fd148495f090 f9fc4afa1037453ea153f24b91932eda - - default default] 10.0.0.106 "DELETE /v2.0/subnets/b3808ae0-907b-4f92-9489-823552745bdb HTTP/1.1" status: 204 len: 168 time: 0.2082174
2026-07-01 02:01:40.078 10 INFO neutron.services.segments.plugin [-] Segment 6c8b1e5a-8561-4965-81c2-1f28e5eee927 resource provider aggregate not found
2026-07-01 02:01:40.085 10 INFO neutron.services.segments.plugin [-] Segment 6c8b1e5a-8561-4965-81c2-1f28e5eee927 resource provider aggregate not found
2026-07-01 02:01:40.112 10 INFO neutron.services.segments.plugin [-] Segment 6c8b1e5a-8561-4965-81c2-1f28e5eee927 resource provider not found; error: Placement Client Error (4xx): {"errors": [{"status": 404, "title": "Not Found", "detail": "The resource could not be found.\n\n No resource provider with uuid 6c8b1e5a-8561-4965-81c2-1f28e5eee927 found for delete ", "request_id": "req-660454b1-6985-46db-beee-09f66bf186d0"}]}
2026-07-01 02:01:40.113 10 INFO neutron.services.segments.plugin [-] Segment 6c8b1e5a-8561-4965-81c2-1f28e5eee927 resource provider not found; error: Placement Client Error (4xx): {"errors": [{"status": 404, "title": "Not Found", "detail": "The resource could not be found.\n\n No resource provider with uuid 6c8b1e5a-8561-4965-81c2-1f28e5eee927 found for delete ", "request_id": "req-89b438fc-8034-40e4-91f6-cdbd8bd102fe"}]}
2026-07-01 02:01:40.132 9 INFO neutron.db.ovn_revision_numbers_db [None req-746fea75-60af-4f71-9101-22f130776703 e20d4cf0812f4c7ebe83a6a2340d5df8 63ac75df70e048c9bce23cea438f4f0f - - default default] Successfully bumped revision number for resource 3eb5de34-4f67-441b-8075-761121bcdb0c (type: router_ports) to 1
2026-07-01 02:01:40.266 10 INFO neutron.wsgi [None req-1a0feaff-98a6-4a33-86fe-40e0ccc615e2 2c4f59b323e5456296a9fd148495f090 f9fc4afa1037453ea153f24b91932eda - - default default] 10.0.0.106 "DELETE /v2.0/networks/9acab8e5-18f5-4e5c-a734-bcb129a49d5d HTTP/1.1" status: 204 len: 168 time: 0.4264665
2026-07-01 02:01:40.284 9 INFO neutron.db.ovn_revision_numbers_db [None req-746fea75-60af-4f71-9101-22f130776703 e20d4cf0812f4c7ebe83a6a2340d5df8 63ac75df70e048c9bce23cea438f4f0f - - default default] Successfully bumped revision number for resource 3eb5de34-4f67-441b-8075-761121bcdb0c (type: ports) to 1
2026-07-01 02:01:40.346 9 WARNING neutron.scheduler.dhcp_agent_scheduler [None req-746fea75-60af-4f71-9101-22f130776703 e20d4cf0812f4c7ebe83a6a2340d5df8 63ac75df70e048c9bce23cea438f4f0f - - default default] No more DHCP agents
2026-07-01 02:01:40.347 9 WARNING neutron.api.rpc.agentnotifiers.dhcp_rpc_agent_api [None req-746fea75-60af-4f71-9101-22f130776703 e20d4cf0812f4c7ebe83a6a2340d5df8 63ac75df70e048c9bce23cea438f4f0f - - default default] Unable to schedule network 9487ddb0-1da9-409f-a974-15090812ca4a: no agents available; will retry on subsequent port and subnet creation events.
2026-07-01 02:01:40.350 10 INFO neutron.db.segments_db [None req-4b5a14e2-c074-43de-9f6e-4fc8e342291f 2c4f59b323e5456296a9fd148495f090 f9fc4afa1037453ea153f24b91932eda - - default default] Added segment c471337b-2fc7-41db-81be-079422ac0c05 of type geneve for network c9278d89-c384-4b2e-be66-a22f7ce40710
2026-07-01 02:01:40.478 10 INFO neutron.db.ovn_revision_numbers_db [None req-4b5a14e2-c074-43de-9f6e-4fc8e342291f 2c4f59b323e5456296a9fd148495f090 f9fc4afa1037453ea153f24b91932eda - - default default] Successfully bumped revision number for resource c9278d89-c384-4b2e-be66-a22f7ce40710 (type: networks) to 1
2026-07-01 02:01:40.653 10 WARNING neutron.scheduler.dhcp_agent_scheduler [None req-4b5a14e2-c074-43de-9f6e-4fc8e342291f 2c4f59b323e5456296a9fd148495f090 f9fc4afa1037453ea153f24b91932eda - - default default] No more DHCP agents
2026-07-01 02:01:40.656 10 WARNING neutron.api.rpc.agentnotifiers.dhcp_rpc_agent_api [None req-4b5a14e2-c074-43de-9f6e-4fc8e342291f 2c4f59b323e5456296a9fd148495f090 f9fc4afa1037453ea153f24b91932eda - - default default] Unable to schedule network c9278d89-c384-4b2e-be66-a22f7ce40710: no agents available; will retry on subsequent port and subnet creation events.
2026-07-01 02:01:40.735 10 INFO neutron.db.ovn_revision_numbers_db [None req-4b5a14e2-c074-43de-9f6e-4fc8e342291f 2c4f59b323e5456296a9fd148495f090 f9fc4afa1037453ea153f24b91932eda - - default default] Successfully bumped revision number for resource b3260123-df96-4185-bada-ab77e2d33a52 (type: ports) to 1
2026-07-01 02:01:40.742 9 INFO neutron.db.ovn_revision_numbers_db [None req-746fea75-60af-4f71-9101-22f130776703 e20d4cf0812f4c7ebe83a6a2340d5df8 63ac75df70e048c9bce23cea438f4f0f - - default default] Successfully bumped revision number for resource 3eb5de34-4f67-441b-8075-761121bcdb0c (type: router_ports) to 1
2026-07-01 02:01:40.744 9 INFO neutron.wsgi [None req-746fea75-60af-4f71-9101-22f130776703 e20d4cf0812f4c7ebe83a6a2340d5df8 63ac75df70e048c9bce23cea438f4f0f - - default default] 10.0.0.106 "PUT /v2.0/routers/dc82b1e6-bb3d-46d2-b9a4-ec7d0793fe52/add_router_interface HTTP/1.1" status: 200 len: 503 time: 1.7317686
2026-07-01 02:01:40.756 10 INFO neutron.wsgi [None req-4b5a14e2-c074-43de-9f6e-4fc8e342291f 2c4f59b323e5456296a9fd148495f090 f9fc4afa1037453ea153f24b91932eda - - default default] 10.0.0.106 "POST /v2.0/networks HTTP/1.1" status: 201 len: 835 time: 0.4832072
2026-07-01 02:01:40.817 10 INFO neutron.wsgi [None req-b8b11712-76b9-46e8-9b63-46611f0bd058 e20d4cf0812f4c7ebe83a6a2340d5df8 63ac75df70e048c9bce23cea438f4f0f - - default default] 10.0.0.106 "GET /v2.0/ports/3eb5de34-4f67-441b-8075-761121bcdb0c HTTP/1.1" status: 200 len: 1135 time: 0.0684979
2026-07-01 02:01:40.847 10 INFO neutron.wsgi [None req-389ee064-c2be-4648-8ec6-9b51631428ec e20d4cf0812f4c7ebe83a6a2340d5df8 63ac75df70e048c9bce23cea438f4f0f - - default default] 10.0.0.106 "GET /v2.0/ports/3eb5de34-4f67-441b-8075-761121bcdb0c HTTP/1.1" status: 200 len: 1135 time: 0.0249031
2026-07-01 02:01:40.953 9 WARNING neutron.scheduler.dhcp_agent_scheduler [None req-b0123f6c-1005-43c3-a87c-f5622877d5ef 2c4f59b323e5456296a9fd148495f090 f9fc4afa1037453ea153f24b91932eda - - default default] No more DHCP agents
2026-07-01 02:01:40.956 9 WARNING neutron.api.rpc.agentnotifiers.dhcp_rpc_agent_api [None req-b0123f6c-1005-43c3-a87c-f5622877d5ef 2c4f59b323e5456296a9fd148495f090 f9fc4afa1037453ea153f24b91932eda - - default default] Unable to schedule network c9278d89-c384-4b2e-be66-a22f7ce40710: no agents available; will retry on subsequent port and subnet creation events.
2026-07-01 02:01:40.987 9 INFO neutron.db.ovn_revision_numbers_db [None req-b0123f6c-1005-43c3-a87c-f5622877d5ef 2c4f59b323e5456296a9fd148495f090 f9fc4afa1037453ea153f24b91932eda - - default default] Successfully bumped revision number for resource 2de06bce-6d42-4fc6-b938-a2a0aff2cf9f (type: subnets) to 0
2026-07-01 02:01:41.001 9 INFO neutron.wsgi [None req-b0123f6c-1005-43c3-a87c-f5622877d5ef 2c4f59b323e5456296a9fd148495f090 f9fc4afa1037453ea153f24b91932eda - - default default] 10.0.0.106 "POST /v2.0/subnets HTTP/1.1" status: 201 len: 821 time: 0.2411203
2026-07-01 02:01:41.300 9 WARNING neutron.scheduler.dhcp_agent_scheduler [None req-21a02ab0-baf0-460a-b208-a1ef6814894f 2c4f59b323e5456296a9fd148495f090 f9fc4afa1037453ea153f24b91932eda - - default default] No more DHCP agents
2026-07-01 02:01:41.302 9 WARNING neutron.api.rpc.agentnotifiers.dhcp_rpc_agent_api [None req-21a02ab0-baf0-460a-b208-a1ef6814894f 2c4f59b323e5456296a9fd148495f090 f9fc4afa1037453ea153f24b91932eda - - default default] Unable to schedule network c9278d89-c384-4b2e-be66-a22f7ce40710: no agents available; will retry on subsequent port and subnet creation events.
2026-07-01 02:01:41.403 9 INFO neutron.db.ovn_revision_numbers_db [None req-21a02ab0-baf0-460a-b208-a1ef6814894f 2c4f59b323e5456296a9fd148495f090 f9fc4afa1037453ea153f24b91932eda - - default default] Successfully bumped revision number for resource b6638b19-0620-4d87-9ae1-bc66f8cdbe8c (type: ports) to 1
2026-07-01 02:01:41.425 9 INFO neutron.wsgi [None req-21a02ab0-baf0-460a-b208-a1ef6814894f 2c4f59b323e5456296a9fd148495f090 f9fc4afa1037453ea153f24b91932eda - - default default] 10.0.0.106 "POST /v2.0/ports HTTP/1.1" status: 201 len: 1123 time: 0.4184172
2026-07-01 02:01:41.760 9 INFO neutron.wsgi [None req-649dedb5-b705-4086-88b0-a3f93bfe45ac 2c4f59b323e5456296a9fd148495f090 f9fc4afa1037453ea153f24b91932eda - - default default] 10.0.0.106 "DELETE /v2.0/ports/b6638b19-0620-4d87-9ae1-bc66f8cdbe8c HTTP/1.1" status: 204 len: 168 time: 0.3306606
2026-07-01 02:01:41.783 9 INFO neutron.pecan_wsgi.hooks.translation [None req-a584ba85-5d65-4ad4-b0c8-02a77835b9c1 2c4f59b323e5456296a9fd148495f090 f9fc4afa1037453ea153f24b91932eda - - default default] GET failed (client error): The resource could not be found.
2026-07-01 02:01:41.785 9 INFO neutron.wsgi [None req-a584ba85-5d65-4ad4-b0c8-02a77835b9c1 2c4f59b323e5456296a9fd148495f090 f9fc4afa1037453ea153f24b91932eda - - default default] 10.0.0.106 "GET /v2.0/ports/b6638b19-0620-4d87-9ae1-bc66f8cdbe8c HTTP/1.1" status: 404 len: 333 time: 0.0192535
2026-07-01 02:01:41.945 9 INFO neutron.wsgi [None req-983cfa4d-6af8-470b-b682-5859450d5998 e20d4cf0812f4c7ebe83a6a2340d5df8 63ac75df70e048c9bce23cea438f4f0f - - default default] 10.0.0.106 "GET /v2.0/ports/3eb5de34-4f67-441b-8075-761121bcdb0c HTTP/1.1" status: 200 len: 1135 time: 0.0935161
2026-07-01 02:01:41.954 10 INFO neutron.wsgi [None req-568f71f3-a9f0-4078-8cfd-f0bf5d70d33f 2c4f59b323e5456296a9fd148495f090 f9fc4afa1037453ea153f24b91932eda - - default default] 10.0.0.106 "DELETE /v2.0/subnets/2de06bce-6d42-4fc6-b938-a2a0aff2cf9f HTTP/1.1" status: 204 len: 168 time: 0.1631184
2026-07-01 02:01:42.137 10 INFO neutron.services.segments.plugin [-] Segment 8ca5df76-b1ad-4537-8b62-f3a752ed5f68 resource provider aggregate not found
2026-07-01 02:01:42.145 10 INFO neutron.services.segments.plugin [-] Segment 8ca5df76-b1ad-4537-8b62-f3a752ed5f68 resource provider aggregate not found
2026-07-01 02:01:42.152 10 INFO neutron.services.segments.plugin [-] Segment 8ca5df76-b1ad-4537-8b62-f3a752ed5f68 resource provider not found; error: Placement Client Error (4xx): {"errors": [{"status": 404, "title": "Not Found", "detail": "The resource could not be found.\n\n No resource provider with uuid 8ca5df76-b1ad-4537-8b62-f3a752ed5f68 found for delete ", "request_id": "req-c72cf36c-d2f4-4ab0-9757-c7fe606183f4"}]}
2026-07-01 02:01:42.163 10 INFO neutron.services.segments.plugin [-] Segment 8ca5df76-b1ad-4537-8b62-f3a752ed5f68 resource provider not found; error: Placement Client Error (4xx): {"errors": [{"status": 404, "title": "Not Found", "detail": "The resource could not be found.\n\n No resource provider with uuid 8ca5df76-b1ad-4537-8b62-f3a752ed5f68 found for delete ", "request_id": "req-cca53635-1afa-46cb-a346-1c10e9fadf2d"}]}
2026-07-01 02:01:42.365 9 INFO neutron.services.segments.plugin [-] Segment c471337b-2fc7-41db-81be-079422ac0c05 resource provider aggregate not found
2026-07-01 02:01:42.369 9 INFO neutron.services.segments.plugin [-] Segment c471337b-2fc7-41db-81be-079422ac0c05 resource provider aggregate not found
