2026-07-01 02:03:24.418 9 INFO neutron.services.segments.plugin [-] Segment c2b91305-020f-408b-80fc-9d1634d5a74b resource provider not found; error: Placement Client Error (4xx): {"errors": [{"status": 404, "title": "Not Found", "detail": "The resource could not be found.\n\n No resource provider with uuid c2b91305-020f-408b-80fc-9d1634d5a74b found for delete ", "request_id": "req-9c7b078f-bfa5-45a1-8f07-7a6c9436c9c8"}]}
2026-07-01 02:03:24.430 9 INFO neutron.services.segments.plugin [-] Segment 3314cc91-c854-492e-8994-7a9bf4385736 resource provider aggregate not found
2026-07-01 02:03:24.443 9 INFO neutron.services.segments.plugin [-] Segment 3314cc91-c854-492e-8994-7a9bf4385736 resource provider aggregate not found
2026-07-01 02:03:24.454 9 INFO neutron.services.segments.plugin [-] Segment 3314cc91-c854-492e-8994-7a9bf4385736 resource provider not found; error: Placement Client Error (4xx): {"errors": [{"status": 404, "title": "Not Found", "detail": "The resource could not be found.\n\n No resource provider with uuid 3314cc91-c854-492e-8994-7a9bf4385736 found for delete ", "request_id": "req-7955cd6b-604e-49bc-b261-e3277e776612"}]}
2026-07-01 02:03:24.463 9 INFO neutron.services.segments.plugin [-] Segment 3314cc91-c854-492e-8994-7a9bf4385736 resource provider not found; error: Placement Client Error (4xx): {"errors": [{"status": 404, "title": "Not Found", "detail": "The resource could not be found.\n\n No resource provider with uuid 3314cc91-c854-492e-8994-7a9bf4385736 found for delete ", "request_id": "req-2d06f0bb-98af-41be-84c3-3652408e8089"}]}
2026-07-01 02:03:24.485 10 INFO neutron.wsgi [-] 10.0.0.42 "GET / HTTP/1.1" status: 200 len: 247 time: 0.0016367
2026-07-01 02:03:24.487 10 INFO neutron.wsgi [-] 10.0.0.42 "GET / HTTP/1.1" status: 200 len: 247 time: 0.0012927
2026-07-01 02:03:24.696 9 INFO neutron.wsgi [None req-fe6f6b26-b00f-480e-aafd-8ad053dfb494 57880ae6fa834c0cb2ec94c5fa286aee 29ed25ada14c4ab4a263e6ec8667d934 - - default default] 10.0.0.106 "DELETE /v2.0/security-groups/ff359951-6ae2-431a-afc6-c8ed48b000fe HTTP/1.1" status: 204 len: 168 time: 0.3881624
2026-07-01 02:03:24.790 9 INFO neutron.db.ovn_revision_numbers_db [None req-7471e043-e608-4481-8030-d70d1bf0b517 57880ae6fa834c0cb2ec94c5fa286aee 29ed25ada14c4ab4a263e6ec8667d934 - - default default] Successfully bumped revision number for resource 8a5abbcd-8190-4c73-a791-a83be27f9b3f (type: router_ports) to 2
2026-07-01 02:03:24.793 9 INFO neutron.wsgi [None req-7471e043-e608-4481-8030-d70d1bf0b517 57880ae6fa834c0cb2ec94c5fa286aee 29ed25ada14c4ab4a263e6ec8667d934 - - default default] 10.0.0.106 "PUT /v2.0/routers/c7fc63f0-30b7-4ff5-a547-c4aa74e0dd70/add_router_interface HTTP/1.1" status: 200 len: 503 time: 2.4088256
2026-07-01 02:03:24.989 10 INFO neutron.db.ovn_revision_numbers_db [None req-9b3aa0eb-ff7f-4da0-9549-d43ffe0975c9 57880ae6fa834c0cb2ec94c5fa286aee 29ed25ada14c4ab4a263e6ec8667d934 - - default default] Successfully bumped revision number for resource a8a28058-1ce4-4f85-895c-7f07b189b8f6 (type: security_groups) to 1
2026-07-01 02:03:25.006 10 INFO neutron.db.ovn_revision_numbers_db [None req-9b3aa0eb-ff7f-4da0-9549-d43ffe0975c9 57880ae6fa834c0cb2ec94c5fa286aee 29ed25ada14c4ab4a263e6ec8667d934 - - default default] Successfully bumped revision number for resource 30e976e7-71c4-4a2a-b014-e066943d305a (type: security_group_rules) to 0
2026-07-01 02:03:25.023 10 INFO neutron.db.ovn_revision_numbers_db [None req-9b3aa0eb-ff7f-4da0-9549-d43ffe0975c9 57880ae6fa834c0cb2ec94c5fa286aee 29ed25ada14c4ab4a263e6ec8667d934 - - default default] Successfully bumped revision number for resource 45f6b69c-c482-434c-b306-143fe0e021e4 (type: security_group_rules) to 0
2026-07-01 02:03:25.037 10 INFO neutron.db.ovn_revision_numbers_db [None req-9b3aa0eb-ff7f-4da0-9549-d43ffe0975c9 57880ae6fa834c0cb2ec94c5fa286aee 29ed25ada14c4ab4a263e6ec8667d934 - - default default] Successfully bumped revision number for resource 465f1bad-e624-4e68-ae16-d608d8eaa3b8 (type: security_group_rules) to 0
2026-07-01 02:03:25.050 10 INFO neutron.db.ovn_revision_numbers_db [None req-9b3aa0eb-ff7f-4da0-9549-d43ffe0975c9 57880ae6fa834c0cb2ec94c5fa286aee 29ed25ada14c4ab4a263e6ec8667d934 - - default default] Successfully bumped revision number for resource 7e484cf6-2222-4414-8686-de281290f3cd (type: security_group_rules) to 0
2026-07-01 02:03:25.080 10 INFO neutron.wsgi [None req-9b3aa0eb-ff7f-4da0-9549-d43ffe0975c9 57880ae6fa834c0cb2ec94c5fa286aee 29ed25ada14c4ab4a263e6ec8667d934 - - default default] 10.0.0.106 "GET /v2.0/security-groups?tenant_id=dcb255744da54f3dba8cad50c9588a25&name=default HTTP/1.1" status: 200 len: 2996 time: 0.2017920
2026-07-01 02:03:25.127 10 INFO neutron.services.segments.plugin [-] Segment 818a8e38-ebd6-40aa-99e0-22073db7f721 resource provider aggregate not found
2026-07-01 02:03:25.133 10 INFO neutron.services.segments.plugin [-] Segment 818a8e38-ebd6-40aa-99e0-22073db7f721 resource provider aggregate not found
2026-07-01 02:03:25.151 10 INFO neutron.services.segments.plugin [-] Segment 818a8e38-ebd6-40aa-99e0-22073db7f721 resource provider not found; error: Placement Client Error (4xx): {"errors": [{"status": 404, "title": "Not Found", "detail": "The resource could not be found.\n\n No resource provider with uuid 818a8e38-ebd6-40aa-99e0-22073db7f721 found for delete ", "request_id": "req-c15fb9e1-fac2-4c5d-ab78-3e2327d5113c"}]}
2026-07-01 02:03:25.153 10 INFO neutron.services.segments.plugin [-] Segment 818a8e38-ebd6-40aa-99e0-22073db7f721 resource provider not found; error: Placement Client Error (4xx): {"errors": [{"status": 404, "title": "Not Found", "detail": "The resource could not be found.\n\n No resource provider with uuid 818a8e38-ebd6-40aa-99e0-22073db7f721 found for delete ", "request_id": "req-ff5788ea-4617-4a53-90b4-1e47c89456e5"}]}
2026-07-01 02:03:25.219 10 INFO neutron.db.ovn_revision_numbers_db [None req-22c30b8a-b627-4a5b-a3a6-b2208e8d6aa2 57880ae6fa834c0cb2ec94c5fa286aee 29ed25ada14c4ab4a263e6ec8667d934 - - default default] Successfully bumped revision number for resource 0cf92828-f202-4068-b552-e5c0c440a076 (type: security_groups) to 1
2026-07-01 02:03:25.234 10 INFO neutron.db.ovn_revision_numbers_db [None req-22c30b8a-b627-4a5b-a3a6-b2208e8d6aa2 57880ae6fa834c0cb2ec94c5fa286aee 29ed25ada14c4ab4a263e6ec8667d934 - - default default] Successfully bumped revision number for resource 53808cd0-86cb-4571-b563-774b55c3e877 (type: security_group_rules) to 0
2026-07-01 02:03:25.246 10 INFO neutron.db.ovn_revision_numbers_db [None req-22c30b8a-b627-4a5b-a3a6-b2208e8d6aa2 57880ae6fa834c0cb2ec94c5fa286aee 29ed25ada14c4ab4a263e6ec8667d934 - - default default] Successfully bumped revision number for resource 5b101aaf-6dba-44c6-b63a-6a5071467aa5 (type: security_group_rules) to 0
2026-07-01 02:03:25.260 10 INFO neutron.db.ovn_revision_numbers_db [None req-22c30b8a-b627-4a5b-a3a6-b2208e8d6aa2 57880ae6fa834c0cb2ec94c5fa286aee 29ed25ada14c4ab4a263e6ec8667d934 - - default default] Successfully bumped revision number for resource bbba2b4d-41e3-4ea4-bf89-1e3fb4d411e7 (type: security_group_rules) to 0
2026-07-01 02:03:25.280 10 INFO neutron.db.ovn_revision_numbers_db [None req-22c30b8a-b627-4a5b-a3a6-b2208e8d6aa2 57880ae6fa834c0cb2ec94c5fa286aee 29ed25ada14c4ab4a263e6ec8667d934 - - default default] Successfully bumped revision number for resource fef859ae-d7a1-4928-a3ab-a836765a13c8 (type: security_group_rules) to 0
2026-07-01 02:03:25.306 10 INFO neutron.wsgi [None req-22c30b8a-b627-4a5b-a3a6-b2208e8d6aa2 57880ae6fa834c0cb2ec94c5fa286aee 29ed25ada14c4ab4a263e6ec8667d934 - - default default] 10.0.0.106 "GET /v2.0/security-groups?tenant_id=5cb7ef03376b49aea9f6c5e969e3987b&name=default HTTP/1.1" status: 200 len: 2996 time: 0.4449637
2026-07-01 02:03:25.321 9 INFO neutron.wsgi [None req-d0737dbc-70ad-41b7-ac01-907325bac311 57880ae6fa834c0cb2ec94c5fa286aee 29ed25ada14c4ab4a263e6ec8667d934 - - default default] 10.0.0.106 "DELETE /v2.0/security-groups/a8a28058-1ce4-4f85-895c-7f07b189b8f6 HTTP/1.1" status: 204 len: 168 time: 0.2365172
2026-07-01 02:03:25.554 10 INFO neutron.wsgi [None req-a2681381-f82d-4997-aa17-a5d07ea0d183 57880ae6fa834c0cb2ec94c5fa286aee 29ed25ada14c4ab4a263e6ec8667d934 - - default default] 10.0.0.106 "DELETE /v2.0/security-groups/0cf92828-f202-4068-b552-e5c0c440a076 HTTP/1.1" status: 204 len: 168 time: 0.2429888
2026-07-01 02:03:25.806 10 INFO neutron.db.ovn_revision_numbers_db [None req-7dc65077-f466-4635-969e-10a64fcc3acb 57880ae6fa834c0cb2ec94c5fa286aee 29ed25ada14c4ab4a263e6ec8667d934 - - default default] Successfully bumped revision number for resource 4da9eebc-80f3-49e3-9caf-851d07a3862f (type: security_groups) to 1
2026-07-01 02:03:25.844 10 INFO neutron.db.ovn_revision_numbers_db [None req-7dc65077-f466-4635-969e-10a64fcc3acb 57880ae6fa834c0cb2ec94c5fa286aee 29ed25ada14c4ab4a263e6ec8667d934 - - default default] Successfully bumped revision number for resource 5c45176d-ce46-4c23-a997-ebea2bcf48e5 (type: security_group_rules) to 0
2026-07-01 02:03:25.861 10 INFO neutron.db.ovn_revision_numbers_db [None req-7dc65077-f466-4635-969e-10a64fcc3acb 57880ae6fa834c0cb2ec94c5fa286aee 29ed25ada14c4ab4a263e6ec8667d934 - - default default] Successfully bumped revision number for resource 67b97b5a-775c-485f-905f-3a726f5c1aea (type: security_group_rules) to 0
2026-07-01 02:03:25.878 10 INFO neutron.db.ovn_revision_numbers_db [None req-7dc65077-f466-4635-969e-10a64fcc3acb 57880ae6fa834c0cb2ec94c5fa286aee 29ed25ada14c4ab4a263e6ec8667d934 - - default default] Successfully bumped revision number for resource 7c411738-77c2-4747-a367-46c963c90283 (type: security_group_rules) to 0
2026-07-01 02:03:25.902 10 INFO neutron.db.ovn_revision_numbers_db [None req-7dc65077-f466-4635-969e-10a64fcc3acb 57880ae6fa834c0cb2ec94c5fa286aee 29ed25ada14c4ab4a263e6ec8667d934 - - default default] Successfully bumped revision number for resource 865c4236-6b17-4aee-9636-a6ae741cce32 (type: security_group_rules) to 0
2026-07-01 02:03:25.927 10 INFO neutron.wsgi [None req-7dc65077-f466-4635-969e-10a64fcc3acb 57880ae6fa834c0cb2ec94c5fa286aee 29ed25ada14c4ab4a263e6ec8667d934 - - default default] 10.0.0.106 "GET /v2.0/security-groups?tenant_id=e85cd919c33d4298aba00f7def1f85d6&name=default HTTP/1.1" status: 200 len: 2996 time: 0.2191668
2026-07-01 02:03:26.142 9 INFO neutron.db.ovn_revision_numbers_db [None req-018578a3-6e46-4b3a-b4c3-74e5719b93b0 57880ae6fa834c0cb2ec94c5fa286aee 29ed25ada14c4ab4a263e6ec8667d934 - - default default] Successfully bumped revision number for resource 153138b4-cf27-4ce0-8226-9daa428730ad (type: security_groups) to 1
2026-07-01 02:03:26.157 9 INFO neutron.db.ovn_revision_numbers_db [None req-018578a3-6e46-4b3a-b4c3-74e5719b93b0 57880ae6fa834c0cb2ec94c5fa286aee 29ed25ada14c4ab4a263e6ec8667d934 - - default default] Successfully bumped revision number for resource 02759d8f-29d7-4028-94f0-9293046bde81 (type: security_group_rules) to 0
2026-07-01 02:03:26.174 9 INFO neutron.db.ovn_revision_numbers_db [None req-018578a3-6e46-4b3a-b4c3-74e5719b93b0 57880ae6fa834c0cb2ec94c5fa286aee 29ed25ada14c4ab4a263e6ec8667d934 - - default default] Successfully bumped revision number for resource 7a085857-d188-4f8e-b213-1d0f83530d4b (type: security_group_rules) to 0
2026-07-01 02:03:26.198 9 INFO neutron.db.ovn_revision_numbers_db [None req-018578a3-6e46-4b3a-b4c3-74e5719b93b0 57880ae6fa834c0cb2ec94c5fa286aee 29ed25ada14c4ab4a263e6ec8667d934 - - default default] Successfully bumped revision number for resource e820a6ff-cd39-46b4-aadd-f076119fc4cf (type: security_group_rules) to 0
2026-07-01 02:03:26.224 9 INFO neutron.db.ovn_revision_numbers_db [None req-018578a3-6e46-4b3a-b4c3-74e5719b93b0 57880ae6fa834c0cb2ec94c5fa286aee 29ed25ada14c4ab4a263e6ec8667d934 - - default default] Successfully bumped revision number for resource e8adf8bd-8534-468e-81fc-f478922b04bb (type: security_group_rules) to 0
2026-07-01 02:03:26.241 10 INFO neutron.wsgi [None req-44ca638f-776e-40e2-b3d9-dd447299337f 57880ae6fa834c0cb2ec94c5fa286aee 29ed25ada14c4ab4a263e6ec8667d934 - - default default] 10.0.0.106 "DELETE /v2.0/security-groups/4da9eebc-80f3-49e3-9caf-851d07a3862f HTTP/1.1" status: 204 len: 168 time: 0.2952967
2026-07-01 02:03:26.288 9 INFO neutron.db.segments_db [None req-018578a3-6e46-4b3a-b4c3-74e5719b93b0 57880ae6fa834c0cb2ec94c5fa286aee 29ed25ada14c4ab4a263e6ec8667d934 - - default default] Added segment d737c923-a620-4cf5-a97d-62429f21ecd5 of type geneve for network 4db149f3-a923-49d2-a19a-0ca1df4831b7
2026-07-01 02:03:26.430 10 INFO neutron.wsgi [None req-f2cb9f2f-b431-45c7-ad3d-34b541a910b9 57880ae6fa834c0cb2ec94c5fa286aee 29ed25ada14c4ab4a263e6ec8667d934 - - default default] 10.0.0.106 "GET /v2.0/security-groups?tenant_id=418a9a2c478d4c00a640f22c6489d1ce&name=default HTTP/1.1" status: 200 len: 2996 time: 0.0367017
2026-07-01 02:03:26.454 9 INFO neutron.db.ovn_revision_numbers_db [None req-018578a3-6e46-4b3a-b4c3-74e5719b93b0 57880ae6fa834c0cb2ec94c5fa286aee 29ed25ada14c4ab4a263e6ec8667d934 - - default default] Successfully bumped revision number for resource 4db149f3-a923-49d2-a19a-0ca1df4831b7 (type: networks) to 1
2026-07-01 02:03:26.616 10 INFO neutron.wsgi [None req-82e6b87f-aabf-4615-a850-f5dcfce0e815 57880ae6fa834c0cb2ec94c5fa286aee 29ed25ada14c4ab4a263e6ec8667d934 - - default default] 10.0.0.106 "DELETE /v2.0/security-groups/8c5614b8-4b8d-41f5-a1b6-caf652bc286f HTTP/1.1" status: 204 len: 168 time: 0.1780946
2026-07-01 02:03:26.623 9 WARNING neutron.scheduler.dhcp_agent_scheduler [None req-018578a3-6e46-4b3a-b4c3-74e5719b93b0 57880ae6fa834c0cb2ec94c5fa286aee 29ed25ada14c4ab4a263e6ec8667d934 - - default default] No more DHCP agents
2026-07-01 02:03:26.626 9 WARNING neutron.api.rpc.agentnotifiers.dhcp_rpc_agent_api [None req-018578a3-6e46-4b3a-b4c3-74e5719b93b0 57880ae6fa834c0cb2ec94c5fa286aee 29ed25ada14c4ab4a263e6ec8667d934 - - default default] Unable to schedule network 4db149f3-a923-49d2-a19a-0ca1df4831b7: no agents available; will retry on subsequent port and subnet creation events.
2026-07-01 02:03:26.710 9 INFO neutron.db.ovn_revision_numbers_db [None req-018578a3-6e46-4b3a-b4c3-74e5719b93b0 57880ae6fa834c0cb2ec94c5fa286aee 29ed25ada14c4ab4a263e6ec8667d934 - - default default] Successfully bumped revision number for resource 696aaf33-22ce-4ee0-a7be-28c4460886b3 (type: ports) to 1
2026-07-01 02:03:26.730 9 INFO neutron.wsgi [None req-018578a3-6e46-4b3a-b4c3-74e5719b93b0 57880ae6fa834c0cb2ec94c5fa286aee 29ed25ada14c4ab4a263e6ec8667d934 - - default default] 10.0.0.106 "POST /v2.0/networks HTTP/1.1" status: 201 len: 941 time: 0.7776041
2026-07-01 02:03:26.879 9 WARNING neutron.scheduler.dhcp_agent_scheduler [None req-19715fff-aea7-4416-b261-d9905ced48b6 57880ae6fa834c0cb2ec94c5fa286aee 29ed25ada14c4ab4a263e6ec8667d934 - - default default] No more DHCP agents
2026-07-01 02:03:26.882 9 WARNING neutron.api.rpc.agentnotifiers.dhcp_rpc_agent_api [None req-19715fff-aea7-4416-b261-d9905ced48b6 57880ae6fa834c0cb2ec94c5fa286aee 29ed25ada14c4ab4a263e6ec8667d934 - - default default] Unable to schedule network 4db149f3-a923-49d2-a19a-0ca1df4831b7: no agents available; will retry on subsequent port and subnet creation events.
2026-07-01 02:03:27.487 9 INFO neutron.db.ovn_revision_numbers_db [None req-19715fff-aea7-4416-b261-d9905ced48b6 57880ae6fa834c0cb2ec94c5fa286aee 29ed25ada14c4ab4a263e6ec8667d934 - - default default] Successfully bumped revision number for resource 696aaf33-22ce-4ee0-a7be-28c4460886b3 (type: ports) to 2
2026-07-01 02:03:27.539 9 INFO neutron.db.ovn_revision_numbers_db [None req-19715fff-aea7-4416-b261-d9905ced48b6 57880ae6fa834c0cb2ec94c5fa286aee 29ed25ada14c4ab4a263e6ec8667d934 - - default default] Successfully bumped revision number for resource b3e786eb-068d-4bd3-a370-8fca540cfa8f (type: subnets) to 0
2026-07-01 02:03:27.556 9 INFO neutron.wsgi [None req-19715fff-aea7-4416-b261-d9905ced48b6 57880ae6fa834c0cb2ec94c5fa286aee 29ed25ada14c4ab4a263e6ec8667d934 - - default default] 10.0.0.106 "POST /v2.0/subnets HTTP/1.1" status: 201 len: 862 time: 0.8209109
2026-07-01 02:03:28.114 9 WARNING neutron.scheduler.dhcp_agent_scheduler [None req-d27f586a-22be-4e5a-b5ec-4998fd7aeb9c 57880ae6fa834c0cb2ec94c5fa286aee 29ed25ada14c4ab4a263e6ec8667d934 - - default default] No more DHCP agents
2026-07-01 02:03:28.117 9 WARNING neutron.api.rpc.agentnotifiers.dhcp_rpc_agent_api [None req-d27f586a-22be-4e5a-b5ec-4998fd7aeb9c 57880ae6fa834c0cb2ec94c5fa286aee 29ed25ada14c4ab4a263e6ec8667d934 - - default default] Unable to schedule network e7d0a970-df71-40ed-a342-6199b9f41ae1: no agents available; will retry on subsequent port and subnet creation events.
2026-07-01 02:03:28.297 9 INFO neutron.db.ovn_revision_numbers_db [None req-d27f586a-22be-4e5a-b5ec-4998fd7aeb9c 57880ae6fa834c0cb2ec94c5fa286aee 29ed25ada14c4ab4a263e6ec8667d934 - - default default] Successfully bumped revision number for resource 6675c5a6-20cc-434f-8b43-629dfefced0a (type: ports) to 1
2026-07-01 02:03:29.039 9 INFO neutron.plugins.ml2.drivers.ovn.mech_driver.ovsdb.ovsdb_monitor [-] Router 304de4c8-7e9f-4ec5-960e-8bbc9f333607 is bound to host instance
2026-07-01 02:03:29.047 10 INFO neutron.db.ovn_revision_numbers_db [None req-800d4ba4-6d4c-4197-b31e-306b4e03fcdb 92c545bfa7bb48ea826abbdbd35c0062 50a17eda45354876a072fc5cc447d85a - - default default] Successfully bumped revision number for resource 16f53edd-6436-4522-b4f6-57df2c17ad6a (type: security_groups) to 1
2026-07-01 02:03:29.063 10 INFO neutron.db.ovn_revision_numbers_db [None req-800d4ba4-6d4c-4197-b31e-306b4e03fcdb 92c545bfa7bb48ea826abbdbd35c0062 50a17eda45354876a072fc5cc447d85a - - default default] Successfully bumped revision number for resource 16f0469d-082a-4f16-8819-39bbc9946800 (type: security_group_rules) to 0
2026-07-01 02:03:29.073 9 INFO neutron.db.ovn_revision_numbers_db [None req-d27f586a-22be-4e5a-b5ec-4998fd7aeb9c 57880ae6fa834c0cb2ec94c5fa286aee 29ed25ada14c4ab4a263e6ec8667d934 - - default default] Successfully bumped revision number for resource 6675c5a6-20cc-434f-8b43-629dfefced0a (type: router_ports) to 1
2026-07-01 02:03:29.089 10 INFO neutron.db.ovn_revision_numbers_db [None req-800d4ba4-6d4c-4197-b31e-306b4e03fcdb 92c545bfa7bb48ea826abbdbd35c0062 50a17eda45354876a072fc5cc447d85a - - default default] Successfully bumped revision number for resource 4640ab6d-8426-4fc8-a584-53f732048a0a (type: security_group_rules) to 0
2026-07-01 02:03:29.102 10 WARNING neutron.plugins.ml2.drivers.ovn.mech_driver.ovsdb.ovn_client [None req-ab9e2713-dbcd-4ec7-86b9-bb03792ba8c2 - - - - - -] No hosting information found for port 8a5abbcd-8190-4c73-a791-a83be27f9b3f: RuntimeError: No hosting information found for port 8a5abbcd-8190-4c73-a791-a83be27f9b3f
2026-07-01 02:03:29.102 10 INFO neutron.plugins.ml2.drivers.ovn.mech_driver.mech_driver [None req-ab9e2713-dbcd-4ec7-86b9-bb03792ba8c2 - - - - - -] OVN reports status up for port: 6675c5a6-20cc-434f-8b43-629dfefced0a
2026-07-01 02:03:29.109 10 INFO neutron.db.ovn_revision_numbers_db [None req-800d4ba4-6d4c-4197-b31e-306b4e03fcdb 92c545bfa7bb48ea826abbdbd35c0062 50a17eda45354876a072fc5cc447d85a - - default default] Successfully bumped revision number for resource 7a43989e-924a-4964-b23f-d55269c87059 (type: security_group_rules) to 0
2026-07-01 02:03:29.110 10 INFO neutron.plugins.ml2.plugin [None req-ab9e2713-dbcd-4ec7-86b9-bb03792ba8c2 - - - - - -] Attempt 1 to provision port 6675c5a6-20cc-434f-8b43-629dfefced0a
2026-07-01 02:03:29.139 10 INFO neutron.db.ovn_revision_numbers_db [None req-800d4ba4-6d4c-4197-b31e-306b4e03fcdb 92c545bfa7bb48ea826abbdbd35c0062 50a17eda45354876a072fc5cc447d85a - - default default] Successfully bumped revision number for resource a3ef2df9-46bd-4b0b-b86f-bcd1df5972fa (type: security_group_rules) to 0
2026-07-01 02:03:29.159 9 INFO neutron.db.ovn_revision_numbers_db [None req-d27f586a-22be-4e5a-b5ec-4998fd7aeb9c 57880ae6fa834c0cb2ec94c5fa286aee 29ed25ada14c4ab4a263e6ec8667d934 - - default default] Successfully bumped revision number for resource 304de4c8-7e9f-4ec5-960e-8bbc9f333607 (type: routers) to 2
2026-07-01 02:03:29.198 9 INFO neutron.wsgi [None req-d27f586a-22be-4e5a-b5ec-4998fd7aeb9c 57880ae6fa834c0cb2ec94c5fa286aee 29ed25ada14c4ab4a263e6ec8667d934 - - default default] 10.0.0.106 "POST /v2.0/routers HTTP/1.1" status: 201 len: 873 time: 1.6354301
2026-07-01 02:03:29.247 10 INFO neutron.db.ovn_revision_numbers_db [None req-800d4ba4-6d4c-4197-b31e-306b4e03fcdb 92c545bfa7bb48ea826abbdbd35c0062 50a17eda45354876a072fc5cc447d85a - - default default] Successfully bumped revision number for resource 9be4038e-f47a-405c-b3e8-0c3ac3c6c545 (type: security_groups) to 1
2026-07-01 02:03:29.261 10 INFO neutron.db.ovn_revision_numbers_db [None req-800d4ba4-6d4c-4197-b31e-306b4e03fcdb 92c545bfa7bb48ea826abbdbd35c0062 50a17eda45354876a072fc5cc447d85a - - default default] Successfully bumped revision number for resource 013c1830-7436-44f9-b119-a92ce9ddec84 (type: security_group_rules) to 0
2026-07-01 02:03:29.279 10 INFO neutron.db.ovn_revision_numbers_db [None req-800d4ba4-6d4c-4197-b31e-306b4e03fcdb 92c545bfa7bb48ea826abbdbd35c0062 50a17eda45354876a072fc5cc447d85a - - default default] Successfully bumped revision number for resource 965555d5-069e-447b-b973-1a3d2b3e9ae7 (type: security_group_rules) to 0
2026-07-01 02:03:29.299 10 INFO neutron.wsgi [None req-800d4ba4-6d4c-4197-b31e-306b4e03fcdb 92c545bfa7bb48ea826abbdbd35c0062 50a17eda45354876a072fc5cc447d85a - - default default] 10.0.0.106 "POST /v2.0/security-groups HTTP/1.1" status: 201 len: 1737 time: 0.5285654
2026-07-01 02:03:29.332 10 INFO neutron.wsgi [None req-856c7a90-8fa0-436b-9a2f-533b868e38f9 92c545bfa7bb48ea826abbdbd35c0062 50a17eda45354876a072fc5cc447d85a - - default default] 10.0.0.106 "PUT /v2.0/security-groups/9be4038e-f47a-405c-b3e8-0c3ac3c6c545/tags HTTP/1.1" status: 200 len: 218 time: 0.0271721
2026-07-01 02:03:29.359 10 INFO neutron.wsgi [None req-622c2584-3e94-49b1-b173-0c17ef1b96bb 92c545bfa7bb48ea826abbdbd35c0062 50a17eda45354876a072fc5cc447d85a - - default default] 10.0.0.106 "GET /v2.0/security-groups/9be4038e-f47a-405c-b3e8-0c3ac3c6c545/tags HTTP/1.1" status: 200 len: 218 time: 0.0230668
2026-07-01 02:03:29.399 10 INFO neutron.wsgi [None req-69fbd8a5-0628-43e0-a3aa-5536219e773c 92c545bfa7bb48ea826abbdbd35c0062 50a17eda45354876a072fc5cc447d85a - - default default] 10.0.0.106 "PUT /v2.0/security-groups/9be4038e-f47a-405c-b3e8-0c3ac3c6c545/tags/green HTTP/1.1" status: 201 len: 201 time: 0.0343063
2026-07-01 02:03:29.426 10 INFO neutron.wsgi [None req-55b6661f-e601-46a0-a805-764e7c8e4110 92c545bfa7bb48ea826abbdbd35c0062 50a17eda45354876a072fc5cc447d85a - - default default] 10.0.0.106 "GET /v2.0/security-groups/9be4038e-f47a-405c-b3e8-0c3ac3c6c545/tags HTTP/1.1" status: 200 len: 227 time: 0.0228155
2026-07-01 02:03:29.457 10 INFO neutron.wsgi [None req-0ced47b4-4334-4e00-8700-8e0a7ce4cd2a 92c545bfa7bb48ea826abbdbd35c0062 50a17eda45354876a072fc5cc447d85a - - default default] 10.0.0.106 "PUT /v2.0/security-groups/9be4038e-f47a-405c-b3e8-0c3ac3c6c545/tags/red HTTP/1.1" status: 201 len: 201 time: 0.0256908
2026-07-01 02:03:29.482 10 INFO neutron.wsgi [None req-6003794f-63a6-4aa0-a77d-7101487e1394 92c545bfa7bb48ea826abbdbd35c0062 50a17eda45354876a072fc5cc447d85a - - default default] 10.0.0.106 "GET /v2.0/security-groups/9be4038e-f47a-405c-b3e8-0c3ac3c6c545/tags HTTP/1.1" status: 200 len: 227 time: 0.0217340
2026-07-01 02:03:29.515 10 INFO neutron.wsgi [None req-9a16c08c-f359-4f44-9a6b-71aa2753e6db 92c545bfa7bb48ea826abbdbd35c0062 50a17eda45354876a072fc5cc447d85a - - default default] 10.0.0.106 "PUT /v2.0/security-groups/9be4038e-f47a-405c-b3e8-0c3ac3c6c545/tags/black.or.white HTTP/1.1" status: 201 len: 201 time: 0.0259831
2026-07-01 02:03:29.544 10 INFO neutron.wsgi [None req-3a5b16cd-34d9-42a1-b138-569cd2350bb2 92c545bfa7bb48ea826abbdbd35c0062 50a17eda45354876a072fc5cc447d85a - - default default] 10.0.0.106 "GET /v2.0/security-groups/9be4038e-f47a-405c-b3e8-0c3ac3c6c545/tags HTTP/1.1" status: 200 len: 245 time: 0.0207593
2026-07-01 02:03:29.577 10 INFO neutron.wsgi [None req-07c227ce-2fca-4395-9dd6-76469b37e81e 92c545bfa7bb48ea826abbdbd35c0062 50a17eda45354876a072fc5cc447d85a - - default default] 10.0.0.106 "PUT /v2.0/security-groups/9be4038e-f47a-405c-b3e8-0c3ac3c6c545/tags HTTP/1.1" status: 200 len: 230 time: 0.0280540
2026-07-01 02:03:29.603 10 INFO neutron.wsgi [None req-95593bb5-8d15-4339-8b42-0eac4e0bdfe1 92c545bfa7bb48ea826abbdbd35c0062 50a17eda45354876a072fc5cc447d85a - - default default] 10.0.0.106 "GET /v2.0/security-groups/9be4038e-f47a-405c-b3e8-0c3ac3c6c545/tags HTTP/1.1" status: 200 len: 230 time: 0.0198965
2026-07-01 02:03:29.653 9 INFO neutron.wsgi [None req-2dcfe460-8e11-47fe-bd19-36406ac30086 92c545bfa7bb48ea826abbdbd35c0062 50a17eda45354876a072fc5cc447d85a - - default default] 10.0.0.106 "GET /v2.0/security-groups/9be4038e-f47a-405c-b3e8-0c3ac3c6c545/tags/red HTTP/1.1" status: 204 len: 168 time: 0.0445960
2026-07-01 02:03:29.690 9 INFO neutron.api.v2.resource [None req-0c20e2fc-b71d-483f-a8c4-ac490a9daeb1 92c545bfa7bb48ea826abbdbd35c0062 50a17eda45354876a072fc5cc447d85a - - default default] show failed (client error): The resource could not be found.
2026-07-01 02:03:29.691 9 INFO neutron.wsgi [None req-0c20e2fc-b71d-483f-a8c4-ac490a9daeb1 92c545bfa7bb48ea826abbdbd35c0062 50a17eda45354876a072fc5cc447d85a - - default default] 10.0.0.106 "GET /v2.0/security-groups/9be4038e-f47a-405c-b3e8-0c3ac3c6c545/tags/green HTTP/1.1" status: 404 len: 299 time: 0.0322006
2026-07-01 02:03:29.734 10 INFO neutron.wsgi [None req-ac5b9a06-f72c-4655-9644-d4cb7c0db5b6 92c545bfa7bb48ea826abbdbd35c0062 50a17eda45354876a072fc5cc447d85a - - default default] 10.0.0.106 "DELETE /v2.0/security-groups/9be4038e-f47a-405c-b3e8-0c3ac3c6c545/tags/red HTTP/1.1" status: 204 len: 168 time: 0.0386946
2026-07-01 02:03:29.762 10 INFO neutron.wsgi [None req-b53b78fb-7e78-4e2f-a76c-56b7c78ed661 92c545bfa7bb48ea826abbdbd35c0062 50a17eda45354876a072fc5cc447d85a - - default default] 10.0.0.106 "GET /v2.0/security-groups/9be4038e-f47a-405c-b3e8-0c3ac3c6c545/tags HTTP/1.1" status: 200 len: 223 time: 0.0236518
2026-07-01 02:03:29.771 9 WARNING neutron.scheduler.dhcp_agent_scheduler [None req-d8ea6f34-7ab5-4932-b999-756e1106ab1a 57880ae6fa834c0cb2ec94c5fa286aee 29ed25ada14c4ab4a263e6ec8667d934 - - default default] No more DHCP agents
2026-07-01 02:03:29.775 9 WARNING neutron.api.rpc.agentnotifiers.dhcp_rpc_agent_api [None req-d8ea6f34-7ab5-4932-b999-756e1106ab1a 57880ae6fa834c0cb2ec94c5fa286aee 29ed25ada14c4ab4a263e6ec8667d934 - - default default] Unable to schedule network 4db149f3-a923-49d2-a19a-0ca1df4831b7: no agents available; will retry on subsequent port and subnet creation events.
2026-07-01 02:03:29.778 9 INFO neutron.db.ovn_revision_numbers_db [None req-c48f3092-552f-449e-a985-81c02d39b915 - - - - - -] Successfully bumped revision number for resource 6675c5a6-20cc-434f-8b43-629dfefced0a (type: ports) to 1
2026-07-01 02:03:29.784 10 INFO neutron.api.v2.resource [None req-ecf3f2ca-4489-45b1-8203-bb3e86e931fc 92c545bfa7bb48ea826abbdbd35c0062 50a17eda45354876a072fc5cc447d85a - - default default] delete failed (client error): The resource could not be found.
2026-07-01 02:03:29.785 10 INFO neutron.wsgi [None req-ecf3f2ca-4489-45b1-8203-bb3e86e931fc 92c545bfa7bb48ea826abbdbd35c0062 50a17eda45354876a072fc5cc447d85a - - default default] 10.0.0.106 "DELETE /v2.0/security-groups/9be4038e-f47a-405c-b3e8-0c3ac3c6c545/tags/green HTTP/1.1" status: 404 len: 299 time: 0.0188050
2026-07-01 02:03:29.814 10 INFO neutron.wsgi [None req-4b7ced39-1042-4e53-ad09-d5d094cd1def 92c545bfa7bb48ea826abbdbd35c0062 50a17eda45354876a072fc5cc447d85a - - default default] 10.0.0.106 "DELETE /v2.0/security-groups/9be4038e-f47a-405c-b3e8-0c3ac3c6c545/tags HTTP/1.1" status: 204 len: 168 time: 0.0242641
2026-07-01 02:03:29.831 10 INFO neutron.wsgi [None req-f1bd2b00-4b93-4a6b-bce0-d108086805ca 92c545bfa7bb48ea826abbdbd35c0062 50a17eda45354876a072fc5cc447d85a - - default default] 10.0.0.106 "GET /v2.0/security-groups/9be4038e-f47a-405c-b3e8-0c3ac3c6c545/tags HTTP/1.1" status: 200 len: 205 time: 0.0132148
2026-07-01 02:03:29.932 10 INFO neutron.wsgi [None req-3acc1388-631b-44ee-81f9-f23f5d192983 92c545bfa7bb48ea826abbdbd35c0062 50a17eda45354876a072fc5cc447d85a - - default default] 10.0.0.106 "DELETE /v2.0/security-groups/9be4038e-f47a-405c-b3e8-0c3ac3c6c545 HTTP/1.1" status: 204 len: 168 time: 0.0931370
2026-07-01 02:03:29.994 9 INFO neutron.db.ovn_revision_numbers_db [None req-d8ea6f34-7ab5-4932-b999-756e1106ab1a 57880ae6fa834c0cb2ec94c5fa286aee 29ed25ada14c4ab4a263e6ec8667d934 - - default default] Successfully bumped revision number for resource 9a63e3cb-7f08-4942-8ed0-b51b05afcf65 (type: ports) to 1
2026-07-01 02:03:30.098 9 INFO neutron.db.ovn_revision_numbers_db [None req-c48f3092-552f-449e-a985-81c02d39b915 - - - - - -] Successfully bumped revision number for resource 6675c5a6-20cc-434f-8b43-629dfefced0a (type: router_ports) to 3
2026-07-01 02:03:30.292 9 INFO neutron.db.ovn_revision_numbers_db [None req-c48f3092-552f-449e-a985-81c02d39b915 - - - - - -] Successfully bumped revision number for resource 6675c5a6-20cc-434f-8b43-629dfefced0a (type: ports) to 2
2026-07-01 02:03:30.521 9 INFO neutron.db.ovn_revision_numbers_db [None req-d8ea6f34-7ab5-4932-b999-756e1106ab1a 57880ae6fa834c0cb2ec94c5fa286aee 29ed25ada14c4ab4a263e6ec8667d934 - - default default] Successfully bumped revision number for resource 9a63e3cb-7f08-4942-8ed0-b51b05afcf65 (type: router_ports) to 1
2026-07-01 02:03:30.578 9 INFO neutron.db.ovn_revision_numbers_db [None req-c48f3092-552f-449e-a985-81c02d39b915 - - - - - -] Successfully bumped revision number for resource 6675c5a6-20cc-434f-8b43-629dfefced0a (type: ports) to 4
2026-07-01 02:03:30.818 10 INFO neutron.wsgi [None req-78482fcf-11eb-432f-ae5b-8809de788042 57880ae6fa834c0cb2ec94c5fa286aee 29ed25ada14c4ab4a263e6ec8667d934 - - default default] 10.0.0.106 "GET /v2.0/security-groups?tenant_id=50a17eda45354876a072fc5cc447d85a&name=default HTTP/1.1" status: 200 len: 2996 time: 0.2630677
2026-07-01 02:03:30.946 9 INFO neutron.db.ovn_revision_numbers_db [None req-d8ea6f34-7ab5-4932-b999-756e1106ab1a 57880ae6fa834c0cb2ec94c5fa286aee 29ed25ada14c4ab4a263e6ec8667d934 - - default default] Successfully bumped revision number for resource 9a63e3cb-7f08-4942-8ed0-b51b05afcf65 (type: ports) to 1
2026-07-01 02:03:31.012 10 INFO neutron.wsgi [None req-ab6f4ee8-a0a4-493f-baad-0765e6e7f124 57880ae6fa834c0cb2ec94c5fa286aee 29ed25ada14c4ab4a263e6ec8667d934 - - default default] 10.0.0.106 "DELETE /v2.0/security-groups/16f53edd-6436-4522-b4f6-57df2c17ad6a HTTP/1.1" status: 204 len: 168 time: 0.1889882
2026-07-01 02:03:31.053 9 WARNING neutron.scheduler.dhcp_agent_scheduler [None req-d8ea6f34-7ab5-4932-b999-756e1106ab1a 57880ae6fa834c0cb2ec94c5fa286aee 29ed25ada14c4ab4a263e6ec8667d934 - - default default] No more DHCP agents
2026-07-01 02:03:31.056 9 WARNING neutron.api.rpc.agentnotifiers.dhcp_rpc_agent_api [None req-d8ea6f34-7ab5-4932-b999-756e1106ab1a 57880ae6fa834c0cb2ec94c5fa286aee 29ed25ada14c4ab4a263e6ec8667d934 - - default default] Unable to schedule network 4db149f3-a923-49d2-a19a-0ca1df4831b7: no agents available; will retry on subsequent port and subnet creation events.
2026-07-01 02:03:31.152 10 INFO neutron.wsgi [None req-2511cfbf-0624-4282-ac8b-75ea764c2c19 382888968fd44181b8a9500b1ec53c1f c4371aabb9b9496694636ec2e8a6cd11 - - default default] 10.0.0.106 "POST /v2.0/qos/policies HTTP/1.1" status: 201 len: 558 time: 0.1302316
2026-07-01 02:03:31.152 9 INFO neutron.db.ovn_revision_numbers_db [None req-c48f3092-552f-449e-a985-81c02d39b915 - - - - - -] Successfully bumped revision number for resource 6675c5a6-20cc-434f-8b43-629dfefced0a (type: router_ports) to 4
2026-07-01 02:03:31.207 10 INFO neutron.wsgi [None req-d369e229-7fe5-45b4-9335-f30e67d6f8ab 382888968fd44181b8a9500b1ec53c1f c4371aabb9b9496694636ec2e8a6cd11 - - default default] 10.0.0.106 "POST /v2.0/qos/policies HTTP/1.1" status: 201 len: 558 time: 0.0493426
2026-07-01 02:03:31.275 10 INFO neutron.wsgi [None req-7013bb37-ced8-4de6-b617-78ca72c654f9 382888968fd44181b8a9500b1ec53c1f c4371aabb9b9496694636ec2e8a6cd11 - - default default] 10.0.0.106 "POST /v2.0/qos/policies HTTP/1.1" status: 201 len: 558 time: 0.0635593
2026-07-01 02:03:31.291 10 INFO neutron.db.ovn_revision_numbers_db [None req-cc233627-a58d-4ba5-beb4-a39996fe2630 57880ae6fa834c0cb2ec94c5fa286aee 29ed25ada14c4ab4a263e6ec8667d934 - - default default] Successfully bumped revision number for resource 81c958a5-f0c6-411b-ab60-3154886dd156 (type: security_groups) to 1
2026-07-01 02:03:31.311 10 INFO neutron.db.ovn_revision_numbers_db [None req-cc233627-a58d-4ba5-beb4-a39996fe2630 57880ae6fa834c0cb2ec94c5fa286aee 29ed25ada14c4ab4a263e6ec8667d934 - - default default] Successfully bumped revision number for resource 1904a874-d30b-4ca0-b715-f3bf90b3202c (type: security_group_rules) to 0
2026-07-01 02:03:31.326 10 INFO neutron.wsgi [None req-7b1a0732-60ab-46ac-8617-e688e38de9fe 382888968fd44181b8a9500b1ec53c1f c4371aabb9b9496694636ec2e8a6cd11 - - default default] 10.0.0.106 "POST /v2.0/qos/policies HTTP/1.1" status: 201 len: 558 time: 0.0412850
2026-07-01 02:03:31.336 10 INFO neutron.db.ovn_revision_numbers_db [None req-cc233627-a58d-4ba5-beb4-a39996fe2630 57880ae6fa834c0cb2ec94c5fa286aee 29ed25ada14c4ab4a263e6ec8667d934 - - default default] Successfully bumped revision number for resource 288638ff-d964-4321-99af-3b107d8b13c4 (type: security_group_rules) to 0
2026-07-01 02:03:31.359 10 INFO neutron.db.ovn_revision_numbers_db [None req-cc233627-a58d-4ba5-beb4-a39996fe2630 57880ae6fa834c0cb2ec94c5fa286aee 29ed25ada14c4ab4a263e6ec8667d934 - - default default] Successfully bumped revision number for resource 3cb25e2a-312a-4d60-a3a9-95d257fae950 (type: security_group_rules) to 0
2026-07-01 02:03:31.373 10 INFO neutron.db.ovn_revision_numbers_db [None req-cc233627-a58d-4ba5-beb4-a39996fe2630 57880ae6fa834c0cb2ec94c5fa286aee 29ed25ada14c4ab4a263e6ec8667d934 - - default default] Successfully bumped revision number for resource bafa2d10-3123-4b50-a694-d567cbac13d5 (type: security_group_rules) to 0
2026-07-01 02:03:31.394 10 INFO neutron.wsgi [None req-cc233627-a58d-4ba5-beb4-a39996fe2630 57880ae6fa834c0cb2ec94c5fa286aee 29ed25ada14c4ab4a263e6ec8667d934 - - default default] 10.0.0.106 "GET /v2.0/security-groups?tenant_id=c4f70591d7a040a089ac2ad8eb1b7917&name=default HTTP/1.1" status: 200 len: 2996 time: 0.2629726
2026-07-01 02:03:31.424 9 INFO neutron.wsgi [None req-38bd7764-3715-49b1-a996-3f4a8edfd4f2 382888968fd44181b8a9500b1ec53c1f c4371aabb9b9496694636ec2e8a6cd11 - - default default] 10.0.0.106 "POST /v2.0/qos/policies HTTP/1.1" status: 201 len: 558 time: 0.0923808
2026-07-01 02:03:31.451 10 INFO neutron.wsgi [None req-00f7b345-800b-4684-ad0c-fe922a244dc1 382888968fd44181b8a9500b1ec53c1f c4371aabb9b9496694636ec2e8a6cd11 - - default default] 10.0.0.106 "PUT /v2.0/policies/adba352d-1bef-4710-b6cb-3401a5d80fa0/tags HTTP/1.1" status: 200 len: 210 time: 0.0214398
2026-07-01 02:03:31.483 10 INFO neutron.wsgi [None req-82c6af66-e13b-4b14-b203-e29478928e9d 382888968fd44181b8a9500b1ec53c1f c4371aabb9b9496694636ec2e8a6cd11 - - default default] 10.0.0.106 "PUT /v2.0/policies/1fc3d92b-2710-4027-85ad-8b5276d771f8/tags HTTP/1.1" status: 200 len: 218 time: 0.0258214
2026-07-01 02:03:31.510 10 INFO neutron.wsgi [None req-db545f27-cf29-4338-902f-aa09695be981 382888968fd44181b8a9500b1ec53c1f c4371aabb9b9496694636ec2e8a6cd11 - - default default] 10.0.0.106 "PUT /v2.0/policies/4f2a1287-5ef0-40e3-aedf-d7773d8b2555/tags HTTP/1.1" status: 200 len: 227 time: 0.0215154
2026-07-01 02:03:31.540 10 INFO neutron.wsgi [None req-c3f33daa-d77a-4a0e-a82a-26c98f012ba0 382888968fd44181b8a9500b1ec53c1f c4371aabb9b9496694636ec2e8a6cd11 - - default default] 10.0.0.106 "PUT /v2.0/policies/dfa49ce9-03b2-4768-86b3-b89f271ffc81/tags HTTP/1.1" status: 200 len: 212 time: 0.0248318
2026-07-01 02:03:31.592 10 INFO neutron.wsgi [None req-cacba8df-b83c-4b87-96a0-239212be92ea 57880ae6fa834c0cb2ec94c5fa286aee 29ed25ada14c4ab4a263e6ec8667d934 - - default default] 10.0.0.106 "DELETE /v2.0/security-groups/81c958a5-f0c6-411b-ab60-3154886dd156 HTTP/1.1" status: 204 len: 168 time: 0.1940761
2026-07-01 02:03:31.661 9 INFO neutron.db.ovn_revision_numbers_db [None req-d8ea6f34-7ab5-4932-b999-756e1106ab1a 57880ae6fa834c0cb2ec94c5fa286aee 29ed25ada14c4ab4a263e6ec8667d934 - - default default] Successfully bumped revision number for resource 9a63e3cb-7f08-4942-8ed0-b51b05afcf65 (type: router_ports) to 1
2026-07-01 02:03:31.663 9 INFO neutron.wsgi [None req-d8ea6f34-7ab5-4932-b999-756e1106ab1a 57880ae6fa834c0cb2ec94c5fa286aee 29ed25ada14c4ab4a263e6ec8667d934 - - default default] 10.0.0.106 "PUT /v2.0/routers/304de4c8-7e9f-4ec5-960e-8bbc9f333607/add_router_interface HTTP/1.1" status: 200 len: 503 time: 2.4594886
2026-07-01 02:03:32.042 10 INFO neutron.wsgi [None req-53754aa7-8d36-4fab-816a-6e37026e6ab4 9432480ab65846a081c3ab41023f907b ee6bc555c735477a9c419694e1e7372f - - default default] 10.0.0.106 "GET /v2.0/qos/policies?tags=red HTTP/1.1" status: 200 len: 1296 time: 0.1269219
2026-07-01 02:03:32.069 10 INFO neutron.plugins.ml2.drivers.ovn.mech_driver.mech_driver [None req-ab9e2713-dbcd-4ec7-86b9-bb03792ba8c2 - - - - - -] OVN reports status up for port: 9a63e3cb-7f08-4942-8ed0-b51b05afcf65
2026-07-01 02:03:32.079 10 INFO neutron.plugins.ml2.plugin [None req-ab9e2713-dbcd-4ec7-86b9-bb03792ba8c2 - - - - - -] Attempt 1 to provision port 9a63e3cb-7f08-4942-8ed0-b51b05afcf65
2026-07-01 02:03:32.105 9 INFO neutron.wsgi [None req-8873a2f4-d19d-49ef-abb8-6759abbb222f 9432480ab65846a081c3ab41023f907b ee6bc555c735477a9c419694e1e7372f - - default default] 10.0.0.106 "GET /v2.0/qos/policies?tags=red%2Cblue HTTP/1.1" status: 200 len: 941 time: 0.0580580
2026-07-01 02:03:32.163 9 INFO neutron.wsgi [None req-89b51f46-a4d6-4abe-bb1e-c4c2f2832c11 9432480ab65846a081c3ab41023f907b ee6bc555c735477a9c419694e1e7372f - - default default] 10.0.0.106 "GET /v2.0/qos/policies?tags-any=blue HTTP/1.1" status: 200 len: 941 time: 0.0527711
2026-07-01 02:03:32.232 9 INFO neutron.wsgi [None req-6dcce9ac-3d19-474f-90a6-9198b9c74bac 9432480ab65846a081c3ab41023f907b ee6bc555c735477a9c419694e1e7372f - - default default] 10.0.0.106 "GET /v2.0/qos/policies?tags-any=red%2Cblue HTTP/1.1" status: 200 len: 1296 time: 0.0647106
2026-07-01 02:03:32.312 9 INFO neutron.wsgi [None req-38f24aca-e32b-4ce1-94ac-b5a6f678ad8b 9432480ab65846a081c3ab41023f907b ee6bc555c735477a9c419694e1e7372f - - default default] 10.0.0.106 "GET /v2.0/qos/policies?not-tags=red HTTP/1.1" status: 200 len: 913 time: 0.0750916
2026-07-01 02:03:32.317 10 INFO neutron.db.ovn_revision_numbers_db [None req-ab9e2713-dbcd-4ec7-86b9-bb03792ba8c2 - - - - - -] Successfully bumped revision number for resource 9a63e3cb-7f08-4942-8ed0-b51b05afcf65 (type: ports) to 2
2026-07-01 02:03:32.416 9 INFO neutron.db.ovn_revision_numbers_db [None req-2a9ac6f2-050f-44b4-b829-f32011a782fc eaa68942f1d143f2af3f5f1d7263e1c4 d782391f0c99484da44d327ddc165e87 - - default default] Successfully bumped revision number for resource 95324e70-b8ce-4f36-bd2c-8e270479dbda (type: security_groups) to 1
2026-07-01 02:03:32.421 9 INFO neutron.wsgi [None req-0c7ef36b-111b-44af-b98a-96fd9591e317 9432480ab65846a081c3ab41023f907b ee6bc555c735477a9c419694e1e7372f - - default default] 10.0.0.106 "GET /v2.0/qos/policies?not-tags=red%2Cblue HTTP/1.1" status: 200 len: 1268 time: 0.1042292
2026-07-01 02:03:32.432 9 INFO neutron.db.ovn_revision_numbers_db [None req-2a9ac6f2-050f-44b4-b829-f32011a782fc eaa68942f1d143f2af3f5f1d7263e1c4 d782391f0c99484da44d327ddc165e87 - - default default] Successfully bumped revision number for resource a185dc58-a2eb-4fda-a398-4d135462947c (type: security_group_rules) to 0
2026-07-01 02:03:32.437 10 INFO neutron.db.ovn_revision_numbers_db [None req-ab9e2713-dbcd-4ec7-86b9-bb03792ba8c2 - - - - - -] Successfully bumped revision number for resource 9a63e3cb-7f08-4942-8ed0-b51b05afcf65 (type: router_ports) to 2
2026-07-01 02:03:32.445 9 INFO neutron.db.ovn_revision_numbers_db [None req-2a9ac6f2-050f-44b4-b829-f32011a782fc eaa68942f1d143f2af3f5f1d7263e1c4 d782391f0c99484da44d327ddc165e87 - - default default] Successfully bumped revision number for resource b3a34ee3-85e9-494d-9f53-ca5b4b166390 (type: security_group_rules) to 0
2026-07-01 02:03:32.465 9 INFO neutron.wsgi [None req-2a9ac6f2-050f-44b4-b829-f32011a782fc eaa68942f1d143f2af3f5f1d7263e1c4 d782391f0c99484da44d327ddc165e87 - - default default] 10.0.0.106 "POST /v2.0/security-groups HTTP/1.1" status: 201 len: 1811 time: 0.1800075
2026-07-01 02:03:32.518 10 INFO neutron.wsgi [None req-3dc1368a-bc5e-433c-966b-9c996514f527 9432480ab65846a081c3ab41023f907b ee6bc555c735477a9c419694e1e7372f - - default default] 10.0.0.106 "GET /v2.0/qos/policies?not-tags-any=blue HTTP/1.1" status: 200 len: 1268 time: 0.0921891
2026-07-01 02:03:32.592 9 INFO neutron.wsgi [None req-1b35309d-be0a-4003-9673-75cdeec88abc 9432480ab65846a081c3ab41023f907b ee6bc555c735477a9c419694e1e7372f - - default default] 10.0.0.106 "GET /v2.0/qos/policies?not-tags-any=red%2Cblue HTTP/1.1" status: 200 len: 913 time: 0.0671697
2026-07-01 02:03:32.597 9 INFO neutron.db.ovn_revision_numbers_db [None req-426ace1b-a36b-4a45-b2ea-93c9ef1aacdc eaa68942f1d143f2af3f5f1d7263e1c4 d782391f0c99484da44d327ddc165e87 - - default default] Successfully bumped revision number for resource 498d376a-3721-4bfa-8937-2570c5b54942 (type: security_group_rules) to 0
2026-07-01 02:03:32.631 9 INFO neutron.wsgi [None req-426ace1b-a36b-4a45-b2ea-93c9ef1aacdc eaa68942f1d143f2af3f5f1d7263e1c4 d782391f0c99484da44d327ddc165e87 - - default default] 10.0.0.106 "POST /v2.0/security-group-rules HTTP/1.1" status: 201 len: 764 time: 0.1610007
2026-07-01 02:03:32.653 10 INFO neutron.wsgi [None req-5c4988bb-96cd-4e32-9937-306bcfb6d25e 382888968fd44181b8a9500b1ec53c1f c4371aabb9b9496694636ec2e8a6cd11 - - default default] 10.0.0.106 "DELETE /v2.0/qos/policies/adba352d-1bef-4710-b6cb-3401a5d80fa0 HTTP/1.1" status: 204 len: 168 time: 0.0509555
2026-07-01 02:03:32.731 9 INFO neutron.wsgi [None req-5bbcf07b-b84e-4320-a157-de704bdbe188 382888968fd44181b8a9500b1ec53c1f c4371aabb9b9496694636ec2e8a6cd11 - - default default] 10.0.0.106 "DELETE /v2.0/qos/policies/1fc3d92b-2710-4027-85ad-8b5276d771f8 HTTP/1.1" status: 204 len: 168 time: 0.0737979
2026-07-01 02:03:32.768 9 INFO neutron.db.ovn_revision_numbers_db [None req-983ead31-fedf-4ae0-9cd3-06d77f5b86d1 eaa68942f1d143f2af3f5f1d7263e1c4 d782391f0c99484da44d327ddc165e87 - - default default] Successfully bumped revision number for resource 0f2ebafa-2fee-47c1-80cb-51e1fbc43af9 (type: security_group_rules) to 0
2026-07-01 02:03:32.785 10 INFO neutron.wsgi [None req-f77ffaef-5504-4b08-9ad3-4d476585fd9c 382888968fd44181b8a9500b1ec53c1f c4371aabb9b9496694636ec2e8a6cd11 - - default default] 10.0.0.106 "DELETE /v2.0/qos/policies/4f2a1287-5ef0-40e3-aedf-d7773d8b2555 HTTP/1.1" status: 204 len: 168 time: 0.0477846
2026-07-01 02:03:32.796 9 INFO neutron.wsgi [None req-983ead31-fedf-4ae0-9cd3-06d77f5b86d1 eaa68942f1d143f2af3f5f1d7263e1c4 d782391f0c99484da44d327ddc165e87 - - default default] 10.0.0.106 "POST /v2.0/security-group-rules HTTP/1.1" status: 201 len: 763 time: 0.1598880
2026-07-01 02:03:32.837 10 INFO neutron.wsgi [None req-7d04bae3-1da0-4a9d-b526-e5c6e0889961 382888968fd44181b8a9500b1ec53c1f c4371aabb9b9496694636ec2e8a6cd11 - - default default] 10.0.0.106 "DELETE /v2.0/qos/policies/dfa49ce9-03b2-4768-86b3-b89f271ffc81 HTTP/1.1" status: 204 len: 168 time: 0.0470474
2026-07-01 02:03:32.888 10 INFO neutron.wsgi [None req-e9557b78-fa9b-4b4c-8b78-718ed0161e08 382888968fd44181b8a9500b1ec53c1f c4371aabb9b9496694636ec2e8a6cd11 - - default default] 10.0.0.106 "DELETE /v2.0/qos/policies/fff4071b-4ead-41bb-bae1-70f152808e48 HTTP/1.1" status: 204 len: 168 time: 0.0470352
2026-07-01 02:03:32.920 9 INFO neutron.db.ovn_revision_numbers_db [None req-634680b1-b29e-4098-8cc7-d0d76c4b9eb1 eaa68942f1d143f2af3f5f1d7263e1c4 d782391f0c99484da44d327ddc165e87 - - default default] Successfully bumped revision number for resource ec0795bb-ccbe-4922-aa7a-78a23d389945 (type: security_group_rules) to 0
2026-07-01 02:03:32.942 9 INFO neutron.wsgi [None req-634680b1-b29e-4098-8cc7-d0d76c4b9eb1 eaa68942f1d143f2af3f5f1d7263e1c4 d782391f0c99484da44d327ddc165e87 - - default default] 10.0.0.106 "POST /v2.0/security-group-rules HTTP/1.1" status: 201 len: 769 time: 0.1414521
2026-07-01 02:03:33.059 9 INFO neutron.db.ovn_revision_numbers_db [None req-fbf54352-4244-4ba7-8fc8-3ff4fd83b1b5 eaa68942f1d143f2af3f5f1d7263e1c4 d782391f0c99484da44d327ddc165e87 - - default default] Successfully bumped revision number for resource 1949f166-cfdf-4e34-9e2b-c81ce644a6c6 (type: security_group_rules) to 0
2026-07-01 02:03:33.087 9 INFO neutron.wsgi [None req-fbf54352-4244-4ba7-8fc8-3ff4fd83b1b5 eaa68942f1d143f2af3f5f1d7263e1c4 d782391f0c99484da44d327ddc165e87 - - default default] 10.0.0.106 "POST /v2.0/security-group-rules HTTP/1.1" status: 201 len: 768 time: 0.1383955
2026-07-01 02:03:33.120 9 INFO neutron.db.securitygroups_db [None req-379a47eb-2349-463b-be80-f91774d19a3b eaa68942f1d143f2af3f5f1d7263e1c4 d782391f0c99484da44d327ddc165e87 - - default default] Project d782391f0c99484da44d327ddc165e87 added a security group rule with legacy IPv6 ICMP protocol name icmp, ipv6-icmp should be used instead. It was automatically converted.
2026-07-01 02:03:33.231 9 INFO neutron.db.ovn_revision_numbers_db [None req-379a47eb-2349-463b-be80-f91774d19a3b eaa68942f1d143f2af3f5f1d7263e1c4 d782391f0c99484da44d327ddc165e87 - - default default] Successfully bumped revision number for resource f1206cdb-e885-4902-b7eb-2870f6a35591 (type: security_group_rules) to 0
2026-07-01 02:03:33.253 9 INFO neutron.wsgi [None req-379a47eb-2349-463b-be80-f91774d19a3b eaa68942f1d143f2af3f5f1d7263e1c4 d782391f0c99484da44d327ddc165e87 - - default default] 10.0.0.106 "POST /v2.0/security-group-rules HTTP/1.1" status: 201 len: 774 time: 0.1624880
2026-07-01 02:03:33.283 9 INFO neutron.db.securitygroups_db [None req-8be6a396-ea23-4163-b338-8491efb08c30 eaa68942f1d143f2af3f5f1d7263e1c4 d782391f0c99484da44d327ddc165e87 - - default default] Project d782391f0c99484da44d327ddc165e87 added a security group rule with legacy IPv6 ICMP protocol name icmp, ipv6-icmp should be used instead. It was automatically converted.
2026-07-01 02:03:33.401 9 INFO neutron.db.ovn_revision_numbers_db [None req-8be6a396-ea23-4163-b338-8491efb08c30 eaa68942f1d143f2af3f5f1d7263e1c4 d782391f0c99484da44d327ddc165e87 - - default default] Successfully bumped revision number for resource 465cfd84-5338-4f1f-9f3a-b44318b4f5aa (type: security_group_rules) to 0
2026-07-01 02:03:33.426 9 INFO neutron.wsgi [None req-8be6a396-ea23-4163-b338-8491efb08c30 eaa68942f1d143f2af3f5f1d7263e1c4 d782391f0c99484da44d327ddc165e87 - - default default] 10.0.0.106 "POST /v2.0/security-group-rules HTTP/1.1" status: 201 len: 773 time: 0.1672790
2026-07-01 02:03:33.737 10 INFO neutron.db.ovn_revision_numbers_db [None req-5d2b8802-39df-4f74-b261-aec418a8fd28 57880ae6fa834c0cb2ec94c5fa286aee 29ed25ada14c4ab4a263e6ec8667d934 - - default default] Successfully bumped revision number for resource 66c7a070-deb8-4699-a694-d8dbc3dff6af (type: security_groups) to 1
2026-07-01 02:03:33.751 10 INFO neutron.db.ovn_revision_numbers_db [None req-5d2b8802-39df-4f74-b261-aec418a8fd28 57880ae6fa834c0cb2ec94c5fa286aee 29ed25ada14c4ab4a263e6ec8667d934 - - default default] Successfully bumped revision number for resource 153316d3-74d6-494d-9d20-0d9163900894 (type: security_group_rules) to 0
2026-07-01 02:03:33.762 10 INFO neutron.db.ovn_revision_numbers_db [None req-5d2b8802-39df-4f74-b261-aec418a8fd28 57880ae6fa834c0cb2ec94c5fa286aee 29ed25ada14c4ab4a263e6ec8667d934 - - default default] Successfully bumped revision number for resource 1a03a94e-fdf2-43ad-816f-5451aa5aca3d (type: security_group_rules) to 0
2026-07-01 02:03:33.779 10 INFO neutron.db.ovn_revision_numbers_db [None req-5d2b8802-39df-4f74-b261-aec418a8fd28 57880ae6fa834c0cb2ec94c5fa286aee 29ed25ada14c4ab4a263e6ec8667d934 - - default default] Successfully bumped revision number for resource 315f28a9-6522-422b-8f57-9be38e19dd76 (type: security_group_rules) to 0
2026-07-01 02:03:33.799 10 INFO neutron.db.ovn_revision_numbers_db [None req-5d2b8802-39df-4f74-b261-aec418a8fd28 57880ae6fa834c0cb2ec94c5fa286aee 29ed25ada14c4ab4a263e6ec8667d934 - - default default] Successfully bumped revision number for resource 81462a9f-363b-46af-8e8e-db4e1c076b5e (type: security_group_rules) to 0
2026-07-01 02:03:33.820 10 INFO neutron.wsgi [None req-5d2b8802-39df-4f74-b261-aec418a8fd28 57880ae6fa834c0cb2ec94c5fa286aee 29ed25ada14c4ab4a263e6ec8667d934 - - default default] 10.0.0.106 "GET /v2.0/security-groups?tenant_id=ee6bc555c735477a9c419694e1e7372f&name=default HTTP/1.1" status: 200 len: 2996 time: 0.2532341
2026-07-01 02:03:33.933 10 INFO neutron.db.ovn_revision_numbers_db [None req-969eab4b-9b7a-42b4-a0ca-0fb1c5c00fca eaa68942f1d143f2af3f5f1d7263e1c4 d782391f0c99484da44d327ddc165e87 - - default default] Successfully bumped revision number for resource f09f3e4f-9eab-4569-a701-0a8ae4f86e49 (type: security_groups) to 1
2026-07-01 02:03:33.952 10 INFO neutron.db.ovn_revision_numbers_db [None req-969eab4b-9b7a-42b4-a0ca-0fb1c5c00fca eaa68942f1d143f2af3f5f1d7263e1c4 d782391f0c99484da44d327ddc165e87 - - default default] Successfully bumped revision number for resource 14da6421-3ad1-49cf-8e26-e9ca97b71b88 (type: security_group_rules) to 0
2026-07-01 02:03:33.970 10 INFO neutron.db.ovn_revision_numbers_db [None req-969eab4b-9b7a-42b4-a0ca-0fb1c5c00fca eaa68942f1d143f2af3f5f1d7263e1c4 d782391f0c99484da44d327ddc165e87 - - default default] Successfully bumped revision number for resource d999b719-8086-4b62-93f3-4c38b15ba09f (type: security_group_rules) to 0
