2026-07-01 02:02:18.927 9 INFO neutron.db.ovn_revision_numbers_db [None req-48a96550-8a50-46f6-b839-c8e154f9d5b5 57880ae6fa834c0cb2ec94c5fa286aee 29ed25ada14c4ab4a263e6ec8667d934 - - default default] Successfully bumped revision number for resource d751550d-2294-4fad-92aa-f206632a4dd7 (type: router_ports) to 1
2026-07-01 02:02:18.992 10 INFO neutron.wsgi [None req-800d6511-91f6-47f0-b836-182b590eb272 6366e0e5809c4c1db6ad96bcb747c35b b1df08b5c955434c9b689963b7ccbcf7 - - default default] 10.0.0.106 "GET /v2.0/routers?not-tags=red HTTP/1.1" status: 200 len: 1116 time: 0.0878158 /var/lib/openstack/lib/python3.10/site-packages/pycadf/identifier.py:71: UserWarning: Invalid uuid: neutron. To ensure interoperability, identifiers should be a valid uuid. warnings.warn(('Invalid uuid: %s. To ensure interoperability, '
2026-07-01 02:02:19.044 9 WARNING neutron.scheduler.dhcp_agent_scheduler [None req-0b211894-9ebc-4602-bd41-a9132de2fc63 8e8d748ac05949cf8bb284315d2e4219 d7c796313f9545d4bacd5d9c816bc8c2 - - default default] No more DHCP agents
2026-07-01 02:02:19.059 9 WARNING neutron.api.rpc.agentnotifiers.dhcp_rpc_agent_api [None req-0b211894-9ebc-4602-bd41-a9132de2fc63 8e8d748ac05949cf8bb284315d2e4219 d7c796313f9545d4bacd5d9c816bc8c2 - - default default] Unable to schedule network 5efb6575-2da4-439f-b61b-a07b17db184b: no agents available; will retry on subsequent port and subnet creation events.
2026-07-01 02:02:19.104 9 INFO neutron.wsgi [None req-da3f9713-f534-4154-92df-cdf5201882fa 6366e0e5809c4c1db6ad96bcb747c35b b1df08b5c955434c9b689963b7ccbcf7 - - default default] 10.0.0.106 "GET /v2.0/routers?not-tags=red%2Cblue HTTP/1.1" status: 200 len: 1573 time: 0.1015687
2026-07-01 02:02:19.118 10 WARNING neutron.scheduler.dhcp_agent_scheduler [None req-74c2eb44-d065-4df7-b70f-7007420f7f71 9da0e2d425d941b385525051dd1d1597 0c1aef4719f6456db2aba000bc5ff83d - - default default] No more DHCP agents
2026-07-01 02:02:19.128 10 WARNING neutron.api.rpc.agentnotifiers.dhcp_rpc_agent_api [None req-74c2eb44-d065-4df7-b70f-7007420f7f71 9da0e2d425d941b385525051dd1d1597 0c1aef4719f6456db2aba000bc5ff83d - - default default] Unable to schedule network e7d0a970-df71-40ed-a342-6199b9f41ae1: no agents available; will retry on subsequent port and subnet creation events.
2026-07-01 02:02:19.223 10 INFO neutron.wsgi [None req-935c6649-1058-4605-bf3d-80ad449aca84 6366e0e5809c4c1db6ad96bcb747c35b b1df08b5c955434c9b689963b7ccbcf7 - - default default] 10.0.0.106 "GET /v2.0/routers?not-tags-any=blue HTTP/1.1" status: 200 len: 1573 time: 0.1120253 /var/lib/openstack/lib/python3.10/site-packages/pycadf/identifier.py:71: UserWarning: Invalid uuid: neutron. To ensure interoperability, identifiers should be a valid uuid. warnings.warn(('Invalid uuid: %s. To ensure interoperability, '
2026-07-01 02:02:19.235 10 INFO neutron.db.ovn_revision_numbers_db [None req-f2b60030-d49c-4d4c-85b8-f7ab6ff3c1a3 - - - - - -] Successfully bumped revision number for resource 4e13748b-6068-40fa-b934-64cbdb65ed44 (type: router_ports) to 4
2026-07-01 02:02:19.308 9 INFO neutron.db.ovn_revision_numbers_db [None req-0b211894-9ebc-4602-bd41-a9132de2fc63 8e8d748ac05949cf8bb284315d2e4219 d7c796313f9545d4bacd5d9c816bc8c2 - - default default] Successfully bumped revision number for resource 88dc4a21-f1d0-4c2d-b236-012fe4afe96d (type: ports) to 1
2026-07-01 02:02:19.330 10 INFO neutron.db.ovn_revision_numbers_db [None req-74c2eb44-d065-4df7-b70f-7007420f7f71 9da0e2d425d941b385525051dd1d1597 0c1aef4719f6456db2aba000bc5ff83d - - default default] Successfully bumped revision number for resource 233c3297-95dd-452b-a317-95e6ba5b9214 (type: ports) to 1
2026-07-01 02:02:19.335 9 INFO neutron.wsgi [None req-cfff307f-54fc-423f-8c11-b45a029b5721 6366e0e5809c4c1db6ad96bcb747c35b b1df08b5c955434c9b689963b7ccbcf7 - - default default] 10.0.0.106 "GET /v2.0/routers?not-tags-any=red%2Cblue HTTP/1.1" status: 200 len: 1116 time: 0.1047142
2026-07-01 02:02:19.359 9 INFO neutron.db.ovn_revision_numbers_db [None req-48a96550-8a50-46f6-b839-c8e154f9d5b5 57880ae6fa834c0cb2ec94c5fa286aee 29ed25ada14c4ab4a263e6ec8667d934 - - default default] Successfully bumped revision number for resource d751550d-2294-4fad-92aa-f206632a4dd7 (type: ports) to 1
2026-07-01 02:02:19.407 9 WARNING neutron.scheduler.dhcp_agent_scheduler [None req-0b211894-9ebc-4602-bd41-a9132de2fc63 8e8d748ac05949cf8bb284315d2e4219 d7c796313f9545d4bacd5d9c816bc8c2 - - default default] No more DHCP agents
2026-07-01 02:02:19.413 9 WARNING neutron.api.rpc.agentnotifiers.dhcp_rpc_agent_api [None req-0b211894-9ebc-4602-bd41-a9132de2fc63 8e8d748ac05949cf8bb284315d2e4219 d7c796313f9545d4bacd5d9c816bc8c2 - - default default] Unable to schedule network 2c09e6c2-2713-4b86-8cfa-6b84328b7090: no agents available; will retry on subsequent port and subnet creation events.
2026-07-01 02:02:19.420 9 INFO neutron.wsgi [None req-f2cfa796-cbcb-4cfe-89b6-2443e78fa0aa 6366e0e5809c4c1db6ad96bcb747c35b b1df08b5c955434c9b689963b7ccbcf7 - - default default] 10.0.0.106 "GET /v2.0/routers/92a53a52-5051-4cda-ad1c-12735bf6a77c HTTP/1.1" status: 200 len: 660 time: 0.0768480
2026-07-01 02:02:19.522 9 WARNING neutron.scheduler.dhcp_agent_scheduler [None req-48a96550-8a50-46f6-b839-c8e154f9d5b5 57880ae6fa834c0cb2ec94c5fa286aee 29ed25ada14c4ab4a263e6ec8667d934 - - default default] No more DHCP agents
2026-07-01 02:02:19.523 9 INFO neutron.db.ovn_revision_numbers_db [None req-ab9d32e5-980d-440c-9279-1db8e8ddc9a1 - - - - - -] Successfully bumped revision number for resource d751550d-2294-4fad-92aa-f206632a4dd7 (type: ports) to 2
2026-07-01 02:02:19.525 9 WARNING neutron.api.rpc.agentnotifiers.dhcp_rpc_agent_api [None req-48a96550-8a50-46f6-b839-c8e154f9d5b5 57880ae6fa834c0cb2ec94c5fa286aee 29ed25ada14c4ab4a263e6ec8667d934 - - default default] Unable to schedule network 0b87670f-26ac-4d49-8de6-dead3f3f7b47: no agents available; will retry on subsequent port and subnet creation events.
2026-07-01 02:02:19.567 9 INFO neutron.db.ovn_revision_numbers_db [None req-0b211894-9ebc-4602-bd41-a9132de2fc63 8e8d748ac05949cf8bb284315d2e4219 d7c796313f9545d4bacd5d9c816bc8c2 - - default default] Successfully bumped revision number for resource f053a8b7-bc92-4271-a496-a1e87c6e5697 (type: ports) to 1
2026-07-01 02:02:19.632 9 INFO neutron.wsgi [None req-0b211894-9ebc-4602-bd41-a9132de2fc63 8e8d748ac05949cf8bb284315d2e4219 d7c796313f9545d4bacd5d9c816bc8c2 - - default default] 10.0.0.106 "POST /v2.0/ports HTTP/1.1" status: 201 len: 1705 time: 1.5983503 /var/lib/openstack/lib/python3.10/site-packages/pycadf/identifier.py:71: UserWarning: Invalid uuid: neutron. To ensure interoperability, identifiers should be a valid uuid. warnings.warn(('Invalid uuid: %s. To ensure interoperability, '
2026-07-01 02:02:19.792 9 INFO neutron.db.ovn_revision_numbers_db [None req-ab9d32e5-980d-440c-9279-1db8e8ddc9a1 - - - - - -] Successfully bumped revision number for resource d751550d-2294-4fad-92aa-f206632a4dd7 (type: router_ports) to 2
2026-07-01 02:02:19.876 9 INFO neutron.wsgi [None req-3026ce8c-edde-4734-b5b8-e792f9d89464 8e8d748ac05949cf8bb284315d2e4219 d7c796313f9545d4bacd5d9c816bc8c2 - - default default] 10.0.0.106 "GET /v2.0/ports HTTP/1.1" status: 200 len: 3212 time: 0.2363508
2026-07-01 02:02:20.162 10 INFO neutron.db.ovn_revision_numbers_db [None req-4daa2dd2-e5d7-490a-a862-893288d5790d 6366e0e5809c4c1db6ad96bcb747c35b b1df08b5c955434c9b689963b7ccbcf7 - - default default] Successfully bumped revision number for resource 92a53a52-5051-4cda-ad1c-12735bf6a77c (type: routers) to 2
2026-07-01 02:02:20.165 10 INFO neutron.wsgi [None req-4daa2dd2-e5d7-490a-a862-893288d5790d 6366e0e5809c4c1db6ad96bcb747c35b b1df08b5c955434c9b689963b7ccbcf7 - - default default] 10.0.0.106 "PUT /v2.0/routers/92a53a52-5051-4cda-ad1c-12735bf6a77c HTTP/1.1" status: 200 len: 660 time: 0.7388897
2026-07-01 02:02:20.206 9 INFO neutron.wsgi [None req-8ecda74d-b337-49ae-b34c-d1f14b504c62 6366e0e5809c4c1db6ad96bcb747c35b b1df08b5c955434c9b689963b7ccbcf7 - - default default] 10.0.0.106 "GET /v2.0/ports?device_id=92a53a52-5051-4cda-ad1c-12735bf6a77c HTTP/1.1" status: 200 len: 205 time: 0.0300984
2026-07-01 02:02:20.265 10 INFO neutron.wsgi [None req-086cc100-5bae-4aa3-9781-fe1140c2a5cb 8e8d748ac05949cf8bb284315d2e4219 d7c796313f9545d4bacd5d9c816bc8c2 - - default default] 10.0.0.106 "DELETE /v2.0/ports/88dc4a21-f1d0-4c2d-b236-012fe4afe96d HTTP/1.1" status: 204 len: 168 time: 0.3828773
2026-07-01 02:02:20.372 10 INFO neutron.plugins.ml2.drivers.ovn.mech_driver.ovsdb.ovsdb_monitor [None req-f2b60030-d49c-4d4c-85b8-f7ab6ff3c1a3 - - - - - -] Router 321b1dce-1a09-45ba-a73c-8617933a510f is bound to host instance
2026-07-01 02:02:20.386 10 INFO neutron.db.ovn_revision_numbers_db [None req-74c2eb44-d065-4df7-b70f-7007420f7f71 9da0e2d425d941b385525051dd1d1597 0c1aef4719f6456db2aba000bc5ff83d - - default default] Successfully bumped revision number for resource 233c3297-95dd-452b-a317-95e6ba5b9214 (type: router_ports) to 1
2026-07-01 02:02:20.441 9 INFO neutron.wsgi [None req-3371f4ab-c706-475d-945e-d4d7de38d8af 6366e0e5809c4c1db6ad96bcb747c35b b1df08b5c955434c9b689963b7ccbcf7 - - default default] 10.0.0.106 "DELETE /v2.0/routers/92a53a52-5051-4cda-ad1c-12735bf6a77c HTTP/1.1" status: 204 len: 168 time: 0.2306426
2026-07-01 02:02:20.550 10 INFO neutron.wsgi [None req-e1f7ba84-9962-4c68-b4ae-b026db26e741 6366e0e5809c4c1db6ad96bcb747c35b b1df08b5c955434c9b689963b7ccbcf7 - - default default] 10.0.0.106 "GET /v2.0/routers/deddc32e-7dc6-467b-95b0-1648517a590d HTTP/1.1" status: 200 len: 668 time: 0.0999916
2026-07-01 02:02:20.566 10 INFO neutron.db.ovn_revision_numbers_db [None req-74c2eb44-d065-4df7-b70f-7007420f7f71 9da0e2d425d941b385525051dd1d1597 0c1aef4719f6456db2aba000bc5ff83d - - default default] Successfully bumped revision number for resource 321b1dce-1a09-45ba-a73c-8617933a510f (type: routers) to 2
2026-07-01 02:02:20.586 9 INFO neutron.db.ovn_revision_numbers_db [None req-48a96550-8a50-46f6-b839-c8e154f9d5b5 57880ae6fa834c0cb2ec94c5fa286aee 29ed25ada14c4ab4a263e6ec8667d934 - - default default] Successfully bumped revision number for resource d751550d-2294-4fad-92aa-f206632a4dd7 (type: router_ports) to 2
2026-07-01 02:02:20.588 9 INFO neutron.wsgi [None req-48a96550-8a50-46f6-b839-c8e154f9d5b5 57880ae6fa834c0cb2ec94c5fa286aee 29ed25ada14c4ab4a263e6ec8667d934 - - default default] 10.0.0.106 "PUT /v2.0/routers/7c399235-4952-441f-820f-e08ffbf36b3b/add_router_interface HTTP/1.1" status: 200 len: 503 time: 3.6362560
2026-07-01 02:02:20.620 10 INFO neutron.wsgi [None req-74c2eb44-d065-4df7-b70f-7007420f7f71 9da0e2d425d941b385525051dd1d1597 0c1aef4719f6456db2aba000bc5ff83d - - default default] 10.0.0.106 "POST /v2.0/routers HTTP/1.1" status: 201 len: 875 time: 2.1494753
2026-07-01 02:02:20.689 9 INFO neutron.wsgi [None req-5dbab24b-0d6c-49ac-a568-a50ce73bac06 c8ab299bc7534fb48cfb3d27afb1eb85 f4dac1d28a434f1a8abf0063288ebd25 - - default default] 10.0.0.106 "GET /v2.0/subnets?project_id=0c1aef4719f6456db2aba000bc5ff83d&cidr=10.100.0.0%2F28 HTTP/1.1" status: 200 len: 207 time: 0.0648456
2026-07-01 02:02:20.742 10 INFO neutron.wsgi [None req-d8189006-a90f-4588-a503-46035de5fee6 8e8d748ac05949cf8bb284315d2e4219 d7c796313f9545d4bacd5d9c816bc8c2 - - default default] 10.0.0.106 "DELETE /v2.0/ports/f053a8b7-bc92-4271-a496-a1e87c6e5697 HTTP/1.1" status: 204 len: 168 time: 0.4717648
2026-07-01 02:02:20.769 9 INFO neutron.wsgi [None req-dac2cb33-f235-4603-855e-21084a3ef28c c8ab299bc7534fb48cfb3d27afb1eb85 f4dac1d28a434f1a8abf0063288ebd25 - - default default] 10.0.0.106 "GET /v2.0/networks?router%3Aexternal=True HTTP/1.1" status: 200 len: 947 time: 0.0739276
2026-07-01 02:02:20.793 9 INFO neutron.wsgi [None req-323808df-ecc1-4418-a058-77bb0f39d5e6 c8ab299bc7534fb48cfb3d27afb1eb85 f4dac1d28a434f1a8abf0063288ebd25 - - default default] 10.0.0.106 "GET /v2.0/subnets?network_id=e7d0a970-df71-40ed-a342-6199b9f41ae1&cidr=10.100.0.0%2F28 HTTP/1.1" status: 200 len: 207 time: 0.0185113
2026-07-01 02:02:20.990 10 INFO neutron.wsgi [None req-27f835db-3cd1-494b-af50-d3ee7b0a1b04 8e8d748ac05949cf8bb284315d2e4219 d7c796313f9545d4bacd5d9c816bc8c2 - - default default] 10.0.0.106 "GET /v2.0/ports HTTP/1.1" status: 200 len: 1718 time: 0.2420576
2026-07-01 02:02:20.999 9 WARNING neutron.scheduler.dhcp_agent_scheduler [None req-6b62b97f-d4ba-42a4-845d-e29814aada65 9da0e2d425d941b385525051dd1d1597 0c1aef4719f6456db2aba000bc5ff83d - - default default] No more DHCP agents
2026-07-01 02:02:21.007 9 WARNING neutron.api.rpc.agentnotifiers.dhcp_rpc_agent_api [None req-6b62b97f-d4ba-42a4-845d-e29814aada65 9da0e2d425d941b385525051dd1d1597 0c1aef4719f6456db2aba000bc5ff83d - - default default] Unable to schedule network b9f208ef-1932-463a-bb7f-8f3f079213e4: no agents available; will retry on subsequent port and subnet creation events.
2026-07-01 02:02:21.123 9 INFO neutron.db.segments_db [None req-ef6c9648-404a-4533-83fd-ca02c299bb9e 8e8d748ac05949cf8bb284315d2e4219 d7c796313f9545d4bacd5d9c816bc8c2 - - default default] Added segment 7441dda4-d805-4c8c-8f27-81973a2878df of type geneve for network 4a6eaf39-76d4-4acc-b961-207779dab4da
2026-07-01 02:02:21.293 9 INFO neutron.db.ovn_revision_numbers_db [None req-ef6c9648-404a-4533-83fd-ca02c299bb9e 8e8d748ac05949cf8bb284315d2e4219 d7c796313f9545d4bacd5d9c816bc8c2 - - default default] Successfully bumped revision number for resource 4a6eaf39-76d4-4acc-b961-207779dab4da (type: networks) to 1
2026-07-01 02:02:21.471 10 INFO neutron.db.ovn_revision_numbers_db [None req-3ebfba45-6ad3-44f0-ae58-b8a22549f4b8 6366e0e5809c4c1db6ad96bcb747c35b b1df08b5c955434c9b689963b7ccbcf7 - - default default] Successfully bumped revision number for resource deddc32e-7dc6-467b-95b0-1648517a590d (type: routers) to 2
2026-07-01 02:02:21.474 10 INFO neutron.wsgi [None req-3ebfba45-6ad3-44f0-ae58-b8a22549f4b8 6366e0e5809c4c1db6ad96bcb747c35b b1df08b5c955434c9b689963b7ccbcf7 - - default default] 10.0.0.106 "PUT /v2.0/routers/deddc32e-7dc6-467b-95b0-1648517a590d HTTP/1.1" status: 200 len: 668 time: 0.9186437
2026-07-01 02:02:21.497 10 INFO neutron.wsgi [None req-1009c7d1-2dc6-4535-affe-7f049ebe99cf 6366e0e5809c4c1db6ad96bcb747c35b b1df08b5c955434c9b689963b7ccbcf7 - - default default] 10.0.0.106 "GET /v2.0/ports?device_id=deddc32e-7dc6-467b-95b0-1648517a590d HTTP/1.1" status: 200 len: 205 time: 0.0185475
2026-07-01 02:02:21.515 9 WARNING neutron.scheduler.dhcp_agent_scheduler [None req-ef6c9648-404a-4533-83fd-ca02c299bb9e 8e8d748ac05949cf8bb284315d2e4219 d7c796313f9545d4bacd5d9c816bc8c2 - - default default] No more DHCP agents
2026-07-01 02:02:21.518 9 WARNING neutron.api.rpc.agentnotifiers.dhcp_rpc_agent_api [None req-ef6c9648-404a-4533-83fd-ca02c299bb9e 8e8d748ac05949cf8bb284315d2e4219 d7c796313f9545d4bacd5d9c816bc8c2 - - default default] Unable to schedule network 4a6eaf39-76d4-4acc-b961-207779dab4da: no agents available; will retry on subsequent port and subnet creation events.
2026-07-01 02:02:21.607 9 INFO neutron.db.ovn_revision_numbers_db [None req-ef6c9648-404a-4533-83fd-ca02c299bb9e 8e8d748ac05949cf8bb284315d2e4219 d7c796313f9545d4bacd5d9c816bc8c2 - - default default] Successfully bumped revision number for resource 0d90e9ab-89bf-4494-8b67-f91f04caee77 (type: ports) to 1
2026-07-01 02:02:21.623 9 INFO neutron.db.ovn_revision_numbers_db [None req-6b62b97f-d4ba-42a4-845d-e29814aada65 9da0e2d425d941b385525051dd1d1597 0c1aef4719f6456db2aba000bc5ff83d - - default default] Successfully bumped revision number for resource dcdc6e43-9cf0-4c9b-aadb-97221e70a0ff (type: ports) to 2
2026-07-01 02:02:21.628 9 INFO neutron.wsgi [None req-ef6c9648-404a-4533-83fd-ca02c299bb9e 8e8d748ac05949cf8bb284315d2e4219 d7c796313f9545d4bacd5d9c816bc8c2 - - default default] 10.0.0.106 "POST /v2.0/networks HTTP/1.1" status: 201 len: 853 time: 0.6279798
2026-07-01 02:02:21.662 9 INFO neutron.db.ovn_revision_numbers_db [None req-6b62b97f-d4ba-42a4-845d-e29814aada65 9da0e2d425d941b385525051dd1d1597 0c1aef4719f6456db2aba000bc5ff83d - - default default] Successfully bumped revision number for resource ef4d6596-0a61-4071-9c26-177165ea5313 (type: subnets) to 0
2026-07-01 02:02:21.679 9 INFO neutron.wsgi [None req-6b62b97f-d4ba-42a4-845d-e29814aada65 9da0e2d425d941b385525051dd1d1597 0c1aef4719f6456db2aba000bc5ff83d - - default default] 10.0.0.106 "POST /v2.0/subnets HTTP/1.1" status: 201 len: 831 time: 0.8810229
2026-07-01 02:02:21.705 10 INFO neutron.db.ovn_revision_numbers_db [None req-f2b60030-d49c-4d4c-85b8-f7ab6ff3c1a3 - - - - - -] Successfully bumped revision number for resource 233c3297-95dd-452b-a317-95e6ba5b9214 (type: ports) to 1
2026-07-01 02:02:21.713 10 INFO neutron.wsgi [None req-0932179d-2bfe-430a-9ae8-4f70deb4aa5a 6366e0e5809c4c1db6ad96bcb747c35b b1df08b5c955434c9b689963b7ccbcf7 - - default default] 10.0.0.106 "DELETE /v2.0/routers/deddc32e-7dc6-467b-95b0-1648517a590d HTTP/1.1" status: 204 len: 168 time: 0.2103570
2026-07-01 02:02:21.762 10 INFO neutron.wsgi [None req-a933dcc4-c64f-4cf4-b2ee-23579bb088a9 6366e0e5809c4c1db6ad96bcb747c35b b1df08b5c955434c9b689963b7ccbcf7 - - default default] 10.0.0.106 "GET /v2.0/routers/a28b1bf8-5d4d-4b7a-a44e-d935156a1efa HTTP/1.1" status: 200 len: 677 time: 0.0439646
2026-07-01 02:02:21.889 9 INFO neutron.db.segments_db [None req-f5901aa9-b45b-4b5a-8659-1d512593188b 8e8d748ac05949cf8bb284315d2e4219 d7c796313f9545d4bacd5d9c816bc8c2 - - default default] Added segment 2c3129cd-a97d-4005-8429-9937b5271de9 of type geneve for network a51b88ef-13c3-4b15-8f3a-f486eb556892
2026-07-01 02:02:22.051 9 INFO neutron.db.ovn_revision_numbers_db [None req-f5901aa9-b45b-4b5a-8659-1d512593188b 8e8d748ac05949cf8bb284315d2e4219 d7c796313f9545d4bacd5d9c816bc8c2 - - default default] Successfully bumped revision number for resource a51b88ef-13c3-4b15-8f3a-f486eb556892 (type: networks) to 1
2026-07-01 02:02:22.120 10 INFO neutron.db.ovn_revision_numbers_db [None req-f2b60030-d49c-4d4c-85b8-f7ab6ff3c1a3 - - - - - -] Successfully bumped revision number for resource 233c3297-95dd-452b-a317-95e6ba5b9214 (type: router_ports) to 3
2026-07-01 02:02:22.215 10 INFO neutron.db.ovn_revision_numbers_db [None req-d95592b3-107e-4758-811a-0de7c85ae1a2 6366e0e5809c4c1db6ad96bcb747c35b b1df08b5c955434c9b689963b7ccbcf7 - - default default] Successfully bumped revision number for resource a28b1bf8-5d4d-4b7a-a44e-d935156a1efa (type: routers) to 2
2026-07-01 02:02:22.217 10 INFO neutron.wsgi [None req-d95592b3-107e-4758-811a-0de7c85ae1a2 6366e0e5809c4c1db6ad96bcb747c35b b1df08b5c955434c9b689963b7ccbcf7 - - default default] 10.0.0.106 "PUT /v2.0/routers/a28b1bf8-5d4d-4b7a-a44e-d935156a1efa HTTP/1.1" status: 200 len: 677 time: 0.4505007
2026-07-01 02:02:22.237 10 INFO neutron.wsgi [None req-d245ad7f-02b6-46ba-b2e4-86f2fbb6214a 6366e0e5809c4c1db6ad96bcb747c35b b1df08b5c955434c9b689963b7ccbcf7 - - default default] 10.0.0.106 "GET /v2.0/ports?device_id=a28b1bf8-5d4d-4b7a-a44e-d935156a1efa HTTP/1.1" status: 200 len: 205 time: 0.0154893
2026-07-01 02:02:22.305 9 WARNING neutron.scheduler.dhcp_agent_scheduler [None req-f5901aa9-b45b-4b5a-8659-1d512593188b 8e8d748ac05949cf8bb284315d2e4219 d7c796313f9545d4bacd5d9c816bc8c2 - - default default] No more DHCP agents
2026-07-01 02:02:22.309 9 WARNING neutron.api.rpc.agentnotifiers.dhcp_rpc_agent_api [None req-f5901aa9-b45b-4b5a-8659-1d512593188b 8e8d748ac05949cf8bb284315d2e4219 d7c796313f9545d4bacd5d9c816bc8c2 - - default default] Unable to schedule network a51b88ef-13c3-4b15-8f3a-f486eb556892: no agents available; will retry on subsequent port and subnet creation events.
2026-07-01 02:02:22.396 10 INFO neutron.db.ovn_revision_numbers_db [None req-f2b60030-d49c-4d4c-85b8-f7ab6ff3c1a3 - - - - - -] Successfully bumped revision number for resource 233c3297-95dd-452b-a317-95e6ba5b9214 (type: ports) to 2
2026-07-01 02:02:22.409 9 INFO neutron.db.ovn_revision_numbers_db [None req-f5901aa9-b45b-4b5a-8659-1d512593188b 8e8d748ac05949cf8bb284315d2e4219 d7c796313f9545d4bacd5d9c816bc8c2 - - default default] Successfully bumped revision number for resource 57563ab9-b832-4375-9077-881a5178f5b0 (type: ports) to 1
2026-07-01 02:02:22.435 9 INFO neutron.wsgi [None req-f5901aa9-b45b-4b5a-8659-1d512593188b 8e8d748ac05949cf8bb284315d2e4219 d7c796313f9545d4bacd5d9c816bc8c2 - - default default] 10.0.0.106 "POST /v2.0/networks HTTP/1.1" status: 201 len: 853 time: 0.8023546
2026-07-01 02:02:22.472 9 WARNING neutron.scheduler.dhcp_agent_scheduler [None req-adbe4dd9-701c-458f-b766-ba6932f1e45f 9da0e2d425d941b385525051dd1d1597 0c1aef4719f6456db2aba000bc5ff83d - - default default] No more DHCP agents
2026-07-01 02:02:22.475 9 WARNING neutron.api.rpc.agentnotifiers.dhcp_rpc_agent_api [None req-adbe4dd9-701c-458f-b766-ba6932f1e45f 9da0e2d425d941b385525051dd1d1597 0c1aef4719f6456db2aba000bc5ff83d - - default default] Unable to schedule network b9f208ef-1932-463a-bb7f-8f3f079213e4: no agents available; will retry on subsequent port and subnet creation events.
2026-07-01 02:02:22.482 10 INFO neutron.wsgi [None req-924ee122-b3b3-4a09-81c8-ca1e954d61f0 6366e0e5809c4c1db6ad96bcb747c35b b1df08b5c955434c9b689963b7ccbcf7 - - default default] 10.0.0.106 "DELETE /v2.0/routers/a28b1bf8-5d4d-4b7a-a44e-d935156a1efa HTTP/1.1" status: 204 len: 168 time: 0.2379742
2026-07-01 02:02:22.531 10 INFO neutron.wsgi [None req-e4361d27-8f8b-4945-9e7f-0fa35305637d 6366e0e5809c4c1db6ad96bcb747c35b b1df08b5c955434c9b689963b7ccbcf7 - - default default] 10.0.0.106 "GET /v2.0/routers/fd129b7f-66c1-4442-be9d-546c596cc35a HTTP/1.1" status: 200 len: 662 time: 0.0440207
2026-07-01 02:02:22.692 9 INFO neutron.db.ovn_revision_numbers_db [None req-adbe4dd9-701c-458f-b766-ba6932f1e45f 9da0e2d425d941b385525051dd1d1597 0c1aef4719f6456db2aba000bc5ff83d - - default default] Successfully bumped revision number for resource 15d1b6fb-f7ba-4931-b81b-abcc1022f8a7 (type: ports) to 1
2026-07-01 02:02:22.694 10 INFO neutron.db.ovn_revision_numbers_db [None req-f2b60030-d49c-4d4c-85b8-f7ab6ff3c1a3 - - - - - -] Successfully bumped revision number for resource 233c3297-95dd-452b-a317-95e6ba5b9214 (type: ports) to 4
2026-07-01 02:02:22.889 10 INFO neutron.db.ovn_revision_numbers_db [None req-f2b60030-d49c-4d4c-85b8-f7ab6ff3c1a3 - - - - - -] Successfully bumped revision number for resource 233c3297-95dd-452b-a317-95e6ba5b9214 (type: router_ports) to 4
2026-07-01 02:02:23.128 9 INFO neutron.wsgi [req-e1505066-0078-4f68-adad-58fdd6b42968 req-1a46e978-9f9b-4b39-8a57-36adee12da11 e3d1c77b21414dc6b8b2179d4eb732ea e09b06d7f35546a8a1f855c2b7a759e5 - - default default] 10.0.0.77 "GET /v2.0/networks?id=0b87670f-26ac-4d49-8de6-dead3f3f7b47 HTTP/1.1" status: 200 len: 871 time: 0.3467631
2026-07-01 02:02:23.152 9 INFO neutron.wsgi [req-e1505066-0078-4f68-adad-58fdd6b42968 req-adf59f84-192f-47b1-871e-9f75f178f29d e3d1c77b21414dc6b8b2179d4eb732ea e09b06d7f35546a8a1f855c2b7a759e5 - - default default] 10.0.0.77 "GET /v2.0/quotas/e09b06d7f35546a8a1f855c2b7a759e5 HTTP/1.1" status: 200 len: 386 time: 0.0127254
2026-07-01 02:02:23.292 9 INFO neutron.db.ovn_revision_numbers_db [None req-74825ac4-2662-4bb9-bed2-20edc967b18c 6366e0e5809c4c1db6ad96bcb747c35b b1df08b5c955434c9b689963b7ccbcf7 - - default default] Successfully bumped revision number for resource fd129b7f-66c1-4442-be9d-546c596cc35a (type: routers) to 2
2026-07-01 02:02:23.295 9 INFO neutron.wsgi [None req-74825ac4-2662-4bb9-bed2-20edc967b18c 6366e0e5809c4c1db6ad96bcb747c35b b1df08b5c955434c9b689963b7ccbcf7 - - default default] 10.0.0.106 "PUT /v2.0/routers/fd129b7f-66c1-4442-be9d-546c596cc35a HTTP/1.1" status: 200 len: 662 time: 0.7580056
2026-07-01 02:02:23.307 9 INFO neutron.wsgi [req-e1505066-0078-4f68-adad-58fdd6b42968 req-9b61dbe1-c657-4c69-8cae-97def3eed8fc e3d1c77b21414dc6b8b2179d4eb732ea e09b06d7f35546a8a1f855c2b7a759e5 - - default default] 10.0.0.77 "GET /v2.0/ports?tenant_id=e09b06d7f35546a8a1f855c2b7a759e5&fields=id HTTP/1.1" status: 200 len: 302 time: 0.1423683
2026-07-01 02:02:23.321 10 INFO neutron.wsgi [None req-66545c6a-f0b1-4c05-bfe1-4d905c7b26f7 6366e0e5809c4c1db6ad96bcb747c35b b1df08b5c955434c9b689963b7ccbcf7 - - default default] 10.0.0.106 "GET /v2.0/ports?device_id=fd129b7f-66c1-4442-be9d-546c596cc35a HTTP/1.1" status: 200 len: 205 time: 0.0224681
2026-07-01 02:02:23.391 9 INFO neutron.wsgi [req-e1505066-0078-4f68-adad-58fdd6b42968 req-1d029e78-9bee-4f6c-8d5a-a890d3023f35 d78c6ffc63e14fc1a6d0cadc9ffeedf4 5505ac35fe4042c295b8fcd48b6a3b49 - - 5405da94dae646ca878ea16edcbf95e5 5405da94dae646ca878ea16edcbf95e5] 10.0.0.77 "GET /v2.0/networks/0b87670f-26ac-4d49-8de6-dead3f3f7b47?fields=segments HTTP/1.1" status: 200 len: 212 time: 0.0743937
2026-07-01 02:02:23.475 9 INFO neutron.wsgi [req-e1505066-0078-4f68-adad-58fdd6b42968 req-2b51e771-9ec3-4749-9597-73db85639dee d78c6ffc63e14fc1a6d0cadc9ffeedf4 5505ac35fe4042c295b8fcd48b6a3b49 - - 5405da94dae646ca878ea16edcbf95e5 5405da94dae646ca878ea16edcbf95e5] 10.0.0.77 "GET /v2.0/networks/0b87670f-26ac-4d49-8de6-dead3f3f7b47?fields=provider%3Aphysical_network&fields=provider%3Anetwork_type HTTP/1.1" status: 200 len: 277 time: 0.0769064
2026-07-01 02:02:23.564 10 WARNING neutron.scheduler.dhcp_agent_scheduler [None req-68c4018e-2f48-466a-8515-7876b30b8dde 8e8d748ac05949cf8bb284315d2e4219 d7c796313f9545d4bacd5d9c816bc8c2 - - default default] No more DHCP agents
2026-07-01 02:02:23.567 10 WARNING neutron.api.rpc.agentnotifiers.dhcp_rpc_agent_api [None req-68c4018e-2f48-466a-8515-7876b30b8dde 8e8d748ac05949cf8bb284315d2e4219 d7c796313f9545d4bacd5d9c816bc8c2 - - default default] Unable to schedule network 4a6eaf39-76d4-4acc-b961-207779dab4da: no agents available; will retry on subsequent port and subnet creation events.
2026-07-01 02:02:23.611 9 INFO neutron.db.ovn_revision_numbers_db [None req-adbe4dd9-701c-458f-b766-ba6932f1e45f 9da0e2d425d941b385525051dd1d1597 0c1aef4719f6456db2aba000bc5ff83d - - default default] Successfully bumped revision number for resource 15d1b6fb-f7ba-4931-b81b-abcc1022f8a7 (type: router_ports) to 1
2026-07-01 02:02:23.613 9 INFO neutron.wsgi [req-98f8c0e0-8b48-4d0a-b77b-30def460e540 req-683ec858-0105-4b00-9473-32e27b110b36 e3d1c77b21414dc6b8b2179d4eb732ea e09b06d7f35546a8a1f855c2b7a759e5 - - default default] 10.0.0.77 "GET /v2.0/ports?device_id=83ea0502-80b3-4316-8e60-c9213454a867 HTTP/1.1" status: 200 len: 210 time: 0.0180292
2026-07-01 02:02:23.628 10 INFO neutron.db.ovn_revision_numbers_db [None req-68c4018e-2f48-466a-8515-7876b30b8dde 8e8d748ac05949cf8bb284315d2e4219 d7c796313f9545d4bacd5d9c816bc8c2 - - default default] Successfully bumped revision number for resource 66269b65-c1b9-488e-a3e2-8f0f2d1b3333 (type: subnets) to 0
2026-07-01 02:02:23.673 10 WARNING neutron.scheduler.dhcp_agent_scheduler [None req-68c4018e-2f48-466a-8515-7876b30b8dde 8e8d748ac05949cf8bb284315d2e4219 d7c796313f9545d4bacd5d9c816bc8c2 - - default default] No more DHCP agents
2026-07-01 02:02:23.677 10 WARNING neutron.api.rpc.agentnotifiers.dhcp_rpc_agent_api [None req-68c4018e-2f48-466a-8515-7876b30b8dde 8e8d748ac05949cf8bb284315d2e4219 d7c796313f9545d4bacd5d9c816bc8c2 - - default default] Unable to schedule network a51b88ef-13c3-4b15-8f3a-f486eb556892: no agents available; will retry on subsequent port and subnet creation events.
2026-07-01 02:02:23.741 10 INFO neutron.db.ovn_revision_numbers_db [None req-68c4018e-2f48-466a-8515-7876b30b8dde 8e8d748ac05949cf8bb284315d2e4219 d7c796313f9545d4bacd5d9c816bc8c2 - - default default] Successfully bumped revision number for resource e80c8f96-0e14-4083-842d-2cc7660bda76 (type: subnets) to 0
2026-07-01 02:02:23.754 10 INFO neutron.wsgi [None req-68c4018e-2f48-466a-8515-7876b30b8dde 8e8d748ac05949cf8bb284315d2e4219 d7c796313f9545d4bacd5d9c816bc8c2 - - default default] 10.0.0.106 "POST /v2.0/subnets HTTP/1.1" status: 201 len: 1475 time: 0.8620601
2026-07-01 02:02:23.769 10 INFO neutron.wsgi [None req-6c35f4ab-8bfa-4744-b605-03284cc7fce0 6366e0e5809c4c1db6ad96bcb747c35b b1df08b5c955434c9b689963b7ccbcf7 - - default default] 10.0.0.106 "DELETE /v2.0/routers/fd129b7f-66c1-4442-be9d-546c596cc35a HTTP/1.1" status: 204 len: 168 time: 0.4437811
2026-07-01 02:02:23.794 9 INFO neutron.db.ovn_revision_numbers_db [None req-adbe4dd9-701c-458f-b766-ba6932f1e45f 9da0e2d425d941b385525051dd1d1597 0c1aef4719f6456db2aba000bc5ff83d - - default default] Successfully bumped revision number for resource 15d1b6fb-f7ba-4931-b81b-abcc1022f8a7 (type: ports) to 1
2026-07-01 02:02:23.816 10 INFO neutron.wsgi [None req-1f5fc433-83ac-4cf4-9780-f076d917252f 8e8d748ac05949cf8bb284315d2e4219 d7c796313f9545d4bacd5d9c816bc8c2 - - default default] 10.0.0.106 "GET /v2.0/subnets HTTP/1.1" status: 200 len: 2083 time: 0.0578544
2026-07-01 02:02:23.819 10 INFO neutron.wsgi [None req-9341bb4d-fabb-44a8-9620-516fb617daf0 6366e0e5809c4c1db6ad96bcb747c35b b1df08b5c955434c9b689963b7ccbcf7 - - default default] 10.0.0.106 "GET /v2.0/routers/d404e87c-b4c4-4ad4-bda6-7121c7e3a6a8 HTTP/1.1" status: 200 len: 655 time: 0.0452232
2026-07-01 02:02:23.873 9 WARNING neutron.scheduler.dhcp_agent_scheduler [None req-adbe4dd9-701c-458f-b766-ba6932f1e45f 9da0e2d425d941b385525051dd1d1597 0c1aef4719f6456db2aba000bc5ff83d - - default default] No more DHCP agents
2026-07-01 02:02:23.874 9 WARNING neutron.api.rpc.agentnotifiers.dhcp_rpc_agent_api [None req-adbe4dd9-701c-458f-b766-ba6932f1e45f 9da0e2d425d941b385525051dd1d1597 0c1aef4719f6456db2aba000bc5ff83d - - default default] Unable to schedule network b9f208ef-1932-463a-bb7f-8f3f079213e4: no agents available; will retry on subsequent port and subnet creation events.
2026-07-01 02:02:24.174 10 INFO neutron.wsgi [None req-7b6824e5-be28-4d79-8f57-dd9ef9cf0e2d 8e8d748ac05949cf8bb284315d2e4219 d7c796313f9545d4bacd5d9c816bc8c2 - - default default] 10.0.0.106 "DELETE /v2.0/subnets/66269b65-c1b9-488e-a3e2-8f0f2d1b3333 HTTP/1.1" status: 204 len: 168 time: 0.3442833
2026-07-01 02:02:24.246 9 INFO neutron.db.ovn_revision_numbers_db [None req-adbe4dd9-701c-458f-b766-ba6932f1e45f 9da0e2d425d941b385525051dd1d1597 0c1aef4719f6456db2aba000bc5ff83d - - default default] Successfully bumped revision number for resource 15d1b6fb-f7ba-4931-b81b-abcc1022f8a7 (type: router_ports) to 1
2026-07-01 02:02:24.248 9 INFO neutron.wsgi [None req-adbe4dd9-701c-458f-b766-ba6932f1e45f 9da0e2d425d941b385525051dd1d1597 0c1aef4719f6456db2aba000bc5ff83d - - default default] 10.0.0.106 "PUT /v2.0/routers/321b1dce-1a09-45ba-a73c-8617933a510f/add_router_interface HTTP/1.1" status: 200 len: 503 time: 2.5630946
2026-07-01 02:02:24.253 10 INFO neutron.wsgi [None req-815039f6-191b-4a8b-9c14-c96a4d23206e 6366e0e5809c4c1db6ad96bcb747c35b b1df08b5c955434c9b689963b7ccbcf7 - - default default] 10.0.0.106 "PUT /v2.0/routers/d404e87c-b4c4-4ad4-bda6-7121c7e3a6a8 HTTP/1.1" status: 200 len: 655 time: 0.4272580
2026-07-01 02:02:24.277 10 INFO neutron.wsgi [None req-20b96d64-b966-41e1-bacc-53b2c3e8ec51 6366e0e5809c4c1db6ad96bcb747c35b b1df08b5c955434c9b689963b7ccbcf7 - - default default] 10.0.0.106 "GET /v2.0/ports?device_id=d404e87c-b4c4-4ad4-bda6-7121c7e3a6a8 HTTP/1.1" status: 200 len: 205 time: 0.0185788
2026-07-01 02:02:24.300 9 INFO neutron.wsgi [req-e1505066-0078-4f68-adad-58fdd6b42968 req-06791535-f43f-4616-a090-3e5f66407144 e3d1c77b21414dc6b8b2179d4eb732ea e09b06d7f35546a8a1f855c2b7a759e5 - - default default] 199.204.45.169 "GET /v2.0/networks?id=0b87670f-26ac-4d49-8de6-dead3f3f7b47 HTTP/1.1" status: 200 len: 871 time: 0.0873520
2026-07-01 02:02:24.356 10 INFO neutron.wsgi [None req-b2ba46b8-ac04-4d5b-a01f-ffde5940ea70 c8ab299bc7534fb48cfb3d27afb1eb85 f4dac1d28a434f1a8abf0063288ebd25 - - default default] 10.0.0.106 "GET /v2.0/networks HTTP/1.1" status: 200 len: 6825 time: 0.1019285
2026-07-01 02:02:24.405 9 INFO neutron.wsgi [None req-4ab5584c-e3a8-4468-9281-c7917ac18295 c8ab299bc7534fb48cfb3d27afb1eb85 f4dac1d28a434f1a8abf0063288ebd25 - - default default] 10.0.0.106 "GET /v2.0/subnets HTTP/1.1" status: 200 len: 3393 time: 0.0438435
2026-07-01 02:02:24.483 10 INFO neutron.wsgi [None req-82034183-81d6-4c09-8849-d84cedb6a592 6366e0e5809c4c1db6ad96bcb747c35b b1df08b5c955434c9b689963b7ccbcf7 - - default default] 10.0.0.106 "DELETE /v2.0/routers/d404e87c-b4c4-4ad4-bda6-7121c7e3a6a8 HTTP/1.1" status: 204 len: 168 time: 0.2021928
2026-07-01 02:02:24.486 10 INFO neutron.wsgi [-] 10.0.0.42 "GET / HTTP/1.1" status: 200 len: 247 time: 0.0010922
2026-07-01 02:02:24.487 10 INFO neutron.wsgi [-] 10.0.0.42 "GET / HTTP/1.1" status: 200 len: 247 time: 0.0008793
2026-07-01 02:02:24.659 9 INFO neutron.wsgi [None req-1b20cd90-eb2c-414c-8909-12f6a3f6692a 8e8d748ac05949cf8bb284315d2e4219 d7c796313f9545d4bacd5d9c816bc8c2 - - default default] 10.0.0.106 "DELETE /v2.0/subnets/e80c8f96-0e14-4083-842d-2cc7660bda76 HTTP/1.1" status: 204 len: 168 time: 0.4784448
2026-07-01 02:02:24.687 9 INFO neutron.wsgi [None req-0601eaf6-1619-4415-a9a1-851003e0dadd c8ab299bc7534fb48cfb3d27afb1eb85 f4dac1d28a434f1a8abf0063288ebd25 - - default default] 10.0.0.106 "GET /v2.0/routers HTTP/1.1" status: 200 len: 1995 time: 0.2782607
2026-07-01 02:02:24.700 10 INFO neutron.wsgi [None req-2e51104c-cdcc-4541-bfc5-d6faa6bc16a4 8e8d748ac05949cf8bb284315d2e4219 d7c796313f9545d4bacd5d9c816bc8c2 - - default default] 10.0.0.106 "GET /v2.0/subnets HTTP/1.1" status: 200 len: 820 time: 0.0355890
2026-07-01 02:02:24.716 9 INFO neutron.wsgi [req-82bbc81f-596e-41b0-8a67-2c04feb2ef75 req-d198da4c-955f-4985-a5c1-b07fb90d9449 e3d1c77b21414dc6b8b2179d4eb732ea e09b06d7f35546a8a1f855c2b7a759e5 - - default default] 10.0.0.77 "GET /v2.0/ports?device_id=83ea0502-80b3-4316-8e60-c9213454a867 HTTP/1.1" status: 200 len: 210 time: 0.0329940
2026-07-01 02:02:24.919 9 INFO neutron.db.ovn_revision_numbers_db [None req-f8b6e1f6-deef-4d07-811e-75db1690d187 9da0e2d425d941b385525051dd1d1597 0c1aef4719f6456db2aba000bc5ff83d - - default default] Successfully bumped revision number for resource bb7ca84a-ac6a-4142-8d39-b4fa105085c3 (type: security_groups) to 1
2026-07-01 02:02:24.933 9 WARNING neutron.scheduler.dhcp_agent_scheduler [req-e1505066-0078-4f68-adad-58fdd6b42968 req-58d4f089-4a3f-490c-8bea-e4a790b3cb60 e3d1c77b21414dc6b8b2179d4eb732ea e09b06d7f35546a8a1f855c2b7a759e5 - - default default] No more DHCP agents
2026-07-01 02:02:24.934 9 WARNING neutron.api.rpc.agentnotifiers.dhcp_rpc_agent_api [req-e1505066-0078-4f68-adad-58fdd6b42968 req-58d4f089-4a3f-490c-8bea-e4a790b3cb60 e3d1c77b21414dc6b8b2179d4eb732ea e09b06d7f35546a8a1f855c2b7a759e5 - - default default] Unable to schedule network 0b87670f-26ac-4d49-8de6-dead3f3f7b47: no agents available; will retry on subsequent port and subnet creation events.
2026-07-01 02:02:24.938 9 INFO neutron.db.ovn_revision_numbers_db [None req-f8b6e1f6-deef-4d07-811e-75db1690d187 9da0e2d425d941b385525051dd1d1597 0c1aef4719f6456db2aba000bc5ff83d - - default default] Successfully bumped revision number for resource 7dc324fb-d7b8-423b-ab79-5e8f91d950c8 (type: security_group_rules) to 0
2026-07-01 02:02:24.988 9 INFO neutron.db.ovn_revision_numbers_db [None req-f8b6e1f6-deef-4d07-811e-75db1690d187 9da0e2d425d941b385525051dd1d1597 0c1aef4719f6456db2aba000bc5ff83d - - default default] Successfully bumped revision number for resource ffd01027-24c6-4d2e-8123-2339fc8885d2 (type: security_group_rules) to 0
2026-07-01 02:02:25.016 9 INFO neutron.wsgi [None req-f8b6e1f6-deef-4d07-811e-75db1690d187 9da0e2d425d941b385525051dd1d1597 0c1aef4719f6456db2aba000bc5ff83d - - default default] 10.0.0.106 "POST /v2.0/security-groups HTTP/1.1" status: 201 len: 1811 time: 0.2585118 /var/lib/openstack/lib/python3.10/site-packages/pycadf/identifier.py:71: UserWarning: Invalid uuid: neutron. To ensure interoperability, identifiers should be a valid uuid. warnings.warn(('Invalid uuid: %s. To ensure interoperability, '
2026-07-01 02:02:25.101 10 INFO neutron.services.segments.plugin [-] Segment 2c3129cd-a97d-4005-8429-9937b5271de9 resource provider aggregate not found
2026-07-01 02:02:25.105 10 INFO neutron.services.segments.plugin [-] Segment 2c3129cd-a97d-4005-8429-9937b5271de9 resource provider aggregate not found
2026-07-01 02:02:25.131 10 INFO neutron.services.segments.plugin [-] Segment 2c3129cd-a97d-4005-8429-9937b5271de9 resource provider not found; error: Placement Client Error (4xx): {"errors": [{"status": 404, "title": "Not Found", "detail": "The resource could not be found.\n\n No resource provider with uuid 2c3129cd-a97d-4005-8429-9937b5271de9 found for delete ", "request_id": "req-96619a4d-112b-4136-bf56-a7104dde7c25"}]}
2026-07-01 02:02:25.134 10 INFO neutron.services.segments.plugin [-] Segment 2c3129cd-a97d-4005-8429-9937b5271de9 resource provider not found; error: Placement Client Error (4xx): {"errors": [{"status": 404, "title": "Not Found", "detail": "The resource could not be found.\n\n No resource provider with uuid 2c3129cd-a97d-4005-8429-9937b5271de9 found for delete ", "request_id": "req-244b9f94-110d-4256-8a4b-93c5bb6dd6f9"}]}
2026-07-01 02:02:25.153 10 INFO neutron.wsgi [None req-36c2ee28-8103-42a1-9eed-7be76307dc7b 8e8d748ac05949cf8bb284315d2e4219 d7c796313f9545d4bacd5d9c816bc8c2 - - default default] 10.0.0.106 "DELETE /v2.0/networks/a51b88ef-13c3-4b15-8f3a-f486eb556892 HTTP/1.1" status: 204 len: 168 time: 0.4457579
2026-07-01 02:02:25.185 9 INFO neutron.db.ovn_revision_numbers_db [req-e1505066-0078-4f68-adad-58fdd6b42968 req-58d4f089-4a3f-490c-8bea-e4a790b3cb60 e3d1c77b21414dc6b8b2179d4eb732ea e09b06d7f35546a8a1f855c2b7a759e5 - - default default] Successfully bumped revision number for resource eb006225-01e8-4a95-97d9-a925c6e8a412 (type: ports) to 1
2026-07-01 02:02:25.226 9 INFO neutron.wsgi [req-e1505066-0078-4f68-adad-58fdd6b42968 req-58d4f089-4a3f-490c-8bea-e4a790b3cb60 e3d1c77b21414dc6b8b2179d4eb732ea e09b06d7f35546a8a1f855c2b7a759e5 - - default default] 199.204.45.169 "POST /v2.0/ports HTTP/1.1" status: 201 len: 1162 time: 0.9206507
2026-07-01 02:02:25.291 9 INFO neutron.db.ovn_revision_numbers_db [None req-112a6719-681a-4614-94fa-8383be72b82e 9da0e2d425d941b385525051dd1d1597 0c1aef4719f6456db2aba000bc5ff83d - - default default] Successfully bumped revision number for resource 30682fc5-6bec-4315-82d0-2cc2ad473bee (type: security_group_rules) to 0
2026-07-01 02:02:25.336 9 INFO neutron.wsgi [None req-112a6719-681a-4614-94fa-8383be72b82e 9da0e2d425d941b385525051dd1d1597 0c1aef4719f6456db2aba000bc5ff83d - - default default] 10.0.0.106 "POST /v2.0/security-group-rules HTTP/1.1" status: 201 len: 764 time: 0.3133762
2026-07-01 02:02:25.470 9 WARNING neutron.plugins.ml2.drivers.ovn.mech_driver.ovsdb.ovn_client [None req-ab9d32e5-980d-440c-9279-1db8e8ddc9a1 - - - - - -] No hosting information found for port d751550d-2294-4fad-92aa-f206632a4dd7: RuntimeError: No hosting information found for port d751550d-2294-4fad-92aa-f206632a4dd7
2026-07-01 02:02:25.470 9 INFO neutron.plugins.ml2.drivers.ovn.mech_driver.mech_driver [None req-ab9d32e5-980d-440c-9279-1db8e8ddc9a1 - - - - - -] OVN reports status up for port: 233c3297-95dd-452b-a317-95e6ba5b9214
2026-07-01 02:02:25.478 10 INFO neutron.db.ovn_revision_numbers_db [None req-2d66bea8-b65e-4156-b9a5-1956adfe191f 9da0e2d425d941b385525051dd1d1597 0c1aef4719f6456db2aba000bc5ff83d - - default default] Successfully bumped revision number for resource 7536c2e7-80ce-4e5a-9fd1-896fb5526516 (type: security_group_rules) to 0
2026-07-01 02:02:25.488 9 INFO neutron.plugins.ml2.plugin [None req-ab9d32e5-980d-440c-9279-1db8e8ddc9a1 - - - - - -] Attempt 1 to provision port 233c3297-95dd-452b-a317-95e6ba5b9214
2026-07-01 02:02:25.505 10 INFO neutron.wsgi [None req-2d66bea8-b65e-4156-b9a5-1956adfe191f 9da0e2d425d941b385525051dd1d1597 0c1aef4719f6456db2aba000bc5ff83d - - default default] 10.0.0.106 "POST /v2.0/security-group-rules HTTP/1.1" status: 201 len: 763 time: 0.1630566
2026-07-01 02:02:25.573 10 INFO neutron.db.ovn_revision_numbers_db [None req-4bee4f36-6a46-4bc6-b2fc-deeffd99d07b 57880ae6fa834c0cb2ec94c5fa286aee 29ed25ada14c4ab4a263e6ec8667d934 - - default default] Successfully bumped revision number for resource f6e34050-f97a-4758-93b6-2288c0c5051e (type: security_groups) to 1
2026-07-01 02:02:25.586 10 INFO neutron.db.ovn_revision_numbers_db [None req-4bee4f36-6a46-4bc6-b2fc-deeffd99d07b 57880ae6fa834c0cb2ec94c5fa286aee 29ed25ada14c4ab4a263e6ec8667d934 - - default default] Successfully bumped revision number for resource 19248885-59f5-4f7b-95c7-7ce00c4bebf6 (type: security_group_rules) to 0
2026-07-01 02:02:25.600 10 INFO neutron.db.ovn_revision_numbers_db [None req-4bee4f36-6a46-4bc6-b2fc-deeffd99d07b 57880ae6fa834c0cb2ec94c5fa286aee 29ed25ada14c4ab4a263e6ec8667d934 - - default default] Successfully bumped revision number for resource 211fa044-ba68-4514-8801-52b166c04dd7 (type: security_group_rules) to 0
2026-07-01 02:02:25.614 10 INFO neutron.db.ovn_revision_numbers_db [None req-4bee4f36-6a46-4bc6-b2fc-deeffd99d07b 57880ae6fa834c0cb2ec94c5fa286aee 29ed25ada14c4ab4a263e6ec8667d934 - - default default] Successfully bumped revision number for resource b3dd4d8b-1051-440c-bd26-2fa2241c2a79 (type: security_group_rules) to 0
2026-07-01 02:02:25.627 10 INFO neutron.db.ovn_revision_numbers_db [None req-4bee4f36-6a46-4bc6-b2fc-deeffd99d07b 57880ae6fa834c0cb2ec94c5fa286aee 29ed25ada14c4ab4a263e6ec8667d934 - - default default] Successfully bumped revision number for resource b8e63961-81c6-42bd-bbaf-c05e2e26a70f (type: security_group_rules) to 0
2026-07-01 02:02:25.646 10 INFO neutron.wsgi [None req-4bee4f36-6a46-4bc6-b2fc-deeffd99d07b 57880ae6fa834c0cb2ec94c5fa286aee 29ed25ada14c4ab4a263e6ec8667d934 - - default default] 10.0.0.106 "GET /v2.0/security-groups?tenant_id=b1df08b5c955434c9b689963b7ccbcf7&name=default HTTP/1.1" status: 200 len: 2996 time: 0.3559453
2026-07-01 02:02:25.670 9 INFO neutron.plugins.ml2.drivers.ovn.mech_driver.mech_driver [None req-ab9d32e5-980d-440c-9279-1db8e8ddc9a1 - - - - - -] OVN reports status up for port: 15d1b6fb-f7ba-4931-b81b-abcc1022f8a7
2026-07-01 02:02:25.700 9 INFO neutron.services.segments.plugin [-] Segment 7441dda4-d805-4c8c-8f27-81973a2878df resource provider aggregate not found
2026-07-01 02:02:25.713 9 INFO neutron.services.segments.plugin [-] Segment 7441dda4-d805-4c8c-8f27-81973a2878df resource provider aggregate not found
2026-07-01 02:02:25.724 9 INFO neutron.plugins.ml2.plugin [None req-ab9d32e5-980d-440c-9279-1db8e8ddc9a1 - - - - - -] Attempt 1 to provision port 15d1b6fb-f7ba-4931-b81b-abcc1022f8a7
2026-07-01 02:02:25.739 9 INFO neutron.services.segments.plugin [-] Segment 7441dda4-d805-4c8c-8f27-81973a2878df resource provider not found; error: Placement Client Error (4xx): {"errors": [{"status": 404, "title": "Not Found", "detail": "The resource could not be found.\n\n No resource provider with uuid 7441dda4-d805-4c8c-8f27-81973a2878df found for delete ", "request_id": "req-6e3bb038-dac0-45bd-96d3-ccd773af4d60"}]}
2026-07-01 02:02:25.740 9 INFO neutron.services.segments.plugin [-] Segment 7441dda4-d805-4c8c-8f27-81973a2878df resource provider not found; error: Placement Client Error (4xx): {"errors": [{"status": 404, "title": "Not Found", "detail": "The resource could not be found.\n\n No resource provider with uuid 7441dda4-d805-4c8c-8f27-81973a2878df found for delete ", "request_id": "req-de3b829f-92dc-4a4f-b75a-65089cf07fdc"}]} /var/lib/openstack/lib/python3.10/site-packages/pycadf/identifier.py:71: UserWarning: Invalid uuid: neutron. To ensure interoperability, identifiers should be a valid uuid. warnings.warn(('Invalid uuid: %s. To ensure interoperability, '
2026-07-01 02:02:25.809 9 INFO neutron.wsgi [None req-809ec768-43a9-4a93-bf9f-8be35aba1612 8e8d748ac05949cf8bb284315d2e4219 d7c796313f9545d4bacd5d9c816bc8c2 - - default default] 10.0.0.106 "DELETE /v2.0/networks/4a6eaf39-76d4-4acc-b961-207779dab4da HTTP/1.1" status: 204 len: 168 time: 0.6524682
2026-07-01 02:02:25.857 10 INFO neutron.wsgi [None req-59e00ea6-9842-49a7-b8cf-6c4fb5b72c6b 57880ae6fa834c0cb2ec94c5fa286aee 29ed25ada14c4ab4a263e6ec8667d934 - - default default] 10.0.0.106 "DELETE /v2.0/security-groups/f6e34050-f97a-4758-93b6-2288c0c5051e HTTP/1.1" status: 204 len: 168 time: 0.2055626
2026-07-01 02:02:25.866 9 INFO neutron.wsgi [req-a333a2d4-ea54-4bf4-a0d4-16e266e2ef32 req-1549b19c-60e2-4818-bf32-5b456f00dda4 e3d1c77b21414dc6b8b2179d4eb732ea e09b06d7f35546a8a1f855c2b7a759e5 - - default default] 10.0.0.77 "GET /v2.0/ports?device_id=83ea0502-80b3-4316-8e60-c9213454a867 HTTP/1.1" status: 200 len: 1172 time: 0.0763075
2026-07-01 02:02:25.899 9 INFO neutron.db.ovn_revision_numbers_db [None req-44a1b2fc-6d46-428c-b622-6aabacec1045 9da0e2d425d941b385525051dd1d1597 0c1aef4719f6456db2aba000bc5ff83d - - default default] Successfully bumped revision number for resource b6910e2a-b55c-48e8-936d-4a705ad1ca7b (type: security_group_rules) to 0
2026-07-01 02:02:25.946 9 INFO neutron.wsgi [None req-44a1b2fc-6d46-428c-b622-6aabacec1045 9da0e2d425d941b385525051dd1d1597 0c1aef4719f6456db2aba000bc5ff83d - - default default] 10.0.0.106 "POST /v2.0/security-group-rules HTTP/1.1" status: 201 len: 769 time: 0.4329524
2026-07-01 02:02:25.948 9 INFO neutron.db.ovn_revision_numbers_db [req-e1505066-0078-4f68-adad-58fdd6b42968 req-a7b26e8c-cfaf-43b9-8129-ff6257f09d9c d78c6ffc63e14fc1a6d0cadc9ffeedf4 5505ac35fe4042c295b8fcd48b6a3b49 - - 5405da94dae646ca878ea16edcbf95e5 5405da94dae646ca878ea16edcbf95e5] Successfully bumped revision number for resource eb006225-01e8-4a95-97d9-a925c6e8a412 (type: ports) to 2
2026-07-01 02:02:25.955 9 INFO neutron.wsgi [req-a333a2d4-ea54-4bf4-a0d4-16e266e2ef32 req-6c2adafa-6766-4900-8f3c-a8a3bedea1c9 e3d1c77b21414dc6b8b2179d4eb732ea e09b06d7f35546a8a1f855c2b7a759e5 - - default default] 10.0.0.77 "GET /v2.0/security-groups?id=c202fdf3-8f3a-4f55-971b-9b3bd96ab461&fields=id&fields=name HTTP/1.1" status: 200 len: 286 time: 0.0785093
2026-07-01 02:02:26.111 10 INFO neutron.db.ovn_revision_numbers_db [None req-dd4837ae-9f2b-410f-884e-ddad602a93bd 9da0e2d425d941b385525051dd1d1597 0c1aef4719f6456db2aba000bc5ff83d - - default default] Successfully bumped revision number for resource d9963a70-2e35-4f03-90d5-231cd663e9b4 (type: security_group_rules) to 0
2026-07-01 02:02:26.144 10 INFO neutron.wsgi [None req-dd4837ae-9f2b-410f-884e-ddad602a93bd 9da0e2d425d941b385525051dd1d1597 0c1aef4719f6456db2aba000bc5ff83d - - default default] 10.0.0.106 "POST /v2.0/security-group-rules HTTP/1.1" status: 201 len: 768 time: 0.1907096
2026-07-01 02:02:26.159 9 INFO neutron.db.ovn_revision_numbers_db [None req-74b6058c-a24b-44a1-8d09-1cb4e144f18e 57880ae6fa834c0cb2ec94c5fa286aee 29ed25ada14c4ab4a263e6ec8667d934 - - default default] Successfully bumped revision number for resource 4e41d5c7-de1f-49b2-83f7-c620c3474d2e (type: security_groups) to 1
2026-07-01 02:02:26.187 9 INFO neutron.db.ovn_revision_numbers_db [None req-74b6058c-a24b-44a1-8d09-1cb4e144f18e 57880ae6fa834c0cb2ec94c5fa286aee 29ed25ada14c4ab4a263e6ec8667d934 - - default default] Successfully bumped revision number for resource 7b48b12e-9bf4-452b-851d-11e18d2895c9 (type: security_group_rules) to 0
2026-07-01 02:02:26.189 10 INFO neutron.db.securitygroups_db [None req-102e1489-5b7b-40e4-ac6e-32f5f8d8a029 9da0e2d425d941b385525051dd1d1597 0c1aef4719f6456db2aba000bc5ff83d - - default default] Project 0c1aef4719f6456db2aba000bc5ff83d added a security group rule with legacy IPv6 ICMP protocol name icmp, ipv6-icmp should be used instead. It was automatically converted.
2026-07-01 02:02:26.216 10 INFO neutron.wsgi [None req-830efda3-f631-419a-bc85-79989967300a 8e8d748ac05949cf8bb284315d2e4219 d7c796313f9545d4bacd5d9c816bc8c2 - - default default] 10.0.0.106 "DELETE /v2.0/networks/2c09e6c2-2713-4b86-8cfa-6b84328b7090 HTTP/1.1" status: 204 len: 168 time: 0.4021380
2026-07-01 02:02:26.228 9 INFO neutron.db.ovn_revision_numbers_db [None req-74b6058c-a24b-44a1-8d09-1cb4e144f18e 57880ae6fa834c0cb2ec94c5fa286aee 29ed25ada14c4ab4a263e6ec8667d934 - - default default] Successfully bumped revision number for resource 8741ecd1-7884-4059-a99e-fa4da0f2a9a3 (type: security_group_rules) to 0
2026-07-01 02:02:26.231 9 INFO neutron.db.ovn_revision_numbers_db [None req-ab9d32e5-980d-440c-9279-1db8e8ddc9a1 - - - - - -] Successfully bumped revision number for resource 15d1b6fb-f7ba-4931-b81b-abcc1022f8a7 (type: ports) to 2
2026-07-01 02:02:26.268 9 INFO neutron.db.ovn_revision_numbers_db [None req-74b6058c-a24b-44a1-8d09-1cb4e144f18e 57880ae6fa834c0cb2ec94c5fa286aee 29ed25ada14c4ab4a263e6ec8667d934 - - default default] Successfully bumped revision number for resource 9adf8cf1-bce4-4054-98fa-afdd36527c50 (type: security_group_rules) to 0
2026-07-01 02:02:26.291 9 INFO neutron.db.ovn_revision_numbers_db [req-e1505066-0078-4f68-adad-58fdd6b42968 req-a7b26e8c-cfaf-43b9-8129-ff6257f09d9c d78c6ffc63e14fc1a6d0cadc9ffeedf4 5505ac35fe4042c295b8fcd48b6a3b49 - - 5405da94dae646ca878ea16edcbf95e5 5405da94dae646ca878ea16edcbf95e5] Successfully bumped revision number for resource eb006225-01e8-4a95-97d9-a925c6e8a412 (type: ports) to 2
2026-07-01 02:02:26.301 9 INFO neutron.db.ovn_revision_numbers_db [None req-74b6058c-a24b-44a1-8d09-1cb4e144f18e 57880ae6fa834c0cb2ec94c5fa286aee 29ed25ada14c4ab4a263e6ec8667d934 - - default default] Successfully bumped revision number for resource fe9a5861-50c5-48e1-8dd6-e4a2d437559c (type: security_group_rules) to 0
2026-07-01 02:02:26.323 10 INFO neutron.db.ovn_revision_numbers_db [None req-102e1489-5b7b-40e4-ac6e-32f5f8d8a029 9da0e2d425d941b385525051dd1d1597 0c1aef4719f6456db2aba000bc5ff83d - - default default] Successfully bumped revision number for resource fb9ce62f-2154-40d8-8ada-1f43d103ef18 (type: security_group_rules) to 0
2026-07-01 02:02:26.334 9 INFO neutron.wsgi [None req-74b6058c-a24b-44a1-8d09-1cb4e144f18e 57880ae6fa834c0cb2ec94c5fa286aee 29ed25ada14c4ab4a263e6ec8667d934 - - default default] 10.0.0.106 "GET /v2.0/security-groups?tenant_id=1703dc4d4d3f43e8bf1c11f37ed5cf7f&name=default HTTP/1.1" status: 200 len: 2996 time: 0.3863657
