2026-07-01 02:02:07.064 10 INFO neutron.wsgi [None req-15b7d97a-f452-4c55-a5ef-5722ca340cdb 566848ad3d864d01b98988e1227077ee 734865f920784afbae9233dfa6035180 - - default default] 10.0.0.106 "POST /v2.0/rbac-policies HTTP/1.1" status: 201 len: 523 time: 0.4288754
2026-07-01 02:02:07.142 9 INFO neutron.wsgi [None req-0d8509f2-684e-4721-a836-d18105957939 e7bce12f94a3467a87dbcfd715b8996f 2dfde2919c9f4a759782722bfd782011 - - default default] 10.0.0.106 "PUT /v2.0/floatingips/c09b69ca-5877-4cf8-a3bd-1aada9d93b9b HTTP/1.1" status: 200 len: 748 time: 0.3018773
2026-07-01 02:02:07.439 10 INFO neutron.wsgi [None req-e11cea21-b419-4a8e-98e4-4ff22d45c00f e7bce12f94a3467a87dbcfd715b8996f 2dfde2919c9f4a759782722bfd782011 - - default default] 10.0.0.106 "DELETE /v2.0/floatingips/c09b69ca-5877-4cf8-a3bd-1aada9d93b9b HTTP/1.1" status: 204 len: 168 time: 0.2880354
2026-07-01 02:02:07.460 10 INFO neutron.api.v2.resource [None req-0e97e4a2-eb77-4974-8f91-caa27959c163 e7bce12f94a3467a87dbcfd715b8996f 2dfde2919c9f4a759782722bfd782011 - - default default] delete failed (client error): The resource could not be found.
2026-07-01 02:02:07.461 10 INFO neutron.wsgi [None req-0e97e4a2-eb77-4974-8f91-caa27959c163 e7bce12f94a3467a87dbcfd715b8996f 2dfde2919c9f4a759782722bfd782011 - - default default] 10.0.0.106 "DELETE /v2.0/floatingips/c09b69ca-5877-4cf8-a3bd-1aada9d93b9b HTTP/1.1" status: 404 len: 345 time: 0.0173607
2026-07-01 02:02:07.672 9 INFO neutron.wsgi [None req-a4a042e4-591b-4946-b5ac-6dd74d0461c0 48e3d1a40b3b4696a712b56d50e4b3d2 5027065e061b4d1695639ababe3b41b8 - - default default] 10.0.0.106 "GET /v2.0/networks/2c3d3343-050d-4360-9a44-3d0d1c80744f HTTP/1.1" status: 200 len: 849 time: 0.1991050
2026-07-01 02:02:07.754 10 INFO neutron.wsgi [None req-adaf5494-10b9-45c4-94c6-8c97c94dd571 e7bce12f94a3467a87dbcfd715b8996f 2dfde2919c9f4a759782722bfd782011 - - default default] 10.0.0.106 "DELETE /v2.0/ports/a66a88a4-1786-484d-8713-f22bbb628642 HTTP/1.1" status: 204 len: 168 time: 0.2863896
2026-07-01 02:02:08.041 10 INFO neutron.wsgi [None req-aa8ff2a1-ead7-465c-a3fc-63fff4e48eee e7bce12f94a3467a87dbcfd715b8996f 2dfde2919c9f4a759782722bfd782011 - - default default] 10.0.0.106 "DELETE /v2.0/ports/bf0d734c-5b99-4f66-b89b-1804c7adfc4e HTTP/1.1" status: 204 len: 168 time: 0.2826405
2026-07-01 02:02:08.153 10 INFO neutron.wsgi [None req-bae2993f-86bd-4644-b483-103331a418df e7bce12f94a3467a87dbcfd715b8996f 2dfde2919c9f4a759782722bfd782011 - - default default] 10.0.0.106 "GET /v2.0/ports?device_id=2615c1c1-4f15-4654-8497-61b8a12afa3e HTTP/1.1" status: 200 len: 1140 time: 0.1069627
2026-07-01 02:02:08.284 9 INFO neutron.pecan_wsgi.hooks.translation [None req-0b3e0771-478c-4fc8-954c-b1f7f5ead2e1 1810558aa53f49a49b66487aa94f22c6 e3a6a930b7194817add06631e11ce668 - - default default] GET failed (client error): The resource could not be found.
2026-07-01 02:02:08.285 9 INFO neutron.wsgi [None req-0b3e0771-478c-4fc8-954c-b1f7f5ead2e1 1810558aa53f49a49b66487aa94f22c6 e3a6a930b7194817add06631e11ce668 - - default default] 10.0.0.106 "GET /v2.0/networks/2c3d3343-050d-4360-9a44-3d0d1c80744f HTTP/1.1" status: 404 len: 339 time: 0.2688861
2026-07-01 02:02:09.240 9 INFO neutron.services.segments.plugin [-] Segment 17d4abb5-dbed-4491-b5e5-83cf6418f88e resource provider aggregate not found
2026-07-01 02:02:09.244 9 INFO neutron.services.segments.plugin [-] Segment 17d4abb5-dbed-4491-b5e5-83cf6418f88e resource provider aggregate not found
2026-07-01 02:02:09.258 9 INFO neutron.services.segments.plugin [-] Segment 17d4abb5-dbed-4491-b5e5-83cf6418f88e resource provider not found; error: Placement Client Error (4xx): {"errors": [{"status": 404, "title": "Not Found", "detail": "The resource could not be found.\n\n No resource provider with uuid 17d4abb5-dbed-4491-b5e5-83cf6418f88e found for delete ", "request_id": "req-983c158d-568e-4758-818e-79b10eff5d11"}]}
2026-07-01 02:02:09.278 9 INFO neutron.services.segments.plugin [-] Segment 17d4abb5-dbed-4491-b5e5-83cf6418f88e resource provider not found; error: Placement Client Error (4xx): {"errors": [{"status": 404, "title": "Not Found", "detail": "The resource could not be found.\n\n No resource provider with uuid 17d4abb5-dbed-4491-b5e5-83cf6418f88e found for delete ", "request_id": "req-770aebfe-f2c1-440f-876d-642b19ae4404"}]}
2026-07-01 02:02:09.327 9 INFO neutron.wsgi [None req-b8bffe48-4502-431f-8d40-1ea8e3ceb14c 566848ad3d864d01b98988e1227077ee 734865f920784afbae9233dfa6035180 - - default default] 10.0.0.106 "DELETE /v2.0/networks/2c3d3343-050d-4360-9a44-3d0d1c80744f HTTP/1.1" status: 204 len: 168 time: 1.0374749
2026-07-01 02:02:09.352 9 INFO neutron.pecan_wsgi.hooks.translation [None req-e2432163-606d-48c8-b8c9-816dbd0a314e 566848ad3d864d01b98988e1227077ee 734865f920784afbae9233dfa6035180 - - default default] DELETE failed (client error): The resource could not be found.
2026-07-01 02:02:09.355 9 INFO neutron.wsgi [None req-e2432163-606d-48c8-b8c9-816dbd0a314e 566848ad3d864d01b98988e1227077ee 734865f920784afbae9233dfa6035180 - - default default] 10.0.0.106 "DELETE /v2.0/subnets/a329255d-e34c-4b44-9f32-c921f5b00c6f HTTP/1.1" status: 404 len: 337 time: 0.0198290
2026-07-01 02:02:09.384 10 INFO neutron.pecan_wsgi.hooks.translation [None req-b1f28a33-6edf-478f-8295-428e6f6f9bd4 566848ad3d864d01b98988e1227077ee 734865f920784afbae9233dfa6035180 - - default default] DELETE failed (client error): The resource could not be found.
2026-07-01 02:02:09.388 10 INFO neutron.wsgi [None req-b1f28a33-6edf-478f-8295-428e6f6f9bd4 566848ad3d864d01b98988e1227077ee 734865f920784afbae9233dfa6035180 - - default default] 10.0.0.106 "DELETE /v2.0/subnets/3184d4f6-10bb-49d0-9cae-edea082a9dd3 HTTP/1.1" status: 404 len: 337 time: 0.0267055
2026-07-01 02:02:09.407 10 INFO neutron.pecan_wsgi.hooks.translation [None req-4dc44ac2-5bca-46bf-b62f-3954393058fa 566848ad3d864d01b98988e1227077ee 734865f920784afbae9233dfa6035180 - - default default] DELETE failed (client error): The resource could not be found.
2026-07-01 02:02:09.409 10 INFO neutron.wsgi [None req-4dc44ac2-5bca-46bf-b62f-3954393058fa 566848ad3d864d01b98988e1227077ee 734865f920784afbae9233dfa6035180 - - default default] 10.0.0.106 "DELETE /v2.0/subnets/8d796f9a-1973-4c9d-b2e2-30b6baabec46 HTTP/1.1" status: 404 len: 337 time: 0.0171833
2026-07-01 02:02:09.485 9 INFO neutron.wsgi [-] 10.0.0.42 "GET / HTTP/1.1" status: 200 len: 247 time: 0.0017319
2026-07-01 02:02:09.487 9 INFO neutron.wsgi [-] 10.0.0.42 "GET / HTTP/1.1" status: 200 len: 247 time: 0.0013878
2026-07-01 02:02:09.532 9 INFO neutron.wsgi [None req-db07ee97-4f4f-431d-a679-156fca664c4e e7bce12f94a3467a87dbcfd715b8996f 2dfde2919c9f4a759782722bfd782011 - - default default] 10.0.0.106 "PUT /v2.0/routers/2615c1c1-4f15-4654-8497-61b8a12afa3e/remove_router_interface HTTP/1.1" status: 200 len: 503 time: 1.3743565 /var/lib/openstack/lib/python3.10/site-packages/pycadf/identifier.py:71: UserWarning: Invalid uuid: neutron. To ensure interoperability, identifiers should be a valid uuid. warnings.warn(('Invalid uuid: %s. To ensure interoperability, '
2026-07-01 02:02:10.268 9 INFO neutron.wsgi [None req-a5ff8b91-8c7f-4abe-8b69-4fe30c588979 e7bce12f94a3467a87dbcfd715b8996f 2dfde2919c9f4a759782722bfd782011 - - default default] 10.0.0.106 "DELETE /v2.0/routers/2615c1c1-4f15-4654-8497-61b8a12afa3e HTTP/1.1" status: 204 len: 168 time: 0.7295306
2026-07-01 02:02:10.486 9 INFO neutron.wsgi [None req-b8aeb998-031a-4e90-b360-07912f18762e e7bce12f94a3467a87dbcfd715b8996f 2dfde2919c9f4a759782722bfd782011 - - default default] 10.0.0.106 "DELETE /v2.0/subnets/b384345c-f105-4de2-a89c-b3f02e760256 HTTP/1.1" status: 204 len: 168 time: 0.2139857
2026-07-01 02:02:10.818 10 INFO neutron.db.ovn_revision_numbers_db [None req-0a28b0fa-9d97-4b7b-bda7-e3edccbbac90 57880ae6fa834c0cb2ec94c5fa286aee 29ed25ada14c4ab4a263e6ec8667d934 - - default default] Successfully bumped revision number for resource 72f19ad7-9f07-41b0-b773-5f9b84e4fd70 (type: security_groups) to 1
2026-07-01 02:02:10.834 10 INFO neutron.db.ovn_revision_numbers_db [None req-0a28b0fa-9d97-4b7b-bda7-e3edccbbac90 57880ae6fa834c0cb2ec94c5fa286aee 29ed25ada14c4ab4a263e6ec8667d934 - - default default] Successfully bumped revision number for resource 1c415104-79df-46a8-8887-61b97e706761 (type: security_group_rules) to 0
2026-07-01 02:02:10.849 10 INFO neutron.db.ovn_revision_numbers_db [None req-0a28b0fa-9d97-4b7b-bda7-e3edccbbac90 57880ae6fa834c0cb2ec94c5fa286aee 29ed25ada14c4ab4a263e6ec8667d934 - - default default] Successfully bumped revision number for resource 96a9b230-131a-4821-8e57-8612d79df66a (type: security_group_rules) to 0
2026-07-01 02:02:10.865 10 INFO neutron.db.ovn_revision_numbers_db [None req-0a28b0fa-9d97-4b7b-bda7-e3edccbbac90 57880ae6fa834c0cb2ec94c5fa286aee 29ed25ada14c4ab4a263e6ec8667d934 - - default default] Successfully bumped revision number for resource a514ae92-e9b4-4425-845d-cd8b596030f1 (type: security_group_rules) to 0
2026-07-01 02:02:10.879 10 INFO neutron.db.ovn_revision_numbers_db [None req-0a28b0fa-9d97-4b7b-bda7-e3edccbbac90 57880ae6fa834c0cb2ec94c5fa286aee 29ed25ada14c4ab4a263e6ec8667d934 - - default default] Successfully bumped revision number for resource cbe89497-a978-4f1e-bc23-8a4ed9ab255b (type: security_group_rules) to 0
2026-07-01 02:02:10.897 9 INFO neutron.wsgi [None req-f884de8e-5c28-4772-9486-a07e4b575224 e7bce12f94a3467a87dbcfd715b8996f 2dfde2919c9f4a759782722bfd782011 - - default default] 10.0.0.106 "DELETE /v2.0/networks/1816a0bd-8a3e-42fc-9406-a13fdaa19918 HTTP/1.1" status: 204 len: 168 time: 0.4038315
2026-07-01 02:02:10.900 10 INFO neutron.wsgi [None req-0a28b0fa-9d97-4b7b-bda7-e3edccbbac90 57880ae6fa834c0cb2ec94c5fa286aee 29ed25ada14c4ab4a263e6ec8667d934 - - default default] 10.0.0.106 "GET /v2.0/security-groups?tenant_id=5027065e061b4d1695639ababe3b41b8&name=default HTTP/1.1" status: 200 len: 2996 time: 0.3914499
2026-07-01 02:02:11.097 10 INFO neutron.wsgi [None req-92d760fd-4ca4-4a88-ba60-2376f97702e5 57880ae6fa834c0cb2ec94c5fa286aee 29ed25ada14c4ab4a263e6ec8667d934 - - default default] 10.0.0.106 "DELETE /v2.0/security-groups/72f19ad7-9f07-41b0-b773-5f9b84e4fd70 HTTP/1.1" status: 204 len: 168 time: 0.1911178
2026-07-01 02:02:11.286 9 INFO neutron.services.segments.plugin [-] Segment 5177466e-93c9-48da-b85c-a4962e8c82a3 resource provider aggregate not found
2026-07-01 02:02:11.297 9 INFO neutron.services.segments.plugin [-] Segment 5177466e-93c9-48da-b85c-a4962e8c82a3 resource provider aggregate not found
2026-07-01 02:02:11.310 9 INFO neutron.services.segments.plugin [-] Segment 5177466e-93c9-48da-b85c-a4962e8c82a3 resource provider not found; error: Placement Client Error (4xx): {"errors": [{"status": 404, "title": "Not Found", "detail": "The resource could not be found.\n\n No resource provider with uuid 5177466e-93c9-48da-b85c-a4962e8c82a3 found for delete ", "request_id": "req-1599b233-2f51-431b-94f3-3d62a8f76bdc"}]}
2026-07-01 02:02:11.311 9 INFO neutron.services.segments.plugin [-] Segment 5177466e-93c9-48da-b85c-a4962e8c82a3 resource provider not found; error: Placement Client Error (4xx): {"errors": [{"status": 404, "title": "Not Found", "detail": "The resource could not be found.\n\n No resource provider with uuid 5177466e-93c9-48da-b85c-a4962e8c82a3 found for delete ", "request_id": "req-53e5518a-65ae-4634-864d-61fa2dab4e90"}]}
2026-07-01 02:02:11.377 9 INFO neutron.wsgi [None req-6bc2f2ae-c5ab-4bc5-9e18-7787d54c40ca 57880ae6fa834c0cb2ec94c5fa286aee 29ed25ada14c4ab4a263e6ec8667d934 - - default default] 10.0.0.106 "GET /v2.0/security-groups?tenant_id=734865f920784afbae9233dfa6035180&name=default HTTP/1.1" status: 200 len: 2996 time: 0.0380521
2026-07-01 02:02:11.481 9 INFO neutron.wsgi [None req-98c7824c-6922-4946-a4b0-45900ac889ce 57880ae6fa834c0cb2ec94c5fa286aee 29ed25ada14c4ab4a263e6ec8667d934 - - default default] 10.0.0.106 "GET /v2.0/security-groups?tenant_id=2dfde2919c9f4a759782722bfd782011&name=default HTTP/1.1" status: 200 len: 2996 time: 0.0825019
2026-07-01 02:02:11.550 10 INFO neutron.db.ovn_revision_numbers_db [None req-937a802d-31cc-4090-b46e-258cdc618062 57880ae6fa834c0cb2ec94c5fa286aee 29ed25ada14c4ab4a263e6ec8667d934 - - default default] Successfully bumped revision number for resource 03fe46e3-6b57-40e4-8d51-44a89b667afc (type: security_groups) to 1
2026-07-01 02:02:11.566 10 INFO neutron.db.ovn_revision_numbers_db [None req-937a802d-31cc-4090-b46e-258cdc618062 57880ae6fa834c0cb2ec94c5fa286aee 29ed25ada14c4ab4a263e6ec8667d934 - - default default] Successfully bumped revision number for resource 46c2f673-dc76-4d6c-a5ff-c949f1b245a1 (type: security_group_rules) to 0
2026-07-01 02:02:11.583 10 INFO neutron.db.ovn_revision_numbers_db [None req-937a802d-31cc-4090-b46e-258cdc618062 57880ae6fa834c0cb2ec94c5fa286aee 29ed25ada14c4ab4a263e6ec8667d934 - - default default] Successfully bumped revision number for resource 6770c9a9-7d31-4380-8bdc-6c16fdb4d437 (type: security_group_rules) to 0
2026-07-01 02:02:11.594 9 INFO neutron.wsgi [None req-3ad0e4cb-0a81-4ce6-a126-e47ef43ff59f 57880ae6fa834c0cb2ec94c5fa286aee 29ed25ada14c4ab4a263e6ec8667d934 - - default default] 10.0.0.106 "DELETE /v2.0/security-groups/841ca74f-a788-4503-a86d-dbb58c0eb56c HTTP/1.1" status: 204 len: 168 time: 0.2131064
2026-07-01 02:02:11.595 10 INFO neutron.db.ovn_revision_numbers_db [None req-937a802d-31cc-4090-b46e-258cdc618062 57880ae6fa834c0cb2ec94c5fa286aee 29ed25ada14c4ab4a263e6ec8667d934 - - default default] Successfully bumped revision number for resource 9c7ae532-0313-4a75-9844-7dbbe359f30d (type: security_group_rules) to 0
2026-07-01 02:02:11.610 10 INFO neutron.db.ovn_revision_numbers_db [None req-937a802d-31cc-4090-b46e-258cdc618062 57880ae6fa834c0cb2ec94c5fa286aee 29ed25ada14c4ab4a263e6ec8667d934 - - default default] Successfully bumped revision number for resource d03c4c11-be3b-4b1b-b83c-38f6b1b3091c (type: security_group_rules) to 0
2026-07-01 02:02:11.635 10 INFO neutron.wsgi [None req-937a802d-31cc-4090-b46e-258cdc618062 57880ae6fa834c0cb2ec94c5fa286aee 29ed25ada14c4ab4a263e6ec8667d934 - - default default] 10.0.0.106 "GET /v2.0/security-groups?tenant_id=520bb919b40f48818ccb55cc8582a62d&name=default HTTP/1.1" status: 200 len: 2996 time: 0.3715124
2026-07-01 02:02:11.684 9 INFO neutron.wsgi [None req-3f8f9d28-3063-47a3-9774-10aeb7234fba 57880ae6fa834c0cb2ec94c5fa286aee 29ed25ada14c4ab4a263e6ec8667d934 - - default default] 10.0.0.106 "DELETE /v2.0/security-groups/2394beef-a924-4e2d-8aa4-dcf23d351a5f HTTP/1.1" status: 204 len: 168 time: 0.1996603
2026-07-01 02:02:11.797 10 INFO neutron.db.ovn_revision_numbers_db [None req-621d404e-bce3-4292-8400-d508b4059996 57880ae6fa834c0cb2ec94c5fa286aee 29ed25ada14c4ab4a263e6ec8667d934 - - default default] Successfully bumped revision number for resource 0cb092b1-90df-4113-874c-0876852e4cfc (type: security_groups) to 1
2026-07-01 02:02:11.815 10 INFO neutron.db.ovn_revision_numbers_db [None req-621d404e-bce3-4292-8400-d508b4059996 57880ae6fa834c0cb2ec94c5fa286aee 29ed25ada14c4ab4a263e6ec8667d934 - - default default] Successfully bumped revision number for resource 1d6c6e1e-c81e-4c66-84c1-71809c22c942 (type: security_group_rules) to 0
2026-07-01 02:02:11.816 10 WARNING neutron.plugins.ml2.drivers.ovn.mech_driver.ovsdb.ovn_client [None req-ab9e2713-dbcd-4ec7-86b9-bb03792ba8c2 - - - - - -] No port found with ID 9057fec9-4850-42fd-8043-b1c25b65831d: RuntimeError: No port found with ID 9057fec9-4850-42fd-8043-b1c25b65831d
2026-07-01 02:02:11.876 10 INFO neutron.db.ovn_revision_numbers_db [None req-621d404e-bce3-4292-8400-d508b4059996 57880ae6fa834c0cb2ec94c5fa286aee 29ed25ada14c4ab4a263e6ec8667d934 - - default default] Successfully bumped revision number for resource 24c1812e-7742-4578-8e9b-811d2d1a86c1 (type: security_group_rules) to 0
2026-07-01 02:02:11.891 10 INFO neutron.db.ovn_revision_numbers_db [None req-621d404e-bce3-4292-8400-d508b4059996 57880ae6fa834c0cb2ec94c5fa286aee 29ed25ada14c4ab4a263e6ec8667d934 - - default default] Successfully bumped revision number for resource 854e690c-825e-4253-90d8-a9d17d22fb41 (type: security_group_rules) to 0
2026-07-01 02:02:11.907 10 INFO neutron.db.ovn_revision_numbers_db [None req-621d404e-bce3-4292-8400-d508b4059996 57880ae6fa834c0cb2ec94c5fa286aee 29ed25ada14c4ab4a263e6ec8667d934 - - default default] Successfully bumped revision number for resource 855d9b90-5387-4c34-81f3-8e46326637d6 (type: security_group_rules) to 0
2026-07-01 02:02:11.934 10 INFO neutron.wsgi [None req-621d404e-bce3-4292-8400-d508b4059996 57880ae6fa834c0cb2ec94c5fa286aee 29ed25ada14c4ab4a263e6ec8667d934 - - default default] 10.0.0.106 "GET /v2.0/security-groups?tenant_id=e3a6a930b7194817add06631e11ce668&name=default HTTP/1.1" status: 200 len: 2996 time: 0.2518423
2026-07-01 02:02:11.940 10 INFO neutron.wsgi [None req-5f003639-7e00-41cd-ac87-de0ccc39b3ee 57880ae6fa834c0cb2ec94c5fa286aee 29ed25ada14c4ab4a263e6ec8667d934 - - default default] 10.0.0.106 "DELETE /v2.0/security-groups/03fe46e3-6b57-40e4-8d51-44a89b667afc HTTP/1.1" status: 204 len: 168 time: 0.2986319 /var/lib/openstack/lib/python3.10/site-packages/pycadf/identifier.py:71: UserWarning: Invalid uuid: neutron. To ensure interoperability, identifiers should be a valid uuid. warnings.warn(('Invalid uuid: %s. To ensure interoperability, '
2026-07-01 02:02:12.156 10 INFO neutron.wsgi [None req-533b25e3-835e-4664-8608-8e00ab3683f6 57880ae6fa834c0cb2ec94c5fa286aee 29ed25ada14c4ab4a263e6ec8667d934 - - default default] 10.0.0.106 "DELETE /v2.0/security-groups/0cb092b1-90df-4113-874c-0876852e4cfc HTTP/1.1" status: 204 len: 168 time: 0.2124734
2026-07-01 02:02:13.806 10 INFO neutron.db.ovn_revision_numbers_db [None req-e228a8b2-b0f2-4e43-9081-207146ecbd93 57880ae6fa834c0cb2ec94c5fa286aee 29ed25ada14c4ab4a263e6ec8667d934 - - default default] Successfully bumped revision number for resource 7e29c2ce-f38d-44fc-a77d-5e245f4fb192 (type: security_groups) to 1
2026-07-01 02:02:13.811 10 INFO neutron.db.ovn_revision_numbers_db [None req-6be1461a-ce7f-4f5e-963e-df0e54d2f565 8e8d748ac05949cf8bb284315d2e4219 d7c796313f9545d4bacd5d9c816bc8c2 - - default default] Successfully bumped revision number for resource 95772a34-7037-4c08-aaf8-bc07533e6035 (type: security_groups) to 1
2026-07-01 02:02:13.835 10 INFO neutron.db.ovn_revision_numbers_db [None req-e228a8b2-b0f2-4e43-9081-207146ecbd93 57880ae6fa834c0cb2ec94c5fa286aee 29ed25ada14c4ab4a263e6ec8667d934 - - default default] Successfully bumped revision number for resource 04d99dc9-c871-4868-a305-d162e2b8b615 (type: security_group_rules) to 0
2026-07-01 02:02:13.837 10 INFO neutron.db.ovn_revision_numbers_db [None req-6be1461a-ce7f-4f5e-963e-df0e54d2f565 8e8d748ac05949cf8bb284315d2e4219 d7c796313f9545d4bacd5d9c816bc8c2 - - default default] Successfully bumped revision number for resource 24796fcc-0a2d-4359-b316-06215345071e (type: security_group_rules) to 0
2026-07-01 02:02:13.855 10 INFO neutron.db.ovn_revision_numbers_db [None req-e228a8b2-b0f2-4e43-9081-207146ecbd93 57880ae6fa834c0cb2ec94c5fa286aee 29ed25ada14c4ab4a263e6ec8667d934 - - default default] Successfully bumped revision number for resource 1558a26e-4e08-4b42-95d7-977db6717735 (type: security_group_rules) to 0
2026-07-01 02:02:13.857 10 INFO neutron.db.ovn_revision_numbers_db [None req-6be1461a-ce7f-4f5e-963e-df0e54d2f565 8e8d748ac05949cf8bb284315d2e4219 d7c796313f9545d4bacd5d9c816bc8c2 - - default default] Successfully bumped revision number for resource 2a1bfc35-527b-4eda-8e72-04b70c543bb8 (type: security_group_rules) to 0
2026-07-01 02:02:13.872 10 INFO neutron.db.ovn_revision_numbers_db [None req-e228a8b2-b0f2-4e43-9081-207146ecbd93 57880ae6fa834c0cb2ec94c5fa286aee 29ed25ada14c4ab4a263e6ec8667d934 - - default default] Successfully bumped revision number for resource 2983b2bd-279c-448a-ab49-78d4a52c8ed2 (type: security_group_rules) to 0
2026-07-01 02:02:13.873 10 INFO neutron.db.ovn_revision_numbers_db [None req-6be1461a-ce7f-4f5e-963e-df0e54d2f565 8e8d748ac05949cf8bb284315d2e4219 d7c796313f9545d4bacd5d9c816bc8c2 - - default default] Successfully bumped revision number for resource 5f0a48aa-6c7e-4db8-aa9f-fd6dbe1fdeae (type: security_group_rules) to 0
2026-07-01 02:02:13.887 10 INFO neutron.db.ovn_revision_numbers_db [None req-e228a8b2-b0f2-4e43-9081-207146ecbd93 57880ae6fa834c0cb2ec94c5fa286aee 29ed25ada14c4ab4a263e6ec8667d934 - - default default] Successfully bumped revision number for resource 8bef4ca6-da42-4cbc-b5aa-9f05be0f3a8a (type: security_group_rules) to 0
2026-07-01 02:02:13.899 10 INFO neutron.db.ovn_revision_numbers_db [None req-6be1461a-ce7f-4f5e-963e-df0e54d2f565 8e8d748ac05949cf8bb284315d2e4219 d7c796313f9545d4bacd5d9c816bc8c2 - - default default] Successfully bumped revision number for resource 904cdcbd-8852-4779-8b40-ee27eda2c852 (type: security_group_rules) to 0
2026-07-01 02:02:13.912 9 INFO neutron.db.ovn_revision_numbers_db [None req-7e0c022f-6647-42b6-b25e-34994b007cfc 57880ae6fa834c0cb2ec94c5fa286aee 29ed25ada14c4ab4a263e6ec8667d934 - - default default] Successfully bumped revision number for resource c202fdf3-8f3a-4f55-971b-9b3bd96ab461 (type: security_groups) to 1
2026-07-01 02:02:13.924 9 INFO neutron.db.ovn_revision_numbers_db [None req-7e0c022f-6647-42b6-b25e-34994b007cfc 57880ae6fa834c0cb2ec94c5fa286aee 29ed25ada14c4ab4a263e6ec8667d934 - - default default] Successfully bumped revision number for resource 2d0ba476-d0c6-42cf-8b87-b3d4e3dfbeb6 (type: security_group_rules) to 0
2026-07-01 02:02:13.934 10 INFO neutron.wsgi [None req-e228a8b2-b0f2-4e43-9081-207146ecbd93 57880ae6fa834c0cb2ec94c5fa286aee 29ed25ada14c4ab4a263e6ec8667d934 - - default default] 10.0.0.106 "GET /v2.0/security-groups?tenant_id=2da022fe1adc4d259dbb835b114b966b&name=default HTTP/1.1" status: 200 len: 2996 time: 0.3402836
2026-07-01 02:02:13.938 9 INFO neutron.db.ovn_revision_numbers_db [None req-7e0c022f-6647-42b6-b25e-34994b007cfc 57880ae6fa834c0cb2ec94c5fa286aee 29ed25ada14c4ab4a263e6ec8667d934 - - default default] Successfully bumped revision number for resource 323d3057-f6b8-45e3-a701-f20ddee9375d (type: security_group_rules) to 0
2026-07-01 02:02:13.961 9 INFO neutron.db.ovn_revision_numbers_db [None req-7e0c022f-6647-42b6-b25e-34994b007cfc 57880ae6fa834c0cb2ec94c5fa286aee 29ed25ada14c4ab4a263e6ec8667d934 - - default default] Successfully bumped revision number for resource 40e3406c-b94b-4417-bec1-27d2ea938704 (type: security_group_rules) to 0
2026-07-01 02:02:13.971 10 INFO neutron.db.segments_db [None req-6be1461a-ce7f-4f5e-963e-df0e54d2f565 8e8d748ac05949cf8bb284315d2e4219 d7c796313f9545d4bacd5d9c816bc8c2 - - default default] Added segment b0f93018-7a40-4976-86e0-9746c4fb4b37 of type geneve for network 984fc944-500b-4113-aa1d-e5377c14a625
2026-07-01 02:02:13.977 9 INFO neutron.db.ovn_revision_numbers_db [None req-7e0c022f-6647-42b6-b25e-34994b007cfc 57880ae6fa834c0cb2ec94c5fa286aee 29ed25ada14c4ab4a263e6ec8667d934 - - default default] Successfully bumped revision number for resource c3c97f6b-68d8-4f00-ae19-7e9862dea53d (type: security_group_rules) to 0
2026-07-01 02:02:14.040 9 INFO neutron.db.segments_db [None req-7e0c022f-6647-42b6-b25e-34994b007cfc 57880ae6fa834c0cb2ec94c5fa286aee 29ed25ada14c4ab4a263e6ec8667d934 - - default default] Added segment 1a604a91-7838-4459-ad58-291b90687f99 of type geneve for network 0b87670f-26ac-4d49-8de6-dead3f3f7b47
2026-07-01 02:02:14.081 10 INFO neutron.db.segments_db [None req-6be1461a-ce7f-4f5e-963e-df0e54d2f565 8e8d748ac05949cf8bb284315d2e4219 d7c796313f9545d4bacd5d9c816bc8c2 - - default default] Added segment fc52bb13-c776-4eca-9aa2-15e221efb1d2 of type geneve for network b1fc4b70-0fb9-4141-82b1-e751633c3b16
2026-07-01 02:02:14.239 9 INFO neutron.db.ovn_revision_numbers_db [None req-7e0c022f-6647-42b6-b25e-34994b007cfc 57880ae6fa834c0cb2ec94c5fa286aee 29ed25ada14c4ab4a263e6ec8667d934 - - default default] Successfully bumped revision number for resource 0b87670f-26ac-4d49-8de6-dead3f3f7b47 (type: networks) to 1
2026-07-01 02:02:14.241 10 INFO neutron.db.ovn_revision_numbers_db [None req-6be1461a-ce7f-4f5e-963e-df0e54d2f565 8e8d748ac05949cf8bb284315d2e4219 d7c796313f9545d4bacd5d9c816bc8c2 - - default default] Successfully bumped revision number for resource 984fc944-500b-4113-aa1d-e5377c14a625 (type: networks) to 1
2026-07-01 02:02:14.263 9 INFO neutron.wsgi [None req-d91a22f2-dbfa-4b32-a290-88accee76cac 57880ae6fa834c0cb2ec94c5fa286aee 29ed25ada14c4ab4a263e6ec8667d934 - - default default] 10.0.0.106 "DELETE /v2.0/security-groups/7e29c2ce-f38d-44fc-a77d-5e245f4fb192 HTTP/1.1" status: 204 len: 168 time: 0.3229928
2026-07-01 02:02:14.391 9 WARNING neutron.scheduler.dhcp_agent_scheduler [None req-7e0c022f-6647-42b6-b25e-34994b007cfc 57880ae6fa834c0cb2ec94c5fa286aee 29ed25ada14c4ab4a263e6ec8667d934 - - default default] No more DHCP agents
2026-07-01 02:02:14.393 9 WARNING neutron.api.rpc.agentnotifiers.dhcp_rpc_agent_api [None req-7e0c022f-6647-42b6-b25e-34994b007cfc 57880ae6fa834c0cb2ec94c5fa286aee 29ed25ada14c4ab4a263e6ec8667d934 - - default default] Unable to schedule network 0b87670f-26ac-4d49-8de6-dead3f3f7b47: no agents available; will retry on subsequent port and subnet creation events.
2026-07-01 02:02:14.407 10 WARNING neutron.scheduler.dhcp_agent_scheduler [None req-6be1461a-ce7f-4f5e-963e-df0e54d2f565 8e8d748ac05949cf8bb284315d2e4219 d7c796313f9545d4bacd5d9c816bc8c2 - - default default] No more DHCP agents
2026-07-01 02:02:14.409 10 WARNING neutron.api.rpc.agentnotifiers.dhcp_rpc_agent_api [None req-6be1461a-ce7f-4f5e-963e-df0e54d2f565 8e8d748ac05949cf8bb284315d2e4219 d7c796313f9545d4bacd5d9c816bc8c2 - - default default] Unable to schedule network 984fc944-500b-4113-aa1d-e5377c14a625: no agents available; will retry on subsequent port and subnet creation events.
2026-07-01 02:02:14.476 9 INFO neutron.db.ovn_revision_numbers_db [None req-7e0c022f-6647-42b6-b25e-34994b007cfc 57880ae6fa834c0cb2ec94c5fa286aee 29ed25ada14c4ab4a263e6ec8667d934 - - default default] Successfully bumped revision number for resource dadabef2-b1e0-4b1a-8c62-25b958161a5d (type: ports) to 1
2026-07-01 02:02:14.493 9 INFO neutron.wsgi [None req-7e0c022f-6647-42b6-b25e-34994b007cfc 57880ae6fa834c0cb2ec94c5fa286aee 29ed25ada14c4ab4a263e6ec8667d934 - - default default] 10.0.0.106 "POST /v2.0/networks HTTP/1.1" status: 201 len: 942 time: 0.7432985
2026-07-01 02:02:14.494 10 INFO neutron.db.ovn_revision_numbers_db [None req-6be1461a-ce7f-4f5e-963e-df0e54d2f565 8e8d748ac05949cf8bb284315d2e4219 d7c796313f9545d4bacd5d9c816bc8c2 - - default default] Successfully bumped revision number for resource beb79921-efac-4304-8930-7ac9a2c095a6 (type: ports) to 1
2026-07-01 02:02:14.568 10 INFO neutron.db.ovn_revision_numbers_db [None req-6be1461a-ce7f-4f5e-963e-df0e54d2f565 8e8d748ac05949cf8bb284315d2e4219 d7c796313f9545d4bacd5d9c816bc8c2 - - default default] Successfully bumped revision number for resource b1fc4b70-0fb9-4141-82b1-e751633c3b16 (type: networks) to 1
2026-07-01 02:02:14.637 9 WARNING neutron.scheduler.dhcp_agent_scheduler [None req-412981a3-39c4-448e-b6e1-6ecdf9633b06 57880ae6fa834c0cb2ec94c5fa286aee 29ed25ada14c4ab4a263e6ec8667d934 - - default default] No more DHCP agents
2026-07-01 02:02:14.638 9 WARNING neutron.api.rpc.agentnotifiers.dhcp_rpc_agent_api [None req-412981a3-39c4-448e-b6e1-6ecdf9633b06 57880ae6fa834c0cb2ec94c5fa286aee 29ed25ada14c4ab4a263e6ec8667d934 - - default default] Unable to schedule network 0b87670f-26ac-4d49-8de6-dead3f3f7b47: no agents available; will retry on subsequent port and subnet creation events.
2026-07-01 02:02:14.769 10 WARNING neutron.scheduler.dhcp_agent_scheduler [None req-6be1461a-ce7f-4f5e-963e-df0e54d2f565 8e8d748ac05949cf8bb284315d2e4219 d7c796313f9545d4bacd5d9c816bc8c2 - - default default] No more DHCP agents
2026-07-01 02:02:14.771 10 WARNING neutron.api.rpc.agentnotifiers.dhcp_rpc_agent_api [None req-6be1461a-ce7f-4f5e-963e-df0e54d2f565 8e8d748ac05949cf8bb284315d2e4219 d7c796313f9545d4bacd5d9c816bc8c2 - - default default] Unable to schedule network b1fc4b70-0fb9-4141-82b1-e751633c3b16: no agents available; will retry on subsequent port and subnet creation events.
2026-07-01 02:02:14.849 10 INFO neutron.db.ovn_revision_numbers_db [None req-6be1461a-ce7f-4f5e-963e-df0e54d2f565 8e8d748ac05949cf8bb284315d2e4219 d7c796313f9545d4bacd5d9c816bc8c2 - - default default] Successfully bumped revision number for resource b8ece3fb-2008-410a-b328-30018f83dfcd (type: ports) to 1
2026-07-01 02:02:14.901 10 INFO neutron.wsgi [None req-6be1461a-ce7f-4f5e-963e-df0e54d2f565 8e8d748ac05949cf8bb284315d2e4219 d7c796313f9545d4bacd5d9c816bc8c2 - - default default] 10.0.0.106 "POST /v2.0/networks HTTP/1.1" status: 201 len: 1446 time: 1.3236077
2026-07-01 02:02:15.000 10 INFO neutron.wsgi [None req-5992d5e4-5ea9-4e36-a486-9ff5cfd1e315 8e8d748ac05949cf8bb284315d2e4219 d7c796313f9545d4bacd5d9c816bc8c2 - - default default] 10.0.0.106 "GET /v2.0/networks HTTP/1.1" status: 200 len: 2052 time: 0.0947781
2026-07-01 02:02:15.071 9 INFO neutron.db.ovn_revision_numbers_db [None req-412981a3-39c4-448e-b6e1-6ecdf9633b06 57880ae6fa834c0cb2ec94c5fa286aee 29ed25ada14c4ab4a263e6ec8667d934 - - default default] Successfully bumped revision number for resource dadabef2-b1e0-4b1a-8c62-25b958161a5d (type: ports) to 2
2026-07-01 02:02:15.119 9 INFO neutron.db.ovn_revision_numbers_db [None req-412981a3-39c4-448e-b6e1-6ecdf9633b06 57880ae6fa834c0cb2ec94c5fa286aee 29ed25ada14c4ab4a263e6ec8667d934 - - default default] Successfully bumped revision number for resource f9e6ace9-f673-4043-bea2-539ca93ef308 (type: subnets) to 0
2026-07-01 02:02:15.136 9 INFO neutron.wsgi [None req-412981a3-39c4-448e-b6e1-6ecdf9633b06 57880ae6fa834c0cb2ec94c5fa286aee 29ed25ada14c4ab4a263e6ec8667d934 - - default default] 10.0.0.106 "POST /v2.0/subnets HTTP/1.1" status: 201 len: 862 time: 0.6381736
2026-07-01 02:02:15.549 9 WARNING neutron.scheduler.dhcp_agent_scheduler [None req-d87f35ab-a9df-4321-958f-488030d21005 57880ae6fa834c0cb2ec94c5fa286aee 29ed25ada14c4ab4a263e6ec8667d934 - - default default] No more DHCP agents
2026-07-01 02:02:15.551 9 WARNING neutron.api.rpc.agentnotifiers.dhcp_rpc_agent_api [None req-d87f35ab-a9df-4321-958f-488030d21005 57880ae6fa834c0cb2ec94c5fa286aee 29ed25ada14c4ab4a263e6ec8667d934 - - default default] Unable to schedule network e7d0a970-df71-40ed-a342-6199b9f41ae1: no agents available; will retry on subsequent port and subnet creation events.
2026-07-01 02:02:15.609 10 INFO neutron.services.segments.plugin [-] Segment b0f93018-7a40-4976-86e0-9746c4fb4b37 resource provider aggregate not found
2026-07-01 02:02:15.613 10 INFO neutron.services.segments.plugin [-] Segment b0f93018-7a40-4976-86e0-9746c4fb4b37 resource provider aggregate not found
2026-07-01 02:02:15.627 10 INFO neutron.services.segments.plugin [-] Segment b0f93018-7a40-4976-86e0-9746c4fb4b37 resource provider not found; error: Placement Client Error (4xx): {"errors": [{"status": 404, "title": "Not Found", "detail": "The resource could not be found.\n\n No resource provider with uuid b0f93018-7a40-4976-86e0-9746c4fb4b37 found for delete ", "request_id": "req-a686b474-e6f8-49ef-8622-35889fdbb324"}]}
2026-07-01 02:02:15.628 10 INFO neutron.services.segments.plugin [-] Segment b0f93018-7a40-4976-86e0-9746c4fb4b37 resource provider not found; error: Placement Client Error (4xx): {"errors": [{"status": 404, "title": "Not Found", "detail": "The resource could not be found.\n\n No resource provider with uuid b0f93018-7a40-4976-86e0-9746c4fb4b37 found for delete ", "request_id": "req-116baadc-eff9-47ca-ab12-6a8181017730"}]}
2026-07-01 02:02:15.648 10 INFO neutron.wsgi [None req-9891ce3a-a5fd-4502-aca3-dfaaf4646bac 8e8d748ac05949cf8bb284315d2e4219 d7c796313f9545d4bacd5d9c816bc8c2 - - default default] 10.0.0.106 "DELETE /v2.0/networks/984fc944-500b-4113-aa1d-e5377c14a625 HTTP/1.1" status: 204 len: 168 time: 0.6434286
2026-07-01 02:02:15.752 9 INFO neutron.db.ovn_revision_numbers_db [None req-d87f35ab-a9df-4321-958f-488030d21005 57880ae6fa834c0cb2ec94c5fa286aee 29ed25ada14c4ab4a263e6ec8667d934 - - default default] Successfully bumped revision number for resource 4e13748b-6068-40fa-b934-64cbdb65ed44 (type: ports) to 1
2026-07-01 02:02:16.328 9 INFO neutron.services.segments.plugin [-] Segment fc52bb13-c776-4eca-9aa2-15e221efb1d2 resource provider aggregate not found
2026-07-01 02:02:16.335 9 INFO neutron.services.segments.plugin [-] Segment fc52bb13-c776-4eca-9aa2-15e221efb1d2 resource provider aggregate not found
2026-07-01 02:02:16.350 9 INFO neutron.services.segments.plugin [-] Segment fc52bb13-c776-4eca-9aa2-15e221efb1d2 resource provider not found; error: Placement Client Error (4xx): {"errors": [{"status": 404, "title": "Not Found", "detail": "The resource could not be found.\n\n No resource provider with uuid fc52bb13-c776-4eca-9aa2-15e221efb1d2 found for delete ", "request_id": "req-13a9b932-0de3-4de1-993f-695db30797ce"}]}
2026-07-01 02:02:16.351 9 INFO neutron.services.segments.plugin [-] Segment fc52bb13-c776-4eca-9aa2-15e221efb1d2 resource provider not found; error: Placement Client Error (4xx): {"errors": [{"status": 404, "title": "Not Found", "detail": "The resource could not be found.\n\n No resource provider with uuid fc52bb13-c776-4eca-9aa2-15e221efb1d2 found for delete ", "request_id": "req-d33cc7ee-4f0c-4ce6-86a9-4a1eae3a5235"}]}
2026-07-01 02:02:16.399 9 INFO neutron.wsgi [None req-c2f86bbb-4a33-4d32-8180-f36f711541ec 8e8d748ac05949cf8bb284315d2e4219 d7c796313f9545d4bacd5d9c816bc8c2 - - default default] 10.0.0.106 "DELETE /v2.0/networks/b1fc4b70-0fb9-4141-82b1-e751633c3b16 HTTP/1.1" status: 204 len: 168 time: 0.7464375
2026-07-01 02:02:16.508 9 INFO neutron.wsgi [None req-8526a2d9-549b-435b-a66e-b097c214b6b7 8e8d748ac05949cf8bb284315d2e4219 d7c796313f9545d4bacd5d9c816bc8c2 - - default default] 10.0.0.106 "GET /v2.0/networks HTTP/1.1" status: 200 len: 845 time: 0.1008539
2026-07-01 02:02:16.565 10 INFO neutron.db.ovn_revision_numbers_db [None req-4b1548f1-e351-4ef5-a4fa-dc1e2bce2ec4 6366e0e5809c4c1db6ad96bcb747c35b b1df08b5c955434c9b689963b7ccbcf7 - - default default] Successfully bumped revision number for resource 92a53a52-5051-4cda-ad1c-12735bf6a77c (type: routers) to 1
2026-07-01 02:02:16.579 10 INFO neutron.wsgi [None req-4b1548f1-e351-4ef5-a4fa-dc1e2bce2ec4 6366e0e5809c4c1db6ad96bcb747c35b b1df08b5c955434c9b689963b7ccbcf7 - - default default] 10.0.0.106 "POST /v2.0/routers HTTP/1.1" status: 201 len: 654 time: 0.3789737
2026-07-01 02:02:16.628 9 INFO neutron.db.segments_db [None req-b0e27ffa-8ccc-4c06-9b4d-ba4a9cb3d24b 8e8d748ac05949cf8bb284315d2e4219 d7c796313f9545d4bacd5d9c816bc8c2 - - default default] Added segment 7e10cbe8-1f03-4766-8ed5-e4ce834996f0 of type geneve for network 5efb6575-2da4-439f-b61b-a07b17db184b
2026-07-01 02:02:16.740 10 INFO neutron.db.ovn_revision_numbers_db [None req-58e5d142-5eda-4cf7-9819-619f4b8b2b82 6366e0e5809c4c1db6ad96bcb747c35b b1df08b5c955434c9b689963b7ccbcf7 - - default default] Successfully bumped revision number for resource deddc32e-7dc6-467b-95b0-1648517a590d (type: routers) to 1
2026-07-01 02:02:16.760 10 INFO neutron.wsgi [None req-58e5d142-5eda-4cf7-9819-619f4b8b2b82 6366e0e5809c4c1db6ad96bcb747c35b b1df08b5c955434c9b689963b7ccbcf7 - - default default] 10.0.0.106 "POST /v2.0/routers HTTP/1.1" status: 201 len: 654 time: 0.1763408
2026-07-01 02:02:16.800 10 INFO neutron.plugins.ml2.drivers.ovn.mech_driver.mech_driver [None req-ab9e2713-dbcd-4ec7-86b9-bb03792ba8c2 - - - - - -] OVN reports status up for port: 4e13748b-6068-40fa-b934-64cbdb65ed44
2026-07-01 02:02:16.806 9 INFO neutron.db.ovn_revision_numbers_db [None req-b0e27ffa-8ccc-4c06-9b4d-ba4a9cb3d24b 8e8d748ac05949cf8bb284315d2e4219 d7c796313f9545d4bacd5d9c816bc8c2 - - default default] Successfully bumped revision number for resource 5efb6575-2da4-439f-b61b-a07b17db184b (type: networks) to 1
2026-07-01 02:02:16.810 10 INFO neutron.plugins.ml2.drivers.ovn.mech_driver.ovsdb.ovsdb_monitor [None req-f2b60030-d49c-4d4c-85b8-f7ab6ff3c1a3 - - - - - -] Router 7c399235-4952-441f-820f-e08ffbf36b3b is bound to host instance
2026-07-01 02:02:16.819 10 INFO neutron.plugins.ml2.plugin [None req-ab9e2713-dbcd-4ec7-86b9-bb03792ba8c2 - - - - - -] Attempt 1 to provision port 4e13748b-6068-40fa-b934-64cbdb65ed44
2026-07-01 02:02:16.835 9 INFO neutron.db.ovn_revision_numbers_db [None req-d87f35ab-a9df-4321-958f-488030d21005 57880ae6fa834c0cb2ec94c5fa286aee 29ed25ada14c4ab4a263e6ec8667d934 - - default default] Successfully bumped revision number for resource 4e13748b-6068-40fa-b934-64cbdb65ed44 (type: router_ports) to 1
2026-07-01 02:02:16.925 9 INFO neutron.db.ovn_revision_numbers_db [None req-d87f35ab-a9df-4321-958f-488030d21005 57880ae6fa834c0cb2ec94c5fa286aee 29ed25ada14c4ab4a263e6ec8667d934 - - default default] Successfully bumped revision number for resource 7c399235-4952-441f-820f-e08ffbf36b3b (type: routers) to 2
2026-07-01 02:02:16.944 9 INFO neutron.wsgi [None req-d87f35ab-a9df-4321-958f-488030d21005 57880ae6fa834c0cb2ec94c5fa286aee 29ed25ada14c4ab4a263e6ec8667d934 - - default default] 10.0.0.106 "POST /v2.0/routers HTTP/1.1" status: 201 len: 873 time: 1.8030593
2026-07-01 02:02:17.019 9 WARNING neutron.scheduler.dhcp_agent_scheduler [None req-b0e27ffa-8ccc-4c06-9b4d-ba4a9cb3d24b 8e8d748ac05949cf8bb284315d2e4219 d7c796313f9545d4bacd5d9c816bc8c2 - - default default] No more DHCP agents
2026-07-01 02:02:17.024 9 WARNING neutron.api.rpc.agentnotifiers.dhcp_rpc_agent_api [None req-b0e27ffa-8ccc-4c06-9b4d-ba4a9cb3d24b 8e8d748ac05949cf8bb284315d2e4219 d7c796313f9545d4bacd5d9c816bc8c2 - - default default] Unable to schedule network 5efb6575-2da4-439f-b61b-a07b17db184b: no agents available; will retry on subsequent port and subnet creation events.
2026-07-01 02:02:17.028 10 INFO neutron.db.ovn_revision_numbers_db [None req-37a0e5f3-032a-4d60-944f-3e32a8111d5d 6366e0e5809c4c1db6ad96bcb747c35b b1df08b5c955434c9b689963b7ccbcf7 - - default default] Successfully bumped revision number for resource a28b1bf8-5d4d-4b7a-a44e-d935156a1efa (type: routers) to 1
2026-07-01 02:02:17.046 10 INFO neutron.wsgi [None req-37a0e5f3-032a-4d60-944f-3e32a8111d5d 6366e0e5809c4c1db6ad96bcb747c35b b1df08b5c955434c9b689963b7ccbcf7 - - default default] 10.0.0.106 "POST /v2.0/routers HTTP/1.1" status: 201 len: 654 time: 0.2814798
2026-07-01 02:02:17.137 9 INFO neutron.db.ovn_revision_numbers_db [None req-b0e27ffa-8ccc-4c06-9b4d-ba4a9cb3d24b 8e8d748ac05949cf8bb284315d2e4219 d7c796313f9545d4bacd5d9c816bc8c2 - - default default] Successfully bumped revision number for resource c785bc5a-d80e-4442-9ab4-6ccd059bd9f9 (type: ports) to 1
2026-07-01 02:02:17.165 9 INFO neutron.wsgi [None req-b0e27ffa-8ccc-4c06-9b4d-ba4a9cb3d24b 8e8d748ac05949cf8bb284315d2e4219 d7c796313f9545d4bacd5d9c816bc8c2 - - default default] 10.0.0.106 "POST /v2.0/networks HTTP/1.1" status: 201 len: 853 time: 0.6506579
2026-07-01 02:02:17.273 9 INFO neutron.db.segments_db [None req-2b7845a3-7eb7-45cd-8bf0-fe6bd94c3214 8e8d748ac05949cf8bb284315d2e4219 d7c796313f9545d4bacd5d9c816bc8c2 - - default default] Added segment 02ef9b93-49ca-46db-a4fd-f20a9b431021 of type geneve for network 2c09e6c2-2713-4b86-8cfa-6b84328b7090
2026-07-01 02:02:17.298 10 INFO neutron.db.ovn_revision_numbers_db [None req-da4a5ab4-83e5-47c1-a912-ee9bd026fd8b 6366e0e5809c4c1db6ad96bcb747c35b b1df08b5c955434c9b689963b7ccbcf7 - - default default] Successfully bumped revision number for resource fd129b7f-66c1-4442-be9d-546c596cc35a (type: routers) to 1
2026-07-01 02:02:17.333 10 INFO neutron.wsgi [None req-da4a5ab4-83e5-47c1-a912-ee9bd026fd8b 6366e0e5809c4c1db6ad96bcb747c35b b1df08b5c955434c9b689963b7ccbcf7 - - default default] 10.0.0.106 "POST /v2.0/routers HTTP/1.1" status: 201 len: 654 time: 0.2824783
2026-07-01 02:02:17.469 10 INFO neutron.db.ovn_revision_numbers_db [None req-9ad3ac0b-b02a-4f20-8f95-69d5b3cb2d9a 9da0e2d425d941b385525051dd1d1597 0c1aef4719f6456db2aba000bc5ff83d - - default default] Successfully bumped revision number for resource f27c3ca8-56d4-4879-af85-43d7f31c63b3 (type: security_groups) to 1
2026-07-01 02:02:17.483 10 INFO neutron.db.ovn_revision_numbers_db [None req-9ad3ac0b-b02a-4f20-8f95-69d5b3cb2d9a 9da0e2d425d941b385525051dd1d1597 0c1aef4719f6456db2aba000bc5ff83d - - default default] Successfully bumped revision number for resource 104fe9f9-5ecf-4581-b6f3-35048f7574bb (type: security_group_rules) to 0
2026-07-01 02:02:17.499 10 INFO neutron.db.ovn_revision_numbers_db [None req-9ad3ac0b-b02a-4f20-8f95-69d5b3cb2d9a 9da0e2d425d941b385525051dd1d1597 0c1aef4719f6456db2aba000bc5ff83d - - default default] Successfully bumped revision number for resource 211d9a78-d946-4c37-8c2a-873e39a36a27 (type: security_group_rules) to 0
2026-07-01 02:02:17.524 10 INFO neutron.db.ovn_revision_numbers_db [None req-9ad3ac0b-b02a-4f20-8f95-69d5b3cb2d9a 9da0e2d425d941b385525051dd1d1597 0c1aef4719f6456db2aba000bc5ff83d - - default default] Successfully bumped revision number for resource 5562f4ec-1e0d-4989-b9d0-c2c119ab9c03 (type: security_group_rules) to 0
2026-07-01 02:02:17.525 10 INFO neutron.db.ovn_revision_numbers_db [None req-f2b60030-d49c-4d4c-85b8-f7ab6ff3c1a3 - - - - - -] Successfully bumped revision number for resource 4e13748b-6068-40fa-b934-64cbdb65ed44 (type: ports) to 1
2026-07-01 02:02:17.537 10 INFO neutron.db.ovn_revision_numbers_db [None req-9ad3ac0b-b02a-4f20-8f95-69d5b3cb2d9a 9da0e2d425d941b385525051dd1d1597 0c1aef4719f6456db2aba000bc5ff83d - - default default] Successfully bumped revision number for resource df89c070-10ff-4af3-b195-08e1d3b2582c (type: security_group_rules) to 0
2026-07-01 02:02:17.557 9 INFO neutron.db.ovn_revision_numbers_db [None req-2b7845a3-7eb7-45cd-8bf0-fe6bd94c3214 8e8d748ac05949cf8bb284315d2e4219 d7c796313f9545d4bacd5d9c816bc8c2 - - default default] Successfully bumped revision number for resource 2c09e6c2-2713-4b86-8cfa-6b84328b7090 (type: networks) to 1
2026-07-01 02:02:17.589 10 INFO neutron.db.segments_db [None req-9ad3ac0b-b02a-4f20-8f95-69d5b3cb2d9a 9da0e2d425d941b385525051dd1d1597 0c1aef4719f6456db2aba000bc5ff83d - - default default] Added segment 321258b4-9684-489b-8d0c-b8e38cd96085 of type geneve for network b9f208ef-1932-463a-bb7f-8f3f079213e4
2026-07-01 02:02:17.630 9 INFO neutron.db.ovn_revision_numbers_db [None req-2ef7f135-381a-4615-bb29-2f899f223636 6366e0e5809c4c1db6ad96bcb747c35b b1df08b5c955434c9b689963b7ccbcf7 - - default default] Successfully bumped revision number for resource d404e87c-b4c4-4ad4-bda6-7121c7e3a6a8 (type: routers) to 1
2026-07-01 02:02:17.659 9 INFO neutron.wsgi [None req-2ef7f135-381a-4615-bb29-2f899f223636 6366e0e5809c4c1db6ad96bcb747c35b b1df08b5c955434c9b689963b7ccbcf7 - - default default] 10.0.0.106 "POST /v2.0/routers HTTP/1.1" status: 201 len: 654 time: 0.3212342
2026-07-01 02:02:17.709 9 WARNING neutron.scheduler.dhcp_agent_scheduler [None req-48a96550-8a50-46f6-b839-c8e154f9d5b5 57880ae6fa834c0cb2ec94c5fa286aee 29ed25ada14c4ab4a263e6ec8667d934 - - default default] No more DHCP agents
2026-07-01 02:02:17.716 9 WARNING neutron.api.rpc.agentnotifiers.dhcp_rpc_agent_api [None req-48a96550-8a50-46f6-b839-c8e154f9d5b5 57880ae6fa834c0cb2ec94c5fa286aee 29ed25ada14c4ab4a263e6ec8667d934 - - default default] Unable to schedule network 0b87670f-26ac-4d49-8de6-dead3f3f7b47: no agents available; will retry on subsequent port and subnet creation events.
2026-07-01 02:02:17.759 9 INFO neutron.wsgi [None req-704b4b5b-b5d6-4221-a4e4-1d8b28eef51d 6366e0e5809c4c1db6ad96bcb747c35b b1df08b5c955434c9b689963b7ccbcf7 - - default default] 10.0.0.106 "PUT /v2.0/routers/92a53a52-5051-4cda-ad1c-12735bf6a77c/tags HTTP/1.1" status: 200 len: 210 time: 0.0910769
2026-07-01 02:02:17.771 10 INFO neutron.db.ovn_revision_numbers_db [None req-9ad3ac0b-b02a-4f20-8f95-69d5b3cb2d9a 9da0e2d425d941b385525051dd1d1597 0c1aef4719f6456db2aba000bc5ff83d - - default default] Successfully bumped revision number for resource b9f208ef-1932-463a-bb7f-8f3f079213e4 (type: networks) to 1
2026-07-01 02:02:17.835 10 INFO neutron.db.ovn_revision_numbers_db [None req-f2b60030-d49c-4d4c-85b8-f7ab6ff3c1a3 - - - - - -] Successfully bumped revision number for resource 4e13748b-6068-40fa-b934-64cbdb65ed44 (type: router_ports) to 3
2026-07-01 02:02:17.839 9 INFO neutron.wsgi [None req-1c0b107f-4f36-476b-91f4-7626952205d7 6366e0e5809c4c1db6ad96bcb747c35b b1df08b5c955434c9b689963b7ccbcf7 - - default default] 10.0.0.106 "PUT /v2.0/routers/deddc32e-7dc6-467b-95b0-1648517a590d/tags HTTP/1.1" status: 200 len: 218 time: 0.0739691
2026-07-01 02:02:17.883 9 WARNING neutron.scheduler.dhcp_agent_scheduler [None req-2b7845a3-7eb7-45cd-8bf0-fe6bd94c3214 8e8d748ac05949cf8bb284315d2e4219 d7c796313f9545d4bacd5d9c816bc8c2 - - default default] No more DHCP agents
2026-07-01 02:02:17.888 9 WARNING neutron.api.rpc.agentnotifiers.dhcp_rpc_agent_api [None req-2b7845a3-7eb7-45cd-8bf0-fe6bd94c3214 8e8d748ac05949cf8bb284315d2e4219 d7c796313f9545d4bacd5d9c816bc8c2 - - default default] Unable to schedule network 2c09e6c2-2713-4b86-8cfa-6b84328b7090: no agents available; will retry on subsequent port and subnet creation events.
2026-07-01 02:02:17.921 10 INFO neutron.wsgi [None req-fa17f461-43a4-4e5d-b570-f6601c2cdd52 6366e0e5809c4c1db6ad96bcb747c35b b1df08b5c955434c9b689963b7ccbcf7 - - default default] 10.0.0.106 "PUT /v2.0/routers/a28b1bf8-5d4d-4b7a-a44e-d935156a1efa/tags HTTP/1.1" status: 200 len: 227 time: 0.0757444
2026-07-01 02:02:17.997 9 INFO neutron.db.ovn_revision_numbers_db [None req-48a96550-8a50-46f6-b839-c8e154f9d5b5 57880ae6fa834c0cb2ec94c5fa286aee 29ed25ada14c4ab4a263e6ec8667d934 - - default default] Successfully bumped revision number for resource d751550d-2294-4fad-92aa-f206632a4dd7 (type: ports) to 1
2026-07-01 02:02:17.998 9 INFO neutron.db.ovn_revision_numbers_db [None req-2b7845a3-7eb7-45cd-8bf0-fe6bd94c3214 8e8d748ac05949cf8bb284315d2e4219 d7c796313f9545d4bacd5d9c816bc8c2 - - default default] Successfully bumped revision number for resource 0a4645ee-686e-41c5-8f36-c3f40ef278ec (type: ports) to 1
2026-07-01 02:02:18.012 10 INFO neutron.wsgi [None req-94b65697-9a53-4aa2-9a02-448844214ad7 6366e0e5809c4c1db6ad96bcb747c35b b1df08b5c955434c9b689963b7ccbcf7 - - default default] 10.0.0.106 "PUT /v2.0/routers/fd129b7f-66c1-4442-be9d-546c596cc35a/tags HTTP/1.1" status: 200 len: 212 time: 0.0854762
2026-07-01 02:02:18.020 10 WARNING neutron.scheduler.dhcp_agent_scheduler [None req-9ad3ac0b-b02a-4f20-8f95-69d5b3cb2d9a 9da0e2d425d941b385525051dd1d1597 0c1aef4719f6456db2aba000bc5ff83d - - default default] No more DHCP agents
2026-07-01 02:02:18.029 9 INFO neutron.wsgi [None req-2b7845a3-7eb7-45cd-8bf0-fe6bd94c3214 8e8d748ac05949cf8bb284315d2e4219 d7c796313f9545d4bacd5d9c816bc8c2 - - default default] 10.0.0.106 "POST /v2.0/networks HTTP/1.1" status: 201 len: 852 time: 0.8577766
2026-07-01 02:02:18.032 10 WARNING neutron.api.rpc.agentnotifiers.dhcp_rpc_agent_api [None req-9ad3ac0b-b02a-4f20-8f95-69d5b3cb2d9a 9da0e2d425d941b385525051dd1d1597 0c1aef4719f6456db2aba000bc5ff83d - - default default] Unable to schedule network b9f208ef-1932-463a-bb7f-8f3f079213e4: no agents available; will retry on subsequent port and subnet creation events.
2026-07-01 02:02:18.382 10 INFO neutron.wsgi [None req-b121c2ca-2c21-48c9-9eaf-f8e5733d4c7e 6366e0e5809c4c1db6ad96bcb747c35b b1df08b5c955434c9b689963b7ccbcf7 - - default default] 10.0.0.106 "GET /v2.0/routers?tags=red HTTP/1.1" status: 200 len: 1601 time: 0.3619919
2026-07-01 02:02:18.441 10 INFO neutron.db.ovn_revision_numbers_db [None req-9ad3ac0b-b02a-4f20-8f95-69d5b3cb2d9a 9da0e2d425d941b385525051dd1d1597 0c1aef4719f6456db2aba000bc5ff83d - - default default] Successfully bumped revision number for resource dcdc6e43-9cf0-4c9b-aadb-97221e70a0ff (type: ports) to 1
2026-07-01 02:02:18.450 10 INFO neutron.db.ovn_revision_numbers_db [None req-f2b60030-d49c-4d4c-85b8-f7ab6ff3c1a3 - - - - - -] Successfully bumped revision number for resource 4e13748b-6068-40fa-b934-64cbdb65ed44 (type: ports) to 2
2026-07-01 02:02:18.464 10 INFO neutron.wsgi [None req-9ad3ac0b-b02a-4f20-8f95-69d5b3cb2d9a 9da0e2d425d941b385525051dd1d1597 0c1aef4719f6456db2aba000bc5ff83d - - default default] 10.0.0.106 "POST /v2.0/networks HTTP/1.1" status: 201 len: 832 time: 1.3963196
2026-07-01 02:02:18.738 9 INFO neutron.wsgi [None req-2542d85b-66e3-47dd-9fac-c200e0d66d7a 6366e0e5809c4c1db6ad96bcb747c35b b1df08b5c955434c9b689963b7ccbcf7 - - default default] 10.0.0.106 "GET /v2.0/routers?tags=red%2Cblue HTTP/1.1" status: 200 len: 1144 time: 0.3421948
2026-07-01 02:02:18.792 10 INFO neutron.db.ovn_revision_numbers_db [None req-f2b60030-d49c-4d4c-85b8-f7ab6ff3c1a3 - - - - - -] Successfully bumped revision number for resource 4e13748b-6068-40fa-b934-64cbdb65ed44 (type: ports) to 4
2026-07-01 02:02:18.824 9 INFO neutron.wsgi [None req-b8586b06-3bba-4434-935b-31ad01edaff6 6366e0e5809c4c1db6ad96bcb747c35b b1df08b5c955434c9b689963b7ccbcf7 - - default default] 10.0.0.106 "GET /v2.0/routers?tags-any=blue HTTP/1.1" status: 200 len: 1144 time: 0.0798774 /var/lib/openstack/lib/python3.10/site-packages/pycadf/identifier.py:71: UserWarning: Invalid uuid: neutron. To ensure interoperability, identifiers should be a valid uuid. warnings.warn(('Invalid uuid: %s. To ensure interoperability, '
2026-07-01 02:02:18.859 9 INFO neutron.plugins.ml2.drivers.ovn.mech_driver.mech_driver [None req-ab9d32e5-980d-440c-9279-1db8e8ddc9a1 - - - - - -] OVN reports status up for port: d751550d-2294-4fad-92aa-f206632a4dd7
2026-07-01 02:02:18.890 9 INFO neutron.plugins.ml2.plugin [None req-ab9d32e5-980d-440c-9279-1db8e8ddc9a1 - - - - - -] Attempt 1 to provision port d751550d-2294-4fad-92aa-f206632a4dd7
2026-07-01 02:02:18.896 9 INFO neutron.wsgi [None req-0dd572c5-038d-4897-84ab-a8b380a5753b 6366e0e5809c4c1db6ad96bcb747c35b b1df08b5c955434c9b689963b7ccbcf7 - - default default] 10.0.0.106 "GET /v2.0/routers?tags-any=red%2Cblue HTTP/1.1" status: 200 len: 1601 time: 0.0656893
