2026-07-01 02:02:57.300 9 WARNING neutron.api.rpc.agentnotifiers.dhcp_rpc_agent_api [None req-ef9aab0e-3374-40d5-bff3-ea3217c62f94 cfbc1058ff9e468eb597b0bc1c3f7168 c8b3ef5b83b2451a844b3bb55589cfe4 - - default default] Unable to schedule network 980a5c3b-629f-4289-8291-67f5d6c9cdcb: no agents available; will retry on subsequent port and subnet creation events.
2026-07-01 02:02:57.432 9 INFO neutron.db.ovn_revision_numbers_db [None req-ef9aab0e-3374-40d5-bff3-ea3217c62f94 cfbc1058ff9e468eb597b0bc1c3f7168 c8b3ef5b83b2451a844b3bb55589cfe4 - - default default] Successfully bumped revision number for resource 82972c6f-915e-48a5-bf5d-cef139acfe57 (type: ports) to 1
2026-07-01 02:02:57.475 9 INFO neutron.wsgi [None req-ef9aab0e-3374-40d5-bff3-ea3217c62f94 cfbc1058ff9e468eb597b0bc1c3f7168 c8b3ef5b83b2451a844b3bb55589cfe4 - - default default] 10.0.0.106 "POST /v2.0/networks HTTP/1.1" status: 201 len: 831 time: 0.7208557
2026-07-01 02:02:57.584 9 INFO neutron.db.segments_db [None req-05713c85-f8e5-46a6-8ef7-20aac3ed00ed cfbc1058ff9e468eb597b0bc1c3f7168 c8b3ef5b83b2451a844b3bb55589cfe4 - - default default] Added segment 84b9fdeb-1890-4403-b650-114944031d25 of type geneve for network 32299fa3-83c8-46a7-986c-cfee6a50bdcc
2026-07-01 02:02:57.773 9 INFO neutron.db.ovn_revision_numbers_db [None req-05713c85-f8e5-46a6-8ef7-20aac3ed00ed cfbc1058ff9e468eb597b0bc1c3f7168 c8b3ef5b83b2451a844b3bb55589cfe4 - - default default] Successfully bumped revision number for resource 32299fa3-83c8-46a7-986c-cfee6a50bdcc (type: networks) to 1
2026-07-01 02:02:57.944 9 WARNING neutron.scheduler.dhcp_agent_scheduler [None req-05713c85-f8e5-46a6-8ef7-20aac3ed00ed cfbc1058ff9e468eb597b0bc1c3f7168 c8b3ef5b83b2451a844b3bb55589cfe4 - - default default] No more DHCP agents
2026-07-01 02:02:57.947 9 WARNING neutron.api.rpc.agentnotifiers.dhcp_rpc_agent_api [None req-05713c85-f8e5-46a6-8ef7-20aac3ed00ed cfbc1058ff9e468eb597b0bc1c3f7168 c8b3ef5b83b2451a844b3bb55589cfe4 - - default default] Unable to schedule network 32299fa3-83c8-46a7-986c-cfee6a50bdcc: no agents available; will retry on subsequent port and subnet creation events.
2026-07-01 02:02:58.033 9 INFO neutron.db.ovn_revision_numbers_db [None req-05713c85-f8e5-46a6-8ef7-20aac3ed00ed cfbc1058ff9e468eb597b0bc1c3f7168 c8b3ef5b83b2451a844b3bb55589cfe4 - - default default] Successfully bumped revision number for resource 163f57e1-1b8a-42dc-9cdc-42f8e8edc982 (type: ports) to 1
2026-07-01 02:02:58.059 9 INFO neutron.wsgi [None req-05713c85-f8e5-46a6-8ef7-20aac3ed00ed cfbc1058ff9e468eb597b0bc1c3f7168 c8b3ef5b83b2451a844b3bb55589cfe4 - - default default] 10.0.0.106 "POST /v2.0/networks HTTP/1.1" status: 201 len: 831 time: 0.5759232
2026-07-01 02:02:58.117 9 INFO neutron.wsgi [None req-cac70fe9-fde5-4eda-a6cc-a5bf19566c45 cfbc1058ff9e468eb597b0bc1c3f7168 c8b3ef5b83b2451a844b3bb55589cfe4 - - default default] 10.0.0.106 "PUT /v2.0/networks/1767630c-522b-4ee1-b140-208dc0ccab99/tags HTTP/1.1" status: 200 len: 210 time: 0.0529380
2026-07-01 02:02:58.197 9 INFO neutron.wsgi [None req-27794a53-67bc-4a0c-bdf8-220b72f8de75 cfbc1058ff9e468eb597b0bc1c3f7168 c8b3ef5b83b2451a844b3bb55589cfe4 - - default default] 10.0.0.106 "PUT /v2.0/networks/732ae104-29f5-4b69-8090-f7c3ee352d5e/tags HTTP/1.1" status: 200 len: 218 time: 0.0745354
2026-07-01 02:02:58.276 9 INFO neutron.wsgi [None req-0343ada8-be4d-4635-b1c3-969efa93ac80 cfbc1058ff9e468eb597b0bc1c3f7168 c8b3ef5b83b2451a844b3bb55589cfe4 - - default default] 10.0.0.106 "PUT /v2.0/networks/e7a9dde5-4815-41a3-9ece-b67c1ba42b7a/tags HTTP/1.1" status: 200 len: 227 time: 0.0726402
2026-07-01 02:02:58.349 9 INFO neutron.wsgi [None req-6230b57b-c28b-447f-a693-f558224645a5 cfbc1058ff9e468eb597b0bc1c3f7168 c8b3ef5b83b2451a844b3bb55589cfe4 - - default default] 10.0.0.106 "PUT /v2.0/networks/980a5c3b-629f-4289-8291-67f5d6c9cdcb/tags HTTP/1.1" status: 200 len: 212 time: 0.0624835
2026-07-01 02:02:58.438 10 INFO neutron.wsgi [None req-f016fa1a-4a56-46e2-99cf-450721e24fe0 cfbc1058ff9e468eb597b0bc1c3f7168 c8b3ef5b83b2451a844b3bb55589cfe4 - - default default] 10.0.0.106 "GET /v2.0/networks?tags=red HTTP/1.1" status: 200 len: 2070 time: 0.0788910
2026-07-01 02:02:58.534 10 INFO neutron.wsgi [None req-78219d63-5a35-44da-bdda-ba71fade863c cfbc1058ff9e468eb597b0bc1c3f7168 c8b3ef5b83b2451a844b3bb55589cfe4 - - default default] 10.0.0.106 "GET /v2.0/networks?tags=red%2Cblue HTTP/1.1" status: 200 len: 1457 time: 0.0884385
2026-07-01 02:02:58.610 10 INFO neutron.wsgi [None req-63d8088f-708e-45cd-9c4c-04b591ad34b1 cfbc1058ff9e468eb597b0bc1c3f7168 c8b3ef5b83b2451a844b3bb55589cfe4 - - default default] 10.0.0.106 "GET /v2.0/networks?tags-any=blue HTTP/1.1" status: 200 len: 1457 time: 0.0714028
2026-07-01 02:02:58.677 10 INFO neutron.wsgi [None req-b7f5c47f-5e52-450a-9c48-21e7b13f7548 cfbc1058ff9e468eb597b0bc1c3f7168 c8b3ef5b83b2451a844b3bb55589cfe4 - - default default] 10.0.0.106 "GET /v2.0/networks?tags-any=red%2Cblue HTTP/1.1" status: 200 len: 2070 time: 0.0617537
2026-07-01 02:02:58.795 9 INFO neutron.db.ovn_revision_numbers_db [None req-be3d27c5-ae0a-42f5-97ad-242c2fa799c4 57880ae6fa834c0cb2ec94c5fa286aee 29ed25ada14c4ab4a263e6ec8667d934 - - default default] Successfully bumped revision number for resource 1363c11b-0d9c-44c3-952f-04d9dd02dc9f (type: security_groups) to 1
2026-07-01 02:02:58.797 10 INFO neutron.wsgi [None req-cfe2417a-0a66-4f4e-b1c1-9876470b45d2 cfbc1058ff9e468eb597b0bc1c3f7168 c8b3ef5b83b2451a844b3bb55589cfe4 - - default default] 10.0.0.106 "GET /v2.0/networks?not-tags=red HTTP/1.1" status: 200 len: 2069 time: 0.1151693
2026-07-01 02:02:58.817 9 INFO neutron.db.ovn_revision_numbers_db [None req-be3d27c5-ae0a-42f5-97ad-242c2fa799c4 57880ae6fa834c0cb2ec94c5fa286aee 29ed25ada14c4ab4a263e6ec8667d934 - - default default] Successfully bumped revision number for resource 2a731f0e-2453-4e88-864d-1253d0cc0d0c (type: security_group_rules) to 0
2026-07-01 02:02:58.834 9 INFO neutron.db.ovn_revision_numbers_db [None req-be3d27c5-ae0a-42f5-97ad-242c2fa799c4 57880ae6fa834c0cb2ec94c5fa286aee 29ed25ada14c4ab4a263e6ec8667d934 - - default default] Successfully bumped revision number for resource 2b4dd0fe-1acc-48d2-b034-1a4ec985a62d (type: security_group_rules) to 0
2026-07-01 02:02:58.855 9 INFO neutron.db.ovn_revision_numbers_db [None req-be3d27c5-ae0a-42f5-97ad-242c2fa799c4 57880ae6fa834c0cb2ec94c5fa286aee 29ed25ada14c4ab4a263e6ec8667d934 - - default default] Successfully bumped revision number for resource 5449ceea-96fe-4e7e-823b-00f4f8879480 (type: security_group_rules) to 0
2026-07-01 02:02:58.870 9 INFO neutron.db.ovn_revision_numbers_db [None req-be3d27c5-ae0a-42f5-97ad-242c2fa799c4 57880ae6fa834c0cb2ec94c5fa286aee 29ed25ada14c4ab4a263e6ec8667d934 - - default default] Successfully bumped revision number for resource d57bdb5f-fccd-4391-979d-3bc526862fea (type: security_group_rules) to 0
2026-07-01 02:02:58.899 9 INFO neutron.wsgi [None req-be3d27c5-ae0a-42f5-97ad-242c2fa799c4 57880ae6fa834c0cb2ec94c5fa286aee 29ed25ada14c4ab4a263e6ec8667d934 - - default default] 10.0.0.106 "GET /v2.0/security-groups?tenant_id=75c7a0f4a8ec4fd89c7357d5636ebd40&name=default HTTP/1.1" status: 200 len: 2996 time: 0.3831794
2026-07-01 02:02:59.084 9 INFO neutron.wsgi [None req-b9e30ee9-98b7-4883-8f1d-ae33a6386275 57880ae6fa834c0cb2ec94c5fa286aee 29ed25ada14c4ab4a263e6ec8667d934 - - default default] 10.0.0.106 "DELETE /v2.0/security-groups/1363c11b-0d9c-44c3-952f-04d9dd02dc9f HTTP/1.1" status: 204 len: 168 time: 0.1797831
2026-07-01 02:02:59.113 10 INFO neutron.wsgi [None req-fbd0649a-1cd3-45b0-b292-f71316ccba0e cfbc1058ff9e468eb597b0bc1c3f7168 c8b3ef5b83b2451a844b3bb55589cfe4 - - default default] 10.0.0.106 "GET /v2.0/networks?not-tags=red%2Cblue HTTP/1.1" status: 200 len: 2682 time: 0.3107505
2026-07-01 02:02:59.216 10 INFO neutron.wsgi [None req-c10e8652-ac93-44a9-9398-23a3d6a24fb9 cfbc1058ff9e468eb597b0bc1c3f7168 c8b3ef5b83b2451a844b3bb55589cfe4 - - default default] 10.0.0.106 "GET /v2.0/networks?not-tags-any=blue HTTP/1.1" status: 200 len: 2682 time: 0.0982249
2026-07-01 02:02:59.279 10 INFO neutron.wsgi [None req-c5870835-8306-4412-89bc-1da8d38e9d8f cfbc1058ff9e468eb597b0bc1c3f7168 c8b3ef5b83b2451a844b3bb55589cfe4 - - default default] 10.0.0.106 "GET /v2.0/networks?not-tags-any=red%2Cblue HTTP/1.1" status: 200 len: 2069 time: 0.0576971
2026-07-01 02:02:59.609 10 INFO neutron.services.segments.plugin [-] Segment 4805aa1d-10cd-4bc9-b566-a1e63dd7572f resource provider aggregate not found
2026-07-01 02:02:59.614 10 INFO neutron.services.segments.plugin [-] Segment 4805aa1d-10cd-4bc9-b566-a1e63dd7572f resource provider aggregate not found
2026-07-01 02:02:59.629 10 INFO neutron.services.segments.plugin [-] Segment 4805aa1d-10cd-4bc9-b566-a1e63dd7572f resource provider not found; error: Placement Client Error (4xx): {"errors": [{"status": 404, "title": "Not Found", "detail": "The resource could not be found.\n\n No resource provider with uuid 4805aa1d-10cd-4bc9-b566-a1e63dd7572f found for delete ", "request_id": "req-fe416187-4d92-47fa-b356-bdb8cebab692"}]}
2026-07-01 02:02:59.639 10 INFO neutron.wsgi [None req-0e236b95-1c5d-43a6-9e36-bdb6d5045358 cfbc1058ff9e468eb597b0bc1c3f7168 c8b3ef5b83b2451a844b3bb55589cfe4 - - default default] 10.0.0.106 "DELETE /v2.0/networks/1767630c-522b-4ee1-b140-208dc0ccab99 HTTP/1.1" status: 204 len: 168 time: 0.3536820
2026-07-01 02:02:59.639 10 INFO neutron.services.segments.plugin [-] Segment 4805aa1d-10cd-4bc9-b566-a1e63dd7572f resource provider not found; error: Placement Client Error (4xx): {"errors": [{"status": 404, "title": "Not Found", "detail": "The resource could not be found.\n\n No resource provider with uuid 4805aa1d-10cd-4bc9-b566-a1e63dd7572f found for delete ", "request_id": "req-ffcff0eb-11bd-4492-b23b-a0da58eced19"}]}
2026-07-01 02:03:00.011 10 INFO neutron.wsgi [None req-f4f5fed3-9509-4ab0-9c3e-669f5916496d cfbc1058ff9e468eb597b0bc1c3f7168 c8b3ef5b83b2451a844b3bb55589cfe4 - - default default] 10.0.0.106 "DELETE /v2.0/networks/732ae104-29f5-4b69-8090-f7c3ee352d5e HTTP/1.1" status: 204 len: 168 time: 0.3668954
2026-07-01 02:03:00.383 10 INFO neutron.wsgi [None req-664f1124-f69a-4b48-9be6-d2f64e4e2508 cfbc1058ff9e468eb597b0bc1c3f7168 c8b3ef5b83b2451a844b3bb55589cfe4 - - default default] 10.0.0.106 "DELETE /v2.0/networks/e7a9dde5-4815-41a3-9ece-b67c1ba42b7a HTTP/1.1" status: 204 len: 168 time: 0.3673677
2026-07-01 02:03:00.622 9 INFO neutron.db.ovn_revision_numbers_db [None req-10174927-2d8e-4af8-834a-8efc6cb08c0e 8a599fcda1e44d549bc68562fb5fc777 8b45249da175481bab2219c6ec9fdfb4 - - default default] Successfully bumped revision number for resource 9d2ad6d0-38a0-4d88-9c29-e852af7a113c (type: security_groups) to 1
2026-07-01 02:03:00.643 9 INFO neutron.db.ovn_revision_numbers_db [None req-10174927-2d8e-4af8-834a-8efc6cb08c0e 8a599fcda1e44d549bc68562fb5fc777 8b45249da175481bab2219c6ec9fdfb4 - - default default] Successfully bumped revision number for resource 1657c731-b5c7-4dcc-879b-bae61da408a4 (type: security_group_rules) to 0
2026-07-01 02:03:00.668 9 INFO neutron.db.ovn_revision_numbers_db [None req-10174927-2d8e-4af8-834a-8efc6cb08c0e 8a599fcda1e44d549bc68562fb5fc777 8b45249da175481bab2219c6ec9fdfb4 - - default default] Successfully bumped revision number for resource 1eae4152-1e31-469e-bcbe-18612ace266a (type: security_group_rules) to 0
2026-07-01 02:03:00.689 9 INFO neutron.db.ovn_revision_numbers_db [None req-10174927-2d8e-4af8-834a-8efc6cb08c0e 8a599fcda1e44d549bc68562fb5fc777 8b45249da175481bab2219c6ec9fdfb4 - - default default] Successfully bumped revision number for resource 362659cb-b42c-4cd9-8053-2974159ebd84 (type: security_group_rules) to 0
2026-07-01 02:03:00.730 9 INFO neutron.db.ovn_revision_numbers_db [None req-10174927-2d8e-4af8-834a-8efc6cb08c0e 8a599fcda1e44d549bc68562fb5fc777 8b45249da175481bab2219c6ec9fdfb4 - - default default] Successfully bumped revision number for resource c9248cb6-cd27-42b7-9ef5-8d630ca1e3ea (type: security_group_rules) to 0
2026-07-01 02:03:00.761 9 INFO neutron.services.segments.plugin [-] Segment de21eab7-bd6f-4757-ba32-34fbed376ce9 resource provider aggregate not found
2026-07-01 02:03:00.769 9 INFO neutron.services.segments.plugin [-] Segment de21eab7-bd6f-4757-ba32-34fbed376ce9 resource provider aggregate not found
2026-07-01 02:03:01.225 9 INFO neutron.services.segments.plugin [-] Segment de21eab7-bd6f-4757-ba32-34fbed376ce9 resource provider not found; error: Placement Client Error (4xx): {"errors": [{"status": 404, "title": "Not Found", "detail": "The resource could not be found.\n\n No resource provider with uuid de21eab7-bd6f-4757-ba32-34fbed376ce9 found for delete ", "request_id": "req-44f6af97-01c0-4e98-b475-61e816ecaa18"}]}
2026-07-01 02:03:01.226 9 INFO neutron.services.segments.plugin [-] Segment de21eab7-bd6f-4757-ba32-34fbed376ce9 resource provider not found; error: Placement Client Error (4xx): {"errors": [{"status": 404, "title": "Not Found", "detail": "The resource could not be found.\n\n No resource provider with uuid de21eab7-bd6f-4757-ba32-34fbed376ce9 found for delete ", "request_id": "req-eaa6433a-36c0-43c9-984c-d458ec270536"}]}
2026-07-01 02:03:01.241 9 INFO neutron.db.segments_db [None req-10174927-2d8e-4af8-834a-8efc6cb08c0e 8a599fcda1e44d549bc68562fb5fc777 8b45249da175481bab2219c6ec9fdfb4 - - default default] Added segment 56e1a45f-1239-4e19-ae83-5ca983a704b4 of type geneve for network 2b1e7001-2f17-466d-aa16-f45431ebc8a3
2026-07-01 02:03:01.262 9 INFO neutron.wsgi [None req-3eaf8a6c-fef9-42f8-8c2e-d4903f88dff7 cfbc1058ff9e468eb597b0bc1c3f7168 c8b3ef5b83b2451a844b3bb55589cfe4 - - default default] 10.0.0.106 "DELETE /v2.0/networks/980a5c3b-629f-4289-8291-67f5d6c9cdcb HTTP/1.1" status: 204 len: 168 time: 0.8731706
2026-07-01 02:03:01.381 9 INFO neutron.db.ovn_revision_numbers_db [None req-10174927-2d8e-4af8-834a-8efc6cb08c0e 8a599fcda1e44d549bc68562fb5fc777 8b45249da175481bab2219c6ec9fdfb4 - - default default] Successfully bumped revision number for resource 2b1e7001-2f17-466d-aa16-f45431ebc8a3 (type: networks) to 1
2026-07-01 02:03:01.558 9 WARNING neutron.scheduler.dhcp_agent_scheduler [None req-10174927-2d8e-4af8-834a-8efc6cb08c0e 8a599fcda1e44d549bc68562fb5fc777 8b45249da175481bab2219c6ec9fdfb4 - - default default] No more DHCP agents
2026-07-01 02:03:01.561 9 WARNING neutron.api.rpc.agentnotifiers.dhcp_rpc_agent_api [None req-10174927-2d8e-4af8-834a-8efc6cb08c0e 8a599fcda1e44d549bc68562fb5fc777 8b45249da175481bab2219c6ec9fdfb4 - - default default] Unable to schedule network 2b1e7001-2f17-466d-aa16-f45431ebc8a3: no agents available; will retry on subsequent port and subnet creation events.
2026-07-01 02:03:01.639 10 INFO neutron.wsgi [None req-94be8670-8f03-4a15-97e9-50cc44e6b527 cfbc1058ff9e468eb597b0bc1c3f7168 c8b3ef5b83b2451a844b3bb55589cfe4 - - default default] 10.0.0.106 "DELETE /v2.0/networks/32299fa3-83c8-46a7-986c-cfee6a50bdcc HTTP/1.1" status: 204 len: 168 time: 0.3726163
2026-07-01 02:03:01.646 10 INFO neutron.services.segments.plugin [-] Segment 4ead4b1d-0a1f-4bd0-a6d4-99fb4bd09c4b resource provider aggregate not found
2026-07-01 02:03:01.657 10 INFO neutron.services.segments.plugin [-] Segment 4ead4b1d-0a1f-4bd0-a6d4-99fb4bd09c4b resource provider aggregate not found
2026-07-01 02:03:01.666 9 INFO neutron.db.ovn_revision_numbers_db [None req-10174927-2d8e-4af8-834a-8efc6cb08c0e 8a599fcda1e44d549bc68562fb5fc777 8b45249da175481bab2219c6ec9fdfb4 - - default default] Successfully bumped revision number for resource 574e90b4-d57f-44f4-b3b3-e3e88a804832 (type: ports) to 1
2026-07-01 02:03:01.667 10 INFO neutron.services.segments.plugin [-] Segment 4ead4b1d-0a1f-4bd0-a6d4-99fb4bd09c4b resource provider not found; error: Placement Client Error (4xx): {"errors": [{"status": 404, "title": "Not Found", "detail": "The resource could not be found.\n\n No resource provider with uuid 4ead4b1d-0a1f-4bd0-a6d4-99fb4bd09c4b found for delete ", "request_id": "req-a90643d5-3d7e-490a-9573-15ce41e82440"}]}
2026-07-01 02:03:01.673 10 INFO neutron.services.segments.plugin [-] Segment 4ead4b1d-0a1f-4bd0-a6d4-99fb4bd09c4b resource provider not found; error: Placement Client Error (4xx): {"errors": [{"status": 404, "title": "Not Found", "detail": "The resource could not be found.\n\n No resource provider with uuid 4ead4b1d-0a1f-4bd0-a6d4-99fb4bd09c4b found for delete ", "request_id": "req-e2747b89-20e6-40e7-8348-a2cf289c67f8"}]}
2026-07-01 02:03:01.685 10 INFO neutron.services.segments.plugin [-] Segment 3f3f5c6a-4621-4138-a8fe-2caf898717da resource provider aggregate not found
2026-07-01 02:03:01.686 9 INFO neutron.wsgi [None req-10174927-2d8e-4af8-834a-8efc6cb08c0e 8a599fcda1e44d549bc68562fb5fc777 8b45249da175481bab2219c6ec9fdfb4 - - default default] 10.0.0.106 "POST /v2.0/networks HTTP/1.1" status: 201 len: 830 time: 1.3760791
2026-07-01 02:03:01.689 10 INFO neutron.services.segments.plugin [-] Segment 3f3f5c6a-4621-4138-a8fe-2caf898717da resource provider aggregate not found
2026-07-01 02:03:01.702 10 INFO neutron.services.segments.plugin [-] Segment 3f3f5c6a-4621-4138-a8fe-2caf898717da resource provider not found; error: Placement Client Error (4xx): {"errors": [{"status": 404, "title": "Not Found", "detail": "The resource could not be found.\n\n No resource provider with uuid 3f3f5c6a-4621-4138-a8fe-2caf898717da found for delete ", "request_id": "req-340dc41d-646d-42ef-b93e-30d2abcdc45d"}]}
2026-07-01 02:03:01.708 10 INFO neutron.services.segments.plugin [-] Segment 3f3f5c6a-4621-4138-a8fe-2caf898717da resource provider not found; error: Placement Client Error (4xx): {"errors": [{"status": 404, "title": "Not Found", "detail": "The resource could not be found.\n\n No resource provider with uuid 3f3f5c6a-4621-4138-a8fe-2caf898717da found for delete ", "request_id": "req-0a6fba54-4279-4f96-b5c5-5524a833fd1e"}]}
2026-07-01 02:03:01.720 10 INFO neutron.services.segments.plugin [-] Segment 84b9fdeb-1890-4403-b650-114944031d25 resource provider aggregate not found
2026-07-01 02:03:01.728 10 INFO neutron.services.segments.plugin [-] Segment 84b9fdeb-1890-4403-b650-114944031d25 resource provider aggregate not found
2026-07-01 02:03:01.732 9 INFO neutron.wsgi [None req-c298ee33-1952-49c4-96d3-791a64f14f59 8a599fcda1e44d549bc68562fb5fc777 8b45249da175481bab2219c6ec9fdfb4 - - default default] 10.0.0.106 "PUT /v2.0/networks/2b1e7001-2f17-466d-aa16-f45431ebc8a3/tags HTTP/1.1" status: 200 len: 218 time: 0.0425148
2026-07-01 02:03:01.739 10 INFO neutron.services.segments.plugin [-] Segment 84b9fdeb-1890-4403-b650-114944031d25 resource provider not found; error: Placement Client Error (4xx): {"errors": [{"status": 404, "title": "Not Found", "detail": "The resource could not be found.\n\n No resource provider with uuid 84b9fdeb-1890-4403-b650-114944031d25 found for delete ", "request_id": "req-7f57eb7a-28eb-467c-b4f3-64ca985888e5"}]}
2026-07-01 02:03:01.740 10 INFO neutron.services.segments.plugin [-] Segment 84b9fdeb-1890-4403-b650-114944031d25 resource provider not found; error: Placement Client Error (4xx): {"errors": [{"status": 404, "title": "Not Found", "detail": "The resource could not be found.\n\n No resource provider with uuid 84b9fdeb-1890-4403-b650-114944031d25 found for delete ", "request_id": "req-a64da85c-7d1b-4eed-9a5f-a51ac6e562d5"}]}
2026-07-01 02:03:01.780 9 INFO neutron.wsgi [None req-60374486-7915-41b8-9f07-f65411ff599f 8a599fcda1e44d549bc68562fb5fc777 8b45249da175481bab2219c6ec9fdfb4 - - default default] 10.0.0.106 "GET /v2.0/networks/2b1e7001-2f17-466d-aa16-f45431ebc8a3/tags HTTP/1.1" status: 200 len: 218 time: 0.0435157
2026-07-01 02:03:01.828 9 INFO neutron.wsgi [None req-34f8ec51-be08-4a24-a123-c27a0fd389ce 8a599fcda1e44d549bc68562fb5fc777 8b45249da175481bab2219c6ec9fdfb4 - - default default] 10.0.0.106 "PUT /v2.0/networks/2b1e7001-2f17-466d-aa16-f45431ebc8a3/tags/green HTTP/1.1" status: 201 len: 201 time: 0.0432758
2026-07-01 02:03:01.871 9 INFO neutron.wsgi [None req-0c4093f8-8a12-4022-a7d5-adb492edc92d 8a599fcda1e44d549bc68562fb5fc777 8b45249da175481bab2219c6ec9fdfb4 - - default default] 10.0.0.106 "GET /v2.0/networks/2b1e7001-2f17-466d-aa16-f45431ebc8a3/tags HTTP/1.1" status: 200 len: 227 time: 0.0396483
2026-07-01 02:03:01.916 10 INFO neutron.wsgi [None req-2287ff51-3ac1-4739-9ebe-a23d098241c7 8a599fcda1e44d549bc68562fb5fc777 8b45249da175481bab2219c6ec9fdfb4 - - default default] 10.0.0.106 "PUT /v2.0/networks/2b1e7001-2f17-466d-aa16-f45431ebc8a3/tags/red HTTP/1.1" status: 201 len: 201 time: 0.0406933
2026-07-01 02:03:01.957 10 INFO neutron.wsgi [None req-61c98efb-b34e-49e3-8ad1-a6d984c43131 8a599fcda1e44d549bc68562fb5fc777 8b45249da175481bab2219c6ec9fdfb4 - - default default] 10.0.0.106 "GET /v2.0/networks/2b1e7001-2f17-466d-aa16-f45431ebc8a3/tags HTTP/1.1" status: 200 len: 227 time: 0.0366919
2026-07-01 02:03:02.015 10 INFO neutron.wsgi [None req-e7b0c03b-2300-4f8f-aafe-e2e3c762e817 8a599fcda1e44d549bc68562fb5fc777 8b45249da175481bab2219c6ec9fdfb4 - - default default] 10.0.0.106 "PUT /v2.0/networks/2b1e7001-2f17-466d-aa16-f45431ebc8a3/tags/black.or.white HTTP/1.1" status: 201 len: 201 time: 0.0528626
2026-07-01 02:03:02.061 10 INFO neutron.wsgi [None req-3c4f107a-8ba6-4d28-90fb-82bf4f408a1f 8a599fcda1e44d549bc68562fb5fc777 8b45249da175481bab2219c6ec9fdfb4 - - default default] 10.0.0.106 "GET /v2.0/networks/2b1e7001-2f17-466d-aa16-f45431ebc8a3/tags HTTP/1.1" status: 200 len: 245 time: 0.0407834
2026-07-01 02:03:02.093 10 INFO neutron.wsgi [None req-7c125db3-ca30-4434-84a2-4126e7a212b1 a9eeadc15a634ef3b0db1ebc41223957 fa6dee52ea794be5b39c3a4f6ae79ea7 - - default default] 10.0.0.13 "GET /v2.0/extensions HTTP/1.1" status: 200 len: 16525 time: 0.2281365
2026-07-01 02:03:02.140 10 INFO neutron.wsgi [None req-50975d1f-cfc8-49f9-b9e3-1f89fd74c186 8a599fcda1e44d549bc68562fb5fc777 8b45249da175481bab2219c6ec9fdfb4 - - default default] 10.0.0.106 "PUT /v2.0/networks/2b1e7001-2f17-466d-aa16-f45431ebc8a3/tags HTTP/1.1" status: 200 len: 230 time: 0.0730152
2026-07-01 02:03:02.194 10 INFO neutron.wsgi [None req-c6fb50e8-babb-4a06-8184-a3271731cff9 8a599fcda1e44d549bc68562fb5fc777 8b45249da175481bab2219c6ec9fdfb4 - - default default] 10.0.0.106 "GET /v2.0/networks/2b1e7001-2f17-466d-aa16-f45431ebc8a3/tags HTTP/1.1" status: 200 len: 230 time: 0.0482507
2026-07-01 02:03:02.203 9 INFO neutron.wsgi [None req-8eda4a51-128a-4fe2-a7fb-8415ca22f12d a9eeadc15a634ef3b0db1ebc41223957 fa6dee52ea794be5b39c3a4f6ae79ea7 - - default default] 10.0.0.13 "GET /v2.0/quotas/fa6dee52ea794be5b39c3a4f6ae79ea7/details HTTP/1.1" status: 200 len: 756 time: 0.0959537
2026-07-01 02:03:02.240 10 INFO neutron.wsgi [None req-dc290802-de02-4524-9ca3-41fe9e73adc7 8a599fcda1e44d549bc68562fb5fc777 8b45249da175481bab2219c6ec9fdfb4 - - default default] 10.0.0.106 "GET /v2.0/networks/2b1e7001-2f17-466d-aa16-f45431ebc8a3/tags/red HTTP/1.1" status: 204 len: 168 time: 0.0404601
2026-07-01 02:03:02.292 10 INFO neutron.api.v2.resource [None req-1fbb3414-2f6e-410e-8b97-c5c769b158a5 8a599fcda1e44d549bc68562fb5fc777 8b45249da175481bab2219c6ec9fdfb4 - - default default] show failed (client error): The resource could not be found.
2026-07-01 02:03:02.293 10 INFO neutron.wsgi [None req-1fbb3414-2f6e-410e-8b97-c5c769b158a5 8a599fcda1e44d549bc68562fb5fc777 8b45249da175481bab2219c6ec9fdfb4 - - default default] 10.0.0.106 "GET /v2.0/networks/2b1e7001-2f17-466d-aa16-f45431ebc8a3/tags/green HTTP/1.1" status: 404 len: 299 time: 0.0446429
2026-07-01 02:03:02.352 10 INFO neutron.wsgi [None req-692996ee-505b-42d3-9ee6-a491497178cc 8a599fcda1e44d549bc68562fb5fc777 8b45249da175481bab2219c6ec9fdfb4 - - default default] 10.0.0.106 "DELETE /v2.0/networks/2b1e7001-2f17-466d-aa16-f45431ebc8a3/tags/red HTTP/1.1" status: 204 len: 168 time: 0.0538957
2026-07-01 02:03:02.387 10 INFO neutron.wsgi [None req-2c6d0836-76bd-4902-abb2-b48a8d9cce96 8a599fcda1e44d549bc68562fb5fc777 8b45249da175481bab2219c6ec9fdfb4 - - default default] 10.0.0.106 "GET /v2.0/networks/2b1e7001-2f17-466d-aa16-f45431ebc8a3/tags HTTP/1.1" status: 200 len: 223 time: 0.0299790
2026-07-01 02:03:02.424 10 INFO neutron.api.v2.resource [None req-03da6a75-125a-4b09-99dc-23f908796ef1 8a599fcda1e44d549bc68562fb5fc777 8b45249da175481bab2219c6ec9fdfb4 - - default default] delete failed (client error): The resource could not be found.
2026-07-01 02:03:02.425 10 INFO neutron.wsgi [None req-03da6a75-125a-4b09-99dc-23f908796ef1 8a599fcda1e44d549bc68562fb5fc777 8b45249da175481bab2219c6ec9fdfb4 - - default default] 10.0.0.106 "DELETE /v2.0/networks/2b1e7001-2f17-466d-aa16-f45431ebc8a3/tags/green HTTP/1.1" status: 404 len: 299 time: 0.0341651
2026-07-01 02:03:02.479 10 INFO neutron.wsgi [None req-ad5078d0-7524-431c-aef6-6e268d78ec8b 8a599fcda1e44d549bc68562fb5fc777 8b45249da175481bab2219c6ec9fdfb4 - - default default] 10.0.0.106 "DELETE /v2.0/networks/2b1e7001-2f17-466d-aa16-f45431ebc8a3/tags HTTP/1.1" status: 204 len: 168 time: 0.0490587
2026-07-01 02:03:02.517 10 INFO neutron.wsgi [None req-f18e2d6e-50e3-4d7c-b12d-1358e329e5fb 8a599fcda1e44d549bc68562fb5fc777 8b45249da175481bab2219c6ec9fdfb4 - - default default] 10.0.0.106 "GET /v2.0/networks/2b1e7001-2f17-466d-aa16-f45431ebc8a3/tags HTTP/1.1" status: 200 len: 205 time: 0.0316620
2026-07-01 02:03:02.724 9 INFO neutron.db.ovn_revision_numbers_db [None req-35147405-d7c0-497e-9bdd-abc4875fd9df 57880ae6fa834c0cb2ec94c5fa286aee 29ed25ada14c4ab4a263e6ec8667d934 - - default default] Successfully bumped revision number for resource e0844d4d-057b-4966-be31-ba4d8781fd8d (type: security_groups) to 1
2026-07-01 02:03:02.749 9 INFO neutron.db.ovn_revision_numbers_db [None req-35147405-d7c0-497e-9bdd-abc4875fd9df 57880ae6fa834c0cb2ec94c5fa286aee 29ed25ada14c4ab4a263e6ec8667d934 - - default default] Successfully bumped revision number for resource 0a9dfa8f-bdd0-4402-95ef-6c3302bcbd07 (type: security_group_rules) to 0
2026-07-01 02:03:02.767 9 INFO neutron.db.ovn_revision_numbers_db [None req-35147405-d7c0-497e-9bdd-abc4875fd9df 57880ae6fa834c0cb2ec94c5fa286aee 29ed25ada14c4ab4a263e6ec8667d934 - - default default] Successfully bumped revision number for resource 1fdc2f4b-7fdc-45f3-8746-75b55febaca1 (type: security_group_rules) to 0
2026-07-01 02:03:02.781 9 INFO neutron.db.ovn_revision_numbers_db [None req-35147405-d7c0-497e-9bdd-abc4875fd9df 57880ae6fa834c0cb2ec94c5fa286aee 29ed25ada14c4ab4a263e6ec8667d934 - - default default] Successfully bumped revision number for resource a1b21484-9b72-4ba3-8eb7-2c1727797b44 (type: security_group_rules) to 0
2026-07-01 02:03:02.796 9 INFO neutron.db.ovn_revision_numbers_db [None req-35147405-d7c0-497e-9bdd-abc4875fd9df 57880ae6fa834c0cb2ec94c5fa286aee 29ed25ada14c4ab4a263e6ec8667d934 - - default default] Successfully bumped revision number for resource efb49893-e7d6-43bf-bded-97724ce5c41d (type: security_group_rules) to 0
2026-07-01 02:03:02.823 9 INFO neutron.wsgi [None req-35147405-d7c0-497e-9bdd-abc4875fd9df 57880ae6fa834c0cb2ec94c5fa286aee 29ed25ada14c4ab4a263e6ec8667d934 - - default default] 10.0.0.106 "GET /v2.0/security-groups?tenant_id=b9e5f5792bb44804aec0f5009a3aaf1d&name=default HTTP/1.1" status: 200 len: 2996 time: 0.3164313
2026-07-01 02:03:02.892 10 INFO neutron.wsgi [None req-7ae46133-4bf8-419e-8542-0db257529180 8a599fcda1e44d549bc68562fb5fc777 8b45249da175481bab2219c6ec9fdfb4 - - default default] 10.0.0.106 "DELETE /v2.0/networks/2b1e7001-2f17-466d-aa16-f45431ebc8a3 HTTP/1.1" status: 204 len: 168 time: 0.3650479
2026-07-01 02:03:03.036 10 INFO neutron.wsgi [None req-f3c3c69c-d84a-4971-86b4-54e5ebb05c36 57880ae6fa834c0cb2ec94c5fa286aee 29ed25ada14c4ab4a263e6ec8667d934 - - default default] 10.0.0.106 "DELETE /v2.0/security-groups/e0844d4d-057b-4966-be31-ba4d8781fd8d HTTP/1.1" status: 204 len: 168 time: 0.2093115
2026-07-01 02:03:03.237 10 INFO neutron.wsgi [None req-f7b1166a-e34b-440c-b84b-cc9d7c585d18 57880ae6fa834c0cb2ec94c5fa286aee 29ed25ada14c4ab4a263e6ec8667d934 - - default default] 10.0.0.106 "GET /v2.0/security-groups?tenant_id=c8b3ef5b83b2451a844b3bb55589cfe4&name=default HTTP/1.1" status: 200 len: 2996 time: 0.0339332
2026-07-01 02:03:03.463 10 INFO neutron.wsgi [None req-97bfdb09-4638-422a-b275-f922b673d9e1 57880ae6fa834c0cb2ec94c5fa286aee 29ed25ada14c4ab4a263e6ec8667d934 - - default default] 10.0.0.106 "DELETE /v2.0/security-groups/561887f5-4283-4c7e-80b6-d354f7a51aa7 HTTP/1.1" status: 204 len: 168 time: 0.2209156
2026-07-01 02:03:03.730 10 INFO neutron.db.ovn_revision_numbers_db [None req-aad28bdd-f68f-4997-bf60-618cf31fd2ea 57880ae6fa834c0cb2ec94c5fa286aee 29ed25ada14c4ab4a263e6ec8667d934 - - default default] Successfully bumped revision number for resource cdced101-92e6-4aea-aeb7-d30272d2754e (type: security_groups) to 1
2026-07-01 02:03:03.750 10 INFO neutron.db.ovn_revision_numbers_db [None req-aad28bdd-f68f-4997-bf60-618cf31fd2ea 57880ae6fa834c0cb2ec94c5fa286aee 29ed25ada14c4ab4a263e6ec8667d934 - - default default] Successfully bumped revision number for resource 10ac24a0-286d-4d8e-88f6-d30ef193a91e (type: security_group_rules) to 0
2026-07-01 02:03:03.760 10 INFO neutron.services.segments.plugin [-] Segment 56e1a45f-1239-4e19-ae83-5ca983a704b4 resource provider aggregate not found
2026-07-01 02:03:03.764 10 INFO neutron.services.segments.plugin [-] Segment 56e1a45f-1239-4e19-ae83-5ca983a704b4 resource provider aggregate not found
2026-07-01 02:03:03.775 10 INFO neutron.db.ovn_revision_numbers_db [None req-aad28bdd-f68f-4997-bf60-618cf31fd2ea 57880ae6fa834c0cb2ec94c5fa286aee 29ed25ada14c4ab4a263e6ec8667d934 - - default default] Successfully bumped revision number for resource 897f7ed9-ebd1-4aae-9392-6f3e75accaa5 (type: security_group_rules) to 0
2026-07-01 02:03:03.778 10 INFO neutron.services.segments.plugin [-] Segment 56e1a45f-1239-4e19-ae83-5ca983a704b4 resource provider not found; error: Placement Client Error (4xx): {"errors": [{"status": 404, "title": "Not Found", "detail": "The resource could not be found.\n\n No resource provider with uuid 56e1a45f-1239-4e19-ae83-5ca983a704b4 found for delete ", "request_id": "req-bbe64388-fff5-4d5b-be65-5213f5df07a1"}]}
2026-07-01 02:03:03.783 10 INFO neutron.services.segments.plugin [-] Segment 56e1a45f-1239-4e19-ae83-5ca983a704b4 resource provider not found; error: Placement Client Error (4xx): {"errors": [{"status": 404, "title": "Not Found", "detail": "The resource could not be found.\n\n No resource provider with uuid 56e1a45f-1239-4e19-ae83-5ca983a704b4 found for delete ", "request_id": "req-0ccea0d1-688b-40fb-8b5c-b547209bef79"}]}
2026-07-01 02:03:03.791 10 INFO neutron.db.ovn_revision_numbers_db [None req-aad28bdd-f68f-4997-bf60-618cf31fd2ea 57880ae6fa834c0cb2ec94c5fa286aee 29ed25ada14c4ab4a263e6ec8667d934 - - default default] Successfully bumped revision number for resource 9090a659-6080-4ffd-9034-423bf56c77cb (type: security_group_rules) to 0
2026-07-01 02:03:03.807 10 INFO neutron.db.ovn_revision_numbers_db [None req-aad28bdd-f68f-4997-bf60-618cf31fd2ea 57880ae6fa834c0cb2ec94c5fa286aee 29ed25ada14c4ab4a263e6ec8667d934 - - default default] Successfully bumped revision number for resource ab6a257c-9857-418d-92ae-afee0e70ad12 (type: security_group_rules) to 0
2026-07-01 02:03:03.830 10 INFO neutron.wsgi [None req-aad28bdd-f68f-4997-bf60-618cf31fd2ea 57880ae6fa834c0cb2ec94c5fa286aee 29ed25ada14c4ab4a263e6ec8667d934 - - default default] 10.0.0.106 "GET /v2.0/security-groups?tenant_id=0891d09f8a144a0387ef11db89e4d16b&name=default HTTP/1.1" status: 200 len: 2996 time: 0.1999507
2026-07-01 02:03:03.978 9 INFO neutron.db.ovn_revision_numbers_db [None req-95f278a8-791b-4cb6-80a4-ec232d171d1d 57880ae6fa834c0cb2ec94c5fa286aee 29ed25ada14c4ab4a263e6ec8667d934 - - default default] Successfully bumped revision number for resource 4b8f5dff-e5b7-44b1-8986-7aa71652ba0c (type: security_groups) to 1
2026-07-01 02:03:03.998 9 INFO neutron.db.ovn_revision_numbers_db [None req-95f278a8-791b-4cb6-80a4-ec232d171d1d 57880ae6fa834c0cb2ec94c5fa286aee 29ed25ada14c4ab4a263e6ec8667d934 - - default default] Successfully bumped revision number for resource 033d94d4-9f29-4a18-b89c-e40dae3d0146 (type: security_group_rules) to 0
2026-07-01 02:03:04.012 9 INFO neutron.db.ovn_revision_numbers_db [None req-95f278a8-791b-4cb6-80a4-ec232d171d1d 57880ae6fa834c0cb2ec94c5fa286aee 29ed25ada14c4ab4a263e6ec8667d934 - - default default] Successfully bumped revision number for resource 3e2ced78-746f-4c09-9dda-726c1b03add6 (type: security_group_rules) to 0
2026-07-01 02:03:04.028 9 INFO neutron.db.ovn_revision_numbers_db [None req-95f278a8-791b-4cb6-80a4-ec232d171d1d 57880ae6fa834c0cb2ec94c5fa286aee 29ed25ada14c4ab4a263e6ec8667d934 - - default default] Successfully bumped revision number for resource 5fd14f1a-daeb-4aba-84fc-2c177dd07499 (type: security_group_rules) to 0
2026-07-01 02:03:04.032 10 INFO neutron.wsgi [None req-667f6da8-1e10-4281-af7f-8d09187cdc5a 57880ae6fa834c0cb2ec94c5fa286aee 29ed25ada14c4ab4a263e6ec8667d934 - - default default] 10.0.0.106 "DELETE /v2.0/security-groups/cdced101-92e6-4aea-aeb7-d30272d2754e HTTP/1.1" status: 204 len: 168 time: 0.1978819
2026-07-01 02:03:04.041 9 INFO neutron.db.ovn_revision_numbers_db [None req-95f278a8-791b-4cb6-80a4-ec232d171d1d 57880ae6fa834c0cb2ec94c5fa286aee 29ed25ada14c4ab4a263e6ec8667d934 - - default default] Successfully bumped revision number for resource 95a7308d-3ed8-49b4-bc02-6bcdd2ee67d8 (type: security_group_rules) to 0
2026-07-01 02:03:04.062 9 INFO neutron.wsgi [None req-95f278a8-791b-4cb6-80a4-ec232d171d1d 57880ae6fa834c0cb2ec94c5fa286aee 29ed25ada14c4ab4a263e6ec8667d934 - - default default] 10.0.0.106 "GET /v2.0/security-groups?tenant_id=fa60fcf51403404c8beeca6c3f3ae5ed&name=default HTTP/1.1" status: 200 len: 2996 time: 0.4694498
2026-07-01 02:03:04.309 9 INFO neutron.wsgi [None req-9d3efcc3-553a-406a-9709-9eeb3f918117 57880ae6fa834c0cb2ec94c5fa286aee 29ed25ada14c4ab4a263e6ec8667d934 - - default default] 10.0.0.106 "DELETE /v2.0/security-groups/4b8f5dff-e5b7-44b1-8986-7aa71652ba0c HTTP/1.1" status: 204 len: 168 time: 0.2411053
2026-07-01 02:03:04.502 9 INFO neutron.wsgi [None req-e3614529-66c9-4cec-a6a1-680098d88c40 a9eeadc15a634ef3b0db1ebc41223957 fa6dee52ea794be5b39c3a4f6ae79ea7 - - default default] 10.0.0.13 "GET /v2.0/extensions HTTP/1.1" status: 200 len: 16525 time: 0.0061376
2026-07-01 02:03:04.528 10 INFO neutron.wsgi [None req-727941eb-e7b9-437f-a0bd-20d313897fd8 57880ae6fa834c0cb2ec94c5fa286aee 29ed25ada14c4ab4a263e6ec8667d934 - - default default] 10.0.0.106 "GET /v2.0/security-groups?tenant_id=8b45249da175481bab2219c6ec9fdfb4&name=default HTTP/1.1" status: 200 len: 2996 time: 0.0376880
2026-07-01 02:03:04.629 9 INFO neutron.wsgi [None req-195f9c67-6492-4213-aa73-508cf50aaa32 a9eeadc15a634ef3b0db1ebc41223957 fa6dee52ea794be5b39c3a4f6ae79ea7 - - default default] 10.0.0.13 "GET /v2.0/quotas/fa6dee52ea794be5b39c3a4f6ae79ea7/details HTTP/1.1" status: 200 len: 756 time: 0.1100965
2026-07-01 02:03:04.730 9 INFO neutron.wsgi [None req-8f6711eb-e90f-4c55-b57f-1f7ec8c4ca1f 57880ae6fa834c0cb2ec94c5fa286aee 29ed25ada14c4ab4a263e6ec8667d934 - - default default] 10.0.0.106 "DELETE /v2.0/security-groups/9d2ad6d0-38a0-4d88-9c29-e852af7a113c HTTP/1.1" status: 204 len: 168 time: 0.1958742
2026-07-01 02:03:05.020 9 INFO neutron.wsgi [req-a75f3b92-74df-4838-8e25-240015f67f3c req-cbfd5894-1dfc-4740-a5af-145031e79c32 d78c6ffc63e14fc1a6d0cadc9ffeedf4 5505ac35fe4042c295b8fcd48b6a3b49 - - 5405da94dae646ca878ea16edcbf95e5 5405da94dae646ca878ea16edcbf95e5] 10.0.0.105 "GET /v2.0/ports?device_id=9aefc66f-ccbb-4f63-ae01-fe8f4e3591cf HTTP/1.1" status: 200 len: 1413 time: 0.0309949
2026-07-01 02:03:05.071 9 INFO neutron.wsgi [req-a75f3b92-74df-4838-8e25-240015f67f3c req-4b3fdb43-9b87-44a5-9cf2-237a19e2d2ca d78c6ffc63e14fc1a6d0cadc9ffeedf4 5505ac35fe4042c295b8fcd48b6a3b49 - - 5405da94dae646ca878ea16edcbf95e5 5405da94dae646ca878ea16edcbf95e5] 10.0.0.105 "GET /v2.0/security-groups?id=e812dd50-fafd-44c8-91b7-8e3ab62977ed&fields=id&fields=name HTTP/1.1" status: 200 len: 312 time: 0.0436897
2026-07-01 02:03:05.743 9 INFO neutron.wsgi [None req-71fd606b-e0e6-4723-a3b9-3a3dec847199 57880ae6fa834c0cb2ec94c5fa286aee 29ed25ada14c4ab4a263e6ec8667d934 - - default default] 10.0.0.205 "GET /v2.0/network-ip-availabilities HTTP/1.1" status: 200 len: 1726 time: 0.0951970
2026-07-01 02:03:05.823 9 INFO neutron.wsgi [None req-a51cbdf1-4fac-43d6-922e-d3121f95f63f 57880ae6fa834c0cb2ec94c5fa286aee 29ed25ada14c4ab4a263e6ec8667d934 - - default default] 10.0.0.205 "GET /v2.0/networks HTTP/1.1" status: 200 len: 3096 time: 0.0793369
2026-07-01 02:03:05.869 9 INFO neutron.wsgi [None req-cbd3e857-f887-4598-88ac-e031b4d7e9eb 57880ae6fa834c0cb2ec94c5fa286aee 29ed25ada14c4ab4a263e6ec8667d934 - - default default] 10.0.0.205 "GET /v2.0/subnets HTTP/1.1" status: 200 len: 2077 time: 0.0434487
2026-07-01 02:03:05.946 9 INFO neutron.wsgi [None req-1cc9f93d-5df4-4f04-ac15-98eded1746e7 57880ae6fa834c0cb2ec94c5fa286aee 29ed25ada14c4ab4a263e6ec8667d934 - - default default] 10.0.0.205 "GET /v2.0/routers HTTP/1.1" status: 200 len: 860 time: 0.0754218
2026-07-01 02:03:05.961 9 INFO neutron.wsgi [None req-3508fd6d-a415-4753-a8f2-bfc388b1f301 57880ae6fa834c0cb2ec94c5fa286aee 29ed25ada14c4ab4a263e6ec8667d934 - - default default] 10.0.0.205 "GET /v2.0/agents?binary=ovn-controller HTTP/1.1" status: 200 len: 591 time: 0.0130363
2026-07-01 02:03:05.995 9 INFO neutron.wsgi [None req-83d3360a-94bc-4894-8203-21518bd9b0a5 57880ae6fa834c0cb2ec94c5fa286aee 29ed25ada14c4ab4a263e6ec8667d934 - - default default] 10.0.0.205 "GET /v2.0/subnets HTTP/1.1" status: 200 len: 2077 time: 0.0312805
2026-07-01 02:03:06.005 9 INFO neutron.wsgi [None req-60c1a7a9-03b5-4aec-8cc4-d787a3219248 57880ae6fa834c0cb2ec94c5fa286aee 29ed25ada14c4ab4a263e6ec8667d934 - - default default] 10.0.0.205 "GET /v2.0/subnetpools HTTP/1.1" status: 200 len: 193 time: 0.0087733
2026-07-01 02:03:06.035 9 INFO neutron.wsgi [None req-fd6ba903-da34-4970-8bea-52a92482c9a2 57880ae6fa834c0cb2ec94c5fa286aee 29ed25ada14c4ab4a263e6ec8667d934 - - default default] 10.0.0.205 "GET /v2.0/floatingips HTTP/1.1" status: 200 len: 1036 time: 0.0296872
2026-07-01 02:03:06.076 9 INFO neutron.wsgi [None req-06d2b0a9-56b0-4511-af45-3ff6e38f23b3 57880ae6fa834c0cb2ec94c5fa286aee 29ed25ada14c4ab4a263e6ec8667d934 - - default default] 10.0.0.205 "GET /v2.0/ports HTTP/1.1" status: 200 len: 11971 time: 0.0400846
2026-07-01 02:03:06.091 9 INFO neutron.wsgi [None req-6e674acc-d9a0-42fc-a21c-e141b139d239 57880ae6fa834c0cb2ec94c5fa286aee 29ed25ada14c4ab4a263e6ec8667d934 - - default default] 10.0.0.205 "GET /v2.0/agents HTTP/1.1" status: 200 len: 997 time: 0.0087323
2026-07-01 02:03:06.172 9 INFO neutron.wsgi [None req-8f9bab29-44e2-4e42-a5e2-63838aacbed4 57880ae6fa834c0cb2ec94c5fa286aee 29ed25ada14c4ab4a263e6ec8667d934 - - default default] 10.0.0.205 "GET /v2.0/security-groups HTTP/1.1" status: 200 len: 29769 time: 0.0801823
2026-07-01 02:03:07.286 9 INFO neutron.db.ovn_revision_numbers_db [None req-975eb505-e634-4c80-9f25-c913a188a065 57880ae6fa834c0cb2ec94c5fa286aee 29ed25ada14c4ab4a263e6ec8667d934 - - default default] Successfully bumped revision number for resource b9d8f1af-d478-4c69-afa9-d296cda6acd1 (type: security_groups) to 1
2026-07-01 02:03:07.305 9 INFO neutron.db.ovn_revision_numbers_db [None req-975eb505-e634-4c80-9f25-c913a188a065 57880ae6fa834c0cb2ec94c5fa286aee 29ed25ada14c4ab4a263e6ec8667d934 - - default default] Successfully bumped revision number for resource 1a34549f-0147-470b-9edc-5c860886b9f0 (type: security_group_rules) to 0
2026-07-01 02:03:07.318 9 INFO neutron.db.ovn_revision_numbers_db [None req-975eb505-e634-4c80-9f25-c913a188a065 57880ae6fa834c0cb2ec94c5fa286aee 29ed25ada14c4ab4a263e6ec8667d934 - - default default] Successfully bumped revision number for resource 3ae66c50-1c60-44ff-bb0d-ccfb59cbba21 (type: security_group_rules) to 0
2026-07-01 02:03:07.335 9 INFO neutron.db.ovn_revision_numbers_db [None req-975eb505-e634-4c80-9f25-c913a188a065 57880ae6fa834c0cb2ec94c5fa286aee 29ed25ada14c4ab4a263e6ec8667d934 - - default default] Successfully bumped revision number for resource 727e3fbd-0d71-4363-a848-54be7fcf8fe2 (type: security_group_rules) to 0
2026-07-01 02:03:07.347 9 INFO neutron.db.ovn_revision_numbers_db [None req-975eb505-e634-4c80-9f25-c913a188a065 57880ae6fa834c0cb2ec94c5fa286aee 29ed25ada14c4ab4a263e6ec8667d934 - - default default] Successfully bumped revision number for resource 9cc2215b-f52f-457b-9262-ff7d6244bb84 (type: security_group_rules) to 0
2026-07-01 02:03:07.370 9 INFO neutron.wsgi [None req-975eb505-e634-4c80-9f25-c913a188a065 57880ae6fa834c0cb2ec94c5fa286aee 29ed25ada14c4ab4a263e6ec8667d934 - - default default] 10.0.0.106 "GET /v2.0/security-groups?tenant_id=fa6dee52ea794be5b39c3a4f6ae79ea7&name=default HTTP/1.1" status: 200 len: 2996 time: 0.3375084
2026-07-01 02:03:07.612 9 INFO neutron.wsgi [None req-cf276706-194e-4dec-9d6a-ff73d6d2604f 57880ae6fa834c0cb2ec94c5fa286aee 29ed25ada14c4ab4a263e6ec8667d934 - - default default] 10.0.0.106 "DELETE /v2.0/security-groups/b9d8f1af-d478-4c69-afa9-d296cda6acd1 HTTP/1.1" status: 204 len: 168 time: 0.2376976
2026-07-01 02:03:08.119 9 INFO neutron.plugins.ml2.drivers.ovn.mech_driver.mech_driver [None req-ab9d32e5-980d-440c-9279-1db8e8ddc9a1 - - - - - -] OVN reports status down for port: 4fdb3fa3-b44b-4ffe-b58d-6627dc513b61
2026-07-01 02:03:08.131 10 INFO neutron.wsgi [None req-bcd9b241-d82d-49a4-a028-479f8c856a43 a04a284440b44e67bcfe044211a468fa 25483d98b66b4062b837464632771724 - - default default] 10.0.0.106 "POST /v2.0/subnetpools HTTP/1.1" status: 201 len: 715 time: 0.3236670
2026-07-01 02:03:08.169 10 INFO neutron.wsgi [None req-f6ef8c99-7075-4669-86ea-0c89e8313590 a04a284440b44e67bcfe044211a468fa 25483d98b66b4062b837464632771724 - - default default] 10.0.0.106 "PUT /v2.0/subnetpools/77e30821-76ce-4a64-8560-6ca4ac8b7d69/tags HTTP/1.1" status: 200 len: 218 time: 0.0319872
2026-07-01 02:03:08.189 9 INFO neutron.wsgi [req-a591099b-8d33-47a6-b3bf-123edd8abd02 req-42737d27-71ea-47e1-b7bc-fdbd72e658b9 9da0e2d425d941b385525051dd1d1597 0c1aef4719f6456db2aba000bc5ff83d - - default default] 10.0.0.77 "GET /v2.0/ports?device_id=9aefc66f-ccbb-4f63-ae01-fe8f4e3591cf HTTP/1.1" status: 200 len: 1174 time: 0.1655710
2026-07-01 02:03:08.195 10 INFO neutron.wsgi [None req-4d299e27-23f2-4558-8c44-c04fa7ed9a6d a04a284440b44e67bcfe044211a468fa 25483d98b66b4062b837464632771724 - - default default] 10.0.0.106 "GET /v2.0/subnetpools/77e30821-76ce-4a64-8560-6ca4ac8b7d69/tags HTTP/1.1" status: 200 len: 218 time: 0.0191209
2026-07-01 02:03:08.254 10 INFO neutron.wsgi [None req-f69e7752-20d1-4ef7-9758-2363add4bfd5 a04a284440b44e67bcfe044211a468fa 25483d98b66b4062b837464632771724 - - default default] 10.0.0.106 "PUT /v2.0/subnetpools/77e30821-76ce-4a64-8560-6ca4ac8b7d69/tags/green HTTP/1.1" status: 201 len: 201 time: 0.0532861
2026-07-01 02:03:08.274 9 INFO neutron.wsgi [req-a591099b-8d33-47a6-b3bf-123edd8abd02 req-d9141ae1-6e92-4041-a1de-1ba1f1b3fd1d 9da0e2d425d941b385525051dd1d1597 0c1aef4719f6456db2aba000bc5ff83d - - default default] 10.0.0.77 "GET /v2.0/security-groups?id=e812dd50-fafd-44c8-91b7-8e3ab62977ed&fields=id&fields=name HTTP/1.1" status: 200 len: 312 time: 0.0783017
2026-07-01 02:03:08.293 9 INFO neutron.notifiers.nova [-] Nova event matching ['req-634bc34e-c8d0-4f2c-91b3-d026ef71f8b7'] response: {'server_uuid': '9aefc66f-ccbb-4f63-ae01-fe8f4e3591cf', 'name': 'network-vif-unplugged', 'status': 'completed', 'tag': '4fdb3fa3-b44b-4ffe-b58d-6627dc513b61', 'code': 200}
2026-07-01 02:03:08.294 10 INFO neutron.wsgi [None req-533a0800-4c78-4795-832b-095d9e04d578 a04a284440b44e67bcfe044211a468fa 25483d98b66b4062b837464632771724 - - default default] 10.0.0.106 "GET /v2.0/subnetpools/77e30821-76ce-4a64-8560-6ca4ac8b7d69/tags HTTP/1.1" status: 200 len: 227 time: 0.0357416
2026-07-01 02:03:08.316 10 INFO neutron.wsgi [None req-cbc97563-6970-492a-887c-93e6a73a36e0 a04a284440b44e67bcfe044211a468fa 25483d98b66b4062b837464632771724 - - default default] 10.0.0.106 "PUT /v2.0/subnetpools/77e30821-76ce-4a64-8560-6ca4ac8b7d69/tags/red HTTP/1.1" status: 201 len: 201 time: 0.0166972
2026-07-01 02:03:08.366 10 INFO neutron.wsgi [None req-8c067d3d-ebd3-448f-a6c0-9dc6d997ca36 a04a284440b44e67bcfe044211a468fa 25483d98b66b4062b837464632771724 - - default default] 10.0.0.106 "GET /v2.0/subnetpools/77e30821-76ce-4a64-8560-6ca4ac8b7d69/tags HTTP/1.1" status: 200 len: 227 time: 0.0286741
2026-07-01 02:03:08.413 10 INFO neutron.wsgi [None req-cb46a966-f681-4262-be7e-09e3762849c1 a04a284440b44e67bcfe044211a468fa 25483d98b66b4062b837464632771724 - - default default] 10.0.0.106 "PUT /v2.0/subnetpools/77e30821-76ce-4a64-8560-6ca4ac8b7d69/tags/black.or.white HTTP/1.1" status: 201 len: 201 time: 0.0405414
2026-07-01 02:03:08.428 9 INFO neutron.wsgi [req-4005fd1d-d2e4-494f-a535-eeb4fc5a6fb7 req-64ef7987-8ea2-4d9f-b6bb-2b754af43cff 9da0e2d425d941b385525051dd1d1597 0c1aef4719f6456db2aba000bc5ff83d - - default default] 199.204.45.169 "GET /v2.0/ports?device_id=9aefc66f-ccbb-4f63-ae01-fe8f4e3591cf HTTP/1.1" status: 200 len: 1172 time: 0.0400827
2026-07-01 02:03:08.461 9 INFO neutron.wsgi [None req-01611298-d39a-40ba-a4ee-954a47066e8b a04a284440b44e67bcfe044211a468fa 25483d98b66b4062b837464632771724 - - default default] 10.0.0.106 "GET /v2.0/subnetpools/77e30821-76ce-4a64-8560-6ca4ac8b7d69/tags HTTP/1.1" status: 200 len: 245 time: 0.0424774
2026-07-01 02:03:08.499 9 INFO neutron.db.ovn_revision_numbers_db [None req-ab9d32e5-980d-440c-9279-1db8e8ddc9a1 - - - - - -] Successfully bumped revision number for resource 4fdb3fa3-b44b-4ffe-b58d-6627dc513b61 (type: ports) to 5
2026-07-01 02:03:08.522 10 INFO neutron.wsgi [None req-f0184370-57f7-4fa1-a0c7-002c90a1d433 a04a284440b44e67bcfe044211a468fa 25483d98b66b4062b837464632771724 - - default default] 10.0.0.106 "PUT /v2.0/subnetpools/77e30821-76ce-4a64-8560-6ca4ac8b7d69/tags HTTP/1.1" status: 200 len: 230 time: 0.0514359
2026-07-01 02:03:08.552 10 INFO neutron.wsgi [None req-1d614a7c-f51f-4928-bd4a-49a7f08ddcaf a04a284440b44e67bcfe044211a468fa 25483d98b66b4062b837464632771724 - - default default] 10.0.0.106 "GET /v2.0/subnetpools/77e30821-76ce-4a64-8560-6ca4ac8b7d69/tags HTTP/1.1" status: 200 len: 230 time: 0.0248759
2026-07-01 02:03:08.575 10 INFO neutron.wsgi [None req-c28f018f-819d-42c1-9136-2e8511838563 a04a284440b44e67bcfe044211a468fa 25483d98b66b4062b837464632771724 - - default default] 10.0.0.106 "GET /v2.0/subnetpools/77e30821-76ce-4a64-8560-6ca4ac8b7d69/tags/red HTTP/1.1" status: 204 len: 168 time: 0.0205863
2026-07-01 02:03:08.597 10 INFO neutron.api.v2.resource [None req-3580939c-57fe-4ffb-950f-e707ad1f1089 a04a284440b44e67bcfe044211a468fa 25483d98b66b4062b837464632771724 - - default default] show failed (client error): The resource could not be found.
2026-07-01 02:03:08.598 10 INFO neutron.wsgi [None req-3580939c-57fe-4ffb-950f-e707ad1f1089 a04a284440b44e67bcfe044211a468fa 25483d98b66b4062b837464632771724 - - default default] 10.0.0.106 "GET /v2.0/subnetpools/77e30821-76ce-4a64-8560-6ca4ac8b7d69/tags/green HTTP/1.1" status: 404 len: 299 time: 0.0196369 /var/lib/openstack/lib/python3.10/site-packages/pycadf/identifier.py:71: UserWarning: Invalid uuid: neutron. To ensure interoperability, identifiers should be a valid uuid. warnings.warn(('Invalid uuid: %s. To ensure interoperability, '
2026-07-01 02:03:08.673 9 INFO neutron.wsgi [None req-29870537-6c7f-48eb-a9b5-071d33e898b7 a04a284440b44e67bcfe044211a468fa 25483d98b66b4062b837464632771724 - - default default] 10.0.0.106 "DELETE /v2.0/subnetpools/77e30821-76ce-4a64-8560-6ca4ac8b7d69/tags/red HTTP/1.1" status: 204 len: 168 time: 0.0716379
2026-07-01 02:03:08.702 10 INFO neutron.wsgi [None req-cd0b168c-aada-45f4-a333-8a46a79e91ab a04a284440b44e67bcfe044211a468fa 25483d98b66b4062b837464632771724 - - default default] 10.0.0.106 "GET /v2.0/subnetpools/77e30821-76ce-4a64-8560-6ca4ac8b7d69/tags HTTP/1.1" status: 200 len: 223 time: 0.0247545
2026-07-01 02:03:08.726 10 INFO neutron.api.v2.resource [None req-22426d3b-c952-45d8-98f2-13bd51474183 a04a284440b44e67bcfe044211a468fa 25483d98b66b4062b837464632771724 - - default default] delete failed (client error): The resource could not be found.
2026-07-01 02:03:08.727 10 INFO neutron.wsgi [None req-22426d3b-c952-45d8-98f2-13bd51474183 a04a284440b44e67bcfe044211a468fa 25483d98b66b4062b837464632771724 - - default default] 10.0.0.106 "DELETE /v2.0/subnetpools/77e30821-76ce-4a64-8560-6ca4ac8b7d69/tags/green HTTP/1.1" status: 404 len: 299 time: 0.0210319
2026-07-01 02:03:08.771 9 INFO neutron.db.l3_db [req-4005fd1d-d2e4-494f-a535-eeb4fc5a6fb7 req-6060d6f3-3c3e-4332-bd68-522ebfeb760d 9da0e2d425d941b385525051dd1d1597 0c1aef4719f6456db2aba000bc5ff83d - - default default] Floating IP 61894b39-72b0-477e-89ce-569fc0a8589c disassociated. External IP: 10.96.250.214, port: 4fdb3fa3-b44b-4ffe-b58d-6627dc513b61.
2026-07-01 02:03:08.771 10 INFO neutron.wsgi [None req-b640ff15-7af7-4c9d-9cc6-34af529f869a a04a284440b44e67bcfe044211a468fa 25483d98b66b4062b837464632771724 - - default default] 10.0.0.106 "DELETE /v2.0/subnetpools/77e30821-76ce-4a64-8560-6ca4ac8b7d69/tags HTTP/1.1" status: 204 len: 168 time: 0.0404918
2026-07-01 02:03:08.808 9 INFO neutron.wsgi [None req-36a8fc9f-5190-44ba-bc3a-339a40512ff8 a04a284440b44e67bcfe044211a468fa 25483d98b66b4062b837464632771724 - - default default] 10.0.0.106 "GET /v2.0/subnetpools/77e30821-76ce-4a64-8560-6ca4ac8b7d69/tags HTTP/1.1" status: 200 len: 205 time: 0.0314991
2026-07-01 02:03:08.886 9 INFO neutron.wsgi [None req-ddfc57de-3a79-48a7-b2dd-5a5477bc6cd1 a04a284440b44e67bcfe044211a468fa 25483d98b66b4062b837464632771724 - - default default] 10.0.0.106 "DELETE /v2.0/subnetpools/77e30821-76ce-4a64-8560-6ca4ac8b7d69 HTTP/1.1" status: 204 len: 168 time: 0.0730824
2026-07-01 02:03:08.888 10 INFO neutron.db.ovn_revision_numbers_db [None req-08c354b0-32bb-4210-bd56-b29d148cf369 cd8640dc82904d36a8ace1718b8dd1f3 62957c0f8bc14f80819af4aa079e2fa9 - - default default] Successfully bumped revision number for resource 4373f31e-ea64-4261-954e-139049c4fad0 (type: security_groups) to 1
