2026-07-01 02:02:50.003 9 INFO neutron.wsgi [req-9c54dc19-a9a3-459e-88ba-c3e30048036b req-ba101c9d-825b-4033-b6b4-86ba5ee6750c 9da0e2d425d941b385525051dd1d1597 0c1aef4719f6456db2aba000bc5ff83d - - default default] 199.204.45.169 "GET /v2.0/networks?id=b9f208ef-1932-463a-bb7f-8f3f079213e4 HTTP/1.1" status: 200 len: 860 time: 0.0876400
2026-07-01 02:02:50.075 9 INFO neutron.wsgi [req-9c54dc19-a9a3-459e-88ba-c3e30048036b req-61abab88-5c66-4b83-9ef7-f785a030ad62 9da0e2d425d941b385525051dd1d1597 0c1aef4719f6456db2aba000bc5ff83d - - default default] 199.204.45.169 "GET /v2.0/security-groups?fields=id&fields=name&tenant_id=0c1aef4719f6456db2aba000bc5ff83d HTTP/1.1" status: 200 len: 472 time: 0.0651658
2026-07-01 02:02:50.077 10 INFO neutron.wsgi [None req-06b0c957-5ead-4778-88f7-f8126552f679 fa640c7770db4968a32abba370e92c6b 40302e56dce9454e8575dcabfd025c31 - - default default] 10.0.0.106 "GET /v2.0/trunks?not-tags-any=red%2Cblue HTTP/1.1" status: 200 len: 1013 time: 0.2236052
2026-07-01 02:02:50.116 10 INFO neutron.wsgi [None req-6bdf0d4e-c328-48e8-a366-9a6ef2170d78 fa640c7770db4968a32abba370e92c6b 40302e56dce9454e8575dcabfd025c31 - - default default] 10.0.0.106 "GET /v2.0/trunks/f6bc3ebd-a8cf-4888-80ca-eb23a6632592 HTTP/1.1" status: 200 len: 608 time: 0.0276062
2026-07-01 02:02:50.128 9 INFO neutron.services.segments.plugin [-] Segment 79c7e141-72fc-484f-b588-2f41aa2124e7 resource provider aggregate not found
2026-07-01 02:02:50.137 9 INFO neutron.services.segments.plugin [-] Segment 79c7e141-72fc-484f-b588-2f41aa2124e7 resource provider aggregate not found
2026-07-01 02:02:50.154 9 INFO neutron.services.segments.plugin [-] Segment 79c7e141-72fc-484f-b588-2f41aa2124e7 resource provider not found; error: Placement Client Error (4xx): {"errors": [{"status": 404, "title": "Not Found", "detail": "The resource could not be found.\n\n No resource provider with uuid 79c7e141-72fc-484f-b588-2f41aa2124e7 found for delete ", "request_id": "req-0587f25b-b035-4217-9ad4-8ff37c08350e"}]}
2026-07-01 02:02:50.169 9 INFO neutron.services.segments.plugin [-] Segment 79c7e141-72fc-484f-b588-2f41aa2124e7 resource provider not found; error: Placement Client Error (4xx): {"errors": [{"status": 404, "title": "Not Found", "detail": "The resource could not be found.\n\n No resource provider with uuid 79c7e141-72fc-484f-b588-2f41aa2124e7 found for delete ", "request_id": "req-9731f7e3-b1d9-4ba8-baaf-53f1184c7fde"}]}
2026-07-01 02:02:50.230 10 INFO neutron.wsgi [None req-701dd665-badd-4d4f-988f-90c6c32752b2 fa640c7770db4968a32abba370e92c6b 40302e56dce9454e8575dcabfd025c31 - - default default] 10.0.0.106 "GET /v2.0/ports/1dd364c5-2c47-4c6d-93ce-52c9a53154fe HTTP/1.1" status: 200 len: 1020 time: 0.1093969
2026-07-01 02:02:50.300 10 INFO neutron.wsgi [None req-dd200f31-a50b-4231-9675-f063f8348215 fa640c7770db4968a32abba370e92c6b 40302e56dce9454e8575dcabfd025c31 - - default default] 10.0.0.106 "DELETE /v2.0/trunks/f6bc3ebd-a8cf-4888-80ca-eb23a6632592 HTTP/1.1" status: 204 len: 168 time: 0.0654817
2026-07-01 02:02:50.328 10 INFO neutron.wsgi [None req-3b60c5ff-d999-4657-8cae-eaa71ee4e47b fa640c7770db4968a32abba370e92c6b 40302e56dce9454e8575dcabfd025c31 - - default default] 10.0.0.106 "GET /v2.0/trunks/98637390-0b8b-4fcf-a3cf-08ac746344f7 HTTP/1.1" status: 200 len: 616 time: 0.0224786
2026-07-01 02:02:50.349 9 INFO neutron.wsgi [req-45c5bb7d-f53b-4b61-9a0a-6690b7a31ae8 req-2b8d3e66-b6ba-437f-9341-3af63319fe5e 9da0e2d425d941b385525051dd1d1597 0c1aef4719f6456db2aba000bc5ff83d - - default default] 10.0.0.77 "GET /v2.0/ports?device_id=9aefc66f-ccbb-4f63-ae01-fe8f4e3591cf HTTP/1.1" status: 200 len: 210 time: 0.0316451
2026-07-01 02:02:50.429 10 INFO neutron.wsgi [None req-09a79b73-529a-4731-bb63-f8a460670d71 57880ae6fa834c0cb2ec94c5fa286aee 29ed25ada14c4ab4a263e6ec8667d934 - - default default] 10.0.0.106 "GET /v2.0/security-groups?tenant_id=bdf02763eac74c309c20c16265efe2a1&name=default HTTP/1.1" status: 200 len: 2996 time: 0.2280393
2026-07-01 02:02:50.434 9 WARNING neutron.scheduler.dhcp_agent_scheduler [req-9c54dc19-a9a3-459e-88ba-c3e30048036b req-6b566b87-f968-44e9-a1ff-52694381f7db 9da0e2d425d941b385525051dd1d1597 0c1aef4719f6456db2aba000bc5ff83d - - default default] No more DHCP agents
2026-07-01 02:02:50.435 10 INFO neutron.wsgi [None req-b6519bae-68ac-489a-b89d-be81bd0170f7 fa640c7770db4968a32abba370e92c6b 40302e56dce9454e8575dcabfd025c31 - - default default] 10.0.0.106 "GET /v2.0/ports/cb50a9ee-85c2-4fe7-bf33-3cf5ca4d663c HTTP/1.1" status: 200 len: 1020 time: 0.1020656 /var/lib/openstack/lib/python3.10/site-packages/pycadf/identifier.py:71: UserWarning: Invalid uuid: neutron. To ensure interoperability, identifiers should be a valid uuid. warnings.warn(('Invalid uuid: %s. To ensure interoperability, '
2026-07-01 02:02:50.440 9 WARNING neutron.api.rpc.agentnotifiers.dhcp_rpc_agent_api [req-9c54dc19-a9a3-459e-88ba-c3e30048036b req-6b566b87-f968-44e9-a1ff-52694381f7db 9da0e2d425d941b385525051dd1d1597 0c1aef4719f6456db2aba000bc5ff83d - - default default] Unable to schedule network b9f208ef-1932-463a-bb7f-8f3f079213e4: no agents available; will retry on subsequent port and subnet creation events.
2026-07-01 02:02:50.517 10 INFO neutron.wsgi [None req-159c4d24-d995-403d-b715-ee2ca529e3ec fa640c7770db4968a32abba370e92c6b 40302e56dce9454e8575dcabfd025c31 - - default default] 10.0.0.106 "DELETE /v2.0/trunks/98637390-0b8b-4fcf-a3cf-08ac746344f7 HTTP/1.1" status: 204 len: 168 time: 0.0783920
2026-07-01 02:02:50.543 10 INFO neutron.wsgi [None req-7607bd46-d9e8-4210-ae6e-fa4fa48c6b99 fa640c7770db4968a32abba370e92c6b 40302e56dce9454e8575dcabfd025c31 - - default default] 10.0.0.106 "GET /v2.0/trunks/5eec40e8-f260-495a-b8c8-907780aa9531 HTTP/1.1" status: 200 len: 625 time: 0.0219734
2026-07-01 02:02:50.638 9 INFO neutron.db.ovn_revision_numbers_db [req-9c54dc19-a9a3-459e-88ba-c3e30048036b req-6b566b87-f968-44e9-a1ff-52694381f7db 9da0e2d425d941b385525051dd1d1597 0c1aef4719f6456db2aba000bc5ff83d - - default default] Successfully bumped revision number for resource 4fdb3fa3-b44b-4ffe-b58d-6627dc513b61 (type: ports) to 1
2026-07-01 02:02:50.667 9 INFO neutron.wsgi [req-9c54dc19-a9a3-459e-88ba-c3e30048036b req-6b566b87-f968-44e9-a1ff-52694381f7db 9da0e2d425d941b385525051dd1d1597 0c1aef4719f6456db2aba000bc5ff83d - - default default] 199.204.45.169 "POST /v2.0/ports HTTP/1.1" status: 201 len: 1162 time: 0.5733902
2026-07-01 02:02:50.671 10 INFO neutron.wsgi [None req-30572cb7-9111-4bf5-9c9c-4f436177c6e1 fa640c7770db4968a32abba370e92c6b 40302e56dce9454e8575dcabfd025c31 - - default default] 10.0.0.106 "GET /v2.0/ports/a8cc75e5-4aaa-4086-8317-eeb6927d0162 HTTP/1.1" status: 200 len: 1020 time: 0.1230342 /var/lib/openstack/lib/python3.10/site-packages/pycadf/identifier.py:71: UserWarning: Invalid uuid: neutron. To ensure interoperability, identifiers should be a valid uuid. warnings.warn(('Invalid uuid: %s. To ensure interoperability, '
2026-07-01 02:02:50.721 9 INFO neutron.wsgi [None req-6509523e-06aa-4d16-81c7-9ac331189769 57880ae6fa834c0cb2ec94c5fa286aee 29ed25ada14c4ab4a263e6ec8667d934 - - default default] 10.0.0.106 "DELETE /v2.0/security-groups/7f92c7c6-87f6-4cb9-9bc2-a1099969dca1 HTTP/1.1" status: 204 len: 168 time: 0.2859356
2026-07-01 02:02:50.757 10 INFO neutron.wsgi [None req-a0023a34-61f8-4dd8-b7db-12e74604cdf4 fa640c7770db4968a32abba370e92c6b 40302e56dce9454e8575dcabfd025c31 - - default default] 10.0.0.106 "DELETE /v2.0/trunks/5eec40e8-f260-495a-b8c8-907780aa9531 HTTP/1.1" status: 204 len: 168 time: 0.0806913
2026-07-01 02:02:50.777 10 INFO neutron.wsgi [None req-027da900-3ac6-4c35-a2b4-1c015132ab20 fa640c7770db4968a32abba370e92c6b 40302e56dce9454e8575dcabfd025c31 - - default default] 10.0.0.106 "GET /v2.0/trunks/406fb0e2-03b4-48c0-a439-c814e53a8008 HTTP/1.1" status: 200 len: 610 time: 0.0154366
2026-07-01 02:02:50.877 10 INFO neutron.wsgi [None req-a48b4c1a-561d-4b02-84b2-005de9a986a3 fa640c7770db4968a32abba370e92c6b 40302e56dce9454e8575dcabfd025c31 - - default default] 10.0.0.106 "GET /v2.0/ports/2a14f204-9d56-4245-836e-d48fcadad69c HTTP/1.1" status: 200 len: 1020 time: 0.0952368
2026-07-01 02:02:51.006 9 INFO neutron.wsgi [None req-2120acac-a9e7-4381-94a4-056002aaa827 fa640c7770db4968a32abba370e92c6b 40302e56dce9454e8575dcabfd025c31 - - default default] 10.0.0.106 "DELETE /v2.0/trunks/406fb0e2-03b4-48c0-a439-c814e53a8008 HTTP/1.1" status: 204 len: 168 time: 0.1233304
2026-07-01 02:02:51.030 10 INFO neutron.wsgi [None req-d7500ebb-e0c1-48d9-aa00-3af3e843f0d5 fa640c7770db4968a32abba370e92c6b 40302e56dce9454e8575dcabfd025c31 - - default default] 10.0.0.106 "GET /v2.0/trunks/d2557d67-9590-4306-99a5-62615cfe9eca HTTP/1.1" status: 200 len: 603 time: 0.0196359
2026-07-01 02:02:51.130 10 INFO neutron.wsgi [None req-9980f19e-8d58-4f11-8176-097c43b87bb7 fa640c7770db4968a32abba370e92c6b 40302e56dce9454e8575dcabfd025c31 - - default default] 10.0.0.106 "GET /v2.0/ports/f2d7a5ec-efb9-4aa6-9073-75240dee12ae HTTP/1.1" status: 200 len: 1020 time: 0.0936515
2026-07-01 02:02:51.134 9 INFO neutron.db.ovn_revision_numbers_db [req-9c54dc19-a9a3-459e-88ba-c3e30048036b req-4eecda52-0198-482d-b6a7-7a367e4dd0a8 d78c6ffc63e14fc1a6d0cadc9ffeedf4 5505ac35fe4042c295b8fcd48b6a3b49 - - 5405da94dae646ca878ea16edcbf95e5 5405da94dae646ca878ea16edcbf95e5] Successfully bumped revision number for resource 4fdb3fa3-b44b-4ffe-b58d-6627dc513b61 (type: ports) to 2
2026-07-01 02:02:51.214 10 INFO neutron.wsgi [None req-d5891836-361b-453b-9185-2844ef370772 fa640c7770db4968a32abba370e92c6b 40302e56dce9454e8575dcabfd025c31 - - default default] 10.0.0.106 "DELETE /v2.0/trunks/d2557d67-9590-4306-99a5-62615cfe9eca HTTP/1.1" status: 204 len: 168 time: 0.0776620
2026-07-01 02:02:51.346 9 INFO neutron.db.ovn_revision_numbers_db [req-9c54dc19-a9a3-459e-88ba-c3e30048036b req-4eecda52-0198-482d-b6a7-7a367e4dd0a8 d78c6ffc63e14fc1a6d0cadc9ffeedf4 5505ac35fe4042c295b8fcd48b6a3b49 - - 5405da94dae646ca878ea16edcbf95e5 5405da94dae646ca878ea16edcbf95e5] Successfully bumped revision number for resource 4fdb3fa3-b44b-4ffe-b58d-6627dc513b61 (type: ports) to 2
2026-07-01 02:02:51.360 9 INFO neutron.wsgi [req-9c54dc19-a9a3-459e-88ba-c3e30048036b req-4eecda52-0198-482d-b6a7-7a367e4dd0a8 d78c6ffc63e14fc1a6d0cadc9ffeedf4 5505ac35fe4042c295b8fcd48b6a3b49 - - 5405da94dae646ca878ea16edcbf95e5 5405da94dae646ca878ea16edcbf95e5] 199.204.45.169 "PUT /v2.0/ports/4fdb3fa3-b44b-4ffe-b58d-6627dc513b61 HTTP/1.1" status: 200 len: 1380 time: 0.6831107 /var/lib/openstack/lib/python3.10/site-packages/pycadf/identifier.py:71: UserWarning: Invalid uuid: neutron. To ensure interoperability, identifiers should be a valid uuid. warnings.warn(('Invalid uuid: %s. To ensure interoperability, '
2026-07-01 02:02:51.401 9 INFO neutron.notifiers.nova [-] Nova event matching ['req-73c708bb-5459-4f32-b2e7-b9f029ec3f29'] response: {'name': 'network-changed', 'server_uuid': '9aefc66f-ccbb-4f63-ae01-fe8f4e3591cf', 'tag': '4fdb3fa3-b44b-4ffe-b58d-6627dc513b61', 'status': 'completed', 'code': 200}
2026-07-01 02:02:51.437 9 INFO neutron.wsgi [req-9c54dc19-a9a3-459e-88ba-c3e30048036b req-d963c75a-3bc3-462c-9000-e15233ebcdb5 d78c6ffc63e14fc1a6d0cadc9ffeedf4 5505ac35fe4042c295b8fcd48b6a3b49 - - 5405da94dae646ca878ea16edcbf95e5 5405da94dae646ca878ea16edcbf95e5] 199.204.45.169 "GET /v2.0/ports?tenant_id=0c1aef4719f6456db2aba000bc5ff83d&device_id=9aefc66f-ccbb-4f63-ae01-fe8f4e3591cf HTTP/1.1" status: 200 len: 1411 time: 0.0482090
2026-07-01 02:02:51.453 10 INFO neutron.wsgi [None req-ea4dc459-bb08-4ff1-8f19-faa65402f277 fa640c7770db4968a32abba370e92c6b 40302e56dce9454e8575dcabfd025c31 - - default default] 10.0.0.106 "DELETE /v2.0/ports/1dd364c5-2c47-4c6d-93ce-52c9a53154fe HTTP/1.1" status: 204 len: 168 time: 0.2337108
2026-07-01 02:02:51.468 9 INFO neutron.wsgi [req-9c54dc19-a9a3-459e-88ba-c3e30048036b req-d50b523a-03f7-4143-ba50-f20b594b2bc5 d78c6ffc63e14fc1a6d0cadc9ffeedf4 5505ac35fe4042c295b8fcd48b6a3b49 - - 5405da94dae646ca878ea16edcbf95e5 5405da94dae646ca878ea16edcbf95e5] 199.204.45.169 "GET /v2.0/floatingips?fixed_ip_address=10.100.0.10&port_id=4fdb3fa3-b44b-4ffe-b58d-6627dc513b61 HTTP/1.1" status: 200 len: 217 time: 0.0232959
2026-07-01 02:02:51.474 9 INFO neutron.wsgi [req-c7ecb052-53f1-4a86-bbf3-56a0e362f1a8 req-bdaf36ac-15f5-4bb9-a252-87a0c3952ba8 9da0e2d425d941b385525051dd1d1597 0c1aef4719f6456db2aba000bc5ff83d - - default default] 10.0.0.77 "GET /v2.0/ports?device_id=9aefc66f-ccbb-4f63-ae01-fe8f4e3591cf HTTP/1.1" status: 200 len: 1172 time: 0.0595758
2026-07-01 02:02:51.517 9 INFO neutron.wsgi [req-9c54dc19-a9a3-459e-88ba-c3e30048036b req-c2a3162e-70b5-418c-b459-e385828cd075 d78c6ffc63e14fc1a6d0cadc9ffeedf4 5505ac35fe4042c295b8fcd48b6a3b49 - - 5405da94dae646ca878ea16edcbf95e5 5405da94dae646ca878ea16edcbf95e5] 199.204.45.169 "GET /v2.0/subnets?id=ef4d6596-0a61-4071-9c26-177165ea5313 HTTP/1.1" status: 200 len: 852 time: 0.0408840
2026-07-01 02:02:51.538 9 INFO neutron.wsgi [req-c7ecb052-53f1-4a86-bbf3-56a0e362f1a8 req-70d775ba-27f6-42c0-806d-8554e656cd70 9da0e2d425d941b385525051dd1d1597 0c1aef4719f6456db2aba000bc5ff83d - - default default] 10.0.0.77 "GET /v2.0/security-groups?id=e812dd50-fafd-44c8-91b7-8e3ab62977ed&fields=id&fields=name HTTP/1.1" status: 200 len: 312 time: 0.0537241
2026-07-01 02:02:51.554 9 INFO neutron.wsgi [req-9c54dc19-a9a3-459e-88ba-c3e30048036b req-549160e2-c9ce-4748-b665-55cc65b72544 d78c6ffc63e14fc1a6d0cadc9ffeedf4 5505ac35fe4042c295b8fcd48b6a3b49 - - 5405da94dae646ca878ea16edcbf95e5 5405da94dae646ca878ea16edcbf95e5] 199.204.45.169 "GET /v2.0/ports?network_id=b9f208ef-1932-463a-bb7f-8f3f079213e4&device_owner=network%3Adhcp HTTP/1.1" status: 200 len: 210 time: 0.0272274
2026-07-01 02:02:51.632 9 INFO neutron.wsgi [req-9c54dc19-a9a3-459e-88ba-c3e30048036b req-cb4a4734-771a-4997-af61-6f5965f5e3b4 d78c6ffc63e14fc1a6d0cadc9ffeedf4 5505ac35fe4042c295b8fcd48b6a3b49 - - 5405da94dae646ca878ea16edcbf95e5 5405da94dae646ca878ea16edcbf95e5] 199.204.45.169 "GET /v2.0/networks/b9f208ef-1932-463a-bb7f-8f3f079213e4?fields=segments HTTP/1.1" status: 200 len: 212 time: 0.0684450
2026-07-01 02:02:51.668 10 INFO neutron.wsgi [None req-c1f9008a-e964-4923-a927-01d91f48cfdd fa640c7770db4968a32abba370e92c6b 40302e56dce9454e8575dcabfd025c31 - - default default] 10.0.0.106 "DELETE /v2.0/ports/cb50a9ee-85c2-4fe7-bf33-3cf5ca4d663c HTTP/1.1" status: 204 len: 168 time: 0.2114506
2026-07-01 02:02:51.704 9 INFO neutron.wsgi [req-9c54dc19-a9a3-459e-88ba-c3e30048036b req-8b064fe3-ccb9-45c9-8841-fd5de32b8f58 d78c6ffc63e14fc1a6d0cadc9ffeedf4 5505ac35fe4042c295b8fcd48b6a3b49 - - 5405da94dae646ca878ea16edcbf95e5 5405da94dae646ca878ea16edcbf95e5] 199.204.45.169 "GET /v2.0/networks/b9f208ef-1932-463a-bb7f-8f3f079213e4?fields=provider%3Aphysical_network&fields=provider%3Anetwork_type HTTP/1.1" status: 200 len: 277 time: 0.0654228
2026-07-01 02:02:51.784 9 INFO neutron.wsgi [req-db8fcf11-2b3e-4ea6-b202-7a985761a060 req-c337fd63-4ccd-438c-a0c0-571987c07b7a d78c6ffc63e14fc1a6d0cadc9ffeedf4 5505ac35fe4042c295b8fcd48b6a3b49 - - 5405da94dae646ca878ea16edcbf95e5 5405da94dae646ca878ea16edcbf95e5] 199.204.45.169 "GET /v2.0/ports?tenant_id=0c1aef4719f6456db2aba000bc5ff83d&device_id=9aefc66f-ccbb-4f63-ae01-fe8f4e3591cf HTTP/1.1" status: 200 len: 1411 time: 0.0367751
2026-07-01 02:02:51.878 9 INFO neutron.wsgi [req-db8fcf11-2b3e-4ea6-b202-7a985761a060 req-e56bcc03-2681-4724-89b6-3541e13fdd13 d78c6ffc63e14fc1a6d0cadc9ffeedf4 5505ac35fe4042c295b8fcd48b6a3b49 - - 5405da94dae646ca878ea16edcbf95e5 5405da94dae646ca878ea16edcbf95e5] 199.204.45.169 "GET /v2.0/networks?id=b9f208ef-1932-463a-bb7f-8f3f079213e4 HTTP/1.1" status: 200 len: 959 time: 0.0860808
2026-07-01 02:02:51.880 10 INFO neutron.wsgi [None req-26199f53-c6b1-4386-9e11-5d1d3d8d25bc fa640c7770db4968a32abba370e92c6b 40302e56dce9454e8575dcabfd025c31 - - default default] 10.0.0.106 "DELETE /v2.0/ports/a8cc75e5-4aaa-4086-8317-eeb6927d0162 HTTP/1.1" status: 204 len: 168 time: 0.2090454
2026-07-01 02:02:51.905 9 INFO neutron.plugins.ml2.drivers.ovn.mech_driver.mech_driver [None req-ab9d32e5-980d-440c-9279-1db8e8ddc9a1 - - - - - -] OVN reports status up for port: 4fdb3fa3-b44b-4ffe-b58d-6627dc513b61
2026-07-01 02:02:51.921 9 INFO neutron.wsgi [req-db8fcf11-2b3e-4ea6-b202-7a985761a060 req-0aeca1b2-39f9-4d09-a53a-da950f254e53 d78c6ffc63e14fc1a6d0cadc9ffeedf4 5505ac35fe4042c295b8fcd48b6a3b49 - - 5405da94dae646ca878ea16edcbf95e5 5405da94dae646ca878ea16edcbf95e5] 199.204.45.169 "GET /v2.0/floatingips?fixed_ip_address=10.100.0.10&port_id=4fdb3fa3-b44b-4ffe-b58d-6627dc513b61 HTTP/1.1" status: 200 len: 217 time: 0.0378747
2026-07-01 02:02:51.933 9 INFO neutron.plugins.ml2.plugin [None req-ab9d32e5-980d-440c-9279-1db8e8ddc9a1 - - - - - -] Attempt 1 to provision port 4fdb3fa3-b44b-4ffe-b58d-6627dc513b61
2026-07-01 02:02:51.968 9 INFO neutron.wsgi [req-db8fcf11-2b3e-4ea6-b202-7a985761a060 req-6923daad-fbf4-4ffb-8ea2-b0ade87b23a3 d78c6ffc63e14fc1a6d0cadc9ffeedf4 5505ac35fe4042c295b8fcd48b6a3b49 - - 5405da94dae646ca878ea16edcbf95e5 5405da94dae646ca878ea16edcbf95e5] 199.204.45.169 "GET /v2.0/subnets?id=ef4d6596-0a61-4071-9c26-177165ea5313 HTTP/1.1" status: 200 len: 852 time: 0.0405211
2026-07-01 02:02:52.004 9 INFO neutron.wsgi [req-db8fcf11-2b3e-4ea6-b202-7a985761a060 req-d65b4b7f-2fa0-4081-a179-96affc7e8d6d d78c6ffc63e14fc1a6d0cadc9ffeedf4 5505ac35fe4042c295b8fcd48b6a3b49 - - 5405da94dae646ca878ea16edcbf95e5 5405da94dae646ca878ea16edcbf95e5] 199.204.45.169 "GET /v2.0/ports?network_id=b9f208ef-1932-463a-bb7f-8f3f079213e4&device_owner=network%3Adhcp HTTP/1.1" status: 200 len: 210 time: 0.0274713
2026-07-01 02:02:52.090 9 INFO neutron.wsgi [req-db8fcf11-2b3e-4ea6-b202-7a985761a060 req-b96e5a51-81b9-4a4a-ab55-11d2e0f44cc1 d78c6ffc63e14fc1a6d0cadc9ffeedf4 5505ac35fe4042c295b8fcd48b6a3b49 - - 5405da94dae646ca878ea16edcbf95e5 5405da94dae646ca878ea16edcbf95e5] 199.204.45.169 "GET /v2.0/networks/b9f208ef-1932-463a-bb7f-8f3f079213e4?fields=segments HTTP/1.1" status: 200 len: 212 time: 0.0818572
2026-07-01 02:02:52.152 10 INFO neutron.wsgi [None req-5449d815-4a61-4f0e-9c1f-eceb1bce8459 fa640c7770db4968a32abba370e92c6b 40302e56dce9454e8575dcabfd025c31 - - default default] 10.0.0.106 "DELETE /v2.0/ports/2a14f204-9d56-4245-836e-d48fcadad69c HTTP/1.1" status: 204 len: 168 time: 0.2637630
2026-07-01 02:02:52.181 9 INFO neutron.wsgi [req-db8fcf11-2b3e-4ea6-b202-7a985761a060 req-e47476c7-b9a8-478d-9214-91b6097a217c d78c6ffc63e14fc1a6d0cadc9ffeedf4 5505ac35fe4042c295b8fcd48b6a3b49 - - 5405da94dae646ca878ea16edcbf95e5 5405da94dae646ca878ea16edcbf95e5] 199.204.45.169 "GET /v2.0/networks/b9f208ef-1932-463a-bb7f-8f3f079213e4?fields=provider%3Aphysical_network&fields=provider%3Anetwork_type HTTP/1.1" status: 200 len: 277 time: 0.0808029
2026-07-01 02:02:52.306 9 INFO neutron.db.ovn_revision_numbers_db [None req-ab9d32e5-980d-440c-9279-1db8e8ddc9a1 - - - - - -] Successfully bumped revision number for resource 4fdb3fa3-b44b-4ffe-b58d-6627dc513b61 (type: ports) to 4
2026-07-01 02:02:52.399 10 INFO neutron.wsgi [None req-8ed296fa-6dc1-4865-9933-d2f5cec83e64 fa640c7770db4968a32abba370e92c6b 40302e56dce9454e8575dcabfd025c31 - - default default] 10.0.0.106 "DELETE /v2.0/ports/f2d7a5ec-efb9-4aa6-9073-75240dee12ae HTTP/1.1" status: 204 len: 168 time: 0.2420504 /var/lib/openstack/lib/python3.10/site-packages/pycadf/identifier.py:71: UserWarning: Invalid uuid: neutron. To ensure interoperability, identifiers should be a valid uuid. warnings.warn(('Invalid uuid: %s. To ensure interoperability, '
2026-07-01 02:02:52.630 9 INFO neutron.wsgi [req-a7fd2fee-7063-4193-b1e4-af6c08c7af37 req-1b28ccaf-4f3f-4a2b-8c9d-476eb9cb8eca 9da0e2d425d941b385525051dd1d1597 0c1aef4719f6456db2aba000bc5ff83d - - default default] 10.0.0.77 "GET /v2.0/ports?device_id=9aefc66f-ccbb-4f63-ae01-fe8f4e3591cf HTTP/1.1" status: 200 len: 1174 time: 0.0383861
2026-07-01 02:02:52.672 9 INFO neutron.wsgi [req-a7fd2fee-7063-4193-b1e4-af6c08c7af37 req-6d795850-dbf3-45a6-a9ca-9d5dca1e9565 9da0e2d425d941b385525051dd1d1597 0c1aef4719f6456db2aba000bc5ff83d - - default default] 10.0.0.77 "GET /v2.0/security-groups?id=e812dd50-fafd-44c8-91b7-8e3ab62977ed&fields=id&fields=name HTTP/1.1" status: 200 len: 312 time: 0.0322230
2026-07-01 02:02:52.743 10 INFO neutron.services.segments.plugin [-] Segment 5515822a-67ef-484b-a93b-3a3f64370b6b resource provider aggregate not found
2026-07-01 02:02:52.756 10 INFO neutron.services.segments.plugin [-] Segment 5515822a-67ef-484b-a93b-3a3f64370b6b resource provider aggregate not found
2026-07-01 02:02:52.771 10 INFO neutron.services.segments.plugin [-] Segment 5515822a-67ef-484b-a93b-3a3f64370b6b resource provider not found; error: Placement Client Error (4xx): {"errors": [{"status": 404, "title": "Not Found", "detail": "The resource could not be found.\n\n No resource provider with uuid 5515822a-67ef-484b-a93b-3a3f64370b6b found for delete ", "request_id": "req-d6a405d4-2827-49f9-835a-8269fc6ad9ec"}]}
2026-07-01 02:02:52.772 10 INFO neutron.services.segments.plugin [-] Segment 5515822a-67ef-484b-a93b-3a3f64370b6b resource provider not found; error: Placement Client Error (4xx): {"errors": [{"status": 404, "title": "Not Found", "detail": "The resource could not be found.\n\n No resource provider with uuid 5515822a-67ef-484b-a93b-3a3f64370b6b found for delete ", "request_id": "req-b5276455-14e9-4e7c-a54c-bb136b4b5cee"}]}
2026-07-01 02:02:52.792 10 INFO neutron.wsgi [None req-f4f8e70b-5c41-4c66-a99d-e48b008580ce fa640c7770db4968a32abba370e92c6b 40302e56dce9454e8575dcabfd025c31 - - default default] 10.0.0.106 "DELETE /v2.0/networks/19a91835-fb58-4f12-892e-e74dcfcccc1b HTTP/1.1" status: 204 len: 168 time: 0.3879259
2026-07-01 02:02:53.144 9 INFO neutron.services.segments.plugin [-] Segment 5064f9a4-460f-4a7b-969b-c322a535567e resource provider aggregate not found
2026-07-01 02:02:53.149 9 INFO neutron.services.segments.plugin [-] Segment 5064f9a4-460f-4a7b-969b-c322a535567e resource provider aggregate not found
2026-07-01 02:02:53.163 9 INFO neutron.services.segments.plugin [-] Segment 5064f9a4-460f-4a7b-969b-c322a535567e resource provider not found; error: Placement Client Error (4xx): {"errors": [{"status": 404, "title": "Not Found", "detail": "The resource could not be found.\n\n No resource provider with uuid 5064f9a4-460f-4a7b-969b-c322a535567e found for delete ", "request_id": "req-944be6dc-7663-4978-95f9-11aaff510fb1"}]}
2026-07-01 02:02:53.163 9 INFO neutron.services.segments.plugin [-] Segment 5064f9a4-460f-4a7b-969b-c322a535567e resource provider not found; error: Placement Client Error (4xx): {"errors": [{"status": 404, "title": "Not Found", "detail": "The resource could not be found.\n\n No resource provider with uuid 5064f9a4-460f-4a7b-969b-c322a535567e found for delete ", "request_id": "req-53573deb-fd38-4bfa-9fea-d0aee72f5628"}]}
2026-07-01 02:02:53.188 9 INFO neutron.wsgi [None req-05c6eb6b-1ef8-4450-8a88-6581a194ba54 fa640c7770db4968a32abba370e92c6b 40302e56dce9454e8575dcabfd025c31 - - default default] 10.0.0.106 "DELETE /v2.0/networks/f1eaae30-730b-4b78-b50b-826494b86510 HTTP/1.1" status: 204 len: 168 time: 0.3915744
2026-07-01 02:02:53.434 9 INFO neutron.notifiers.nova [-] Nova event matching ['req-0e1a1339-efe2-41c1-b273-b5592f3d3eed'] response: {'server_uuid': '9aefc66f-ccbb-4f63-ae01-fe8f4e3591cf', 'name': 'network-vif-plugged', 'status': 'completed', 'tag': '4fdb3fa3-b44b-4ffe-b58d-6627dc513b61', 'code': 200}
2026-07-01 02:02:53.435 9 INFO neutron.notifiers.nova [-] Nova event matching ['req-0e1a1339-efe2-41c1-b273-b5592f3d3eed'] response: {'server_uuid': '9aefc66f-ccbb-4f63-ae01-fe8f4e3591cf', 'name': 'network-vif-plugged', 'status': 'completed', 'tag': '4fdb3fa3-b44b-4ffe-b58d-6627dc513b61', 'code': 200}
2026-07-01 02:02:53.603 9 INFO neutron.wsgi [None req-1cea61bb-af79-4acf-8302-bb79d33f4981 fa640c7770db4968a32abba370e92c6b 40302e56dce9454e8575dcabfd025c31 - - default default] 10.0.0.106 "DELETE /v2.0/networks/c1646de0-a7c0-470f-8231-9f10edd32a8b HTTP/1.1" status: 204 len: 168 time: 0.4091053
2026-07-01 02:02:53.785 9 INFO neutron.wsgi [req-170f7ea7-1c52-4cb0-b238-6a2597bbb7d1 req-b80d7ff7-fe4e-471e-8123-021d24d379c4 9da0e2d425d941b385525051dd1d1597 0c1aef4719f6456db2aba000bc5ff83d - - default default] 10.0.0.77 "GET /v2.0/ports?device_id=9aefc66f-ccbb-4f63-ae01-fe8f4e3591cf HTTP/1.1" status: 200 len: 1174 time: 0.0492427
2026-07-01 02:02:53.838 9 INFO neutron.wsgi [req-170f7ea7-1c52-4cb0-b238-6a2597bbb7d1 req-6925bc83-d8ed-4ef9-8221-1f47f18f2509 9da0e2d425d941b385525051dd1d1597 0c1aef4719f6456db2aba000bc5ff83d - - default default] 10.0.0.77 "GET /v2.0/security-groups?id=e812dd50-fafd-44c8-91b7-8e3ab62977ed&fields=id&fields=name HTTP/1.1" status: 200 len: 312 time: 0.0474191
2026-07-01 02:02:53.977 9 INFO neutron.wsgi [req-35fa7d06-d929-465f-a718-16ab626b96f4 req-380bc98c-de18-4aea-b61a-1bd014546bb1 9da0e2d425d941b385525051dd1d1597 0c1aef4719f6456db2aba000bc5ff83d - - default default] 10.0.0.77 "GET /v2.0/ports?device_id=9aefc66f-ccbb-4f63-ae01-fe8f4e3591cf HTTP/1.1" status: 200 len: 1174 time: 0.0728698
2026-07-01 02:02:54.013 9 INFO neutron.wsgi [req-35fa7d06-d929-465f-a718-16ab626b96f4 req-d46f301a-67de-44bc-ba47-2c8ac879cfbe 9da0e2d425d941b385525051dd1d1597 0c1aef4719f6456db2aba000bc5ff83d - - default default] 10.0.0.77 "GET /v2.0/security-groups?id=e812dd50-fafd-44c8-91b7-8e3ab62977ed&fields=id&fields=name HTTP/1.1" status: 200 len: 312 time: 0.0307579
2026-07-01 02:02:54.056 10 INFO neutron.wsgi [None req-2dcbdbd4-6329-42f5-9fe8-1fd99ae21ff1 fa640c7770db4968a32abba370e92c6b 40302e56dce9454e8575dcabfd025c31 - - default default] 10.0.0.106 "DELETE /v2.0/networks/087fbf72-f83e-4a5e-96c4-336f9c0cdc08 HTTP/1.1" status: 204 len: 168 time: 0.4472239
2026-07-01 02:02:54.063 9 INFO neutron.wsgi [None req-5a40a587-8163-4dbb-8101-dab6df01f87e c8ab299bc7534fb48cfb3d27afb1eb85 f4dac1d28a434f1a8abf0063288ebd25 - - default default] 10.0.0.106 "GET /v2.0/ports?device_id=9aefc66f-ccbb-4f63-ae01-fe8f4e3591cf HTTP/1.1" status: 200 len: 1408 time: 0.0271821
2026-07-01 02:02:54.486 10 INFO neutron.wsgi [-] 10.0.0.42 "GET / HTTP/1.1" status: 200 len: 247 time: 0.0017755
2026-07-01 02:02:54.488 10 INFO neutron.wsgi [-] 10.0.0.42 "GET / HTTP/1.1" status: 200 len: 247 time: 0.0014093
2026-07-01 02:02:54.497 10 INFO neutron.wsgi [None req-2ec852ff-3892-4771-8345-3cf4a25a9ac5 fa640c7770db4968a32abba370e92c6b 40302e56dce9454e8575dcabfd025c31 - - default default] 10.0.0.106 "DELETE /v2.0/networks/5a1edd12-63a5-40ed-9d94-4542b0ea6203 HTTP/1.1" status: 204 len: 168 time: 0.4342587
2026-07-01 02:02:54.615 9 INFO neutron.db.l3_db [None req-0efd9929-2df9-4c1b-8377-b45eb34ab3d8 9da0e2d425d941b385525051dd1d1597 0c1aef4719f6456db2aba000bc5ff83d - - default default] Floating IP 61894b39-72b0-477e-89ce-569fc0a8589c associated. External IP: 10.96.250.214, port: 4fdb3fa3-b44b-4ffe-b58d-6627dc513b61.
2026-07-01 02:02:54.723 9 INFO neutron.db.ovn_revision_numbers_db [None req-d956cd28-edb2-48e4-9af4-8babb26b3242 cfbc1058ff9e468eb597b0bc1c3f7168 c8b3ef5b83b2451a844b3bb55589cfe4 - - default default] Successfully bumped revision number for resource 561887f5-4283-4c7e-80b6-d354f7a51aa7 (type: security_groups) to 1
2026-07-01 02:02:54.740 9 INFO neutron.db.ovn_revision_numbers_db [None req-d956cd28-edb2-48e4-9af4-8babb26b3242 cfbc1058ff9e468eb597b0bc1c3f7168 c8b3ef5b83b2451a844b3bb55589cfe4 - - default default] Successfully bumped revision number for resource 3599cbfc-c33d-42b0-8d4b-02693477438b (type: security_group_rules) to 0
2026-07-01 02:02:54.766 9 INFO neutron.db.ovn_revision_numbers_db [None req-d956cd28-edb2-48e4-9af4-8babb26b3242 cfbc1058ff9e468eb597b0bc1c3f7168 c8b3ef5b83b2451a844b3bb55589cfe4 - - default default] Successfully bumped revision number for resource 900ebf84-6c55-4b43-ba20-e2cac316d75e (type: security_group_rules) to 0
2026-07-01 02:02:54.786 9 INFO neutron.db.ovn_revision_numbers_db [None req-d956cd28-edb2-48e4-9af4-8babb26b3242 cfbc1058ff9e468eb597b0bc1c3f7168 c8b3ef5b83b2451a844b3bb55589cfe4 - - default default] Successfully bumped revision number for resource e44bcdf4-8261-4e3a-bba6-05018eb98b0a (type: security_group_rules) to 0
2026-07-01 02:02:54.810 9 INFO neutron.db.ovn_revision_numbers_db [None req-d956cd28-edb2-48e4-9af4-8babb26b3242 cfbc1058ff9e468eb597b0bc1c3f7168 c8b3ef5b83b2451a844b3bb55589cfe4 - - default default] Successfully bumped revision number for resource fba3fc2a-6b5d-431e-badc-156f61e7bef1 (type: security_group_rules) to 0
2026-07-01 02:02:54.821 10 INFO neutron.services.segments.plugin [-] Segment 8df536a9-5981-48f3-8b4c-535a81163646 resource provider aggregate not found
2026-07-01 02:02:54.829 10 INFO neutron.services.segments.plugin [-] Segment 8df536a9-5981-48f3-8b4c-535a81163646 resource provider aggregate not found
2026-07-01 02:02:54.832 9 INFO neutron.db.ovn_revision_numbers_db [None req-0efd9929-2df9-4c1b-8377-b45eb34ab3d8 9da0e2d425d941b385525051dd1d1597 0c1aef4719f6456db2aba000bc5ff83d - - default default] Successfully bumped revision number for resource 61894b39-72b0-477e-89ce-569fc0a8589c (type: floatingips) to 4
2026-07-01 02:02:54.846 10 INFO neutron.services.segments.plugin [-] Segment 8df536a9-5981-48f3-8b4c-535a81163646 resource provider not found; error: Placement Client Error (4xx): {"errors": [{"status": 404, "title": "Not Found", "detail": "The resource could not be found.\n\n No resource provider with uuid 8df536a9-5981-48f3-8b4c-535a81163646 found for delete ", "request_id": "req-a0eb5bcd-4c68-400a-b09e-93e7152e30c1"}]}
2026-07-01 02:02:54.852 10 INFO neutron.services.segments.plugin [-] Segment 8df536a9-5981-48f3-8b4c-535a81163646 resource provider not found; error: Placement Client Error (4xx): {"errors": [{"status": 404, "title": "Not Found", "detail": "The resource could not be found.\n\n No resource provider with uuid 8df536a9-5981-48f3-8b4c-535a81163646 found for delete ", "request_id": "req-2bdce79b-f61b-4811-ac61-ec7ed5c83d63"}]}
2026-07-01 02:02:54.866 9 INFO neutron.db.segments_db [None req-d956cd28-edb2-48e4-9af4-8babb26b3242 cfbc1058ff9e468eb597b0bc1c3f7168 c8b3ef5b83b2451a844b3bb55589cfe4 - - default default] Added segment 4805aa1d-10cd-4bc9-b566-a1e63dd7572f of type geneve for network 1767630c-522b-4ee1-b140-208dc0ccab99
2026-07-01 02:02:54.871 10 INFO neutron.services.segments.plugin [-] Segment 5fbb6185-a9ac-47b9-8cd6-850a80c2649d resource provider aggregate not found
2026-07-01 02:02:54.877 10 INFO neutron.services.segments.plugin [-] Segment 5fbb6185-a9ac-47b9-8cd6-850a80c2649d resource provider aggregate not found
2026-07-01 02:02:54.887 10 INFO neutron.services.segments.plugin [-] Segment 5fbb6185-a9ac-47b9-8cd6-850a80c2649d resource provider not found; error: Placement Client Error (4xx): {"errors": [{"status": 404, "title": "Not Found", "detail": "The resource could not be found.\n\n No resource provider with uuid 5fbb6185-a9ac-47b9-8cd6-850a80c2649d found for delete ", "request_id": "req-134a124b-a4cc-4673-a7fb-7d67fbd4f257"}]}
2026-07-01 02:02:54.891 10 INFO neutron.services.segments.plugin [-] Segment 5fbb6185-a9ac-47b9-8cd6-850a80c2649d resource provider not found; error: Placement Client Error (4xx): {"errors": [{"status": 404, "title": "Not Found", "detail": "The resource could not be found.\n\n No resource provider with uuid 5fbb6185-a9ac-47b9-8cd6-850a80c2649d found for delete ", "request_id": "req-8d8da78d-dd78-483a-8c93-1170e300d853"}]}
2026-07-01 02:02:54.998 9 INFO neutron.db.ovn_revision_numbers_db [None req-0efd9929-2df9-4c1b-8377-b45eb34ab3d8 9da0e2d425d941b385525051dd1d1597 0c1aef4719f6456db2aba000bc5ff83d - - default default] Successfully bumped revision number for resource 61894b39-72b0-477e-89ce-569fc0a8589c (type: floatingips) to 5
2026-07-01 02:02:55.050 9 INFO neutron.wsgi [None req-0efd9929-2df9-4c1b-8377-b45eb34ab3d8 9da0e2d425d941b385525051dd1d1597 0c1aef4719f6456db2aba000bc5ff83d - - default default] 10.0.0.106 "PUT /v2.0/floatingips/61894b39-72b0-477e-89ce-569fc0a8589c HTTP/1.1" status: 200 len: 1050 time: 0.9816480 /var/lib/openstack/lib/python3.10/site-packages/pycadf/identifier.py:71: UserWarning: Invalid uuid: neutron. To ensure interoperability, identifiers should be a valid uuid. warnings.warn(('Invalid uuid: %s. To ensure interoperability, '
2026-07-01 02:02:55.063 9 INFO neutron.db.ovn_revision_numbers_db [None req-d956cd28-edb2-48e4-9af4-8babb26b3242 cfbc1058ff9e468eb597b0bc1c3f7168 c8b3ef5b83b2451a844b3bb55589cfe4 - - default default] Successfully bumped revision number for resource 1767630c-522b-4ee1-b140-208dc0ccab99 (type: networks) to 1
2026-07-01 02:02:55.140 10 INFO neutron.wsgi [None req-1f21c2d6-18e5-4829-9ebe-7655840b83db 9da0e2d425d941b385525051dd1d1597 0c1aef4719f6456db2aba000bc5ff83d - - default default] 10.0.0.106 "GET /v2.0/floatingips/61894b39-72b0-477e-89ce-569fc0a8589c HTTP/1.1" status: 200 len: 1052 time: 0.0846152
2026-07-01 02:02:55.197 9 INFO neutron.services.segments.plugin [-] Segment 92ab72ed-87e8-4897-af3e-a78ea13cf75d resource provider aggregate not found
2026-07-01 02:02:55.201 9 INFO neutron.services.segments.plugin [-] Segment 92ab72ed-87e8-4897-af3e-a78ea13cf75d resource provider aggregate not found
2026-07-01 02:02:55.217 9 INFO neutron.services.segments.plugin [-] Segment 92ab72ed-87e8-4897-af3e-a78ea13cf75d resource provider not found; error: Placement Client Error (4xx): {"errors": [{"status": 404, "title": "Not Found", "detail": "The resource could not be found.\n\n No resource provider with uuid 92ab72ed-87e8-4897-af3e-a78ea13cf75d found for delete ", "request_id": "req-7ed02d60-555a-4ad7-b4c9-9cc18b9dd6ab"}]}
2026-07-01 02:02:55.218 9 INFO neutron.services.segments.plugin [-] Segment 92ab72ed-87e8-4897-af3e-a78ea13cf75d resource provider not found; error: Placement Client Error (4xx): {"errors": [{"status": 404, "title": "Not Found", "detail": "The resource could not be found.\n\n No resource provider with uuid 92ab72ed-87e8-4897-af3e-a78ea13cf75d found for delete ", "request_id": "req-ea454ef7-4624-4722-927c-be0f9442d3d5"}]}
2026-07-01 02:02:55.281 9 WARNING neutron.scheduler.dhcp_agent_scheduler [None req-d956cd28-edb2-48e4-9af4-8babb26b3242 cfbc1058ff9e468eb597b0bc1c3f7168 c8b3ef5b83b2451a844b3bb55589cfe4 - - default default] No more DHCP agents
2026-07-01 02:02:55.283 9 WARNING neutron.api.rpc.agentnotifiers.dhcp_rpc_agent_api [None req-d956cd28-edb2-48e4-9af4-8babb26b3242 cfbc1058ff9e468eb597b0bc1c3f7168 c8b3ef5b83b2451a844b3bb55589cfe4 - - default default] Unable to schedule network 1767630c-522b-4ee1-b140-208dc0ccab99: no agents available; will retry on subsequent port and subnet creation events.
2026-07-01 02:02:55.365 9 INFO neutron.db.ovn_revision_numbers_db [None req-d956cd28-edb2-48e4-9af4-8babb26b3242 cfbc1058ff9e468eb597b0bc1c3f7168 c8b3ef5b83b2451a844b3bb55589cfe4 - - default default] Successfully bumped revision number for resource a4379844-f234-4963-899f-4c19c6b93a00 (type: ports) to 1
2026-07-01 02:02:55.385 9 INFO neutron.wsgi [None req-d956cd28-edb2-48e4-9af4-8babb26b3242 cfbc1058ff9e468eb597b0bc1c3f7168 c8b3ef5b83b2451a844b3bb55589cfe4 - - default default] 10.0.0.106 "POST /v2.0/networks HTTP/1.1" status: 201 len: 831 time: 1.2682757
2026-07-01 02:02:55.474 9 INFO neutron.db.segments_db [None req-51503ae4-f2fc-4e1d-b3bf-fa5346ee07d4 cfbc1058ff9e468eb597b0bc1c3f7168 c8b3ef5b83b2451a844b3bb55589cfe4 - - default default] Added segment 4ead4b1d-0a1f-4bd0-a6d4-99fb4bd09c4b of type geneve for network 732ae104-29f5-4b69-8090-f7c3ee352d5e
2026-07-01 02:02:55.485 9 INFO neutron.notifiers.nova [-] Nova event matching ['req-5c996397-3d6a-4a46-a3d9-83320a0b0cc5'] response: {'name': 'network-changed', 'server_uuid': '9aefc66f-ccbb-4f63-ae01-fe8f4e3591cf', 'tag': '4fdb3fa3-b44b-4ffe-b58d-6627dc513b61', 'status': 'completed', 'code': 200}
2026-07-01 02:02:55.547 9 INFO neutron.wsgi [req-f1bb98f8-2741-4b68-9125-27adaea386e1 req-c3f88cb6-49be-46e7-8fe5-97255d214b04 d78c6ffc63e14fc1a6d0cadc9ffeedf4 5505ac35fe4042c295b8fcd48b6a3b49 - - 5405da94dae646ca878ea16edcbf95e5 5405da94dae646ca878ea16edcbf95e5] 199.204.45.169 "GET /v2.0/ports?tenant_id=0c1aef4719f6456db2aba000bc5ff83d&device_id=9aefc66f-ccbb-4f63-ae01-fe8f4e3591cf HTTP/1.1" status: 200 len: 1413 time: 0.0454841
2026-07-01 02:02:55.549 10 INFO neutron.wsgi [None req-41025963-51b7-4778-b17e-dbc05faf264d 57880ae6fa834c0cb2ec94c5fa286aee 29ed25ada14c4ab4a263e6ec8667d934 - - default default] 10.0.0.106 "GET /v2.0/security-groups?tenant_id=40302e56dce9454e8575dcabfd025c31&name=default HTTP/1.1" status: 200 len: 2996 time: 0.1545992
2026-07-01 02:02:55.582 10 INFO neutron.db.ovn_revision_numbers_db [None req-1c217848-d4bd-4101-9f7f-a67ab7305afb 57880ae6fa834c0cb2ec94c5fa286aee 29ed25ada14c4ab4a263e6ec8667d934 - - default default] Successfully bumped revision number for resource b6101249-ce68-48ab-ba57-2e05ebc617f8 (type: security_groups) to 1
2026-07-01 02:02:55.602 10 INFO neutron.db.ovn_revision_numbers_db [None req-1c217848-d4bd-4101-9f7f-a67ab7305afb 57880ae6fa834c0cb2ec94c5fa286aee 29ed25ada14c4ab4a263e6ec8667d934 - - default default] Successfully bumped revision number for resource 247247ba-cd85-4286-9e9b-33f9c3a4ab9e (type: security_group_rules) to 0
2026-07-01 02:02:55.625 10 INFO neutron.db.ovn_revision_numbers_db [None req-1c217848-d4bd-4101-9f7f-a67ab7305afb 57880ae6fa834c0cb2ec94c5fa286aee 29ed25ada14c4ab4a263e6ec8667d934 - - default default] Successfully bumped revision number for resource bdd57bc7-e888-4fc2-896f-c31a56f79d15 (type: security_group_rules) to 0
2026-07-01 02:02:55.637 9 INFO neutron.wsgi [req-f1bb98f8-2741-4b68-9125-27adaea386e1 req-6e0ba552-3a0e-42d4-856f-a98dc9bbeb79 d78c6ffc63e14fc1a6d0cadc9ffeedf4 5505ac35fe4042c295b8fcd48b6a3b49 - - 5405da94dae646ca878ea16edcbf95e5 5405da94dae646ca878ea16edcbf95e5] 199.204.45.169 "GET /v2.0/networks?id=b9f208ef-1932-463a-bb7f-8f3f079213e4 HTTP/1.1" status: 200 len: 959 time: 0.0824518
2026-07-01 02:02:55.641 10 INFO neutron.db.ovn_revision_numbers_db [None req-1c217848-d4bd-4101-9f7f-a67ab7305afb 57880ae6fa834c0cb2ec94c5fa286aee 29ed25ada14c4ab4a263e6ec8667d934 - - default default] Successfully bumped revision number for resource d11a2b11-1b4f-46ea-9b16-b3e6fddb159f (type: security_group_rules) to 0
2026-07-01 02:02:55.656 10 INFO neutron.db.ovn_revision_numbers_db [None req-1c217848-d4bd-4101-9f7f-a67ab7305afb 57880ae6fa834c0cb2ec94c5fa286aee 29ed25ada14c4ab4a263e6ec8667d934 - - default default] Successfully bumped revision number for resource fcf25f67-a0bb-45d8-b5c9-a0df333a5051 (type: security_group_rules) to 0
2026-07-01 02:02:55.675 9 INFO neutron.db.ovn_revision_numbers_db [None req-51503ae4-f2fc-4e1d-b3bf-fa5346ee07d4 cfbc1058ff9e468eb597b0bc1c3f7168 c8b3ef5b83b2451a844b3bb55589cfe4 - - default default] Successfully bumped revision number for resource 732ae104-29f5-4b69-8090-f7c3ee352d5e (type: networks) to 1
2026-07-01 02:02:55.682 10 INFO neutron.wsgi [None req-1c217848-d4bd-4101-9f7f-a67ab7305afb 57880ae6fa834c0cb2ec94c5fa286aee 29ed25ada14c4ab4a263e6ec8667d934 - - default default] 10.0.0.106 "GET /v2.0/security-groups?tenant_id=cb8df55bed50457494b480c5a4acb3ef&name=default HTTP/1.1" status: 200 len: 2996 time: 0.4285829
2026-07-01 02:02:55.696 9 INFO neutron.wsgi [req-f1bb98f8-2741-4b68-9125-27adaea386e1 req-a8094d89-a72a-4b64-9787-4b2c1e87423d d78c6ffc63e14fc1a6d0cadc9ffeedf4 5505ac35fe4042c295b8fcd48b6a3b49 - - 5405da94dae646ca878ea16edcbf95e5 5405da94dae646ca878ea16edcbf95e5] 199.204.45.169 "GET /v2.0/floatingips?fixed_ip_address=10.100.0.10&port_id=4fdb3fa3-b44b-4ffe-b58d-6627dc513b61 HTTP/1.1" status: 200 len: 1060 time: 0.0461674
2026-07-01 02:02:55.758 9 INFO neutron.wsgi [req-f1bb98f8-2741-4b68-9125-27adaea386e1 req-c4f1388e-082a-41fc-a18e-40a18e7f90cf d78c6ffc63e14fc1a6d0cadc9ffeedf4 5505ac35fe4042c295b8fcd48b6a3b49 - - 5405da94dae646ca878ea16edcbf95e5 5405da94dae646ca878ea16edcbf95e5] 199.204.45.169 "GET /v2.0/subnets?id=ef4d6596-0a61-4071-9c26-177165ea5313 HTTP/1.1" status: 200 len: 852 time: 0.0545018
2026-07-01 02:02:55.762 10 INFO neutron.wsgi [None req-23795fd4-0767-44a9-a81d-593943cdad67 57880ae6fa834c0cb2ec94c5fa286aee 29ed25ada14c4ab4a263e6ec8667d934 - - default default] 10.0.0.106 "DELETE /v2.0/security-groups/a97e785c-8bbb-418e-9803-e9bca9b003fa HTTP/1.1" status: 204 len: 168 time: 0.2063339
2026-07-01 02:02:55.804 9 INFO neutron.wsgi [req-f1bb98f8-2741-4b68-9125-27adaea386e1 req-75c1ea85-25c3-4838-ad82-d0300fa373be d78c6ffc63e14fc1a6d0cadc9ffeedf4 5505ac35fe4042c295b8fcd48b6a3b49 - - 5405da94dae646ca878ea16edcbf95e5 5405da94dae646ca878ea16edcbf95e5] 199.204.45.169 "GET /v2.0/ports?network_id=b9f208ef-1932-463a-bb7f-8f3f079213e4&device_owner=network%3Adhcp HTTP/1.1" status: 200 len: 210 time: 0.0384765
2026-07-01 02:02:55.907 9 INFO neutron.wsgi [req-f1bb98f8-2741-4b68-9125-27adaea386e1 req-30352bef-0c69-4715-a50e-fa374144c9f8 d78c6ffc63e14fc1a6d0cadc9ffeedf4 5505ac35fe4042c295b8fcd48b6a3b49 - - 5405da94dae646ca878ea16edcbf95e5 5405da94dae646ca878ea16edcbf95e5] 199.204.45.169 "GET /v2.0/networks/b9f208ef-1932-463a-bb7f-8f3f079213e4?fields=segments HTTP/1.1" status: 200 len: 212 time: 0.0924211
2026-07-01 02:02:55.941 9 WARNING neutron.scheduler.dhcp_agent_scheduler [None req-51503ae4-f2fc-4e1d-b3bf-fa5346ee07d4 cfbc1058ff9e468eb597b0bc1c3f7168 c8b3ef5b83b2451a844b3bb55589cfe4 - - default default] No more DHCP agents
2026-07-01 02:02:55.955 10 INFO neutron.db.ovn_revision_numbers_db [None req-e35f8019-a73e-40c7-b24a-ceb46e37b0f8 57880ae6fa834c0cb2ec94c5fa286aee 29ed25ada14c4ab4a263e6ec8667d934 - - default default] Successfully bumped revision number for resource 6448f34f-3e91-4035-b934-d0d59c59ff59 (type: security_groups) to 1
2026-07-01 02:02:55.957 9 WARNING neutron.api.rpc.agentnotifiers.dhcp_rpc_agent_api [None req-51503ae4-f2fc-4e1d-b3bf-fa5346ee07d4 cfbc1058ff9e468eb597b0bc1c3f7168 c8b3ef5b83b2451a844b3bb55589cfe4 - - default default] Unable to schedule network 732ae104-29f5-4b69-8090-f7c3ee352d5e: no agents available; will retry on subsequent port and subnet creation events.
2026-07-01 02:02:55.969 10 INFO neutron.db.ovn_revision_numbers_db [None req-e35f8019-a73e-40c7-b24a-ceb46e37b0f8 57880ae6fa834c0cb2ec94c5fa286aee 29ed25ada14c4ab4a263e6ec8667d934 - - default default] Successfully bumped revision number for resource 5e8f7eb8-b8e4-460c-9b4e-a954decbdf9f (type: security_group_rules) to 0
2026-07-01 02:02:55.983 10 INFO neutron.db.ovn_revision_numbers_db [None req-e35f8019-a73e-40c7-b24a-ceb46e37b0f8 57880ae6fa834c0cb2ec94c5fa286aee 29ed25ada14c4ab4a263e6ec8667d934 - - default default] Successfully bumped revision number for resource 86993438-ec03-4993-abf8-085446306d50 (type: security_group_rules) to 0
2026-07-01 02:02:56.000 10 INFO neutron.db.ovn_revision_numbers_db [None req-e35f8019-a73e-40c7-b24a-ceb46e37b0f8 57880ae6fa834c0cb2ec94c5fa286aee 29ed25ada14c4ab4a263e6ec8667d934 - - default default] Successfully bumped revision number for resource cd97bc52-68de-4592-af85-01ffd2cc9267 (type: security_group_rules) to 0
2026-07-01 02:02:56.012 10 INFO neutron.db.ovn_revision_numbers_db [None req-e35f8019-a73e-40c7-b24a-ceb46e37b0f8 57880ae6fa834c0cb2ec94c5fa286aee 29ed25ada14c4ab4a263e6ec8667d934 - - default default] Successfully bumped revision number for resource e62bce6e-f173-4c9c-b34f-305d5ad82040 (type: security_group_rules) to 0
2026-07-01 02:02:56.016 9 INFO neutron.wsgi [req-f1bb98f8-2741-4b68-9125-27adaea386e1 req-bfa1530d-0178-4982-94c1-85f64cc18d58 d78c6ffc63e14fc1a6d0cadc9ffeedf4 5505ac35fe4042c295b8fcd48b6a3b49 - - 5405da94dae646ca878ea16edcbf95e5 5405da94dae646ca878ea16edcbf95e5] 199.204.45.169 "GET /v2.0/networks/b9f208ef-1932-463a-bb7f-8f3f079213e4?fields=provider%3Aphysical_network&fields=provider%3Anetwork_type HTTP/1.1" status: 200 len: 277 time: 0.1023839
2026-07-01 02:02:56.034 10 INFO neutron.wsgi [None req-e35f8019-a73e-40c7-b24a-ceb46e37b0f8 57880ae6fa834c0cb2ec94c5fa286aee 29ed25ada14c4ab4a263e6ec8667d934 - - default default] 10.0.0.106 "GET /v2.0/security-groups?tenant_id=8bac6049553a4b7089348b2028253712&name=default HTTP/1.1" status: 200 len: 2996 time: 0.1820104
2026-07-01 02:02:56.085 9 INFO neutron.db.ovn_revision_numbers_db [None req-51503ae4-f2fc-4e1d-b3bf-fa5346ee07d4 cfbc1058ff9e468eb597b0bc1c3f7168 c8b3ef5b83b2451a844b3bb55589cfe4 - - default default] Successfully bumped revision number for resource 1312b158-03f8-4f11-913a-a74f1a089513 (type: ports) to 1
2026-07-01 02:02:56.117 9 INFO neutron.wsgi [None req-51503ae4-f2fc-4e1d-b3bf-fa5346ee07d4 cfbc1058ff9e468eb597b0bc1c3f7168 c8b3ef5b83b2451a844b3bb55589cfe4 - - default default] 10.0.0.106 "POST /v2.0/networks HTTP/1.1" status: 201 len: 831 time: 0.7252212
2026-07-01 02:02:56.123 9 INFO neutron.wsgi [None req-2225be07-d831-4d92-9bda-2bdf4da9aa40 57880ae6fa834c0cb2ec94c5fa286aee 29ed25ada14c4ab4a263e6ec8667d934 - - default default] 10.0.0.106 "DELETE /v2.0/security-groups/b6101249-ce68-48ab-ba57-2e05ebc617f8 HTTP/1.1" status: 204 len: 168 time: 0.4341638
2026-07-01 02:02:56.234 10 INFO neutron.db.segments_db [None req-8de7e1c9-905f-489c-bffd-78584b7e4b2e cfbc1058ff9e468eb597b0bc1c3f7168 c8b3ef5b83b2451a844b3bb55589cfe4 - - default default] Added segment 3f3f5c6a-4621-4138-a8fe-2caf898717da of type geneve for network e7a9dde5-4815-41a3-9ece-b67c1ba42b7a
2026-07-01 02:02:56.293 10 INFO neutron.wsgi [None req-709a6540-1a5d-4d37-b796-b601d7ca8f92 57880ae6fa834c0cb2ec94c5fa286aee 29ed25ada14c4ab4a263e6ec8667d934 - - default default] 10.0.0.106 "DELETE /v2.0/security-groups/6448f34f-3e91-4035-b934-d0d59c59ff59 HTTP/1.1" status: 204 len: 168 time: 0.2530811
2026-07-01 02:02:56.380 10 INFO neutron.db.ovn_revision_numbers_db [None req-8de7e1c9-905f-489c-bffd-78584b7e4b2e cfbc1058ff9e468eb597b0bc1c3f7168 c8b3ef5b83b2451a844b3bb55589cfe4 - - default default] Successfully bumped revision number for resource e7a9dde5-4815-41a3-9ece-b67c1ba42b7a (type: networks) to 1
2026-07-01 02:02:56.598 10 WARNING neutron.scheduler.dhcp_agent_scheduler [None req-8de7e1c9-905f-489c-bffd-78584b7e4b2e cfbc1058ff9e468eb597b0bc1c3f7168 c8b3ef5b83b2451a844b3bb55589cfe4 - - default default] No more DHCP agents
2026-07-01 02:02:56.600 10 WARNING neutron.api.rpc.agentnotifiers.dhcp_rpc_agent_api [None req-8de7e1c9-905f-489c-bffd-78584b7e4b2e cfbc1058ff9e468eb597b0bc1c3f7168 c8b3ef5b83b2451a844b3bb55589cfe4 - - default default] Unable to schedule network e7a9dde5-4815-41a3-9ece-b67c1ba42b7a: no agents available; will retry on subsequent port and subnet creation events.
2026-07-01 02:02:56.610 10 INFO neutron.db.ovn_revision_numbers_db [None req-0f176ba0-1a96-4adb-98b9-3465bd2d335a 57880ae6fa834c0cb2ec94c5fa286aee 29ed25ada14c4ab4a263e6ec8667d934 - - default default] Successfully bumped revision number for resource ea70e04c-962e-4889-9579-fdd66b6db351 (type: security_groups) to 1
2026-07-01 02:02:56.635 10 INFO neutron.db.ovn_revision_numbers_db [None req-0f176ba0-1a96-4adb-98b9-3465bd2d335a 57880ae6fa834c0cb2ec94c5fa286aee 29ed25ada14c4ab4a263e6ec8667d934 - - default default] Successfully bumped revision number for resource 640ede22-089a-4172-96e4-a350dd6dd7cb (type: security_group_rules) to 0
2026-07-01 02:02:56.657 10 INFO neutron.db.ovn_revision_numbers_db [None req-0f176ba0-1a96-4adb-98b9-3465bd2d335a 57880ae6fa834c0cb2ec94c5fa286aee 29ed25ada14c4ab4a263e6ec8667d934 - - default default] Successfully bumped revision number for resource 83ee7b28-9eb1-445c-a5c6-9c776795fb61 (type: security_group_rules) to 0
2026-07-01 02:02:56.693 10 INFO neutron.db.ovn_revision_numbers_db [None req-0f176ba0-1a96-4adb-98b9-3465bd2d335a 57880ae6fa834c0cb2ec94c5fa286aee 29ed25ada14c4ab4a263e6ec8667d934 - - default default] Successfully bumped revision number for resource aff37359-3dc1-40d0-b4cf-1e95cb153cfa (type: security_group_rules) to 0
2026-07-01 02:02:56.714 10 INFO neutron.db.ovn_revision_numbers_db [None req-0f176ba0-1a96-4adb-98b9-3465bd2d335a 57880ae6fa834c0cb2ec94c5fa286aee 29ed25ada14c4ab4a263e6ec8667d934 - - default default] Successfully bumped revision number for resource d253582e-0f78-4839-a618-6b228505207c (type: security_group_rules) to 0
2026-07-01 02:02:56.716 10 INFO neutron.db.ovn_revision_numbers_db [None req-8de7e1c9-905f-489c-bffd-78584b7e4b2e cfbc1058ff9e468eb597b0bc1c3f7168 c8b3ef5b83b2451a844b3bb55589cfe4 - - default default] Successfully bumped revision number for resource 9a01f717-1e37-466f-8cd0-f3b773e86891 (type: ports) to 1
2026-07-01 02:02:56.740 10 INFO neutron.wsgi [None req-0f176ba0-1a96-4adb-98b9-3465bd2d335a 57880ae6fa834c0cb2ec94c5fa286aee 29ed25ada14c4ab4a263e6ec8667d934 - - default default] 10.0.0.106 "GET /v2.0/security-groups?tenant_id=8ca9f3fbedbb4547ba5fe140c80e5e4a&name=default HTTP/1.1" status: 200 len: 2996 time: 0.3160396
2026-07-01 02:02:56.750 10 INFO neutron.wsgi [None req-8de7e1c9-905f-489c-bffd-78584b7e4b2e cfbc1058ff9e468eb597b0bc1c3f7168 c8b3ef5b83b2451a844b3bb55589cfe4 - - default default] 10.0.0.106 "POST /v2.0/networks HTTP/1.1" status: 201 len: 831 time: 0.6276002
2026-07-01 02:02:56.843 9 INFO neutron.db.segments_db [None req-ef9aab0e-3374-40d5-bff3-ea3217c62f94 cfbc1058ff9e468eb597b0bc1c3f7168 c8b3ef5b83b2451a844b3bb55589cfe4 - - default default] Added segment de21eab7-bd6f-4757-ba32-34fbed376ce9 of type geneve for network 980a5c3b-629f-4289-8291-67f5d6c9cdcb
2026-07-01 02:02:56.954 10 INFO neutron.wsgi [None req-ae3395b6-3e91-4f9a-92f7-76eef2c24749 57880ae6fa834c0cb2ec94c5fa286aee 29ed25ada14c4ab4a263e6ec8667d934 - - default default] 10.0.0.106 "DELETE /v2.0/security-groups/ea70e04c-962e-4889-9579-fdd66b6db351 HTTP/1.1" status: 204 len: 168 time: 0.2089248
2026-07-01 02:02:57.037 9 INFO neutron.db.ovn_revision_numbers_db [None req-ef9aab0e-3374-40d5-bff3-ea3217c62f94 cfbc1058ff9e468eb597b0bc1c3f7168 c8b3ef5b83b2451a844b3bb55589cfe4 - - default default] Successfully bumped revision number for resource 980a5c3b-629f-4289-8291-67f5d6c9cdcb (type: networks) to 1
2026-07-01 02:02:57.293 9 WARNING neutron.scheduler.dhcp_agent_scheduler [None req-ef9aab0e-3374-40d5-bff3-ea3217c62f94 cfbc1058ff9e468eb597b0bc1c3f7168 c8b3ef5b83b2451a844b3bb55589cfe4 - - default default] No more DHCP agents
