2026-04-15 02:04:57.310 7 INFO neutron.db.ovn_revision_numbers_db [None req-209ee938-b4f5-47a6-9855-ca355816c4c3 8afecb4802b84b32b1aa5766b2195dec d0a1007ea1ce47b8b547770dffca81cf - - default default] Successfully bumped revision number for resource 9c4b8fb6-dc78-4882-b3ca-4037f1d69ef3 (type: router_ports) to 1
2026-04-15 02:04:57.329 8 WARNING neutron.scheduler.dhcp_agent_scheduler [None req-47f5ec08-fa85-4d98-8790-10b578b7d017 b82cd09fbecd42f7917389257db257f3 743c71a1be904211a63492d9d4a916a3 - - default default] No more DHCP agents
2026-04-15 02:04:57.330 8 WARNING neutron.api.rpc.agentnotifiers.dhcp_rpc_agent_api [None req-47f5ec08-fa85-4d98-8790-10b578b7d017 b82cd09fbecd42f7917389257db257f3 743c71a1be904211a63492d9d4a916a3 - - default default] Unable to schedule network 73d1f46d-9c42-4e23-9549-713f66a1b466: no agents available; will retry on subsequent port and subnet creation events.
2026-04-15 02:04:57.372 8 INFO neutron.plugins.ml2.drivers.ovn.mech_driver.mech_driver [None req-0dc43636-e58b-44c1-b3e8-d26da32b5a2a - - - - - -] OVN reports status down for port: b5697d1d-edd0-4272-9fe7-06be36d215bb
2026-04-15 02:04:57.394 7 INFO neutron.db.ovn_revision_numbers_db [None req-209ee938-b4f5-47a6-9855-ca355816c4c3 8afecb4802b84b32b1aa5766b2195dec d0a1007ea1ce47b8b547770dffca81cf - - default default] Successfully bumped revision number for resource 251a15fc-1b0b-41ba-bbdb-07cf94561132 (type: routers) to 2 [pid: 7|app: 0|req: 1225/2427] 10.0.0.147 () {34 vars in 669 bytes} [Wed Apr 15 02:04:56 2026] POST /v2.0/routers => generated 936 bytes in 1337 msecs (HTTP/1.1 201) 4 headers in 162 bytes (1 switches on core 0)
2026-04-15 02:04:57.422 8 INFO neutron.db.ovn_revision_numbers_db [None req-47f5ec08-fa85-4d98-8790-10b578b7d017 b82cd09fbecd42f7917389257db257f3 743c71a1be904211a63492d9d4a916a3 - - default default] Successfully bumped revision number for resource b5697d1d-edd0-4272-9fe7-06be36d215bb (type: ports) to 1 [pid: 7|app: 0|req: 1226/2428] 162.253.55.110 () {34 vars in 986 bytes} [Wed Apr 15 02:04:57 2026] GET /v2.0/networks?id=0062066a-b11e-4d9e-b98b-6240437d0c96 => generated 743 bytes in 31 msecs (HTTP/1.1 200) 4 headers in 157 bytes (1 switches on core 0) [pid: 8|app: 0|req: 1203/2429] 10.0.0.147 () {34 vars in 664 bytes} [Wed Apr 15 02:04:57 2026] POST /v2.0/ports => generated 743 bytes in 366 msecs (HTTP/1.1 201) 4 headers in 162 bytes (1 switches on core 0) /var/lib/openstack/lib/python3.12/site-packages/pycadf/identifier.py:70: UserWarning: Invalid uuid: neutron. To ensure interoperability, identifiers should be a valid uuid. warnings.warn(('Invalid uuid: %s. To ensure interoperability, ' [pid: 8|app: 0|req: 1204/2430] 162.253.55.110 () {34 vars in 1050 bytes} [Wed Apr 15 02:04:57 2026] GET /v2.0/security-groups?fields=id&fields=name&tenant_id=84f32210ad494523b2f36a282dc916e6 => generated 178 bytes in 30 msecs (HTTP/1.1 200) 4 headers in 157 bytes (1 switches on core 0)
2026-04-15 02:04:57.609 8 INFO neutron.db.segments_db [None req-865c659c-a523-4316-b31c-bd64397eecd7 b82cd09fbecd42f7917389257db257f3 743c71a1be904211a63492d9d4a916a3 - - default default] Added segment 64f2e9d1-6ce3-493c-ac55-e296c6753e8e of type geneve for network b638b5c4-c5f8-4953-b9d6-ebf78091351e
2026-04-15 02:04:57.727 8 INFO neutron.db.ovn_revision_numbers_db [None req-865c659c-a523-4316-b31c-bd64397eecd7 b82cd09fbecd42f7917389257db257f3 743c71a1be904211a63492d9d4a916a3 - - default default] Successfully bumped revision number for resource b638b5c4-c5f8-4953-b9d6-ebf78091351e (type: networks) to 1
2026-04-15 02:04:57.873 8 WARNING neutron.scheduler.dhcp_agent_scheduler [None req-865c659c-a523-4316-b31c-bd64397eecd7 b82cd09fbecd42f7917389257db257f3 743c71a1be904211a63492d9d4a916a3 - - default default] No more DHCP agents
2026-04-15 02:04:57.875 8 WARNING neutron.api.rpc.agentnotifiers.dhcp_rpc_agent_api [None req-865c659c-a523-4316-b31c-bd64397eecd7 b82cd09fbecd42f7917389257db257f3 743c71a1be904211a63492d9d4a916a3 - - default default] Unable to schedule network b638b5c4-c5f8-4953-b9d6-ebf78091351e: no agents available; will retry on subsequent port and subnet creation events.
2026-04-15 02:04:57.946 8 INFO neutron.db.ovn_revision_numbers_db [None req-865c659c-a523-4316-b31c-bd64397eecd7 b82cd09fbecd42f7917389257db257f3 743c71a1be904211a63492d9d4a916a3 - - default default] Successfully bumped revision number for resource 634e1234-521f-4461-95d9-9c3ea5c0431e (type: ports) to 1 [pid: 8|app: 0|req: 1205/2431] 10.0.0.147 () {34 vars in 670 bytes} [Wed Apr 15 02:04:57 2026] POST /v2.0/networks => generated 651 bytes in 452 msecs (HTTP/1.1 201) 4 headers in 162 bytes (1 switches on core 0)
2026-04-15 02:04:58.248 8 WARNING neutron.scheduler.dhcp_agent_scheduler [req-867344cd-180d-4806-acaf-161a727ecfc3 req-07253f33-1340-4670-b6d1-8c547fcded85 c9b70abc6c834a9b85f24fc329613396 84f32210ad494523b2f36a282dc916e6 - - default default] No more DHCP agents
2026-04-15 02:04:58.249 8 WARNING neutron.api.rpc.agentnotifiers.dhcp_rpc_agent_api [req-867344cd-180d-4806-acaf-161a727ecfc3 req-07253f33-1340-4670-b6d1-8c547fcded85 c9b70abc6c834a9b85f24fc329613396 84f32210ad494523b2f36a282dc916e6 - - default default] Unable to schedule network 0062066a-b11e-4d9e-b98b-6240437d0c96: no agents available; will retry on subsequent port and subnet creation events.
2026-04-15 02:04:58.366 8 INFO neutron.plugins.ml2.drivers.ovn.mech_driver.mech_driver [None req-0dc43636-e58b-44c1-b3e8-d26da32b5a2a - - - - - -] OVN reports status down for port: ad64c12d-5ea2-442d-a8a9-935c1421ce03
2026-04-15 02:04:58.398 7 WARNING neutron.scheduler.dhcp_agent_scheduler [None req-8ac10d8c-5356-4a33-a719-5260d2c5b391 8afecb4802b84b32b1aa5766b2195dec d0a1007ea1ce47b8b547770dffca81cf - - default default] No more DHCP agents
2026-04-15 02:04:58.400 7 WARNING neutron.api.rpc.agentnotifiers.dhcp_rpc_agent_api [None req-8ac10d8c-5356-4a33-a719-5260d2c5b391 8afecb4802b84b32b1aa5766b2195dec d0a1007ea1ce47b8b547770dffca81cf - - default default] Unable to schedule network ed12236e-c17b-40ba-a70e-85cd1c55c5af: no agents available; will retry on subsequent port and subnet creation events.
2026-04-15 02:04:58.422 8 INFO neutron.db.ovn_revision_numbers_db [req-867344cd-180d-4806-acaf-161a727ecfc3 req-07253f33-1340-4670-b6d1-8c547fcded85 c9b70abc6c834a9b85f24fc329613396 84f32210ad494523b2f36a282dc916e6 - - default default] Successfully bumped revision number for resource ad64c12d-5ea2-442d-a8a9-935c1421ce03 (type: ports) to 1
2026-04-15 02:04:58.512 8 INFO neutron.plugins.ml2.drivers.ovn.mech_driver.mech_driver [None req-0dc43636-e58b-44c1-b3e8-d26da32b5a2a - - - - - -] OVN reports status down for port: a453af5f-cf3a-4916-87c5-33e10dd37569 [pid: 8|app: 0|req: 1206/2432] 162.253.55.110 () {38 vars in 955 bytes} [Wed Apr 15 02:04:57 2026] POST /v2.0/ports => generated 1179 bytes in 547 msecs (HTTP/1.1 201) 4 headers in 163 bytes (1 switches on core 0) /var/lib/openstack/lib/python3.12/site-packages/pycadf/identifier.py:70: UserWarning: Invalid uuid: neutron. To ensure interoperability, identifiers should be a valid uuid. warnings.warn(('Invalid uuid: %s. To ensure interoperability, '
2026-04-15 02:04:58.523 7 INFO neutron.db.ovn_revision_numbers_db [None req-8ac10d8c-5356-4a33-a719-5260d2c5b391 8afecb4802b84b32b1aa5766b2195dec d0a1007ea1ce47b8b547770dffca81cf - - default default] Successfully bumped revision number for resource a453af5f-cf3a-4916-87c5-33e10dd37569 (type: ports) to 1
2026-04-15 02:04:58.738 8 WARNING neutron.scheduler.dhcp_agent_scheduler [None req-64ca8ace-2ba5-4463-83c7-3561422b0743 b82cd09fbecd42f7917389257db257f3 743c71a1be904211a63492d9d4a916a3 - - default default] No more DHCP agents
2026-04-15 02:04:58.739 8 WARNING neutron.api.rpc.agentnotifiers.dhcp_rpc_agent_api [None req-64ca8ace-2ba5-4463-83c7-3561422b0743 b82cd09fbecd42f7917389257db257f3 743c71a1be904211a63492d9d4a916a3 - - default default] Unable to schedule network b638b5c4-c5f8-4953-b9d6-ebf78091351e: no agents available; will retry on subsequent port and subnet creation events.
2026-04-15 02:04:58.808 8 INFO neutron.db.ovn_revision_numbers_db [None req-64ca8ace-2ba5-4463-83c7-3561422b0743 b82cd09fbecd42f7917389257db257f3 743c71a1be904211a63492d9d4a916a3 - - default default] Successfully bumped revision number for resource 38c6af25-b177-42bf-ab5f-e403a88f61de (type: ports) to 1 [pid: 8|app: 0|req: 1207/2433] 10.0.0.147 () {34 vars in 664 bytes} [Wed Apr 15 02:04:58 2026] POST /v2.0/ports => generated 743 bytes in 341 msecs (HTTP/1.1 201) 4 headers in 162 bytes (1 switches on core 0) /var/lib/openstack/lib/python3.12/site-packages/pycadf/identifier.py:70: UserWarning: Invalid uuid: neutron. To ensure interoperability, identifiers should be a valid uuid. warnings.warn(('Invalid uuid: %s. To ensure interoperability, ' [pid: 8|app: 0|req: 1208/2434] 10.0.0.12 () {34 vars in 989 bytes} [Wed Apr 15 02:04:58 2026] GET /v2.0/ports?device_id=03433f21-3278-41e3-9cfc-bb92ad4319ca => generated 1182 bytes in 35 msecs (HTTP/1.1 200) 4 headers in 158 bytes (1 switches on core 0)
2026-04-15 02:04:59.145 8 INFO neutron.plugins.ml2.drivers.ovn.mech_driver.mech_driver [None req-0dc43636-e58b-44c1-b3e8-d26da32b5a2a - - - - - -] OVN reports status up for port: a453af5f-cf3a-4916-87c5-33e10dd37569
2026-04-15 02:04:59.162 8 INFO neutron.plugins.ml2.plugin [None req-0dc43636-e58b-44c1-b3e8-d26da32b5a2a - - - - - -] Attempt 1 to provision port a453af5f-cf3a-4916-87c5-33e10dd37569
2026-04-15 02:04:59.203 7 WARNING neutron.scheduler.dhcp_agent_scheduler [None req-8ac10d8c-5356-4a33-a719-5260d2c5b391 8afecb4802b84b32b1aa5766b2195dec d0a1007ea1ce47b8b547770dffca81cf - - default default] No more DHCP agents
2026-04-15 02:04:59.205 7 WARNING neutron.api.rpc.agentnotifiers.dhcp_rpc_agent_api [None req-8ac10d8c-5356-4a33-a719-5260d2c5b391 8afecb4802b84b32b1aa5766b2195dec d0a1007ea1ce47b8b547770dffca81cf - - default default] Unable to schedule network ed12236e-c17b-40ba-a70e-85cd1c55c5af: no agents available; will retry on subsequent port and subnet creation events.
2026-04-15 02:04:59.308 7 WARNING neutron.plugins.ml2.drivers.ovn.mech_driver.ovsdb.ovn_client [None req-ad90bf48-2f93-4e8a-96b9-8383daa8c043 - - - - - -] No hosting information found for port 0cccf5ef-27fb-4bcc-b963-f9372aca136e: RuntimeError: No hosting information found for port 0cccf5ef-27fb-4bcc-b963-f9372aca136e
2026-04-15 02:04:59.309 8 INFO neutron.db.ovn_revision_numbers_db [req-867344cd-180d-4806-acaf-161a727ecfc3 req-4570f5d5-b651-48e2-8929-51fd1a2ff14f 0defe81427af4c638b6547ad7c77e920 e10ea9e07cf141c6b12098c9bfae1f68 - - 2cc5e93ec3f648a18aaff97350a25e58 2cc5e93ec3f648a18aaff97350a25e58] Successfully bumped revision number for resource ad64c12d-5ea2-442d-a8a9-935c1421ce03 (type: ports) to 2
2026-04-15 02:04:59.453 7 INFO neutron.db.ovn_revision_numbers_db [None req-ad90bf48-2f93-4e8a-96b9-8383daa8c043 - - - - - -] Successfully bumped revision number for resource 0cccf5ef-27fb-4bcc-b963-f9372aca136e (type: router_ports) to 2
2026-04-15 02:04:59.455 7 INFO neutron.plugins.ml2.drivers.ovn.mech_driver.mech_driver [None req-ad90bf48-2f93-4e8a-96b9-8383daa8c043 - - - - - -] OVN reports status down for port: 39476ebd-fbde-4d12-9c5d-32ae7fdb57ca
2026-04-15 02:04:59.647 7 INFO neutron.plugins.ml2.drivers.ovn.mech_driver.mech_driver [None req-ad90bf48-2f93-4e8a-96b9-8383daa8c043 - - - - - -] OVN reports status down for port: 922ef6a1-cabf-4002-82ca-dc9175d16cf2
2026-04-15 02:04:59.685 8 INFO neutron.db.ovn_revision_numbers_db [req-867344cd-180d-4806-acaf-161a727ecfc3 req-4570f5d5-b651-48e2-8929-51fd1a2ff14f 0defe81427af4c638b6547ad7c77e920 e10ea9e07cf141c6b12098c9bfae1f68 - - 2cc5e93ec3f648a18aaff97350a25e58 2cc5e93ec3f648a18aaff97350a25e58] Successfully bumped revision number for resource ad64c12d-5ea2-442d-a8a9-935c1421ce03 (type: ports) to 4 [pid: 8|app: 0|req: 1209/2435] 162.253.55.110 () {38 vars in 1028 bytes} [Wed Apr 15 02:04:58 2026] PUT /v2.0/ports/ad64c12d-5ea2-442d-a8a9-935c1421ce03 => generated 1429 bytes in 838 msecs (HTTP/1.1 200) 4 headers in 158 bytes (1 switches on core 0) /var/lib/openstack/lib/python3.12/site-packages/pycadf/identifier.py:70: UserWarning: Invalid uuid: neutron. To ensure interoperability, identifiers should be a valid uuid. warnings.warn(('Invalid uuid: %s. To ensure interoperability, '
2026-04-15 02:04:59.746 7 INFO neutron.db.ovn_revision_numbers_db [None req-8ac10d8c-5356-4a33-a719-5260d2c5b391 8afecb4802b84b32b1aa5766b2195dec d0a1007ea1ce47b8b547770dffca81cf - - default default] Successfully bumped revision number for resource a453af5f-cf3a-4916-87c5-33e10dd37569 (type: router_ports) to 1 [pid: 7|app: 0|req: 1227/2436] 10.0.0.147 () {34 vars in 783 bytes} [Wed Apr 15 02:04:57 2026] PUT /v2.0/routers/251a15fc-1b0b-41ba-bbdb-07cf94561132/add_router_interface => generated 309 bytes in 2312 msecs (HTTP/1.1 200) 4 headers in 157 bytes (1 switches on core 0)
2026-04-15 02:04:59.762 7 INFO neutron.plugins.ml2.drivers.ovn.mech_driver.mech_driver [None req-ad90bf48-2f93-4e8a-96b9-8383daa8c043 - - - - - -] OVN reports status down for port: 7a8200ef-7a8d-4a20-92dd-7229871df099
2026-04-15 02:04:59.788 8 INFO neutron.notifiers.nova [-] Nova event matching ['req-376bf569-b81f-474c-a498-4f60f097ac78'] response: {'name': 'network-changed', 'server_uuid': '03433f21-3278-41e3-9cfc-bb92ad4319ca', 'tag': 'ad64c12d-5ea2-442d-a8a9-935c1421ce03', 'status': 'completed', 'code': 200} [pid: 7|app: 0|req: 1228/2437] 10.0.0.12 () {34 vars in 1039 bytes} [Wed Apr 15 02:04:59 2026] GET /v2.0/security-groups?id=8131cbaf-6588-4c32-8f01-ac4fa5d42096&fields=id&fields=name => generated 111 bytes in 50 msecs (HTTP/1.1 200) 4 headers in 157 bytes (1 switches on core 0)
2026-04-15 02:04:59.846 8 INFO neutron.db.ovn_revision_numbers_db [None req-0dc43636-e58b-44c1-b3e8-d26da32b5a2a - - - - - -] Successfully bumped revision number for resource a453af5f-cf3a-4916-87c5-33e10dd37569 (type: ports) to 2
2026-04-15 02:04:59.861 7 INFO neutron.plugins.ml2.drivers.ovn.mech_driver.mech_driver [None req-ad90bf48-2f93-4e8a-96b9-8383daa8c043 - - - - - -] OVN reports status down for port: 9c4b8fb6-dc78-4882-b3ca-4037f1d69ef3 [pid: 8|app: 0|req: 1210/2438] 10.0.0.147 () {34 vars in 747 bytes} [Wed Apr 15 02:04:59 2026] PUT /v2.0/ports/7c3828a7-7862-43e2-9f25-f92aa277c295/tags => generated 17 bytes in 131 msecs (HTTP/1.1 200) 4 headers in 156 bytes (1 switches on core 0) /var/lib/openstack/lib/python3.12/site-packages/pycadf/identifier.py:70: UserWarning: Invalid uuid: neutron. To ensure interoperability, identifiers should be a valid uuid. warnings.warn(('Invalid uuid: %s. To ensure interoperability, ' [pid: 8|app: 0|req: 1211/2439] 10.0.0.147 () {34 vars in 747 bytes} [Wed Apr 15 02:04:59 2026] PUT /v2.0/ports/d0fd556c-b72a-4886-971e-62df3ce85303/tags => generated 25 bytes in 111 msecs (HTTP/1.1 200) 4 headers in 156 bytes (1 switches on core 0)
2026-04-15 02:04:59.985 7 WARNING neutron.plugins.ml2.drivers.ovn.mech_driver.ovsdb.ovn_client [None req-ad90bf48-2f93-4e8a-96b9-8383daa8c043 - - - - - -] Logical_Switch_Port %s host information not removed, the port state is up
2026-04-15 02:04:59.985 7 INFO neutron.plugins.ml2.drivers.ovn.mech_driver.mech_driver [None req-ad90bf48-2f93-4e8a-96b9-8383daa8c043 - - - - - -] OVN reports status up for port: 9c4b8fb6-dc78-4882-b3ca-4037f1d69ef3 /var/lib/openstack/lib/python3.12/site-packages/pycadf/identifier.py:70: UserWarning: Invalid uuid: neutron. To ensure interoperability, identifiers should be a valid uuid. warnings.warn(('Invalid uuid: %s. To ensure interoperability, '
2026-04-15 02:05:00.000 7 INFO neutron.plugins.ml2.plugin [None req-ad90bf48-2f93-4e8a-96b9-8383daa8c043 - - - - - -] Attempt 1 to provision port 9c4b8fb6-dc78-4882-b3ca-4037f1d69ef3 [pid: 8|app: 0|req: 1212/2440] 10.0.0.147 () {34 vars in 747 bytes} [Wed Apr 15 02:04:59 2026] PUT /v2.0/ports/7a8200ef-7a8d-4a20-92dd-7229871df099/tags => generated 34 bytes in 68 msecs (HTTP/1.1 200) 4 headers in 156 bytes (1 switches on core 0) /var/lib/openstack/lib/python3.12/site-packages/pycadf/identifier.py:70: UserWarning: Invalid uuid: neutron. To ensure interoperability, identifiers should be a valid uuid. warnings.warn(('Invalid uuid: %s. To ensure interoperability, ' [pid: 8|app: 0|req: 1213/2441] 10.0.0.147 () {34 vars in 747 bytes} [Wed Apr 15 02:05:00 2026] PUT /v2.0/ports/b5697d1d-edd0-4272-9fe7-06be36d215bb/tags => generated 19 bytes in 59 msecs (HTTP/1.1 200) 4 headers in 156 bytes (1 switches on core 0) /var/lib/openstack/lib/python3.12/site-packages/pycadf/identifier.py:70: UserWarning: Invalid uuid: neutron. To ensure interoperability, identifiers should be a valid uuid. warnings.warn(('Invalid uuid: %s. To ensure interoperability, ' [pid: 8|app: 0|req: 1214/2442] 10.0.0.147 () {32 vars in 660 bytes} [Wed Apr 15 02:05:00 2026] GET /v2.0/ports?tags=red => generated 2253 bytes in 99 msecs (HTTP/1.1 200) 4 headers in 158 bytes (1 switches on core 0) [pid: 8|app: 0|req: 1215/2443] 10.0.0.147 () {32 vars in 674 bytes} [Wed Apr 15 02:05:00 2026] GET /v2.0/ports?tags=red%2Cblue => generated 1513 bytes in 59 msecs (HTTP/1.1 200) 4 headers in 158 bytes (1 switches on core 0) [pid: 8|app: 0|req: 1216/2444] 10.0.0.147 () {32 vars in 670 bytes} [Wed Apr 15 02:05:00 2026] GET /v2.0/ports?tags-any=blue => generated 1513 bytes in 61 msecs (HTTP/1.1 200) 4 headers in 158 bytes (1 switches on core 0) [pid: 8|app: 0|req: 1217/2445] 162.253.55.110 () {34 vars in 1080 bytes} [Wed Apr 15 02:05:00 2026] GET /v2.0/ports?tenant_id=84f32210ad494523b2f36a282dc916e6&device_id=03433f21-3278-41e3-9cfc-bb92ad4319ca => generated 1432 bytes in 31 msecs (HTTP/1.1 200) 4 headers in 158 bytes (1 switches on core 0) [pid: 8|app: 0|req: 1218/2446] 10.0.0.147 () {32 vars in 682 bytes} [Wed Apr 15 02:05:00 2026] GET /v2.0/ports?tags-any=red%2Cblue => generated 2253 bytes in 39 msecs (HTTP/1.1 200) 4 headers in 158 bytes (1 switches on core 0) [pid: 8|app: 0|req: 1219/2447] 162.253.55.110 () {34 vars in 1018 bytes} [Wed Apr 15 02:05:00 2026] GET /v2.0/networks?tenant_id=84f32210ad494523b2f36a282dc916e6&shared=False => generated 2499 bytes in 47 msecs (HTTP/1.1 200) 4 headers in 158 bytes (1 switches on core 0)
2026-04-15 02:05:00.502 7 WARNING neutron.scheduler.dhcp_agent_scheduler [None req-00c72298-800e-44ef-8d63-2694c391378c - - - - - -] No more DHCP agents
2026-04-15 02:05:00.503 7 WARNING neutron.api.rpc.agentnotifiers.dhcp_rpc_agent_api [None req-00c72298-800e-44ef-8d63-2694c391378c - - - - - -] Unable to schedule network 26f05587-949a-4cde-bde6-2fb7595783d2: no agents available; will retry on subsequent port and subnet creation events. [pid: 8|app: 0|req: 1220/2448] 10.0.0.147 () {32 vars in 668 bytes} [Wed Apr 15 02:05:00 2026] GET /v2.0/ports?not-tags=red => generated 5268 bytes in 77 msecs (HTTP/1.1 200) 4 headers in 158 bytes (1 switches on core 0) [pid: 8|app: 0|req: 1221/2449] 162.253.55.110 () {34 vars in 930 bytes} [Wed Apr 15 02:05:00 2026] GET /v2.0/networks?shared=True => generated 791 bytes in 43 msecs (HTTP/1.1 200) 4 headers in 157 bytes (1 switches on core 0)
2026-04-15 02:05:00.656 7 INFO neutron.db.ovn_revision_numbers_db [None req-00c72298-800e-44ef-8d63-2694c391378c - - - - - -] Successfully bumped revision number for resource 466975c8-a4d0-4b19-8348-650f9389e5bb (type: ports) to 1 [pid: 8|app: 0|req: 1222/2450] 10.0.0.147 () {32 vars in 682 bytes} [Wed Apr 15 02:05:00 2026] GET /v2.0/ports?not-tags=red%2Cblue => generated 6008 bytes in 137 msecs (HTTP/1.1 200) 4 headers in 158 bytes (1 switches on core 0) [pid: 8|app: 0|req: 1223/2451] 10.0.0.147 () {32 vars in 678 bytes} [Wed Apr 15 02:05:00 2026] GET /v2.0/ports?not-tags-any=blue => generated 6008 bytes in 100 msecs (HTTP/1.1 200) 4 headers in 158 bytes (1 switches on core 0)
2026-04-15 02:05:00.881 7 INFO neutron.db.ovn_revision_numbers_db [None req-00c72298-800e-44ef-8d63-2694c391378c - - - - - -] Successfully bumped revision number for resource 466975c8-a4d0-4b19-8348-650f9389e5bb (type: ports) to 3 [pid: 8|app: 0|req: 1224/2452] 10.0.0.147 () {32 vars in 690 bytes} [Wed Apr 15 02:05:00 2026] GET /v2.0/ports?not-tags-any=red%2Cblue => generated 5268 bytes in 66 msecs (HTTP/1.1 200) 4 headers in 158 bytes (1 switches on core 0)
2026-04-15 02:05:00.932 7 INFO neutron.db.segments_db [None req-00c72298-800e-44ef-8d63-2694c391378c - - - - - -] Added segment 6de5fbff-694a-474c-ac24-a499580d3d00 of type geneve for network 0b014835-2dec-4172-86f8-9731b2b047dc
2026-04-15 02:05:01.014 8 INFO neutron_taas.services.taas.taas_plugin [None req-4fcabbd5-0fc5-4508-a095-529171954a1e b82cd09fbecd42f7917389257db257f3 743c71a1be904211a63492d9d4a916a3 - - default default] TaaS: Handle Delete Port: 7c3828a7-7862-43e2-9f25-f92aa277c295
2026-04-15 02:05:01.017 8 INFO neutron_taas.services.taas.tap_mirror_plugin [None req-4fcabbd5-0fc5-4508-a095-529171954a1e b82cd09fbecd42f7917389257db257f3 743c71a1be904211a63492d9d4a916a3 - - default default] Tap Mirror: Handle Delete Port: 7c3828a7-7862-43e2-9f25-f92aa277c295
2026-04-15 02:05:01.035 7 INFO neutron.db.ovn_revision_numbers_db [None req-524e60fa-0145-47ac-803c-c113b4a1a101 - - - - - -] Successfully bumped revision number for resource 0b014835-2dec-4172-86f8-9731b2b047dc (type: networks) to 1 [pid: 8|app: 0|req: 1225/2453] 10.0.0.147 () {32 vars in 720 bytes} [Wed Apr 15 02:05:00 2026] DELETE /v2.0/ports/7c3828a7-7862-43e2-9f25-f92aa277c295 => generated 0 bytes in 235 msecs (HTTP/1.1 204) 3 headers in 131 bytes (1 switches on core 0)
2026-04-15 02:05:01.210 7 WARNING neutron.scheduler.dhcp_agent_scheduler [None req-524e60fa-0145-47ac-803c-c113b4a1a101 - - - - - -] No more DHCP agents
2026-04-15 02:05:01.212 7 WARNING neutron.api.rpc.agentnotifiers.dhcp_rpc_agent_api [None req-524e60fa-0145-47ac-803c-c113b4a1a101 - - - - - -] Unable to schedule network 0b014835-2dec-4172-86f8-9731b2b047dc: no agents available; will retry on subsequent port and subnet creation events.
2026-04-15 02:05:01.295 8 INFO neutron_taas.services.taas.taas_plugin [None req-78fb3171-156d-42c9-bda3-c5c13f6eeaf7 b82cd09fbecd42f7917389257db257f3 743c71a1be904211a63492d9d4a916a3 - - default default] TaaS: Handle Delete Port: d0fd556c-b72a-4886-971e-62df3ce85303
2026-04-15 02:05:01.298 8 INFO neutron_taas.services.taas.tap_mirror_plugin [None req-78fb3171-156d-42c9-bda3-c5c13f6eeaf7 b82cd09fbecd42f7917389257db257f3 743c71a1be904211a63492d9d4a916a3 - - default default] Tap Mirror: Handle Delete Port: d0fd556c-b72a-4886-971e-62df3ce85303
2026-04-15 02:05:01.327 7 INFO neutron.db.ovn_revision_numbers_db [None req-524e60fa-0145-47ac-803c-c113b4a1a101 - - - - - -] Successfully bumped revision number for resource b6271274-a9a2-49b6-be41-3c6d97d65522 (type: ports) to 1 [pid: 8|app: 0|req: 1226/2454] 10.0.0.147 () {32 vars in 720 bytes} [Wed Apr 15 02:05:01 2026] DELETE /v2.0/ports/d0fd556c-b72a-4886-971e-62df3ce85303 => generated 0 bytes in 247 msecs (HTTP/1.1 204) 3 headers in 131 bytes (1 switches on core 0)
2026-04-15 02:05:01.483 7 WARNING neutron.scheduler.dhcp_agent_scheduler [None req-524e60fa-0145-47ac-803c-c113b4a1a101 - - - - - -] No more DHCP agents
2026-04-15 02:05:01.485 7 WARNING neutron.api.rpc.agentnotifiers.dhcp_rpc_agent_api [None req-524e60fa-0145-47ac-803c-c113b4a1a101 - - - - - -] Unable to schedule network 0b014835-2dec-4172-86f8-9731b2b047dc: no agents available; will retry on subsequent port and subnet creation events.
2026-04-15 02:05:01.510 8 INFO neutron_taas.services.taas.taas_plugin [None req-ac8713b3-2cc9-40dd-bfb9-a8b268cfb151 b82cd09fbecd42f7917389257db257f3 743c71a1be904211a63492d9d4a916a3 - - default default] TaaS: Handle Delete Port: 7a8200ef-7a8d-4a20-92dd-7229871df099
2026-04-15 02:05:01.513 8 INFO neutron_taas.services.taas.tap_mirror_plugin [None req-ac8713b3-2cc9-40dd-bfb9-a8b268cfb151 b82cd09fbecd42f7917389257db257f3 743c71a1be904211a63492d9d4a916a3 - - default default] Tap Mirror: Handle Delete Port: 7a8200ef-7a8d-4a20-92dd-7229871df099
2026-04-15 02:05:01.520 7 INFO neutron.db.ovn_revision_numbers_db [None req-524e60fa-0145-47ac-803c-c113b4a1a101 - - - - - -] Successfully bumped revision number for resource 0d27a370-402c-40d6-adcf-e0f155f6612d (type: subnets) to 0 [pid: 8|app: 0|req: 1227/2455] 10.0.0.147 () {32 vars in 720 bytes} [Wed Apr 15 02:05:01 2026] DELETE /v2.0/ports/7a8200ef-7a8d-4a20-92dd-7229871df099 => generated 0 bytes in 211 msecs (HTTP/1.1 204) 3 headers in 131 bytes (1 switches on core 0) [pid: 8|app: 0|req: 1228/2456] 162.253.55.110 () {34 vars in 1080 bytes} [Wed Apr 15 02:05:01 2026] GET /v2.0/ports?tenant_id=84f32210ad494523b2f36a282dc916e6&device_id=03433f21-3278-41e3-9cfc-bb92ad4319ca => generated 1432 bytes in 59 msecs (HTTP/1.1 200) 4 headers in 158 bytes (1 switches on core 0)
2026-04-15 02:05:01.790 8 INFO neutron_taas.services.taas.taas_plugin [None req-40e5840b-c2f3-4776-b2c1-faa7faf9338a b82cd09fbecd42f7917389257db257f3 743c71a1be904211a63492d9d4a916a3 - - default default] TaaS: Handle Delete Port: b5697d1d-edd0-4272-9fe7-06be36d215bb
2026-04-15 02:05:01.794 8 INFO neutron_taas.services.taas.tap_mirror_plugin [None req-40e5840b-c2f3-4776-b2c1-faa7faf9338a b82cd09fbecd42f7917389257db257f3 743c71a1be904211a63492d9d4a916a3 - - default default] Tap Mirror: Handle Delete Port: b5697d1d-edd0-4272-9fe7-06be36d215bb [pid: 8|app: 0|req: 1229/2457] 10.0.0.147 () {32 vars in 720 bytes} [Wed Apr 15 02:05:01 2026] DELETE /v2.0/ports/b5697d1d-edd0-4272-9fe7-06be36d215bb => generated 0 bytes in 191 msecs (HTTP/1.1 204) 3 headers in 131 bytes (1 switches on core 0)
2026-04-15 02:05:01.879 7 WARNING neutron.scheduler.dhcp_agent_scheduler [None req-524e60fa-0145-47ac-803c-c113b4a1a101 - - - - - -] No more DHCP agents
2026-04-15 02:05:01.880 7 WARNING neutron.api.rpc.agentnotifiers.dhcp_rpc_agent_api [None req-524e60fa-0145-47ac-803c-c113b4a1a101 - - - - - -] Unable to schedule network 0b014835-2dec-4172-86f8-9731b2b047dc: no agents available; will retry on subsequent port and subnet creation events. [pid: 8|app: 0|req: 1230/2458] 162.253.55.110 () {34 vars in 1056 bytes} [Wed Apr 15 02:05:01 2026] GET /v2.0/floatingips?fixed_ip_address=10.2.1.46&port_id=ad64c12d-5ea2-442d-a8a9-935c1421ce03 => generated 19 bytes in 17 msecs (HTTP/1.1 200) 4 headers in 156 bytes (1 switches on core 0)
2026-04-15 02:05:02.002 7 INFO neutron.db.ovn_revision_numbers_db [None req-524e60fa-0145-47ac-803c-c113b4a1a101 - - - - - -] Successfully bumped revision number for resource 41752ab4-8c88-441b-83ed-97e6e1533167 (type: ports) to 1
2026-04-15 02:05:02.009 8 INFO neutron_taas.services.taas.taas_plugin [None req-3c6e9430-817d-4f9a-b542-19973e076c89 b82cd09fbecd42f7917389257db257f3 743c71a1be904211a63492d9d4a916a3 - - default default] TaaS: Handle Delete Port: 38c6af25-b177-42bf-ab5f-e403a88f61de
2026-04-15 02:05:02.011 8 INFO neutron_taas.services.taas.tap_mirror_plugin [None req-3c6e9430-817d-4f9a-b542-19973e076c89 b82cd09fbecd42f7917389257db257f3 743c71a1be904211a63492d9d4a916a3 - - default default] Tap Mirror: Handle Delete Port: 38c6af25-b177-42bf-ab5f-e403a88f61de [pid: 8|app: 0|req: 1231/2459] 10.0.0.147 () {32 vars in 720 bytes} [Wed Apr 15 02:05:01 2026] DELETE /v2.0/ports/38c6af25-b177-42bf-ab5f-e403a88f61de => generated 0 bytes in 201 msecs (HTTP/1.1 204) 3 headers in 131 bytes (1 switches on core 0) [pid: 8|app: 0|req: 1232/2460] 162.253.55.110 () {34 vars in 1104 bytes} [Wed Apr 15 02:05:02 2026] GET /v2.0/floatingips?fixed_ip_address=fd7b%3Af9f7%3Afff%3A4eca%3A%3A3d0&port_id=ad64c12d-5ea2-442d-a8a9-935c1421ce03 => generated 19 bytes in 20 msecs (HTTP/1.1 200) 4 headers in 156 bytes (1 switches on core 0)
2026-04-15 02:05:02.219 8 INFO neutron_taas.services.taas.taas_plugin [None req-5ee8ce3b-ab2d-446f-98cf-16303fd59aa2 b82cd09fbecd42f7917389257db257f3 743c71a1be904211a63492d9d4a916a3 - - default default] TaaS: Handle Delete Port: 39476ebd-fbde-4d12-9c5d-32ae7fdb57ca
2026-04-15 02:05:02.222 8 INFO neutron_taas.services.taas.tap_mirror_plugin [None req-5ee8ce3b-ab2d-446f-98cf-16303fd59aa2 b82cd09fbecd42f7917389257db257f3 743c71a1be904211a63492d9d4a916a3 - - default default] Tap Mirror: Handle Delete Port: 39476ebd-fbde-4d12-9c5d-32ae7fdb57ca
2026-04-15 02:05:02.384 8 INFO neutron.services.segments.plugin [-] Segment 7c41ca9b-d7ae-49f5-a008-480915919865 resource provider aggregate not found
2026-04-15 02:05:02.391 8 INFO neutron.services.segments.plugin [-] Segment 7c41ca9b-d7ae-49f5-a008-480915919865 resource provider aggregate not found
2026-04-15 02:05:02.404 8 INFO neutron.services.segments.plugin [-] Segment 7c41ca9b-d7ae-49f5-a008-480915919865 resource provider not found; error: Placement Client Error (4xx): {"errors": [{"status": 404, "title": "Not Found", "detail": "The resource could not be found.\n\n No resource provider with uuid 7c41ca9b-d7ae-49f5-a008-480915919865 found for delete ", "request_id": "req-e84548f3-f15c-4182-8e90-005277ead933"}]}
2026-04-15 02:05:02.411 8 INFO neutron.services.segments.plugin [-] Segment 7c41ca9b-d7ae-49f5-a008-480915919865 resource provider not found; error: Placement Client Error (4xx): {"errors": [{"status": 404, "title": "Not Found", "detail": "The resource could not be found.\n\n No resource provider with uuid 7c41ca9b-d7ae-49f5-a008-480915919865 found for delete ", "request_id": "req-be21ab48-afd8-413b-810d-71216904fa9c"}]} [pid: 8|app: 0|req: 1233/2461] 10.0.0.147 () {32 vars in 726 bytes} [Wed Apr 15 02:05:02 2026] DELETE /v2.0/networks/5513132b-c397-457d-b661-ec6a6e63280a => generated 0 bytes in 319 msecs (HTTP/1.1 204) 3 headers in 131 bytes (1 switches on core 0) [pid: 8|app: 0|req: 1234/2462] 162.253.55.110 () {34 vars in 1064 bytes} [Wed Apr 15 02:05:02 2026] GET /v2.0/subnets?id=4152891e-2559-4fea-88d8-cc473fb6e843&id=557b98cd-a4d8-44b0-a6ae-deb9ff79cddc => generated 1411 bytes in 26 msecs (HTTP/1.1 200) 4 headers in 158 bytes (1 switches on core 0)
2026-04-15 02:05:02.576 8 INFO neutron_taas.services.taas.taas_plugin [None req-72998d67-c80b-436d-81b7-0a01de22c640 b82cd09fbecd42f7917389257db257f3 743c71a1be904211a63492d9d4a916a3 - - default default] TaaS: Handle Delete Port: 922ef6a1-cabf-4002-82ca-dc9175d16cf2
2026-04-15 02:05:02.579 8 INFO neutron_taas.services.taas.tap_mirror_plugin [None req-72998d67-c80b-436d-81b7-0a01de22c640 b82cd09fbecd42f7917389257db257f3 743c71a1be904211a63492d9d4a916a3 - - default default] Tap Mirror: Handle Delete Port: 922ef6a1-cabf-4002-82ca-dc9175d16cf2
2026-04-15 02:05:02.643 7 WARNING neutron.scheduler.dhcp_agent_scheduler [None req-524e60fa-0145-47ac-803c-c113b4a1a101 - - - - - -] No more DHCP agents
2026-04-15 02:05:02.645 7 WARNING neutron.api.rpc.agentnotifiers.dhcp_rpc_agent_api [None req-524e60fa-0145-47ac-803c-c113b4a1a101 - - - - - -] Unable to schedule network 0b014835-2dec-4172-86f8-9731b2b047dc: no agents available; will retry on subsequent port and subnet creation events. [pid: 8|app: 0|req: 1235/2463] 10.0.0.147 () {32 vars in 726 bytes} [Wed Apr 15 02:05:02 2026] DELETE /v2.0/networks/0b92b485-b246-430b-819d-a95fc87abda2 => generated 0 bytes in 342 msecs (HTTP/1.1 204) 3 headers in 131 bytes (1 switches on core 0) [pid: 8|app: 0|req: 1236/2464] 162.253.55.110 () {34 vars in 1052 bytes} [Wed Apr 15 02:05:02 2026] GET /v2.0/ports?network_id=0062066a-b11e-4d9e-b98b-6240437d0c96&device_owner=network%3Adhcp => generated 12 bytes in 17 msecs (HTTP/1.1 200) 4 headers in 156 bytes (1 switches on core 0)
2026-04-15 02:05:02.942 8 INFO neutron_taas.services.taas.taas_plugin [None req-ba2038de-244c-4a70-b2a6-268692f865e1 b82cd09fbecd42f7917389257db257f3 743c71a1be904211a63492d9d4a916a3 - - default default] TaaS: Handle Delete Port: 5fde834a-b325-4e69-9d28-a98dcc6d3371
2026-04-15 02:05:02.945 8 INFO neutron_taas.services.taas.tap_mirror_plugin [None req-ba2038de-244c-4a70-b2a6-268692f865e1 b82cd09fbecd42f7917389257db257f3 743c71a1be904211a63492d9d4a916a3 - - default default] Tap Mirror: Handle Delete Port: 5fde834a-b325-4e69-9d28-a98dcc6d3371 [pid: 8|app: 0|req: 1237/2465] 10.0.0.147 () {32 vars in 726 bytes} [Wed Apr 15 02:05:02 2026] DELETE /v2.0/networks/588b89c0-b6b6-4881-94fa-bc7ab234be48 => generated 0 bytes in 317 msecs (HTTP/1.1 204) 3 headers in 131 bytes (1 switches on core 0) [pid: 8|app: 0|req: 1238/2466] 162.253.55.110 () {34 vars in 1052 bytes} [Wed Apr 15 02:05:03 2026] GET /v2.0/ports?network_id=0062066a-b11e-4d9e-b98b-6240437d0c96&device_owner=network%3Adhcp => generated 12 bytes in 18 msecs (HTTP/1.1 200) 4 headers in 156 bytes (1 switches on core 0)
2026-04-15 02:05:03.202 7 INFO neutron.db.ovn_revision_numbers_db [None req-524e60fa-0145-47ac-803c-c113b4a1a101 - - - - - -] Successfully bumped revision number for resource 41752ab4-8c88-441b-83ed-97e6e1533167 (type: router_ports) to 1
2026-04-15 02:05:03.259 8 INFO neutron_taas.services.taas.taas_plugin [None req-4b34b23d-ae96-4cea-8b24-568af5831e4a b82cd09fbecd42f7917389257db257f3 743c71a1be904211a63492d9d4a916a3 - - default default] TaaS: Handle Delete Port: f09aaf6d-032d-4d79-a885-25750ac8ca3b
2026-04-15 02:05:03.261 8 INFO neutron_taas.services.taas.tap_mirror_plugin [None req-4b34b23d-ae96-4cea-8b24-568af5831e4a b82cd09fbecd42f7917389257db257f3 743c71a1be904211a63492d9d4a916a3 - - default default] Tap Mirror: Handle Delete Port: f09aaf6d-032d-4d79-a885-25750ac8ca3b
2026-04-15 02:05:03.419 7 WARNING neutron.scheduler.dhcp_agent_scheduler [None req-524e60fa-0145-47ac-803c-c113b4a1a101 - - - - - -] No more DHCP agents
2026-04-15 02:05:03.421 7 WARNING neutron.api.rpc.agentnotifiers.dhcp_rpc_agent_api [None req-524e60fa-0145-47ac-803c-c113b4a1a101 - - - - - -] Unable to schedule network 0b014835-2dec-4172-86f8-9731b2b047dc: no agents available; will retry on subsequent port and subnet creation events. [pid: 8|app: 0|req: 1239/2467] 10.0.0.147 () {32 vars in 726 bytes} [Wed Apr 15 02:05:03 2026] DELETE /v2.0/networks/73d1f46d-9c42-4e23-9549-713f66a1b466 => generated 0 bytes in 304 msecs (HTTP/1.1 204) 3 headers in 131 bytes (1 switches on core 0) [pid: 8|app: 0|req: 1240/2468] 162.253.55.110 () {34 vars in 1012 bytes} [Wed Apr 15 02:05:03 2026] GET /v2.0/networks/0062066a-b11e-4d9e-b98b-6240437d0c96?fields=segments => generated 14 bytes in 34 msecs (HTTP/1.1 200) 4 headers in 156 bytes (1 switches on core 0)
2026-04-15 02:05:03.552 7 INFO neutron.db.ovn_revision_numbers_db [None req-524e60fa-0145-47ac-803c-c113b4a1a101 - - - - - -] Successfully bumped revision number for resource a088cbb2-0170-4e2b-9b94-efc6c9c3e977 (type: ports) to 1
2026-04-15 02:05:03.618 8 INFO neutron_taas.services.taas.taas_plugin [None req-40a56702-d4a6-4eb2-bb6e-a647051bdc6d b82cd09fbecd42f7917389257db257f3 743c71a1be904211a63492d9d4a916a3 - - default default] TaaS: Handle Delete Port: 634e1234-521f-4461-95d9-9c3ea5c0431e
2026-04-15 02:05:03.620 8 INFO neutron_taas.services.taas.tap_mirror_plugin [None req-40a56702-d4a6-4eb2-bb6e-a647051bdc6d b82cd09fbecd42f7917389257db257f3 743c71a1be904211a63492d9d4a916a3 - - default default] Tap Mirror: Handle Delete Port: 634e1234-521f-4461-95d9-9c3ea5c0431e [pid: 8|app: 0|req: 1243/2471] 10.0.0.147 () {32 vars in 726 bytes} [Wed Apr 15 02:05:03 2026] DELETE /v2.0/networks/b638b5c4-c5f8-4953-b9d6-ebf78091351e => generated 0 bytes in 296 msecs (HTTP/1.1 204) 3 headers in 131 bytes (1 switches on core 0)
2026-04-15 02:05:03.800 7 INFO neutron.db.ovn_revision_numbers_db [None req-524e60fa-0145-47ac-803c-c113b4a1a101 - - - - - -] Successfully bumped revision number for resource a088cbb2-0170-4e2b-9b94-efc6c9c3e977 (type: ports) to 3 [pid: 8|app: 0|req: 1244/2472] 162.253.55.110 () {34 vars in 1112 bytes} [Wed Apr 15 02:05:03 2026] GET /v2.0/networks/0062066a-b11e-4d9e-b98b-6240437d0c96?fields=provider%3Aphysical_network&fields=provider%3Anetwork_type => generated 79 bytes in 34 msecs (HTTP/1.1 200) 4 headers in 156 bytes (1 switches on core 0) [pid: 7|app: 0|req: 1229/2473] 10.0.0.147 () {34 vars in 685 bytes} [Wed Apr 15 02:04:59 2026] POST /v2.0/vpn/vpnservices => generated 458 bytes in 4225 msecs (HTTP/1.1 201) 4 headers in 162 bytes (1 switches on core 0)
2026-04-15 02:05:04.695 8 INFO neutron.services.segments.plugin [-] Segment 76747d8b-9c58-41e9-af9a-17e503fc051d resource provider aggregate not found
2026-04-15 02:05:04.703 8 INFO neutron.services.segments.plugin [-] Segment 76747d8b-9c58-41e9-af9a-17e503fc051d resource provider aggregate not found
2026-04-15 02:05:04.719 8 INFO neutron.services.segments.plugin [-] Segment 76747d8b-9c58-41e9-af9a-17e503fc051d resource provider not found; error: Placement Client Error (4xx): {"errors": [{"status": 404, "title": "Not Found", "detail": "The resource could not be found.\n\n No resource provider with uuid 76747d8b-9c58-41e9-af9a-17e503fc051d found for delete ", "request_id": "req-71c7d39b-f659-4fa5-9769-0d0d653565db"}]}
2026-04-15 02:05:04.724 8 INFO neutron.services.segments.plugin [-] Segment 76747d8b-9c58-41e9-af9a-17e503fc051d resource provider not found; error: Placement Client Error (4xx): {"errors": [{"status": 404, "title": "Not Found", "detail": "The resource could not be found.\n\n No resource provider with uuid 76747d8b-9c58-41e9-af9a-17e503fc051d found for delete ", "request_id": "req-1a072aa9-9c88-4052-bf41-f2fbf03a3eac"}]}
2026-04-15 02:05:04.749 8 INFO neutron.services.segments.plugin [-] Segment 11ff0fbf-a86e-416b-adb4-8266338d2b94 resource provider aggregate not found
2026-04-15 02:05:04.760 8 INFO neutron.services.segments.plugin [-] Segment 11ff0fbf-a86e-416b-adb4-8266338d2b94 resource provider aggregate not found
2026-04-15 02:05:04.784 8 INFO neutron.services.segments.plugin [-] Segment 11ff0fbf-a86e-416b-adb4-8266338d2b94 resource provider not found; error: Placement Client Error (4xx): {"errors": [{"status": 404, "title": "Not Found", "detail": "The resource could not be found.\n\n No resource provider with uuid 11ff0fbf-a86e-416b-adb4-8266338d2b94 found for delete ", "request_id": "req-ffcbda61-fc45-4f15-a833-d6c530a32ce6"}]}
2026-04-15 02:05:04.800 8 INFO neutron.services.segments.plugin [-] Segment 11ff0fbf-a86e-416b-adb4-8266338d2b94 resource provider not found; error: Placement Client Error (4xx): {"errors": [{"status": 404, "title": "Not Found", "detail": "The resource could not be found.\n\n No resource provider with uuid 11ff0fbf-a86e-416b-adb4-8266338d2b94 found for delete ", "request_id": "req-e6934ca5-17d7-460d-b474-40d2d7747346"}]}
2026-04-15 02:05:04.813 8 INFO neutron.services.segments.plugin [-] Segment 7d9df9fa-9fa8-44ef-a3f7-4b7d4afa6976 resource provider aggregate not found
2026-04-15 02:05:04.821 8 INFO neutron.services.segments.plugin [-] Segment 7d9df9fa-9fa8-44ef-a3f7-4b7d4afa6976 resource provider aggregate not found
2026-04-15 02:05:04.837 8 INFO neutron.services.segments.plugin [-] Segment 7d9df9fa-9fa8-44ef-a3f7-4b7d4afa6976 resource provider not found; error: Placement Client Error (4xx): {"errors": [{"status": 404, "title": "Not Found", "detail": "The resource could not be found.\n\n No resource provider with uuid 7d9df9fa-9fa8-44ef-a3f7-4b7d4afa6976 found for delete ", "request_id": "req-b5d6df9f-28b8-4008-b0c1-f39ce57bd5b8"}]}
2026-04-15 02:05:04.845 8 INFO neutron.services.segments.plugin [-] Segment 7d9df9fa-9fa8-44ef-a3f7-4b7d4afa6976 resource provider not found; error: Placement Client Error (4xx): {"errors": [{"status": 404, "title": "Not Found", "detail": "The resource could not be found.\n\n No resource provider with uuid 7d9df9fa-9fa8-44ef-a3f7-4b7d4afa6976 found for delete ", "request_id": "req-d9cd1bd2-4ea1-4e68-81af-fbc57025f9cb"}]}
2026-04-15 02:05:04.860 8 INFO neutron.services.segments.plugin [-] Segment 64f2e9d1-6ce3-493c-ac55-e296c6753e8e resource provider aggregate not found
2026-04-15 02:05:04.865 7 INFO neutron.db.ovn_revision_numbers_db [None req-1ab7517d-9031-4236-b365-58dc6f729e58 55b1c3ee0ebb441696ec19d23c63e216 169397f8d4814c2eae8a14cb9c0ba34e - - default default] Successfully bumped revision number for resource 1a9b0519-554f-4333-87af-13b5a9869465 (type: security_groups) to 1
2026-04-15 02:05:04.867 8 INFO neutron.services.segments.plugin [-] Segment 64f2e9d1-6ce3-493c-ac55-e296c6753e8e resource provider aggregate not found
2026-04-15 02:05:04.890 7 INFO neutron.db.ovn_revision_numbers_db [None req-1ab7517d-9031-4236-b365-58dc6f729e58 55b1c3ee0ebb441696ec19d23c63e216 169397f8d4814c2eae8a14cb9c0ba34e - - default default] Successfully bumped revision number for resource 16d4215e-0322-477e-9942-460c9ec5af07 (type: security_group_rules) to 0
2026-04-15 02:05:04.899 8 INFO neutron.services.segments.plugin [-] Segment 64f2e9d1-6ce3-493c-ac55-e296c6753e8e resource provider not found; error: Placement Client Error (4xx): {"errors": [{"status": 404, "title": "Not Found", "detail": "The resource could not be found.\n\n No resource provider with uuid 64f2e9d1-6ce3-493c-ac55-e296c6753e8e found for delete ", "request_id": "req-a7e078b9-3e6e-4a3a-9dbf-4882d308301c"}]}
2026-04-15 02:05:04.902 7 INFO neutron.db.ovn_revision_numbers_db [None req-1ab7517d-9031-4236-b365-58dc6f729e58 55b1c3ee0ebb441696ec19d23c63e216 169397f8d4814c2eae8a14cb9c0ba34e - - default default] Successfully bumped revision number for resource 243e5933-4721-4dab-89d4-96a879e9e5f8 (type: security_group_rules) to 0
2026-04-15 02:05:04.919 7 INFO neutron.db.ovn_revision_numbers_db [None req-1ab7517d-9031-4236-b365-58dc6f729e58 55b1c3ee0ebb441696ec19d23c63e216 169397f8d4814c2eae8a14cb9c0ba34e - - default default] Successfully bumped revision number for resource 55b57e9f-661e-413c-925a-41b840f276c7 (type: security_group_rules) to 0
2026-04-15 02:05:04.927 7 INFO neutron.db.ovn_revision_numbers_db [None req-1ab7517d-9031-4236-b365-58dc6f729e58 55b1c3ee0ebb441696ec19d23c63e216 169397f8d4814c2eae8a14cb9c0ba34e - - default default] Successfully bumped revision number for resource a17fa260-0b03-4d8d-a4dc-5963d2fec5fd (type: security_group_rules) to 0
2026-04-15 02:05:04.928 8 INFO neutron.services.segments.plugin [-] Segment 64f2e9d1-6ce3-493c-ac55-e296c6753e8e resource provider not found; error: Placement Client Error (4xx): {"errors": [{"status": 404, "title": "Not Found", "detail": "The resource could not be found.\n\n No resource provider with uuid 64f2e9d1-6ce3-493c-ac55-e296c6753e8e found for delete ", "request_id": "req-2a094612-5f14-4475-aa0a-c6bfa493bf81"}]} [pid: 7|app: 0|req: 1230/2474] 10.0.0.147 () {32 vars in 774 bytes} [Wed Apr 15 02:05:04 2026] GET /v2.0/security-groups?tenant_id=4fd120a32149425a8bb0afca83718c3c&name=default => generated 2929 bytes in 391 msecs (HTTP/1.1 200) 4 headers in 158 bytes (1 switches on core 0) [pid: 7|app: 0|req: 1231/2475] 10.0.0.12 () {34 vars in 989 bytes} [Wed Apr 15 02:05:04 2026] GET /v2.0/ports?device_id=03433f21-3278-41e3-9cfc-bb92ad4319ca => generated 1194 bytes in 74 msecs (HTTP/1.1 200) 4 headers in 158 bytes (1 switches on core 0) [pid: 8|app: 0|req: 1245/2476] 10.0.0.147 () {34 vars in 685 bytes} [Wed Apr 15 02:05:04 2026] POST /v2.0/vpn/vpnservices => generated 424 bytes in 1037 msecs (HTTP/1.1 201) 4 headers in 162 bytes (1 switches on core 0) [pid: 8|app: 0|req: 1246/2477] 10.0.0.12 () {34 vars in 1039 bytes} [Wed Apr 15 02:05:05 2026] GET /v2.0/security-groups?id=8131cbaf-6588-4c32-8f01-ac4fa5d42096&fields=id&fields=name => generated 111 bytes in 31 msecs (HTTP/1.1 200) 4 headers in 157 bytes (1 switches on core 0)
2026-04-15 02:05:05.109 7 WARNING neutron.plugins.ml2.drivers.ovn.mech_driver.ovsdb.ovn_client [None req-ad90bf48-2f93-4e8a-96b9-8383daa8c043 - - - - - -] No hosting information found for port 9c4b8fb6-dc78-4882-b3ca-4037f1d69ef3: RuntimeError: No hosting information found for port 9c4b8fb6-dc78-4882-b3ca-4037f1d69ef3
2026-04-15 02:05:05.111 7 INFO neutron.plugins.ml2.drivers.ovn.mech_driver.mech_driver [None req-ad90bf48-2f93-4e8a-96b9-8383daa8c043 - - - - - -] OVN reports status down for port: 634e1234-521f-4461-95d9-9c3ea5c0431e
2026-04-15 02:05:05.127 7 INFO neutron.plugins.ml2.drivers.ovn.mech_driver.mech_driver [None req-ad90bf48-2f93-4e8a-96b9-8383daa8c043 - - - - - -] OVN reports status down for port: 38c6af25-b177-42bf-ab5f-e403a88f61de [pid: 8|app: 0|req: 1247/2478] 10.0.0.147 () {34 vars in 684 bytes} [Wed Apr 15 02:05:05 2026] POST /v2.0/vpn/ikepolicies => generated 403 bytes in 35 msecs (HTTP/1.1 201) 4 headers in 162 bytes (1 switches on core 0)
2026-04-15 02:05:05.145 7 INFO neutron.plugins.ml2.drivers.ovn.mech_driver.mech_driver [None req-ad90bf48-2f93-4e8a-96b9-8383daa8c043 - - - - - -] OVN reports status down for port: 41752ab4-8c88-441b-83ed-97e6e1533167 [pid: 8|app: 0|req: 1248/2479] 10.0.0.147 () {34 vars in 688 bytes} [Wed Apr 15 02:05:05 2026] POST /v2.0/vpn/ipsecpolicies => generated 413 bytes in 38 msecs (HTTP/1.1 201) 4 headers in 162 bytes (1 switches on core 0)
2026-04-15 02:05:05.226 7 WARNING neutron.plugins.ml2.drivers.ovn.mech_driver.ovsdb.ovn_client [None req-ad90bf48-2f93-4e8a-96b9-8383daa8c043 - - - - - -] Logical_Switch_Port %s host information not removed, the port state is up
2026-04-15 02:05:05.227 7 INFO neutron.plugins.ml2.drivers.ovn.mech_driver.mech_driver [None req-ad90bf48-2f93-4e8a-96b9-8383daa8c043 - - - - - -] OVN reports status up for port: 41752ab4-8c88-441b-83ed-97e6e1533167 [pid: 8|app: 0|req: 1249/2480] 10.0.0.147 () {34 vars in 693 bytes} [Wed Apr 15 02:05:05 2026] POST /v2.0/vpn/endpoint-groups => generated 328 bytes in 51 msecs (HTTP/1.1 201) 4 headers in 162 bytes (1 switches on core 0)
2026-04-15 02:05:05.241 7 INFO neutron.plugins.ml2.plugin [None req-ad90bf48-2f93-4e8a-96b9-8383daa8c043 - - - - - -] Attempt 1 to provision port 41752ab4-8c88-441b-83ed-97e6e1533167 [pid: 8|app: 0|req: 1250/2481] 10.0.0.147 () {34 vars in 693 bytes} [Wed Apr 15 02:05:05 2026] POST /v2.0/vpn/endpoint-groups => generated 318 bytes in 42 msecs (HTTP/1.1 201) 4 headers in 162 bytes (1 switches on core 0) [pid: 7|app: 0|req: 1232/2482] 10.0.0.147 () {32 vars in 740 bytes} [Wed Apr 15 02:05:05 2026] DELETE /v2.0/security-groups/1a9b0519-554f-4333-87af-13b5a9869465 => generated 0 bytes in 269 msecs (HTTP/1.1 204) 2 headers in 112 bytes (1 switches on core 0)
2026-04-15 02:05:05.386 8 WARNING neutron.plugins.ml2.drivers.ovn.mech_driver.ovsdb.ovn_client [None req-9242c8bd-4230-4f74-a90c-46ee6e385503 - - - - - -] No hosting information found for port a453af5f-cf3a-4916-87c5-33e10dd37569: RuntimeError: No hosting information found for port a453af5f-cf3a-4916-87c5-33e10dd37569 [pid: 7|app: 0|req: 1233/2483] 10.0.0.147 () {32 vars in 774 bytes} [Wed Apr 15 02:05:05 2026] GET /v2.0/security-groups?tenant_id=743c71a1be904211a63492d9d4a916a3&name=default => generated 2929 bytes in 62 msecs (HTTP/1.1 200) 4 headers in 158 bytes (1 switches on core 0)
2026-04-15 02:05:05.541 8 INFO neutron.db.ovn_revision_numbers_db [None req-9242c8bd-4230-4f74-a90c-46ee6e385503 - - - - - -] Successfully bumped revision number for resource a453af5f-cf3a-4916-87c5-33e10dd37569 (type: router_ports) to 2
2026-04-15 02:05:05.541 8 INFO neutron.plugins.ml2.drivers.ovn.mech_driver.mech_driver [None req-9242c8bd-4230-4f74-a90c-46ee6e385503 - - - - - -] OVN reports status down for port: 466975c8-a4d0-4b19-8348-650f9389e5bb
2026-04-15 02:05:05.644 8 INFO neutron.plugins.ml2.drivers.ovn.mech_driver.mech_driver [None req-9242c8bd-4230-4f74-a90c-46ee6e385503 - - - - - -] OVN reports status down for port: b6271274-a9a2-49b6-be41-3c6d97d65522
2026-04-15 02:05:05.808 8 INFO neutron.plugins.ml2.drivers.ovn.mech_driver.mech_driver [None req-9242c8bd-4230-4f74-a90c-46ee6e385503 - - - - - -] OVN reports status down for port: a088cbb2-0170-4e2b-9b94-efc6c9c3e977
2026-04-15 02:05:05.816 7 INFO neutron.db.ovn_revision_numbers_db [None req-ad90bf48-2f93-4e8a-96b9-8383daa8c043 - - - - - -] Successfully bumped revision number for resource 41752ab4-8c88-441b-83ed-97e6e1533167 (type: ports) to 2 [pid: 7|app: 0|req: 1234/2484] 10.0.0.147 () {32 vars in 740 bytes} [Wed Apr 15 02:05:05 2026] DELETE /v2.0/security-groups/9a88e64c-a8a9-4df4-8612-37f0f6233eac => generated 0 bytes in 444 msecs (HTTP/1.1 204) 2 headers in 112 bytes (1 switches on core 0)
2026-04-15 02:05:06.078 8 INFO neutron.db.ovn_revision_numbers_db [None req-3f33ccb4-afe6-41c2-b7de-59ea3f1f8380 8afecb4802b84b32b1aa5766b2195dec d0a1007ea1ce47b8b547770dffca81cf - - default default] Successfully bumped revision number for resource 251a15fc-1b0b-41ba-bbdb-07cf94561132 (type: routers) to 5 [pid: 8|app: 0|req: 1251/2485] 10.0.0.147 () {34 vars in 707 bytes} [Wed Apr 15 02:05:05 2026] POST /v2.0/vpn/ipsec-site-connections => generated 803 bytes in 847 msecs (HTTP/1.1 201) 4 headers in 162 bytes (1 switches on core 0) [pid: 7|app: 0|req: 1235/2486] 10.0.0.147 () {34 vars in 693 bytes} [Wed Apr 15 02:05:06 2026] POST /v2.0/vpn/endpoint-groups => generated 290 bytes in 55 msecs (HTTP/1.1 201) 4 headers in 162 bytes (1 switches on core 0) [pid: 7|app: 0|req: 1236/2487] 10.0.0.147 () {32 vars in 748 bytes} [Wed Apr 15 02:05:06 2026] DELETE /v2.0/vpn/endpoint-groups/e60db465-2354-45bf-b235-1f386e5de605 => generated 0 bytes in 41 msecs (HTTP/1.1 204) 2 headers in 112 bytes (1 switches on core 0)
2026-04-15 02:05:06.261 8 INFO neutron.db.ovn_revision_numbers_db [None req-2b3142f5-41c1-4695-9017-ae9cbb59c469 55b1c3ee0ebb441696ec19d23c63e216 169397f8d4814c2eae8a14cb9c0ba34e - - default default] Successfully bumped revision number for resource f8d01bd6-74d3-4e66-9905-05a8c9abdd73 (type: security_groups) to 1 [pid: 7|app: 0|req: 1237/2488] 10.0.0.147 () {32 vars in 671 bytes} [Wed Apr 15 02:05:06 2026] GET /v2.0/vpn/endpoint-groups => generated 631 bytes in 21 msecs (HTTP/1.1 200) 4 headers in 157 bytes (1 switches on core 0)
2026-04-15 02:05:06.270 8 INFO neutron.db.ovn_revision_numbers_db [None req-2b3142f5-41c1-4695-9017-ae9cbb59c469 55b1c3ee0ebb441696ec19d23c63e216 169397f8d4814c2eae8a14cb9c0ba34e - - default default] Successfully bumped revision number for resource 0f86ba32-a3e2-4d13-8463-4d53e3ba4302 (type: security_group_rules) to 0 [pid: 7|app: 0|req: 1238/2489] 10.0.0.147 () {32 vars in 671 bytes} [Wed Apr 15 02:05:06 2026] GET /v2.0/vpn/endpoint-groups => generated 631 bytes in 11 msecs (HTTP/1.1 200) 4 headers in 157 bytes (1 switches on core 0)
