2026-04-15 02:04:48.222 7 INFO neutron.db.ovn_revision_numbers_db [None req-4ede43cd-a4a5-419c-8827-7a27c38f76bc c9b70abc6c834a9b85f24fc329613396 84f32210ad494523b2f36a282dc916e6 - - default default] Successfully bumped revision number for resource 6f65c0d2-6498-48c1-8155-e337fc9528d4 (type: router_ports) to 1 [pid: 7|app: 0|req: 1183/2360] 10.0.0.147 () {34 vars in 783 bytes} [Wed Apr 15 02:04:46 2026] PUT /v2.0/routers/60224100-a682-485c-8f0a-2286a42f5c78/add_router_interface => generated 309 bytes in 2156 msecs (HTTP/1.1 200) 4 headers in 157 bytes (1 switches on core 0) [pid: 8|app: 0|req: 1178/2361] 10.0.0.147 () {32 vars in 731 bytes} [Wed Apr 15 02:04:48 2026] GET /v2.0/subnets/516fd899-062d-4815-9038-357a544856af/tags => generated 34 bytes in 33 msecs (HTTP/1.1 200) 4 headers in 156 bytes (1 switches on core 0) [pid: 8|app: 0|req: 1179/2362] 10.0.0.147 () {32 vars in 774 bytes} [Wed Apr 15 02:04:48 2026] GET /v2.0/security-groups?tenant_id=08518131b0e8473cab4d1fb43430bb18&name=default => generated 2925 bytes in 22 msecs (HTTP/1.1 200) 4 headers in 158 bytes (1 switches on core 0) [pid: 7|app: 0|req: 1184/2363] 10.0.0.147 () {32 vars in 733 bytes} [Wed Apr 15 02:04:48 2026] GET /v2.0/networks/f90680aa-e5aa-49ce-b806-143cf8680bea/tags => generated 37 bytes in 70 msecs (HTTP/1.1 200) 4 headers in 156 bytes (1 switches on core 0) [pid: 7|app: 0|req: 1187/2366] 10.0.0.147 () {34 vars in 780 bytes} [Wed Apr 15 02:04:48 2026] PUT /v2.0/subnets/516fd899-062d-4815-9038-357a544856af/tags/black.or.white => generated 4 bytes in 55 msecs (HTTP/1.1 201) 4 headers in 160 bytes (1 switches on core 0) [pid: 7|app: 0|req: 1188/2367] 10.0.0.147 () {32 vars in 740 bytes} [Wed Apr 15 02:04:48 2026] DELETE /v2.0/security-groups/6f60b002-20d2-4ce6-8fb8-ebf8c397652f => generated 0 bytes in 201 msecs (HTTP/1.1 204) 2 headers in 112 bytes (1 switches on core 0) [pid: 7|app: 0|req: 1189/2368] 10.0.0.147 () {32 vars in 741 bytes} [Wed Apr 15 02:04:48 2026] GET /v2.0/networks/f90680aa-e5aa-49ce-b806-143cf8680bea/tags/red => generated 0 bytes in 31 msecs (HTTP/1.1 204) 2 headers in 112 bytes (1 switches on core 0) [pid: 7|app: 0|req: 1190/2369] 10.0.0.147 () {32 vars in 731 bytes} [Wed Apr 15 02:04:48 2026] GET /v2.0/subnets/516fd899-062d-4815-9038-357a544856af/tags => generated 52 bytes in 40 msecs (HTTP/1.1 200) 4 headers in 156 bytes (1 switches on core 0)
2026-04-15 02:04:48.674 7 INFO neutron.api.v2.resource [None req-8380963c-fcde-42dd-b7ca-08b7eadb33e3 33d2b906421f4c2ab4a9465d86665e6e 0648716fc7ba4a0b884efd3e8b31e521 - - default default] show failed (client error): The resource could not be found. [pid: 7|app: 0|req: 1191/2370] 10.0.0.147 () {32 vars in 745 bytes} [Wed Apr 15 02:04:48 2026] GET /v2.0/networks/f90680aa-e5aa-49ce-b806-143cf8680bea/tags/green => generated 99 bytes in 40 msecs (HTTP/1.1 404) 4 headers in 163 bytes (1 switches on core 0) [pid: 7|app: 0|req: 1192/2371] 10.0.0.147 () {34 vars in 751 bytes} [Wed Apr 15 02:04:48 2026] PUT /v2.0/subnets/516fd899-062d-4815-9038-357a544856af/tags => generated 37 bytes in 43 msecs (HTTP/1.1 200) 4 headers in 156 bytes (1 switches on core 0)
2026-04-15 02:04:48.746 8 WARNING neutron.scheduler.dhcp_agent_scheduler [None req-76ede51c-791f-49ff-998d-501e182cea2d c9b70abc6c834a9b85f24fc329613396 84f32210ad494523b2f36a282dc916e6 - - default default] No more DHCP agents
2026-04-15 02:04:48.747 8 WARNING neutron.api.rpc.agentnotifiers.dhcp_rpc_agent_api [None req-76ede51c-791f-49ff-998d-501e182cea2d c9b70abc6c834a9b85f24fc329613396 84f32210ad494523b2f36a282dc916e6 - - default default] Unable to schedule network 2f7b1b85-6655-40c1-b940-6b163f1d4d55: no agents available; will retry on subsequent port and subnet creation events. [pid: 7|app: 0|req: 1193/2372] 10.0.0.147 () {32 vars in 744 bytes} [Wed Apr 15 02:04:48 2026] DELETE /v2.0/networks/f90680aa-e5aa-49ce-b806-143cf8680bea/tags/red => generated 0 bytes in 50 msecs (HTTP/1.1 204) 2 headers in 112 bytes (1 switches on core 0) [pid: 7|app: 0|req: 1194/2373] 10.0.0.147 () {32 vars in 774 bytes} [Wed Apr 15 02:04:48 2026] GET /v2.0/security-groups?tenant_id=96514f7a435545d7b183a6bbc3f63282&name=default => generated 2925 bytes in 27 msecs (HTTP/1.1 200) 4 headers in 158 bytes (1 switches on core 0) [pid: 7|app: 0|req: 1195/2374] 10.0.0.147 () {32 vars in 731 bytes} [Wed Apr 15 02:04:48 2026] GET /v2.0/subnets/516fd899-062d-4815-9038-357a544856af/tags => generated 37 bytes in 51 msecs (HTTP/1.1 200) 4 headers in 156 bytes (1 switches on core 0)
2026-04-15 02:04:48.863 8 INFO neutron.db.ovn_revision_numbers_db [None req-76ede51c-791f-49ff-998d-501e182cea2d c9b70abc6c834a9b85f24fc329613396 84f32210ad494523b2f36a282dc916e6 - - default default] Successfully bumped revision number for resource 0cccf5ef-27fb-4bcc-b963-f9372aca136e (type: ports) to 1 [pid: 7|app: 0|req: 1196/2375] 10.0.0.147 () {32 vars in 733 bytes} [Wed Apr 15 02:04:48 2026] GET /v2.0/networks/f90680aa-e5aa-49ce-b806-143cf8680bea/tags => generated 30 bytes in 45 msecs (HTTP/1.1 200) 4 headers in 156 bytes (1 switches on core 0) [pid: 7|app: 0|req: 1197/2376] 10.0.0.147 () {32 vars in 740 bytes} [Wed Apr 15 02:04:48 2026] DELETE /v2.0/security-groups/7cbef25d-fc04-42ba-9f2e-a1555b3cc32e => generated 0 bytes in 198 msecs (HTTP/1.1 204) 2 headers in 112 bytes (1 switches on core 0) [pid: 7|app: 0|req: 1198/2377] 10.0.0.147 () {32 vars in 739 bytes} [Wed Apr 15 02:04:49 2026] GET /v2.0/subnets/516fd899-062d-4815-9038-357a544856af/tags/red => generated 0 bytes in 24 msecs (HTTP/1.1 204) 2 headers in 112 bytes (1 switches on core 0)
2026-04-15 02:04:49.161 7 INFO neutron.api.v2.resource [None req-b3f5311e-12b8-4f2f-bf48-dc6773e50f6a 33d2b906421f4c2ab4a9465d86665e6e 0648716fc7ba4a0b884efd3e8b31e521 - - default default] delete failed (client error): The resource could not be found. [pid: 7|app: 0|req: 1199/2378] 10.0.0.147 () {32 vars in 748 bytes} [Wed Apr 15 02:04:49 2026] DELETE /v2.0/networks/f90680aa-e5aa-49ce-b806-143cf8680bea/tags/green => generated 99 bytes in 45 msecs (HTTP/1.1 404) 4 headers in 163 bytes (1 switches on core 0)
2026-04-15 02:04:49.193 7 INFO neutron.api.v2.resource [None req-fb140e02-b1dc-4047-b377-1b3bda3a7b99 248f012604784488a9c8665d24e3d058 522e31c9b6ad48a6b44783ef65373474 - - default default] show failed (client error): The resource could not be found. [pid: 7|app: 0|req: 1200/2379] 10.0.0.147 () {32 vars in 743 bytes} [Wed Apr 15 02:04:49 2026] GET /v2.0/subnets/516fd899-062d-4815-9038-357a544856af/tags/green => generated 99 bytes in 31 msecs (HTTP/1.1 404) 4 headers in 163 bytes (1 switches on core 0) [pid: 7|app: 0|req: 1201/2380] 10.0.0.147 () {32 vars in 736 bytes} [Wed Apr 15 02:04:49 2026] DELETE /v2.0/networks/f90680aa-e5aa-49ce-b806-143cf8680bea/tags => generated 0 bytes in 52 msecs (HTTP/1.1 204) 2 headers in 112 bytes (1 switches on core 0) [pid: 7|app: 0|req: 1202/2381] 10.0.0.147 () {32 vars in 742 bytes} [Wed Apr 15 02:04:49 2026] DELETE /v2.0/subnets/516fd899-062d-4815-9038-357a544856af/tags/red => generated 0 bytes in 50 msecs (HTTP/1.1 204) 2 headers in 112 bytes (1 switches on core 0) [pid: 7|app: 0|req: 1203/2382] 10.0.0.147 () {32 vars in 733 bytes} [Wed Apr 15 02:04:49 2026] GET /v2.0/networks/f90680aa-e5aa-49ce-b806-143cf8680bea/tags => generated 12 bytes in 43 msecs (HTTP/1.1 200) 4 headers in 156 bytes (1 switches on core 0) [pid: 7|app: 0|req: 1204/2383] 10.0.0.147 () {32 vars in 731 bytes} [Wed Apr 15 02:04:49 2026] GET /v2.0/subnets/516fd899-062d-4815-9038-357a544856af/tags => generated 30 bytes in 33 msecs (HTTP/1.1 200) 4 headers in 156 bytes (1 switches on core 0)
2026-04-15 02:04:49.490 8 WARNING neutron.scheduler.dhcp_agent_scheduler [None req-76ede51c-791f-49ff-998d-501e182cea2d c9b70abc6c834a9b85f24fc329613396 84f32210ad494523b2f36a282dc916e6 - - default default] No more DHCP agents
2026-04-15 02:04:49.491 8 WARNING neutron.api.rpc.agentnotifiers.dhcp_rpc_agent_api [None req-76ede51c-791f-49ff-998d-501e182cea2d c9b70abc6c834a9b85f24fc329613396 84f32210ad494523b2f36a282dc916e6 - - default default] Unable to schedule network 2f7b1b85-6655-40c1-b940-6b163f1d4d55: no agents available; will retry on subsequent port and subnet creation events.
2026-04-15 02:04:49.505 7 INFO neutron_taas.services.taas.taas_plugin [None req-f079c973-8566-46b1-87e9-7dac39a57a9d 33d2b906421f4c2ab4a9465d86665e6e 0648716fc7ba4a0b884efd3e8b31e521 - - default default] TaaS: Handle Delete Port: 91b4c62e-e89b-43a6-9384-6d30dba47576
2026-04-15 02:04:49.508 7 INFO neutron_taas.services.taas.tap_mirror_plugin [None req-f079c973-8566-46b1-87e9-7dac39a57a9d 33d2b906421f4c2ab4a9465d86665e6e 0648716fc7ba4a0b884efd3e8b31e521 - - default default] Tap Mirror: Handle Delete Port: 91b4c62e-e89b-43a6-9384-6d30dba47576
2026-04-15 02:04:49.688 7 INFO neutron.services.segments.plugin [-] Segment da74e452-2c3c-49f9-b00a-10b1ad94d9e7 resource provider aggregate not found
2026-04-15 02:04:49.693 7 INFO neutron.services.segments.plugin [-] Segment da74e452-2c3c-49f9-b00a-10b1ad94d9e7 resource provider aggregate not found
2026-04-15 02:04:49.707 7 INFO neutron.services.segments.plugin [-] Segment da74e452-2c3c-49f9-b00a-10b1ad94d9e7 resource provider not found; error: Placement Client Error (4xx): {"errors": [{"status": 404, "title": "Not Found", "detail": "The resource could not be found.\n\n No resource provider with uuid da74e452-2c3c-49f9-b00a-10b1ad94d9e7 found for delete ", "request_id": "req-27a6d9e3-a417-45b1-b5ac-4c78fe8cb1cc"}]}
2026-04-15 02:04:49.711 7 INFO neutron.services.segments.plugin [-] Segment da74e452-2c3c-49f9-b00a-10b1ad94d9e7 resource provider not found; error: Placement Client Error (4xx): {"errors": [{"status": 404, "title": "Not Found", "detail": "The resource could not be found.\n\n No resource provider with uuid da74e452-2c3c-49f9-b00a-10b1ad94d9e7 found for delete ", "request_id": "req-f0ef428b-0dde-459d-9ea3-315580c5fe49"}]} [pid: 7|app: 0|req: 1205/2384] 10.0.0.147 () {32 vars in 726 bytes} [Wed Apr 15 02:04:49 2026] DELETE /v2.0/networks/f90680aa-e5aa-49ce-b806-143cf8680bea => generated 0 bytes in 369 msecs (HTTP/1.1 204) 3 headers in 131 bytes (1 switches on core 0)
2026-04-15 02:04:49.805 8 INFO neutron.db.ovn_revision_numbers_db [None req-76ede51c-791f-49ff-998d-501e182cea2d c9b70abc6c834a9b85f24fc329613396 84f32210ad494523b2f36a282dc916e6 - - default default] Successfully bumped revision number for resource 0cccf5ef-27fb-4bcc-b963-f9372aca136e (type: router_ports) to 1 [pid: 8|app: 0|req: 1180/2385] 10.0.0.147 () {34 vars in 783 bytes} [Wed Apr 15 02:04:48 2026] PUT /v2.0/routers/60224100-a682-485c-8f0a-2286a42f5c78/add_router_interface => generated 309 bytes in 1542 msecs (HTTP/1.1 200) 4 headers in 157 bytes (1 switches on core 0)
2026-04-15 02:04:49.864 7 INFO neutron.api.v2.resource [None req-f2ebcf6b-2caa-48a5-a6f0-2112c1e8b022 248f012604784488a9c8665d24e3d058 522e31c9b6ad48a6b44783ef65373474 - - default default] delete failed (client error): The resource could not be found. [pid: 7|app: 0|req: 1206/2386] 10.0.0.147 () {32 vars in 746 bytes} [Wed Apr 15 02:04:49 2026] DELETE /v2.0/subnets/516fd899-062d-4815-9038-357a544856af/tags/green => generated 99 bytes in 121 msecs (HTTP/1.1 404) 4 headers in 163 bytes (1 switches on core 0) [pid: 7|app: 0|req: 1207/2387] 10.0.0.147 () {32 vars in 734 bytes} [Wed Apr 15 02:04:49 2026] DELETE /v2.0/subnets/516fd899-062d-4815-9038-357a544856af/tags => generated 0 bytes in 55 msecs (HTTP/1.1 204) 2 headers in 112 bytes (1 switches on core 0)
2026-04-15 02:04:49.966 8 INFO neutron.db.ovn_revision_numbers_db [None req-9c706b68-edaa-4ac1-a623-2bfb38785739 c9b70abc6c834a9b85f24fc329613396 84f32210ad494523b2f36a282dc916e6 - - default default] Successfully bumped revision number for resource 8131cbaf-6588-4c32-8f01-ac4fa5d42096 (type: security_groups) to 1 [pid: 7|app: 0|req: 1208/2388] 10.0.0.147 () {32 vars in 731 bytes} [Wed Apr 15 02:04:49 2026] GET /v2.0/subnets/516fd899-062d-4815-9038-357a544856af/tags => generated 12 bytes in 48 msecs (HTTP/1.1 200) 4 headers in 156 bytes (1 switches on core 0)
2026-04-15 02:04:49.977 8 INFO neutron.db.ovn_revision_numbers_db [None req-9c706b68-edaa-4ac1-a623-2bfb38785739 c9b70abc6c834a9b85f24fc329613396 84f32210ad494523b2f36a282dc916e6 - - default default] Successfully bumped revision number for resource 72144c0f-17c0-4312-ab38-2bac8933e9bd (type: security_group_rules) to 0
2026-04-15 02:04:49.990 8 INFO neutron.db.ovn_revision_numbers_db [None req-9c706b68-edaa-4ac1-a623-2bfb38785739 c9b70abc6c834a9b85f24fc329613396 84f32210ad494523b2f36a282dc916e6 - - default default] Successfully bumped revision number for resource e75de660-0774-475b-97ce-e536ef782aa6 (type: security_group_rules) to 0 [pid: 8|app: 0|req: 1181/2389] 10.0.0.147 () {34 vars in 684 bytes} [Wed Apr 15 02:04:49 2026] POST /v2.0/security-groups => generated 1629 bytes in 158 msecs (HTTP/1.1 201) 4 headers in 163 bytes (1 switches on core 0)
2026-04-15 02:04:50.118 8 INFO neutron.db.ovn_revision_numbers_db [None req-250bda83-7eec-4265-88aa-fa560dc042b4 c9b70abc6c834a9b85f24fc329613396 84f32210ad494523b2f36a282dc916e6 - - default default] Successfully bumped revision number for resource 2fe451fd-1ef2-4f99-85aa-0327e81771fa (type: security_group_rules) to 0 [pid: 8|app: 0|req: 1182/2390] 10.0.0.147 () {34 vars in 695 bytes} [Wed Apr 15 02:04:50 2026] POST /v2.0/security-group-rules => generated 597 bytes in 121 msecs (HTTP/1.1 201) 4 headers in 162 bytes (1 switches on core 0) [pid: 7|app: 0|req: 1209/2391] 10.0.0.147 () {32 vars in 724 bytes} [Wed Apr 15 02:04:49 2026] DELETE /v2.0/subnets/516fd899-062d-4815-9038-357a544856af => generated 0 bytes in 176 msecs (HTTP/1.1 204) 3 headers in 131 bytes (1 switches on core 0)
2026-04-15 02:04:50.241 8 INFO neutron.db.ovn_revision_numbers_db [None req-aec7ef59-9a9b-4c4c-8722-77db79a0b580 c9b70abc6c834a9b85f24fc329613396 84f32210ad494523b2f36a282dc916e6 - - default default] Successfully bumped revision number for resource 3145bc20-aeac-4fa4-88b2-f7c8fbdb5e86 (type: security_group_rules) to 0 [pid: 8|app: 0|req: 1183/2392] 10.0.0.147 () {34 vars in 695 bytes} [Wed Apr 15 02:04:50 2026] POST /v2.0/security-group-rules => generated 597 bytes in 108 msecs (HTTP/1.1 201) 4 headers in 162 bytes (1 switches on core 0)
2026-04-15 02:04:50.296 7 INFO neutron_taas.services.taas.taas_plugin [None req-d1125b73-00e7-40f4-a67c-7520e2645b7d 248f012604784488a9c8665d24e3d058 522e31c9b6ad48a6b44783ef65373474 - - default default] TaaS: Handle Delete Port: 2c18b3f5-a9d7-4dc7-a892-fcab097dc091
2026-04-15 02:04:50.298 7 INFO neutron_taas.services.taas.tap_mirror_plugin [None req-d1125b73-00e7-40f4-a67c-7520e2645b7d 248f012604784488a9c8665d24e3d058 522e31c9b6ad48a6b44783ef65373474 - - default default] Tap Mirror: Handle Delete Port: 2c18b3f5-a9d7-4dc7-a892-fcab097dc091
2026-04-15 02:04:50.383 8 INFO neutron.db.ovn_revision_numbers_db [None req-c76d2dad-bf40-45c8-ba37-d3688744b322 c9b70abc6c834a9b85f24fc329613396 84f32210ad494523b2f36a282dc916e6 - - default default] Successfully bumped revision number for resource 1596f1c6-56de-4d09-ad96-9a338b6411aa (type: security_group_rules) to 0 [pid: 8|app: 0|req: 1184/2393] 10.0.0.147 () {34 vars in 695 bytes} [Wed Apr 15 02:04:50 2026] POST /v2.0/security-group-rules => generated 599 bytes in 145 msecs (HTTP/1.1 201) 4 headers in 162 bytes (1 switches on core 0) [pid: 7|app: 0|req: 1210/2394] 10.0.0.147 () {32 vars in 726 bytes} [Wed Apr 15 02:04:50 2026] DELETE /v2.0/networks/8c8fefcc-3cd8-4c8e-8bfa-c2a9f06a78ac => generated 0 bytes in 326 msecs (HTTP/1.1 204) 3 headers in 131 bytes (1 switches on core 0)
2026-04-15 02:04:50.617 8 INFO neutron.db.ovn_revision_numbers_db [None req-80f4c61f-8b6a-4c1a-8e18-ea6c0af08d8d 55b1c3ee0ebb441696ec19d23c63e216 169397f8d4814c2eae8a14cb9c0ba34e - - default default] Successfully bumped revision number for resource 5db27cdd-f7e1-43fd-866b-e06414afe700 (type: security_groups) to 1
2026-04-15 02:04:50.632 8 INFO neutron.db.ovn_revision_numbers_db [None req-80f4c61f-8b6a-4c1a-8e18-ea6c0af08d8d 55b1c3ee0ebb441696ec19d23c63e216 169397f8d4814c2eae8a14cb9c0ba34e - - default default] Successfully bumped revision number for resource 1d208371-dbb2-4401-ac74-2d14de3370e9 (type: security_group_rules) to 0
2026-04-15 02:04:50.645 7 INFO neutron.db.ovn_revision_numbers_db [None req-2b5095d5-3193-4c2e-b7b3-7c6baee97831 c9b70abc6c834a9b85f24fc329613396 84f32210ad494523b2f36a282dc916e6 - - default default] Successfully bumped revision number for resource c8b14db3-a817-43f7-bc6a-4986014fd969 (type: security_group_rules) to 0
2026-04-15 02:04:50.645 8 INFO neutron.db.ovn_revision_numbers_db [None req-80f4c61f-8b6a-4c1a-8e18-ea6c0af08d8d 55b1c3ee0ebb441696ec19d23c63e216 169397f8d4814c2eae8a14cb9c0ba34e - - default default] Successfully bumped revision number for resource 2a05c5ba-7854-4197-b218-fd3034cdef76 (type: security_group_rules) to 0
2026-04-15 02:04:50.660 8 INFO neutron.db.ovn_revision_numbers_db [None req-80f4c61f-8b6a-4c1a-8e18-ea6c0af08d8d 55b1c3ee0ebb441696ec19d23c63e216 169397f8d4814c2eae8a14cb9c0ba34e - - default default] Successfully bumped revision number for resource 47a20d70-ada3-4578-ba06-632b6c2b754b (type: security_group_rules) to 0
2026-04-15 02:04:50.677 8 INFO neutron.db.ovn_revision_numbers_db [None req-80f4c61f-8b6a-4c1a-8e18-ea6c0af08d8d 55b1c3ee0ebb441696ec19d23c63e216 169397f8d4814c2eae8a14cb9c0ba34e - - default default] Successfully bumped revision number for resource bc2a302e-b3a6-44f2-96f5-9584b1263574 (type: security_group_rules) to 0 [pid: 7|app: 0|req: 1211/2395] 10.0.0.147 () {34 vars in 695 bytes} [Wed Apr 15 02:04:50 2026] POST /v2.0/security-group-rules => generated 601 bytes in 180 msecs (HTTP/1.1 201) 4 headers in 162 bytes (1 switches on core 0) [pid: 8|app: 0|req: 1185/2396] 10.0.0.147 () {32 vars in 774 bytes} [Wed Apr 15 02:04:50 2026] GET /v2.0/security-groups?tenant_id=b68b1cf2a728446fb9ba1cbd8a9b327f&name=default => generated 2929 bytes in 305 msecs (HTTP/1.1 200) 4 headers in 158 bytes (1 switches on core 0)
2026-04-15 02:04:50.813 7 INFO neutron.db.ovn_revision_numbers_db [None req-2b16dcc9-97a6-40f4-a7d1-536b32f1741f c9b70abc6c834a9b85f24fc329613396 84f32210ad494523b2f36a282dc916e6 - - default default] Successfully bumped revision number for resource 26e8a5af-2cae-4c86-ae66-db1cc8954ce0 (type: security_group_rules) to 0 [pid: 7|app: 0|req: 1212/2397] 10.0.0.147 () {34 vars in 695 bytes} [Wed Apr 15 02:04:50 2026] POST /v2.0/security-group-rules => generated 601 bytes in 159 msecs (HTTP/1.1 201) 4 headers in 162 bytes (1 switches on core 0) [pid: 8|app: 0|req: 1186/2398] 10.0.0.147 () {32 vars in 740 bytes} [Wed Apr 15 02:04:50 2026] DELETE /v2.0/security-groups/5db27cdd-f7e1-43fd-866b-e06414afe700 => generated 0 bytes in 215 msecs (HTTP/1.1 204) 2 headers in 112 bytes (1 switches on core 0)
2026-04-15 02:04:51.030 7 INFO neutron.db.ovn_revision_numbers_db [None req-f93ac6f4-8e83-4075-9147-34e9b5c30c7f c9b70abc6c834a9b85f24fc329613396 84f32210ad494523b2f36a282dc916e6 - - default default] Successfully bumped revision number for resource 6b59fdee-de3d-4ed2-b65c-598c6c1bed6d (type: security_group_rules) to 0
2026-04-15 02:04:51.044 8 WARNING neutron.plugins.ml2.drivers.ovn.mech_driver.ovsdb.ovn_client [None req-0dc43636-e58b-44c1-b3e8-d26da32b5a2a - - - - - -] No hosting information found for port d2271b32-b8f6-4f7a-8137-404c0e8557b4: RuntimeError: No hosting information found for port d2271b32-b8f6-4f7a-8137-404c0e8557b4 [pid: 7|app: 0|req: 1213/2399] 10.0.0.147 () {34 vars in 695 bytes} [Wed Apr 15 02:04:50 2026] POST /v2.0/security-group-rules => generated 597 bytes in 209 msecs (HTTP/1.1 201) 4 headers in 162 bytes (1 switches on core 0)
2026-04-15 02:04:51.157 8 INFO neutron.db.ovn_revision_numbers_db [None req-0dc43636-e58b-44c1-b3e8-d26da32b5a2a - - - - - -] Successfully bumped revision number for resource d2271b32-b8f6-4f7a-8137-404c0e8557b4 (type: router_ports) to 2
2026-04-15 02:04:51.300 8 INFO neutron.db.ovn_revision_numbers_db [None req-dcb30e12-ebbb-4b92-a31c-19f3398c30e9 c9b70abc6c834a9b85f24fc329613396 84f32210ad494523b2f36a282dc916e6 - - default default] Successfully bumped revision number for resource d377719b-3a02-4da2-92f1-f8ff78bbd4b0 (type: security_group_rules) to 0 [pid: 8|app: 0|req: 1187/2400] 10.0.0.147 () {34 vars in 695 bytes} [Wed Apr 15 02:04:51 2026] POST /v2.0/security-group-rules => generated 597 bytes in 270 msecs (HTTP/1.1 201) 4 headers in 162 bytes (1 switches on core 0) [pid: 8|app: 0|req: 1188/2401] 10.0.0.147 () {32 vars in 774 bytes} [Wed Apr 15 02:04:51 2026] GET /v2.0/security-groups?tenant_id=0648716fc7ba4a0b884efd3e8b31e521&name=default => generated 2929 bytes in 26 msecs (HTTP/1.1 200) 4 headers in 158 bytes (1 switches on core 0)
2026-04-15 02:04:51.414 7 INFO neutron.db.ovn_revision_numbers_db [None req-2785a57f-3483-4236-8ef9-eee08aa61824 55b1c3ee0ebb441696ec19d23c63e216 169397f8d4814c2eae8a14cb9c0ba34e - - default default] Successfully bumped revision number for resource 7296f662-5afa-4dc4-bcdc-5c2db20f1acc (type: security_groups) to 1
2026-04-15 02:04:51.426 7 INFO neutron.db.ovn_revision_numbers_db [None req-2785a57f-3483-4236-8ef9-eee08aa61824 55b1c3ee0ebb441696ec19d23c63e216 169397f8d4814c2eae8a14cb9c0ba34e - - default default] Successfully bumped revision number for resource 20e493f2-1a2a-41f3-b78b-3e1715185d67 (type: security_group_rules) to 0
2026-04-15 02:04:51.436 7 INFO neutron.db.ovn_revision_numbers_db [None req-2785a57f-3483-4236-8ef9-eee08aa61824 55b1c3ee0ebb441696ec19d23c63e216 169397f8d4814c2eae8a14cb9c0ba34e - - default default] Successfully bumped revision number for resource bb0b1529-ecc0-4e9f-ac7b-1db882dd97d5 (type: security_group_rules) to 0
2026-04-15 02:04:51.450 7 INFO neutron.db.ovn_revision_numbers_db [None req-2785a57f-3483-4236-8ef9-eee08aa61824 55b1c3ee0ebb441696ec19d23c63e216 169397f8d4814c2eae8a14cb9c0ba34e - - default default] Successfully bumped revision number for resource dee990d5-d184-4555-9763-d7af092594b5 (type: security_group_rules) to 0
2026-04-15 02:04:51.460 7 INFO neutron.db.ovn_revision_numbers_db [None req-2785a57f-3483-4236-8ef9-eee08aa61824 55b1c3ee0ebb441696ec19d23c63e216 169397f8d4814c2eae8a14cb9c0ba34e - - default default] Successfully bumped revision number for resource f8bb413a-908a-4f9e-9b0b-eaa726edee99 (type: security_group_rules) to 0 [pid: 7|app: 0|req: 1214/2402] 10.0.0.147 () {32 vars in 774 bytes} [Wed Apr 15 02:04:51 2026] GET /v2.0/security-groups?tenant_id=956df0456415440bb9e241ca6cfeb8e1&name=default => generated 2929 bytes in 401 msecs (HTTP/1.1 200) 4 headers in 158 bytes (1 switches on core 0)
2026-04-15 02:04:51.522 8 INFO neutron.db.ovn_revision_numbers_db [None req-dbeb6fc8-6ac3-4952-8ee0-dcb0ca89eff3 c9b70abc6c834a9b85f24fc329613396 84f32210ad494523b2f36a282dc916e6 - - default default] Successfully bumped revision number for resource 63d89dea-3fdd-43c5-9504-5d29a5259fd6 (type: security_group_rules) to 0 [pid: 8|app: 0|req: 1189/2403] 10.0.0.147 () {34 vars in 695 bytes} [Wed Apr 15 02:04:51 2026] POST /v2.0/security-group-rules => generated 597 bytes in 187 msecs (HTTP/1.1 201) 4 headers in 162 bytes (1 switches on core 0)
2026-04-15 02:04:51.730 7 INFO neutron.services.segments.plugin [-] Segment 29349d75-f3c2-4b28-a238-ef066174f16a resource provider aggregate not found
2026-04-15 02:04:51.733 7 INFO neutron.services.segments.plugin [-] Segment 29349d75-f3c2-4b28-a238-ef066174f16a resource provider aggregate not found
2026-04-15 02:04:51.748 7 INFO neutron.services.segments.plugin [-] Segment 29349d75-f3c2-4b28-a238-ef066174f16a resource provider not found; error: Placement Client Error (4xx): {"errors": [{"status": 404, "title": "Not Found", "detail": "The resource could not be found.\n\n No resource provider with uuid 29349d75-f3c2-4b28-a238-ef066174f16a found for delete ", "request_id": "req-a9987bac-10eb-4518-9b2f-2ace2064d7bc"}]} [pid: 8|app: 0|req: 1190/2404] 10.0.0.147 () {32 vars in 740 bytes} [Wed Apr 15 02:04:51 2026] DELETE /v2.0/security-groups/7296f662-5afa-4dc4-bcdc-5c2db20f1acc => generated 0 bytes in 202 msecs (HTTP/1.1 204) 2 headers in 112 bytes (1 switches on core 0)
2026-04-15 02:04:51.751 7 INFO neutron.services.segments.plugin [-] Segment 29349d75-f3c2-4b28-a238-ef066174f16a resource provider not found; error: Placement Client Error (4xx): {"errors": [{"status": 404, "title": "Not Found", "detail": "The resource could not be found.\n\n No resource provider with uuid 29349d75-f3c2-4b28-a238-ef066174f16a found for delete ", "request_id": "req-ed87eac6-2d4b-414c-bc90-15e7578d7837"}]} [pid: 7|app: 0|req: 1215/2405] 10.0.0.147 () {32 vars in 740 bytes} [Wed Apr 15 02:04:51 2026] DELETE /v2.0/security-groups/bce5fa98-2a66-47f8-a96f-1eccdc417892 => generated 0 bytes in 263 msecs (HTTP/1.1 204) 2 headers in 112 bytes (1 switches on core 0) [pid: 7|app: 0|req: 1216/2406] 10.0.0.147 () {32 vars in 774 bytes} [Wed Apr 15 02:04:51 2026] GET /v2.0/security-groups?tenant_id=522e31c9b6ad48a6b44783ef65373474&name=default => generated 2929 bytes in 31 msecs (HTTP/1.1 200) 4 headers in 158 bytes (1 switches on core 0)
2026-04-15 02:04:51.909 8 INFO neutron.db.ovn_revision_numbers_db [None req-8982fdc4-3ff9-443a-8a85-af279253874d c9b70abc6c834a9b85f24fc329613396 84f32210ad494523b2f36a282dc916e6 - - default default] Successfully bumped revision number for resource 7b740d7f-d22c-433b-98da-424fc75c8250 (type: security_group_rules) to 0 [pid: 8|app: 0|req: 1191/2407] 10.0.0.147 () {34 vars in 695 bytes} [Wed Apr 15 02:04:51 2026] POST /v2.0/security-group-rules => generated 599 bytes in 186 msecs (HTTP/1.1 201) 4 headers in 162 bytes (1 switches on core 0)
2026-04-15 02:04:52.117 8 INFO neutron.db.ovn_revision_numbers_db [None req-9e72872f-7e65-4063-b330-4ccf5b941d49 c9b70abc6c834a9b85f24fc329613396 84f32210ad494523b2f36a282dc916e6 - - default default] Successfully bumped revision number for resource 670e4487-ea29-41b6-9f39-869de88962a0 (type: security_group_rules) to 0 [pid: 7|app: 0|req: 1217/2408] 10.0.0.147 () {32 vars in 740 bytes} [Wed Apr 15 02:04:51 2026] DELETE /v2.0/security-groups/4268580c-ff1d-4998-9303-57ce6ba327c2 => generated 0 bytes in 220 msecs (HTTP/1.1 204) 2 headers in 112 bytes (1 switches on core 0) [pid: 8|app: 0|req: 1192/2409] 10.0.0.147 () {34 vars in 695 bytes} [Wed Apr 15 02:04:51 2026] POST /v2.0/security-group-rules => generated 601 bytes in 203 msecs (HTTP/1.1 201) 4 headers in 162 bytes (1 switches on core 0)
2026-04-15 02:04:52.328 7 INFO neutron.db.ovn_revision_numbers_db [None req-25ca934a-c36a-4f7e-9820-66d7a115458f c9b70abc6c834a9b85f24fc329613396 84f32210ad494523b2f36a282dc916e6 - - default default] Successfully bumped revision number for resource dcaaa340-cbdc-4ec3-8f30-282a662673ed (type: security_group_rules) to 0 [pid: 7|app: 0|req: 1218/2410] 10.0.0.147 () {34 vars in 695 bytes} [Wed Apr 15 02:04:52 2026] POST /v2.0/security-group-rules => generated 597 bytes in 206 msecs (HTTP/1.1 201) 4 headers in 162 bytes (1 switches on core 0) [pid: 8|app: 0|req: 1193/2411] 10.0.0.12 () {34 vars in 1093 bytes} [Wed Apr 15 02:04:52 2026] GET /v2.0/security-groups?name=tempest-lb_member_SG-319741277&fields=id&tenant_id=84f32210ad494523b2f36a282dc916e6 => generated 69 bytes in 39 msecs (HTTP/1.1 200) 4 headers in 156 bytes (1 switches on core 0) [pid: 7|app: 0|req: 1219/2412] 10.0.0.12 () {34 vars in 981 bytes} [Wed Apr 15 02:04:52 2026] GET /v2.0/networks?id=0062066a-b11e-4d9e-b98b-6240437d0c96 => generated 743 bytes in 47 msecs (HTTP/1.1 200) 4 headers in 157 bytes (1 switches on core 0) [pid: 8|app: 0|req: 1194/2413] 10.0.0.12 () {34 vars in 964 bytes} [Wed Apr 15 02:04:52 2026] GET /v2.0/quotas/84f32210ad494523b2f36a282dc916e6 => generated 292 bytes in 23 msecs (HTTP/1.1 200) 4 headers in 157 bytes (1 switches on core 0) [pid: 7|app: 0|req: 1220/2414] 10.0.0.12 () {34 vars in 1001 bytes} [Wed Apr 15 02:04:52 2026] GET /v2.0/ports?tenant_id=84f32210ad494523b2f36a282dc916e6&fields=id => generated 287 bytes in 147 msecs (HTTP/1.1 200) 4 headers in 157 bytes (1 switches on core 0) [pid: 8|app: 0|req: 1195/2415] 10.0.0.12 () {34 vars in 1007 bytes} [Wed Apr 15 02:04:52 2026] GET /v2.0/networks/0062066a-b11e-4d9e-b98b-6240437d0c96?fields=segments => generated 14 bytes in 47 msecs (HTTP/1.1 200) 4 headers in 156 bytes (1 switches on core 0) [pid: 7|app: 0|req: 1221/2416] 10.0.0.12 () {34 vars in 1107 bytes} [Wed Apr 15 02:04:52 2026] GET /v2.0/networks/0062066a-b11e-4d9e-b98b-6240437d0c96?fields=provider%3Aphysical_network&fields=provider%3Anetwork_type => generated 79 bytes in 41 msecs (HTTP/1.1 200) 4 headers in 156 bytes (1 switches on core 0) [pid: 8|app: 0|req: 1196/2417] 10.0.0.12 () {34 vars in 989 bytes} [Wed Apr 15 02:04:53 2026] GET /v2.0/ports?device_id=03433f21-3278-41e3-9cfc-bb92ad4319ca => generated 12 bytes in 18 msecs (HTTP/1.1 200) 4 headers in 156 bytes (1 switches on core 0)
2026-04-15 02:04:53.688 7 INFO neutron.db.ovn_revision_numbers_db [None req-73c920a7-7ced-4ef9-986b-a67e950f6245 b82cd09fbecd42f7917389257db257f3 743c71a1be904211a63492d9d4a916a3 - - default default] Successfully bumped revision number for resource 9a88e64c-a8a9-4df4-8612-37f0f6233eac (type: security_groups) to 1
2026-04-15 02:04:53.699 7 INFO neutron.db.ovn_revision_numbers_db [None req-73c920a7-7ced-4ef9-986b-a67e950f6245 b82cd09fbecd42f7917389257db257f3 743c71a1be904211a63492d9d4a916a3 - - default default] Successfully bumped revision number for resource 60f19166-9304-4ebe-9673-a9cf815f1d3d (type: security_group_rules) to 0
2026-04-15 02:04:53.711 7 INFO neutron.db.ovn_revision_numbers_db [None req-73c920a7-7ced-4ef9-986b-a67e950f6245 b82cd09fbecd42f7917389257db257f3 743c71a1be904211a63492d9d4a916a3 - - default default] Successfully bumped revision number for resource 71f95b58-38e8-4651-b925-0ece1f33aa9a (type: security_group_rules) to 0
2026-04-15 02:04:53.722 7 INFO neutron.db.ovn_revision_numbers_db [None req-73c920a7-7ced-4ef9-986b-a67e950f6245 b82cd09fbecd42f7917389257db257f3 743c71a1be904211a63492d9d4a916a3 - - default default] Successfully bumped revision number for resource c028b18c-be1d-455f-a3db-f82d9eaedc02 (type: security_group_rules) to 0
2026-04-15 02:04:53.733 7 INFO neutron.db.ovn_revision_numbers_db [None req-73c920a7-7ced-4ef9-986b-a67e950f6245 b82cd09fbecd42f7917389257db257f3 743c71a1be904211a63492d9d4a916a3 - - default default] Successfully bumped revision number for resource c7db9d79-e247-4ea3-b315-0b7741025f6d (type: security_group_rules) to 0
2026-04-15 02:04:53.780 7 WARNING neutron.plugins.ml2.drivers.ovn.mech_driver.ovsdb.ovn_client [None req-36b8fc93-3fbb-426e-b21f-262df6e65724 - - - - - -] No hosting information found for port 6f65c0d2-6498-48c1-8155-e337fc9528d4: RuntimeError: No hosting information found for port 6f65c0d2-6498-48c1-8155-e337fc9528d4
2026-04-15 02:04:53.820 7 INFO neutron.db.segments_db [None req-73c920a7-7ced-4ef9-986b-a67e950f6245 b82cd09fbecd42f7917389257db257f3 743c71a1be904211a63492d9d4a916a3 - - default default] Added segment 7c41ca9b-d7ae-49f5-a008-480915919865 of type geneve for network 5513132b-c397-457d-b661-ec6a6e63280a
2026-04-15 02:04:53.895 7 INFO neutron.db.ovn_revision_numbers_db [None req-36b8fc93-3fbb-426e-b21f-262df6e65724 - - - - - -] Successfully bumped revision number for resource 6f65c0d2-6498-48c1-8155-e337fc9528d4 (type: router_ports) to 2
2026-04-15 02:04:53.895 7 INFO neutron.plugins.ml2.drivers.ovn.mech_driver.mech_driver [None req-36b8fc93-3fbb-426e-b21f-262df6e65724 - - - - - -] OVN reports status down for port: 0cccf5ef-27fb-4bcc-b963-f9372aca136e
2026-04-15 02:04:53.996 7 WARNING neutron.plugins.ml2.drivers.ovn.mech_driver.ovsdb.ovn_client [None req-36b8fc93-3fbb-426e-b21f-262df6e65724 - - - - - -] Logical_Switch_Port %s host information not removed, the port state is up
2026-04-15 02:04:53.998 7 INFO neutron.plugins.ml2.drivers.ovn.mech_driver.mech_driver [None req-36b8fc93-3fbb-426e-b21f-262df6e65724 - - - - - -] OVN reports status up for port: 0cccf5ef-27fb-4bcc-b963-f9372aca136e
2026-04-15 02:04:54.005 7 INFO neutron.db.ovn_revision_numbers_db [None req-73c920a7-7ced-4ef9-986b-a67e950f6245 b82cd09fbecd42f7917389257db257f3 743c71a1be904211a63492d9d4a916a3 - - default default] Successfully bumped revision number for resource 5513132b-c397-457d-b661-ec6a6e63280a (type: networks) to 1
2026-04-15 02:04:54.018 7 INFO neutron.plugins.ml2.plugin [None req-36b8fc93-3fbb-426e-b21f-262df6e65724 - - - - - -] Attempt 1 to provision port 0cccf5ef-27fb-4bcc-b963-f9372aca136e
2026-04-15 02:04:54.262 7 WARNING neutron.scheduler.dhcp_agent_scheduler [None req-73c920a7-7ced-4ef9-986b-a67e950f6245 b82cd09fbecd42f7917389257db257f3 743c71a1be904211a63492d9d4a916a3 - - default default] No more DHCP agents
2026-04-15 02:04:54.264 7 WARNING neutron.api.rpc.agentnotifiers.dhcp_rpc_agent_api [None req-73c920a7-7ced-4ef9-986b-a67e950f6245 b82cd09fbecd42f7917389257db257f3 743c71a1be904211a63492d9d4a916a3 - - default default] Unable to schedule network 5513132b-c397-457d-b661-ec6a6e63280a: no agents available; will retry on subsequent port and subnet creation events.
2026-04-15 02:04:54.420 7 INFO neutron.db.ovn_revision_numbers_db [None req-73c920a7-7ced-4ef9-986b-a67e950f6245 b82cd09fbecd42f7917389257db257f3 743c71a1be904211a63492d9d4a916a3 - - default default] Successfully bumped revision number for resource 39476ebd-fbde-4d12-9c5d-32ae7fdb57ca (type: ports) to 1 [pid: 7|app: 0|req: 1222/2418] 10.0.0.147 () {34 vars in 670 bytes} [Wed Apr 15 02:04:53 2026] POST /v2.0/networks => generated 651 bytes in 1053 msecs (HTTP/1.1 201) 4 headers in 162 bytes (1 switches on core 0)
2026-04-15 02:04:54.588 7 INFO neutron.db.ovn_revision_numbers_db [None req-36b8fc93-3fbb-426e-b21f-262df6e65724 - - - - - -] Successfully bumped revision number for resource 0cccf5ef-27fb-4bcc-b963-f9372aca136e (type: ports) to 2
2026-04-15 02:04:54.687 8 WARNING neutron.scheduler.dhcp_agent_scheduler [None req-d77dcc92-a09f-45d2-b2d9-cd0cf1dd4908 b82cd09fbecd42f7917389257db257f3 743c71a1be904211a63492d9d4a916a3 - - default default] No more DHCP agents
2026-04-15 02:04:54.688 8 WARNING neutron.api.rpc.agentnotifiers.dhcp_rpc_agent_api [None req-d77dcc92-a09f-45d2-b2d9-cd0cf1dd4908 b82cd09fbecd42f7917389257db257f3 743c71a1be904211a63492d9d4a916a3 - - default default] Unable to schedule network 5513132b-c397-457d-b661-ec6a6e63280a: no agents available; will retry on subsequent port and subnet creation events.
2026-04-15 02:04:54.755 8 INFO neutron.plugins.ml2.drivers.ovn.mech_driver.mech_driver [None req-0dc43636-e58b-44c1-b3e8-d26da32b5a2a - - - - - -] OVN reports status down for port: 7c3828a7-7862-43e2-9f25-f92aa277c295
2026-04-15 02:04:54.821 8 INFO neutron.db.ovn_revision_numbers_db [None req-d77dcc92-a09f-45d2-b2d9-cd0cf1dd4908 b82cd09fbecd42f7917389257db257f3 743c71a1be904211a63492d9d4a916a3 - - default default] Successfully bumped revision number for resource 7c3828a7-7862-43e2-9f25-f92aa277c295 (type: ports) to 1 [pid: 8|app: 0|req: 1197/2419] 10.0.0.147 () {34 vars in 664 bytes} [Wed Apr 15 02:04:54 2026] POST /v2.0/ports => generated 743 bytes in 415 msecs (HTTP/1.1 201) 4 headers in 162 bytes (1 switches on core 0) /var/lib/openstack/lib/python3.12/site-packages/pycadf/identifier.py:70: UserWarning: Invalid uuid: neutron. To ensure interoperability, identifiers should be a valid uuid. warnings.warn(('Invalid uuid: %s. To ensure interoperability, '
2026-04-15 02:04:54.943 7 INFO neutron.db.ovn_revision_numbers_db [None req-d34ae128-c872-49d8-a188-4fda18209c7e 8afecb4802b84b32b1aa5766b2195dec d0a1007ea1ce47b8b547770dffca81cf - - default default] Successfully bumped revision number for resource 509d26bc-cd7e-4575-9c87-15be4a5092e6 (type: security_groups) to 1
2026-04-15 02:04:54.951 7 INFO neutron.db.ovn_revision_numbers_db [None req-d34ae128-c872-49d8-a188-4fda18209c7e 8afecb4802b84b32b1aa5766b2195dec d0a1007ea1ce47b8b547770dffca81cf - - default default] Successfully bumped revision number for resource 20cbba8e-cfb9-4043-9dff-7641d372e9c4 (type: security_group_rules) to 0
2026-04-15 02:04:54.959 7 INFO neutron.db.ovn_revision_numbers_db [None req-d34ae128-c872-49d8-a188-4fda18209c7e 8afecb4802b84b32b1aa5766b2195dec d0a1007ea1ce47b8b547770dffca81cf - - default default] Successfully bumped revision number for resource d6528e01-631c-4961-a076-4dc2f1155ce1 (type: security_group_rules) to 0
2026-04-15 02:04:54.968 7 INFO neutron.db.ovn_revision_numbers_db [None req-d34ae128-c872-49d8-a188-4fda18209c7e 8afecb4802b84b32b1aa5766b2195dec d0a1007ea1ce47b8b547770dffca81cf - - default default] Successfully bumped revision number for resource dbebce2c-8bf7-467e-b117-3abd9bcfdf1d (type: security_group_rules) to 0
2026-04-15 02:04:54.978 7 INFO neutron.db.ovn_revision_numbers_db [None req-d34ae128-c872-49d8-a188-4fda18209c7e 8afecb4802b84b32b1aa5766b2195dec d0a1007ea1ce47b8b547770dffca81cf - - default default] Successfully bumped revision number for resource f3d60e90-5295-4d44-b6d5-2e10f6023e86 (type: security_group_rules) to 0
2026-04-15 02:04:54.990 8 INFO neutron.db.segments_db [None req-e9b99e44-7982-4b55-8473-b86210046166 b82cd09fbecd42f7917389257db257f3 743c71a1be904211a63492d9d4a916a3 - - default default] Added segment 76747d8b-9c58-41e9-af9a-17e503fc051d of type geneve for network 0b92b485-b246-430b-819d-a95fc87abda2
2026-04-15 02:04:55.048 7 INFO neutron.db.segments_db [None req-d34ae128-c872-49d8-a188-4fda18209c7e 8afecb4802b84b32b1aa5766b2195dec d0a1007ea1ce47b8b547770dffca81cf - - default default] Added segment 33e33220-ea9b-4b7f-a7e1-c78d350e8de1 of type geneve for network ed12236e-c17b-40ba-a70e-85cd1c55c5af
2026-04-15 02:04:55.097 8 INFO neutron.db.ovn_revision_numbers_db [None req-e9b99e44-7982-4b55-8473-b86210046166 b82cd09fbecd42f7917389257db257f3 743c71a1be904211a63492d9d4a916a3 - - default default] Successfully bumped revision number for resource 0b92b485-b246-430b-819d-a95fc87abda2 (type: networks) to 1
2026-04-15 02:04:55.143 7 INFO neutron.db.ovn_revision_numbers_db [None req-d34ae128-c872-49d8-a188-4fda18209c7e 8afecb4802b84b32b1aa5766b2195dec d0a1007ea1ce47b8b547770dffca81cf - - default default] Successfully bumped revision number for resource ed12236e-c17b-40ba-a70e-85cd1c55c5af (type: networks) to 1
2026-04-15 02:04:55.250 8 WARNING neutron.scheduler.dhcp_agent_scheduler [None req-e9b99e44-7982-4b55-8473-b86210046166 b82cd09fbecd42f7917389257db257f3 743c71a1be904211a63492d9d4a916a3 - - default default] No more DHCP agents
2026-04-15 02:04:55.251 8 WARNING neutron.api.rpc.agentnotifiers.dhcp_rpc_agent_api [None req-e9b99e44-7982-4b55-8473-b86210046166 b82cd09fbecd42f7917389257db257f3 743c71a1be904211a63492d9d4a916a3 - - default default] Unable to schedule network 0b92b485-b246-430b-819d-a95fc87abda2: no agents available; will retry on subsequent port and subnet creation events.
2026-04-15 02:04:55.325 7 WARNING neutron.scheduler.dhcp_agent_scheduler [None req-d34ae128-c872-49d8-a188-4fda18209c7e 8afecb4802b84b32b1aa5766b2195dec d0a1007ea1ce47b8b547770dffca81cf - - default default] No more DHCP agents
2026-04-15 02:04:55.326 7 WARNING neutron.api.rpc.agentnotifiers.dhcp_rpc_agent_api [None req-d34ae128-c872-49d8-a188-4fda18209c7e 8afecb4802b84b32b1aa5766b2195dec d0a1007ea1ce47b8b547770dffca81cf - - default default] Unable to schedule network ed12236e-c17b-40ba-a70e-85cd1c55c5af: no agents available; will retry on subsequent port and subnet creation events.
2026-04-15 02:04:55.330 8 INFO neutron.db.ovn_revision_numbers_db [None req-e9b99e44-7982-4b55-8473-b86210046166 b82cd09fbecd42f7917389257db257f3 743c71a1be904211a63492d9d4a916a3 - - default default] Successfully bumped revision number for resource 922ef6a1-cabf-4002-82ca-dc9175d16cf2 (type: ports) to 1 [pid: 8|app: 0|req: 1198/2420] 10.0.0.147 () {34 vars in 670 bytes} [Wed Apr 15 02:04:54 2026] POST /v2.0/networks => generated 650 bytes in 460 msecs (HTTP/1.1 201) 4 headers in 162 bytes (1 switches on core 0)
2026-04-15 02:04:55.394 8 INFO neutron.plugins.ml2.drivers.ovn.mech_driver.mech_driver [None req-0dc43636-e58b-44c1-b3e8-d26da32b5a2a - - - - - -] OVN reports status down for port: d055d425-66be-467e-ae5c-b561628b844f
2026-04-15 02:04:55.401 7 INFO neutron.db.ovn_revision_numbers_db [None req-d34ae128-c872-49d8-a188-4fda18209c7e 8afecb4802b84b32b1aa5766b2195dec d0a1007ea1ce47b8b547770dffca81cf - - default default] Successfully bumped revision number for resource d055d425-66be-467e-ae5c-b561628b844f (type: ports) to 1 [pid: 7|app: 0|req: 1223/2421] 10.0.0.147 () {34 vars in 670 bytes} [Wed Apr 15 02:04:54 2026] POST /v2.0/networks => generated 645 bytes in 738 msecs (HTTP/1.1 201) 4 headers in 162 bytes (1 switches on core 0)
2026-04-15 02:04:55.588 7 WARNING neutron.scheduler.dhcp_agent_scheduler [None req-cdf94f7b-ef4f-4211-8583-cf0055942130 8afecb4802b84b32b1aa5766b2195dec d0a1007ea1ce47b8b547770dffca81cf - - default default] No more DHCP agents
2026-04-15 02:04:55.589 7 WARNING neutron.api.rpc.agentnotifiers.dhcp_rpc_agent_api [None req-cdf94f7b-ef4f-4211-8583-cf0055942130 8afecb4802b84b32b1aa5766b2195dec d0a1007ea1ce47b8b547770dffca81cf - - default default] Unable to schedule network ed12236e-c17b-40ba-a70e-85cd1c55c5af: no agents available; will retry on subsequent port and subnet creation events.
2026-04-15 02:04:55.612 8 WARNING neutron.scheduler.dhcp_agent_scheduler [None req-9eb6e1e8-b983-4fd8-95f4-a49edff289d0 b82cd09fbecd42f7917389257db257f3 743c71a1be904211a63492d9d4a916a3 - - default default] No more DHCP agents
2026-04-15 02:04:55.614 8 WARNING neutron.api.rpc.agentnotifiers.dhcp_rpc_agent_api [None req-9eb6e1e8-b983-4fd8-95f4-a49edff289d0 b82cd09fbecd42f7917389257db257f3 743c71a1be904211a63492d9d4a916a3 - - default default] Unable to schedule network 0b92b485-b246-430b-819d-a95fc87abda2: no agents available; will retry on subsequent port and subnet creation events.
2026-04-15 02:04:55.681 8 INFO neutron.plugins.ml2.drivers.ovn.mech_driver.mech_driver [None req-0dc43636-e58b-44c1-b3e8-d26da32b5a2a - - - - - -] OVN reports status down for port: d0fd556c-b72a-4886-971e-62df3ce85303
2026-04-15 02:04:55.734 8 INFO neutron.db.ovn_revision_numbers_db [None req-9eb6e1e8-b983-4fd8-95f4-a49edff289d0 b82cd09fbecd42f7917389257db257f3 743c71a1be904211a63492d9d4a916a3 - - default default] Successfully bumped revision number for resource d0fd556c-b72a-4886-971e-62df3ce85303 (type: ports) to 1 [pid: 8|app: 0|req: 1199/2422] 10.0.0.147 () {34 vars in 664 bytes} [Wed Apr 15 02:04:55 2026] POST /v2.0/ports => generated 743 bytes in 450 msecs (HTTP/1.1 201) 4 headers in 162 bytes (1 switches on core 0) /var/lib/openstack/lib/python3.12/site-packages/pycadf/identifier.py:70: UserWarning: Invalid uuid: neutron. To ensure interoperability, identifiers should be a valid uuid. warnings.warn(('Invalid uuid: %s. To ensure interoperability, '
2026-04-15 02:04:55.894 8 INFO neutron.db.segments_db [None req-6a89ab0e-ecc2-405c-9300-835ea231d6e6 b82cd09fbecd42f7917389257db257f3 743c71a1be904211a63492d9d4a916a3 - - default default] Added segment 11ff0fbf-a86e-416b-adb4-8266338d2b94 of type geneve for network 588b89c0-b6b6-4881-94fa-bc7ab234be48
2026-04-15 02:04:56.006 8 INFO neutron.db.ovn_revision_numbers_db [None req-6a89ab0e-ecc2-405c-9300-835ea231d6e6 b82cd09fbecd42f7917389257db257f3 743c71a1be904211a63492d9d4a916a3 - - default default] Successfully bumped revision number for resource 588b89c0-b6b6-4881-94fa-bc7ab234be48 (type: networks) to 1
2026-04-15 02:04:56.021 7 INFO neutron.db.ovn_revision_numbers_db [None req-b64ed3c0-7672-4f33-bfaa-1885a84c4299 - - - - - -] Successfully bumped revision number for resource d055d425-66be-467e-ae5c-b561628b844f (type: ports) to 2
2026-04-15 02:04:56.051 7 INFO neutron.db.ovn_revision_numbers_db [None req-b64ed3c0-7672-4f33-bfaa-1885a84c4299 - - - - - -] Successfully bumped revision number for resource fbb80e25-963a-4eab-bbe0-22cd364e464e (type: subnets) to 0 [pid: 7|app: 0|req: 1224/2423] 10.0.0.147 () {34 vars in 669 bytes} [Wed Apr 15 02:04:55 2026] POST /v2.0/subnets => generated 626 bytes in 642 msecs (HTTP/1.1 201) 4 headers in 162 bytes (1 switches on core 0)
2026-04-15 02:04:56.143 8 WARNING neutron.scheduler.dhcp_agent_scheduler [None req-6a89ab0e-ecc2-405c-9300-835ea231d6e6 b82cd09fbecd42f7917389257db257f3 743c71a1be904211a63492d9d4a916a3 - - default default] No more DHCP agents
2026-04-15 02:04:56.144 8 WARNING neutron.api.rpc.agentnotifiers.dhcp_rpc_agent_api [None req-6a89ab0e-ecc2-405c-9300-835ea231d6e6 b82cd09fbecd42f7917389257db257f3 743c71a1be904211a63492d9d4a916a3 - - default default] Unable to schedule network 588b89c0-b6b6-4881-94fa-bc7ab234be48: no agents available; will retry on subsequent port and subnet creation events.
2026-04-15 02:04:56.190 8 INFO neutron.plugins.ml2.drivers.ovn.mech_driver.mech_driver [None req-0dc43636-e58b-44c1-b3e8-d26da32b5a2a - - - - - -] OVN reports status down for port: 5fde834a-b325-4e69-9d28-a98dcc6d3371
2026-04-15 02:04:56.244 8 INFO neutron.db.ovn_revision_numbers_db [None req-6a89ab0e-ecc2-405c-9300-835ea231d6e6 b82cd09fbecd42f7917389257db257f3 743c71a1be904211a63492d9d4a916a3 - - default default] Successfully bumped revision number for resource 5fde834a-b325-4e69-9d28-a98dcc6d3371 (type: ports) to 1 [pid: 8|app: 0|req: 1200/2424] 10.0.0.147 () {34 vars in 670 bytes} [Wed Apr 15 02:04:55 2026] POST /v2.0/networks => generated 651 bytes in 480 msecs (HTTP/1.1 201) 4 headers in 162 bytes (1 switches on core 0)
2026-04-15 02:04:56.491 7 WARNING neutron.scheduler.dhcp_agent_scheduler [None req-209ee938-b4f5-47a6-9855-ca355816c4c3 8afecb4802b84b32b1aa5766b2195dec d0a1007ea1ce47b8b547770dffca81cf - - default default] No more DHCP agents
2026-04-15 02:04:56.492 7 WARNING neutron.api.rpc.agentnotifiers.dhcp_rpc_agent_api [None req-209ee938-b4f5-47a6-9855-ca355816c4c3 8afecb4802b84b32b1aa5766b2195dec d0a1007ea1ce47b8b547770dffca81cf - - default default] Unable to schedule network 26f05587-949a-4cde-bde6-2fb7595783d2: no agents available; will retry on subsequent port and subnet creation events.
2026-04-15 02:04:56.508 8 WARNING neutron.scheduler.dhcp_agent_scheduler [None req-db601a2a-7b00-4750-a2d5-2f4b1ea48a7d b82cd09fbecd42f7917389257db257f3 743c71a1be904211a63492d9d4a916a3 - - default default] No more DHCP agents
2026-04-15 02:04:56.510 8 WARNING neutron.api.rpc.agentnotifiers.dhcp_rpc_agent_api [None req-db601a2a-7b00-4750-a2d5-2f4b1ea48a7d b82cd09fbecd42f7917389257db257f3 743c71a1be904211a63492d9d4a916a3 - - default default] Unable to schedule network 588b89c0-b6b6-4881-94fa-bc7ab234be48: no agents available; will retry on subsequent port and subnet creation events.
2026-04-15 02:04:56.593 8 INFO neutron.db.ovn_revision_numbers_db [None req-db601a2a-7b00-4750-a2d5-2f4b1ea48a7d b82cd09fbecd42f7917389257db257f3 743c71a1be904211a63492d9d4a916a3 - - default default] Successfully bumped revision number for resource 7a8200ef-7a8d-4a20-92dd-7229871df099 (type: ports) to 1 [pid: 8|app: 0|req: 1201/2425] 10.0.0.147 () {34 vars in 664 bytes} [Wed Apr 15 02:04:56 2026] POST /v2.0/ports => generated 743 bytes in 361 msecs (HTTP/1.1 201) 4 headers in 162 bytes (1 switches on core 0) /var/lib/openstack/lib/python3.12/site-packages/pycadf/identifier.py:70: UserWarning: Invalid uuid: neutron. To ensure interoperability, identifiers should be a valid uuid. warnings.warn(('Invalid uuid: %s. To ensure interoperability, '
2026-04-15 02:04:56.677 7 INFO neutron.db.ovn_revision_numbers_db [None req-209ee938-b4f5-47a6-9855-ca355816c4c3 8afecb4802b84b32b1aa5766b2195dec d0a1007ea1ce47b8b547770dffca81cf - - default default] Successfully bumped revision number for resource 9c4b8fb6-dc78-4882-b3ca-4037f1d69ef3 (type: ports) to 1
2026-04-15 02:04:56.743 8 INFO neutron.db.segments_db [None req-af829005-cc0f-4931-b444-0357970609d1 b82cd09fbecd42f7917389257db257f3 743c71a1be904211a63492d9d4a916a3 - - default default] Added segment 7d9df9fa-9fa8-44ef-a3f7-4b7d4afa6976 of type geneve for network 73d1f46d-9c42-4e23-9549-713f66a1b466
2026-04-15 02:04:56.846 8 INFO neutron.db.ovn_revision_numbers_db [None req-af829005-cc0f-4931-b444-0357970609d1 b82cd09fbecd42f7917389257db257f3 743c71a1be904211a63492d9d4a916a3 - - default default] Successfully bumped revision number for resource 73d1f46d-9c42-4e23-9549-713f66a1b466 (type: networks) to 1
2026-04-15 02:04:56.996 8 WARNING neutron.scheduler.dhcp_agent_scheduler [None req-af829005-cc0f-4931-b444-0357970609d1 b82cd09fbecd42f7917389257db257f3 743c71a1be904211a63492d9d4a916a3 - - default default] No more DHCP agents
2026-04-15 02:04:56.997 8 WARNING neutron.api.rpc.agentnotifiers.dhcp_rpc_agent_api [None req-af829005-cc0f-4931-b444-0357970609d1 b82cd09fbecd42f7917389257db257f3 743c71a1be904211a63492d9d4a916a3 - - default default] Unable to schedule network 73d1f46d-9c42-4e23-9549-713f66a1b466: no agents available; will retry on subsequent port and subnet creation events.
2026-04-15 02:04:57.044 8 INFO neutron.plugins.ml2.drivers.ovn.mech_driver.mech_driver [None req-0dc43636-e58b-44c1-b3e8-d26da32b5a2a - - - - - -] OVN reports status down for port: f09aaf6d-032d-4d79-a885-25750ac8ca3b
2026-04-15 02:04:57.085 8 INFO neutron.db.ovn_revision_numbers_db [None req-af829005-cc0f-4931-b444-0357970609d1 b82cd09fbecd42f7917389257db257f3 743c71a1be904211a63492d9d4a916a3 - - default default] Successfully bumped revision number for resource f09aaf6d-032d-4d79-a885-25750ac8ca3b (type: ports) to 1 [pid: 8|app: 0|req: 1202/2426] 10.0.0.147 () {34 vars in 670 bytes} [Wed Apr 15 02:04:56 2026] POST /v2.0/networks => generated 650 bytes in 456 msecs (HTTP/1.1 201) 4 headers in 162 bytes (1 switches on core 0)
2026-04-15 02:04:57.254 7 INFO neutron.plugins.ml2.drivers.ovn.mech_driver.ovsdb.commands [None req-79a27284-4aa0-4730-b4d4-9f43e3e3db6b - - - - - -] Schedule LRP lrp-9c4b8fb6-dc78-4882-b3ca-4037f1d69ef3 on gateway c895f6ac-3595-42d9-a2d1-a47a9a22b499 with priority 1
