2026-04-15 02:02:01.335 7 INFO neutron.db.ovn_revision_numbers_db [None req-78710f45-d911-47b9-b5f5-aa0cd8c44f26 55b1c3ee0ebb441696ec19d23c63e216 169397f8d4814c2eae8a14cb9c0ba34e - - default default] Successfully bumped revision number for resource a827e72b-dc0e-4aa9-98d2-25d27a9be94c (type: security_group_rules) to 0
2026-04-15 02:02:01.349 7 INFO neutron.db.ovn_revision_numbers_db [None req-78710f45-d911-47b9-b5f5-aa0cd8c44f26 55b1c3ee0ebb441696ec19d23c63e216 169397f8d4814c2eae8a14cb9c0ba34e - - default default] Successfully bumped revision number for resource b3d15a5c-a7fc-4545-a90c-d5a906ce00d2 (type: security_group_rules) to 0
2026-04-15 02:02:01.360 7 INFO neutron.db.ovn_revision_numbers_db [None req-78710f45-d911-47b9-b5f5-aa0cd8c44f26 55b1c3ee0ebb441696ec19d23c63e216 169397f8d4814c2eae8a14cb9c0ba34e - - default default] Successfully bumped revision number for resource e99eebbd-643a-48e9-b756-f6ec5079b976 (type: security_group_rules) to 0
2026-04-15 02:02:01.417 8 INFO neutron_taas.services.taas.taas_plugin [None req-57327d5e-97c3-436c-99ba-240e7d93c762 c0710f102bd44db196f0d545d6761689 9a69c894636b4595a706f092d6477c9f - - default default] TaaS: Handle Delete Port: 390f7ad9-13be-42a9-91e3-555afdf7cf30
2026-04-15 02:02:01.423 8 INFO neutron_taas.services.taas.tap_mirror_plugin [None req-57327d5e-97c3-436c-99ba-240e7d93c762 c0710f102bd44db196f0d545d6761689 9a69c894636b4595a706f092d6477c9f - - default default] Tap Mirror: Handle Delete Port: 390f7ad9-13be-42a9-91e3-555afdf7cf30
2026-04-15 02:02:01.424 7 INFO neutron.db.segments_db [None req-78710f45-d911-47b9-b5f5-aa0cd8c44f26 55b1c3ee0ebb441696ec19d23c63e216 169397f8d4814c2eae8a14cb9c0ba34e - - default default] Added segment b25c6351-4305-465d-9d7e-d1bc9a878669 of type geneve for network 8a019266-b8cb-4a26-b60a-38a680831d2a
2026-04-15 02:02:01.576 7 INFO neutron.db.ovn_revision_numbers_db [None req-78710f45-d911-47b9-b5f5-aa0cd8c44f26 55b1c3ee0ebb441696ec19d23c63e216 169397f8d4814c2eae8a14cb9c0ba34e - - default default] Successfully bumped revision number for resource 8a019266-b8cb-4a26-b60a-38a680831d2a (type: networks) to 1
2026-04-15 02:02:01.619 8 INFO neutron.services.segments.plugin [-] Segment a65403b9-1178-4abe-934b-529be856a389 resource provider aggregate not found
2026-04-15 02:02:01.623 8 INFO neutron.services.segments.plugin [-] Segment a65403b9-1178-4abe-934b-529be856a389 resource provider aggregate not found
2026-04-15 02:02:01.643 8 INFO neutron.services.segments.plugin [-] Segment a65403b9-1178-4abe-934b-529be856a389 resource provider not found; error: Placement Client Error (4xx): {"errors": [{"status": 404, "title": "Not Found", "detail": "The resource could not be found.\n\n No resource provider with uuid a65403b9-1178-4abe-934b-529be856a389 found for delete ", "request_id": "req-9ecd208c-910d-4042-aac8-ad2d6a81e39b"}]}
2026-04-15 02:02:01.646 8 INFO neutron.services.segments.plugin [-] Segment a65403b9-1178-4abe-934b-529be856a389 resource provider not found; error: Placement Client Error (4xx): {"errors": [{"status": 404, "title": "Not Found", "detail": "The resource could not be found.\n\n No resource provider with uuid a65403b9-1178-4abe-934b-529be856a389 found for delete ", "request_id": "req-81663977-84d8-49aa-81b1-f7dc0edffc34"}]} [pid: 8|app: 0|req: 522/1075] 10.0.0.147 () {32 vars in 726 bytes} [Wed Apr 15 02:02:01 2026] DELETE /v2.0/networks/1ec73976-645e-42e7-8361-0e3ba4a3c287 => generated 0 bytes in 378 msecs (HTTP/1.1 204) 3 headers in 131 bytes (1 switches on core 0) [pid: 8|app: 0|req: 523/1076] 10.0.0.12 () {34 vars in 989 bytes} [Wed Apr 15 02:02:01 2026] GET /v2.0/ports?device_id=e0320d6e-0257-427a-8e86-3b707ac566ef => generated 971 bytes in 31 msecs (HTTP/1.1 200) 4 headers in 157 bytes (1 switches on core 0) [pid: 8|app: 0|req: 524/1077] 10.0.0.12 () {34 vars in 1039 bytes} [Wed Apr 15 02:02:01 2026] GET /v2.0/security-groups?id=6a00eaaa-37e1-4b88-90e7-b4aa521cd05b&fields=id&fields=name => generated 113 bytes in 39 msecs (HTTP/1.1 200) 4 headers in 157 bytes (1 switches on core 0)
2026-04-15 02:02:01.778 7 WARNING neutron.scheduler.dhcp_agent_scheduler [None req-78710f45-d911-47b9-b5f5-aa0cd8c44f26 55b1c3ee0ebb441696ec19d23c63e216 169397f8d4814c2eae8a14cb9c0ba34e - - default default] No more DHCP agents
2026-04-15 02:02:01.781 7 WARNING neutron.api.rpc.agentnotifiers.dhcp_rpc_agent_api [None req-78710f45-d911-47b9-b5f5-aa0cd8c44f26 55b1c3ee0ebb441696ec19d23c63e216 169397f8d4814c2eae8a14cb9c0ba34e - - default default] Unable to schedule network 8a019266-b8cb-4a26-b60a-38a680831d2a: no agents available; will retry on subsequent port and subnet creation events.
2026-04-15 02:02:01.840 7 INFO neutron.plugins.ml2.drivers.ovn.mech_driver.mech_driver [None req-3c442387-f67e-4b43-840f-9875f1c980e6 - - - - - -] OVN reports status down for port: 62606b0b-4dfa-4f08-860f-2d6c28c40927 [pid: 8|app: 0|req: 525/1078] 10.0.0.12 () {34 vars in 989 bytes} [Wed Apr 15 02:02:01 2026] GET /v2.0/ports?device_id=e0320d6e-0257-427a-8e86-3b707ac566ef => generated 971 bytes in 41 msecs (HTTP/1.1 200) 4 headers in 157 bytes (1 switches on core 0)
2026-04-15 02:02:01.897 7 INFO neutron.db.ovn_revision_numbers_db [None req-78710f45-d911-47b9-b5f5-aa0cd8c44f26 55b1c3ee0ebb441696ec19d23c63e216 169397f8d4814c2eae8a14cb9c0ba34e - - default default] Successfully bumped revision number for resource 62606b0b-4dfa-4f08-860f-2d6c28c40927 (type: ports) to 1 [pid: 7|app: 0|req: 554/1079] 10.0.0.147 () {34 vars in 671 bytes} [Wed Apr 15 02:02:00 2026] POST /v2.0/networks => generated 767 bytes in 978 msecs (HTTP/1.1 201) 4 headers in 162 bytes (1 switches on core 0)
2026-04-15 02:02:02.190 8 INFO neutron.db.ovn_revision_numbers_db [None req-2e99baa7-07e2-47c7-8687-955519ce495a 55b1c3ee0ebb441696ec19d23c63e216 169397f8d4814c2eae8a14cb9c0ba34e - - default default] Successfully bumped revision number for resource 0444fd28-4046-4bdd-9fe2-aefdd422d998 (type: security_groups) to 1
2026-04-15 02:02:02.200 8 INFO neutron.db.ovn_revision_numbers_db [None req-2e99baa7-07e2-47c7-8687-955519ce495a 55b1c3ee0ebb441696ec19d23c63e216 169397f8d4814c2eae8a14cb9c0ba34e - - default default] Successfully bumped revision number for resource 8bbe6f9f-8fa3-4727-8543-9ef2c98f3040 (type: security_group_rules) to 0
2026-04-15 02:02:02.218 8 INFO neutron.db.ovn_revision_numbers_db [None req-2e99baa7-07e2-47c7-8687-955519ce495a 55b1c3ee0ebb441696ec19d23c63e216 169397f8d4814c2eae8a14cb9c0ba34e - - default default] Successfully bumped revision number for resource 9c521f0e-87b8-4841-a158-0e2108c9f55a (type: security_group_rules) to 0
2026-04-15 02:02:02.231 8 INFO neutron.db.ovn_revision_numbers_db [None req-2e99baa7-07e2-47c7-8687-955519ce495a 55b1c3ee0ebb441696ec19d23c63e216 169397f8d4814c2eae8a14cb9c0ba34e - - default default] Successfully bumped revision number for resource b14c3d2d-8128-4a44-a53d-df2bc180c19b (type: security_group_rules) to 0
2026-04-15 02:02:02.241 8 INFO neutron.db.ovn_revision_numbers_db [None req-2e99baa7-07e2-47c7-8687-955519ce495a 55b1c3ee0ebb441696ec19d23c63e216 169397f8d4814c2eae8a14cb9c0ba34e - - default default] Successfully bumped revision number for resource f990d799-07e0-4833-b2ab-e73721267b65 (type: security_group_rules) to 0 [pid: 8|app: 0|req: 526/1080] 10.0.0.147 () {32 vars in 774 bytes} [Wed Apr 15 02:02:01 2026] GET /v2.0/security-groups?tenant_id=8c061f881bd24247bb97aae138cb7125&name=default => generated 2925 bytes in 413 msecs (HTTP/1.1 200) 4 headers in 158 bytes (1 switches on core 0)
2026-04-15 02:02:02.426 8 WARNING neutron.scheduler.dhcp_agent_scheduler [None req-8bcec4bf-83e3-4472-a8af-5ede3860169a 55b1c3ee0ebb441696ec19d23c63e216 169397f8d4814c2eae8a14cb9c0ba34e - - default default] No more DHCP agents
2026-04-15 02:02:02.427 8 WARNING neutron.api.rpc.agentnotifiers.dhcp_rpc_agent_api [None req-8bcec4bf-83e3-4472-a8af-5ede3860169a 55b1c3ee0ebb441696ec19d23c63e216 169397f8d4814c2eae8a14cb9c0ba34e - - default default] Unable to schedule network 8a019266-b8cb-4a26-b60a-38a680831d2a: no agents available; will retry on subsequent port and subnet creation events.
2026-04-15 02:02:02.433 7 INFO neutron.db.ovn_revision_numbers_db [None req-51ec9373-159b-4dc9-9ba4-a0b5cb57cfce f49e30e98bc04e158f368c2663996f54 0e64418d81c142e7b27fffc8f3111d3b - - default default] Successfully bumped revision number for resource 00e56b5b-58e5-4cef-b695-391299f5e27e (type: floatingips) to 1
2026-04-15 02:02:02.566 7 INFO neutron.db.ovn_revision_numbers_db [None req-51ec9373-159b-4dc9-9ba4-a0b5cb57cfce f49e30e98bc04e158f368c2663996f54 0e64418d81c142e7b27fffc8f3111d3b - - default default] Successfully bumped revision number for resource 00e56b5b-58e5-4cef-b695-391299f5e27e (type: floatingips) to 2
2026-04-15 02:02:02.567 7 INFO neutron.db.l3_db [None req-51ec9373-159b-4dc9-9ba4-a0b5cb57cfce f49e30e98bc04e158f368c2663996f54 0e64418d81c142e7b27fffc8f3111d3b - - default default] Floating IP 00e56b5b-58e5-4cef-b695-391299f5e27e associated. External IP: 10.96.250.210, port: 780180ad-17a3-4b5d-af08-8f477e7658f4. [pid: 7|app: 0|req: 555/1081] 10.0.0.147 () {34 vars in 749 bytes} [Wed Apr 15 02:02:01 2026] PUT /v2.0/floatingips/00e56b5b-58e5-4cef-b695-391299f5e27e => generated 855 bytes in 661 msecs (HTTP/1.1 200) 4 headers in 157 bytes (1 switches on core 0) [pid: 7|app: 0|req: 556/1082] 10.0.0.147 () {32 vars in 774 bytes} [Wed Apr 15 02:02:02 2026] GET /v2.0/security-groups?tenant_id=9a69c894636b4595a706f092d6477c9f&name=default => generated 2925 bytes in 76 msecs (HTTP/1.1 200) 4 headers in 158 bytes (1 switches on core 0)
2026-04-15 02:02:02.862 8 INFO neutron.db.ovn_revision_numbers_db [None req-bc56a060-ad57-4e73-8fb6-fb3a6e266404 - - - - - -] Successfully bumped revision number for resource 62606b0b-4dfa-4f08-860f-2d6c28c40927 (type: ports) to 2
2026-04-15 02:02:02.897 8 INFO neutron.db.ovn_revision_numbers_db [None req-bc56a060-ad57-4e73-8fb6-fb3a6e266404 - - - - - -] Successfully bumped revision number for resource ebff053f-6bb2-45e5-bd35-f130be73c6de (type: subnets) to 0 [pid: 8|app: 0|req: 527/1083] 10.0.0.147 () {34 vars in 669 bytes} [Wed Apr 15 02:02:02 2026] POST /v2.0/subnets => generated 692 bytes in 641 msecs (HTTP/1.1 201) 4 headers in 162 bytes (1 switches on core 0) /var/lib/openstack/lib/python3.12/site-packages/pycadf/identifier.py:70: UserWarning: Invalid uuid: neutron. To ensure interoperability, identifiers should be a valid uuid. warnings.warn(('Invalid uuid: %s. To ensure interoperability, ' [pid: 7|app: 0|req: 557/1084] 10.0.0.147 () {32 vars in 740 bytes} [Wed Apr 15 02:02:02 2026] DELETE /v2.0/security-groups/0444fd28-4046-4bdd-9fe2-aefdd422d998 => generated 0 bytes in 255 msecs (HTTP/1.1 204) 2 headers in 112 bytes (1 switches on core 0) [pid: 8|app: 0|req: 528/1085] 10.0.0.147 () {32 vars in 740 bytes} [Wed Apr 15 02:02:02 2026] DELETE /v2.0/security-groups/8cc0ce28-19b2-447c-a0b1-8e6eada002ed => generated 0 bytes in 266 msecs (HTTP/1.1 204) 2 headers in 112 bytes (1 switches on core 0)
2026-04-15 02:02:03.219 7 INFO neutron.notifiers.nova [-] Nova event matching ['req-9970fe7f-6784-447b-8afc-55954676acdf'] response: {'name': 'network-changed', 'server_uuid': 'e0320d6e-0257-427a-8e86-3b707ac566ef', 'tag': '780180ad-17a3-4b5d-af08-8f477e7658f4', 'status': 'completed', 'code': 200}
2026-04-15 02:02:03.444 7 WARNING neutron.scheduler.dhcp_agent_scheduler [None req-ec0bf838-15a1-47cb-8b48-1c03c91b0ab2 55b1c3ee0ebb441696ec19d23c63e216 169397f8d4814c2eae8a14cb9c0ba34e - - default default] No more DHCP agents
2026-04-15 02:02:03.445 7 WARNING neutron.api.rpc.agentnotifiers.dhcp_rpc_agent_api [None req-ec0bf838-15a1-47cb-8b48-1c03c91b0ab2 55b1c3ee0ebb441696ec19d23c63e216 169397f8d4814c2eae8a14cb9c0ba34e - - default default] Unable to schedule network 26f05587-949a-4cde-bde6-2fb7595783d2: no agents available; will retry on subsequent port and subnet creation events.
2026-04-15 02:02:03.552 7 INFO neutron.plugins.ml2.drivers.ovn.mech_driver.mech_driver [None req-3c442387-f67e-4b43-840f-9875f1c980e6 - - - - - -] OVN reports status down for port: 294c1bf5-94b4-45df-9667-6cc9111e17bb
2026-04-15 02:02:03.600 7 INFO neutron.db.ovn_revision_numbers_db [None req-ec0bf838-15a1-47cb-8b48-1c03c91b0ab2 55b1c3ee0ebb441696ec19d23c63e216 169397f8d4814c2eae8a14cb9c0ba34e - - default default] Successfully bumped revision number for resource 294c1bf5-94b4-45df-9667-6cc9111e17bb (type: ports) to 1 [pid: 8|app: 0|req: 531/1088] 162.253.55.110 () {34 vars in 1080 bytes} [Wed Apr 15 02:02:03 2026] GET /v2.0/ports?tenant_id=0e64418d81c142e7b27fffc8f3111d3b&device_id=e0320d6e-0257-427a-8e86-3b707ac566ef => generated 1209 bytes in 28 msecs (HTTP/1.1 200) 4 headers in 158 bytes (1 switches on core 0) [pid: 8|app: 0|req: 532/1089] 162.253.55.110 () {34 vars in 986 bytes} [Wed Apr 15 02:02:03 2026] GET /v2.0/networks?id=c4b111e5-7731-4ccf-a2cb-ae99052cd880 => generated 812 bytes in 36 msecs (HTTP/1.1 200) 4 headers in 157 bytes (1 switches on core 0) [pid: 8|app: 0|req: 533/1090] 162.253.55.110 () {34 vars in 1058 bytes} [Wed Apr 15 02:02:03 2026] GET /v2.0/floatingips?fixed_ip_address=10.100.0.6&port_id=780180ad-17a3-4b5d-af08-8f477e7658f4 => generated 860 bytes in 37 msecs (HTTP/1.1 200) 4 headers in 157 bytes (1 switches on core 0) [pid: 8|app: 0|req: 534/1091] 162.253.55.110 () {34 vars in 984 bytes} [Wed Apr 15 02:02:03 2026] GET /v2.0/subnets?id=ef6156cc-d4a8-43fd-b4ad-f3b99277d9f9 => generated 693 bytes in 25 msecs (HTTP/1.1 200) 4 headers in 157 bytes (1 switches on core 0) [pid: 8|app: 0|req: 535/1092] 162.253.55.110 () {34 vars in 1052 bytes} [Wed Apr 15 02:02:03 2026] GET /v2.0/ports?network_id=c4b111e5-7731-4ccf-a2cb-ae99052cd880&device_owner=network%3Adhcp => generated 12 bytes in 21 msecs (HTTP/1.1 200) 4 headers in 156 bytes (1 switches on core 0) [pid: 8|app: 0|req: 536/1093] 162.253.55.110 () {34 vars in 1012 bytes} [Wed Apr 15 02:02:03 2026] GET /v2.0/networks/c4b111e5-7731-4ccf-a2cb-ae99052cd880?fields=segments => generated 14 bytes in 32 msecs (HTTP/1.1 200) 4 headers in 156 bytes (1 switches on core 0) [pid: 8|app: 0|req: 537/1094] 162.253.55.110 () {34 vars in 1112 bytes} [Wed Apr 15 02:02:03 2026] GET /v2.0/networks/c4b111e5-7731-4ccf-a2cb-ae99052cd880?fields=provider%3Aphysical_network&fields=provider%3Anetwork_type => generated 79 bytes in 41 msecs (HTTP/1.1 200) 4 headers in 156 bytes (1 switches on core 0)
2026-04-15 02:02:04.165 7 INFO neutron.plugins.ml2.drivers.ovn.mech_driver.ovsdb.commands [None req-79a27284-4aa0-4730-b4d4-9f43e3e3db6b - - - - - -] Schedule LRP lrp-294c1bf5-94b4-45df-9667-6cc9111e17bb on gateway c895f6ac-3595-42d9-a2d1-a47a9a22b499 with priority 1
2026-04-15 02:02:04.211 7 INFO neutron.plugins.ml2.drivers.ovn.mech_driver.mech_driver [None req-3c442387-f67e-4b43-840f-9875f1c980e6 - - - - - -] OVN reports status up for port: 294c1bf5-94b4-45df-9667-6cc9111e17bb
2026-04-15 02:02:04.219 7 INFO neutron.plugins.ml2.drivers.ovn.mech_driver.ovsdb.ovsdb_monitor [None req-08f692db-3e8b-44e0-bdf5-d852903e8864 - - - - - -] Router bb233b28-2edf-4ea3-a4a4-03807d12227e is bound to host instance
2026-04-15 02:02:04.250 7 INFO neutron.plugins.ml2.plugin [None req-3c442387-f67e-4b43-840f-9875f1c980e6 - - - - - -] Attempt 1 to provision port 294c1bf5-94b4-45df-9667-6cc9111e17bb
2026-04-15 02:02:04.288 7 INFO neutron.db.ovn_revision_numbers_db [None req-ec0bf838-15a1-47cb-8b48-1c03c91b0ab2 55b1c3ee0ebb441696ec19d23c63e216 169397f8d4814c2eae8a14cb9c0ba34e - - default default] Successfully bumped revision number for resource 294c1bf5-94b4-45df-9667-6cc9111e17bb (type: router_ports) to 1
2026-04-15 02:02:04.474 7 INFO neutron.db.ovn_revision_numbers_db [None req-ec0bf838-15a1-47cb-8b48-1c03c91b0ab2 55b1c3ee0ebb441696ec19d23c63e216 169397f8d4814c2eae8a14cb9c0ba34e - - default default] Successfully bumped revision number for resource bb233b28-2edf-4ea3-a4a4-03807d12227e (type: routers) to 2 [pid: 7|app: 0|req: 558/1095] 10.0.0.147 () {34 vars in 669 bytes} [Wed Apr 15 02:02:02 2026] POST /v2.0/routers => generated 970 bytes in 1580 msecs (HTTP/1.1 201) 4 headers in 162 bytes (1 switches on core 0)
2026-04-15 02:02:04.882 8 WARNING neutron.scheduler.dhcp_agent_scheduler [None req-cd913eab-e0dd-4d99-890b-675db5400d8e 55b1c3ee0ebb441696ec19d23c63e216 169397f8d4814c2eae8a14cb9c0ba34e - - default default] No more DHCP agents
2026-04-15 02:02:04.884 8 WARNING neutron.api.rpc.agentnotifiers.dhcp_rpc_agent_api [None req-cd913eab-e0dd-4d99-890b-675db5400d8e 55b1c3ee0ebb441696ec19d23c63e216 169397f8d4814c2eae8a14cb9c0ba34e - - default default] Unable to schedule network 8a019266-b8cb-4a26-b60a-38a680831d2a: no agents available; will retry on subsequent port and subnet creation events.
2026-04-15 02:02:04.967 8 INFO neutron.plugins.ml2.drivers.ovn.mech_driver.mech_driver [None req-5b82f7f2-f298-4d9b-bcd3-ae17878c4b9b - - - - - -] OVN reports status down for port: 52977c7c-5c4c-4e37-b63b-87ac85bb6149
2026-04-15 02:02:05.024 8 INFO neutron.db.ovn_revision_numbers_db [None req-cd913eab-e0dd-4d99-890b-675db5400d8e 55b1c3ee0ebb441696ec19d23c63e216 169397f8d4814c2eae8a14cb9c0ba34e - - default default] Successfully bumped revision number for resource 52977c7c-5c4c-4e37-b63b-87ac85bb6149 (type: ports) to 1
2026-04-15 02:02:05.212 7 INFO neutron.db.ovn_revision_numbers_db [None req-c5e571b9-c14c-4c06-9247-6f27192cb3b5 - - - - - -] Successfully bumped revision number for resource 294c1bf5-94b4-45df-9667-6cc9111e17bb (type: ports) to 4
2026-04-15 02:02:05.395 7 INFO neutron.db.ovn_revision_numbers_db [None req-bfae2257-f728-4baf-bfd7-2ac0e7df4a10 f23ffea244cb47aaab48636ae32eae5d f67c9ab6f6ce4ebe8282e748659eaf6e - - default default] Successfully bumped revision number for resource a06c4ab9-e704-4b6b-a358-a3e36381d5e1 (type: security_groups) to 1
2026-04-15 02:02:05.417 7 INFO neutron.db.ovn_revision_numbers_db [None req-bfae2257-f728-4baf-bfd7-2ac0e7df4a10 f23ffea244cb47aaab48636ae32eae5d f67c9ab6f6ce4ebe8282e748659eaf6e - - default default] Successfully bumped revision number for resource 1a16f069-3b59-49a2-9a4a-ff3e7827a03a (type: security_group_rules) to 0
2026-04-15 02:02:05.435 7 INFO neutron.db.ovn_revision_numbers_db [None req-bfae2257-f728-4baf-bfd7-2ac0e7df4a10 f23ffea244cb47aaab48636ae32eae5d f67c9ab6f6ce4ebe8282e748659eaf6e - - default default] Successfully bumped revision number for resource 536e92cb-93cb-468b-bb5c-5aeb548c20f1 (type: security_group_rules) to 0
2026-04-15 02:02:05.455 7 INFO neutron.db.ovn_revision_numbers_db [None req-bfae2257-f728-4baf-bfd7-2ac0e7df4a10 f23ffea244cb47aaab48636ae32eae5d f67c9ab6f6ce4ebe8282e748659eaf6e - - default default] Successfully bumped revision number for resource 854d5c23-0430-45e1-904b-d08ea437d783 (type: security_group_rules) to 0
2026-04-15 02:02:05.476 7 INFO neutron.db.ovn_revision_numbers_db [None req-bfae2257-f728-4baf-bfd7-2ac0e7df4a10 f23ffea244cb47aaab48636ae32eae5d f67c9ab6f6ce4ebe8282e748659eaf6e - - default default] Successfully bumped revision number for resource 9e145356-2720-4c89-b0a8-2cca44d9d722 (type: security_group_rules) to 0
2026-04-15 02:02:05.579 8 INFO neutron.plugins.ml2.drivers.ovn.mech_driver.mech_driver [None req-5b82f7f2-f298-4d9b-bcd3-ae17878c4b9b - - - - - -] OVN reports status up for port: 52977c7c-5c4c-4e37-b63b-87ac85bb6149
2026-04-15 02:02:05.585 7 INFO neutron.db.segments_db [None req-bfae2257-f728-4baf-bfd7-2ac0e7df4a10 f23ffea244cb47aaab48636ae32eae5d f67c9ab6f6ce4ebe8282e748659eaf6e - - default default] Added segment 013d18a9-59c5-4cfd-9f8c-ffd59933f5d4 of type geneve for network 6d2225d8-a6ef-4598-8b2e-0a6252801427
2026-04-15 02:02:05.599 8 INFO neutron.plugins.ml2.plugin [None req-5b82f7f2-f298-4d9b-bcd3-ae17878c4b9b - - - - - -] Attempt 1 to provision port 52977c7c-5c4c-4e37-b63b-87ac85bb6149
2026-04-15 02:02:05.695 8 WARNING neutron.scheduler.dhcp_agent_scheduler [None req-cd913eab-e0dd-4d99-890b-675db5400d8e 55b1c3ee0ebb441696ec19d23c63e216 169397f8d4814c2eae8a14cb9c0ba34e - - default default] No more DHCP agents
2026-04-15 02:02:05.698 8 WARNING neutron.api.rpc.agentnotifiers.dhcp_rpc_agent_api [None req-cd913eab-e0dd-4d99-890b-675db5400d8e 55b1c3ee0ebb441696ec19d23c63e216 169397f8d4814c2eae8a14cb9c0ba34e - - default default] Unable to schedule network 8a019266-b8cb-4a26-b60a-38a680831d2a: no agents available; will retry on subsequent port and subnet creation events.
2026-04-15 02:02:05.724 7 INFO neutron.db.ovn_revision_numbers_db [None req-c5e571b9-c14c-4c06-9247-6f27192cb3b5 - - - - - -] Successfully bumped revision number for resource 294c1bf5-94b4-45df-9667-6cc9111e17bb (type: ports) to 5
2026-04-15 02:02:05.764 7 INFO neutron.db.ovn_revision_numbers_db [None req-bfae2257-f728-4baf-bfd7-2ac0e7df4a10 f23ffea244cb47aaab48636ae32eae5d f67c9ab6f6ce4ebe8282e748659eaf6e - - default default] Successfully bumped revision number for resource 6d2225d8-a6ef-4598-8b2e-0a6252801427 (type: networks) to 1
2026-04-15 02:02:05.951 7 WARNING neutron.scheduler.dhcp_agent_scheduler [None req-bfae2257-f728-4baf-bfd7-2ac0e7df4a10 f23ffea244cb47aaab48636ae32eae5d f67c9ab6f6ce4ebe8282e748659eaf6e - - default default] No more DHCP agents
2026-04-15 02:02:05.953 7 WARNING neutron.api.rpc.agentnotifiers.dhcp_rpc_agent_api [None req-bfae2257-f728-4baf-bfd7-2ac0e7df4a10 f23ffea244cb47aaab48636ae32eae5d f67c9ab6f6ce4ebe8282e748659eaf6e - - default default] Unable to schedule network 6d2225d8-a6ef-4598-8b2e-0a6252801427: no agents available; will retry on subsequent port and subnet creation events.
2026-04-15 02:02:06.025 7 INFO neutron.db.ovn_revision_numbers_db [None req-bfae2257-f728-4baf-bfd7-2ac0e7df4a10 f23ffea244cb47aaab48636ae32eae5d f67c9ab6f6ce4ebe8282e748659eaf6e - - default default] Successfully bumped revision number for resource ac5d2e57-1d4c-42d0-9628-5c1414d7ddf5 (type: ports) to 1 [pid: 7|app: 0|req: 559/1096] 10.0.0.147 () {34 vars in 670 bytes} [Wed Apr 15 02:02:05 2026] POST /v2.0/networks => generated 668 bytes in 1037 msecs (HTTP/1.1 201) 4 headers in 162 bytes (1 switches on core 0)
2026-04-15 02:02:06.203 8 INFO neutron.db.ovn_revision_numbers_db [None req-5b82f7f2-f298-4d9b-bcd3-ae17878c4b9b - - - - - -] Successfully bumped revision number for resource 52977c7c-5c4c-4e37-b63b-87ac85bb6149 (type: ports) to 2
2026-04-15 02:02:06.253 7 WARNING neutron.scheduler.dhcp_agent_scheduler [None req-c39db061-b1ef-4d0d-b45d-f4f892b4127e f23ffea244cb47aaab48636ae32eae5d f67c9ab6f6ce4ebe8282e748659eaf6e - - default default] No more DHCP agents
2026-04-15 02:02:06.255 7 WARNING neutron.api.rpc.agentnotifiers.dhcp_rpc_agent_api [None req-c39db061-b1ef-4d0d-b45d-f4f892b4127e f23ffea244cb47aaab48636ae32eae5d f67c9ab6f6ce4ebe8282e748659eaf6e - - default default] Unable to schedule network 6d2225d8-a6ef-4598-8b2e-0a6252801427: no agents available; will retry on subsequent port and subnet creation events.
2026-04-15 02:02:06.340 7 INFO neutron.db.ovn_revision_numbers_db [None req-c39db061-b1ef-4d0d-b45d-f4f892b4127e f23ffea244cb47aaab48636ae32eae5d f67c9ab6f6ce4ebe8282e748659eaf6e - - default default] Successfully bumped revision number for resource 7c729e7b-dc22-434a-bede-62273a15bb8c (type: ports) to 1 [pid: 7|app: 0|req: 560/1097] 10.0.0.147 () {34 vars in 665 bytes} [Wed Apr 15 02:02:06 2026] POST /v2.0/ports => generated 779 bytes in 351 msecs (HTTP/1.1 201) 4 headers in 162 bytes (1 switches on core 0) /var/lib/openstack/lib/python3.12/site-packages/pycadf/identifier.py:70: UserWarning: Invalid uuid: neutron. To ensure interoperability, identifiers should be a valid uuid. warnings.warn(('Invalid uuid: %s. To ensure interoperability, '
2026-04-15 02:02:06.496 7 INFO neutron.db.segments_db [None req-c6834216-15d1-4183-b2a7-49ed2dcac8c3 f23ffea244cb47aaab48636ae32eae5d f67c9ab6f6ce4ebe8282e748659eaf6e - - default default] Added segment a400b391-4af8-499f-944e-7b935b5a8b9b of type geneve for network e333a3db-a4da-4c26-93e1-93423ebd0389
2026-04-15 02:02:06.500 8 INFO neutron.db.ovn_revision_numbers_db [None req-cd913eab-e0dd-4d99-890b-675db5400d8e 55b1c3ee0ebb441696ec19d23c63e216 169397f8d4814c2eae8a14cb9c0ba34e - - default default] Successfully bumped revision number for resource 52977c7c-5c4c-4e37-b63b-87ac85bb6149 (type: router_ports) to 1 [pid: 8|app: 0|req: 538/1098] 10.0.0.147 () {34 vars in 783 bytes} [Wed Apr 15 02:02:04 2026] PUT /v2.0/routers/bb233b28-2edf-4ea3-a4a4-03807d12227e/add_router_interface => generated 309 bytes in 1982 msecs (HTTP/1.1 200) 4 headers in 157 bytes (1 switches on core 0)
2026-04-15 02:02:06.617 7 INFO neutron.db.ovn_revision_numbers_db [None req-c6834216-15d1-4183-b2a7-49ed2dcac8c3 f23ffea244cb47aaab48636ae32eae5d f67c9ab6f6ce4ebe8282e748659eaf6e - - default default] Successfully bumped revision number for resource e333a3db-a4da-4c26-93e1-93423ebd0389 (type: networks) to 1
2026-04-15 02:02:06.764 7 WARNING neutron.scheduler.dhcp_agent_scheduler [None req-c6834216-15d1-4183-b2a7-49ed2dcac8c3 f23ffea244cb47aaab48636ae32eae5d f67c9ab6f6ce4ebe8282e748659eaf6e - - default default] No more DHCP agents
2026-04-15 02:02:06.765 7 WARNING neutron.api.rpc.agentnotifiers.dhcp_rpc_agent_api [None req-c6834216-15d1-4183-b2a7-49ed2dcac8c3 f23ffea244cb47aaab48636ae32eae5d f67c9ab6f6ce4ebe8282e748659eaf6e - - default default] Unable to schedule network e333a3db-a4da-4c26-93e1-93423ebd0389: no agents available; will retry on subsequent port and subnet creation events.
2026-04-15 02:02:06.842 7 INFO neutron.plugins.ml2.drivers.ovn.mech_driver.mech_driver [None req-3c442387-f67e-4b43-840f-9875f1c980e6 - - - - - -] OVN reports status down for port: dfe86d78-da47-4953-b232-f9ce03b6821d
2026-04-15 02:02:06.891 7 INFO neutron.db.ovn_revision_numbers_db [None req-c6834216-15d1-4183-b2a7-49ed2dcac8c3 f23ffea244cb47aaab48636ae32eae5d f67c9ab6f6ce4ebe8282e748659eaf6e - - default default] Successfully bumped revision number for resource dfe86d78-da47-4953-b232-f9ce03b6821d (type: ports) to 1 [pid: 7|app: 0|req: 561/1099] 10.0.0.147 () {34 vars in 670 bytes} [Wed Apr 15 02:02:06 2026] POST /v2.0/networks => generated 655 bytes in 523 msecs (HTTP/1.1 201) 4 headers in 162 bytes (1 switches on core 0)
2026-04-15 02:02:07.098 8 WARNING neutron.scheduler.dhcp_agent_scheduler [None req-f134c156-9a49-49a3-abba-cdcb986f218d f23ffea244cb47aaab48636ae32eae5d f67c9ab6f6ce4ebe8282e748659eaf6e - - default default] No more DHCP agents
2026-04-15 02:02:07.099 8 WARNING neutron.api.rpc.agentnotifiers.dhcp_rpc_agent_api [None req-f134c156-9a49-49a3-abba-cdcb986f218d f23ffea244cb47aaab48636ae32eae5d f67c9ab6f6ce4ebe8282e748659eaf6e - - default default] Unable to schedule network e333a3db-a4da-4c26-93e1-93423ebd0389: no agents available; will retry on subsequent port and subnet creation events.
2026-04-15 02:02:07.123 8 INFO neutron.db.ovn_revision_numbers_db [None req-f134c156-9a49-49a3-abba-cdcb986f218d f23ffea244cb47aaab48636ae32eae5d f67c9ab6f6ce4ebe8282e748659eaf6e - - default default] Successfully bumped revision number for resource 51003963-c61e-4203-9368-b048f59a9b82 (type: subnets) to 0 [pid: 8|app: 0|req: 539/1100] 10.0.0.147 () {34 vars in 669 bytes} [Wed Apr 15 02:02:06 2026] POST /v2.0/subnets => generated 646 bytes in 201 msecs (HTTP/1.1 201) 4 headers in 162 bytes (1 switches on core 0) [pid: 8|app: 0|req: 540/1101] 10.0.0.12 () {34 vars in 981 bytes} [Wed Apr 15 02:02:07 2026] GET /v2.0/networks?id=8a019266-b8cb-4a26-b60a-38a680831d2a => generated 715 bytes in 38 msecs (HTTP/1.1 200) 4 headers in 157 bytes (1 switches on core 0) [pid: 8|app: 0|req: 541/1102] 10.0.0.12 () {34 vars in 964 bytes} [Wed Apr 15 02:02:07 2026] GET /v2.0/quotas/cdaf40bf6fe14ddf9ce2b0088e61224c => generated 292 bytes in 8 msecs (HTTP/1.1 200) 4 headers in 157 bytes (1 switches on core 0)
2026-04-15 02:02:07.397 7 WARNING neutron.scheduler.dhcp_agent_scheduler [None req-949f6e9d-3bd0-4cd8-963d-36ec4c11065c f23ffea244cb47aaab48636ae32eae5d f67c9ab6f6ce4ebe8282e748659eaf6e - - default default] No more DHCP agents
2026-04-15 02:02:07.398 7 WARNING neutron.api.rpc.agentnotifiers.dhcp_rpc_agent_api [None req-949f6e9d-3bd0-4cd8-963d-36ec4c11065c f23ffea244cb47aaab48636ae32eae5d f67c9ab6f6ce4ebe8282e748659eaf6e - - default default] Unable to schedule network e333a3db-a4da-4c26-93e1-93423ebd0389: no agents available; will retry on subsequent port and subnet creation events. [pid: 8|app: 0|req: 542/1103] 10.0.0.12 () {34 vars in 1001 bytes} [Wed Apr 15 02:02:07 2026] GET /v2.0/ports?tenant_id=cdaf40bf6fe14ddf9ce2b0088e61224c&fields=id => generated 103 bytes in 89 msecs (HTTP/1.1 200) 4 headers in 157 bytes (1 switches on core 0)
2026-04-15 02:02:07.499 7 INFO neutron.db.ovn_revision_numbers_db [None req-949f6e9d-3bd0-4cd8-963d-36ec4c11065c f23ffea244cb47aaab48636ae32eae5d f67c9ab6f6ce4ebe8282e748659eaf6e - - default default] Successfully bumped revision number for resource 6d159927-1728-4a45-981f-cbda2e4246ed (type: ports) to 1 [pid: 8|app: 0|req: 543/1104] 10.0.0.12 () {34 vars in 1007 bytes} [Wed Apr 15 02:02:07 2026] GET /v2.0/networks/8a019266-b8cb-4a26-b60a-38a680831d2a?fields=segments => generated 14 bytes in 35 msecs (HTTP/1.1 200) 4 headers in 156 bytes (1 switches on core 0) [pid: 7|app: 0|req: 562/1105] 10.0.0.147 () {34 vars in 665 bytes} [Wed Apr 15 02:02:07 2026] POST /v2.0/ports => generated 962 bytes in 417 msecs (HTTP/1.1 201) 4 headers in 162 bytes (1 switches on core 0) /var/lib/openstack/lib/python3.12/site-packages/pycadf/identifier.py:70: UserWarning: Invalid uuid: neutron. To ensure interoperability, identifiers should be a valid uuid. warnings.warn(('Invalid uuid: %s. To ensure interoperability, ' [pid: 8|app: 0|req: 544/1106] 10.0.0.12 () {34 vars in 1107 bytes} [Wed Apr 15 02:02:07 2026] GET /v2.0/networks/8a019266-b8cb-4a26-b60a-38a680831d2a?fields=provider%3Aphysical_network&fields=provider%3Anetwork_type => generated 79 bytes in 40 msecs (HTTP/1.1 200) 4 headers in 156 bytes (1 switches on core 0)
2026-04-15 02:02:07.669 7 INFO neutron_taas.services.taas.taas_plugin [None req-a7af2cd3-aaed-40b7-80fe-0f9179ad01a2 f23ffea244cb47aaab48636ae32eae5d f67c9ab6f6ce4ebe8282e748659eaf6e - - default default] TaaS: Handle Delete Port: 6d159927-1728-4a45-981f-cbda2e4246ed
2026-04-15 02:02:07.672 7 INFO neutron_taas.services.taas.tap_mirror_plugin [None req-a7af2cd3-aaed-40b7-80fe-0f9179ad01a2 f23ffea244cb47aaab48636ae32eae5d f67c9ab6f6ce4ebe8282e748659eaf6e - - default default] Tap Mirror: Handle Delete Port: 6d159927-1728-4a45-981f-cbda2e4246ed [pid: 8|app: 0|req: 545/1107] 10.0.0.12 () {34 vars in 989 bytes} [Wed Apr 15 02:02:07 2026] GET /v2.0/ports?device_id=12ba0de1-c2ca-4dd8-8bf7-0334026e73c5 => generated 12 bytes in 19 msecs (HTTP/1.1 200) 4 headers in 156 bytes (1 switches on core 0) [pid: 7|app: 0|req: 563/1108] 10.0.0.147 () {32 vars in 720 bytes} [Wed Apr 15 02:02:07 2026] DELETE /v2.0/ports/6d159927-1728-4a45-981f-cbda2e4246ed => generated 0 bytes in 246 msecs (HTTP/1.1 204) 3 headers in 131 bytes (1 switches on core 0)
2026-04-15 02:02:07.833 8 INFO neutron.pecan_wsgi.hooks.translation [None req-cc1ec6ee-1b45-4d2d-aacb-003bb883c9b6 f23ffea244cb47aaab48636ae32eae5d f67c9ab6f6ce4ebe8282e748659eaf6e - - default default] DELETE failed (client error): The resource could not be found. [pid: 8|app: 0|req: 546/1109] 10.0.0.147 () {32 vars in 720 bytes} [Wed Apr 15 02:02:07 2026] DELETE /v2.0/ports/6d159927-1728-4a45-981f-cbda2e4246ed => generated 132 bytes in 18 msecs (HTTP/1.1 404) 4 headers in 164 bytes (1 switches on core 0)
2026-04-15 02:02:07.857 7 INFO neutron.pecan_wsgi.hooks.translation [None req-14be7f42-86f9-43a0-8b25-e0179ccc58cf f23ffea244cb47aaab48636ae32eae5d f67c9ab6f6ce4ebe8282e748659eaf6e - - default default] GET failed (client error): The resource could not be found. [pid: 7|app: 0|req: 564/1110] 10.0.0.147 () {32 vars in 717 bytes} [Wed Apr 15 02:02:07 2026] GET /v2.0/ports/6d159927-1728-4a45-981f-cbda2e4246ed => generated 132 bytes in 19 msecs (HTTP/1.1 404) 4 headers in 164 bytes (1 switches on core 0) [pid: 8|app: 0|req: 547/1111] 10.0.0.147 () {32 vars in 724 bytes} [Wed Apr 15 02:02:07 2026] DELETE /v2.0/subnets/51003963-c61e-4203-9368-b048f59a9b82 => generated 0 bytes in 131 msecs (HTTP/1.1 204) 3 headers in 131 bytes (1 switches on core 0)
2026-04-15 02:02:08.106 7 INFO neutron_taas.services.taas.taas_plugin [None req-787f7cb4-dd7f-4916-94e5-f764952a3425 f23ffea244cb47aaab48636ae32eae5d f67c9ab6f6ce4ebe8282e748659eaf6e - - default default] TaaS: Handle Delete Port: dfe86d78-da47-4953-b232-f9ce03b6821d
2026-04-15 02:02:08.109 7 INFO neutron_taas.services.taas.tap_mirror_plugin [None req-787f7cb4-dd7f-4916-94e5-f764952a3425 f23ffea244cb47aaab48636ae32eae5d f67c9ab6f6ce4ebe8282e748659eaf6e - - default default] Tap Mirror: Handle Delete Port: dfe86d78-da47-4953-b232-f9ce03b6821d
2026-04-15 02:02:08.278 7 INFO neutron.services.segments.plugin [-] Segment a400b391-4af8-499f-944e-7b935b5a8b9b resource provider aggregate not found
2026-04-15 02:02:08.278 7 INFO neutron.services.segments.plugin [-] Segment a400b391-4af8-499f-944e-7b935b5a8b9b resource provider aggregate not found
2026-04-15 02:02:08.302 7 INFO neutron.services.segments.plugin [-] Segment a400b391-4af8-499f-944e-7b935b5a8b9b resource provider not found; error: Placement Client Error (4xx): {"errors": [{"status": 404, "title": "Not Found", "detail": "The resource could not be found.\n\n No resource provider with uuid a400b391-4af8-499f-944e-7b935b5a8b9b found for delete ", "request_id": "req-398628eb-6bd4-4441-940e-9ede2745efb6"}]}
2026-04-15 02:02:08.304 7 INFO neutron.services.segments.plugin [-] Segment a400b391-4af8-499f-944e-7b935b5a8b9b resource provider not found; error: Placement Client Error (4xx): {"errors": [{"status": 404, "title": "Not Found", "detail": "The resource could not be found.\n\n No resource provider with uuid a400b391-4af8-499f-944e-7b935b5a8b9b found for delete ", "request_id": "req-0e3b10e7-45e5-411d-835c-fa7cc72d110b"}]} [pid: 7|app: 0|req: 565/1112] 10.0.0.147 () {32 vars in 726 bytes} [Wed Apr 15 02:02:07 2026] DELETE /v2.0/networks/e333a3db-a4da-4c26-93e1-93423ebd0389 => generated 0 bytes in 331 msecs (HTTP/1.1 204) 3 headers in 131 bytes (1 switches on core 0)
2026-04-15 02:02:08.416 8 INFO neutron.db.segments_db [None req-ed647f72-5698-4cc3-bc6c-1b418b3fb1f4 f23ffea244cb47aaab48636ae32eae5d f67c9ab6f6ce4ebe8282e748659eaf6e - - default default] Added segment 0876ef58-56d1-4bdd-b264-b7f57a9f4bd9 of type geneve for network 5d8f3f14-804f-4f50-b8e9-7a89a8598803
2026-04-15 02:02:08.524 8 INFO neutron.db.ovn_revision_numbers_db [None req-ed647f72-5698-4cc3-bc6c-1b418b3fb1f4 f23ffea244cb47aaab48636ae32eae5d f67c9ab6f6ce4ebe8282e748659eaf6e - - default default] Successfully bumped revision number for resource 5d8f3f14-804f-4f50-b8e9-7a89a8598803 (type: networks) to 1
2026-04-15 02:02:08.688 8 WARNING neutron.scheduler.dhcp_agent_scheduler [None req-ed647f72-5698-4cc3-bc6c-1b418b3fb1f4 f23ffea244cb47aaab48636ae32eae5d f67c9ab6f6ce4ebe8282e748659eaf6e - - default default] No more DHCP agents
2026-04-15 02:02:08.689 8 WARNING neutron.api.rpc.agentnotifiers.dhcp_rpc_agent_api [None req-ed647f72-5698-4cc3-bc6c-1b418b3fb1f4 f23ffea244cb47aaab48636ae32eae5d f67c9ab6f6ce4ebe8282e748659eaf6e - - default default] Unable to schedule network 5d8f3f14-804f-4f50-b8e9-7a89a8598803: no agents available; will retry on subsequent port and subnet creation events.
2026-04-15 02:02:08.742 7 INFO neutron.plugins.ml2.drivers.ovn.mech_driver.mech_driver [None req-3c442387-f67e-4b43-840f-9875f1c980e6 - - - - - -] OVN reports status down for port: 714870b7-09c4-4420-b7df-af25b5fa0167
2026-04-15 02:02:08.756 8 INFO neutron.db.ovn_revision_numbers_db [None req-ed647f72-5698-4cc3-bc6c-1b418b3fb1f4 f23ffea244cb47aaab48636ae32eae5d f67c9ab6f6ce4ebe8282e748659eaf6e - - default default] Successfully bumped revision number for resource 714870b7-09c4-4420-b7df-af25b5fa0167 (type: ports) to 1 [pid: 8|app: 0|req: 548/1113] 10.0.0.147 () {34 vars in 670 bytes} [Wed Apr 15 02:02:08 2026] POST /v2.0/networks => generated 654 bytes in 442 msecs (HTTP/1.1 201) 4 headers in 162 bytes (1 switches on core 0) [pid: 7|app: 0|req: 566/1114] 10.0.0.12 () {34 vars in 989 bytes} [Wed Apr 15 02:02:08 2026] GET /v2.0/ports?device_id=12ba0de1-c2ca-4dd8-8bf7-0334026e73c5 => generated 12 bytes in 30 msecs (HTTP/1.1 200) 4 headers in 156 bytes (1 switches on core 0)
2026-04-15 02:02:08.939 8 WARNING neutron.scheduler.dhcp_agent_scheduler [None req-4d22f5ed-1460-4757-9bdd-385ddc8c0bde f23ffea244cb47aaab48636ae32eae5d f67c9ab6f6ce4ebe8282e748659eaf6e - - default default] No more DHCP agents
2026-04-15 02:02:08.940 8 WARNING neutron.api.rpc.agentnotifiers.dhcp_rpc_agent_api [None req-4d22f5ed-1460-4757-9bdd-385ddc8c0bde f23ffea244cb47aaab48636ae32eae5d f67c9ab6f6ce4ebe8282e748659eaf6e - - default default] Unable to schedule network 5d8f3f14-804f-4f50-b8e9-7a89a8598803: no agents available; will retry on subsequent port and subnet creation events.
2026-04-15 02:02:08.969 8 INFO neutron.db.ovn_revision_numbers_db [None req-4d22f5ed-1460-4757-9bdd-385ddc8c0bde f23ffea244cb47aaab48636ae32eae5d f67c9ab6f6ce4ebe8282e748659eaf6e - - default default] Successfully bumped revision number for resource ec166313-91b2-4b2b-8da9-0dc6035744b1 (type: subnets) to 0 [pid: 8|app: 0|req: 549/1115] 10.0.0.147 () {34 vars in 669 bytes} [Wed Apr 15 02:02:08 2026] POST /v2.0/subnets => generated 646 bytes in 205 msecs (HTTP/1.1 201) 4 headers in 162 bytes (1 switches on core 0)
2026-04-15 02:02:09.273 7 WARNING neutron.scheduler.dhcp_agent_scheduler [None req-1808e11f-505c-41d9-96d5-92eff556a51b f23ffea244cb47aaab48636ae32eae5d f67c9ab6f6ce4ebe8282e748659eaf6e - - default default] No more DHCP agents
2026-04-15 02:02:09.274 7 WARNING neutron.api.rpc.agentnotifiers.dhcp_rpc_agent_api [None req-1808e11f-505c-41d9-96d5-92eff556a51b f23ffea244cb47aaab48636ae32eae5d f67c9ab6f6ce4ebe8282e748659eaf6e - - default default] Unable to schedule network 5d8f3f14-804f-4f50-b8e9-7a89a8598803: no agents available; will retry on subsequent port and subnet creation events.
2026-04-15 02:02:09.382 7 INFO neutron.db.ovn_revision_numbers_db [None req-1808e11f-505c-41d9-96d5-92eff556a51b f23ffea244cb47aaab48636ae32eae5d f67c9ab6f6ce4ebe8282e748659eaf6e - - default default] Successfully bumped revision number for resource 29443cc2-493a-4ac3-ab90-4a49c12e44ae (type: ports) to 1 [pid: 7|app: 0|req: 567/1116] 10.0.0.147 () {34 vars in 665 bytes} [Wed Apr 15 02:02:08 2026] POST /v2.0/ports => generated 927 bytes in 451 msecs (HTTP/1.1 201) 4 headers in 162 bytes (1 switches on core 0)
2026-04-15 02:02:09.561 8 INFO neutron_taas.services.taas.taas_plugin [None req-22526976-23d4-444c-afe8-c7c0f9ed3e1e f23ffea244cb47aaab48636ae32eae5d f67c9ab6f6ce4ebe8282e748659eaf6e - - default default] TaaS: Handle Delete Port: 29443cc2-493a-4ac3-ab90-4a49c12e44ae
2026-04-15 02:02:09.566 8 INFO neutron_taas.services.taas.tap_mirror_plugin [None req-22526976-23d4-444c-afe8-c7c0f9ed3e1e f23ffea244cb47aaab48636ae32eae5d f67c9ab6f6ce4ebe8282e748659eaf6e - - default default] Tap Mirror: Handle Delete Port: 29443cc2-493a-4ac3-ab90-4a49c12e44ae [pid: 8|app: 0|req: 550/1117] 10.0.0.147 () {32 vars in 720 bytes} [Wed Apr 15 02:02:09 2026] DELETE /v2.0/ports/29443cc2-493a-4ac3-ab90-4a49c12e44ae => generated 0 bytes in 248 msecs (HTTP/1.1 204) 3 headers in 131 bytes (1 switches on core 0)
2026-04-15 02:02:09.717 7 INFO neutron.pecan_wsgi.hooks.translation [None req-49983b0c-8ac9-44f9-ad4e-ab56bfffde16 f23ffea244cb47aaab48636ae32eae5d f67c9ab6f6ce4ebe8282e748659eaf6e - - default default] GET failed (client error): The resource could not be found. [pid: 7|app: 0|req: 568/1118] 10.0.0.147 () {32 vars in 717 bytes} [Wed Apr 15 02:02:09 2026] GET /v2.0/ports/29443cc2-493a-4ac3-ab90-4a49c12e44ae => generated 132 bytes in 21 msecs (HTTP/1.1 404) 4 headers in 164 bytes (1 switches on core 0) [pid: 8|app: 0|req: 551/1119] 10.0.0.147 () {32 vars in 724 bytes} [Wed Apr 15 02:02:09 2026] DELETE /v2.0/subnets/ec166313-91b2-4b2b-8da9-0dc6035744b1 => generated 0 bytes in 140 msecs (HTTP/1.1 204) 3 headers in 131 bytes (1 switches on core 0) [pid: 7|app: 0|req: 569/1120] 10.0.0.12 () {34 vars in 989 bytes} [Wed Apr 15 02:02:09 2026] GET /v2.0/ports?device_id=12ba0de1-c2ca-4dd8-8bf7-0334026e73c5 => generated 12 bytes in 20 msecs (HTTP/1.1 200) 4 headers in 156 bytes (1 switches on core 0)
2026-04-15 02:02:09.982 8 INFO neutron_taas.services.taas.taas_plugin [None req-c86806a7-5a3f-4527-99f4-899de0562e8d f23ffea244cb47aaab48636ae32eae5d f67c9ab6f6ce4ebe8282e748659eaf6e - - default default] TaaS: Handle Delete Port: 714870b7-09c4-4420-b7df-af25b5fa0167
2026-04-15 02:02:09.986 8 INFO neutron_taas.services.taas.tap_mirror_plugin [None req-c86806a7-5a3f-4527-99f4-899de0562e8d f23ffea244cb47aaab48636ae32eae5d f67c9ab6f6ce4ebe8282e748659eaf6e - - default default] Tap Mirror: Handle Delete Port: 714870b7-09c4-4420-b7df-af25b5fa0167
2026-04-15 02:02:10.143 8 INFO neutron.services.segments.plugin [-] Segment 0876ef58-56d1-4bdd-b264-b7f57a9f4bd9 resource provider aggregate not found
2026-04-15 02:02:10.146 8 INFO neutron.services.segments.plugin [-] Segment 0876ef58-56d1-4bdd-b264-b7f57a9f4bd9 resource provider aggregate not found
2026-04-15 02:02:10.167 8 INFO neutron.services.segments.plugin [-] Segment 0876ef58-56d1-4bdd-b264-b7f57a9f4bd9 resource provider not found; error: Placement Client Error (4xx): {"errors": [{"status": 404, "title": "Not Found", "detail": "The resource could not be found.\n\n No resource provider with uuid 0876ef58-56d1-4bdd-b264-b7f57a9f4bd9 found for delete ", "request_id": "req-b4e90971-55a7-4436-8d20-f362190e0b17"}]}
2026-04-15 02:02:10.173 8 INFO neutron.services.segments.plugin [-] Segment 0876ef58-56d1-4bdd-b264-b7f57a9f4bd9 resource provider not found; error: Placement Client Error (4xx): {"errors": [{"status": 404, "title": "Not Found", "detail": "The resource could not be found.\n\n No resource provider with uuid 0876ef58-56d1-4bdd-b264-b7f57a9f4bd9 found for delete ", "request_id": "req-38df32fa-0dd3-4524-b20e-74e5a431ea7d"}]} [pid: 8|app: 0|req: 552/1121] 10.0.0.147 () {32 vars in 726 bytes} [Wed Apr 15 02:02:09 2026] DELETE /v2.0/networks/5d8f3f14-804f-4f50-b8e9-7a89a8598803 => generated 0 bytes in 337 msecs (HTTP/1.1 204) 3 headers in 131 bytes (1 switches on core 0)
2026-04-15 02:02:10.421 7 WARNING neutron.scheduler.dhcp_agent_scheduler [None req-ee6dd921-e2f3-435e-85b2-203121719a84 f23ffea244cb47aaab48636ae32eae5d f67c9ab6f6ce4ebe8282e748659eaf6e - - default default] No more DHCP agents
2026-04-15 02:02:10.422 7 WARNING neutron.api.rpc.agentnotifiers.dhcp_rpc_agent_api [None req-ee6dd921-e2f3-435e-85b2-203121719a84 f23ffea244cb47aaab48636ae32eae5d f67c9ab6f6ce4ebe8282e748659eaf6e - - default default] Unable to schedule network 6d2225d8-a6ef-4598-8b2e-0a6252801427: no agents available; will retry on subsequent port and subnet creation events.
2026-04-15 02:02:10.515 7 INFO neutron.db.ovn_revision_numbers_db [None req-ee6dd921-e2f3-435e-85b2-203121719a84 f23ffea244cb47aaab48636ae32eae5d f67c9ab6f6ce4ebe8282e748659eaf6e - - default default] Successfully bumped revision number for resource ed478fc2-0a32-4a65-8379-d5bb8303895d (type: ports) to 1 [pid: 7|app: 0|req: 570/1122] 10.0.0.147 () {34 vars in 665 bytes} [Wed Apr 15 02:02:10 2026] POST /v2.0/ports => generated 779 bytes in 331 msecs (HTTP/1.1 201) 4 headers in 162 bytes (1 switches on core 0)
2026-04-15 02:02:10.775 8 INFO neutron.db.ovn_revision_numbers_db [None req-e2123603-e8b6-4b60-b3d8-160ae4c0b2e0 f23ffea244cb47aaab48636ae32eae5d f67c9ab6f6ce4ebe8282e748659eaf6e - - default default] Successfully bumped revision number for resource ed478fc2-0a32-4a65-8379-d5bb8303895d (type: ports) to 2 [pid: 8|app: 0|req: 553/1123] 10.0.0.147 () {34 vars in 737 bytes} [Wed Apr 15 02:02:10 2026] PUT /v2.0/ports/ed478fc2-0a32-4a65-8379-d5bb8303895d => generated 752 bytes in 265 msecs (HTTP/1.1 200) 4 headers in 157 bytes (1 switches on core 0) /var/lib/openstack/lib/python3.12/site-packages/pycadf/identifier.py:70: UserWarning: Invalid uuid: neutron. To ensure interoperability, identifiers should be a valid uuid. warnings.warn(('Invalid uuid: %s. To ensure interoperability, '
2026-04-15 02:02:10.899 7 INFO neutron_taas.services.taas.taas_plugin [None req-c1273228-33bf-4c52-8018-0a8f8f64c97e f23ffea244cb47aaab48636ae32eae5d f67c9ab6f6ce4ebe8282e748659eaf6e - - default default] TaaS: Handle Delete Port: ed478fc2-0a32-4a65-8379-d5bb8303895d
2026-04-15 02:02:10.901 7 INFO neutron_taas.services.taas.tap_mirror_plugin [None req-c1273228-33bf-4c52-8018-0a8f8f64c97e f23ffea244cb47aaab48636ae32eae5d f67c9ab6f6ce4ebe8282e748659eaf6e - - default default] Tap Mirror: Handle Delete Port: ed478fc2-0a32-4a65-8379-d5bb8303895d /var/lib/openstack/lib/python3.12/site-packages/pycadf/identifier.py:70: UserWarning: Invalid uuid: neutron. To ensure interoperability, identifiers should be a valid uuid. warnings.warn(('Invalid uuid: %s. To ensure interoperability, ' [pid: 7|app: 0|req: 571/1124] 10.0.0.147 () {32 vars in 720 bytes} [Wed Apr 15 02:02:10 2026] DELETE /v2.0/ports/ed478fc2-0a32-4a65-8379-d5bb8303895d => generated 0 bytes in 176 msecs (HTTP/1.1 204) 3 headers in 131 bytes (1 switches on core 0) [pid: 8|app: 0|req: 554/1125] 10.0.0.12 () {34 vars in 989 bytes} [Wed Apr 15 02:02:10 2026] GET /v2.0/ports?device_id=12ba0de1-c2ca-4dd8-8bf7-0334026e73c5 => generated 12 bytes in 53 msecs (HTTP/1.1 200) 4 headers in 156 bytes (1 switches on core 0)
2026-04-15 02:02:10.998 8 WARNING neutron.plugins.ml2.drivers.ovn.mech_driver.ovsdb.ovn_client [None req-5228aa05-7b9c-40ef-933d-01418f884ed5 - - - - - -] No hosting information found for port 52977c7c-5c4c-4e37-b63b-87ac85bb6149: RuntimeError: No hosting information found for port 52977c7c-5c4c-4e37-b63b-87ac85bb6149
2026-04-15 02:02:10.998 8 INFO neutron.plugins.ml2.drivers.ovn.mech_driver.mech_driver [None req-5228aa05-7b9c-40ef-933d-01418f884ed5 - - - - - -] OVN reports status down for port: ac5d2e57-1d4c-42d0-9628-5c1414d7ddf5
2026-04-15 02:02:11.060 8 INFO neutron.plugins.ml2.drivers.ovn.mech_driver.mech_driver [None req-5228aa05-7b9c-40ef-933d-01418f884ed5 - - - - - -] OVN reports status down for port: 7c729e7b-dc22-434a-bede-62273a15bb8c
2026-04-15 02:02:11.181 8 INFO neutron.db.ovn_revision_numbers_db [None req-5228aa05-7b9c-40ef-933d-01418f884ed5 - - - - - -] Successfully bumped revision number for resource 52977c7c-5c4c-4e37-b63b-87ac85bb6149 (type: router_ports) to 2
2026-04-15 02:02:11.182 8 INFO neutron.plugins.ml2.drivers.ovn.mech_driver.mech_driver [None req-5228aa05-7b9c-40ef-933d-01418f884ed5 - - - - - -] OVN reports status down for port: 6d159927-1728-4a45-981f-cbda2e4246ed
2026-04-15 02:02:11.191 8 INFO neutron.plugins.ml2.drivers.ovn.mech_driver.mech_driver [None req-5228aa05-7b9c-40ef-933d-01418f884ed5 - - - - - -] OVN reports status down for port: 29443cc2-493a-4ac3-ab90-4a49c12e44ae
2026-04-15 02:02:11.197 8 INFO neutron.plugins.ml2.drivers.ovn.mech_driver.mech_driver [None req-5228aa05-7b9c-40ef-933d-01418f884ed5 - - - - - -] OVN reports status down for port: ed478fc2-0a32-4a65-8379-d5bb8303895d
2026-04-15 02:02:11.205 8 INFO neutron.plugins.ml2.drivers.ovn.mech_driver.mech_driver [None req-5228aa05-7b9c-40ef-933d-01418f884ed5 - - - - - -] OVN reports status down for port: ed478fc2-0a32-4a65-8379-d5bb8303895d [pid: 7|app: 0|req: 572/1126] 10.0.0.147 () {32 vars in 643 bytes} [Wed Apr 15 02:02:10 2026] GET /v2.0/ports => generated 1538 bytes in 456 msecs (HTTP/1.1 200) 4 headers in 158 bytes (1 switches on core 0)
2026-04-15 02:02:11.488 8 INFO neutron.pecan_wsgi.hooks.translation [None req-dda1a915-9434-4cbc-87b3-4a6f3767e009 f23ffea244cb47aaab48636ae32eae5d f67c9ab6f6ce4ebe8282e748659eaf6e - - default default] GET failed (client error): The resource could not be found. [pid: 8|app: 0|req: 555/1127] 10.0.0.147 () {32 vars in 717 bytes} [Wed Apr 15 02:02:11 2026] GET /v2.0/ports/ed478fc2-0a32-4a65-8379-d5bb8303895d => generated 132 bytes in 13 msecs (HTTP/1.1 404) 4 headers in 164 bytes (1 switches on core 0) [pid: 7|app: 0|req: 573/1128] 10.0.0.147 () {32 vars in 643 bytes} [Wed Apr 15 02:02:11 2026] GET /v2.0/ports => generated 1538 bytes in 48 msecs (HTTP/1.1 200) 4 headers in 158 bytes (1 switches on core 0) [pid: 8|app: 0|req: 556/1129] 10.0.0.147 () {32 vars in 717 bytes} [Wed Apr 15 02:02:11 2026] GET /v2.0/ports/7c729e7b-dc22-434a-bede-62273a15bb8c => generated 779 bytes in 23 msecs (HTTP/1.1 200) 4 headers in 157 bytes (1 switches on core 0)
2026-04-15 02:02:11.600 7 INFO neutron.pecan_wsgi.hooks.translation [None req-1cb67142-9cc6-4963-8d8b-96048c1a6419 f23ffea244cb47aaab48636ae32eae5d f67c9ab6f6ce4ebe8282e748659eaf6e - - default default] DELETE failed (client error): The resource could not be found. [pid: 7|app: 0|req: 574/1130] 10.0.0.147 () {32 vars in 720 bytes} [Wed Apr 15 02:02:11 2026] DELETE /v2.0/ports/29443cc2-493a-4ac3-ab90-4a49c12e44ae => generated 132 bytes in 20 msecs (HTTP/1.1 404) 4 headers in 164 bytes (1 switches on core 0)
2026-04-15 02:02:11.619 8 INFO neutron.pecan_wsgi.hooks.translation [None req-8621eecd-a9f6-4e83-b94e-bbcdf73edb18 f23ffea244cb47aaab48636ae32eae5d f67c9ab6f6ce4ebe8282e748659eaf6e - - default default] DELETE failed (client error): The resource could not be found. [pid: 8|app: 0|req: 557/1131] 10.0.0.147 () {32 vars in 724 bytes} [Wed Apr 15 02:02:11 2026] DELETE /v2.0/subnets/ec166313-91b2-4b2b-8da9-0dc6035744b1 => generated 136 bytes in 15 msecs (HTTP/1.1 404) 4 headers in 164 bytes (1 switches on core 0)
2026-04-15 02:02:11.637 7 INFO neutron.pecan_wsgi.hooks.translation [None req-6363fe65-d615-4d0e-886b-7be004d4b5b9 f23ffea244cb47aaab48636ae32eae5d f67c9ab6f6ce4ebe8282e748659eaf6e - - default default] DELETE failed (client error): The resource could not be found. [pid: 7|app: 0|req: 575/1132] 10.0.0.147 () {32 vars in 724 bytes} [Wed Apr 15 02:02:11 2026] DELETE /v2.0/subnets/51003963-c61e-4203-9368-b048f59a9b82 => generated 136 bytes in 16 msecs (HTTP/1.1 404) 4 headers in 164 bytes (1 switches on core 0)
