Mar 31 22:25:11.365948 np0000161999 neutron-periodic-workers[103714]: DEBUG cotyledon.oslo_config_glue [-] ml2.tunnelled_network_rp_name = rp_tunnelled {{(pid=103714) log_opt_values /opt/stack/data/venv/lib/python3.12/site-packages/oslo_config/cfg.py:3006}}
Mar 31 22:25:11.365948 np0000161999 neutron-periodic-workers[103714]: DEBUG cotyledon.oslo_config_glue [-] ml2.type_drivers = ['local', 'flat', 'vlan', 'geneve'] {{(pid=103714) log_opt_values /opt/stack/data/venv/lib/python3.12/site-packages/oslo_config/cfg.py:3006}}
Mar 31 22:25:11.365948 np0000161999 neutron-periodic-workers[103714]: DEBUG cotyledon.oslo_config_glue [-] ml2_type_flat.flat_networks = ['public'] {{(pid=103714) log_opt_values /opt/stack/data/venv/lib/python3.12/site-packages/oslo_config/cfg.py:3006}}
Mar 31 22:25:11.366316 np0000161999 neutron-periodic-workers[103714]: DEBUG cotyledon.oslo_config_glue [-] ml2_type_geneve.max_header_size = 38 {{(pid=103714) log_opt_values /opt/stack/data/venv/lib/python3.12/site-packages/oslo_config/cfg.py:3006}}
Mar 31 22:25:11.366316 np0000161999 neutron-periodic-workers[103714]: DEBUG cotyledon.oslo_config_glue [-] ml2_type_geneve.vni_ranges = ['1:65536'] {{(pid=103714) log_opt_values /opt/stack/data/venv/lib/python3.12/site-packages/oslo_config/cfg.py:3006}}
Mar 31 22:25:11.366316 np0000161999 neutron-periodic-workers[103714]: DEBUG cotyledon.oslo_config_glue [-] ml2_type_vlan.network_vlan_ranges = ['public'] {{(pid=103714) log_opt_values /opt/stack/data/venv/lib/python3.12/site-packages/oslo_config/cfg.py:3006}}
Mar 31 22:25:11.366316 np0000161999 neutron-periodic-workers[103714]: DEBUG cotyledon.oslo_config_glue [-] network_log.burst_limit = 25 {{(pid=103714) log_opt_values /opt/stack/data/venv/lib/python3.12/site-packages/oslo_config/cfg.py:3006}}
Mar 31 22:25:11.366316 np0000161999 neutron-periodic-workers[103714]: DEBUG cotyledon.oslo_config_glue [-] network_log.local_output_log_base = None {{(pid=103714) log_opt_values /opt/stack/data/venv/lib/python3.12/site-packages/oslo_config/cfg.py:3006}}
Mar 31 22:25:11.366316 np0000161999 neutron-periodic-workers[103714]: DEBUG cotyledon.oslo_config_glue [-] network_log.rate_limit = 100 {{(pid=103714) log_opt_values /opt/stack/data/venv/lib/python3.12/site-packages/oslo_config/cfg.py:3006}}
Mar 31 22:25:11.366823 np0000161999 neutron-periodic-workers[103714]: DEBUG cotyledon.oslo_config_glue [-] database.asyncio_connection = **** {{(pid=103714) log_opt_values /opt/stack/data/venv/lib/python3.12/site-packages/oslo_config/cfg.py:3006}}
Mar 31 22:25:11.366823 np0000161999 neutron-periodic-workers[103714]: DEBUG cotyledon.oslo_config_glue [-] database.asyncio_slave_connection = **** {{(pid=103714) log_opt_values /opt/stack/data/venv/lib/python3.12/site-packages/oslo_config/cfg.py:3006}}
Mar 31 22:25:11.366823 np0000161999 neutron-periodic-workers[103714]: DEBUG cotyledon.oslo_config_glue [-] database.backend = sqlalchemy {{(pid=103714) log_opt_values /opt/stack/data/venv/lib/python3.12/site-packages/oslo_config/cfg.py:3006}}
Mar 31 22:25:11.366823 np0000161999 neutron-periodic-workers[103714]: DEBUG cotyledon.oslo_config_glue [-] database.connection = **** {{(pid=103714) log_opt_values /opt/stack/data/venv/lib/python3.12/site-packages/oslo_config/cfg.py:3006}}
Mar 31 22:25:11.366823 np0000161999 neutron-periodic-workers[103714]: DEBUG cotyledon.oslo_config_glue [-] database.connection_debug = 0 {{(pid=103714) log_opt_values /opt/stack/data/venv/lib/python3.12/site-packages/oslo_config/cfg.py:3006}}
Mar 31 22:25:11.366823 np0000161999 neutron-periodic-workers[103714]: DEBUG cotyledon.oslo_config_glue [-] database.connection_parameters = {{(pid=103714) log_opt_values /opt/stack/data/venv/lib/python3.12/site-packages/oslo_config/cfg.py:3006}}
Mar 31 22:25:11.366823 np0000161999 neutron-periodic-workers[103714]: DEBUG cotyledon.oslo_config_glue [-] database.connection_recycle_time = 3600 {{(pid=103714) log_opt_values /opt/stack/data/venv/lib/python3.12/site-packages/oslo_config/cfg.py:3006}}
Mar 31 22:25:11.366823 np0000161999 neutron-periodic-workers[103714]: DEBUG cotyledon.oslo_config_glue [-] database.connection_trace = False {{(pid=103714) log_opt_values /opt/stack/data/venv/lib/python3.12/site-packages/oslo_config/cfg.py:3006}}
Mar 31 22:25:11.366823 np0000161999 neutron-periodic-workers[103714]: DEBUG cotyledon.oslo_config_glue [-] database.db_inc_retry_interval = True {{(pid=103714) log_opt_values /opt/stack/data/venv/lib/python3.12/site-packages/oslo_config/cfg.py:3006}}
Mar 31 22:25:11.367275 np0000161999 neutron-periodic-workers[103714]: DEBUG cotyledon.oslo_config_glue [-] database.db_max_retries = 20 {{(pid=103714) log_opt_values /opt/stack/data/venv/lib/python3.12/site-packages/oslo_config/cfg.py:3006}}
Mar 31 22:25:11.367275 np0000161999 neutron-periodic-workers[103714]: DEBUG cotyledon.oslo_config_glue [-] database.db_max_retry_interval = 10 {{(pid=103714) log_opt_values /opt/stack/data/venv/lib/python3.12/site-packages/oslo_config/cfg.py:3006}}
Mar 31 22:25:11.367275 np0000161999 neutron-periodic-workers[103714]: DEBUG cotyledon.oslo_config_glue [-] database.db_retry_interval = 1 {{(pid=103714) log_opt_values /opt/stack/data/venv/lib/python3.12/site-packages/oslo_config/cfg.py:3006}}
Mar 31 22:25:11.367275 np0000161999 neutron-periodic-workers[103714]: DEBUG cotyledon.oslo_config_glue [-] database.max_overflow = 50 {{(pid=103714) log_opt_values /opt/stack/data/venv/lib/python3.12/site-packages/oslo_config/cfg.py:3006}}
Mar 31 22:25:11.367275 np0000161999 neutron-periodic-workers[103714]: DEBUG cotyledon.oslo_config_glue [-] database.max_pool_size = 5 {{(pid=103714) log_opt_values /opt/stack/data/venv/lib/python3.12/site-packages/oslo_config/cfg.py:3006}}
Mar 31 22:25:11.367275 np0000161999 neutron-periodic-workers[103714]: DEBUG cotyledon.oslo_config_glue [-] database.max_retries = 10 {{(pid=103714) log_opt_values /opt/stack/data/venv/lib/python3.12/site-packages/oslo_config/cfg.py:3006}}
Mar 31 22:25:11.367275 np0000161999 neutron-periodic-workers[103714]: DEBUG cotyledon.oslo_config_glue [-] database.mysql_sql_mode = TRADITIONAL {{(pid=103714) log_opt_values /opt/stack/data/venv/lib/python3.12/site-packages/oslo_config/cfg.py:3006}}
Mar 31 22:25:11.367275 np0000161999 neutron-periodic-workers[103714]: DEBUG cotyledon.oslo_config_glue [-] database.mysql_wsrep_sync_wait = None {{(pid=103714) log_opt_values /opt/stack/data/venv/lib/python3.12/site-packages/oslo_config/cfg.py:3006}}
Mar 31 22:25:11.367275 np0000161999 neutron-periodic-workers[103714]: DEBUG cotyledon.oslo_config_glue [-] database.pool_timeout = None {{(pid=103714) log_opt_values /opt/stack/data/venv/lib/python3.12/site-packages/oslo_config/cfg.py:3006}}
Mar 31 22:25:11.367627 np0000161999 neutron-periodic-workers[103714]: DEBUG cotyledon.oslo_config_glue [-] database.retry_interval = 10 {{(pid=103714) log_opt_values /opt/stack/data/venv/lib/python3.12/site-packages/oslo_config/cfg.py:3006}}
Mar 31 22:25:11.367627 np0000161999 neutron-periodic-workers[103714]: DEBUG cotyledon.oslo_config_glue [-] database.slave_connection = **** {{(pid=103714) log_opt_values /opt/stack/data/venv/lib/python3.12/site-packages/oslo_config/cfg.py:3006}}
Mar 31 22:25:11.367627 np0000161999 neutron-periodic-workers[103714]: DEBUG cotyledon.oslo_config_glue [-] database.sqlite_synchronous = True {{(pid=103714) log_opt_values /opt/stack/data/venv/lib/python3.12/site-packages/oslo_config/cfg.py:3006}}
Mar 31 22:25:11.367627 np0000161999 neutron-periodic-workers[103714]: DEBUG cotyledon.oslo_config_glue [-] database.synchronous_reader = True {{(pid=103714) log_opt_values /opt/stack/data/venv/lib/python3.12/site-packages/oslo_config/cfg.py:3006}}
Mar 31 22:25:11.367627 np0000161999 neutron-periodic-workers[103714]: DEBUG cotyledon.oslo_config_glue [-] database.use_db_reconnect = False {{(pid=103714) log_opt_values /opt/stack/data/venv/lib/python3.12/site-packages/oslo_config/cfg.py:3006}}
Mar 31 22:25:11.367627 np0000161999 neutron-periodic-workers[103714]: DEBUG cotyledon.oslo_config_glue [-] ovn.bfd_min_rx = 1000 {{(pid=103714) log_opt_values /opt/stack/data/venv/lib/python3.12/site-packages/oslo_config/cfg.py:3006}}
Mar 31 22:25:11.367627 np0000161999 neutron-periodic-workers[103714]: DEBUG cotyledon.oslo_config_glue [-] ovn.bfd_min_tx = 100 {{(pid=103714) log_opt_values /opt/stack/data/venv/lib/python3.12/site-packages/oslo_config/cfg.py:3006}}
Mar 31 22:25:11.367627 np0000161999 neutron-periodic-workers[103714]: DEBUG cotyledon.oslo_config_glue [-] ovn.bfd_mult = 3 {{(pid=103714) log_opt_values /opt/stack/data/venv/lib/python3.12/site-packages/oslo_config/cfg.py:3006}}
Mar 31 22:25:11.367627 np0000161999 neutron-periodic-workers[103714]: DEBUG cotyledon.oslo_config_glue [-] ovn.broadcast_arps_to_all_routers = True {{(pid=103714) log_opt_values /opt/stack/data/venv/lib/python3.12/site-packages/oslo_config/cfg.py:3006}}
Mar 31 22:25:11.368115 np0000161999 neutron-periodic-workers[103714]: DEBUG cotyledon.oslo_config_glue [-] ovn.dhcp_default_lease_time = 43200 {{(pid=103714) log_opt_values /opt/stack/data/venv/lib/python3.12/site-packages/oslo_config/cfg.py:3006}}
Mar 31 22:25:11.368115 np0000161999 neutron-periodic-workers[103714]: DEBUG cotyledon.oslo_config_glue [-] ovn.disable_ovn_dhcp_for_baremetal_ports = False {{(pid=103714) log_opt_values /opt/stack/data/venv/lib/python3.12/site-packages/oslo_config/cfg.py:3006}}
Mar 31 22:25:11.368115 np0000161999 neutron-periodic-workers[103714]: DEBUG cotyledon.oslo_config_glue [-] ovn.dns_records_ovn_owned = False {{(pid=103714) log_opt_values /opt/stack/data/venv/lib/python3.12/site-packages/oslo_config/cfg.py:3006}}
Mar 31 22:25:11.368115 np0000161999 neutron-periodic-workers[103714]: DEBUG cotyledon.oslo_config_glue [-] ovn.dns_servers = [] {{(pid=103714) log_opt_values /opt/stack/data/venv/lib/python3.12/site-packages/oslo_config/cfg.py:3006}}
Mar 31 22:25:11.368115 np0000161999 neutron-periodic-workers[103714]: DEBUG cotyledon.oslo_config_glue [-] ovn.enable_distributed_floating_ip = False {{(pid=103714) log_opt_values /opt/stack/data/venv/lib/python3.12/site-packages/oslo_config/cfg.py:3006}}
Mar 31 22:25:11.368115 np0000161999 neutron-periodic-workers[103714]: DEBUG cotyledon.oslo_config_glue [-] ovn.fdb_age_threshold = 300 {{(pid=103714) log_opt_values /opt/stack/data/venv/lib/python3.12/site-packages/oslo_config/cfg.py:3006}}
Mar 31 22:25:11.368115 np0000161999 neutron-periodic-workers[103714]: DEBUG cotyledon.oslo_config_glue [-] ovn.ha_failover_strategy = normal {{(pid=103714) log_opt_values /opt/stack/data/venv/lib/python3.12/site-packages/oslo_config/cfg.py:3006}}
Mar 31 22:25:11.368115 np0000161999 neutron-periodic-workers[103714]: DEBUG cotyledon.oslo_config_glue [-] ovn.live_migration_activation_strategy = rarp {{(pid=103714) log_opt_values /opt/stack/data/venv/lib/python3.12/site-packages/oslo_config/cfg.py:3006}}
Mar 31 22:25:11.368115 np0000161999 neutron-periodic-workers[103714]: DEBUG cotyledon.oslo_config_glue [-] ovn.localnet_learn_fdb = False {{(pid=103714) log_opt_values /opt/stack/data/venv/lib/python3.12/site-packages/oslo_config/cfg.py:3006}}
Mar 31 22:25:11.368486 np0000161999 neutron-periodic-workers[103714]: DEBUG cotyledon.oslo_config_glue [-] ovn.mac_binding_age_threshold = 300 {{(pid=103714) log_opt_values /opt/stack/data/venv/lib/python3.12/site-packages/oslo_config/cfg.py:3006}}
Mar 31 22:25:11.368486 np0000161999 neutron-periodic-workers[103714]: DEBUG cotyledon.oslo_config_glue [-] ovn.neutron_sync_mode = log {{(pid=103714) log_opt_values /opt/stack/data/venv/lib/python3.12/site-packages/oslo_config/cfg.py:3006}}
Mar 31 22:25:11.368486 np0000161999 neutron-periodic-workers[103714]: DEBUG cotyledon.oslo_config_glue [-] ovn.ovn_dhcp4_global_options = {} {{(pid=103714) log_opt_values /opt/stack/data/venv/lib/python3.12/site-packages/oslo_config/cfg.py:3006}}
Mar 31 22:25:11.368486 np0000161999 neutron-periodic-workers[103714]: DEBUG cotyledon.oslo_config_glue [-] ovn.ovn_dhcp6_global_options = {} {{(pid=103714) log_opt_values /opt/stack/data/venv/lib/python3.12/site-packages/oslo_config/cfg.py:3006}}
Mar 31 22:25:11.368486 np0000161999 neutron-periodic-workers[103714]: DEBUG cotyledon.oslo_config_glue [-] ovn.ovn_l3_scheduler = leastloaded {{(pid=103714) log_opt_values /opt/stack/data/venv/lib/python3.12/site-packages/oslo_config/cfg.py:3006}}
Mar 31 22:25:11.368486 np0000161999 neutron-periodic-workers[103714]: DEBUG cotyledon.oslo_config_glue [-] ovn.ovn_metadata_enabled = True {{(pid=103714) log_opt_values /opt/stack/data/venv/lib/python3.12/site-packages/oslo_config/cfg.py:3006}}
Mar 31 22:25:11.368486 np0000161999 neutron-periodic-workers[103714]: DEBUG cotyledon.oslo_config_glue [-] ovn.ovn_nb_ca_cert = /opt/stack/data/CA/int-ca/ca-chain.pem {{(pid=103714) log_opt_values /opt/stack/data/venv/lib/python3.12/site-packages/oslo_config/cfg.py:3006}}
Mar 31 22:25:11.368486 np0000161999 neutron-periodic-workers[103714]: DEBUG cotyledon.oslo_config_glue [-] ovn.ovn_nb_certificate = /opt/stack/data/CA/int-ca/devstack-cert.crt {{(pid=103714) log_opt_values /opt/stack/data/venv/lib/python3.12/site-packages/oslo_config/cfg.py:3006}}
Mar 31 22:25:11.368486 np0000161999 neutron-periodic-workers[103714]: DEBUG cotyledon.oslo_config_glue [-] ovn.ovn_nb_connection = ['ssl:199.204.45.162:6641'] {{(pid=103714) log_opt_values /opt/stack/data/venv/lib/python3.12/site-packages/oslo_config/cfg.py:3006}}
Mar 31 22:25:11.369086 np0000161999 neutron-periodic-workers[103714]: DEBUG cotyledon.oslo_config_glue [-] ovn.ovn_nb_private_key = /opt/stack/data/CA/int-ca/private/devstack-cert.key {{(pid=103714) log_opt_values /opt/stack/data/venv/lib/python3.12/site-packages/oslo_config/cfg.py:3006}}
Mar 31 22:25:11.369086 np0000161999 neutron-periodic-workers[103714]: DEBUG cotyledon.oslo_config_glue [-] ovn.ovn_router_indirect_snat = False {{(pid=103714) log_opt_values /opt/stack/data/venv/lib/python3.12/site-packages/oslo_config/cfg.py:3006}}
Mar 31 22:25:11.369086 np0000161999 neutron-periodic-workers[103714]: DEBUG cotyledon.oslo_config_glue [-] ovn.ovn_sb_ca_cert = /opt/stack/data/CA/int-ca/ca-chain.pem {{(pid=103714) log_opt_values /opt/stack/data/venv/lib/python3.12/site-packages/oslo_config/cfg.py:3006}}
Mar 31 22:25:11.369086 np0000161999 neutron-periodic-workers[103714]: DEBUG cotyledon.oslo_config_glue [-] ovn.ovn_sb_certificate = /opt/stack/data/CA/int-ca/devstack-cert.crt {{(pid=103714) log_opt_values /opt/stack/data/venv/lib/python3.12/site-packages/oslo_config/cfg.py:3006}}
Mar 31 22:25:11.369086 np0000161999 neutron-periodic-workers[103714]: DEBUG cotyledon.oslo_config_glue [-] ovn.ovn_sb_connection = ['ssl:199.204.45.162:6642'] {{(pid=103714) log_opt_values /opt/stack/data/venv/lib/python3.12/site-packages/oslo_config/cfg.py:3006}}
Mar 31 22:25:11.369086 np0000161999 neutron-periodic-workers[103714]: DEBUG cotyledon.oslo_config_glue [-] ovn.ovn_sb_private_key = /opt/stack/data/CA/int-ca/private/devstack-cert.key {{(pid=103714) log_opt_values /opt/stack/data/venv/lib/python3.12/site-packages/oslo_config/cfg.py:3006}}
Mar 31 22:25:11.369086 np0000161999 neutron-periodic-workers[103714]: DEBUG cotyledon.oslo_config_glue [-] ovn.ovs_create_tap = False {{(pid=103714) log_opt_values /opt/stack/data/venv/lib/python3.12/site-packages/oslo_config/cfg.py:3006}}
Mar 31 22:25:11.369086 np0000161999 neutron-periodic-workers[103714]: DEBUG cotyledon.oslo_config_glue [-] ovn.ovsdb_connection_timeout = 180 {{(pid=103714) log_opt_values /opt/stack/data/venv/lib/python3.12/site-packages/oslo_config/cfg.py:3006}}
Mar 31 22:25:11.369451 np0000161999 neutron-periodic-workers[103714]: DEBUG cotyledon.oslo_config_glue [-] ovn.ovsdb_log_level = INFO {{(pid=103714) log_opt_values /opt/stack/data/venv/lib/python3.12/site-packages/oslo_config/cfg.py:3006}}
Mar 31 22:25:11.369451 np0000161999 neutron-periodic-workers[103714]: DEBUG cotyledon.oslo_config_glue [-] ovn.ovsdb_probe_interval = 60000 {{(pid=103714) log_opt_values /opt/stack/data/venv/lib/python3.12/site-packages/oslo_config/cfg.py:3006}}
Mar 31 22:25:11.369451 np0000161999 neutron-periodic-workers[103714]: DEBUG cotyledon.oslo_config_glue [-] ovn.ovsdb_retry_max_interval = 180 {{(pid=103714) log_opt_values /opt/stack/data/venv/lib/python3.12/site-packages/oslo_config/cfg.py:3006}}
Mar 31 22:25:11.369451 np0000161999 neutron-periodic-workers[103714]: DEBUG cotyledon.oslo_config_glue [-] ovn.stateless_nat_enabled = False {{(pid=103714) log_opt_values /opt/stack/data/venv/lib/python3.12/site-packages/oslo_config/cfg.py:3006}}
Mar 31 22:25:11.369451 np0000161999 neutron-periodic-workers[103714]: DEBUG cotyledon.oslo_config_glue [-] ovn.vhost_sock_dir = /var/run/openvswitch {{(pid=103714) log_opt_values /opt/stack/data/venv/lib/python3.12/site-packages/oslo_config/cfg.py:3006}}
Mar 31 22:25:11.369451 np0000161999 neutron-periodic-workers[103714]: DEBUG cotyledon.oslo_config_glue [-] OVS.bridge_mac_table_size = 50000 {{(pid=103714) log_opt_values /opt/stack/data/venv/lib/python3.12/site-packages/oslo_config/cfg.py:3006}}
Mar 31 22:25:11.369451 np0000161999 neutron-periodic-workers[103714]: DEBUG cotyledon.oslo_config_glue [-] OVS.igmp_flood = False {{(pid=103714) log_opt_values /opt/stack/data/venv/lib/python3.12/site-packages/oslo_config/cfg.py:3006}}
Mar 31 22:25:11.369451 np0000161999 neutron-periodic-workers[103714]: DEBUG cotyledon.oslo_config_glue [-] OVS.igmp_flood_reports = True {{(pid=103714) log_opt_values /opt/stack/data/venv/lib/python3.12/site-packages/oslo_config/cfg.py:3006}}
Mar 31 22:25:11.369451 np0000161999 neutron-periodic-workers[103714]: DEBUG cotyledon.oslo_config_glue [-] OVS.igmp_flood_unregistered = False {{(pid=103714) log_opt_values /opt/stack/data/venv/lib/python3.12/site-packages/oslo_config/cfg.py:3006}}
Mar 31 22:25:11.369908 np0000161999 neutron-periodic-workers[103714]: DEBUG cotyledon.oslo_config_glue [-] OVS.igmp_snooping_enable = False {{(pid=103714) log_opt_values /opt/stack/data/venv/lib/python3.12/site-packages/oslo_config/cfg.py:3006}}
Mar 31 22:25:11.369908 np0000161999 neutron-periodic-workers[103714]: DEBUG cotyledon.oslo_config_glue [-] OVS.ovsdb_timeout = 10 {{(pid=103714) log_opt_values /opt/stack/data/venv/lib/python3.12/site-packages/oslo_config/cfg.py:3006}}
Mar 31 22:25:11.369908 np0000161999 neutron-periodic-workers[103714]: DEBUG cotyledon.oslo_config_glue [-] ovn_nb_global.fdb_removal_limit = 0 {{(pid=103714) log_opt_values /opt/stack/data/venv/lib/python3.12/site-packages/oslo_config/cfg.py:3006}}
Mar 31 22:25:11.369908 np0000161999 neutron-periodic-workers[103714]: DEBUG cotyledon.oslo_config_glue [-] ovn_nb_global.ignore_lsp_down = False {{(pid=103714) log_opt_values /opt/stack/data/venv/lib/python3.12/site-packages/oslo_config/cfg.py:3006}}
Mar 31 22:25:11.369908 np0000161999 neutron-periodic-workers[103714]: DEBUG cotyledon.oslo_config_glue [-] ovn_nb_global.mac_binding_removal_limit = 0 {{(pid=103714) log_opt_values /opt/stack/data/venv/lib/python3.12/site-packages/oslo_config/cfg.py:3006}}
Mar 31 22:25:11.369908 np0000161999 neutron-periodic-workers[103714]: DEBUG cotyledon.oslo_config_glue [-] ******************************************************************************** {{(pid=103714) log_opt_values /opt/stack/data/venv/lib/python3.12/site-packages/oslo_config/cfg.py:3013}}
Mar 31 22:25:11.369908 np0000161999 neutron-periodic-workers[103714]: DEBUG cotyledon._service_worker [-] Run service ServiceWrapper(0) [103714] {{(pid=103714) wait_forever /opt/stack/data/venv/lib/python3.12/site-packages/cotyledon/_service_worker.py:218}}
Mar 31 22:25:21.021646 np0000161999 neutron-periodic-workers[103101]: DEBUG dbcounter [-] [103101] Writing DB stats neutron:SELECT=4 {{(pid=103101) stat_writer /opt/stack/data/venv/lib/python3.12/site-packages/dbcounter.py:115}}
Mar 31 22:26:13.341427 np0000161999 neutron-periodic-workers[103706]: DEBUG oslo_db.sqlalchemy.engines [None req-e9602518-cdb8-44c5-bd6e-ee96cf9625e5 None None] Parent process 103101 forked (103706) with an open database connection, which is being discarded and recreated. {{(pid=103706) checkout /opt/stack/data/venv/lib/python3.12/site-packages/oslo_db/sqlalchemy/engines.py:402}}
Mar 31 22:26:13.349310 np0000161999 neutron-periodic-workers[103706]: DEBUG dbcounter [-] [103706] Writer thread running {{(pid=103706) stat_writer /opt/stack/data/venv/lib/python3.12/site-packages/dbcounter.py:102}}
Mar 31 22:26:13.354178 np0000161999 neutron-periodic-workers[103706]: DEBUG neutron.db.agents_db [None req-e9602518-cdb8-44c5-bd6e-ee96cf9625e5 None None] Agent healthcheck: found 0 active agents {{(pid=103706) agent_health_check /opt/stack/neutron/neutron/db/agents_db.py:317}}
Mar 31 22:26:13.354178 np0000161999 neutron-periodic-workers[103706]: DEBUG oslo.service.backend._threading.loopingcall [None req-e9602518-cdb8-44c5-bd6e-ee96cf9625e5 None None] Fixed interval looping call 'neutron.plugins.ml2.plugin.AgentDbMixin.agent_health_check' sleeping for 36.98 seconds {{(pid=103706) _run_loop /opt/stack/data/venv/lib/python3.12/site-packages/oslo_service/backend/_threading/loopingcall.py:125}}
Mar 31 22:26:21.325655 np0000161999 neutron-periodic-workers[103704]: DEBUG dbcounter [-] [103704] Writer thread running {{(pid=103704) stat_writer /opt/stack/data/venv/lib/python3.12/site-packages/dbcounter.py:102}}
Mar 31 22:26:21.335996 np0000161999 neutron-periodic-workers[103704]: DEBUG oslo.service.backend._threading.loopingcall [None req-4cb5b657-5386-407b-b057-745c22d1947c None None] Fixed interval looping call 'neutron.plugins.ml2.plugin.DhcpAgentSchedulerDbMixin.remove_networks_from_down_agents' sleeping for 36.97 seconds {{(pid=103704) _run_loop /opt/stack/data/venv/lib/python3.12/site-packages/oslo_service/backend/_threading/loopingcall.py:125}}
Mar 31 22:26:23.350453 np0000161999 neutron-periodic-workers[103706]: DEBUG dbcounter [-] [103706] Writing DB stats neutron:SELECT=1 {{(pid=103706) stat_writer /opt/stack/data/venv/lib/python3.12/site-packages/dbcounter.py:115}}
Mar 31 22:26:31.334551 np0000161999 neutron-periodic-workers[103704]: DEBUG dbcounter [-] [103704] Writing DB stats neutron:SELECT=3 {{(pid=103704) stat_writer /opt/stack/data/venv/lib/python3.12/site-packages/dbcounter.py:115}}
Mar 31 22:26:50.339725 np0000161999 neutron-periodic-workers[103706]: DEBUG neutron.db.agents_db [None req-e9602518-cdb8-44c5-bd6e-ee96cf9625e5 None None] Agent healthcheck: found 0 active agents {{(pid=103706) agent_health_check /opt/stack/neutron/neutron/db/agents_db.py:317}}
Mar 31 22:26:50.340079 np0000161999 neutron-periodic-workers[103706]: DEBUG oslo.service.backend._threading.loopingcall [None req-e9602518-cdb8-44c5-bd6e-ee96cf9625e5 None None] Fixed interval looping call 'neutron.plugins.ml2.plugin.AgentDbMixin.agent_health_check' sleeping for 36.99 seconds {{(pid=103706) _run_loop /opt/stack/data/venv/lib/python3.12/site-packages/oslo_service/backend/_threading/loopingcall.py:125}}
Mar 31 22:26:58.316730 np0000161999 neutron-periodic-workers[103704]: DEBUG oslo.service.backend._threading.loopingcall [None req-4cb5b657-5386-407b-b057-745c22d1947c None None] Fixed interval looping call 'neutron.plugins.ml2.plugin.DhcpAgentSchedulerDbMixin.remove_networks_from_down_agents' sleeping for 36.99 seconds {{(pid=103704) _run_loop /opt/stack/data/venv/lib/python3.12/site-packages/oslo_service/backend/_threading/loopingcall.py:125}}
Mar 31 22:27:00.337909 np0000161999 neutron-periodic-workers[103706]: DEBUG dbcounter [-] [103706] Writing DB stats neutron:SELECT=1 {{(pid=103706) stat_writer /opt/stack/data/venv/lib/python3.12/site-packages/dbcounter.py:115}}
Mar 31 22:27:04.399419 np0000161999 neutron-periodic-workers[103714]: DEBUG dbcounter [-] [103714] Writer thread running {{(pid=103714) stat_writer /opt/stack/data/venv/lib/python3.12/site-packages/dbcounter.py:102}}
Mar 31 22:27:04.411562 np0000161999 neutron-periodic-workers[103714]: DEBUG oslo.service.backend._threading.loopingcall [None req-3270e4b5-0a69-48cd-9b21-4c6a5c14569e None None] Fixed interval looping call 'neutron.services.ovn_l3.plugin.L3_NAT_dbonly_mixin._clean_garbage' sleeping for 299.96 seconds {{(pid=103714) _run_loop /opt/stack/data/venv/lib/python3.12/site-packages/oslo_service/backend/_threading/loopingcall.py:125}}
Mar 31 22:27:08.314662 np0000161999 neutron-periodic-workers[103704]: DEBUG dbcounter [-] [103704] Writing DB stats neutron:SELECT=3 {{(pid=103704) stat_writer /opt/stack/data/venv/lib/python3.12/site-packages/dbcounter.py:115}}
Mar 31 22:27:11.364424 np0000161999 neutron-periodic-workers[103710]: DEBUG dbcounter [-] [103710] Writer thread running {{(pid=103710) stat_writer /opt/stack/data/venv/lib/python3.12/site-packages/dbcounter.py:102}}
Mar 31 22:27:11.368961 np0000161999 neutron-periodic-workers[103710]: DEBUG oslo.service.backend._threading.loopingcall [None req-b57cb5a9-d879-4a49-b998-051f98aa5f87 None None] Fixed interval looping call 'neutron.db.quota.driver_nolock.DbQuotaNoLockDriver._remove_expired_reservations' sleeping for 119.98 seconds {{(pid=103710) _run_loop /opt/stack/data/venv/lib/python3.12/site-packages/oslo_service/backend/_threading/loopingcall.py:125}}
Mar 31 22:27:14.400103 np0000161999 neutron-periodic-workers[103714]: DEBUG dbcounter [-] [103714] Writing DB stats neutron:SELECT=1 {{(pid=103714) stat_writer /opt/stack/data/venv/lib/python3.12/site-packages/dbcounter.py:115}}
Mar 31 22:27:21.365119 np0000161999 neutron-periodic-workers[103710]: DEBUG dbcounter [-] [103710] Writing DB stats neutron:DELETE=1 {{(pid=103710) stat_writer /opt/stack/data/venv/lib/python3.12/site-packages/dbcounter.py:115}}
Mar 31 22:27:27.334637 np0000161999 neutron-periodic-workers[103706]: DEBUG neutron.db.agents_db [None req-e9602518-cdb8-44c5-bd6e-ee96cf9625e5 None None] Agent healthcheck: found 0 active agents {{(pid=103706) agent_health_check /opt/stack/neutron/neutron/db/agents_db.py:317}}
Mar 31 22:27:27.335249 np0000161999 neutron-periodic-workers[103706]: DEBUG oslo.service.backend._threading.loopingcall [None req-e9602518-cdb8-44c5-bd6e-ee96cf9625e5 None None] Fixed interval looping call 'neutron.plugins.ml2.plugin.AgentDbMixin.agent_health_check' sleeping for 37.00 seconds {{(pid=103706) _run_loop /opt/stack/data/venv/lib/python3.12/site-packages/oslo_service/backend/_threading/loopingcall.py:125}}
Mar 31 22:27:35.316800 np0000161999 neutron-periodic-workers[103704]: DEBUG oslo.service.backend._threading.loopingcall [None req-4cb5b657-5386-407b-b057-745c22d1947c None None] Fixed interval looping call 'neutron.plugins.ml2.plugin.DhcpAgentSchedulerDbMixin.remove_networks_from_down_agents' sleeping for 36.99 seconds {{(pid=103704) _run_loop /opt/stack/data/venv/lib/python3.12/site-packages/oslo_service/backend/_threading/loopingcall.py:125}}
Mar 31 22:27:37.333577 np0000161999 neutron-periodic-workers[103706]: DEBUG dbcounter [-] [103706] Writing DB stats neutron:SELECT=1 {{(pid=103706) stat_writer /opt/stack/data/venv/lib/python3.12/site-packages/dbcounter.py:115}}
Mar 31 22:27:45.316400 np0000161999 neutron-periodic-workers[103704]: DEBUG dbcounter [-] [103704] Writing DB stats neutron:SELECT=3 {{(pid=103704) stat_writer /opt/stack/data/venv/lib/python3.12/site-packages/dbcounter.py:115}}
Mar 31 22:28:04.340691 np0000161999 neutron-periodic-workers[103706]: DEBUG neutron.db.agents_db [None req-e9602518-cdb8-44c5-bd6e-ee96cf9625e5 None None] Agent healthcheck: found 0 active agents {{(pid=103706) agent_health_check /opt/stack/neutron/neutron/db/agents_db.py:317}}
Mar 31 22:28:04.341262 np0000161999 neutron-periodic-workers[103706]: DEBUG oslo.service.backend._threading.loopingcall [None req-e9602518-cdb8-44c5-bd6e-ee96cf9625e5 None None] Fixed interval looping call 'neutron.plugins.ml2.plugin.AgentDbMixin.agent_health_check' sleeping for 36.99 seconds {{(pid=103706) _run_loop /opt/stack/data/venv/lib/python3.12/site-packages/oslo_service/backend/_threading/loopingcall.py:125}}
Mar 31 22:28:12.316581 np0000161999 neutron-periodic-workers[103704]: DEBUG oslo.service.backend._threading.loopingcall [None req-4cb5b657-5386-407b-b057-745c22d1947c None None] Fixed interval looping call 'neutron.plugins.ml2.plugin.DhcpAgentSchedulerDbMixin.remove_networks_from_down_agents' sleeping for 36.99 seconds {{(pid=103704) _run_loop /opt/stack/data/venv/lib/python3.12/site-packages/oslo_service/backend/_threading/loopingcall.py:125}}
Mar 31 22:28:14.339131 np0000161999 neutron-periodic-workers[103706]: DEBUG dbcounter [-] [103706] Writing DB stats neutron:SELECT=1 {{(pid=103706) stat_writer /opt/stack/data/venv/lib/python3.12/site-packages/dbcounter.py:115}}
Mar 31 22:28:22.315679 np0000161999 neutron-periodic-workers[103704]: DEBUG dbcounter [-] [103704] Writing DB stats neutron:SELECT=3 {{(pid=103704) stat_writer /opt/stack/data/venv/lib/python3.12/site-packages/dbcounter.py:115}}
Mar 31 22:28:41.337428 np0000161999 neutron-periodic-workers[103706]: DEBUG neutron.db.agents_db [None req-e9602518-cdb8-44c5-bd6e-ee96cf9625e5 None None] Agent healthcheck: found 0 active agents {{(pid=103706) agent_health_check /opt/stack/neutron/neutron/db/agents_db.py:317}}
Mar 31 22:28:41.338170 np0000161999 neutron-periodic-workers[103706]: DEBUG oslo.service.backend._threading.loopingcall [None req-e9602518-cdb8-44c5-bd6e-ee96cf9625e5 None None] Fixed interval looping call 'neutron.plugins.ml2.plugin.AgentDbMixin.agent_health_check' sleeping for 36.99 seconds {{(pid=103706) _run_loop /opt/stack/data/venv/lib/python3.12/site-packages/oslo_service/backend/_threading/loopingcall.py:125}}
Mar 31 22:28:49.317542 np0000161999 neutron-periodic-workers[103704]: DEBUG oslo.service.backend._threading.loopingcall [None req-4cb5b657-5386-407b-b057-745c22d1947c None None] Fixed interval looping call 'neutron.plugins.ml2.plugin.DhcpAgentSchedulerDbMixin.remove_networks_from_down_agents' sleeping for 36.99 seconds {{(pid=103704) _run_loop /opt/stack/data/venv/lib/python3.12/site-packages/oslo_service/backend/_threading/loopingcall.py:125}}
Mar 31 22:28:51.335340 np0000161999 neutron-periodic-workers[103706]: DEBUG dbcounter [-] [103706] Writing DB stats neutron:SELECT=1 {{(pid=103706) stat_writer /opt/stack/data/venv/lib/python3.12/site-packages/dbcounter.py:115}}
Mar 31 22:28:59.316697 np0000161999 neutron-periodic-workers[103704]: DEBUG dbcounter [-] [103704] Writing DB stats neutron:SELECT=3 {{(pid=103704) stat_writer /opt/stack/data/venv/lib/python3.12/site-packages/dbcounter.py:115}}
Mar 31 22:29:11.355553 np0000161999 neutron-periodic-workers[103710]: DEBUG oslo.service.backend._threading.loopingcall [None req-b57cb5a9-d879-4a49-b998-051f98aa5f87 None None] Fixed interval looping call 'neutron.db.quota.driver_nolock.DbQuotaNoLockDriver._remove_expired_reservations' sleeping for 119.99 seconds {{(pid=103710) _run_loop /opt/stack/data/venv/lib/python3.12/site-packages/oslo_service/backend/_threading/loopingcall.py:125}}
Mar 31 22:29:18.333200 np0000161999 neutron-periodic-workers[103706]: DEBUG neutron.db.agents_db [None req-e9602518-cdb8-44c5-bd6e-ee96cf9625e5 None None] Agent healthcheck: found 0 active agents {{(pid=103706) agent_health_check /opt/stack/neutron/neutron/db/agents_db.py:317}}
Mar 31 22:29:18.334085 np0000161999 neutron-periodic-workers[103706]: DEBUG oslo.service.backend._threading.loopingcall [None req-e9602518-cdb8-44c5-bd6e-ee96cf9625e5 None None] Fixed interval looping call 'neutron.plugins.ml2.plugin.AgentDbMixin.agent_health_check' sleeping for 36.99 seconds {{(pid=103706) _run_loop /opt/stack/data/venv/lib/python3.12/site-packages/oslo_service/backend/_threading/loopingcall.py:125}}
Mar 31 22:29:21.354099 np0000161999 neutron-periodic-workers[103710]: DEBUG dbcounter [-] [103710] Writing DB stats neutron:DELETE=1 {{(pid=103710) stat_writer /opt/stack/data/venv/lib/python3.12/site-packages/dbcounter.py:115}}
Mar 31 22:29:26.316881 np0000161999 neutron-periodic-workers[103704]: DEBUG oslo.service.backend._threading.loopingcall [None req-4cb5b657-5386-407b-b057-745c22d1947c None None] Fixed interval looping call 'neutron.plugins.ml2.plugin.DhcpAgentSchedulerDbMixin.remove_networks_from_down_agents' sleeping for 36.99 seconds {{(pid=103704) _run_loop /opt/stack/data/venv/lib/python3.12/site-packages/oslo_service/backend/_threading/loopingcall.py:125}}
Mar 31 22:29:28.343442 np0000161999 neutron-periodic-workers[103706]: DEBUG dbcounter [-] [103706] Writing DB stats neutron:SELECT=1 {{(pid=103706) stat_writer /opt/stack/data/venv/lib/python3.12/site-packages/dbcounter.py:115}}
Mar 31 22:29:36.315688 np0000161999 neutron-periodic-workers[103704]: DEBUG dbcounter [-] [103704] Writing DB stats neutron:SELECT=3 {{(pid=103704) stat_writer /opt/stack/data/venv/lib/python3.12/site-packages/dbcounter.py:115}}
Mar 31 22:29:55.334153 np0000161999 neutron-periodic-workers[103706]: DEBUG neutron.db.agents_db [None req-e9602518-cdb8-44c5-bd6e-ee96cf9625e5 None None] Agent healthcheck: found 0 active agents {{(pid=103706) agent_health_check /opt/stack/neutron/neutron/db/agents_db.py:317}}
Mar 31 22:29:55.334551 np0000161999 neutron-periodic-workers[103706]: DEBUG oslo.service.backend._threading.loopingcall [None req-e9602518-cdb8-44c5-bd6e-ee96cf9625e5 None None] Fixed interval looping call 'neutron.plugins.ml2.plugin.AgentDbMixin.agent_health_check' sleeping for 36.99 seconds {{(pid=103706) _run_loop /opt/stack/data/venv/lib/python3.12/site-packages/oslo_service/backend/_threading/loopingcall.py:125}}
Mar 31 22:30:03.316720 np0000161999 neutron-periodic-workers[103704]: DEBUG oslo.service.backend._threading.loopingcall [None req-4cb5b657-5386-407b-b057-745c22d1947c None None] Fixed interval looping call 'neutron.plugins.ml2.plugin.DhcpAgentSchedulerDbMixin.remove_networks_from_down_agents' sleeping for 36.99 seconds {{(pid=103704) _run_loop /opt/stack/data/venv/lib/python3.12/site-packages/oslo_service/backend/_threading/loopingcall.py:125}}
Mar 31 22:30:05.332387 np0000161999 neutron-periodic-workers[103706]: DEBUG dbcounter [-] [103706] Writing DB stats neutron:SELECT=1 {{(pid=103706) stat_writer /opt/stack/data/venv/lib/python3.12/site-packages/dbcounter.py:115}}
Mar 31 22:30:13.314908 np0000161999 neutron-periodic-workers[103704]: DEBUG dbcounter [-] [103704] Writing DB stats neutron:SELECT=3 {{(pid=103704) stat_writer /opt/stack/data/venv/lib/python3.12/site-packages/dbcounter.py:115}}
Mar 31 22:30:32.329871 np0000161999 neutron-periodic-workers[103706]: DEBUG neutron.db.agents_db [None req-e9602518-cdb8-44c5-bd6e-ee96cf9625e5 None None] Agent healthcheck: found 0 active agents {{(pid=103706) agent_health_check /opt/stack/neutron/neutron/db/agents_db.py:317}}
Mar 31 22:30:32.330298 np0000161999 neutron-periodic-workers[103706]: DEBUG oslo.service.backend._threading.loopingcall [None req-e9602518-cdb8-44c5-bd6e-ee96cf9625e5 None None] Fixed interval looping call 'neutron.plugins.ml2.plugin.AgentDbMixin.agent_health_check' sleeping for 36.99 seconds {{(pid=103706) _run_loop /opt/stack/data/venv/lib/python3.12/site-packages/oslo_service/backend/_threading/loopingcall.py:125}}
Mar 31 22:30:40.449880 np0000161999 neutron-periodic-workers[103704]: DEBUG oslo.service.backend._threading.loopingcall [None req-4cb5b657-5386-407b-b057-745c22d1947c None None] Fixed interval looping call 'neutron.plugins.ml2.plugin.DhcpAgentSchedulerDbMixin.remove_networks_from_down_agents' sleeping for 36.86 seconds {{(pid=103704) _run_loop /opt/stack/data/venv/lib/python3.12/site-packages/oslo_service/backend/_threading/loopingcall.py:125}}
Mar 31 22:30:42.401360 np0000161999 neutron-periodic-workers[103706]: DEBUG dbcounter [-] [103706] Writing DB stats neutron:SELECT=1 {{(pid=103706) stat_writer /opt/stack/data/venv/lib/python3.12/site-packages/dbcounter.py:115}}
Mar 31 22:30:50.447791 np0000161999 neutron-periodic-workers[103704]: DEBUG dbcounter [-] [103704] Writing DB stats neutron:SELECT=3 {{(pid=103704) stat_writer /opt/stack/data/venv/lib/python3.12/site-packages/dbcounter.py:115}}
Mar 31 22:31:09.326384 np0000161999 neutron-periodic-workers[103706]: DEBUG neutron.db.agents_db [None req-e9602518-cdb8-44c5-bd6e-ee96cf9625e5 None None] Agent healthcheck: found 0 active agents {{(pid=103706) agent_health_check /opt/stack/neutron/neutron/db/agents_db.py:317}}
Mar 31 22:31:09.327102 np0000161999 neutron-periodic-workers[103706]: DEBUG oslo.service.backend._threading.loopingcall [None req-e9602518-cdb8-44c5-bd6e-ee96cf9625e5 None None] Fixed interval looping call 'neutron.plugins.ml2.plugin.AgentDbMixin.agent_health_check' sleeping for 36.99 seconds {{(pid=103706) _run_loop /opt/stack/data/venv/lib/python3.12/site-packages/oslo_service/backend/_threading/loopingcall.py:125}}
Mar 31 22:31:11.350837 np0000161999 neutron-periodic-workers[103710]: DEBUG oslo.service.backend._threading.loopingcall [None req-b57cb5a9-d879-4a49-b998-051f98aa5f87 None None] Fixed interval looping call 'neutron.db.quota.driver_nolock.DbQuotaNoLockDriver._remove_expired_reservations' sleeping for 120.00 seconds {{(pid=103710) _run_loop /opt/stack/data/venv/lib/python3.12/site-packages/oslo_service/backend/_threading/loopingcall.py:125}}
Mar 31 22:31:17.319395 np0000161999 neutron-periodic-workers[103704]: DEBUG oslo.service.backend._threading.loopingcall [None req-4cb5b657-5386-407b-b057-745c22d1947c None None] Fixed interval looping call 'neutron.plugins.ml2.plugin.DhcpAgentSchedulerDbMixin.remove_networks_from_down_agents' sleeping for 36.99 seconds {{(pid=103704) _run_loop /opt/stack/data/venv/lib/python3.12/site-packages/oslo_service/backend/_threading/loopingcall.py:125}}
Mar 31 22:31:19.324083 np0000161999 neutron-periodic-workers[103706]: DEBUG dbcounter [-] [103706] Writing DB stats neutron:SELECT=1 {{(pid=103706) stat_writer /opt/stack/data/venv/lib/python3.12/site-packages/dbcounter.py:115}}
Mar 31 22:31:21.349254 np0000161999 neutron-periodic-workers[103710]: DEBUG dbcounter [-] [103710] Writing DB stats neutron:DELETE=1 {{(pid=103710) stat_writer /opt/stack/data/venv/lib/python3.12/site-packages/dbcounter.py:115}}
Mar 31 22:31:27.388699 np0000161999 neutron-periodic-workers[103704]: DEBUG dbcounter [-] [103704] Writing DB stats neutron:SELECT=3 {{(pid=103704) stat_writer /opt/stack/data/venv/lib/python3.12/site-packages/dbcounter.py:115}}
Mar 31 22:31:46.322985 np0000161999 neutron-periodic-workers[103706]: DEBUG neutron.db.agents_db [None req-e9602518-cdb8-44c5-bd6e-ee96cf9625e5 None None] Agent healthcheck: found 0 active agents {{(pid=103706) agent_health_check /opt/stack/neutron/neutron/db/agents_db.py:317}}
Mar 31 22:31:46.323500 np0000161999 neutron-periodic-workers[103706]: DEBUG oslo.service.backend._threading.loopingcall [None req-e9602518-cdb8-44c5-bd6e-ee96cf9625e5 None None] Fixed interval looping call 'neutron.plugins.ml2.plugin.AgentDbMixin.agent_health_check' sleeping for 36.99 seconds {{(pid=103706) _run_loop /opt/stack/data/venv/lib/python3.12/site-packages/oslo_service/backend/_threading/loopingcall.py:125}}
Mar 31 22:31:54.318764 np0000161999 neutron-periodic-workers[103704]: DEBUG oslo.service.backend._threading.loopingcall [None req-4cb5b657-5386-407b-b057-745c22d1947c None None] Fixed interval looping call 'neutron.plugins.ml2.plugin.DhcpAgentSchedulerDbMixin.remove_networks_from_down_agents' sleeping for 36.99 seconds {{(pid=103704) _run_loop /opt/stack/data/venv/lib/python3.12/site-packages/oslo_service/backend/_threading/loopingcall.py:125}}
Mar 31 22:31:56.320470 np0000161999 neutron-periodic-workers[103706]: DEBUG dbcounter [-] [103706] Writing DB stats neutron:SELECT=1 {{(pid=103706) stat_writer /opt/stack/data/venv/lib/python3.12/site-packages/dbcounter.py:115}}
Mar 31 22:32:04.317310 np0000161999 neutron-periodic-workers[103704]: DEBUG dbcounter [-] [103704] Writing DB stats neutron:SELECT=3 {{(pid=103704) stat_writer /opt/stack/data/venv/lib/python3.12/site-packages/dbcounter.py:115}}
Mar 31 22:32:04.380933 np0000161999 neutron-periodic-workers[103714]: DEBUG oslo.service.backend._threading.loopingcall [None req-3270e4b5-0a69-48cd-9b21-4c6a5c14569e None None] Fixed interval looping call 'neutron.services.ovn_l3.plugin.L3_NAT_dbonly_mixin._clean_garbage' sleeping for 299.99 seconds {{(pid=103714) _run_loop /opt/stack/data/venv/lib/python3.12/site-packages/oslo_service/backend/_threading/loopingcall.py:125}}
Mar 31 22:32:14.375165 np0000161999 neutron-periodic-workers[103714]: DEBUG dbcounter [-] [103714] Writing DB stats neutron:SELECT=1 {{(pid=103714) stat_writer /opt/stack/data/venv/lib/python3.12/site-packages/dbcounter.py:115}}
Mar 31 22:32:23.319362 np0000161999 neutron-periodic-workers[103706]: DEBUG neutron.db.agents_db [None req-e9602518-cdb8-44c5-bd6e-ee96cf9625e5 None None] Agent healthcheck: found 0 active agents {{(pid=103706) agent_health_check /opt/stack/neutron/neutron/db/agents_db.py:317}}
Mar 31 22:32:23.319362 np0000161999 neutron-periodic-workers[103706]: DEBUG oslo.service.backend._threading.loopingcall [None req-e9602518-cdb8-44c5-bd6e-ee96cf9625e5 None None] Fixed interval looping call 'neutron.plugins.ml2.plugin.AgentDbMixin.agent_health_check' sleeping for 36.99 seconds {{(pid=103706) _run_loop /opt/stack/data/venv/lib/python3.12/site-packages/oslo_service/backend/_threading/loopingcall.py:125}}
Mar 31 22:32:31.321997 np0000161999 neutron-periodic-workers[103704]: DEBUG oslo.service.backend._threading.loopingcall [None req-4cb5b657-5386-407b-b057-745c22d1947c None None] Fixed interval looping call 'neutron.plugins.ml2.plugin.DhcpAgentSchedulerDbMixin.remove_networks_from_down_agents' sleeping for 36.99 seconds {{(pid=103704) _run_loop /opt/stack/data/venv/lib/python3.12/site-packages/oslo_service/backend/_threading/loopingcall.py:125}}
Mar 31 22:32:33.318249 np0000161999 neutron-periodic-workers[103706]: DEBUG dbcounter [-] [103706] Writing DB stats neutron:SELECT=1 {{(pid=103706) stat_writer /opt/stack/data/venv/lib/python3.12/site-packages/dbcounter.py:115}}
Mar 31 22:32:41.321650 np0000161999 neutron-periodic-workers[103704]: DEBUG dbcounter [-] [103704] Writing DB stats neutron:SELECT=3 {{(pid=103704) stat_writer /opt/stack/data/venv/lib/python3.12/site-packages/dbcounter.py:115}}
Mar 31 22:33:00.314063 np0000161999 neutron-periodic-workers[103706]: DEBUG neutron.db.agents_db [None req-e9602518-cdb8-44c5-bd6e-ee96cf9625e5 None None] Agent healthcheck: found 0 active agents {{(pid=103706) agent_health_check /opt/stack/neutron/neutron/db/agents_db.py:317}}
Mar 31 22:33:00.314753 np0000161999 neutron-periodic-workers[103706]: DEBUG oslo.service.backend._threading.loopingcall [None req-e9602518-cdb8-44c5-bd6e-ee96cf9625e5 None None] Fixed interval looping call 'neutron.plugins.ml2.plugin.AgentDbMixin.agent_health_check' sleeping for 37.00 seconds {{(pid=103706) _run_loop /opt/stack/data/venv/lib/python3.12/site-packages/oslo_service/backend/_threading/loopingcall.py:125}}
Mar 31 22:33:08.322492 np0000161999 neutron-periodic-workers[103704]: DEBUG oslo.service.backend._threading.loopingcall [None req-4cb5b657-5386-407b-b057-745c22d1947c None None] Fixed interval looping call 'neutron.plugins.ml2.plugin.DhcpAgentSchedulerDbMixin.remove_networks_from_down_agents' sleeping for 36.99 seconds {{(pid=103704) _run_loop /opt/stack/data/venv/lib/python3.12/site-packages/oslo_service/backend/_threading/loopingcall.py:125}}
Mar 31 22:33:10.312651 np0000161999 neutron-periodic-workers[103706]: DEBUG dbcounter [-] [103706] Writing DB stats neutron:SELECT=1 {{(pid=103706) stat_writer /opt/stack/data/venv/lib/python3.12/site-packages/dbcounter.py:115}}
Mar 31 22:33:11.358383 np0000161999 neutron-periodic-workers[103710]: DEBUG oslo.service.backend._threading.loopingcall [None req-b57cb5a9-d879-4a49-b998-051f98aa5f87 None None] Fixed interval looping call 'neutron.db.quota.driver_nolock.DbQuotaNoLockDriver._remove_expired_reservations' sleeping for 119.99 seconds {{(pid=103710) _run_loop /opt/stack/data/venv/lib/python3.12/site-packages/oslo_service/backend/_threading/loopingcall.py:125}}
Mar 31 22:33:18.320897 np0000161999 neutron-periodic-workers[103704]: DEBUG dbcounter [-] [103704] Writing DB stats neutron:SELECT=3 {{(pid=103704) stat_writer /opt/stack/data/venv/lib/python3.12/site-packages/dbcounter.py:115}}
Mar 31 22:33:21.356395 np0000161999 neutron-periodic-workers[103710]: DEBUG dbcounter [-] [103710] Writing DB stats neutron:DELETE=1 {{(pid=103710) stat_writer /opt/stack/data/venv/lib/python3.12/site-packages/dbcounter.py:115}}
Mar 31 22:33:37.319833 np0000161999 neutron-periodic-workers[103706]: DEBUG neutron.db.agents_db [None req-e9602518-cdb8-44c5-bd6e-ee96cf9625e5 None None] Agent healthcheck: found 0 active agents {{(pid=103706) agent_health_check /opt/stack/neutron/neutron/db/agents_db.py:317}}
Mar 31 22:33:37.320590 np0000161999 neutron-periodic-workers[103706]: DEBUG oslo.service.backend._threading.loopingcall [None req-e9602518-cdb8-44c5-bd6e-ee96cf9625e5 None None] Fixed interval looping call 'neutron.plugins.ml2.plugin.AgentDbMixin.agent_health_check' sleeping for 36.99 seconds {{(pid=103706) _run_loop /opt/stack/data/venv/lib/python3.12/site-packages/oslo_service/backend/_threading/loopingcall.py:125}}
Mar 31 22:33:45.323888 np0000161999 neutron-periodic-workers[103704]: DEBUG oslo.service.backend._threading.loopingcall [None req-4cb5b657-5386-407b-b057-745c22d1947c None None] Fixed interval looping call 'neutron.plugins.ml2.plugin.DhcpAgentSchedulerDbMixin.remove_networks_from_down_agents' sleeping for 36.99 seconds {{(pid=103704) _run_loop /opt/stack/data/venv/lib/python3.12/site-packages/oslo_service/backend/_threading/loopingcall.py:125}}
Mar 31 22:33:47.318531 np0000161999 neutron-periodic-workers[103706]: DEBUG dbcounter [-] [103706] Writing DB stats neutron:SELECT=1 {{(pid=103706) stat_writer /opt/stack/data/venv/lib/python3.12/site-packages/dbcounter.py:115}}
Mar 31 22:33:55.322375 np0000161999 neutron-periodic-workers[103704]: DEBUG dbcounter [-] [103704] Writing DB stats neutron:SELECT=3 {{(pid=103704) stat_writer /opt/stack/data/venv/lib/python3.12/site-packages/dbcounter.py:115}}
Mar 31 22:34:14.315669 np0000161999 neutron-periodic-workers[103706]: DEBUG neutron.db.agents_db [None req-e9602518-cdb8-44c5-bd6e-ee96cf9625e5 None None] Agent healthcheck: found 0 active agents {{(pid=103706) agent_health_check /opt/stack/neutron/neutron/db/agents_db.py:317}}
Mar 31 22:34:14.316457 np0000161999 neutron-periodic-workers[103706]: DEBUG oslo.service.backend._threading.loopingcall [None req-e9602518-cdb8-44c5-bd6e-ee96cf9625e5 None None] Fixed interval looping call 'neutron.plugins.ml2.plugin.AgentDbMixin.agent_health_check' sleeping for 36.99 seconds {{(pid=103706) _run_loop /opt/stack/data/venv/lib/python3.12/site-packages/oslo_service/backend/_threading/loopingcall.py:125}}
Mar 31 22:34:22.320517 np0000161999 neutron-periodic-workers[103704]: DEBUG oslo.service.backend._threading.loopingcall [None req-4cb5b657-5386-407b-b057-745c22d1947c None None] Fixed interval looping call 'neutron.plugins.ml2.plugin.DhcpAgentSchedulerDbMixin.remove_networks_from_down_agents' sleeping for 36.99 seconds {{(pid=103704) _run_loop /opt/stack/data/venv/lib/python3.12/site-packages/oslo_service/backend/_threading/loopingcall.py:125}}
Mar 31 22:34:24.313364 np0000161999 neutron-periodic-workers[103706]: DEBUG dbcounter [-] [103706] Writing DB stats neutron:SELECT=1 {{(pid=103706) stat_writer /opt/stack/data/venv/lib/python3.12/site-packages/dbcounter.py:115}}
Mar 31 22:34:32.319664 np0000161999 neutron-periodic-workers[103704]: DEBUG dbcounter [-] [103704] Writing DB stats neutron:SELECT=3 {{(pid=103704) stat_writer /opt/stack/data/venv/lib/python3.12/site-packages/dbcounter.py:115}}
Mar 31 22:34:51.311447 np0000161999 neutron-periodic-workers[103706]: DEBUG neutron.db.agents_db [None req-e9602518-cdb8-44c5-bd6e-ee96cf9625e5 None None] Agent healthcheck: found 0 active agents {{(pid=103706) agent_health_check /opt/stack/neutron/neutron/db/agents_db.py:317}}
Mar 31 22:34:51.312256 np0000161999 neutron-periodic-workers[103706]: DEBUG oslo.service.backend._threading.loopingcall [None req-e9602518-cdb8-44c5-bd6e-ee96cf9625e5 None None] Fixed interval looping call 'neutron.plugins.ml2.plugin.AgentDbMixin.agent_health_check' sleeping for 36.99 seconds {{(pid=103706) _run_loop /opt/stack/data/venv/lib/python3.12/site-packages/oslo_service/backend/_threading/loopingcall.py:125}}
Mar 31 22:34:59.321921 np0000161999 neutron-periodic-workers[103704]: DEBUG oslo.service.backend._threading.loopingcall [None req-4cb5b657-5386-407b-b057-745c22d1947c None None] Fixed interval looping call 'neutron.plugins.ml2.plugin.DhcpAgentSchedulerDbMixin.remove_networks_from_down_agents' sleeping for 36.99 seconds {{(pid=103704) _run_loop /opt/stack/data/venv/lib/python3.12/site-packages/oslo_service/backend/_threading/loopingcall.py:125}}
Mar 31 22:35:01.309897 np0000161999 neutron-periodic-workers[103706]: DEBUG dbcounter [-] [103706] Writing DB stats neutron:SELECT=1 {{(pid=103706) stat_writer /opt/stack/data/venv/lib/python3.12/site-packages/dbcounter.py:115}}
Mar 31 22:35:09.320884 np0000161999 neutron-periodic-workers[103704]: DEBUG dbcounter [-] [103704] Writing DB stats neutron:SELECT=3 {{(pid=103704) stat_writer /opt/stack/data/venv/lib/python3.12/site-packages/dbcounter.py:115}}
Mar 31 22:35:11.353692 np0000161999 neutron-periodic-workers[103710]: DEBUG oslo.service.backend._threading.loopingcall [None req-b57cb5a9-d879-4a49-b998-051f98aa5f87 None None] Fixed interval looping call 'neutron.db.quota.driver_nolock.DbQuotaNoLockDriver._remove_expired_reservations' sleeping for 120.00 seconds {{(pid=103710) _run_loop /opt/stack/data/venv/lib/python3.12/site-packages/oslo_service/backend/_threading/loopingcall.py:125}}
Mar 31 22:35:21.352639 np0000161999 neutron-periodic-workers[103710]: DEBUG dbcounter [-] [103710] Writing DB stats neutron:DELETE=1 {{(pid=103710) stat_writer /opt/stack/data/venv/lib/python3.12/site-packages/dbcounter.py:115}}
