2026-06-29 06:59:41.950 7 INFO neutron.notifiers.nova [-] Nova event matching ['req-86edec64-891b-44d0-9c51-c5f9154f7b85'] response: {'name': 'network-changed', 'server_uuid': 'a5487bed-1a5a-404d-aae5-43a3c9ec3d10', 'tag': 'fb9d6e0e-0c0c-4b21-a7d3-f95df38766a9', 'status': 'completed', 'code': 200}
2026-06-29 06:59:42.020 7 INFO neutron.db.l3_db [req-0e97ac15-8384-42a3-a356-5d26f4ec0282 req-84d27fef-ff6d-4853-8157-443d8b8bb8b2 7e26a93670294cf988e2df313760c157 eb0aa81452cb4454a80daf37aae63bef - - default default] Floating IP a3cef7fb-b2a7-4ee3-9b71-a85da102e684 disassociated. External IP: 10.96.250.204, port: f1130bca-15c9-4ade-8df9-5a093cd671be. [pid: 8|app: 0|req: 526/1005] 10.0.0.221 () {32 vars in 740 bytes} [Mon Jun 29 06:59:41 2026] DELETE /v2.0/security-groups/475bc935-5b3a-40f3-af1c-51d0eb4df810 => generated 0 bytes in 130 msecs (HTTP/1.1 204) 2 headers in 112 bytes (1 switches on core 0)
2026-06-29 06:59:42.095 8 INFO neutron.api.v2.resource [None req-f9965944-ab7a-41ef-8681-594d837a99a2 5daead57a3b1434ea47d573cb0c5afbc 82747206a5f24fa980aeceb9e18638f4 - - default default] show failed (client error): The resource could not be found. [pid: 8|app: 0|req: 527/1006] 10.0.0.221 () {32 vars in 737 bytes} [Mon Jun 29 06:59:42 2026] GET /v2.0/security-groups/475bc935-5b3a-40f3-af1c-51d0eb4df810 => generated 146 bytes in 11 msecs (HTTP/1.1 404) 4 headers in 164 bytes (1 switches on core 0) [pid: 7|app: 0|req: 480/1007] 199.204.45.95 () {36 vars in 996 bytes} [Mon Jun 29 06:59:41 2026] DELETE /v2.0/ports/f1130bca-15c9-4ade-8df9-5a093cd671be => generated 0 bytes in 847 msecs (HTTP/1.1 204) 3 headers in 131 bytes (1 switches on core 0) /var/lib/openstack/lib/python3.12/site-packages/pycadf/identifier.py:70: UserWarning: Invalid uuid: neutron. To ensure interoperability, identifiers should be a valid uuid. warnings.warn(('Invalid uuid: %s. To ensure interoperability, '
2026-06-29 06:59:42.231 8 INFO neutron_taas.services.taas.taas_plugin [None req-9791bc25-2157-40a7-9a0d-a000b59ac4f4 5daead57a3b1434ea47d573cb0c5afbc 82747206a5f24fa980aeceb9e18638f4 - - default default] TaaS: Handle Delete Port: 3ba59717-537f-4d28-a98c-4109bb40a964
2026-06-29 06:59:42.234 8 INFO neutron_taas.services.taas.tap_mirror_plugin [None req-9791bc25-2157-40a7-9a0d-a000b59ac4f4 5daead57a3b1434ea47d573cb0c5afbc 82747206a5f24fa980aeceb9e18638f4 - - default default] Tap Mirror: Handle Delete Port: 3ba59717-537f-4d28-a98c-4109bb40a964 [pid: 8|app: 0|req: 528/1008] 10.0.0.221 () {32 vars in 732 bytes} [Mon Jun 29 06:59:42 2026] DELETE /v2.0/floatingips/4e4a4599-0482-4882-a59a-2e90b05de270 => generated 0 bytes in 279 msecs (HTTP/1.1 204) 2 headers in 112 bytes (1 switches on core 0)
2026-06-29 06:59:42.471 7 WARNING neutron.scheduler.dhcp_agent_scheduler [None req-576cc1c3-8ca0-4f7b-bba5-9da0d33309cf e71ea15fa7224c6c95b41e69840edff3 c307ef215bb544baa2ca30ece596ba71 - - default default] No more DHCP agents
2026-06-29 06:59:42.472 7 WARNING neutron.api.rpc.agentnotifiers.dhcp_rpc_agent_api [None req-576cc1c3-8ca0-4f7b-bba5-9da0d33309cf e71ea15fa7224c6c95b41e69840edff3 c307ef215bb544baa2ca30ece596ba71 - - default default] Unable to schedule network 616382af-47ae-48e9-80f2-818b81509d9e: no agents available; will retry on subsequent port and subnet creation events.
2026-06-29 06:59:42.507 7 INFO neutron.db.ovn_revision_numbers_db [None req-576cc1c3-8ca0-4f7b-bba5-9da0d33309cf e71ea15fa7224c6c95b41e69840edff3 c307ef215bb544baa2ca30ece596ba71 - - default default] Successfully bumped revision number for resource 945897c6-bc21-4d86-b349-2fee0a0f43c2 (type: subnets) to 0
2026-06-29 06:59:42.535 7 WARNING neutron.scheduler.dhcp_agent_scheduler [None req-576cc1c3-8ca0-4f7b-bba5-9da0d33309cf e71ea15fa7224c6c95b41e69840edff3 c307ef215bb544baa2ca30ece596ba71 - - default default] No more DHCP agents
2026-06-29 06:59:42.536 7 WARNING neutron.api.rpc.agentnotifiers.dhcp_rpc_agent_api [None req-576cc1c3-8ca0-4f7b-bba5-9da0d33309cf e71ea15fa7224c6c95b41e69840edff3 c307ef215bb544baa2ca30ece596ba71 - - default default] Unable to schedule network 804b5759-a6cc-4ff4-b588-98185f27e857: no agents available; will retry on subsequent port and subnet creation events.
2026-06-29 06:59:42.571 7 INFO neutron.db.ovn_revision_numbers_db [None req-576cc1c3-8ca0-4f7b-bba5-9da0d33309cf e71ea15fa7224c6c95b41e69840edff3 c307ef215bb544baa2ca30ece596ba71 - - default default] Successfully bumped revision number for resource 193c79e4-2224-4355-a160-de41d79811e2 (type: subnets) to 0 [pid: 7|app: 0|req: 481/1009] 10.0.0.221 () {34 vars in 669 bytes} [Mon Jun 29 06:59:42 2026] POST /v2.0/subnets => generated 1324 bytes in 421 msecs (HTTP/1.1 201) 4 headers in 163 bytes (1 switches on core 0) [pid: 7|app: 0|req: 482/1010] 199.204.45.95 () {34 vars in 1079 bytes} [Mon Jun 29 06:59:42 2026] GET /v2.0/ports?tenant_id=50641de7b8f2451f9e861397c7152c1f&device_id=a5487bed-1a5a-404d-aae5-43a3c9ec3d10 => generated 1209 bytes in 37 msecs (HTTP/1.1 200) 4 headers in 158 bytes (1 switches on core 0)
2026-06-29 06:59:42.648 8 INFO neutron_taas.services.taas.taas_plugin [None req-de0a74d3-f6e6-45fd-bbfc-311f3ce015f1 3d6db04adc5b4ec4a5bb3ffc8a0bbcf3 01c1c09f3e3841b6b3c5eedbe9408611 - - default default] TaaS: Handle Delete Port: a8f8b103-f6e9-4cc7-b2c6-72e5c0d51950
2026-06-29 06:59:42.650 8 INFO neutron_taas.services.taas.tap_mirror_plugin [None req-de0a74d3-f6e6-45fd-bbfc-311f3ce015f1 3d6db04adc5b4ec4a5bb3ffc8a0bbcf3 01c1c09f3e3841b6b3c5eedbe9408611 - - default default] Tap Mirror: Handle Delete Port: a8f8b103-f6e9-4cc7-b2c6-72e5c0d51950 [pid: 7|app: 0|req: 483/1011] 10.0.0.221 () {32 vars in 647 bytes} [Mon Jun 29 06:59:42 2026] GET /v2.0/subnets => generated 1960 bytes in 58 msecs (HTTP/1.1 200) 4 headers in 158 bytes (1 switches on core 0) [pid: 7|app: 0|req: 484/1012] 199.204.45.95 () {34 vars in 985 bytes} [Mon Jun 29 06:59:42 2026] GET /v2.0/networks?id=bd246130-bade-4161-a861-b61f771141b8 => generated 819 bytes in 44 msecs (HTTP/1.1 200) 4 headers in 157 bytes (1 switches on core 0) [pid: 7|app: 0|req: 485/1013] 10.0.0.221 () {32 vars in 724 bytes} [Mon Jun 29 06:59:42 2026] DELETE /v2.0/subnets/945897c6-bc21-4d86-b349-2fee0a0f43c2 => generated 0 bytes in 143 msecs (HTTP/1.1 204) 3 headers in 131 bytes (1 switches on core 0) [pid: 7|app: 0|req: 486/1014] 199.204.45.95 () {34 vars in 1057 bytes} [Mon Jun 29 06:59:42 2026] GET /v2.0/floatingips?fixed_ip_address=10.100.0.4&port_id=fb9d6e0e-0c0c-4b21-a7d3-f95df38766a9 => generated 860 bytes in 69 msecs (HTTP/1.1 200) 4 headers in 157 bytes (1 switches on core 0) [pid: 7|app: 0|req: 487/1015] 10.0.0.221 () {32 vars in 724 bytes} [Mon Jun 29 06:59:42 2026] DELETE /v2.0/subnets/193c79e4-2224-4355-a160-de41d79811e2 => generated 0 bytes in 131 msecs (HTTP/1.1 204) 3 headers in 131 bytes (1 switches on core 0) [pid: 7|app: 0|req: 488/1016] 199.204.45.95 () {34 vars in 983 bytes} [Mon Jun 29 06:59:43 2026] GET /v2.0/subnets?id=ad91c859-85cc-429f-8805-b4d80806a968 => generated 700 bytes in 22 msecs (HTTP/1.1 200) 4 headers in 157 bytes (1 switches on core 0) [pid: 7|app: 0|req: 489/1017] 10.0.0.238 () {34 vars in 990 bytes} [Mon Jun 29 06:59:43 2026] GET /v2.0/ports?device_id=706f5b5e-431b-4584-92f5-0e830fcefcb2 => generated 12 bytes in 20 msecs (HTTP/1.1 200) 4 headers in 156 bytes (1 switches on core 0) [pid: 7|app: 0|req: 490/1018] 10.0.0.221 () {32 vars in 647 bytes} [Mon Jun 29 06:59:43 2026] GET /v2.0/subnets => generated 649 bytes in 29 msecs (HTTP/1.1 200) 4 headers in 157 bytes (1 switches on core 0) [pid: 7|app: 0|req: 491/1019] 199.204.45.95 () {34 vars in 1051 bytes} [Mon Jun 29 06:59:43 2026] GET /v2.0/ports?network_id=bd246130-bade-4161-a861-b61f771141b8&device_owner=network%3Adhcp => generated 12 bytes in 36 msecs (HTTP/1.1 200) 4 headers in 156 bytes (1 switches on core 0) [pid: 8|app: 0|req: 529/1020] 10.0.0.221 () {34 vars in 789 bytes} [Mon Jun 29 06:59:42 2026] PUT /v2.0/routers/5849b77b-efb7-42f1-88b5-2819c1039d50/remove_router_interface => generated 309 bytes in 880 msecs (HTTP/1.1 200) 4 headers in 157 bytes (1 switches on core 0) /var/lib/openstack/lib/python3.12/site-packages/pycadf/identifier.py:70: UserWarning: Invalid uuid: neutron. To ensure interoperability, identifiers should be a valid uuid. warnings.warn(('Invalid uuid: %s. To ensure interoperability, ' [pid: 8|app: 0|req: 530/1021] 199.204.45.95 () {34 vars in 1011 bytes} [Mon Jun 29 06:59:43 2026] GET /v2.0/networks/bd246130-bade-4161-a861-b61f771141b8?fields=segments => generated 14 bytes in 37 msecs (HTTP/1.1 200) 4 headers in 156 bytes (1 switches on core 0)
2026-06-29 06:59:43.304 7 INFO neutron_taas.services.taas.taas_plugin [None req-fd13d31e-d609-4f14-b5c9-cde35409deb5 e71ea15fa7224c6c95b41e69840edff3 c307ef215bb544baa2ca30ece596ba71 - - default default] TaaS: Handle Delete Port: 5033b7ef-464e-48d1-8008-c28126455008
2026-06-29 06:59:43.307 7 INFO neutron_taas.services.taas.tap_mirror_plugin [None req-fd13d31e-d609-4f14-b5c9-cde35409deb5 e71ea15fa7224c6c95b41e69840edff3 c307ef215bb544baa2ca30ece596ba71 - - default default] Tap Mirror: Handle Delete Port: 5033b7ef-464e-48d1-8008-c28126455008
2026-06-29 06:59:43.496 7 INFO neutron.services.segments.plugin [-] Segment f83674ac-79f4-427e-a358-5b473c1ea9c0 resource provider aggregate not found
2026-06-29 06:59:43.499 7 INFO neutron.services.segments.plugin [-] Segment f83674ac-79f4-427e-a358-5b473c1ea9c0 resource provider aggregate not found
2026-06-29 06:59:43.512 7 INFO neutron.services.segments.plugin [-] Segment f83674ac-79f4-427e-a358-5b473c1ea9c0 resource provider not found; error: Placement Client Error (4xx): {"errors": [{"status": 404, "title": "Not Found", "detail": "The resource could not be found.\n\n No resource provider with uuid f83674ac-79f4-427e-a358-5b473c1ea9c0 found for delete ", "request_id": "req-4fcfc12e-c26b-4fe4-b3c7-9989881d500d"}]}
2026-06-29 06:59:43.515 7 INFO neutron.services.segments.plugin [-] Segment f83674ac-79f4-427e-a358-5b473c1ea9c0 resource provider not found; error: Placement Client Error (4xx): {"errors": [{"status": 404, "title": "Not Found", "detail": "The resource could not be found.\n\n No resource provider with uuid f83674ac-79f4-427e-a358-5b473c1ea9c0 found for delete ", "request_id": "req-47e5a7b0-1b87-4321-85ac-789fd3b875e2"}]} [pid: 7|app: 0|req: 492/1022] 10.0.0.221 () {32 vars in 726 bytes} [Mon Jun 29 06:59:43 2026] DELETE /v2.0/networks/804b5759-a6cc-4ff4-b588-98185f27e857 => generated 0 bytes in 357 msecs (HTTP/1.1 204) 3 headers in 131 bytes (1 switches on core 0) [pid: 7|app: 0|req: 493/1023] 199.204.45.95 () {34 vars in 1111 bytes} [Mon Jun 29 06:59:43 2026] GET /v2.0/networks/bd246130-bade-4161-a861-b61f771141b8?fields=provider%3Aphysical_network&fields=provider%3Anetwork_type => generated 79 bytes in 35 msecs (HTTP/1.1 200) 4 headers in 156 bytes (1 switches on core 0)
2026-06-29 06:59:43.594 8 INFO neutron_taas.services.taas.taas_plugin [None req-ac48ada5-9be5-4bcc-a4b9-c536823dd6a0 3d6db04adc5b4ec4a5bb3ffc8a0bbcf3 01c1c09f3e3841b6b3c5eedbe9408611 - - default default] TaaS: Handle Delete Port: d395149e-66c3-4475-9e41-c2f958aee78d
2026-06-29 06:59:43.599 8 INFO neutron_taas.services.taas.tap_mirror_plugin [None req-ac48ada5-9be5-4bcc-a4b9-c536823dd6a0 3d6db04adc5b4ec4a5bb3ffc8a0bbcf3 01c1c09f3e3841b6b3c5eedbe9408611 - - default default] Tap Mirror: Handle Delete Port: d395149e-66c3-4475-9e41-c2f958aee78d
2026-06-29 06:59:43.690 7 INFO neutron_taas.services.taas.taas_plugin [None req-db4437bd-57a5-4c23-97e0-65c47a41bcd7 e71ea15fa7224c6c95b41e69840edff3 c307ef215bb544baa2ca30ece596ba71 - - default default] TaaS: Handle Delete Port: 8f6e8dd3-017a-402e-992c-424834aa7775
2026-06-29 06:59:43.692 7 INFO neutron_taas.services.taas.tap_mirror_plugin [None req-db4437bd-57a5-4c23-97e0-65c47a41bcd7 e71ea15fa7224c6c95b41e69840edff3 c307ef215bb544baa2ca30ece596ba71 - - default default] Tap Mirror: Handle Delete Port: 8f6e8dd3-017a-402e-992c-424834aa7775 [pid: 7|app: 0|req: 494/1024] 10.0.0.221 () {32 vars in 726 bytes} [Mon Jun 29 06:59:43 2026] DELETE /v2.0/networks/616382af-47ae-48e9-80f2-818b81509d9e => generated 0 bytes in 331 msecs (HTTP/1.1 204) 3 headers in 131 bytes (1 switches on core 0)
2026-06-29 06:59:44.005 7 INFO neutron.notifiers.nova [-] Nova event matching ['req-1e645b75-0543-4f30-9072-36479a93fde7'] response: {'server_uuid': '706f5b5e-431b-4584-92f5-0e830fcefcb2', 'name': 'network-vif-deleted', 'tag': 'f1130bca-15c9-4ade-8df9-5a093cd671be', 'status': 'completed', 'code': 200}
2026-06-29 06:59:44.057 7 INFO neutron_taas.services.taas.taas_plugin [None req-50963dc5-9e94-4971-98ba-9ba65f4d379c e71ea15fa7224c6c95b41e69840edff3 c307ef215bb544baa2ca30ece596ba71 - - default default] TaaS: Handle Delete Port: 0a7df06b-7943-49f6-9ca8-c06196c74e8b
2026-06-29 06:59:44.062 7 INFO neutron_taas.services.taas.tap_mirror_plugin [None req-50963dc5-9e94-4971-98ba-9ba65f4d379c e71ea15fa7224c6c95b41e69840edff3 c307ef215bb544baa2ca30ece596ba71 - - default default] Tap Mirror: Handle Delete Port: 0a7df06b-7943-49f6-9ca8-c06196c74e8b [pid: 8|app: 0|req: 531/1025] 10.0.0.221 () {32 vars in 724 bytes} [Mon Jun 29 06:59:43 2026] DELETE /v2.0/routers/5849b77b-efb7-42f1-88b5-2819c1039d50 => generated 0 bytes in 768 msecs (HTTP/1.1 204) 2 headers in 112 bytes (1 switches on core 0) [pid: 7|app: 0|req: 495/1026] 10.0.0.221 () {32 vars in 726 bytes} [Mon Jun 29 06:59:43 2026] DELETE /v2.0/networks/96d41c63-0fec-4491-9b89-5b84c0d5c377 => generated 0 bytes in 401 msecs (HTTP/1.1 204) 3 headers in 131 bytes (1 switches on core 0) [pid: 7|app: 0|req: 496/1027] 10.0.0.238 () {34 vars in 990 bytes} [Mon Jun 29 06:59:44 2026] GET /v2.0/ports?device_id=706f5b5e-431b-4584-92f5-0e830fcefcb2 => generated 12 bytes in 14 msecs (HTTP/1.1 200) 4 headers in 156 bytes (1 switches on core 0)
2026-06-29 06:59:44.448 7 INFO neutron_taas.services.taas.taas_plugin [None req-396b4c15-d30b-4f5a-a752-25de622daf26 e71ea15fa7224c6c95b41e69840edff3 c307ef215bb544baa2ca30ece596ba71 - - default default] TaaS: Handle Delete Port: 3435c514-53c9-4d8e-8945-c52bb5f78215
2026-06-29 06:59:44.452 7 INFO neutron_taas.services.taas.tap_mirror_plugin [None req-396b4c15-d30b-4f5a-a752-25de622daf26 e71ea15fa7224c6c95b41e69840edff3 c307ef215bb544baa2ca30ece596ba71 - - default default] Tap Mirror: Handle Delete Port: 3435c514-53c9-4d8e-8945-c52bb5f78215 [pid: 8|app: 0|req: 532/1028] 10.0.0.221 () {32 vars in 724 bytes} [Mon Jun 29 06:59:44 2026] DELETE /v2.0/subnets/a069a8d7-753b-4880-82cc-0da9ad2aa955 => generated 0 bytes in 550 msecs (HTTP/1.1 204) 3 headers in 131 bytes (1 switches on core 0) [pid: 7|app: 0|req: 497/1029] 10.0.0.221 () {32 vars in 726 bytes} [Mon Jun 29 06:59:44 2026] DELETE /v2.0/networks/2e7f9395-05e6-40e6-8756-1ccdb18cc3f4 => generated 0 bytes in 358 msecs (HTTP/1.1 204) 3 headers in 131 bytes (1 switches on core 0)
2026-06-29 06:59:44.748 8 INFO neutron_taas.services.taas.taas_plugin [None req-a119dc79-9c38-40ba-a06b-b698389bedf8 3d6db04adc5b4ec4a5bb3ffc8a0bbcf3 01c1c09f3e3841b6b3c5eedbe9408611 - - default default] TaaS: Handle Delete Port: d6ddc222-7cf2-4e91-83d7-d3303b9b94f5
2026-06-29 06:59:44.751 8 INFO neutron_taas.services.taas.tap_mirror_plugin [None req-a119dc79-9c38-40ba-a06b-b698389bedf8 3d6db04adc5b4ec4a5bb3ffc8a0bbcf3 01c1c09f3e3841b6b3c5eedbe9408611 - - default default] Tap Mirror: Handle Delete Port: d6ddc222-7cf2-4e91-83d7-d3303b9b94f5
2026-06-29 06:59:44.942 8 INFO neutron.services.segments.plugin [-] Segment 3cfa19cc-4e76-4a77-a46f-a07798ac3c1b resource provider aggregate not found
2026-06-29 06:59:44.942 8 INFO neutron.services.segments.plugin [-] Segment 3cfa19cc-4e76-4a77-a46f-a07798ac3c1b resource provider aggregate not found
2026-06-29 06:59:44.974 8 INFO neutron.services.segments.plugin [-] Segment 3cfa19cc-4e76-4a77-a46f-a07798ac3c1b resource provider not found; error: Placement Client Error (4xx): {"errors": [{"status": 404, "title": "Not Found", "detail": "The resource could not be found.\n\n No resource provider with uuid 3cfa19cc-4e76-4a77-a46f-a07798ac3c1b found for delete ", "request_id": "req-77a9e18f-a353-4387-8f23-55edf067f873"}]}
2026-06-29 06:59:44.985 8 INFO neutron.services.segments.plugin [-] Segment 3cfa19cc-4e76-4a77-a46f-a07798ac3c1b resource provider not found; error: Placement Client Error (4xx): {"errors": [{"status": 404, "title": "Not Found", "detail": "The resource could not be found.\n\n No resource provider with uuid 3cfa19cc-4e76-4a77-a46f-a07798ac3c1b found for delete ", "request_id": "req-2ff8f6f0-339e-4804-92a5-48096a2192e3"}]} [pid: 8|app: 0|req: 533/1030] 10.0.0.221 () {32 vars in 726 bytes} [Mon Jun 29 06:59:44 2026] DELETE /v2.0/networks/80794a89-d854-476c-bb19-e643734e03fd => generated 0 bytes in 355 msecs (HTTP/1.1 204) 3 headers in 131 bytes (1 switches on core 0) [pid: 8|app: 0|req: 534/1031] 10.0.0.221 () {32 vars in 774 bytes} [Mon Jun 29 06:59:45 2026] GET /v2.0/security-groups?tenant_id=82747206a5f24fa980aeceb9e18638f4&name=default => generated 2921 bytes in 28 msecs (HTTP/1.1 200) 4 headers in 158 bytes (1 switches on core 0) [pid: 7|app: 0|req: 498/1032] 10.0.0.221 () {32 vars in 774 bytes} [Mon Jun 29 06:59:45 2026] GET /v2.0/security-groups?tenant_id=c307ef215bb544baa2ca30ece596ba71&name=default => generated 2925 bytes in 169 msecs (HTTP/1.1 200) 4 headers in 158 bytes (1 switches on core 0) [pid: 8|app: 0|req: 535/1033] 10.0.0.221 () {32 vars in 740 bytes} [Mon Jun 29 06:59:45 2026] DELETE /v2.0/security-groups/2b093532-5cdc-4c2a-9988-cc5cf7c317e0 => generated 0 bytes in 236 msecs (HTTP/1.1 204) 2 headers in 112 bytes (1 switches on core 0)
2026-06-29 06:59:45.536 7 INFO neutron.services.segments.plugin [-] Segment 4405d2b1-fbcb-4d96-9461-d429ec5ebffc resource provider aggregate not found [pid: 7|app: 0|req: 499/1034] 10.0.0.221 () {32 vars in 740 bytes} [Mon Jun 29 06:59:45 2026] DELETE /v2.0/security-groups/3113f32c-6da8-4b88-b1c3-c4b3221a5909 => generated 0 bytes in 287 msecs (HTTP/1.1 204) 2 headers in 112 bytes (1 switches on core 0)
2026-06-29 06:59:45.541 7 INFO neutron.services.segments.plugin [-] Segment 4405d2b1-fbcb-4d96-9461-d429ec5ebffc resource provider aggregate not found
2026-06-29 06:59:45.557 7 INFO neutron.services.segments.plugin [-] Segment 4405d2b1-fbcb-4d96-9461-d429ec5ebffc resource provider not found; error: Placement Client Error (4xx): {"errors": [{"status": 404, "title": "Not Found", "detail": "The resource could not be found.\n\n No resource provider with uuid 4405d2b1-fbcb-4d96-9461-d429ec5ebffc found for delete ", "request_id": "req-7d167db5-30df-4016-885b-d1ee4811859d"}]} [pid: 8|app: 0|req: 536/1035] 10.0.0.221 () {32 vars in 740 bytes} [Mon Jun 29 06:59:45 2026] DELETE /v2.0/security-groups/336bb866-fb0e-45ee-b297-dde377759d10 => generated 0 bytes in 149 msecs (HTTP/1.1 204) 2 headers in 112 bytes (1 switches on core 0)
2026-06-29 06:59:45.562 7 INFO neutron.services.segments.plugin [-] Segment 4405d2b1-fbcb-4d96-9461-d429ec5ebffc resource provider not found; error: Placement Client Error (4xx): {"errors": [{"status": 404, "title": "Not Found", "detail": "The resource could not be found.\n\n No resource provider with uuid 4405d2b1-fbcb-4d96-9461-d429ec5ebffc found for delete ", "request_id": "req-ab75ea44-c2f8-40b5-af27-024951a578fa"}]}
2026-06-29 06:59:45.574 7 INFO neutron.services.segments.plugin [-] Segment 578adaf3-d62b-4fe5-9457-09dd010e4c29 resource provider aggregate not found
2026-06-29 06:59:45.577 7 INFO neutron.services.segments.plugin [-] Segment 578adaf3-d62b-4fe5-9457-09dd010e4c29 resource provider aggregate not found
2026-06-29 06:59:45.585 7 INFO neutron.api.v2.resource [None req-f9d205db-1dfa-44f0-8221-7fc42ab461cd 7e26a93670294cf988e2df313760c157 eb0aa81452cb4454a80daf37aae63bef - - default default] show failed (client error): The resource could not be found. [pid: 7|app: 0|req: 500/1036] 10.0.0.221 () {32 vars in 737 bytes} [Mon Jun 29 06:59:45 2026] GET /v2.0/security-groups/336bb866-fb0e-45ee-b297-dde377759d10 => generated 146 bytes in 21 msecs (HTTP/1.1 404) 4 headers in 164 bytes (1 switches on core 0)
2026-06-29 06:59:45.594 7 INFO neutron.services.segments.plugin [-] Segment 578adaf3-d62b-4fe5-9457-09dd010e4c29 resource provider not found; error: Placement Client Error (4xx): {"errors": [{"status": 404, "title": "Not Found", "detail": "The resource could not be found.\n\n No resource provider with uuid 578adaf3-d62b-4fe5-9457-09dd010e4c29 found for delete ", "request_id": "req-237fb917-e08e-480a-9970-584cc6e122f5"}]}
2026-06-29 06:59:45.597 7 INFO neutron.services.segments.plugin [-] Segment 578adaf3-d62b-4fe5-9457-09dd010e4c29 resource provider not found; error: Placement Client Error (4xx): {"errors": [{"status": 404, "title": "Not Found", "detail": "The resource could not be found.\n\n No resource provider with uuid 578adaf3-d62b-4fe5-9457-09dd010e4c29 found for delete ", "request_id": "req-a6cd6613-2ef2-42d2-bf07-1048b5a14a26"}]}
2026-06-29 06:59:45.614 7 INFO neutron.services.segments.plugin [-] Segment 8f2cd3c9-9b79-40a7-992b-68f2234cf8f2 resource provider aggregate not found
2026-06-29 06:59:45.619 7 INFO neutron.services.segments.plugin [-] Segment 8f2cd3c9-9b79-40a7-992b-68f2234cf8f2 resource provider aggregate not found
2026-06-29 06:59:45.634 7 INFO neutron.services.segments.plugin [-] Segment 8f2cd3c9-9b79-40a7-992b-68f2234cf8f2 resource provider not found; error: Placement Client Error (4xx): {"errors": [{"status": 404, "title": "Not Found", "detail": "The resource could not be found.\n\n No resource provider with uuid 8f2cd3c9-9b79-40a7-992b-68f2234cf8f2 found for delete ", "request_id": "req-5dc70023-82b6-426c-815c-811d09a415aa"}]}
2026-06-29 06:59:45.639 7 INFO neutron.services.segments.plugin [-] Segment 8f2cd3c9-9b79-40a7-992b-68f2234cf8f2 resource provider not found; error: Placement Client Error (4xx): {"errors": [{"status": 404, "title": "Not Found", "detail": "The resource could not be found.\n\n No resource provider with uuid 8f2cd3c9-9b79-40a7-992b-68f2234cf8f2 found for delete ", "request_id": "req-a9999b0a-8552-439a-b7ea-0716d9180460"}]}
2026-06-29 06:59:45.726 8 INFO neutron_taas.services.taas.taas_plugin [None req-068b4c4d-eeaa-4626-8340-373d13c2326d 7e26a93670294cf988e2df313760c157 eb0aa81452cb4454a80daf37aae63bef - - default default] TaaS: Handle Delete Port: 2c441aab-ed5d-43cf-9755-a2142ec8a066
2026-06-29 06:59:45.728 8 INFO neutron_taas.services.taas.tap_mirror_plugin [None req-068b4c4d-eeaa-4626-8340-373d13c2326d 7e26a93670294cf988e2df313760c157 eb0aa81452cb4454a80daf37aae63bef - - default default] Tap Mirror: Handle Delete Port: 2c441aab-ed5d-43cf-9755-a2142ec8a066 [pid: 8|app: 0|req: 537/1037] 10.0.0.221 () {32 vars in 732 bytes} [Mon Jun 29 06:59:45 2026] DELETE /v2.0/floatingips/a3cef7fb-b2a7-4ee3-9b71-a85da102e684 => generated 0 bytes in 277 msecs (HTTP/1.1 204) 2 headers in 112 bytes (1 switches on core 0)
2026-06-29 06:59:46.174 7 INFO neutron_taas.services.taas.taas_plugin [None req-4d93ce34-a779-49ab-a0f6-420566af5b5e 3d6db04adc5b4ec4a5bb3ffc8a0bbcf3 01c1c09f3e3841b6b3c5eedbe9408611 - - default default] TaaS: Handle Delete Port: b40adac2-9448-4aa8-ae9b-051327cec8df
2026-06-29 06:59:46.176 7 INFO neutron_taas.services.taas.tap_mirror_plugin [None req-4d93ce34-a779-49ab-a0f6-420566af5b5e 3d6db04adc5b4ec4a5bb3ffc8a0bbcf3 01c1c09f3e3841b6b3c5eedbe9408611 - - default default] Tap Mirror: Handle Delete Port: b40adac2-9448-4aa8-ae9b-051327cec8df [pid: 7|app: 0|req: 501/1038] 10.0.0.221 () {34 vars in 789 bytes} [Mon Jun 29 06:59:45 2026] PUT /v2.0/routers/6febe088-3606-4671-b63c-e2f89ae29dbd/remove_router_interface => generated 309 bytes in 982 msecs (HTTP/1.1 200) 4 headers in 157 bytes (1 switches on core 0)
2026-06-29 06:59:47.176 8 INFO neutron_taas.services.taas.taas_plugin [None req-93c90a33-a246-4d2f-bf39-1da2aa1559b1 3d6db04adc5b4ec4a5bb3ffc8a0bbcf3 01c1c09f3e3841b6b3c5eedbe9408611 - - default default] TaaS: Handle Delete Port: 29532b71-78c7-4ec1-9258-1c1dada213cc
2026-06-29 06:59:47.178 8 INFO neutron_taas.services.taas.tap_mirror_plugin [None req-93c90a33-a246-4d2f-bf39-1da2aa1559b1 3d6db04adc5b4ec4a5bb3ffc8a0bbcf3 01c1c09f3e3841b6b3c5eedbe9408611 - - default default] Tap Mirror: Handle Delete Port: 29532b71-78c7-4ec1-9258-1c1dada213cc /var/lib/openstack/lib/python3.12/site-packages/pycadf/identifier.py:70: UserWarning: Invalid uuid: neutron. To ensure interoperability, identifiers should be a valid uuid. warnings.warn(('Invalid uuid: %s. To ensure interoperability, '
2026-06-29 06:59:47.473 7 INFO neutron.db.ovn_revision_numbers_db [None req-de9cfd85-2838-45ea-a1a7-51b3a3cd9dd7 3d6db04adc5b4ec4a5bb3ffc8a0bbcf3 01c1c09f3e3841b6b3c5eedbe9408611 - - default default] Successfully bumped revision number for resource 704ee42c-8ad1-45fa-8a2e-189e95032839 (type: security_groups) to 1
2026-06-29 06:59:47.485 7 INFO neutron.db.ovn_revision_numbers_db [None req-de9cfd85-2838-45ea-a1a7-51b3a3cd9dd7 3d6db04adc5b4ec4a5bb3ffc8a0bbcf3 01c1c09f3e3841b6b3c5eedbe9408611 - - default default] Successfully bumped revision number for resource 15238a30-5641-4d25-84a4-a647f2be0b38 (type: security_group_rules) to 0
2026-06-29 06:59:47.523 7 INFO neutron.db.ovn_revision_numbers_db [None req-de9cfd85-2838-45ea-a1a7-51b3a3cd9dd7 3d6db04adc5b4ec4a5bb3ffc8a0bbcf3 01c1c09f3e3841b6b3c5eedbe9408611 - - default default] Successfully bumped revision number for resource 78bdea0d-6bae-4eeb-8f73-636dfd9d179e (type: security_group_rules) to 0
2026-06-29 06:59:47.537 7 INFO neutron.db.ovn_revision_numbers_db [None req-de9cfd85-2838-45ea-a1a7-51b3a3cd9dd7 3d6db04adc5b4ec4a5bb3ffc8a0bbcf3 01c1c09f3e3841b6b3c5eedbe9408611 - - default default] Successfully bumped revision number for resource 8dc758da-d29c-4ee5-a018-ca73e6a305c1 (type: security_group_rules) to 0
2026-06-29 06:59:47.549 7 INFO neutron.db.ovn_revision_numbers_db [None req-de9cfd85-2838-45ea-a1a7-51b3a3cd9dd7 3d6db04adc5b4ec4a5bb3ffc8a0bbcf3 01c1c09f3e3841b6b3c5eedbe9408611 - - default default] Successfully bumped revision number for resource eb40d044-a289-47dd-bf74-61cb4b52102a (type: security_group_rules) to 0 [pid: 8|app: 0|req: 538/1039] 10.0.0.221 () {32 vars in 724 bytes} [Mon Jun 29 06:59:46 2026] DELETE /v2.0/routers/6febe088-3606-4671-b63c-e2f89ae29dbd => generated 0 bytes in 746 msecs (HTTP/1.1 204) 2 headers in 112 bytes (1 switches on core 0)
2026-06-29 06:59:47.653 7 INFO neutron.db.segments_db [None req-de9cfd85-2838-45ea-a1a7-51b3a3cd9dd7 3d6db04adc5b4ec4a5bb3ffc8a0bbcf3 01c1c09f3e3841b6b3c5eedbe9408611 - - default default] Added segment b7719f4a-6c5c-4634-8411-44b353432938 of type geneve for network 22954ae8-e2a9-4c60-9c53-0b088054c3e9
2026-06-29 06:59:47.772 7 INFO neutron.db.ovn_revision_numbers_db [None req-de9cfd85-2838-45ea-a1a7-51b3a3cd9dd7 3d6db04adc5b4ec4a5bb3ffc8a0bbcf3 01c1c09f3e3841b6b3c5eedbe9408611 - - default default] Successfully bumped revision number for resource 22954ae8-e2a9-4c60-9c53-0b088054c3e9 (type: networks) to 1
2026-06-29 06:59:47.857 8 INFO neutron.db.ovn_revision_numbers_db [None req-8f03058f-6a84-45cb-8f56-f306e75ce721 37ed87c184f44f0d8dd40c954af60a8f 663eb0eb40a6487e9e76de8b351437c8 - - default default] Successfully bumped revision number for resource 3fbb4b17-7dc5-4ca7-a288-d53e5c296a9b (type: security_groups) to 1
2026-06-29 06:59:47.870 8 INFO neutron.db.ovn_revision_numbers_db [None req-8f03058f-6a84-45cb-8f56-f306e75ce721 37ed87c184f44f0d8dd40c954af60a8f 663eb0eb40a6487e9e76de8b351437c8 - - default default] Successfully bumped revision number for resource 1568345c-c7f8-4347-bb30-da132d67508d (type: security_group_rules) to 0
2026-06-29 06:59:47.883 8 INFO neutron.db.ovn_revision_numbers_db [None req-8f03058f-6a84-45cb-8f56-f306e75ce721 37ed87c184f44f0d8dd40c954af60a8f 663eb0eb40a6487e9e76de8b351437c8 - - default default] Successfully bumped revision number for resource 879ce09b-25cf-4c9d-937a-d54fc0533cfc (type: security_group_rules) to 0
2026-06-29 06:59:47.899 8 INFO neutron.db.ovn_revision_numbers_db [None req-8f03058f-6a84-45cb-8f56-f306e75ce721 37ed87c184f44f0d8dd40c954af60a8f 663eb0eb40a6487e9e76de8b351437c8 - - default default] Successfully bumped revision number for resource a1ff3358-d6da-44e4-a9c7-30257fb281af (type: security_group_rules) to 0
2026-06-29 06:59:47.918 8 INFO neutron.db.ovn_revision_numbers_db [None req-8f03058f-6a84-45cb-8f56-f306e75ce721 37ed87c184f44f0d8dd40c954af60a8f 663eb0eb40a6487e9e76de8b351437c8 - - default default] Successfully bumped revision number for resource d1fd6ece-72e8-4084-8ab4-917a5a97a0a0 (type: security_group_rules) to 0
2026-06-29 06:59:47.946 7 WARNING neutron.scheduler.dhcp_agent_scheduler [None req-de9cfd85-2838-45ea-a1a7-51b3a3cd9dd7 3d6db04adc5b4ec4a5bb3ffc8a0bbcf3 01c1c09f3e3841b6b3c5eedbe9408611 - - default default] No more DHCP agents
2026-06-29 06:59:47.947 7 WARNING neutron.api.rpc.agentnotifiers.dhcp_rpc_agent_api [None req-de9cfd85-2838-45ea-a1a7-51b3a3cd9dd7 3d6db04adc5b4ec4a5bb3ffc8a0bbcf3 01c1c09f3e3841b6b3c5eedbe9408611 - - default default] Unable to schedule network 22954ae8-e2a9-4c60-9c53-0b088054c3e9: no agents available; will retry on subsequent port and subnet creation events.
2026-06-29 06:59:48.015 8 INFO neutron.db.segments_db [None req-8f03058f-6a84-45cb-8f56-f306e75ce721 37ed87c184f44f0d8dd40c954af60a8f 663eb0eb40a6487e9e76de8b351437c8 - - default default] Added segment fb8a406e-614b-420b-87b4-cd0045d3828f of type geneve for network aeade7c3-6f5a-435d-9b8e-33f430f1f2b8
2026-06-29 06:59:48.024 8 INFO neutron.plugins.ml2.drivers.ovn.mech_driver.mech_driver [None req-4eb76ae2-35c2-4676-8090-d3ffe8df76a7 - - - - - -] OVN reports status down for port: 2bbd4bec-d36b-4191-9db6-dc1172156575
2026-06-29 06:59:48.028 7 INFO neutron.db.ovn_revision_numbers_db [None req-de9cfd85-2838-45ea-a1a7-51b3a3cd9dd7 3d6db04adc5b4ec4a5bb3ffc8a0bbcf3 01c1c09f3e3841b6b3c5eedbe9408611 - - default default] Successfully bumped revision number for resource 2bbd4bec-d36b-4191-9db6-dc1172156575 (type: ports) to 1 [pid: 7|app: 0|req: 502/1040] 10.0.0.221 () {34 vars in 671 bytes} [Mon Jun 29 06:59:47 2026] POST /v2.0/networks => generated 766 bytes in 945 msecs (HTTP/1.1 201) 4 headers in 162 bytes (1 switches on core 0)
2026-06-29 06:59:48.187 8 INFO neutron.db.ovn_revision_numbers_db [None req-8f03058f-6a84-45cb-8f56-f306e75ce721 37ed87c184f44f0d8dd40c954af60a8f 663eb0eb40a6487e9e76de8b351437c8 - - default default] Successfully bumped revision number for resource aeade7c3-6f5a-435d-9b8e-33f430f1f2b8 (type: networks) to 1 [pid: 7|app: 0|req: 503/1041] 10.0.0.221 () {32 vars in 724 bytes} [Mon Jun 29 06:59:48 2026] DELETE /v2.0/subnets/4c39ccfb-3468-4dd7-82fa-0a2cd0b8ade2 => generated 0 bytes in 212 msecs (HTTP/1.1 204) 3 headers in 131 bytes (1 switches on core 0)
2026-06-29 06:59:48.374 8 WARNING neutron.scheduler.dhcp_agent_scheduler [None req-8f03058f-6a84-45cb-8f56-f306e75ce721 37ed87c184f44f0d8dd40c954af60a8f 663eb0eb40a6487e9e76de8b351437c8 - - default default] No more DHCP agents
2026-06-29 06:59:48.376 8 WARNING neutron.api.rpc.agentnotifiers.dhcp_rpc_agent_api [None req-8f03058f-6a84-45cb-8f56-f306e75ce721 37ed87c184f44f0d8dd40c954af60a8f 663eb0eb40a6487e9e76de8b351437c8 - - default default] Unable to schedule network aeade7c3-6f5a-435d-9b8e-33f430f1f2b8: no agents available; will retry on subsequent port and subnet creation events.
2026-06-29 06:59:48.404 7 WARNING neutron.scheduler.dhcp_agent_scheduler [None req-a7eb130c-92a5-4eca-80e9-9ec6a5b58244 3d6db04adc5b4ec4a5bb3ffc8a0bbcf3 01c1c09f3e3841b6b3c5eedbe9408611 - - default default] No more DHCP agents
2026-06-29 06:59:48.405 7 WARNING neutron.api.rpc.agentnotifiers.dhcp_rpc_agent_api [None req-a7eb130c-92a5-4eca-80e9-9ec6a5b58244 3d6db04adc5b4ec4a5bb3ffc8a0bbcf3 01c1c09f3e3841b6b3c5eedbe9408611 - - default default] Unable to schedule network 22954ae8-e2a9-4c60-9c53-0b088054c3e9: no agents available; will retry on subsequent port and subnet creation events.
2026-06-29 06:59:48.453 7 INFO neutron.plugins.ml2.drivers.ovn.mech_driver.mech_driver [None req-ed6aebbd-6080-4f4d-87bc-aae761d1ff61 - - - - - -] OVN reports status down for port: 1a9c3ecf-377c-4738-b54b-50e7720f920e
2026-06-29 06:59:48.458 8 INFO neutron.db.ovn_revision_numbers_db [None req-8f03058f-6a84-45cb-8f56-f306e75ce721 37ed87c184f44f0d8dd40c954af60a8f 663eb0eb40a6487e9e76de8b351437c8 - - default default] Successfully bumped revision number for resource 1a9c3ecf-377c-4738-b54b-50e7720f920e (type: ports) to 1 [pid: 8|app: 0|req: 539/1042] 10.0.0.221 () {34 vars in 670 bytes} [Mon Jun 29 06:59:47 2026] POST /v2.0/networks => generated 667 bytes in 875 msecs (HTTP/1.1 201) 4 headers in 162 bytes (1 switches on core 0)
2026-06-29 06:59:48.595 8 INFO neutron_taas.services.taas.taas_plugin [None req-8c4e505e-6500-4f15-b71c-bc319841c1f3 3d6db04adc5b4ec4a5bb3ffc8a0bbcf3 01c1c09f3e3841b6b3c5eedbe9408611 - - default default] TaaS: Handle Delete Port: acce8d0c-1a00-4da8-b2df-874166051df9
2026-06-29 06:59:48.602 8 INFO neutron_taas.services.taas.tap_mirror_plugin [None req-8c4e505e-6500-4f15-b71c-bc319841c1f3 3d6db04adc5b4ec4a5bb3ffc8a0bbcf3 01c1c09f3e3841b6b3c5eedbe9408611 - - default default] Tap Mirror: Handle Delete Port: acce8d0c-1a00-4da8-b2df-874166051df9
2026-06-29 06:59:48.849 8 INFO neutron.services.segments.plugin [-] Segment 09722deb-26c9-4b22-9273-5dbbc8a6dc7f resource provider aggregate not found
2026-06-29 06:59:48.855 8 INFO neutron.services.segments.plugin [-] Segment 09722deb-26c9-4b22-9273-5dbbc8a6dc7f resource provider aggregate not found
2026-06-29 06:59:48.879 8 INFO neutron.services.segments.plugin [-] Segment 09722deb-26c9-4b22-9273-5dbbc8a6dc7f resource provider not found; error: Placement Client Error (4xx): {"errors": [{"status": 404, "title": "Not Found", "detail": "The resource could not be found.\n\n No resource provider with uuid 09722deb-26c9-4b22-9273-5dbbc8a6dc7f found for delete ", "request_id": "req-a0991942-c564-4b1d-b4a2-74be58b0b2ec"}]}
2026-06-29 06:59:48.884 8 INFO neutron.services.segments.plugin [-] Segment 09722deb-26c9-4b22-9273-5dbbc8a6dc7f resource provider not found; error: Placement Client Error (4xx): {"errors": [{"status": 404, "title": "Not Found", "detail": "The resource could not be found.\n\n No resource provider with uuid 09722deb-26c9-4b22-9273-5dbbc8a6dc7f found for delete ", "request_id": "req-e5516cd2-d7fb-4515-a970-fed4ea281b1e"}]} [pid: 8|app: 0|req: 540/1043] 10.0.0.221 () {32 vars in 726 bytes} [Mon Jun 29 06:59:48 2026] DELETE /v2.0/networks/21368d30-682e-4dc5-a18c-563f7659334b => generated 0 bytes in 410 msecs (HTTP/1.1 204) 3 headers in 131 bytes (1 switches on core 0)
2026-06-29 06:59:48.986 7 INFO neutron.db.ovn_revision_numbers_db [None req-364e5737-f53e-4839-aa2f-f1941c3442cd - - - - - -] Successfully bumped revision number for resource 2bbd4bec-d36b-4191-9db6-dc1172156575 (type: ports) to 2
2026-06-29 06:59:49.031 7 INFO neutron.db.ovn_revision_numbers_db [None req-364e5737-f53e-4839-aa2f-f1941c3442cd - - - - - -] Successfully bumped revision number for resource 06cbd572-90b0-40d2-8179-3955a4ba192a (type: subnets) to 0 [pid: 7|app: 0|req: 504/1044] 10.0.0.221 () {34 vars in 669 bytes} [Mon Jun 29 06:59:48 2026] POST /v2.0/subnets => generated 691 bytes in 780 msecs (HTTP/1.1 201) 4 headers in 162 bytes (1 switches on core 0) [pid: 7|app: 0|req: 505/1045] 10.0.0.221 () {32 vars in 774 bytes} [Mon Jun 29 06:59:49 2026] GET /v2.0/security-groups?tenant_id=eb0aa81452cb4454a80daf37aae63bef&name=default => generated 2925 bytes in 27 msecs (HTTP/1.1 200) 4 headers in 158 bytes (1 switches on core 0)
2026-06-29 06:59:49.181 8 WARNING neutron.scheduler.dhcp_agent_scheduler [None req-13c65cf2-b13d-42dd-ab58-d2d4222d1a0f 37ed87c184f44f0d8dd40c954af60a8f 663eb0eb40a6487e9e76de8b351437c8 - - default default] No more DHCP agents
2026-06-29 06:59:49.182 8 WARNING neutron.api.rpc.agentnotifiers.dhcp_rpc_agent_api [None req-13c65cf2-b13d-42dd-ab58-d2d4222d1a0f 37ed87c184f44f0d8dd40c954af60a8f 663eb0eb40a6487e9e76de8b351437c8 - - default default] Unable to schedule network aeade7c3-6f5a-435d-9b8e-33f430f1f2b8: no agents available; will retry on subsequent port and subnet creation events.
2026-06-29 06:59:49.220 8 INFO neutron.db.ovn_revision_numbers_db [None req-13c65cf2-b13d-42dd-ab58-d2d4222d1a0f 37ed87c184f44f0d8dd40c954af60a8f 663eb0eb40a6487e9e76de8b351437c8 - - default default] Successfully bumped revision number for resource 3bf02b95-c20c-42e4-8a0c-913182e76eaf (type: subnets) to 0 [pid: 8|app: 0|req: 541/1046] 10.0.0.221 () {34 vars in 669 bytes} [Mon Jun 29 06:59:48 2026] POST /v2.0/subnets => generated 673 bytes in 249 msecs (HTTP/1.1 201) 4 headers in 162 bytes (1 switches on core 0) [pid: 8|app: 0|req: 542/1047] 10.0.0.221 () {32 vars in 740 bytes} [Mon Jun 29 06:59:49 2026] DELETE /v2.0/security-groups/227881d9-1aa2-43e0-9693-9216d644e9bf => generated 0 bytes in 257 msecs (HTTP/1.1 204) 2 headers in 112 bytes (1 switches on core 0)
2026-06-29 06:59:49.534 7 WARNING neutron.scheduler.dhcp_agent_scheduler [None req-6b0a5123-c5ad-438c-a926-6cdc28a860fc 3d6db04adc5b4ec4a5bb3ffc8a0bbcf3 01c1c09f3e3841b6b3c5eedbe9408611 - - default default] No more DHCP agents
2026-06-29 06:59:49.535 7 WARNING neutron.api.rpc.agentnotifiers.dhcp_rpc_agent_api [None req-6b0a5123-c5ad-438c-a926-6cdc28a860fc 3d6db04adc5b4ec4a5bb3ffc8a0bbcf3 01c1c09f3e3841b6b3c5eedbe9408611 - - default default] Unable to schedule network 2ec10c2e-1571-40fa-b94a-6697d77cf432: no agents available; will retry on subsequent port and subnet creation events.
2026-06-29 06:59:49.589 8 INFO neutron.db.segments_db [None req-21bdbbf9-5631-4562-b584-9c4764d810e1 37ed87c184f44f0d8dd40c954af60a8f 663eb0eb40a6487e9e76de8b351437c8 - - default default] Added segment 0668e0cc-9ee8-48af-8de0-7bc96cc707ab of type geneve for network 27bc7c94-4419-4407-b90b-a9eccb87a2c8
2026-06-29 06:59:49.671 8 INFO neutron.plugins.ml2.drivers.ovn.mech_driver.mech_driver [None req-4eb76ae2-35c2-4676-8090-d3ffe8df76a7 - - - - - -] OVN reports status down for port: be2ed02b-8110-4847-a085-6632d8295f1e
2026-06-29 06:59:49.682 7 INFO neutron.db.ovn_revision_numbers_db [None req-6b0a5123-c5ad-438c-a926-6cdc28a860fc 3d6db04adc5b4ec4a5bb3ffc8a0bbcf3 01c1c09f3e3841b6b3c5eedbe9408611 - - default default] Successfully bumped revision number for resource be2ed02b-8110-4847-a085-6632d8295f1e (type: ports) to 1
2026-06-29 06:59:49.810 8 INFO neutron.db.ovn_revision_numbers_db [None req-21bdbbf9-5631-4562-b584-9c4764d810e1 37ed87c184f44f0d8dd40c954af60a8f 663eb0eb40a6487e9e76de8b351437c8 - - default default] Successfully bumped revision number for resource 27bc7c94-4419-4407-b90b-a9eccb87a2c8 (type: networks) to 1
2026-06-29 06:59:50.003 8 WARNING neutron.scheduler.dhcp_agent_scheduler [None req-21bdbbf9-5631-4562-b584-9c4764d810e1 37ed87c184f44f0d8dd40c954af60a8f 663eb0eb40a6487e9e76de8b351437c8 - - default default] No more DHCP agents
2026-06-29 06:59:50.005 8 WARNING neutron.api.rpc.agentnotifiers.dhcp_rpc_agent_api [None req-21bdbbf9-5631-4562-b584-9c4764d810e1 37ed87c184f44f0d8dd40c954af60a8f 663eb0eb40a6487e9e76de8b351437c8 - - default default] Unable to schedule network 27bc7c94-4419-4407-b90b-a9eccb87a2c8: no agents available; will retry on subsequent port and subnet creation events.
2026-06-29 06:59:50.076 8 INFO neutron.plugins.ml2.drivers.ovn.mech_driver.mech_driver [None req-4eb76ae2-35c2-4676-8090-d3ffe8df76a7 - - - - - -] OVN reports status down for port: a262a2a3-e694-4fdf-9956-0815e8c0f790
2026-06-29 06:59:50.137 8 INFO neutron.db.ovn_revision_numbers_db [None req-21bdbbf9-5631-4562-b584-9c4764d810e1 37ed87c184f44f0d8dd40c954af60a8f 663eb0eb40a6487e9e76de8b351437c8 - - default default] Successfully bumped revision number for resource a262a2a3-e694-4fdf-9956-0815e8c0f790 (type: ports) to 1 [pid: 8|app: 0|req: 543/1048] 10.0.0.221 () {34 vars in 670 bytes} [Mon Jun 29 06:59:49 2026] POST /v2.0/networks => generated 666 bytes in 675 msecs (HTTP/1.1 201) 4 headers in 162 bytes (1 switches on core 0)
2026-06-29 06:59:50.358 8 INFO neutron.db.ovn_revision_numbers_db [None req-805a6518-4a19-4ef1-8d04-44bd825c5c22 37ed87c184f44f0d8dd40c954af60a8f 663eb0eb40a6487e9e76de8b351437c8 - - default default] Successfully bumped revision number for resource 27bc7c94-4419-4407-b90b-a9eccb87a2c8 (type: networks) to 2 [pid: 8|app: 0|req: 544/1049] 10.0.0.221 () {34 vars in 743 bytes} [Mon Jun 29 06:59:50 2026] PUT /v2.0/networks/27bc7c94-4419-4407-b90b-a9eccb87a2c8 => generated 636 bytes in 191 msecs (HTTP/1.1 200) 4 headers in 157 bytes (1 switches on core 0)
2026-06-29 06:59:50.373 7 INFO neutron.plugins.ml2.drivers.ovn.mech_driver.ovsdb.commands [None req-be5514bf-8fa9-42bd-b0dd-66f1904cb134 - - - - - -] Schedule LRP lrp-be2ed02b-8110-4847-a085-6632d8295f1e on gateway 83ee27d2-6ed4-4a10-80bb-2e8c7358caa6 with priority 1
2026-06-29 06:59:50.417 8 INFO neutron.plugins.ml2.drivers.ovn.mech_driver.mech_driver [None req-4eb76ae2-35c2-4676-8090-d3ffe8df76a7 - - - - - -] OVN reports status up for port: be2ed02b-8110-4847-a085-6632d8295f1e
2026-06-29 06:59:50.419 7 INFO neutron.plugins.ml2.drivers.ovn.mech_driver.ovsdb.ovsdb_monitor [None req-347b6aa2-f328-4f59-9da5-bd89f539e3c2 - - - - - -] Router dbfac4c6-d24d-4c6a-b981-485e05d7c436 is bound to host instance
2026-06-29 06:59:50.448 8 INFO neutron.plugins.ml2.plugin [None req-4eb76ae2-35c2-4676-8090-d3ffe8df76a7 - - - - - -] Attempt 1 to provision port be2ed02b-8110-4847-a085-6632d8295f1e
2026-06-29 06:59:50.474 7 INFO neutron.db.ovn_revision_numbers_db [None req-6b0a5123-c5ad-438c-a926-6cdc28a860fc 3d6db04adc5b4ec4a5bb3ffc8a0bbcf3 01c1c09f3e3841b6b3c5eedbe9408611 - - default default] Successfully bumped revision number for resource be2ed02b-8110-4847-a085-6632d8295f1e (type: router_ports) to 1
2026-06-29 06:59:50.645 7 INFO neutron.db.ovn_revision_numbers_db [None req-6b0a5123-c5ad-438c-a926-6cdc28a860fc 3d6db04adc5b4ec4a5bb3ffc8a0bbcf3 01c1c09f3e3841b6b3c5eedbe9408611 - - default default] Successfully bumped revision number for resource dbfac4c6-d24d-4c6a-b981-485e05d7c436 (type: routers) to 2
2026-06-29 06:59:50.687 8 WARNING neutron.scheduler.dhcp_agent_scheduler [None req-e9513ade-14b9-47cd-9327-65b57280f20e 37ed87c184f44f0d8dd40c954af60a8f 663eb0eb40a6487e9e76de8b351437c8 - - default default] No more DHCP agents [pid: 7|app: 0|req: 506/1050] 10.0.0.221 () {34 vars in 669 bytes} [Mon Jun 29 06:59:49 2026] POST /v2.0/routers => generated 969 bytes in 1612 msecs (HTTP/1.1 201) 4 headers in 162 bytes (1 switches on core 0)
2026-06-29 06:59:50.691 8 WARNING neutron.api.rpc.agentnotifiers.dhcp_rpc_agent_api [None req-e9513ade-14b9-47cd-9327-65b57280f20e 37ed87c184f44f0d8dd40c954af60a8f 663eb0eb40a6487e9e76de8b351437c8 - - default default] Unable to schedule network 27bc7c94-4419-4407-b90b-a9eccb87a2c8: no agents available; will retry on subsequent port and subnet creation events.
2026-06-29 06:59:50.733 8 INFO neutron.db.ovn_revision_numbers_db [None req-e9513ade-14b9-47cd-9327-65b57280f20e 37ed87c184f44f0d8dd40c954af60a8f 663eb0eb40a6487e9e76de8b351437c8 - - default default] Successfully bumped revision number for resource 0ca7ab35-5513-4c59-9f5a-6a58511dc4dd (type: subnets) to 0 [pid: 8|app: 0|req: 545/1051] 10.0.0.221 () {34 vars in 669 bytes} [Mon Jun 29 06:59:50 2026] POST /v2.0/subnets => generated 646 bytes in 382 msecs (HTTP/1.1 201) 4 headers in 162 bytes (1 switches on core 0)
2026-06-29 06:59:51.444 8 INFO neutron.db.ovn_revision_numbers_db [None req-dbd00bc0-0d55-4c22-b6a1-9220d904c534 - - - - - -] Successfully bumped revision number for resource a262a2a3-e694-4fdf-9956-0815e8c0f790 (type: ports) to 2
2026-06-29 06:59:51.493 8 INFO neutron.db.ovn_revision_numbers_db [None req-dbd00bc0-0d55-4c22-b6a1-9220d904c534 - - - - - -] Successfully bumped revision number for resource 0ca7ab35-5513-4c59-9f5a-6a58511dc4dd (type: subnets) to 1 [pid: 8|app: 0|req: 546/1052] 10.0.0.221 () {34 vars in 741 bytes} [Mon Jun 29 06:59:50 2026] PUT /v2.0/subnets/0ca7ab35-5513-4c59-9f5a-6a58511dc4dd => generated 656 bytes in 741 msecs (HTTP/1.1 200) 4 headers in 157 bytes (1 switches on core 0)
2026-06-29 06:59:51.633 7 WARNING neutron.scheduler.dhcp_agent_scheduler [None req-24d09c01-6296-4611-84c0-606c654f3ede 3d6db04adc5b4ec4a5bb3ffc8a0bbcf3 01c1c09f3e3841b6b3c5eedbe9408611 - - default default] No more DHCP agents
2026-06-29 06:59:51.636 7 WARNING neutron.api.rpc.agentnotifiers.dhcp_rpc_agent_api [None req-24d09c01-6296-4611-84c0-606c654f3ede 3d6db04adc5b4ec4a5bb3ffc8a0bbcf3 01c1c09f3e3841b6b3c5eedbe9408611 - - default default] Unable to schedule network 22954ae8-e2a9-4c60-9c53-0b088054c3e9: no agents available; will retry on subsequent port and subnet creation events.
2026-06-29 06:59:51.892 7 INFO neutron.db.ovn_revision_numbers_db [None req-24d09c01-6296-4611-84c0-606c654f3ede 3d6db04adc5b4ec4a5bb3ffc8a0bbcf3 01c1c09f3e3841b6b3c5eedbe9408611 - - default default] Successfully bumped revision number for resource 96f9afc8-50d8-463a-ba8d-2f79e3747e06 (type: ports) to 1
2026-06-29 06:59:51.973 7 INFO neutron.db.ovn_revision_numbers_db [None req-9e6e190b-d4e2-4afc-aa02-51f726c4df55 - - - - - -] Successfully bumped revision number for resource be2ed02b-8110-4847-a085-6632d8295f1e (type: ports) to 4 [pid: 8|app: 0|req: 547/1053] 10.0.0.42 () {34 vars in 989 bytes} [Mon Jun 29 06:59:51 2026] GET /v2.0/ports?device_id=a5487bed-1a5a-404d-aae5-43a3c9ec3d10 => generated 1209 bytes in 486 msecs (HTTP/1.1 200) 4 headers in 158 bytes (1 switches on core 0)
2026-06-29 06:59:52.198 8 INFO neutron.db.ovn_revision_numbers_db [None req-a95c7cfa-c73b-47ea-a197-55f98776eaf3 3d6db04adc5b4ec4a5bb3ffc8a0bbcf3 01c1c09f3e3841b6b3c5eedbe9408611 - - default default] Successfully bumped revision number for resource a21a3e9a-d84f-4c98-88b4-a438946fad3c (type: security_groups) to 1
2026-06-29 06:59:52.209 8 INFO neutron.db.ovn_revision_numbers_db [None req-a95c7cfa-c73b-47ea-a197-55f98776eaf3 3d6db04adc5b4ec4a5bb3ffc8a0bbcf3 01c1c09f3e3841b6b3c5eedbe9408611 - - default default] Successfully bumped revision number for resource 371479fa-01df-43e0-8534-b15b437fd81c (type: security_group_rules) to 0
2026-06-29 06:59:52.223 8 INFO neutron.db.ovn_revision_numbers_db [None req-a95c7cfa-c73b-47ea-a197-55f98776eaf3 3d6db04adc5b4ec4a5bb3ffc8a0bbcf3 01c1c09f3e3841b6b3c5eedbe9408611 - - default default] Successfully bumped revision number for resource 65c5be67-7077-4a7a-813e-a3dd44d45207 (type: security_group_rules) to 0
2026-06-29 06:59:52.237 8 INFO neutron.db.ovn_revision_numbers_db [None req-a95c7cfa-c73b-47ea-a197-55f98776eaf3 3d6db04adc5b4ec4a5bb3ffc8a0bbcf3 01c1c09f3e3841b6b3c5eedbe9408611 - - default default] Successfully bumped revision number for resource dcb61059-bc69-4762-9788-55b040fbd608 (type: security_group_rules) to 0
2026-06-29 06:59:52.246 8 INFO neutron.db.ovn_revision_numbers_db [None req-a95c7cfa-c73b-47ea-a197-55f98776eaf3 3d6db04adc5b4ec4a5bb3ffc8a0bbcf3 01c1c09f3e3841b6b3c5eedbe9408611 - - default default] Successfully bumped revision number for resource eba169b1-6154-4fd0-8aee-88cf1ef2363e (type: security_group_rules) to 0
2026-06-29 06:59:52.338 8 INFO neutron.db.segments_db [None req-a95c7cfa-c73b-47ea-a197-55f98776eaf3 3d6db04adc5b4ec4a5bb3ffc8a0bbcf3 01c1c09f3e3841b6b3c5eedbe9408611 - - default default] Added segment ea80730b-e9ab-46ba-8f3f-718c4c60361b of type geneve for network ec0d3df1-503d-4133-9d01-f452d0db6ba8
2026-06-29 06:59:52.478 8 INFO neutron.db.ovn_revision_numbers_db [None req-a95c7cfa-c73b-47ea-a197-55f98776eaf3 3d6db04adc5b4ec4a5bb3ffc8a0bbcf3 01c1c09f3e3841b6b3c5eedbe9408611 - - default default] Successfully bumped revision number for resource ec0d3df1-503d-4133-9d01-f452d0db6ba8 (type: networks) to 1
2026-06-29 06:59:52.557 7 INFO neutron.db.ovn_revision_numbers_db [None req-9e6e190b-d4e2-4afc-aa02-51f726c4df55 - - - - - -] Successfully bumped revision number for resource be2ed02b-8110-4847-a085-6632d8295f1e (type: ports) to 5
2026-06-29 06:59:52.666 8 WARNING neutron.scheduler.dhcp_agent_scheduler [None req-a95c7cfa-c73b-47ea-a197-55f98776eaf3 3d6db04adc5b4ec4a5bb3ffc8a0bbcf3 01c1c09f3e3841b6b3c5eedbe9408611 - - default default] No more DHCP agents
2026-06-29 06:59:52.669 8 WARNING neutron.api.rpc.agentnotifiers.dhcp_rpc_agent_api [None req-a95c7cfa-c73b-47ea-a197-55f98776eaf3 3d6db04adc5b4ec4a5bb3ffc8a0bbcf3 01c1c09f3e3841b6b3c5eedbe9408611 - - default default] Unable to schedule network ec0d3df1-503d-4133-9d01-f452d0db6ba8: no agents available; will retry on subsequent port and subnet creation events.
2026-06-29 06:59:52.763 8 INFO neutron.db.ovn_revision_numbers_db [None req-a95c7cfa-c73b-47ea-a197-55f98776eaf3 3d6db04adc5b4ec4a5bb3ffc8a0bbcf3 01c1c09f3e3841b6b3c5eedbe9408611 - - default default] Successfully bumped revision number for resource 4bae251f-2217-49db-9384-92be2faa3d4b (type: ports) to 1 [pid: 8|app: 0|req: 548/1054] 10.0.0.221 () {34 vars in 671 bytes} [Mon Jun 29 06:59:51 2026] POST /v2.0/networks => generated 767 bytes in 800 msecs (HTTP/1.1 201) 4 headers in 162 bytes (1 switches on core 0)
2026-06-29 06:59:52.944 8 INFO neutron.plugins.ml2.drivers.ovn.mech_driver.mech_driver [None req-4eb76ae2-35c2-4676-8090-d3ffe8df76a7 - - - - - -] OVN reports status down for port: 96f9afc8-50d8-463a-ba8d-2f79e3747e06
2026-06-29 06:59:52.947 7 WARNING neutron.scheduler.dhcp_agent_scheduler [None req-24d09c01-6296-4611-84c0-606c654f3ede 3d6db04adc5b4ec4a5bb3ffc8a0bbcf3 01c1c09f3e3841b6b3c5eedbe9408611 - - default default] No more DHCP agents
2026-06-29 06:59:52.949 7 WARNING neutron.api.rpc.agentnotifiers.dhcp_rpc_agent_api [None req-24d09c01-6296-4611-84c0-606c654f3ede 3d6db04adc5b4ec4a5bb3ffc8a0bbcf3 01c1c09f3e3841b6b3c5eedbe9408611 - - default default] Unable to schedule network 22954ae8-e2a9-4c60-9c53-0b088054c3e9: no agents available; will retry on subsequent port and subnet creation events.
2026-06-29 06:59:52.983 8 INFO neutron_taas.services.taas.taas_plugin [None req-6deb7043-e28b-47ee-97ef-b2a2f6f735f4 37ed87c184f44f0d8dd40c954af60a8f 663eb0eb40a6487e9e76de8b351437c8 - - default default] TaaS: Handle Delete Port: a262a2a3-e694-4fdf-9956-0815e8c0f790
