2026-06-29 07:05:09.645 7 INFO neutron.plugins.ml2.plugin [None req-f8b270ec-3f13-42e7-baad-2b8a596de454 - - - - - -] Attempt 1 to provision port 1c509a34-16f8-4e04-8d48-3ed5505fbe44
2026-06-29 07:05:09.684 7 INFO neutron.db.ovn_revision_numbers_db [None req-328641df-3be9-4879-99be-8a89278a721d 4f39a82b2fbd4454a5dca7397f8a9d56 0da01b13dd3a4758a7366b4bf6b86069 - - default default] Successfully bumped revision number for resource 1c509a34-16f8-4e04-8d48-3ed5505fbe44 (type: router_ports) to 1
2026-06-29 07:05:09.803 7 INFO neutron.db.ovn_revision_numbers_db [None req-328641df-3be9-4879-99be-8a89278a721d 4f39a82b2fbd4454a5dca7397f8a9d56 0da01b13dd3a4758a7366b4bf6b86069 - - default default] Successfully bumped revision number for resource 279d5a90-46ff-4025-b22a-78aba66c67e6 (type: routers) to 2 [pid: 7|app: 0|req: 1484/2949] 10.0.0.221 () {34 vars in 669 bytes} [Mon Jun 29 07:05:08 2026] POST /v2.0/routers => generated 937 bytes in 1615 msecs (HTTP/1.1 201) 4 headers in 162 bytes (1 switches on core 0)
2026-06-29 07:05:10.289 8 WARNING neutron.scheduler.dhcp_agent_scheduler [None req-bd8f09b4-6fd9-417a-934f-8e4e6814ac78 4f39a82b2fbd4454a5dca7397f8a9d56 0da01b13dd3a4758a7366b4bf6b86069 - - default default] No more DHCP agents
2026-06-29 07:05:10.290 8 WARNING neutron.api.rpc.agentnotifiers.dhcp_rpc_agent_api [None req-bd8f09b4-6fd9-417a-934f-8e4e6814ac78 4f39a82b2fbd4454a5dca7397f8a9d56 0da01b13dd3a4758a7366b4bf6b86069 - - default default] Unable to schedule network c332fb7b-cd36-435a-b230-6d6431ae326c: no agents available; will retry on subsequent port and subnet creation events.
2026-06-29 07:05:10.437 8 INFO neutron.db.ovn_revision_numbers_db [None req-bd8f09b4-6fd9-417a-934f-8e4e6814ac78 4f39a82b2fbd4454a5dca7397f8a9d56 0da01b13dd3a4758a7366b4bf6b86069 - - default default] Successfully bumped revision number for resource e33bb8a9-e7e5-4cef-9210-d9d32b2315ab (type: ports) to 1
2026-06-29 07:05:11.198 8 WARNING neutron.scheduler.dhcp_agent_scheduler [None req-bd8f09b4-6fd9-417a-934f-8e4e6814ac78 4f39a82b2fbd4454a5dca7397f8a9d56 0da01b13dd3a4758a7366b4bf6b86069 - - default default] No more DHCP agents
2026-06-29 07:05:11.199 8 WARNING neutron.api.rpc.agentnotifiers.dhcp_rpc_agent_api [None req-bd8f09b4-6fd9-417a-934f-8e4e6814ac78 4f39a82b2fbd4454a5dca7397f8a9d56 0da01b13dd3a4758a7366b4bf6b86069 - - default default] Unable to schedule network c332fb7b-cd36-435a-b230-6d6431ae326c: no agents available; will retry on subsequent port and subnet creation events.
2026-06-29 07:05:11.546 8 INFO neutron.db.ovn_revision_numbers_db [None req-bd8f09b4-6fd9-417a-934f-8e4e6814ac78 4f39a82b2fbd4454a5dca7397f8a9d56 0da01b13dd3a4758a7366b4bf6b86069 - - default default] Successfully bumped revision number for resource e33bb8a9-e7e5-4cef-9210-d9d32b2315ab (type: router_ports) to 1 [pid: 8|app: 0|req: 1466/2950] 10.0.0.221 () {34 vars in 783 bytes} [Mon Jun 29 07:05:09 2026] PUT /v2.0/routers/279d5a90-46ff-4025-b22a-78aba66c67e6/add_router_interface => generated 309 bytes in 1726 msecs (HTTP/1.1 200) 4 headers in 157 bytes (1 switches on core 0)
2026-06-29 07:05:12.206 7 WARNING neutron.scheduler.dhcp_agent_scheduler [None req-7330d21a-8e72-4559-811a-a5e94ed2ba55 - - - - - -] No more DHCP agents
2026-06-29 07:05:12.208 7 WARNING neutron.api.rpc.agentnotifiers.dhcp_rpc_agent_api [None req-7330d21a-8e72-4559-811a-a5e94ed2ba55 - - - - - -] Unable to schedule network 2ec10c2e-1571-40fa-b94a-6697d77cf432: no agents available; will retry on subsequent port and subnet creation events.
2026-06-29 07:05:12.340 8 INFO neutron.plugins.ml2.drivers.ovn.mech_driver.mech_driver [None req-d62a396d-bd44-42ea-a9d4-0f69e856b119 - - - - - -] OVN reports status down for port: f8879b03-c6b5-4178-8f23-6e27e4aec6dd
2026-06-29 07:05:12.365 7 INFO neutron.db.ovn_revision_numbers_db [None req-7330d21a-8e72-4559-811a-a5e94ed2ba55 - - - - - -] Successfully bumped revision number for resource f8879b03-c6b5-4178-8f23-6e27e4aec6dd (type: ports) to 1
2026-06-29 07:05:12.618 7 INFO neutron.db.ovn_revision_numbers_db [None req-7330d21a-8e72-4559-811a-a5e94ed2ba55 - - - - - -] Successfully bumped revision number for resource f8879b03-c6b5-4178-8f23-6e27e4aec6dd (type: ports) to 3
2026-06-29 07:05:12.686 7 INFO neutron.db.segments_db [None req-7330d21a-8e72-4559-811a-a5e94ed2ba55 - - - - - -] Added segment 890730d6-beda-4847-9ced-b40e5e0b3e61 of type geneve for network 4603bb3d-3345-48e7-835b-3039fc9235d0
2026-06-29 07:05:12.842 7 INFO neutron.db.ovn_revision_numbers_db [None req-165ec8e9-0625-427d-8161-8e1a3295953f - - - - - -] Successfully bumped revision number for resource 4603bb3d-3345-48e7-835b-3039fc9235d0 (type: networks) to 1
2026-06-29 07:05:12.996 7 WARNING neutron.scheduler.dhcp_agent_scheduler [None req-165ec8e9-0625-427d-8161-8e1a3295953f - - - - - -] No more DHCP agents
2026-06-29 07:05:12.998 7 WARNING neutron.api.rpc.agentnotifiers.dhcp_rpc_agent_api [None req-165ec8e9-0625-427d-8161-8e1a3295953f - - - - - -] Unable to schedule network 4603bb3d-3345-48e7-835b-3039fc9235d0: no agents available; will retry on subsequent port and subnet creation events.
2026-06-29 07:05:13.050 8 INFO neutron.plugins.ml2.drivers.ovn.mech_driver.mech_driver [None req-d62a396d-bd44-42ea-a9d4-0f69e856b119 - - - - - -] OVN reports status down for port: da6ac32a-d2ff-4740-9f26-ee764c4ab0bc
2026-06-29 07:05:13.079 7 INFO neutron.db.ovn_revision_numbers_db [None req-165ec8e9-0625-427d-8161-8e1a3295953f - - - - - -] Successfully bumped revision number for resource da6ac32a-d2ff-4740-9f26-ee764c4ab0bc (type: ports) to 1
2026-06-29 07:05:13.204 7 WARNING neutron.scheduler.dhcp_agent_scheduler [None req-165ec8e9-0625-427d-8161-8e1a3295953f - - - - - -] No more DHCP agents
2026-06-29 07:05:13.205 7 WARNING neutron.api.rpc.agentnotifiers.dhcp_rpc_agent_api [None req-165ec8e9-0625-427d-8161-8e1a3295953f - - - - - -] Unable to schedule network 4603bb3d-3345-48e7-835b-3039fc9235d0: no agents available; will retry on subsequent port and subnet creation events.
2026-06-29 07:05:13.228 7 INFO neutron.db.ovn_revision_numbers_db [None req-165ec8e9-0625-427d-8161-8e1a3295953f - - - - - -] Successfully bumped revision number for resource 7bb6d0d8-0770-40bd-b3b9-cb8738609301 (type: subnets) to 0
2026-06-29 07:05:13.625 7 WARNING neutron.scheduler.dhcp_agent_scheduler [None req-165ec8e9-0625-427d-8161-8e1a3295953f - - - - - -] No more DHCP agents
2026-06-29 07:05:13.626 7 WARNING neutron.api.rpc.agentnotifiers.dhcp_rpc_agent_api [None req-165ec8e9-0625-427d-8161-8e1a3295953f - - - - - -] Unable to schedule network 4603bb3d-3345-48e7-835b-3039fc9235d0: no agents available; will retry on subsequent port and subnet creation events.
2026-06-29 07:05:13.754 8 INFO neutron.plugins.ml2.drivers.ovn.mech_driver.mech_driver [None req-d62a396d-bd44-42ea-a9d4-0f69e856b119 - - - - - -] OVN reports status down for port: 043c6aa6-e0e1-4a43-bf90-0644ac096bbc
2026-06-29 07:05:13.780 7 INFO neutron.db.ovn_revision_numbers_db [None req-165ec8e9-0625-427d-8161-8e1a3295953f - - - - - -] Successfully bumped revision number for resource 043c6aa6-e0e1-4a43-bf90-0644ac096bbc (type: ports) to 1
2026-06-29 07:05:14.233 8 WARNING neutron.scheduler.dhcp_agent_scheduler [None req-222a5602-3b64-44c6-8fe8-db92b1fad053 2542f13c86ea4ce79eb7352fb262c28e 6c62b7fea7fb47719ea9d197d0f6e6ed - - default default] No more DHCP agents
2026-06-29 07:05:14.234 8 WARNING neutron.api.rpc.agentnotifiers.dhcp_rpc_agent_api [None req-222a5602-3b64-44c6-8fe8-db92b1fad053 2542f13c86ea4ce79eb7352fb262c28e 6c62b7fea7fb47719ea9d197d0f6e6ed - - default default] Unable to schedule network 2ec10c2e-1571-40fa-b94a-6697d77cf432: no agents available; will retry on subsequent port and subnet creation events.
2026-06-29 07:05:14.404 8 INFO neutron.plugins.ml2.drivers.ovn.mech_driver.mech_driver [None req-d62a396d-bd44-42ea-a9d4-0f69e856b119 - - - - - -] OVN reports status up for port: 043c6aa6-e0e1-4a43-bf90-0644ac096bbc
2026-06-29 07:05:14.417 7 WARNING neutron.scheduler.dhcp_agent_scheduler [None req-165ec8e9-0625-427d-8161-8e1a3295953f - - - - - -] No more DHCP agents
2026-06-29 07:05:14.418 7 WARNING neutron.api.rpc.agentnotifiers.dhcp_rpc_agent_api [None req-165ec8e9-0625-427d-8161-8e1a3295953f - - - - - -] Unable to schedule network 4603bb3d-3345-48e7-835b-3039fc9235d0: no agents available; will retry on subsequent port and subnet creation events.
2026-06-29 07:05:14.444 8 INFO neutron.plugins.ml2.plugin [None req-d62a396d-bd44-42ea-a9d4-0f69e856b119 - - - - - -] Attempt 1 to provision port 043c6aa6-e0e1-4a43-bf90-0644ac096bbc
2026-06-29 07:05:14.764 7 WARNING neutron.plugins.ml2.drivers.ovn.mech_driver.ovsdb.ovn_client [None req-f8b270ec-3f13-42e7-baad-2b8a596de454 - - - - - -] No hosting information found for port 1c509a34-16f8-4e04-8d48-3ed5505fbe44: RuntimeError: No hosting information found for port 1c509a34-16f8-4e04-8d48-3ed5505fbe44
2026-06-29 07:05:14.764 7 INFO neutron.plugins.ml2.drivers.ovn.mech_driver.mech_driver [None req-f8b270ec-3f13-42e7-baad-2b8a596de454 - - - - - -] OVN reports status down for port: e33bb8a9-e7e5-4cef-9210-d9d32b2315ab
2026-06-29 07:05:14.867 7 WARNING neutron.plugins.ml2.drivers.ovn.mech_driver.ovsdb.ovn_client [None req-f8b270ec-3f13-42e7-baad-2b8a596de454 - - - - - -] Logical_Switch_Port %s host information not removed, the port state is up
2026-06-29 07:05:14.868 7 INFO neutron.plugins.ml2.drivers.ovn.mech_driver.mech_driver [None req-f8b270ec-3f13-42e7-baad-2b8a596de454 - - - - - -] OVN reports status up for port: e33bb8a9-e7e5-4cef-9210-d9d32b2315ab
2026-06-29 07:05:14.891 7 INFO neutron.plugins.ml2.plugin [None req-f8b270ec-3f13-42e7-baad-2b8a596de454 - - - - - -] Attempt 1 to provision port e33bb8a9-e7e5-4cef-9210-d9d32b2315ab
2026-06-29 07:05:15.021 7 INFO neutron.db.ovn_revision_numbers_db [None req-165ec8e9-0625-427d-8161-8e1a3295953f - - - - - -] Successfully bumped revision number for resource 043c6aa6-e0e1-4a43-bf90-0644ac096bbc (type: router_ports) to 1
2026-06-29 07:05:15.375 7 WARNING neutron.scheduler.dhcp_agent_scheduler [None req-165ec8e9-0625-427d-8161-8e1a3295953f - - - - - -] No more DHCP agents
2026-06-29 07:05:15.378 7 WARNING neutron.api.rpc.agentnotifiers.dhcp_rpc_agent_api [None req-165ec8e9-0625-427d-8161-8e1a3295953f - - - - - -] Unable to schedule network 4603bb3d-3345-48e7-835b-3039fc9235d0: no agents available; will retry on subsequent port and subnet creation events.
2026-06-29 07:05:15.462 8 INFO neutron.db.ovn_revision_numbers_db [None req-d62a396d-bd44-42ea-a9d4-0f69e856b119 - - - - - -] Successfully bumped revision number for resource 043c6aa6-e0e1-4a43-bf90-0644ac096bbc (type: ports) to 2
2026-06-29 07:05:15.555 7 INFO neutron.db.ovn_revision_numbers_db [None req-f8b270ec-3f13-42e7-baad-2b8a596de454 - - - - - -] Successfully bumped revision number for resource e33bb8a9-e7e5-4cef-9210-d9d32b2315ab (type: ports) to 2
2026-06-29 07:05:15.722 7 INFO neutron.db.ovn_revision_numbers_db [None req-165ec8e9-0625-427d-8161-8e1a3295953f - - - - - -] Successfully bumped revision number for resource b3e4a5c1-1748-452b-a0d0-923636b1b4be (type: ports) to 1
2026-06-29 07:05:15.955 7 INFO neutron.db.ovn_revision_numbers_db [None req-165ec8e9-0625-427d-8161-8e1a3295953f - - - - - -] Successfully bumped revision number for resource b3e4a5c1-1748-452b-a0d0-923636b1b4be (type: ports) to 3 [pid: 7|app: 0|req: 1485/2951] 10.0.0.221 () {34 vars in 685 bytes} [Mon Jun 29 07:05:11 2026] POST /v2.0/vpn/vpnservices => generated 459 bytes in 4552 msecs (HTTP/1.1 201) 4 headers in 162 bytes (1 switches on core 0) [pid: 7|app: 0|req: 1486/2952] 10.0.0.221 () {32 vars in 663 bytes} [Mon Jun 29 07:05:16 2026] GET /v2.0/vpn/vpnservices => generated 1307 bytes in 11 msecs (HTTP/1.1 200) 4 headers in 158 bytes (1 switches on core 0)
2026-06-29 07:05:16.399 7 INFO neutron_taas.services.taas.taas_plugin [None req-3db74226-a213-4d96-a358-e9daae71a5c8 4f39a82b2fbd4454a5dca7397f8a9d56 0da01b13dd3a4758a7366b4bf6b86069 - - default default] TaaS: Handle Delete Port: f8879b03-c6b5-4178-8f23-6e27e4aec6dd
2026-06-29 07:05:16.402 7 INFO neutron_taas.services.taas.tap_mirror_plugin [None req-3db74226-a213-4d96-a358-e9daae71a5c8 4f39a82b2fbd4454a5dca7397f8a9d56 0da01b13dd3a4758a7366b4bf6b86069 - - default default] Tap Mirror: Handle Delete Port: f8879b03-c6b5-4178-8f23-6e27e4aec6dd
2026-06-29 07:05:16.507 8 INFO neutron.db.ovn_revision_numbers_db [None req-222a5602-3b64-44c6-8fe8-db92b1fad053 2542f13c86ea4ce79eb7352fb262c28e 6c62b7fea7fb47719ea9d197d0f6e6ed - - default default] Successfully bumped revision number for resource 2f516df2-34ea-43c0-9d9f-5156b9f716b4 (type: floatingips) to 1
2026-06-29 07:05:16.508 8 INFO neutron.db.l3_db [None req-222a5602-3b64-44c6-8fe8-db92b1fad053 2542f13c86ea4ce79eb7352fb262c28e 6c62b7fea7fb47719ea9d197d0f6e6ed - - default default] Floating IP 2f516df2-34ea-43c0-9d9f-5156b9f716b4 associated. External IP: 10.96.250.202, port: accf0ee2-c1c2-4d63-92f1-c4c639234dc1. [pid: 8|app: 0|req: 1467/2953] 10.0.0.221 () {34 vars in 677 bytes} [Mon Jun 29 07:05:13 2026] POST /v2.0/floatingips => generated 899 bytes in 2581 msecs (HTTP/1.1 201) 4 headers in 162 bytes (1 switches on core 0)
2026-06-29 07:05:16.663 7 INFO neutron_taas.services.taas.taas_plugin [None req-88433c0f-4dd8-40e4-a2b5-c778cd209ab5 - - - - - -] TaaS: Handle Delete Port: b3e4a5c1-1748-452b-a0d0-923636b1b4be
2026-06-29 07:05:16.667 7 INFO neutron_taas.services.taas.tap_mirror_plugin [None req-88433c0f-4dd8-40e4-a2b5-c778cd209ab5 - - - - - -] Tap Mirror: Handle Delete Port: b3e4a5c1-1748-452b-a0d0-923636b1b4be
2026-06-29 07:05:17.100 7 INFO neutron_taas.services.taas.taas_plugin [None req-f15ce80c-4fa4-42cf-b533-f77947057c0b - - - - - -] TaaS: Handle Delete Port: 043c6aa6-e0e1-4a43-bf90-0644ac096bbc
2026-06-29 07:05:17.103 7 INFO neutron_taas.services.taas.tap_mirror_plugin [None req-f15ce80c-4fa4-42cf-b533-f77947057c0b - - - - - -] Tap Mirror: Handle Delete Port: 043c6aa6-e0e1-4a43-bf90-0644ac096bbc
2026-06-29 07:05:18.028 7 INFO neutron_taas.services.taas.taas_plugin [None req-f15ce80c-4fa4-42cf-b533-f77947057c0b - - - - - -] TaaS: Handle Delete Port: da6ac32a-d2ff-4740-9f26-ee764c4ab0bc
2026-06-29 07:05:18.032 7 INFO neutron_taas.services.taas.tap_mirror_plugin [None req-f15ce80c-4fa4-42cf-b533-f77947057c0b - - - - - -] Tap Mirror: Handle Delete Port: da6ac32a-d2ff-4740-9f26-ee764c4ab0bc
2026-06-29 07:05:18.220 7 INFO neutron.services.segments.plugin [-] Segment 890730d6-beda-4847-9ced-b40e5e0b3e61 resource provider aggregate not found
2026-06-29 07:05:18.224 7 INFO neutron.services.segments.plugin [-] Segment 890730d6-beda-4847-9ced-b40e5e0b3e61 resource provider aggregate not found
2026-06-29 07:05:18.242 7 INFO neutron.services.segments.plugin [-] Segment 890730d6-beda-4847-9ced-b40e5e0b3e61 resource provider not found; error: Placement Client Error (4xx): {"errors": [{"status": 404, "title": "Not Found", "detail": "The resource could not be found.\n\n No resource provider with uuid 890730d6-beda-4847-9ced-b40e5e0b3e61 found for delete ", "request_id": "req-35511b7e-75c9-4bf5-9450-fa761ab3a033"}]}
2026-06-29 07:05:18.246 7 INFO neutron.services.segments.plugin [-] Segment 890730d6-beda-4847-9ced-b40e5e0b3e61 resource provider not found; error: Placement Client Error (4xx): {"errors": [{"status": 404, "title": "Not Found", "detail": "The resource could not be found.\n\n No resource provider with uuid 890730d6-beda-4847-9ced-b40e5e0b3e61 found for delete ", "request_id": "req-4160d460-84ce-40d7-85b6-b8f1d0f447b4"}]} [pid: 7|app: 0|req: 1487/2954] 10.0.0.221 () {32 vars in 740 bytes} [Mon Jun 29 07:05:16 2026] DELETE /v2.0/vpn/vpnservices/da9a845d-378e-4e31-9193-52c571570635 => generated 0 bytes in 2164 msecs (HTTP/1.1 204) 2 headers in 112 bytes (1 switches on core 0) [pid: 8|app: 0|req: 1468/2955] 10.0.0.221 () {32 vars in 663 bytes} [Mon Jun 29 07:05:18 2026] GET /v2.0/vpn/vpnservices => generated 862 bytes in 12 msecs (HTTP/1.1 200) 4 headers in 157 bytes (1 switches on core 0) /var/lib/openstack/lib/python3.12/site-packages/pycadf/identifier.py:70: UserWarning: Invalid uuid: neutron. To ensure interoperability, identifiers should be a valid uuid. warnings.warn(('Invalid uuid: %s. To ensure interoperability, '
2026-06-29 07:05:18.385 7 INFO neutron.api.v2.resource [None req-31d62b97-48b2-44f4-b1e2-1232ade61cb8 4f39a82b2fbd4454a5dca7397f8a9d56 0da01b13dd3a4758a7366b4bf6b86069 - - default default] create failed (client error): The server could not comply with the request since it is either malformed or otherwise incorrect. [pid: 7|app: 0|req: 1488/2956] 10.0.0.221 () {34 vars in 707 bytes} [Mon Jun 29 07:05:18 2026] POST /v2.0/vpn/ipsec-site-connections => generated 127 bytes in 60 msecs (HTTP/1.1 400) 4 headers in 166 bytes (1 switches on core 0)
2026-06-29 07:05:18.459 8 INFO neutron.api.v2.resource [None req-8326b010-5b06-4a02-88f7-6509a18f0964 4f39a82b2fbd4454a5dca7397f8a9d56 0da01b13dd3a4758a7366b4bf6b86069 - - default default] create failed (client error): The server could not comply with the request since it is either malformed or otherwise incorrect. [pid: 8|app: 0|req: 1469/2957] 10.0.0.221 () {34 vars in 707 bytes} [Mon Jun 29 07:05:18 2026] POST /v2.0/vpn/ipsec-site-connections => generated 136 bytes in 66 msecs (HTTP/1.1 400) 4 headers in 166 bytes (1 switches on core 0)
2026-06-29 07:05:18.474 7 WARNING neutron.api.v2.base [None req-099dfb97-8c81-4ff1-86ea-4315fa19214f 4f39a82b2fbd4454a5dca7397f8a9d56 0da01b13dd3a4758a7366b4bf6b86069 - - default default] An exception happened while processing the request body. The exception message is [Invalid input for dpd. Reason: '59' is not a dictionary.].: webob.exc.HTTPBadRequest: Invalid input for dpd. Reason: '59' is not a dictionary.
2026-06-29 07:05:18.475 7 INFO neutron.api.v2.resource [None req-099dfb97-8c81-4ff1-86ea-4315fa19214f 4f39a82b2fbd4454a5dca7397f8a9d56 0da01b13dd3a4758a7366b4bf6b86069 - - default default] create failed (client error): Invalid input for dpd. Reason: '59' is not a dictionary. [pid: 7|app: 0|req: 1489/2958] 10.0.0.221 () {34 vars in 707 bytes} [Mon Jun 29 07:05:18 2026] POST /v2.0/vpn/ipsec-site-connections => generated 129 bytes in 11 msecs (HTTP/1.1 400) 4 headers in 166 bytes (1 switches on core 0) [pid: 8|app: 0|req: 1470/2959] 10.0.0.221 () {34 vars in 693 bytes} [Mon Jun 29 07:05:18 2026] POST /v2.0/vpn/endpoint-groups => generated 294 bytes in 50 msecs (HTTP/1.1 201) 4 headers in 162 bytes (1 switches on core 0)
2026-06-29 07:05:18.582 7 INFO neutron.api.v2.resource [None req-ebb0f46a-3e3a-4d80-8ba9-b68914613f8a 4f39a82b2fbd4454a5dca7397f8a9d56 0da01b13dd3a4758a7366b4bf6b86069 - - default default] create failed (client error): The server could not comply with the request since it is either malformed or otherwise incorrect. [pid: 7|app: 0|req: 1490/2960] 10.0.0.221 () {34 vars in 707 bytes} [Mon Jun 29 07:05:18 2026] POST /v2.0/vpn/ipsec-site-connections => generated 149 bytes in 46 msecs (HTTP/1.1 400) 4 headers in 166 bytes (1 switches on core 0) [pid: 8|app: 0|req: 1471/2961] 10.0.0.221 () {32 vars in 671 bytes} [Mon Jun 29 07:05:18 2026] GET /v2.0/vpn/endpoint-groups => generated 909 bytes in 21 msecs (HTTP/1.1 200) 4 headers in 157 bytes (1 switches on core 0) [pid: 7|app: 0|req: 1491/2962] 10.0.0.221 () {32 vars in 748 bytes} [Mon Jun 29 07:05:18 2026] DELETE /v2.0/vpn/endpoint-groups/7f08177c-a7c8-4d49-b6dd-cd723278d516 => generated 0 bytes in 32 msecs (HTTP/1.1 204) 2 headers in 112 bytes (1 switches on core 0) [pid: 8|app: 0|req: 1472/2963] 10.0.0.221 () {32 vars in 671 bytes} [Mon Jun 29 07:05:18 2026] GET /v2.0/vpn/endpoint-groups => generated 633 bytes in 21 msecs (HTTP/1.1 200) 4 headers in 157 bytes (1 switches on core 0) [pid: 7|app: 0|req: 1492/2964] 10.0.0.221 () {34 vars in 693 bytes} [Mon Jun 29 07:05:18 2026] POST /v2.0/vpn/endpoint-groups => generated 302 bytes in 72 msecs (HTTP/1.1 201) 4 headers in 162 bytes (1 switches on core 0)
2026-06-29 07:05:18.796 8 INFO neutron.api.v2.resource [None req-e37ed6b5-7b1f-4e02-925f-6982aa0f7422 4f39a82b2fbd4454a5dca7397f8a9d56 0da01b13dd3a4758a7366b4bf6b86069 - - default default] create failed (client error): The server could not comply with the request since it is either malformed or otherwise incorrect. [pid: 8|app: 0|req: 1473/2965] 10.0.0.221 () {34 vars in 707 bytes} [Mon Jun 29 07:05:18 2026] POST /v2.0/vpn/ipsec-site-connections => generated 148 bytes in 42 msecs (HTTP/1.1 400) 4 headers in 166 bytes (1 switches on core 0) [pid: 7|app: 0|req: 1493/2966] 10.0.0.221 () {32 vars in 671 bytes} [Mon Jun 29 07:05:18 2026] GET /v2.0/vpn/endpoint-groups => generated 917 bytes in 14 msecs (HTTP/1.1 200) 4 headers in 157 bytes (1 switches on core 0) [pid: 8|app: 0|req: 1474/2967] 10.0.0.221 () {32 vars in 748 bytes} [Mon Jun 29 07:05:18 2026] DELETE /v2.0/vpn/endpoint-groups/71b8ac19-7d70-46cc-881a-c568d79484fb => generated 0 bytes in 24 msecs (HTTP/1.1 204) 2 headers in 112 bytes (1 switches on core 0) [pid: 7|app: 0|req: 1494/2968] 10.0.0.221 () {32 vars in 671 bytes} [Mon Jun 29 07:05:18 2026] GET /v2.0/vpn/endpoint-groups => generated 633 bytes in 15 msecs (HTTP/1.1 200) 4 headers in 157 bytes (1 switches on core 0)
2026-06-29 07:05:18.877 8 WARNING neutron.api.v2.base [None req-68b36861-b82f-4bc5-bdc7-8cafcda1ea6a 4f39a82b2fbd4454a5dca7397f8a9d56 0da01b13dd3a4758a7366b4bf6b86069 - - default default] An exception happened while processing the request body. The exception message is [Invalid input for peer_cidrs. Reason: '1.0.0.0/33' is not a valid IP subnet.].: webob.exc.HTTPBadRequest: Invalid input for peer_cidrs. Reason: '1.0.0.0/33' is not a valid IP subnet.
2026-06-29 07:05:18.877 8 INFO neutron.api.v2.resource [None req-68b36861-b82f-4bc5-bdc7-8cafcda1ea6a 4f39a82b2fbd4454a5dca7397f8a9d56 0da01b13dd3a4758a7366b4bf6b86069 - - default default] create failed (client error): Invalid input for peer_cidrs. Reason: '1.0.0.0/33' is not a valid IP subnet. [pid: 8|app: 0|req: 1475/2969] 10.0.0.221 () {34 vars in 707 bytes} [Mon Jun 29 07:05:18 2026] POST /v2.0/vpn/ipsec-site-connections => generated 149 bytes in 7 msecs (HTTP/1.1 400) 4 headers in 166 bytes (1 switches on core 0)
2026-06-29 07:05:18.975 7 INFO neutron.db.segments_db [None req-f927e1aa-74bb-4024-9abf-bd3a4860ce75 4f39a82b2fbd4454a5dca7397f8a9d56 0da01b13dd3a4758a7366b4bf6b86069 - - default default] Added segment 38ff9874-a756-484a-ad81-31dc0e21e870 of type geneve for network b76af0d7-1ed0-402e-9e86-e3133d474eb2
2026-06-29 07:05:19.090 7 INFO neutron.db.ovn_revision_numbers_db [None req-f927e1aa-74bb-4024-9abf-bd3a4860ce75 4f39a82b2fbd4454a5dca7397f8a9d56 0da01b13dd3a4758a7366b4bf6b86069 - - default default] Successfully bumped revision number for resource b76af0d7-1ed0-402e-9e86-e3133d474eb2 (type: networks) to 1
2026-06-29 07:05:19.260 7 WARNING neutron.scheduler.dhcp_agent_scheduler [None req-f927e1aa-74bb-4024-9abf-bd3a4860ce75 4f39a82b2fbd4454a5dca7397f8a9d56 0da01b13dd3a4758a7366b4bf6b86069 - - default default] No more DHCP agents
2026-06-29 07:05:19.261 7 WARNING neutron.api.rpc.agentnotifiers.dhcp_rpc_agent_api [None req-f927e1aa-74bb-4024-9abf-bd3a4860ce75 4f39a82b2fbd4454a5dca7397f8a9d56 0da01b13dd3a4758a7366b4bf6b86069 - - default default] Unable to schedule network b76af0d7-1ed0-402e-9e86-e3133d474eb2: no agents available; will retry on subsequent port and subnet creation events.
2026-06-29 07:05:19.332 7 INFO neutron.db.ovn_revision_numbers_db [None req-f927e1aa-74bb-4024-9abf-bd3a4860ce75 4f39a82b2fbd4454a5dca7397f8a9d56 0da01b13dd3a4758a7366b4bf6b86069 - - default default] Successfully bumped revision number for resource 4b56d64a-7f91-4938-aa85-cde867ea4aca (type: ports) to 1 [pid: 7|app: 0|req: 1495/2970] 10.0.0.221 () {34 vars in 670 bytes} [Mon Jun 29 07:05:18 2026] POST /v2.0/networks => generated 651 bytes in 477 msecs (HTTP/1.1 201) 4 headers in 162 bytes (1 switches on core 0) [pid: 7|app: 0|req: 1496/2971] 199.204.45.95 () {30 vars in 702 bytes} [Mon Jun 29 07:05:19 2026] GET /v2.0/extensions/security-group => generated 170 bytes in 9 msecs (HTTP/1.1 200) 4 headers in 157 bytes (1 switches on core 0) [pid: 7|app: 0|req: 1497/2972] 199.204.45.95 () {30 vars in 704 bytes} [Mon Jun 29 07:05:19 2026] GET /v2.0/extensions/dns-integration => generated 172 bytes in 9 msecs (HTTP/1.1 200) 4 headers in 157 bytes (1 switches on core 0) [pid: 7|app: 0|req: 1498/2973] 199.204.45.95 () {30 vars in 680 bytes} [Mon Jun 29 07:05:19 2026] GET /v2.0/extensions/qos => generated 166 bytes in 18 msecs (HTTP/1.1 200) 4 headers in 157 bytes (1 switches on core 0)
2026-06-29 07:05:19.582 8 WARNING neutron.scheduler.dhcp_agent_scheduler [None req-8d184676-7d1c-45b4-bf3b-b40878c67e9d 4f39a82b2fbd4454a5dca7397f8a9d56 0da01b13dd3a4758a7366b4bf6b86069 - - default default] No more DHCP agents
2026-06-29 07:05:19.584 8 WARNING neutron.api.rpc.agentnotifiers.dhcp_rpc_agent_api [None req-8d184676-7d1c-45b4-bf3b-b40878c67e9d 4f39a82b2fbd4454a5dca7397f8a9d56 0da01b13dd3a4758a7366b4bf6b86069 - - default default] Unable to schedule network b76af0d7-1ed0-402e-9e86-e3133d474eb2: no agents available; will retry on subsequent port and subnet creation events.
2026-06-29 07:05:20.040 8 INFO neutron.db.ovn_revision_numbers_db [None req-7a24671c-b4ee-444d-8940-6ebdebcaa235 - - - - - -] Successfully bumped revision number for resource 4b56d64a-7f91-4938-aa85-cde867ea4aca (type: ports) to 2
2026-06-29 07:05:20.068 8 INFO neutron.db.ovn_revision_numbers_db [None req-7a24671c-b4ee-444d-8940-6ebdebcaa235 - - - - - -] Successfully bumped revision number for resource cdbe8b62-758e-49aa-9e0d-41b4cc429bf9 (type: subnets) to 0 [pid: 8|app: 0|req: 1476/2974] 10.0.0.221 () {34 vars in 669 bytes} [Mon Jun 29 07:05:19 2026] POST /v2.0/subnets => generated 629 bytes in 741 msecs (HTTP/1.1 201) 4 headers in 162 bytes (1 switches on core 0) [pid: 7|app: 0|req: 1499/2975] 199.204.45.95 () {30 vars in 716 bytes} [Mon Jun 29 07:05:19 2026] GET /v2.0/extensions/allowed-address-pairs => generated 184 bytes in 766 msecs (HTTP/1.1 200) 4 headers in 157 bytes (1 switches on core 0)
2026-06-29 07:05:20.323 7 INFO neutron.db.ovn_revision_numbers_db [None req-9a3ae56a-c51b-4b82-a717-2b274e547f61 - - - - - -] Successfully bumped revision number for resource accf0ee2-c1c2-4d63-92f1-c4c639234dc1 (type: ports) to 4
2026-06-29 07:05:20.332 7 WARNING neutron.plugins.ml2.drivers.ovn.mech_driver.ovsdb.ovn_client [None req-1457a85e-72aa-4123-8a65-278f0e130567 - - - - - -] No hosting information found for port e33bb8a9-e7e5-4cef-9210-d9d32b2315ab: RuntimeError: No hosting information found for port e33bb8a9-e7e5-4cef-9210-d9d32b2315ab
2026-06-29 07:05:20.345 7 INFO neutron.api.v2.resource [None req-74b68429-3aa9-4212-83b4-06e3e7a83614 3d6db04adc5b4ec4a5bb3ffc8a0bbcf3 01c1c09f3e3841b6b3c5eedbe9408611 - - default default] show failed (client error): The resource could not be found. [pid: 7|app: 0|req: 1500/2976] 199.204.45.95 () {30 vars in 762 bytes} [Mon Jun 29 07:05:20 2026] GET /v2.0/security-groups/lb-427a4ea1-b0b7-4488-91e5-9424f22b5beb => generated 149 bytes in 40 msecs (HTTP/1.1 404) 4 headers in 164 bytes (1 switches on core 0) [pid: 7|app: 0|req: 1501/2977] 199.204.45.95 () {30 vars in 784 bytes} [Mon Jun 29 07:05:20 2026] GET /v2.0/security-groups?name=lb-427a4ea1-b0b7-4488-91e5-9424f22b5beb => generated 1639 bytes in 64 msecs (HTTP/1.1 200) 4 headers in 158 bytes (1 switches on core 0)
2026-06-29 07:05:20.469 7 INFO neutron.db.ovn_revision_numbers_db [None req-1457a85e-72aa-4123-8a65-278f0e130567 - - - - - -] Successfully bumped revision number for resource e33bb8a9-e7e5-4cef-9210-d9d32b2315ab (type: router_ports) to 2 [pid: 7|app: 0|req: 1502/2978] 199.204.45.95 () {30 vars in 814 bytes} [Mon Jun 29 07:05:20 2026] GET /v2.0/security-group-rules?security_group_id=15347ae5-ac7b-4b2b-b4e8-80a3cf41fb7c => generated 1182 bytes in 75 msecs (HTTP/1.1 200) 4 headers in 158 bytes (1 switches on core 0)
2026-06-29 07:05:20.498 8 WARNING neutron.scheduler.dhcp_agent_scheduler [None req-f0d71dd2-66a3-400b-8db6-0764f5b35aba 4f39a82b2fbd4454a5dca7397f8a9d56 0da01b13dd3a4758a7366b4bf6b86069 - - default default] No more DHCP agents
2026-06-29 07:05:20.499 8 WARNING neutron.api.rpc.agentnotifiers.dhcp_rpc_agent_api [None req-f0d71dd2-66a3-400b-8db6-0764f5b35aba 4f39a82b2fbd4454a5dca7397f8a9d56 0da01b13dd3a4758a7366b4bf6b86069 - - default default] Unable to schedule network 2ec10c2e-1571-40fa-b94a-6697d77cf432: no agents available; will retry on subsequent port and subnet creation events.
2026-06-29 07:05:20.555 7 INFO neutron.plugins.ml2.drivers.ovn.mech_driver.mech_driver [None req-1457a85e-72aa-4123-8a65-278f0e130567 - - - - - -] OVN reports status down for port: b3e4a5c1-1748-452b-a0d0-923636b1b4be
2026-06-29 07:05:20.637 8 INFO neutron.db.ovn_revision_numbers_db [None req-f0d71dd2-66a3-400b-8db6-0764f5b35aba 4f39a82b2fbd4454a5dca7397f8a9d56 0da01b13dd3a4758a7366b4bf6b86069 - - default default] Successfully bumped revision number for resource b8cdb8cc-a64b-49dd-859c-290edcd3b059 (type: ports) to 1
2026-06-29 07:05:20.645 7 INFO neutron.plugins.ml2.drivers.ovn.mech_driver.mech_driver [None req-1457a85e-72aa-4123-8a65-278f0e130567 - - - - - -] OVN reports status down for port: b8cdb8cc-a64b-49dd-859c-290edcd3b059
2026-06-29 07:05:20.776 7 INFO neutron.db.ovn_revision_numbers_db [None req-67156aab-bfee-4b21-9668-be7d22b74a9e 3d6db04adc5b4ec4a5bb3ffc8a0bbcf3 01c1c09f3e3841b6b3c5eedbe9408611 - - default default] Successfully bumped revision number for resource c7357222-d8b7-4a89-baf0-22621d76c95a (type: security_group_rules) to 0
2026-06-29 07:05:20.790 8 WARNING neutron.plugins.ml2.drivers.ovn.mech_driver.ovsdb.ovn_client [None req-1f18ce56-52b9-4a67-8745-f2011eb3dafd - - - - - -] No port found with ID 043c6aa6-e0e1-4a43-bf90-0644ac096bbc: RuntimeError: No port found with ID 043c6aa6-e0e1-4a43-bf90-0644ac096bbc [pid: 7|app: 0|req: 1503/2979] 199.204.45.95 () {34 vars in 746 bytes} [Mon Jun 29 07:05:20 2026] POST /v2.0/security-group-rules => generated 601 bytes in 303 msecs (HTTP/1.1 201) 4 headers in 162 bytes (1 switches on core 0)
2026-06-29 07:05:20.816 8 INFO neutron.plugins.ml2.drivers.ovn.mech_driver.mech_driver [None req-1f18ce56-52b9-4a67-8745-f2011eb3dafd - - - - - -] OVN reports status down for port: 4b56d64a-7f91-4938-aa85-cde867ea4aca /var/lib/openstack/lib/python3.12/site-packages/pycadf/identifier.py:70: UserWarning: Invalid uuid: neutron. To ensure interoperability, identifiers should be a valid uuid. warnings.warn(('Invalid uuid: %s. To ensure interoperability, '
2026-06-29 07:05:20.932 7 INFO neutron.db.ovn_revision_numbers_db [None req-78313ca9-75d4-4082-b986-a42e0982d61d 3d6db04adc5b4ec4a5bb3ffc8a0bbcf3 01c1c09f3e3841b6b3c5eedbe9408611 - - default default] Successfully bumped revision number for resource 316adba3-c5ae-466a-9b17-5e4fa173e0ec (type: security_group_rules) to 0 [pid: 7|app: 0|req: 1504/2980] 199.204.45.95 () {34 vars in 746 bytes} [Mon Jun 29 07:05:20 2026] POST /v2.0/security-group-rules => generated 597 bytes in 144 msecs (HTTP/1.1 201) 4 headers in 162 bytes (1 switches on core 0)
2026-06-29 07:05:21.370 8 INFO neutron.plugins.ml2.drivers.ovn.mech_driver.ovsdb.commands [None req-b41cd6cf-911e-4190-9277-4a83ce5ed646 - - - - - -] Schedule LRP lrp-b8cdb8cc-a64b-49dd-859c-290edcd3b059 on gateway 83ee27d2-6ed4-4a10-80bb-2e8c7358caa6 with priority 1
2026-06-29 07:05:21.404 7 INFO neutron.plugins.ml2.drivers.ovn.mech_driver.mech_driver [None req-1457a85e-72aa-4123-8a65-278f0e130567 - - - - - -] OVN reports status up for port: b8cdb8cc-a64b-49dd-859c-290edcd3b059
2026-06-29 07:05:21.417 7 INFO neutron.plugins.ml2.plugin [None req-1457a85e-72aa-4123-8a65-278f0e130567 - - - - - -] Attempt 1 to provision port b8cdb8cc-a64b-49dd-859c-290edcd3b059
2026-06-29 07:05:21.423 8 INFO neutron.db.ovn_revision_numbers_db [None req-f0d71dd2-66a3-400b-8db6-0764f5b35aba 4f39a82b2fbd4454a5dca7397f8a9d56 0da01b13dd3a4758a7366b4bf6b86069 - - default default] Successfully bumped revision number for resource b8cdb8cc-a64b-49dd-859c-290edcd3b059 (type: router_ports) to 1
2026-06-29 07:05:21.484 8 INFO neutron.db.ovn_revision_numbers_db [None req-f0d71dd2-66a3-400b-8db6-0764f5b35aba 4f39a82b2fbd4454a5dca7397f8a9d56 0da01b13dd3a4758a7366b4bf6b86069 - - default default] Successfully bumped revision number for resource 82d4069d-ce5d-4c45-9e44-759bc94bc37a (type: routers) to 2 [pid: 8|app: 0|req: 1477/2981] 10.0.0.221 () {34 vars in 669 bytes} [Mon Jun 29 07:05:20 2026] POST /v2.0/routers => generated 937 bytes in 1389 msecs (HTTP/1.1 201) 4 headers in 162 bytes (1 switches on core 0)
2026-06-29 07:05:21.645 7 INFO neutron.api.v2.resource [None req-d6a7b0f7-faa6-4f62-b868-baf8528535ea 77cde48abdef49d6bdcc00921d17a7c7 1e1ca8eea1e14a1890fca0a7b4ca20f8 - - default default] create failed (client error): The server could not comply with the request since it is either malformed or otherwise incorrect. [pid: 7|app: 0|req: 1505/2982] 10.0.0.221 () {34 vars in 685 bytes} [Mon Jun 29 07:05:21 2026] POST /v2.0/vpn/vpnservices => generated 194 bytes in 140 msecs (HTTP/1.1 400) 4 headers in 166 bytes (1 switches on core 0)
2026-06-29 07:05:21.793 8 INFO neutron_taas.services.taas.taas_plugin [None req-ac11fd61-8e74-435e-b996-dd0a804dc963 77cde48abdef49d6bdcc00921d17a7c7 1e1ca8eea1e14a1890fca0a7b4ca20f8 - - default default] TaaS: Handle Delete Port: 4b56d64a-7f91-4938-aa85-cde867ea4aca
2026-06-29 07:05:21.796 8 INFO neutron_taas.services.taas.tap_mirror_plugin [None req-ac11fd61-8e74-435e-b996-dd0a804dc963 77cde48abdef49d6bdcc00921d17a7c7 1e1ca8eea1e14a1890fca0a7b4ca20f8 - - default default] Tap Mirror: Handle Delete Port: 4b56d64a-7f91-4938-aa85-cde867ea4aca
2026-06-29 07:05:22.100 8 INFO neutron.services.segments.plugin [-] Segment 38ff9874-a756-484a-ad81-31dc0e21e870 resource provider aggregate not found
2026-06-29 07:05:22.104 8 INFO neutron.services.segments.plugin [-] Segment 38ff9874-a756-484a-ad81-31dc0e21e870 resource provider aggregate not found
2026-06-29 07:05:22.122 8 INFO neutron.services.segments.plugin [-] Segment 38ff9874-a756-484a-ad81-31dc0e21e870 resource provider not found; error: Placement Client Error (4xx): {"errors": [{"status": 404, "title": "Not Found", "detail": "The resource could not be found.\n\n No resource provider with uuid 38ff9874-a756-484a-ad81-31dc0e21e870 found for delete ", "request_id": "req-f5d74304-8f3a-47d2-8eb5-ccf80641c58b"}]}
2026-06-29 07:05:22.127 8 INFO neutron.services.segments.plugin [-] Segment 38ff9874-a756-484a-ad81-31dc0e21e870 resource provider not found; error: Placement Client Error (4xx): {"errors": [{"status": 404, "title": "Not Found", "detail": "The resource could not be found.\n\n No resource provider with uuid 38ff9874-a756-484a-ad81-31dc0e21e870 found for delete ", "request_id": "req-707a7e1c-d462-46ac-a981-aec9a2da3282"}]} [pid: 8|app: 0|req: 1478/2983] 10.0.0.221 () {32 vars in 726 bytes} [Mon Jun 29 07:05:21 2026] DELETE /v2.0/networks/b76af0d7-1ed0-402e-9e86-e3133d474eb2 => generated 0 bytes in 500 msecs (HTTP/1.1 204) 3 headers in 131 bytes (1 switches on core 0)
2026-06-29 07:05:22.492 7 INFO neutron_taas.services.taas.taas_plugin [None req-f7e7b787-762a-4fac-b61b-5a11c56b5d94 77cde48abdef49d6bdcc00921d17a7c7 1e1ca8eea1e14a1890fca0a7b4ca20f8 - - default default] TaaS: Handle Delete Port: b8cdb8cc-a64b-49dd-859c-290edcd3b059
2026-06-29 07:05:22.495 7 INFO neutron_taas.services.taas.tap_mirror_plugin [None req-f7e7b787-762a-4fac-b61b-5a11c56b5d94 77cde48abdef49d6bdcc00921d17a7c7 1e1ca8eea1e14a1890fca0a7b4ca20f8 - - default default] Tap Mirror: Handle Delete Port: b8cdb8cc-a64b-49dd-859c-290edcd3b059 [pid: 7|app: 0|req: 1506/2984] 10.0.0.221 () {32 vars in 724 bytes} [Mon Jun 29 07:05:22 2026] DELETE /v2.0/routers/82d4069d-ce5d-4c45-9e44-759bc94bc37a => generated 0 bytes in 750 msecs (HTTP/1.1 204) 2 headers in 112 bytes (1 switches on core 0)
2026-06-29 07:05:22.920 8 WARNING neutron.api.v2.base [None req-72421d32-d21c-46b7-adb7-c90a30452c79 4f39a82b2fbd4454a5dca7397f8a9d56 0da01b13dd3a4758a7366b4bf6b86069 - - default default] An exception happened while processing the request body. The exception message is [Invalid input for description. Reason: 'yyyyyyyyyyyyyyyyyyyyyyyyyyyyyyyyyyyyyyyyyyyyyyyyyyyyyyyyyyyyyyyyyyyyyyyyyyyyyyyyyyyyyyyyyyyyyyyyyyyyyyyyyyyyyyyyyyyyyyyyyyyyyyyyyyyyyyyyyyyyyyyyyyyyyyyyyyyyyyyyyyyyyyyyyyyyyyyyyyyyyyyyyyyyyyyyyyyyyyyyyyyyyyyyyyyyyyyyyyyyyyyyyyyyyyyyyyyyyyyyyyyyyyyyyyyyyyyy' exceeds maximum length of 255.].: webob.exc.HTTPBadRequest: Invalid input for description. Reason: 'yyyyyyyyyyyyyyyyyyyyyyyyyyyyyyyyyyyyyyyyyyyyyyyyyyyyyyyyyyyyyyyyyyyyyyyyyyyyyyyyyyyyyyyyyyyyyyyyyyyyyyyyyyyyyyyyyyyyyyyyyyyyyyyyyyyyyyyyyyyyyyyyyyyyyyyyyyyyyyyyyyyyyyyyyyyyyyyyyyyyyyyyyyyyyyyyyyyyyyyyyyyyyyyyyyyyyyyyyyyyyyyyyyyyyyyyyyyyyyyyyyyyyyyyyyyyyyyy' exceeds maximum length of 255.
2026-06-29 07:05:22.920 8 INFO neutron.api.v2.resource [None req-72421d32-d21c-46b7-adb7-c90a30452c79 4f39a82b2fbd4454a5dca7397f8a9d56 0da01b13dd3a4758a7366b4bf6b86069 - - default default] create failed (client error): Invalid input for description. Reason: 'yyyyyyyyyyyyyyyyyyyyyyyyyyyyyyyyyyyyyyyyyyyyyyyyyyyyyyyyyyyyyyyyyyyyyyyyyyyyyyyyyyyyyyyyyyyyyyyyyyyyyyyyyyyyyyyyyyyyyyyyyyyyyyyyyyyyyyyyyyyyyyyyyyyyyyyyyyyyyyyyyyyyyyyyyyyyyyyyyyyyyyyyyyyyyyyyyyyyyyyyyyyyyyyyyyyyyyyyyyyyyyyyyyyyyyyyyyyyyyyyyyyyyyyyyyyyyyyy' exceeds maximum length of 255. [pid: 8|app: 0|req: 1479/2985] 10.0.0.221 () {34 vars in 685 bytes} [Mon Jun 29 07:05:22 2026] POST /v2.0/vpn/vpnservices => generated 401 bytes in 10 msecs (HTTP/1.1 400) 4 headers in 166 bytes (1 switches on core 0)
2026-06-29 07:05:22.934 7 WARNING neutron.api.v2.base [None req-07578930-53c0-4eb5-8bc9-935301125a52 4f39a82b2fbd4454a5dca7397f8a9d56 0da01b13dd3a4758a7366b4bf6b86069 - - default default] An exception happened while processing the request body. The exception message is [Invalid input for name. Reason: 'xxxxxxxxxxxxxxxxxxxxxxxxxxxxxxxxxxxxxxxxxxxxxxxxxxxxxxxxxxxxxxxxxxxxxxxxxxxxxxxxxxxxxxxxxxxxxxxxxxxxxxxxxxxxxxxxxxxxxxxxxxxxxxxxxxxxxxxxxxxxxxxxxxxxxxxxxxxxxxxxxxxxxxxxxxxxxxxxxxxxxxxxxxxxxxxxxxxxxxxxxxxxxxxxxxxxxxxxxxxxxxxxxxxxxxxxxxxxxxxxxxxxxxxxxxxxxxxx' exceeds maximum length of 255.].: webob.exc.HTTPBadRequest: Invalid input for name. Reason: 'xxxxxxxxxxxxxxxxxxxxxxxxxxxxxxxxxxxxxxxxxxxxxxxxxxxxxxxxxxxxxxxxxxxxxxxxxxxxxxxxxxxxxxxxxxxxxxxxxxxxxxxxxxxxxxxxxxxxxxxxxxxxxxxxxxxxxxxxxxxxxxxxxxxxxxxxxxxxxxxxxxxxxxxxxxxxxxxxxxxxxxxxxxxxxxxxxxxxxxxxxxxxxxxxxxxxxxxxxxxxxxxxxxxxxxxxxxxxxxxxxxxxxxxxxxxxxxxx' exceeds maximum length of 255.
2026-06-29 07:05:22.935 7 INFO neutron.api.v2.resource [None req-07578930-53c0-4eb5-8bc9-935301125a52 4f39a82b2fbd4454a5dca7397f8a9d56 0da01b13dd3a4758a7366b4bf6b86069 - - default default] create failed (client error): Invalid input for name. Reason: 'xxxxxxxxxxxxxxxxxxxxxxxxxxxxxxxxxxxxxxxxxxxxxxxxxxxxxxxxxxxxxxxxxxxxxxxxxxxxxxxxxxxxxxxxxxxxxxxxxxxxxxxxxxxxxxxxxxxxxxxxxxxxxxxxxxxxxxxxxxxxxxxxxxxxxxxxxxxxxxxxxxxxxxxxxxxxxxxxxxxxxxxxxxxxxxxxxxxxxxxxxxxxxxxxxxxxxxxxxxxxxxxxxxxxxxxxxxxxxxxxxxxxxxxxxxxxxxxx' exceeds maximum length of 255. [pid: 7|app: 0|req: 1507/2986] 10.0.0.221 () {34 vars in 685 bytes} [Mon Jun 29 07:05:22 2026] POST /v2.0/vpn/vpnservices => generated 394 bytes in 8 msecs (HTTP/1.1 400) 4 headers in 166 bytes (1 switches on core 0)
2026-06-29 07:05:22.971 8 INFO neutron.api.v2.resource [None req-cdf4c147-2b10-43e8-8320-ec18ee464715 4f39a82b2fbd4454a5dca7397f8a9d56 0da01b13dd3a4758a7366b4bf6b86069 - - default default] create failed (client error): The server could not comply with the request since it is either malformed or otherwise incorrect. [pid: 8|app: 0|req: 1480/2987] 10.0.0.221 () {34 vars in 693 bytes} [Mon Jun 29 07:05:22 2026] POST /v2.0/vpn/endpoint-groups => generated 183 bytes in 31 msecs (HTTP/1.1 400) 4 headers in 166 bytes (1 switches on core 0)
2026-06-29 07:05:23.016 7 INFO neutron.api.v2.resource [None req-f46fe115-e39a-4e56-a585-0a3395a4620f 4f39a82b2fbd4454a5dca7397f8a9d56 0da01b13dd3a4758a7366b4bf6b86069 - - default default] create failed (client error): The server could not comply with the request since it is either malformed or otherwise incorrect. [pid: 7|app: 0|req: 1508/2988] 10.0.0.221 () {34 vars in 693 bytes} [Mon Jun 29 07:05:22 2026] POST /v2.0/vpn/endpoint-groups => generated 160 bytes in 38 msecs (HTTP/1.1 400) 4 headers in 166 bytes (1 switches on core 0)
2026-06-29 07:05:23.058 8 INFO neutron.api.v2.resource [None req-a50b26d7-0d01-4896-91b8-e7589923977d 4f39a82b2fbd4454a5dca7397f8a9d56 0da01b13dd3a4758a7366b4bf6b86069 - - default default] create failed (client error): The server could not comply with the request since it is either malformed or otherwise incorrect. [pid: 8|app: 0|req: 1481/2989] 10.0.0.221 () {34 vars in 693 bytes} [Mon Jun 29 07:05:23 2026] POST /v2.0/vpn/endpoint-groups => generated 154 bytes in 36 msecs (HTTP/1.1 400) 4 headers in 166 bytes (1 switches on core 0) [pid: 7|app: 0|req: 1509/2990] 10.0.0.221 () {32 vars in 663 bytes} [Mon Jun 29 07:05:23 2026] GET /v2.0/vpn/ikepolicies => generated 408 bytes in 12 msecs (HTTP/1.1 200) 4 headers in 157 bytes (1 switches on core 0) [pid: 8|app: 0|req: 1482/2991] 10.0.0.221 () {32 vars in 667 bytes} [Mon Jun 29 07:05:23 2026] GET /v2.0/vpn/ipsecpolicies => generated 416 bytes in 10 msecs (HTTP/1.1 200) 4 headers in 157 bytes (1 switches on core 0) [pid: 7|app: 0|req: 1510/2992] 10.0.0.221 () {32 vars in 685 bytes} [Mon Jun 29 07:05:23 2026] GET /v2.0/vpn/ipsec-site-connections => generated 796 bytes in 14 msecs (HTTP/1.1 200) 4 headers in 157 bytes (1 switches on core 0) [pid: 8|app: 0|req: 1483/2993] 10.0.0.221 () {32 vars in 663 bytes} [Mon Jun 29 07:05:23 2026] GET /v2.0/vpn/vpnservices => generated 862 bytes in 12 msecs (HTTP/1.1 200) 4 headers in 157 bytes (1 switches on core 0) [pid: 7|app: 0|req: 1511/2994] 10.0.0.221 () {32 vars in 745 bytes} [Mon Jun 29 07:05:23 2026] GET /v2.0/vpn/endpoint-groups/c4df7b21-1841-46bb-abdd-74c5fce7a18a => generated 329 bytes in 16 msecs (HTTP/1.1 200) 4 headers in 157 bytes (1 switches on core 0) [pid: 8|app: 0|req: 1484/2995] 10.0.0.221 () {32 vars in 745 bytes} [Mon Jun 29 07:05:23 2026] GET /v2.0/vpn/endpoint-groups/53b2c346-febb-4263-aaf7-36b7c327a3be => generated 319 bytes in 11 msecs (HTTP/1.1 200) 4 headers in 157 bytes (1 switches on core 0) [pid: 7|app: 0|req: 1512/2996] 10.0.0.221 () {32 vars in 737 bytes} [Mon Jun 29 07:05:23 2026] GET /v2.0/vpn/ikepolicies/c53e8836-28b2-404b-a50b-384513fe0f57 => generated 404 bytes in 16 msecs (HTTP/1.1 200) 4 headers in 157 bytes (1 switches on core 0) [pid: 8|app: 0|req: 1485/2997] 10.0.0.221 () {32 vars in 741 bytes} [Mon Jun 29 07:05:23 2026] GET /v2.0/vpn/ipsecpolicies/6bc14bf6-8467-4e42-8cd8-f99fc1d7ad80 => generated 412 bytes in 14 msecs (HTTP/1.1 200) 4 headers in 157 bytes (1 switches on core 0) [pid: 7|app: 0|req: 1513/2998] 10.0.0.221 () {32 vars in 737 bytes} [Mon Jun 29 07:05:23 2026] GET /v2.0/vpn/vpnservices/36b0b9a9-b988-4807-b6ff-3fae70416030 => generated 449 bytes in 9 msecs (HTTP/1.1 200) 4 headers in 157 bytes (1 switches on core 0)
2026-06-29 07:05:23.800 8 INFO neutron.db.ovn_revision_numbers_db [None req-fea3c7e5-984c-4c49-a22e-592d0a4860e8 4f39a82b2fbd4454a5dca7397f8a9d56 0da01b13dd3a4758a7366b4bf6b86069 - - default default] Successfully bumped revision number for resource 812c2441-d1c0-482f-b4c7-9fbd24c3de3f (type: routers) to 10 [pid: 8|app: 0|req: 1486/3001] 10.0.0.221 () {32 vars in 762 bytes} [Mon Jun 29 07:05:23 2026] DELETE /v2.0/vpn/ipsec-site-connections/911f24f7-9b07-42ef-94e8-2b08d7d3fec8 => generated 0 bytes in 584 msecs (HTTP/1.1 204) 2 headers in 112 bytes (1 switches on core 0) [pid: 7|app: 0|req: 1516/3002] 10.0.0.221 () {32 vars in 748 bytes} [Mon Jun 29 07:05:23 2026] DELETE /v2.0/vpn/endpoint-groups/c4df7b21-1841-46bb-abdd-74c5fce7a18a => generated 0 bytes in 33 msecs (HTTP/1.1 204) 2 headers in 112 bytes (1 switches on core 0) [pid: 8|app: 0|req: 1487/3003] 10.0.0.221 () {32 vars in 748 bytes} [Mon Jun 29 07:05:23 2026] DELETE /v2.0/vpn/endpoint-groups/53b2c346-febb-4263-aaf7-36b7c327a3be => generated 0 bytes in 26 msecs (HTTP/1.1 204) 2 headers in 112 bytes (1 switches on core 0) [pid: 7|app: 0|req: 1517/3004] 10.0.0.221 () {32 vars in 744 bytes} [Mon Jun 29 07:05:23 2026] DELETE /v2.0/vpn/ipsecpolicies/6bc14bf6-8467-4e42-8cd8-f99fc1d7ad80 => generated 0 bytes in 31 msecs (HTTP/1.1 204) 2 headers in 112 bytes (1 switches on core 0) [pid: 8|app: 0|req: 1488/3005] 10.0.0.221 () {32 vars in 740 bytes} [Mon Jun 29 07:05:23 2026] DELETE /v2.0/vpn/ikepolicies/c53e8836-28b2-404b-a50b-384513fe0f57 => generated 0 bytes in 25 msecs (HTTP/1.1 204) 2 headers in 112 bytes (1 switches on core 0) [pid: 7|app: 0|req: 1518/3006] 10.0.0.221 () {32 vars in 740 bytes} [Mon Jun 29 07:05:23 2026] DELETE /v2.0/vpn/vpnservices/36b0b9a9-b988-4807-b6ff-3fae70416030 => generated 0 bytes in 52 msecs (HTTP/1.1 204) 2 headers in 112 bytes (1 switches on core 0)
2026-06-29 07:05:24.315 8 INFO neutron_taas.services.taas.taas_plugin [None req-6d62a43f-03ae-4a03-8478-2b9aee19b2bc 4f39a82b2fbd4454a5dca7397f8a9d56 0da01b13dd3a4758a7366b4bf6b86069 - - default default] TaaS: Handle Delete Port: a47dca41-8338-428c-b833-7bf4581d4459
2026-06-29 07:05:24.319 8 INFO neutron_taas.services.taas.tap_mirror_plugin [None req-6d62a43f-03ae-4a03-8478-2b9aee19b2bc 4f39a82b2fbd4454a5dca7397f8a9d56 0da01b13dd3a4758a7366b4bf6b86069 - - default default] Tap Mirror: Handle Delete Port: a47dca41-8338-428c-b833-7bf4581d4459
2026-06-29 07:05:24.669 8 INFO neutron_taas.services.taas.taas_plugin [None req-99bc04ab-29cb-4c3a-ba52-6f86fcc6a823 - - - - - -] TaaS: Handle Delete Port: 8e740986-3e5f-412d-b7da-270a731e325e
2026-06-29 07:05:24.672 8 INFO neutron_taas.services.taas.tap_mirror_plugin [None req-99bc04ab-29cb-4c3a-ba52-6f86fcc6a823 - - - - - -] Tap Mirror: Handle Delete Port: 8e740986-3e5f-412d-b7da-270a731e325e
2026-06-29 07:05:25.109 8 INFO neutron_taas.services.taas.taas_plugin [None req-5b7fac74-bb08-4bab-b66b-834ae04d4532 - - - - - -] TaaS: Handle Delete Port: 76122fb1-b13c-45be-9a16-00b34bcb7b01
2026-06-29 07:05:25.112 8 INFO neutron_taas.services.taas.tap_mirror_plugin [None req-5b7fac74-bb08-4bab-b66b-834ae04d4532 - - - - - -] Tap Mirror: Handle Delete Port: 76122fb1-b13c-45be-9a16-00b34bcb7b01
2026-06-29 07:05:26.013 8 INFO neutron_taas.services.taas.taas_plugin [None req-5b7fac74-bb08-4bab-b66b-834ae04d4532 - - - - - -] TaaS: Handle Delete Port: a9f40512-2914-4ec5-abef-5d5db886e978
2026-06-29 07:05:26.017 8 INFO neutron_taas.services.taas.tap_mirror_plugin [None req-5b7fac74-bb08-4bab-b66b-834ae04d4532 - - - - - -] Tap Mirror: Handle Delete Port: a9f40512-2914-4ec5-abef-5d5db886e978
2026-06-29 07:05:26.233 8 INFO neutron.services.segments.plugin [-] Segment f883bf52-2277-458b-aec8-63c91d39764b resource provider aggregate not found
2026-06-29 07:05:26.238 8 INFO neutron.services.segments.plugin [-] Segment f883bf52-2277-458b-aec8-63c91d39764b resource provider aggregate not found
2026-06-29 07:05:26.253 8 INFO neutron.services.segments.plugin [-] Segment f883bf52-2277-458b-aec8-63c91d39764b resource provider not found; error: Placement Client Error (4xx): {"errors": [{"status": 404, "title": "Not Found", "detail": "The resource could not be found.\n\n No resource provider with uuid f883bf52-2277-458b-aec8-63c91d39764b found for delete ", "request_id": "req-653aa011-5f82-49da-bab0-b039fe507ef0"}]}
2026-06-29 07:05:26.260 8 INFO neutron.services.segments.plugin [-] Segment f883bf52-2277-458b-aec8-63c91d39764b resource provider not found; error: Placement Client Error (4xx): {"errors": [{"status": 404, "title": "Not Found", "detail": "The resource could not be found.\n\n No resource provider with uuid f883bf52-2277-458b-aec8-63c91d39764b found for delete ", "request_id": "req-840921dd-ad0a-4fa3-bed9-6ee8aea11a6f"}]} [pid: 8|app: 0|req: 1489/3007] 10.0.0.221 () {32 vars in 740 bytes} [Mon Jun 29 07:05:24 2026] DELETE /v2.0/vpn/vpnservices/21b7d66f-e296-4569-a36d-8adb2a9bc24c => generated 0 bytes in 2300 msecs (HTTP/1.1 204) 2 headers in 112 bytes (1 switches on core 0)
2026-06-29 07:05:26.396 7 WARNING neutron.plugins.ml2.drivers.ovn.mech_driver.ovsdb.ovn_client [None req-1457a85e-72aa-4123-8a65-278f0e130567 - - - - - -] No port found with ID b8cdb8cc-a64b-49dd-859c-290edcd3b059: RuntimeError: No port found with ID b8cdb8cc-a64b-49dd-859c-290edcd3b059 [pid: 7|app: 0|req: 1519/3008] 10.0.0.221 () {32 vars in 721 bytes} [Mon Jun 29 07:05:26 2026] GET /v2.0/routers/812c2441-d1c0-482f-b4c7-9fbd24c3de3f => generated 942 bytes in 81 msecs (HTTP/1.1 200) 4 headers in 157 bytes (1 switches on core 0) /var/lib/openstack/lib/python3.12/site-packages/pycadf/identifier.py:70: UserWarning: Invalid uuid: neutron. To ensure interoperability, identifiers should be a valid uuid. warnings.warn(('Invalid uuid: %s. To ensure interoperability, '
