2026-06-29 07:04:29.657 8 INFO neutron.api.v2.resource [None req-b25969da-664e-4a33-ba7d-29c21bd59a19 49b452d4b50e44acbdacdea9c4b6c70c e841ac370901479f9f4b76b937bcbd2f - - default default] delete failed (client error): The resource could not be found. [pid: 8|app: 0|req: 1392/2766] 10.0.0.221 () {32 vars in 744 bytes} [Mon Jun 29 07:04:29 2026] DELETE /v2.0/trunks/172ce4c5-abf8-4de6-91eb-2ad4851ebf1c/tags/green => generated 99 bytes in 47 msecs (HTTP/1.1 404) 4 headers in 163 bytes (1 switches on core 0) [pid: 7|app: 0|req: 1375/2767] 10.0.0.221 () {32 vars in 732 bytes} [Mon Jun 29 07:04:29 2026] DELETE /v2.0/trunks/172ce4c5-abf8-4de6-91eb-2ad4851ebf1c/tags => generated 0 bytes in 35 msecs (HTTP/1.1 204) 2 headers in 112 bytes (1 switches on core 0) [pid: 8|app: 0|req: 1393/2768] 10.0.0.221 () {32 vars in 729 bytes} [Mon Jun 29 07:04:29 2026] GET /v2.0/trunks/172ce4c5-abf8-4de6-91eb-2ad4851ebf1c/tags => generated 12 bytes in 24 msecs (HTTP/1.1 200) 4 headers in 156 bytes (1 switches on core 0) [pid: 7|app: 0|req: 1376/2769] 10.0.0.221 () {32 vars in 719 bytes} [Mon Jun 29 07:04:29 2026] GET /v2.0/trunks/172ce4c5-abf8-4de6-91eb-2ad4851ebf1c => generated 409 bytes in 15 msecs (HTTP/1.1 200) 4 headers in 157 bytes (1 switches on core 0) [pid: 8|app: 0|req: 1394/2770] 10.0.0.221 () {32 vars in 717 bytes} [Mon Jun 29 07:04:29 2026] GET /v2.0/ports/94c7c573-04c1-49eb-99d7-396b9fe76dfc => generated 826 bytes in 69 msecs (HTTP/1.1 200) 4 headers in 157 bytes (1 switches on core 0) [pid: 7|app: 0|req: 1377/2771] 10.0.0.221 () {32 vars in 722 bytes} [Mon Jun 29 07:04:29 2026] DELETE /v2.0/trunks/172ce4c5-abf8-4de6-91eb-2ad4851ebf1c => generated 0 bytes in 81 msecs (HTTP/1.1 204) 2 headers in 112 bytes (1 switches on core 0)
2026-06-29 07:04:30.037 8 INFO neutron_taas.services.taas.taas_plugin [None req-51ebd17b-983c-4fbc-8bd2-cdce76358eb8 49b452d4b50e44acbdacdea9c4b6c70c e841ac370901479f9f4b76b937bcbd2f - - default default] TaaS: Handle Delete Port: 94c7c573-04c1-49eb-99d7-396b9fe76dfc
2026-06-29 07:04:30.041 8 INFO neutron_taas.services.taas.tap_mirror_plugin [None req-51ebd17b-983c-4fbc-8bd2-cdce76358eb8 49b452d4b50e44acbdacdea9c4b6c70c e841ac370901479f9f4b76b937bcbd2f - - default default] Tap Mirror: Handle Delete Port: 94c7c573-04c1-49eb-99d7-396b9fe76dfc [pid: 8|app: 0|req: 1395/2772] 10.0.0.221 () {32 vars in 720 bytes} [Mon Jun 29 07:04:29 2026] DELETE /v2.0/ports/94c7c573-04c1-49eb-99d7-396b9fe76dfc => generated 0 bytes in 240 msecs (HTTP/1.1 204) 3 headers in 131 bytes (1 switches on core 0)
2026-06-29 07:04:30.272 7 INFO neutron_taas.services.taas.taas_plugin [None req-10b106a0-e449-4476-9f1e-ee0983774461 49b452d4b50e44acbdacdea9c4b6c70c e841ac370901479f9f4b76b937bcbd2f - - default default] TaaS: Handle Delete Port: ceff3b45-9481-48b7-917c-56fc24eea24f
2026-06-29 07:04:30.275 7 INFO neutron_taas.services.taas.tap_mirror_plugin [None req-10b106a0-e449-4476-9f1e-ee0983774461 49b452d4b50e44acbdacdea9c4b6c70c e841ac370901479f9f4b76b937bcbd2f - - default default] Tap Mirror: Handle Delete Port: ceff3b45-9481-48b7-917c-56fc24eea24f [pid: 7|app: 0|req: 1378/2773] 10.0.0.221 () {32 vars in 726 bytes} [Mon Jun 29 07:04:30 2026] DELETE /v2.0/networks/6daa2ebf-2c61-4070-a2d4-462de8fe9ec3 => generated 0 bytes in 342 msecs (HTTP/1.1 204) 3 headers in 131 bytes (1 switches on core 0)
2026-06-29 07:04:30.561 7 INFO neutron.services.segments.plugin [-] Segment b2fdf6ae-4777-4109-ab0f-a0c9c71c3206 resource provider aggregate not found
2026-06-29 07:04:30.570 7 INFO neutron.services.segments.plugin [-] Segment b2fdf6ae-4777-4109-ab0f-a0c9c71c3206 resource provider aggregate not found
2026-06-29 07:04:30.589 7 INFO neutron.services.segments.plugin [-] Segment b2fdf6ae-4777-4109-ab0f-a0c9c71c3206 resource provider not found; error: Placement Client Error (4xx): {"errors": [{"status": 404, "title": "Not Found", "detail": "The resource could not be found.\n\n No resource provider with uuid b2fdf6ae-4777-4109-ab0f-a0c9c71c3206 found for delete ", "request_id": "req-e727f185-17ac-4fc9-94a9-6400972a0456"}]}
2026-06-29 07:04:30.590 7 INFO neutron.services.segments.plugin [-] Segment b2fdf6ae-4777-4109-ab0f-a0c9c71c3206 resource provider not found; error: Placement Client Error (4xx): {"errors": [{"status": 404, "title": "Not Found", "detail": "The resource could not be found.\n\n No resource provider with uuid b2fdf6ae-4777-4109-ab0f-a0c9c71c3206 found for delete ", "request_id": "req-7403d2fc-f39d-4864-865c-3a45f0a27323"}]}
2026-06-29 07:04:31.478 8 INFO neutron.db.ovn_revision_numbers_db [None req-ef569f56-3035-4b64-bba1-8d0b116f2acd 3d6db04adc5b4ec4a5bb3ffc8a0bbcf3 01c1c09f3e3841b6b3c5eedbe9408611 - - default default] Successfully bumped revision number for resource fa3b8bae-39c8-430b-9177-67b9120ea43a (type: security_groups) to 1
2026-06-29 07:04:31.489 8 INFO neutron.db.ovn_revision_numbers_db [None req-ef569f56-3035-4b64-bba1-8d0b116f2acd 3d6db04adc5b4ec4a5bb3ffc8a0bbcf3 01c1c09f3e3841b6b3c5eedbe9408611 - - default default] Successfully bumped revision number for resource 62d85264-048d-4c37-8aca-bcb7084aaa7d (type: security_group_rules) to 0
2026-06-29 07:04:31.499 8 INFO neutron.db.ovn_revision_numbers_db [None req-ef569f56-3035-4b64-bba1-8d0b116f2acd 3d6db04adc5b4ec4a5bb3ffc8a0bbcf3 01c1c09f3e3841b6b3c5eedbe9408611 - - default default] Successfully bumped revision number for resource 790658dc-13a6-4334-ac55-16944b66387c (type: security_group_rules) to 0
2026-06-29 07:04:31.511 8 INFO neutron.db.ovn_revision_numbers_db [None req-ef569f56-3035-4b64-bba1-8d0b116f2acd 3d6db04adc5b4ec4a5bb3ffc8a0bbcf3 01c1c09f3e3841b6b3c5eedbe9408611 - - default default] Successfully bumped revision number for resource 93f8fe88-49e0-48a6-9f47-77932f080040 (type: security_group_rules) to 0
2026-06-29 07:04:31.520 8 INFO neutron.db.ovn_revision_numbers_db [None req-ef569f56-3035-4b64-bba1-8d0b116f2acd 3d6db04adc5b4ec4a5bb3ffc8a0bbcf3 01c1c09f3e3841b6b3c5eedbe9408611 - - default default] Successfully bumped revision number for resource da43da69-b76a-4910-82e0-9edb58c633ba (type: security_group_rules) to 0 [pid: 8|app: 0|req: 1396/2774] 10.0.0.221 () {32 vars in 774 bytes} [Mon Jun 29 07:04:31 2026] GET /v2.0/security-groups?tenant_id=795fb48f92504520869197b9f56096c7&name=default => generated 2929 bytes in 338 msecs (HTTP/1.1 200) 4 headers in 158 bytes (1 switches on core 0) [pid: 7|app: 0|req: 1379/2775] 10.0.0.221 () {32 vars in 740 bytes} [Mon Jun 29 07:04:31 2026] DELETE /v2.0/security-groups/fa3b8bae-39c8-430b-9177-67b9120ea43a => generated 0 bytes in 239 msecs (HTTP/1.1 204) 2 headers in 112 bytes (1 switches on core 0) [pid: 8|app: 0|req: 1397/2776] 10.0.0.221 () {32 vars in 774 bytes} [Mon Jun 29 07:04:31 2026] GET /v2.0/security-groups?tenant_id=e841ac370901479f9f4b76b937bcbd2f&name=default => generated 2929 bytes in 32 msecs (HTTP/1.1 200) 4 headers in 158 bytes (1 switches on core 0) [pid: 7|app: 0|req: 1380/2777] 10.0.0.221 () {32 vars in 740 bytes} [Mon Jun 29 07:04:31 2026] DELETE /v2.0/security-groups/04df47fd-d546-4d6b-8fd0-ef33e04f1673 => generated 0 bytes in 254 msecs (HTTP/1.1 204) 2 headers in 112 bytes (1 switches on core 0)
2026-06-29 07:04:35.561 8 INFO neutron.db.ovn_revision_numbers_db [None req-5155f5e5-39f6-4786-be72-09cdfd38915a 4f39a82b2fbd4454a5dca7397f8a9d56 0da01b13dd3a4758a7366b4bf6b86069 - - default default] Successfully bumped revision number for resource 6cd33709-d4a1-4047-b11b-58bfe583db7f (type: security_groups) to 1
2026-06-29 07:04:35.576 8 INFO neutron.db.ovn_revision_numbers_db [None req-5155f5e5-39f6-4786-be72-09cdfd38915a 4f39a82b2fbd4454a5dca7397f8a9d56 0da01b13dd3a4758a7366b4bf6b86069 - - default default] Successfully bumped revision number for resource 28759397-b634-4656-ac70-e044164db6e9 (type: security_group_rules) to 0
2026-06-29 07:04:35.592 8 INFO neutron.db.ovn_revision_numbers_db [None req-5155f5e5-39f6-4786-be72-09cdfd38915a 4f39a82b2fbd4454a5dca7397f8a9d56 0da01b13dd3a4758a7366b4bf6b86069 - - default default] Successfully bumped revision number for resource 2b3cf31f-2faf-434c-aba6-48a9cf930589 (type: security_group_rules) to 0
2026-06-29 07:04:35.608 8 INFO neutron.db.ovn_revision_numbers_db [None req-5155f5e5-39f6-4786-be72-09cdfd38915a 4f39a82b2fbd4454a5dca7397f8a9d56 0da01b13dd3a4758a7366b4bf6b86069 - - default default] Successfully bumped revision number for resource 59d020e8-f947-4e0b-a348-3fc32745ca6d (type: security_group_rules) to 0
2026-06-29 07:04:35.625 8 INFO neutron.db.ovn_revision_numbers_db [None req-5155f5e5-39f6-4786-be72-09cdfd38915a 4f39a82b2fbd4454a5dca7397f8a9d56 0da01b13dd3a4758a7366b4bf6b86069 - - default default] Successfully bumped revision number for resource 936cddc6-3d99-42ff-8479-5c02b8465b8a (type: security_group_rules) to 0
2026-06-29 07:04:35.724 8 INFO neutron.db.segments_db [None req-5155f5e5-39f6-4786-be72-09cdfd38915a 4f39a82b2fbd4454a5dca7397f8a9d56 0da01b13dd3a4758a7366b4bf6b86069 - - default default] Added segment 874daf6d-3562-41d9-9d0d-2bb5f0b6f9e6 of type geneve for network 8c72f31b-938b-417c-bae2-acd4e4269e43
2026-06-29 07:04:35.834 8 INFO neutron.db.ovn_revision_numbers_db [None req-5155f5e5-39f6-4786-be72-09cdfd38915a 4f39a82b2fbd4454a5dca7397f8a9d56 0da01b13dd3a4758a7366b4bf6b86069 - - default default] Successfully bumped revision number for resource 8c72f31b-938b-417c-bae2-acd4e4269e43 (type: networks) to 1
2026-06-29 07:04:36.016 8 WARNING neutron.scheduler.dhcp_agent_scheduler [None req-5155f5e5-39f6-4786-be72-09cdfd38915a 4f39a82b2fbd4454a5dca7397f8a9d56 0da01b13dd3a4758a7366b4bf6b86069 - - default default] No more DHCP agents
2026-06-29 07:04:36.018 8 WARNING neutron.api.rpc.agentnotifiers.dhcp_rpc_agent_api [None req-5155f5e5-39f6-4786-be72-09cdfd38915a 4f39a82b2fbd4454a5dca7397f8a9d56 0da01b13dd3a4758a7366b4bf6b86069 - - default default] Unable to schedule network 8c72f31b-938b-417c-bae2-acd4e4269e43: no agents available; will retry on subsequent port and subnet creation events.
2026-06-29 07:04:36.074 7 INFO neutron.plugins.ml2.drivers.ovn.mech_driver.mech_driver [None req-9cb63b6e-23d4-48f9-b72b-a01d8703834a - - - - - -] OVN reports status down for port: 7561cfb3-8809-4012-83e2-8b73ef227ce1
2026-06-29 07:04:36.111 8 INFO neutron.db.ovn_revision_numbers_db [None req-5155f5e5-39f6-4786-be72-09cdfd38915a 4f39a82b2fbd4454a5dca7397f8a9d56 0da01b13dd3a4758a7366b4bf6b86069 - - default default] Successfully bumped revision number for resource 7561cfb3-8809-4012-83e2-8b73ef227ce1 (type: ports) to 1 [pid: 8|app: 0|req: 1398/2778] 10.0.0.221 () {34 vars in 670 bytes} [Mon Jun 29 07:04:35 2026] POST /v2.0/networks => generated 646 bytes in 847 msecs (HTTP/1.1 201) 4 headers in 162 bytes (1 switches on core 0)
2026-06-29 07:04:36.351 7 WARNING neutron.scheduler.dhcp_agent_scheduler [None req-42f5cb12-3359-40f2-ab87-c183c003d519 4f39a82b2fbd4454a5dca7397f8a9d56 0da01b13dd3a4758a7366b4bf6b86069 - - default default] No more DHCP agents
2026-06-29 07:04:36.353 7 WARNING neutron.api.rpc.agentnotifiers.dhcp_rpc_agent_api [None req-42f5cb12-3359-40f2-ab87-c183c003d519 4f39a82b2fbd4454a5dca7397f8a9d56 0da01b13dd3a4758a7366b4bf6b86069 - - default default] Unable to schedule network 8c72f31b-938b-417c-bae2-acd4e4269e43: no agents available; will retry on subsequent port and subnet creation events. [pid: 8|app: 0|req: 1399/2779] 10.0.0.203 () {28 vars in 599 bytes} [Mon Jun 29 07:04:36 2026] GET /v2.0/security-groups => generated 33166 bytes in 94 msecs (HTTP/1.1 200) 4 headers in 159 bytes (1 switches on core 0) [pid: 8|app: 0|req: 1400/2780] 10.0.0.203 () {28 vars in 585 bytes} [Mon Jun 29 07:04:36 2026] GET /v2.0/networks => generated 5547 bytes in 60 msecs (HTTP/1.1 200) 4 headers in 158 bytes (1 switches on core 0) [pid: 8|app: 0|req: 1401/2781] 10.0.0.203 () {28 vars in 583 bytes} [Mon Jun 29 07:04:36 2026] GET /v2.0/routers => generated 966 bytes in 77 msecs (HTTP/1.1 200) 4 headers in 157 bytes (1 switches on core 0)
2026-06-29 07:04:36.871 7 INFO neutron.db.ovn_revision_numbers_db [None req-3c78243e-eef2-43ac-99f6-270251869403 - - - - - -] Successfully bumped revision number for resource 7561cfb3-8809-4012-83e2-8b73ef227ce1 (type: ports) to 2 [pid: 8|app: 0|req: 1402/2782] 10.0.0.203 () {28 vars in 624 bytes} [Mon Jun 29 07:04:36 2026] GET /v2.0/agents?binary=ovn-controller => generated 416 bytes in 21 msecs (HTTP/1.1 200) 4 headers in 157 bytes (1 switches on core 0) [pid: 8|app: 0|req: 1403/2783] 10.0.0.203 () {28 vars in 619 bytes} [Mon Jun 29 07:04:36 2026] GET /v2.0/network-ip-availabilities => generated 3595 bytes in 14 msecs (HTTP/1.1 200) 4 headers in 158 bytes (1 switches on core 0)
2026-06-29 07:04:36.944 7 INFO neutron.db.ovn_revision_numbers_db [None req-3c78243e-eef2-43ac-99f6-270251869403 - - - - - -] Successfully bumped revision number for resource 40a3ffed-2d2c-400a-8bb8-de1b66b8fbe2 (type: subnets) to 0 [pid: 8|app: 0|req: 1404/2784] 10.0.0.203 () {28 vars in 591 bytes} [Mon Jun 29 07:04:36 2026] GET /v2.0/floatingips => generated 1703 bytes in 34 msecs (HTTP/1.1 200) 4 headers in 158 bytes (1 switches on core 0) [pid: 7|app: 0|req: 1381/2785] 10.0.0.221 () {34 vars in 669 bytes} [Mon Jun 29 07:04:36 2026] POST /v2.0/subnets => generated 626 bytes in 815 msecs (HTTP/1.1 201) 4 headers in 162 bytes (1 switches on core 0) [pid: 8|app: 0|req: 1405/2786] 10.0.0.203 () {28 vars in 583 bytes} [Mon Jun 29 07:04:36 2026] GET /v2.0/subnets => generated 6144 bytes in 45 msecs (HTTP/1.1 200) 4 headers in 158 bytes (1 switches on core 0) [pid: 8|app: 0|req: 1406/2787] 10.0.0.203 () {28 vars in 579 bytes} [Mon Jun 29 07:04:37 2026] GET /v2.0/ports => generated 20779 bytes in 97 msecs (HTTP/1.1 200) 4 headers in 159 bytes (1 switches on core 0) [pid: 8|app: 0|req: 1407/2788] 10.0.0.203 () {28 vars in 581 bytes} [Mon Jun 29 07:04:37 2026] GET /v2.0/agents => generated 1214 bytes in 12 msecs (HTTP/1.1 200) 4 headers in 158 bytes (1 switches on core 0) [pid: 8|app: 0|req: 1408/2789] 10.0.0.203 () {28 vars in 583 bytes} [Mon Jun 29 07:04:37 2026] GET /v2.0/subnets => generated 6144 bytes in 47 msecs (HTTP/1.1 200) 4 headers in 158 bytes (1 switches on core 0) [pid: 8|app: 0|req: 1409/2790] 10.0.0.203 () {28 vars in 591 bytes} [Mon Jun 29 07:04:37 2026] GET /v2.0/subnetpools => generated 19 bytes in 10 msecs (HTTP/1.1 200) 4 headers in 156 bytes (1 switches on core 0)
2026-06-29 07:04:37.377 7 WARNING neutron.scheduler.dhcp_agent_scheduler [None req-127b6dd4-dc53-4c1b-952f-8a2e1014472f 4f39a82b2fbd4454a5dca7397f8a9d56 0da01b13dd3a4758a7366b4bf6b86069 - - default default] No more DHCP agents
2026-06-29 07:04:37.378 7 WARNING neutron.api.rpc.agentnotifiers.dhcp_rpc_agent_api [None req-127b6dd4-dc53-4c1b-952f-8a2e1014472f 4f39a82b2fbd4454a5dca7397f8a9d56 0da01b13dd3a4758a7366b4bf6b86069 - - default default] Unable to schedule network 2ec10c2e-1571-40fa-b94a-6697d77cf432: no agents available; will retry on subsequent port and subnet creation events.
2026-06-29 07:04:37.485 8 INFO neutron.plugins.ml2.drivers.ovn.mech_driver.mech_driver [None req-8b31b704-3564-4ab7-818c-e5d7815251d8 - - - - - -] OVN reports status down for port: d7597d99-7969-4a87-be95-8530ed912862
2026-06-29 07:04:37.519 7 INFO neutron.db.ovn_revision_numbers_db [None req-127b6dd4-dc53-4c1b-952f-8a2e1014472f 4f39a82b2fbd4454a5dca7397f8a9d56 0da01b13dd3a4758a7366b4bf6b86069 - - default default] Successfully bumped revision number for resource d7597d99-7969-4a87-be95-8530ed912862 (type: ports) to 1
2026-06-29 07:04:38.175 7 INFO neutron.plugins.ml2.drivers.ovn.mech_driver.ovsdb.commands [None req-be5514bf-8fa9-42bd-b0dd-66f1904cb134 - - - - - -] Schedule LRP lrp-d7597d99-7969-4a87-be95-8530ed912862 on gateway 83ee27d2-6ed4-4a10-80bb-2e8c7358caa6 with priority 1
2026-06-29 07:04:38.223 8 INFO neutron.plugins.ml2.drivers.ovn.mech_driver.mech_driver [None req-8b31b704-3564-4ab7-818c-e5d7815251d8 - - - - - -] OVN reports status up for port: d7597d99-7969-4a87-be95-8530ed912862
2026-06-29 07:04:38.255 8 INFO neutron.plugins.ml2.plugin [None req-8b31b704-3564-4ab7-818c-e5d7815251d8 - - - - - -] Attempt 1 to provision port d7597d99-7969-4a87-be95-8530ed912862
2026-06-29 07:04:38.255 7 INFO neutron.db.ovn_revision_numbers_db [None req-127b6dd4-dc53-4c1b-952f-8a2e1014472f 4f39a82b2fbd4454a5dca7397f8a9d56 0da01b13dd3a4758a7366b4bf6b86069 - - default default] Successfully bumped revision number for resource d7597d99-7969-4a87-be95-8530ed912862 (type: router_ports) to 1
2026-06-29 07:04:38.333 7 INFO neutron.db.ovn_revision_numbers_db [None req-127b6dd4-dc53-4c1b-952f-8a2e1014472f 4f39a82b2fbd4454a5dca7397f8a9d56 0da01b13dd3a4758a7366b4bf6b86069 - - default default] Successfully bumped revision number for resource 812c2441-d1c0-482f-b4c7-9fbd24c3de3f (type: routers) to 2 [pid: 7|app: 0|req: 1382/2791] 10.0.0.221 () {34 vars in 669 bytes} [Mon Jun 29 07:04:36 2026] POST /v2.0/routers => generated 935 bytes in 1388 msecs (HTTP/1.1 201) 4 headers in 162 bytes (1 switches on core 0)
2026-06-29 07:04:38.875 8 WARNING neutron.scheduler.dhcp_agent_scheduler [None req-b0291051-7089-4413-abc7-eabb9673e2dd 4f39a82b2fbd4454a5dca7397f8a9d56 0da01b13dd3a4758a7366b4bf6b86069 - - default default] No more DHCP agents
2026-06-29 07:04:38.876 8 WARNING neutron.api.rpc.agentnotifiers.dhcp_rpc_agent_api [None req-b0291051-7089-4413-abc7-eabb9673e2dd 4f39a82b2fbd4454a5dca7397f8a9d56 0da01b13dd3a4758a7366b4bf6b86069 - - default default] Unable to schedule network 8c72f31b-938b-417c-bae2-acd4e4269e43: no agents available; will retry on subsequent port and subnet creation events.
2026-06-29 07:04:38.980 7 INFO neutron.plugins.ml2.drivers.ovn.mech_driver.mech_driver [None req-9cb63b6e-23d4-48f9-b72b-a01d8703834a - - - - - -] OVN reports status down for port: 2ea945f6-40df-4b38-8034-98e9ea7beea4
2026-06-29 07:04:39.019 8 INFO neutron.db.ovn_revision_numbers_db [None req-b0291051-7089-4413-abc7-eabb9673e2dd 4f39a82b2fbd4454a5dca7397f8a9d56 0da01b13dd3a4758a7366b4bf6b86069 - - default default] Successfully bumped revision number for resource 2ea945f6-40df-4b38-8034-98e9ea7beea4 (type: ports) to 1
2026-06-29 07:04:39.613 7 INFO neutron.plugins.ml2.drivers.ovn.mech_driver.mech_driver [None req-9cb63b6e-23d4-48f9-b72b-a01d8703834a - - - - - -] OVN reports status up for port: 2ea945f6-40df-4b38-8034-98e9ea7beea4
2026-06-29 07:04:39.628 7 INFO neutron.plugins.ml2.plugin [None req-9cb63b6e-23d4-48f9-b72b-a01d8703834a - - - - - -] Attempt 1 to provision port 2ea945f6-40df-4b38-8034-98e9ea7beea4
2026-06-29 07:04:39.690 8 WARNING neutron.scheduler.dhcp_agent_scheduler [None req-b0291051-7089-4413-abc7-eabb9673e2dd 4f39a82b2fbd4454a5dca7397f8a9d56 0da01b13dd3a4758a7366b4bf6b86069 - - default default] No more DHCP agents
2026-06-29 07:04:39.691 8 WARNING neutron.api.rpc.agentnotifiers.dhcp_rpc_agent_api [None req-b0291051-7089-4413-abc7-eabb9673e2dd 4f39a82b2fbd4454a5dca7397f8a9d56 0da01b13dd3a4758a7366b4bf6b86069 - - default default] Unable to schedule network 8c72f31b-938b-417c-bae2-acd4e4269e43: no agents available; will retry on subsequent port and subnet creation events.
2026-06-29 07:04:39.962 7 INFO neutron.db.ovn_revision_numbers_db [None req-9cb63b6e-23d4-48f9-b72b-a01d8703834a - - - - - -] Successfully bumped revision number for resource 2ea945f6-40df-4b38-8034-98e9ea7beea4 (type: ports) to 2
2026-06-29 07:04:40.043 8 INFO neutron.db.ovn_revision_numbers_db [None req-b0291051-7089-4413-abc7-eabb9673e2dd 4f39a82b2fbd4454a5dca7397f8a9d56 0da01b13dd3a4758a7366b4bf6b86069 - - default default] Successfully bumped revision number for resource 2ea945f6-40df-4b38-8034-98e9ea7beea4 (type: router_ports) to 1 [pid: 8|app: 0|req: 1411/2794] 10.0.0.221 () {34 vars in 783 bytes} [Mon Jun 29 07:04:38 2026] PUT /v2.0/routers/812c2441-d1c0-482f-b4c7-9fbd24c3de3f/add_router_interface => generated 309 bytes in 1686 msecs (HTTP/1.1 200) 4 headers in 157 bytes (1 switches on core 0)
2026-06-29 07:04:40.782 7 WARNING neutron.scheduler.dhcp_agent_scheduler [None req-e72922f2-d1ec-4c87-89e2-1002471ae36d - - - - - -] No more DHCP agents
2026-06-29 07:04:40.784 7 WARNING neutron.api.rpc.agentnotifiers.dhcp_rpc_agent_api [None req-e72922f2-d1ec-4c87-89e2-1002471ae36d - - - - - -] Unable to schedule network 2ec10c2e-1571-40fa-b94a-6697d77cf432: no agents available; will retry on subsequent port and subnet creation events.
2026-06-29 07:04:40.958 7 INFO neutron.db.ovn_revision_numbers_db [None req-e72922f2-d1ec-4c87-89e2-1002471ae36d - - - - - -] Successfully bumped revision number for resource a47dca41-8338-428c-b833-7bf4581d4459 (type: ports) to 1
2026-06-29 07:04:41.265 7 INFO neutron.db.ovn_revision_numbers_db [None req-e72922f2-d1ec-4c87-89e2-1002471ae36d - - - - - -] Successfully bumped revision number for resource a47dca41-8338-428c-b833-7bf4581d4459 (type: ports) to 3
2026-06-29 07:04:41.344 7 INFO neutron.db.segments_db [None req-e72922f2-d1ec-4c87-89e2-1002471ae36d - - - - - -] Added segment f883bf52-2277-458b-aec8-63c91d39764b of type geneve for network 22286b65-1224-461c-9b63-8118e7f04854
2026-06-29 07:04:41.488 7 INFO neutron.db.ovn_revision_numbers_db [None req-b7945132-56e3-4556-801e-2975b0913e55 - - - - - -] Successfully bumped revision number for resource 22286b65-1224-461c-9b63-8118e7f04854 (type: networks) to 1
2026-06-29 07:04:41.650 7 WARNING neutron.scheduler.dhcp_agent_scheduler [None req-b7945132-56e3-4556-801e-2975b0913e55 - - - - - -] No more DHCP agents
2026-06-29 07:04:41.651 7 WARNING neutron.api.rpc.agentnotifiers.dhcp_rpc_agent_api [None req-b7945132-56e3-4556-801e-2975b0913e55 - - - - - -] Unable to schedule network 22286b65-1224-461c-9b63-8118e7f04854: no agents available; will retry on subsequent port and subnet creation events.
2026-06-29 07:04:41.730 7 INFO neutron.db.ovn_revision_numbers_db [None req-b7945132-56e3-4556-801e-2975b0913e55 - - - - - -] Successfully bumped revision number for resource a9f40512-2914-4ec5-abef-5d5db886e978 (type: ports) to 1
2026-06-29 07:04:41.858 7 WARNING neutron.scheduler.dhcp_agent_scheduler [None req-b7945132-56e3-4556-801e-2975b0913e55 - - - - - -] No more DHCP agents
2026-06-29 07:04:41.859 7 WARNING neutron.api.rpc.agentnotifiers.dhcp_rpc_agent_api [None req-b7945132-56e3-4556-801e-2975b0913e55 - - - - - -] Unable to schedule network 22286b65-1224-461c-9b63-8118e7f04854: no agents available; will retry on subsequent port and subnet creation events.
2026-06-29 07:04:41.885 7 INFO neutron.db.ovn_revision_numbers_db [None req-b7945132-56e3-4556-801e-2975b0913e55 - - - - - -] Successfully bumped revision number for resource 1962a40c-df17-4792-a06b-b80d34dd363d (type: subnets) to 0
2026-06-29 07:04:42.324 7 WARNING neutron.scheduler.dhcp_agent_scheduler [None req-b7945132-56e3-4556-801e-2975b0913e55 - - - - - -] No more DHCP agents
2026-06-29 07:04:42.330 7 WARNING neutron.api.rpc.agentnotifiers.dhcp_rpc_agent_api [None req-b7945132-56e3-4556-801e-2975b0913e55 - - - - - -] Unable to schedule network 22286b65-1224-461c-9b63-8118e7f04854: no agents available; will retry on subsequent port and subnet creation events.
2026-06-29 07:04:42.472 7 INFO neutron.db.ovn_revision_numbers_db [None req-b7945132-56e3-4556-801e-2975b0913e55 - - - - - -] Successfully bumped revision number for resource 76122fb1-b13c-45be-9a16-00b34bcb7b01 (type: ports) to 1
2026-06-29 07:04:43.203 7 WARNING neutron.scheduler.dhcp_agent_scheduler [None req-b7945132-56e3-4556-801e-2975b0913e55 - - - - - -] No more DHCP agents
2026-06-29 07:04:43.205 7 WARNING neutron.api.rpc.agentnotifiers.dhcp_rpc_agent_api [None req-b7945132-56e3-4556-801e-2975b0913e55 - - - - - -] Unable to schedule network 22286b65-1224-461c-9b63-8118e7f04854: no agents available; will retry on subsequent port and subnet creation events.
2026-06-29 07:04:43.380 8 WARNING neutron.plugins.ml2.drivers.ovn.mech_driver.ovsdb.ovn_client [None req-8b31b704-3564-4ab7-818c-e5d7815251d8 - - - - - -] No hosting information found for port d7597d99-7969-4a87-be95-8530ed912862: RuntimeError: No hosting information found for port d7597d99-7969-4a87-be95-8530ed912862
2026-06-29 07:04:43.381 8 INFO neutron.plugins.ml2.drivers.ovn.mech_driver.mech_driver [None req-8b31b704-3564-4ab7-818c-e5d7815251d8 - - - - - -] OVN reports status down for port: a47dca41-8338-428c-b833-7bf4581d4459
2026-06-29 07:04:43.435 8 INFO neutron.plugins.ml2.drivers.ovn.mech_driver.mech_driver [None req-8b31b704-3564-4ab7-818c-e5d7815251d8 - - - - - -] OVN reports status down for port: a9f40512-2914-4ec5-abef-5d5db886e978
2026-06-29 07:04:43.745 7 INFO neutron.db.ovn_revision_numbers_db [None req-b7945132-56e3-4556-801e-2975b0913e55 - - - - - -] Successfully bumped revision number for resource 76122fb1-b13c-45be-9a16-00b34bcb7b01 (type: router_ports) to 1
2026-06-29 07:04:43.958 7 WARNING neutron.scheduler.dhcp_agent_scheduler [None req-b7945132-56e3-4556-801e-2975b0913e55 - - - - - -] No more DHCP agents
2026-06-29 07:04:43.959 7 WARNING neutron.api.rpc.agentnotifiers.dhcp_rpc_agent_api [None req-b7945132-56e3-4556-801e-2975b0913e55 - - - - - -] Unable to schedule network 22286b65-1224-461c-9b63-8118e7f04854: no agents available; will retry on subsequent port and subnet creation events.
2026-06-29 07:04:44.079 8 INFO neutron.plugins.ml2.drivers.ovn.mech_driver.mech_driver [None req-8b31b704-3564-4ab7-818c-e5d7815251d8 - - - - - -] OVN reports status down for port: 8e740986-3e5f-412d-b7da-270a731e325e
2026-06-29 07:04:44.655 7 INFO neutron.db.ovn_revision_numbers_db [None req-b7945132-56e3-4556-801e-2975b0913e55 - - - - - -] Successfully bumped revision number for resource 8e740986-3e5f-412d-b7da-270a731e325e (type: ports) to 1
2026-06-29 07:04:44.910 7 INFO neutron.db.ovn_revision_numbers_db [None req-b7945132-56e3-4556-801e-2975b0913e55 - - - - - -] Successfully bumped revision number for resource 8e740986-3e5f-412d-b7da-270a731e325e (type: ports) to 3 [pid: 7|app: 0|req: 1384/2795] 10.0.0.221 () {34 vars in 685 bytes} [Mon Jun 29 07:04:40 2026] POST /v2.0/vpn/vpnservices => generated 457 bytes in 5119 msecs (HTTP/1.1 201) 4 headers in 162 bytes (1 switches on core 0) [pid: 8|app: 0|req: 1412/2796] 10.0.0.221 () {34 vars in 685 bytes} [Mon Jun 29 07:04:45 2026] POST /v2.0/vpn/vpnservices => generated 424 bytes in 480 msecs (HTTP/1.1 201) 4 headers in 162 bytes (1 switches on core 0) [pid: 7|app: 0|req: 1385/2797] 10.0.0.221 () {34 vars in 684 bytes} [Mon Jun 29 07:04:45 2026] POST /v2.0/vpn/ikepolicies => generated 404 bytes in 49 msecs (HTTP/1.1 201) 4 headers in 162 bytes (1 switches on core 0)
2026-06-29 07:04:45.742 7 WARNING neutron.plugins.ml2.drivers.ovn.mech_driver.ovsdb.ovn_client [None req-72b2c029-2830-4453-8f32-78b257bdf48f - - - - - -] No hosting information found for port 2ea945f6-40df-4b38-8034-98e9ea7beea4: RuntimeError: No hosting information found for port 2ea945f6-40df-4b38-8034-98e9ea7beea4 [pid: 8|app: 0|req: 1413/2798] 10.0.0.221 () {34 vars in 688 bytes} [Mon Jun 29 07:04:45 2026] POST /v2.0/vpn/ipsecpolicies => generated 412 bytes in 48 msecs (HTTP/1.1 201) 4 headers in 162 bytes (1 switches on core 0)
2026-06-29 07:04:45.841 7 INFO neutron.db.ovn_revision_numbers_db [None req-72b2c029-2830-4453-8f32-78b257bdf48f - - - - - -] Successfully bumped revision number for resource 2ea945f6-40df-4b38-8034-98e9ea7beea4 (type: router_ports) to 2
2026-06-29 07:04:45.842 7 INFO neutron.plugins.ml2.drivers.ovn.mech_driver.mech_driver [None req-72b2c029-2830-4453-8f32-78b257bdf48f - - - - - -] OVN reports status down for port: 76122fb1-b13c-45be-9a16-00b34bcb7b01 [pid: 7|app: 0|req: 1386/2799] 10.0.0.221 () {34 vars in 693 bytes} [Mon Jun 29 07:04:45 2026] POST /v2.0/vpn/endpoint-groups => generated 329 bytes in 123 msecs (HTTP/1.1 201) 4 headers in 162 bytes (1 switches on core 0)
2026-06-29 07:04:45.937 7 WARNING neutron.plugins.ml2.drivers.ovn.mech_driver.ovsdb.ovn_client [None req-72b2c029-2830-4453-8f32-78b257bdf48f - - - - - -] Logical_Switch_Port %s host information not removed, the port state is up
2026-06-29 07:04:45.938 7 INFO neutron.plugins.ml2.drivers.ovn.mech_driver.mech_driver [None req-72b2c029-2830-4453-8f32-78b257bdf48f - - - - - -] OVN reports status up for port: 76122fb1-b13c-45be-9a16-00b34bcb7b01
2026-06-29 07:04:45.949 7 INFO neutron.plugins.ml2.plugin [None req-72b2c029-2830-4453-8f32-78b257bdf48f - - - - - -] Attempt 1 to provision port 76122fb1-b13c-45be-9a16-00b34bcb7b01 [pid: 8|app: 0|req: 1414/2800] 10.0.0.221 () {34 vars in 693 bytes} [Mon Jun 29 07:04:45 2026] POST /v2.0/vpn/endpoint-groups => generated 319 bytes in 41 msecs (HTTP/1.1 201) 4 headers in 162 bytes (1 switches on core 0)
2026-06-29 07:04:46.796 7 INFO neutron.db.ovn_revision_numbers_db [None req-72b2c029-2830-4453-8f32-78b257bdf48f - - - - - -] Successfully bumped revision number for resource 76122fb1-b13c-45be-9a16-00b34bcb7b01 (type: ports) to 2
2026-06-29 07:04:47.104 7 INFO neutron.db.ovn_revision_numbers_db [None req-dc7e87d1-0fa4-4bc9-bdf5-a48f3617bdde 4f39a82b2fbd4454a5dca7397f8a9d56 0da01b13dd3a4758a7366b4bf6b86069 - - default default] Successfully bumped revision number for resource 812c2441-d1c0-482f-b4c7-9fbd24c3de3f (type: routers) to 5 [pid: 7|app: 0|req: 1387/2801] 10.0.0.221 () {34 vars in 707 bytes} [Mon Jun 29 07:04:45 2026] POST /v2.0/vpn/ipsec-site-connections => generated 803 bytes in 1181 msecs (HTTP/1.1 201) 4 headers in 162 bytes (1 switches on core 0) [pid: 8|app: 0|req: 1415/2802] 10.0.0.221 () {34 vars in 693 bytes} [Mon Jun 29 07:04:47 2026] POST /v2.0/vpn/endpoint-groups => generated 289 bytes in 70 msecs (HTTP/1.1 201) 4 headers in 162 bytes (1 switches on core 0) [pid: 7|app: 0|req: 1388/2803] 10.0.0.221 () {32 vars in 748 bytes} [Mon Jun 29 07:04:47 2026] DELETE /v2.0/vpn/endpoint-groups/e4ed1147-335a-4e57-bfb9-b005f3014569 => generated 0 bytes in 38 msecs (HTTP/1.1 204) 2 headers in 112 bytes (1 switches on core 0) [pid: 8|app: 0|req: 1416/2804] 10.0.0.221 () {32 vars in 671 bytes} [Mon Jun 29 07:04:47 2026] GET /v2.0/vpn/endpoint-groups => generated 633 bytes in 15 msecs (HTTP/1.1 200) 4 headers in 157 bytes (1 switches on core 0) [pid: 7|app: 0|req: 1389/2805] 10.0.0.221 () {32 vars in 671 bytes} [Mon Jun 29 07:04:47 2026] GET /v2.0/vpn/endpoint-groups => generated 633 bytes in 14 msecs (HTTP/1.1 200) 4 headers in 157 bytes (1 switches on core 0) [pid: 8|app: 0|req: 1417/2806] 10.0.0.221 () {34 vars in 685 bytes} [Mon Jun 29 07:04:47 2026] POST /v2.0/vpn/ikepolicies => generated 402 bytes in 83 msecs (HTTP/1.1 201) 4 headers in 162 bytes (1 switches on core 0) [pid: 7|app: 0|req: 1390/2807] 10.0.0.221 () {32 vars in 663 bytes} [Mon Jun 29 07:04:47 2026] GET /v2.0/vpn/ikepolicies => generated 797 bytes in 18 msecs (HTTP/1.1 200) 4 headers in 157 bytes (1 switches on core 0) [pid: 8|app: 0|req: 1418/2808] 10.0.0.221 () {32 vars in 740 bytes} [Mon Jun 29 07:04:47 2026] DELETE /v2.0/vpn/ikepolicies/86808699-bd05-453f-b26c-5c403f0c7940 => generated 0 bytes in 44 msecs (HTTP/1.1 204) 2 headers in 112 bytes (1 switches on core 0) [pid: 7|app: 0|req: 1391/2809] 10.0.0.221 () {34 vars in 689 bytes} [Mon Jun 29 07:04:47 2026] POST /v2.0/vpn/ipsecpolicies => generated 412 bytes in 46 msecs (HTTP/1.1 201) 4 headers in 162 bytes (1 switches on core 0) [pid: 8|app: 0|req: 1419/2810] 10.0.0.221 () {32 vars in 667 bytes} [Mon Jun 29 07:04:47 2026] GET /v2.0/vpn/ipsecpolicies => generated 813 bytes in 16 msecs (HTTP/1.1 200) 4 headers in 157 bytes (1 switches on core 0) [pid: 7|app: 0|req: 1392/2811] 10.0.0.221 () {32 vars in 744 bytes} [Mon Jun 29 07:04:47 2026] DELETE /v2.0/vpn/ipsecpolicies/15cac15c-f9e3-4be9-8501-6485059a9442 => generated 0 bytes in 40 msecs (HTTP/1.1 204) 2 headers in 112 bytes (1 switches on core 0)
2026-06-29 07:04:48.017 8 INFO neutron.db.segments_db [None req-a2634b4a-68f0-4cbd-b6b5-dbb0eb2e25a5 4f39a82b2fbd4454a5dca7397f8a9d56 0da01b13dd3a4758a7366b4bf6b86069 - - default default] Added segment 64ddfcf6-1076-4fc0-a452-c66a41863c5b of type geneve for network 130c008f-21f6-42f2-b562-e92c8bab0350
2026-06-29 07:04:48.127 8 INFO neutron.db.ovn_revision_numbers_db [None req-a2634b4a-68f0-4cbd-b6b5-dbb0eb2e25a5 4f39a82b2fbd4454a5dca7397f8a9d56 0da01b13dd3a4758a7366b4bf6b86069 - - default default] Successfully bumped revision number for resource 130c008f-21f6-42f2-b562-e92c8bab0350 (type: networks) to 1
2026-06-29 07:04:48.306 8 WARNING neutron.scheduler.dhcp_agent_scheduler [None req-a2634b4a-68f0-4cbd-b6b5-dbb0eb2e25a5 4f39a82b2fbd4454a5dca7397f8a9d56 0da01b13dd3a4758a7366b4bf6b86069 - - default default] No more DHCP agents
2026-06-29 07:04:48.308 8 WARNING neutron.api.rpc.agentnotifiers.dhcp_rpc_agent_api [None req-a2634b4a-68f0-4cbd-b6b5-dbb0eb2e25a5 4f39a82b2fbd4454a5dca7397f8a9d56 0da01b13dd3a4758a7366b4bf6b86069 - - default default] Unable to schedule network 130c008f-21f6-42f2-b562-e92c8bab0350: no agents available; will retry on subsequent port and subnet creation events.
2026-06-29 07:04:48.409 8 INFO neutron.db.ovn_revision_numbers_db [None req-a2634b4a-68f0-4cbd-b6b5-dbb0eb2e25a5 4f39a82b2fbd4454a5dca7397f8a9d56 0da01b13dd3a4758a7366b4bf6b86069 - - default default] Successfully bumped revision number for resource 0cccdaa1-a5b9-4d38-ae03-2cbfca23608b (type: ports) to 1 [pid: 8|app: 0|req: 1420/2812] 10.0.0.221 () {34 vars in 670 bytes} [Mon Jun 29 07:04:47 2026] POST /v2.0/networks => generated 650 bytes in 523 msecs (HTTP/1.1 201) 4 headers in 162 bytes (1 switches on core 0)
2026-06-29 07:04:48.687 7 WARNING neutron.scheduler.dhcp_agent_scheduler [None req-108f0821-dae8-413e-a46a-f11805cd292d 4f39a82b2fbd4454a5dca7397f8a9d56 0da01b13dd3a4758a7366b4bf6b86069 - - default default] No more DHCP agents
2026-06-29 07:04:48.688 7 WARNING neutron.api.rpc.agentnotifiers.dhcp_rpc_agent_api [None req-108f0821-dae8-413e-a46a-f11805cd292d 4f39a82b2fbd4454a5dca7397f8a9d56 0da01b13dd3a4758a7366b4bf6b86069 - - default default] Unable to schedule network 130c008f-21f6-42f2-b562-e92c8bab0350: no agents available; will retry on subsequent port and subnet creation events.
2026-06-29 07:04:49.187 7 INFO neutron.db.ovn_revision_numbers_db [None req-cfc70445-18d1-4b70-87fc-6c9133aca234 - - - - - -] Successfully bumped revision number for resource 0cccdaa1-a5b9-4d38-ae03-2cbfca23608b (type: ports) to 2
2026-06-29 07:04:49.220 7 INFO neutron.db.ovn_revision_numbers_db [None req-cfc70445-18d1-4b70-87fc-6c9133aca234 - - - - - -] Successfully bumped revision number for resource d05ddebb-71b3-4698-b59c-ca8657bb77df (type: subnets) to 0 [pid: 7|app: 0|req: 1393/2813] 10.0.0.221 () {34 vars in 669 bytes} [Mon Jun 29 07:04:48 2026] POST /v2.0/subnets => generated 629 bytes in 793 msecs (HTTP/1.1 201) 4 headers in 162 bytes (1 switches on core 0)
2026-06-29 07:04:49.719 8 WARNING neutron.scheduler.dhcp_agent_scheduler [None req-4d023024-0afa-4831-b739-d6c45bbbd9e7 4f39a82b2fbd4454a5dca7397f8a9d56 0da01b13dd3a4758a7366b4bf6b86069 - - default default] No more DHCP agents
2026-06-29 07:04:49.720 8 WARNING neutron.api.rpc.agentnotifiers.dhcp_rpc_agent_api [None req-4d023024-0afa-4831-b739-d6c45bbbd9e7 4f39a82b2fbd4454a5dca7397f8a9d56 0da01b13dd3a4758a7366b4bf6b86069 - - default default] Unable to schedule network 2ec10c2e-1571-40fa-b94a-6697d77cf432: no agents available; will retry on subsequent port and subnet creation events.
2026-06-29 07:04:50.392 8 INFO neutron.plugins.ml2.drivers.ovn.mech_driver.mech_driver [None req-8b31b704-3564-4ab7-818c-e5d7815251d8 - - - - - -] OVN reports status down for port: a965a4c1-d880-4410-9a7d-71589d6cc9f4
2026-06-29 07:04:50.458 8 INFO neutron.db.ovn_revision_numbers_db [None req-4d023024-0afa-4831-b739-d6c45bbbd9e7 4f39a82b2fbd4454a5dca7397f8a9d56 0da01b13dd3a4758a7366b4bf6b86069 - - default default] Successfully bumped revision number for resource a965a4c1-d880-4410-9a7d-71589d6cc9f4 (type: ports) to 1
2026-06-29 07:04:51.095 8 INFO neutron.plugins.ml2.drivers.ovn.mech_driver.ovsdb.commands [None req-b41cd6cf-911e-4190-9277-4a83ce5ed646 - - - - - -] Schedule LRP lrp-a965a4c1-d880-4410-9a7d-71589d6cc9f4 on gateway 83ee27d2-6ed4-4a10-80bb-2e8c7358caa6 with priority 1
2026-06-29 07:04:51.140 8 INFO neutron.plugins.ml2.drivers.ovn.mech_driver.mech_driver [None req-8b31b704-3564-4ab7-818c-e5d7815251d8 - - - - - -] OVN reports status up for port: a965a4c1-d880-4410-9a7d-71589d6cc9f4
2026-06-29 07:04:51.160 8 INFO neutron.plugins.ml2.plugin [None req-8b31b704-3564-4ab7-818c-e5d7815251d8 - - - - - -] Attempt 1 to provision port a965a4c1-d880-4410-9a7d-71589d6cc9f4
2026-06-29 07:04:51.207 8 INFO neutron.db.ovn_revision_numbers_db [None req-4d023024-0afa-4831-b739-d6c45bbbd9e7 4f39a82b2fbd4454a5dca7397f8a9d56 0da01b13dd3a4758a7366b4bf6b86069 - - default default] Successfully bumped revision number for resource a965a4c1-d880-4410-9a7d-71589d6cc9f4 (type: router_ports) to 1
2026-06-29 07:04:51.312 8 INFO neutron.db.ovn_revision_numbers_db [None req-4d023024-0afa-4831-b739-d6c45bbbd9e7 4f39a82b2fbd4454a5dca7397f8a9d56 0da01b13dd3a4758a7366b4bf6b86069 - - default default] Successfully bumped revision number for resource cf2cd654-9b29-43ec-b364-5346671e7398 (type: routers) to 2 [pid: 8|app: 0|req: 1421/2814] 10.0.0.221 () {34 vars in 669 bytes} [Mon Jun 29 07:04:49 2026] POST /v2.0/routers => generated 937 bytes in 2086 msecs (HTTP/1.1 201) 4 headers in 162 bytes (1 switches on core 0)
2026-06-29 07:04:51.931 7 WARNING neutron.scheduler.dhcp_agent_scheduler [None req-b75fb264-4c18-4fc6-bd66-d1c38554b14e 4f39a82b2fbd4454a5dca7397f8a9d56 0da01b13dd3a4758a7366b4bf6b86069 - - default default] No more DHCP agents
2026-06-29 07:04:51.932 7 WARNING neutron.api.rpc.agentnotifiers.dhcp_rpc_agent_api [None req-b75fb264-4c18-4fc6-bd66-d1c38554b14e 4f39a82b2fbd4454a5dca7397f8a9d56 0da01b13dd3a4758a7366b4bf6b86069 - - default default] Unable to schedule network 130c008f-21f6-42f2-b562-e92c8bab0350: no agents available; will retry on subsequent port and subnet creation events.
2026-06-29 07:04:52.086 7 INFO neutron.db.ovn_revision_numbers_db [None req-b75fb264-4c18-4fc6-bd66-d1c38554b14e 4f39a82b2fbd4454a5dca7397f8a9d56 0da01b13dd3a4758a7366b4bf6b86069 - - default default] Successfully bumped revision number for resource 9319ccc2-40d8-4204-ba67-e91c8ef70707 (type: ports) to 1
2026-06-29 07:04:52.627 7 WARNING neutron.plugins.ml2.drivers.ovn.mech_driver.ovsdb.ovn_client [None req-9bbcfdac-a1ff-48e2-9c34-dbdee62a0756 - - - - - -] No hosting information found for port 76122fb1-b13c-45be-9a16-00b34bcb7b01: RuntimeError: No hosting information found for port 76122fb1-b13c-45be-9a16-00b34bcb7b01
2026-06-29 07:04:52.781 7 INFO neutron.db.ovn_revision_numbers_db [None req-9bbcfdac-a1ff-48e2-9c34-dbdee62a0756 - - - - - -] Successfully bumped revision number for resource 76122fb1-b13c-45be-9a16-00b34bcb7b01 (type: router_ports) to 2
2026-06-29 07:04:52.863 7 INFO neutron.plugins.ml2.drivers.ovn.mech_driver.mech_driver [None req-9bbcfdac-a1ff-48e2-9c34-dbdee62a0756 - - - - - -] OVN reports status down for port: 0cccdaa1-a5b9-4d38-ae03-2cbfca23608b
2026-06-29 07:04:52.972 7 INFO neutron.plugins.ml2.drivers.ovn.mech_driver.mech_driver [None req-9bbcfdac-a1ff-48e2-9c34-dbdee62a0756 - - - - - -] OVN reports status down for port: 9319ccc2-40d8-4204-ba67-e91c8ef70707
2026-06-29 07:04:53.047 7 WARNING neutron.scheduler.dhcp_agent_scheduler [None req-b75fb264-4c18-4fc6-bd66-d1c38554b14e 4f39a82b2fbd4454a5dca7397f8a9d56 0da01b13dd3a4758a7366b4bf6b86069 - - default default] No more DHCP agents
2026-06-29 07:04:53.049 7 WARNING neutron.api.rpc.agentnotifiers.dhcp_rpc_agent_api [None req-b75fb264-4c18-4fc6-bd66-d1c38554b14e 4f39a82b2fbd4454a5dca7397f8a9d56 0da01b13dd3a4758a7366b4bf6b86069 - - default default] Unable to schedule network 130c008f-21f6-42f2-b562-e92c8bab0350: no agents available; will retry on subsequent port and subnet creation events.
2026-06-29 07:04:53.072 7 WARNING neutron.plugins.ml2.drivers.ovn.mech_driver.ovsdb.ovn_client [None req-9bbcfdac-a1ff-48e2-9c34-dbdee62a0756 - - - - - -] Logical_Switch_Port %s host information not removed, the port state is up
2026-06-29 07:04:53.072 7 INFO neutron.plugins.ml2.drivers.ovn.mech_driver.mech_driver [None req-9bbcfdac-a1ff-48e2-9c34-dbdee62a0756 - - - - - -] OVN reports status up for port: 9319ccc2-40d8-4204-ba67-e91c8ef70707
2026-06-29 07:04:53.098 7 INFO neutron.plugins.ml2.plugin [None req-9bbcfdac-a1ff-48e2-9c34-dbdee62a0756 - - - - - -] Attempt 1 to provision port 9319ccc2-40d8-4204-ba67-e91c8ef70707
2026-06-29 07:04:53.710 7 INFO neutron.db.ovn_revision_numbers_db [None req-b75fb264-4c18-4fc6-bd66-d1c38554b14e 4f39a82b2fbd4454a5dca7397f8a9d56 0da01b13dd3a4758a7366b4bf6b86069 - - default default] Successfully bumped revision number for resource 9319ccc2-40d8-4204-ba67-e91c8ef70707 (type: router_ports) to 1 [pid: 7|app: 0|req: 1394/2817] 10.0.0.221 () {34 vars in 783 bytes} [Mon Jun 29 07:04:51 2026] PUT /v2.0/routers/cf2cd654-9b29-43ec-b364-5346671e7398/add_router_interface => generated 309 bytes in 2396 msecs (HTTP/1.1 200) 4 headers in 157 bytes (1 switches on core 0)
2026-06-29 07:04:53.874 7 INFO neutron.db.ovn_revision_numbers_db [None req-9bbcfdac-a1ff-48e2-9c34-dbdee62a0756 - - - - - -] Successfully bumped revision number for resource 9319ccc2-40d8-4204-ba67-e91c8ef70707 (type: ports) to 2 [pid: 7|app: 0|req: 1395/2818] 199.204.45.95 () {30 vars in 702 bytes} [Mon Jun 29 07:04:54 2026] GET /v2.0/extensions/security-group => generated 170 bytes in 8 msecs (HTTP/1.1 200) 4 headers in 157 bytes (1 switches on core 0) [pid: 7|app: 0|req: 1396/2819] 199.204.45.95 () {30 vars in 704 bytes} [Mon Jun 29 07:04:54 2026] GET /v2.0/extensions/dns-integration => generated 172 bytes in 4 msecs (HTTP/1.1 200) 4 headers in 157 bytes (1 switches on core 0)
2026-06-29 07:04:54.419 8 WARNING neutron.scheduler.dhcp_agent_scheduler [None req-6f2a4dd0-f697-435a-bb85-7db5ffaeec1f - - - - - -] No more DHCP agents
2026-06-29 07:04:54.420 8 WARNING neutron.api.rpc.agentnotifiers.dhcp_rpc_agent_api [None req-6f2a4dd0-f697-435a-bb85-7db5ffaeec1f - - - - - -] Unable to schedule network 2ec10c2e-1571-40fa-b94a-6697d77cf432: no agents available; will retry on subsequent port and subnet creation events. [pid: 7|app: 0|req: 1397/2820] 199.204.45.95 () {30 vars in 680 bytes} [Mon Jun 29 07:04:54 2026] GET /v2.0/extensions/qos => generated 166 bytes in 4 msecs (HTTP/1.1 200) 4 headers in 157 bytes (1 switches on core 0) [pid: 7|app: 0|req: 1398/2821] 199.204.45.95 () {30 vars in 716 bytes} [Mon Jun 29 07:04:54 2026] GET /v2.0/extensions/allowed-address-pairs => generated 184 bytes in 4 msecs (HTTP/1.1 200) 4 headers in 157 bytes (1 switches on core 0) [pid: 7|app: 0|req: 1399/2822] 199.204.45.95 () {30 vars in 740 bytes} [Mon Jun 29 07:04:54 2026] GET /v2.0/subnets/4b9ffe34-f10d-42fd-97d1-e633c1032b0e => generated 675 bytes in 27 msecs (HTTP/1.1 200) 4 headers in 157 bytes (1 switches on core 0) [pid: 7|app: 0|req: 1400/2823] 199.204.45.95 () {30 vars in 768 bytes} [Mon Jun 29 07:04:54 2026] GET /v2.0/ports?device_id=d8a42ea8-e5fd-471c-9e37-fbca8885698e => generated 1213 bytes in 47 msecs (HTTP/1.1 200) 4 headers in 158 bytes (1 switches on core 0)
2026-06-29 07:04:54.562 8 INFO neutron.db.ovn_revision_numbers_db [None req-6f2a4dd0-f697-435a-bb85-7db5ffaeec1f - - - - - -] Successfully bumped revision number for resource ac949a46-df75-4132-b163-6b8b74618d51 (type: ports) to 1
2026-06-29 07:04:54.810 7 WARNING neutron.scheduler.dhcp_agent_scheduler [None req-82116f44-825a-45f8-b490-c543f5d72d00 3d6db04adc5b4ec4a5bb3ffc8a0bbcf3 01c1c09f3e3841b6b3c5eedbe9408611 - - default default] No more DHCP agents
2026-06-29 07:04:54.811 7 WARNING neutron.api.rpc.agentnotifiers.dhcp_rpc_agent_api [None req-82116f44-825a-45f8-b490-c543f5d72d00 3d6db04adc5b4ec4a5bb3ffc8a0bbcf3 01c1c09f3e3841b6b3c5eedbe9408611 - - default default] Unable to schedule network 4e05a233-36ac-45e9-a47c-aa52b6e0b6e3: no agents available; will retry on subsequent port and subnet creation events.
2026-06-29 07:04:54.814 8 INFO neutron.db.ovn_revision_numbers_db [None req-6f2a4dd0-f697-435a-bb85-7db5ffaeec1f - - - - - -] Successfully bumped revision number for resource ac949a46-df75-4132-b163-6b8b74618d51 (type: ports) to 3
2026-06-29 07:04:54.878 8 INFO neutron.db.segments_db [None req-6f2a4dd0-f697-435a-bb85-7db5ffaeec1f - - - - - -] Added segment 9f551123-baa8-4513-8ab6-5d8fa674dc58 of type geneve for network 2b55048e-4343-48f2-aadb-4cc29f224961
2026-06-29 07:04:54.974 7 INFO neutron.db.ovn_revision_numbers_db [None req-82116f44-825a-45f8-b490-c543f5d72d00 3d6db04adc5b4ec4a5bb3ffc8a0bbcf3 01c1c09f3e3841b6b3c5eedbe9408611 - - default default] Successfully bumped revision number for resource 46cce766-909b-4ea5-87e2-5fd3feaff5a4 (type: ports) to 1 [pid: 7|app: 0|req: 1401/2824] 199.204.45.95 () {34 vars in 716 bytes} [Mon Jun 29 07:04:54 2026] POST /v2.0/ports => generated 1059 bytes in 466 msecs (HTTP/1.1 201) 4 headers in 163 bytes (1 switches on core 0)
2026-06-29 07:04:55.056 8 INFO neutron.db.ovn_revision_numbers_db [None req-728b5c9d-9484-4629-8461-a187b681d08f - - - - - -] Successfully bumped revision number for resource 2b55048e-4343-48f2-aadb-4cc29f224961 (type: networks) to 1 [pid: 7|app: 0|req: 1402/2825] 10.0.0.238 () {34 vars in 971 bytes} [Mon Jun 29 07:04:55 2026] GET /v2.0/ports/46cce766-909b-4ea5-87e2-5fd3feaff5a4 => generated 1059 bytes in 39 msecs (HTTP/1.1 200) 4 headers in 158 bytes (1 switches on core 0) [pid: 7|app: 0|req: 1403/2826] 10.0.0.238 () {34 vars in 907 bytes} [Mon Jun 29 07:04:55 2026] GET /v2.0/extensions => generated 20541 bytes in 12 msecs (HTTP/1.1 200) 4 headers in 159 bytes (1 switches on core 0)
2026-06-29 07:04:55.208 8 WARNING neutron.scheduler.dhcp_agent_scheduler [None req-728b5c9d-9484-4629-8461-a187b681d08f - - - - - -] No more DHCP agents
2026-06-29 07:04:55.210 8 WARNING neutron.api.rpc.agentnotifiers.dhcp_rpc_agent_api [None req-728b5c9d-9484-4629-8461-a187b681d08f - - - - - -] Unable to schedule network 2b55048e-4343-48f2-aadb-4cc29f224961: no agents available; will retry on subsequent port and subnet creation events.
2026-06-29 07:04:55.289 8 INFO neutron.db.ovn_revision_numbers_db [None req-728b5c9d-9484-4629-8461-a187b681d08f - - - - - -] Successfully bumped revision number for resource 5904129e-14ff-4653-ab0f-280707ff1178 (type: ports) to 1
2026-06-29 07:04:55.445 8 WARNING neutron.scheduler.dhcp_agent_scheduler [None req-728b5c9d-9484-4629-8461-a187b681d08f - - - - - -] No more DHCP agents
2026-06-29 07:04:55.446 8 WARNING neutron.api.rpc.agentnotifiers.dhcp_rpc_agent_api [None req-728b5c9d-9484-4629-8461-a187b681d08f - - - - - -] Unable to schedule network 2b55048e-4343-48f2-aadb-4cc29f224961: no agents available; will retry on subsequent port and subnet creation events.
2026-06-29 07:04:55.471 8 INFO neutron.db.ovn_revision_numbers_db [None req-728b5c9d-9484-4629-8461-a187b681d08f - - - - - -] Successfully bumped revision number for resource 4ab8c31e-4ab5-4bc9-b33e-8aada17be315 (type: subnets) to 0
2026-06-29 07:04:55.707 8 WARNING neutron.plugins.ml2.drivers.ovn.mech_driver.ovsdb.ovn_client [None req-8b31b704-3564-4ab7-818c-e5d7815251d8 - - - - - -] No hosting information found for port a965a4c1-d880-4410-9a7d-71589d6cc9f4: RuntimeError: No hosting information found for port a965a4c1-d880-4410-9a7d-71589d6cc9f4
2026-06-29 07:04:55.708 8 INFO neutron.plugins.ml2.drivers.ovn.mech_driver.mech_driver [None req-8b31b704-3564-4ab7-818c-e5d7815251d8 - - - - - -] OVN reports status up for port: a47dca41-8338-428c-b833-7bf4581d4459
2026-06-29 07:04:55.732 8 INFO neutron.plugins.ml2.plugin [None req-8b31b704-3564-4ab7-818c-e5d7815251d8 - - - - - -] Attempt 1 to provision port a47dca41-8338-428c-b833-7bf4581d4459
2026-06-29 07:04:56.038 8 WARNING neutron.scheduler.dhcp_agent_scheduler [None req-728b5c9d-9484-4629-8461-a187b681d08f - - - - - -] No more DHCP agents
2026-06-29 07:04:56.041 8 WARNING neutron.api.rpc.agentnotifiers.dhcp_rpc_agent_api [None req-728b5c9d-9484-4629-8461-a187b681d08f - - - - - -] Unable to schedule network 2b55048e-4343-48f2-aadb-4cc29f224961: no agents available; will retry on subsequent port and subnet creation events.
2026-06-29 07:04:56.104 8 INFO neutron.db.ovn_revision_numbers_db [None req-8b31b704-3564-4ab7-818c-e5d7815251d8 - - - - - -] Successfully bumped revision number for resource a47dca41-8338-428c-b833-7bf4581d4459 (type: ports) to 4 [pid: 7|app: 0|req: 1404/2827] 199.204.45.95 () {34 vars in 1261 bytes} [Mon Jun 29 07:04:56 2026] GET /v2.0/ports/46cce766-909b-4ea5-87e2-5fd3feaff5a4?fields=binding%3Avnic_type&fields=binding%3Aprofile&fields=network_id&fields=resource_request&fields=numa_affinity_policy&fields=device_profile => generated 136 bytes in 102 msecs (HTTP/1.1 200) 4 headers in 157 bytes (1 switches on core 0)
2026-06-29 07:04:56.294 8 INFO neutron.db.ovn_revision_numbers_db [None req-728b5c9d-9484-4629-8461-a187b681d08f - - - - - -] Successfully bumped revision number for resource 9ba85244-ab91-40c2-bc6a-8dc43f14532a (type: ports) to 1
2026-06-29 07:04:56.296 8 INFO neutron.plugins.ml2.drivers.ovn.mech_driver.mech_driver [None req-4d2b49a4-6b95-4940-a2ea-a8e3882fb316 - - - - - -] OVN reports status up for port: 8e740986-3e5f-412d-b7da-270a731e325e
2026-06-29 07:04:56.312 8 INFO neutron.plugins.ml2.plugin [None req-4d2b49a4-6b95-4940-a2ea-a8e3882fb316 - - - - - -] Attempt 1 to provision port 8e740986-3e5f-412d-b7da-270a731e325e [pid: 7|app: 0|req: 1405/2828] 199.204.45.95 () {34 vars in 1011 bytes} [Mon Jun 29 07:04:56 2026] GET /v2.0/networks/4e05a233-36ac-45e9-a47c-aa52b6e0b6e3?fields=segments => generated 14 bytes in 50 msecs (HTTP/1.1 200) 4 headers in 156 bytes (1 switches on core 0) [pid: 7|app: 0|req: 1406/2829] 199.204.45.95 () {34 vars in 1111 bytes} [Mon Jun 29 07:04:56 2026] GET /v2.0/networks/4e05a233-36ac-45e9-a47c-aa52b6e0b6e3?fields=provider%3Aphysical_network&fields=provider%3Anetwork_type => generated 79 bytes in 40 msecs (HTTP/1.1 200) 4 headers in 156 bytes (1 switches on core 0)
