2026-09-19 03:11:15.484 8 INFO placement.requestlog [None req-d3eefdad-bc19-4c96-97b9-918d2d8a69b7 e3750e12f5cc47379b16aef903539586 8e5ed4686d244131b219cdb16110621c - - f0995a38b42f4486b48eec9bb5e5397d f0995a38b42f4486b48eec9bb5e5397d] 10.0.0.175 "DELETE /resource_providers/721fad84-7f23-4e71-af1c-e4665171a298" status: 404 len: 246 microversion: 1.1 [pid: 8|app: 0|req: 434/866] 10.0.0.175 () {34 vars in 815 bytes} [Sat Sep 19 03:11:15 2026] DELETE /resource_providers/721fad84-7f23-4e71-af1c-e4665171a298 => generated 246 bytes in 13 msecs (HTTP/1.1 404) 6 headers in 231 bytes (1 switches on core 0)
2026-09-19 03:11:15.501 7 INFO placement.requestlog [None req-2340dc07-3a3f-4563-bd00-72376d2d8480 e3750e12f5cc47379b16aef903539586 8e5ed4686d244131b219cdb16110621c - - f0995a38b42f4486b48eec9bb5e5397d f0995a38b42f4486b48eec9bb5e5397d] 10.0.0.175 "GET /resource_providers/da31f256-b440-44d7-9ec8-df2fdbcc9fca/aggregates" status: 404 len: 235 microversion: 1.1 [pid: 7|app: 0|req: 433/867] 10.0.0.175 () {32 vars in 815 bytes} [Sat Sep 19 03:11:15 2026] GET /resource_providers/da31f256-b440-44d7-9ec8-df2fdbcc9fca/aggregates => generated 235 bytes in 12 msecs (HTTP/1.1 404) 5 headers in 202 bytes (1 switches on core 0)
2026-09-19 03:11:15.506 8 INFO placement.requestlog [None req-ec0c32a0-02da-4945-a7e7-e17100f12959 e3750e12f5cc47379b16aef903539586 8e5ed4686d244131b219cdb16110621c - - f0995a38b42f4486b48eec9bb5e5397d f0995a38b42f4486b48eec9bb5e5397d] 10.0.0.175 "GET /resource_providers/da31f256-b440-44d7-9ec8-df2fdbcc9fca/aggregates" status: 404 len: 235 microversion: 1.1 [pid: 8|app: 0|req: 435/868] 10.0.0.175 () {32 vars in 815 bytes} [Sat Sep 19 03:11:15 2026] GET /resource_providers/da31f256-b440-44d7-9ec8-df2fdbcc9fca/aggregates => generated 235 bytes in 11 msecs (HTTP/1.1 404) 5 headers in 202 bytes (1 switches on core 0)
2026-09-19 03:11:15.537 7 INFO placement.requestlog [None req-72f61ab5-c367-4e61-80e4-4f3af64d7d5e e3750e12f5cc47379b16aef903539586 8e5ed4686d244131b219cdb16110621c - - f0995a38b42f4486b48eec9bb5e5397d f0995a38b42f4486b48eec9bb5e5397d] 10.0.0.175 "DELETE /resource_providers/da31f256-b440-44d7-9ec8-df2fdbcc9fca" status: 404 len: 246 microversion: 1.1 [pid: 7|app: 0|req: 434/869] 10.0.0.175 () {34 vars in 815 bytes} [Sat Sep 19 03:11:15 2026] DELETE /resource_providers/da31f256-b440-44d7-9ec8-df2fdbcc9fca => generated 246 bytes in 14 msecs (HTTP/1.1 404) 6 headers in 231 bytes (1 switches on core 0)
2026-09-19 03:11:15.542 8 INFO placement.requestlog [None req-d2f286a1-b57e-47e9-8a6c-bfbac67f6b58 e3750e12f5cc47379b16aef903539586 8e5ed4686d244131b219cdb16110621c - - f0995a38b42f4486b48eec9bb5e5397d f0995a38b42f4486b48eec9bb5e5397d] 10.0.0.175 "DELETE /resource_providers/da31f256-b440-44d7-9ec8-df2fdbcc9fca" status: 404 len: 246 microversion: 1.1 [pid: 8|app: 0|req: 436/870] 10.0.0.175 () {34 vars in 815 bytes} [Sat Sep 19 03:11:15 2026] DELETE /resource_providers/da31f256-b440-44d7-9ec8-df2fdbcc9fca => generated 246 bytes in 19 msecs (HTTP/1.1 404) 6 headers in 231 bytes (1 switches on core 0)
2026-09-19 03:11:15.579 7 INFO placement.requestlog [None req-45450d8b-dedc-4f42-9341-16b6b04fabb4 e3750e12f5cc47379b16aef903539586 8e5ed4686d244131b219cdb16110621c - - f0995a38b42f4486b48eec9bb5e5397d f0995a38b42f4486b48eec9bb5e5397d] 10.0.0.175 "GET /resource_providers/30080863-0efc-4a27-9f81-765f8dd3d1ea/aggregates" status: 404 len: 235 microversion: 1.1 [pid: 7|app: 0|req: 435/871] 10.0.0.175 () {32 vars in 815 bytes} [Sat Sep 19 03:11:15 2026] GET /resource_providers/30080863-0efc-4a27-9f81-765f8dd3d1ea/aggregates => generated 235 bytes in 16 msecs (HTTP/1.1 404) 5 headers in 202 bytes (1 switches on core 0)
2026-09-19 03:11:15.584 8 INFO placement.requestlog [None req-94183326-b810-4000-90d2-bc4d9d92f3a1 e3750e12f5cc47379b16aef903539586 8e5ed4686d244131b219cdb16110621c - - f0995a38b42f4486b48eec9bb5e5397d f0995a38b42f4486b48eec9bb5e5397d] 10.0.0.175 "GET /resource_providers/30080863-0efc-4a27-9f81-765f8dd3d1ea/aggregates" status: 404 len: 235 microversion: 1.1 [pid: 8|app: 0|req: 437/872] 10.0.0.175 () {32 vars in 815 bytes} [Sat Sep 19 03:11:15 2026] GET /resource_providers/30080863-0efc-4a27-9f81-765f8dd3d1ea/aggregates => generated 235 bytes in 16 msecs (HTTP/1.1 404) 5 headers in 202 bytes (1 switches on core 0)
2026-09-19 03:11:15.612 7 INFO placement.requestlog [None req-c792eb89-2353-49e5-9bdd-3d0b2b9592c5 e3750e12f5cc47379b16aef903539586 8e5ed4686d244131b219cdb16110621c - - f0995a38b42f4486b48eec9bb5e5397d f0995a38b42f4486b48eec9bb5e5397d] 10.0.0.175 "DELETE /resource_providers/30080863-0efc-4a27-9f81-765f8dd3d1ea" status: 404 len: 246 microversion: 1.1 [pid: 7|app: 0|req: 436/873] 10.0.0.175 () {34 vars in 815 bytes} [Sat Sep 19 03:11:15 2026] DELETE /resource_providers/30080863-0efc-4a27-9f81-765f8dd3d1ea => generated 246 bytes in 9 msecs (HTTP/1.1 404) 6 headers in 231 bytes (1 switches on core 0)
2026-09-19 03:11:15.621 8 INFO placement.requestlog [None req-1ea54600-0436-45aa-9926-6b4fe4095a88 e3750e12f5cc47379b16aef903539586 8e5ed4686d244131b219cdb16110621c - - f0995a38b42f4486b48eec9bb5e5397d f0995a38b42f4486b48eec9bb5e5397d] 10.0.0.175 "DELETE /resource_providers/30080863-0efc-4a27-9f81-765f8dd3d1ea" status: 404 len: 246 microversion: 1.1 [pid: 8|app: 0|req: 438/874] 10.0.0.175 () {34 vars in 815 bytes} [Sat Sep 19 03:11:15 2026] DELETE /resource_providers/30080863-0efc-4a27-9f81-765f8dd3d1ea => generated 246 bytes in 18 msecs (HTTP/1.1 404) 6 headers in 231 bytes (1 switches on core 0)
2026-09-19 03:11:17.927 8 INFO placement.requestlog [None req-eadab4c4-9d66-40d2-a415-d8d8416bd0a1 e3750e12f5cc47379b16aef903539586 8e5ed4686d244131b219cdb16110621c - - f0995a38b42f4486b48eec9bb5e5397d f0995a38b42f4486b48eec9bb5e5397d] 10.0.0.175 "GET /resource_providers/031012ca-03f7-4cb4-9f40-86f0f20a5ea5/aggregates" status: 404 len: 235 microversion: 1.1 [pid: 8|app: 0|req: 439/875] 10.0.0.175 () {32 vars in 815 bytes} [Sat Sep 19 03:11:17 2026] GET /resource_providers/031012ca-03f7-4cb4-9f40-86f0f20a5ea5/aggregates => generated 235 bytes in 12 msecs (HTTP/1.1 404) 5 headers in 202 bytes (1 switches on core 0)
2026-09-19 03:11:17.933 7 INFO placement.requestlog [None req-78828304-d842-42d3-9696-375670226537 e3750e12f5cc47379b16aef903539586 8e5ed4686d244131b219cdb16110621c - - f0995a38b42f4486b48eec9bb5e5397d f0995a38b42f4486b48eec9bb5e5397d] 10.0.0.175 "GET /resource_providers/031012ca-03f7-4cb4-9f40-86f0f20a5ea5/aggregates" status: 404 len: 235 microversion: 1.1 [pid: 7|app: 0|req: 437/876] 10.0.0.175 () {32 vars in 815 bytes} [Sat Sep 19 03:11:17 2026] GET /resource_providers/031012ca-03f7-4cb4-9f40-86f0f20a5ea5/aggregates => generated 235 bytes in 17 msecs (HTTP/1.1 404) 5 headers in 202 bytes (1 switches on core 0)
2026-09-19 03:11:17.957 7 INFO placement.requestlog [None req-4c77ccf9-1a25-4d82-a92a-ce20b9a3e23e e3750e12f5cc47379b16aef903539586 8e5ed4686d244131b219cdb16110621c - - f0995a38b42f4486b48eec9bb5e5397d f0995a38b42f4486b48eec9bb5e5397d] 10.0.0.175 "DELETE /resource_providers/031012ca-03f7-4cb4-9f40-86f0f20a5ea5" status: 404 len: 246 microversion: 1.1 [pid: 7|app: 0|req: 438/877] 10.0.0.175 () {34 vars in 815 bytes} [Sat Sep 19 03:11:17 2026] DELETE /resource_providers/031012ca-03f7-4cb4-9f40-86f0f20a5ea5 => generated 246 bytes in 11 msecs (HTTP/1.1 404) 6 headers in 231 bytes (1 switches on core 0)
2026-09-19 03:11:17.968 8 INFO placement.requestlog [None req-de87eaa7-2881-4675-8ff2-460c1c4719bf e3750e12f5cc47379b16aef903539586 8e5ed4686d244131b219cdb16110621c - - f0995a38b42f4486b48eec9bb5e5397d f0995a38b42f4486b48eec9bb5e5397d] 10.0.0.175 "DELETE /resource_providers/031012ca-03f7-4cb4-9f40-86f0f20a5ea5" status: 404 len: 246 microversion: 1.1 [pid: 8|app: 0|req: 440/878] 10.0.0.175 () {34 vars in 815 bytes} [Sat Sep 19 03:11:17 2026] DELETE /resource_providers/031012ca-03f7-4cb4-9f40-86f0f20a5ea5 => generated 246 bytes in 22 msecs (HTTP/1.1 404) 6 headers in 231 bytes (1 switches on core 0)
2026-09-19 03:11:17.977 7 INFO placement.requestlog [None req-63b45dc3-b572-4cc7-a2bd-ebb1e734cfcb e3750e12f5cc47379b16aef903539586 8e5ed4686d244131b219cdb16110621c - - f0995a38b42f4486b48eec9bb5e5397d f0995a38b42f4486b48eec9bb5e5397d] 10.0.0.175 "GET /resource_providers/f88e8ead-d6f6-4430-b4cf-0eae925403c2/aggregates" status: 404 len: 235 microversion: 1.1 [pid: 7|app: 0|req: 439/879] 10.0.0.175 () {32 vars in 815 bytes} [Sat Sep 19 03:11:17 2026] GET /resource_providers/f88e8ead-d6f6-4430-b4cf-0eae925403c2/aggregates => generated 235 bytes in 12 msecs (HTTP/1.1 404) 5 headers in 202 bytes (1 switches on core 0)
2026-09-19 03:11:17.985 8 INFO placement.requestlog [None req-f502918f-5a2c-4e30-9ee0-a436d5bfa8d2 e3750e12f5cc47379b16aef903539586 8e5ed4686d244131b219cdb16110621c - - f0995a38b42f4486b48eec9bb5e5397d f0995a38b42f4486b48eec9bb5e5397d] 10.0.0.175 "GET /resource_providers/f88e8ead-d6f6-4430-b4cf-0eae925403c2/aggregates" status: 404 len: 235 microversion: 1.1 [pid: 8|app: 0|req: 441/880] 10.0.0.175 () {32 vars in 815 bytes} [Sat Sep 19 03:11:17 2026] GET /resource_providers/f88e8ead-d6f6-4430-b4cf-0eae925403c2/aggregates => generated 235 bytes in 8 msecs (HTTP/1.1 404) 5 headers in 202 bytes (1 switches on core 0)
2026-09-19 03:11:17.993 7 INFO placement.requestlog [None req-cc015cab-1c4f-43ed-8d28-c03c35c7e97e e3750e12f5cc47379b16aef903539586 8e5ed4686d244131b219cdb16110621c - - f0995a38b42f4486b48eec9bb5e5397d f0995a38b42f4486b48eec9bb5e5397d] 10.0.0.175 "DELETE /resource_providers/f88e8ead-d6f6-4430-b4cf-0eae925403c2" status: 404 len: 246 microversion: 1.1 [pid: 7|app: 0|req: 440/881] 10.0.0.175 () {34 vars in 815 bytes} [Sat Sep 19 03:11:17 2026] DELETE /resource_providers/f88e8ead-d6f6-4430-b4cf-0eae925403c2 => generated 246 bytes in 10 msecs (HTTP/1.1 404) 6 headers in 231 bytes (1 switches on core 0)
2026-09-19 03:11:17.999 8 INFO placement.requestlog [None req-599925f7-c9ab-44eb-9aeb-4d4fcb0702e8 e3750e12f5cc47379b16aef903539586 8e5ed4686d244131b219cdb16110621c - - f0995a38b42f4486b48eec9bb5e5397d f0995a38b42f4486b48eec9bb5e5397d] 10.0.0.175 "DELETE /resource_providers/f88e8ead-d6f6-4430-b4cf-0eae925403c2" status: 404 len: 246 microversion: 1.1 [pid: 8|app: 0|req: 442/882] 10.0.0.175 () {34 vars in 815 bytes} [Sat Sep 19 03:11:17 2026] DELETE /resource_providers/f88e8ead-d6f6-4430-b4cf-0eae925403c2 => generated 246 bytes in 7 msecs (HTTP/1.1 404) 6 headers in 231 bytes (1 switches on core 0)
2026-09-19 03:11:18.013 8 INFO placement.requestlog [None req-031d6e36-2f24-4633-acfa-15e4c423b989 e3750e12f5cc47379b16aef903539586 8e5ed4686d244131b219cdb16110621c - - f0995a38b42f4486b48eec9bb5e5397d f0995a38b42f4486b48eec9bb5e5397d] 10.0.0.175 "GET /resource_providers/2bd918cf-5021-4260-8619-45b5a6befc82/aggregates" status: 404 len: 235 microversion: 1.1 [pid: 8|app: 0|req: 443/883] 10.0.0.175 () {32 vars in 815 bytes} [Sat Sep 19 03:11:18 2026] GET /resource_providers/2bd918cf-5021-4260-8619-45b5a6befc82/aggregates => generated 235 bytes in 7 msecs (HTTP/1.1 404) 5 headers in 202 bytes (1 switches on core 0)
2026-09-19 03:11:18.017 7 INFO placement.requestlog [None req-9761c501-3db7-479c-bf84-bbfc7676db00 e3750e12f5cc47379b16aef903539586 8e5ed4686d244131b219cdb16110621c - - f0995a38b42f4486b48eec9bb5e5397d f0995a38b42f4486b48eec9bb5e5397d] 10.0.0.175 "GET /resource_providers/2bd918cf-5021-4260-8619-45b5a6befc82/aggregates" status: 404 len: 235 microversion: 1.1 [pid: 7|app: 0|req: 441/884] 10.0.0.175 () {32 vars in 815 bytes} [Sat Sep 19 03:11:18 2026] GET /resource_providers/2bd918cf-5021-4260-8619-45b5a6befc82/aggregates => generated 235 bytes in 11 msecs (HTTP/1.1 404) 5 headers in 202 bytes (1 switches on core 0)
2026-09-19 03:11:18.035 8 INFO placement.requestlog [None req-0c6fd1cd-0c78-4640-ae09-e80a39537c39 e3750e12f5cc47379b16aef903539586 8e5ed4686d244131b219cdb16110621c - - f0995a38b42f4486b48eec9bb5e5397d f0995a38b42f4486b48eec9bb5e5397d] 10.0.0.175 "DELETE /resource_providers/2bd918cf-5021-4260-8619-45b5a6befc82" status: 404 len: 246 microversion: 1.1 [pid: 8|app: 0|req: 444/885] 10.0.0.175 () {34 vars in 815 bytes} [Sat Sep 19 03:11:18 2026] DELETE /resource_providers/2bd918cf-5021-4260-8619-45b5a6befc82 => generated 246 bytes in 8 msecs (HTTP/1.1 404) 6 headers in 231 bytes (1 switches on core 0)
2026-09-19 03:11:18.037 7 INFO placement.requestlog [None req-69bb7144-af62-47f3-849b-12c93d779665 e3750e12f5cc47379b16aef903539586 8e5ed4686d244131b219cdb16110621c - - f0995a38b42f4486b48eec9bb5e5397d f0995a38b42f4486b48eec9bb5e5397d] 10.0.0.175 "DELETE /resource_providers/2bd918cf-5021-4260-8619-45b5a6befc82" status: 404 len: 246 microversion: 1.1 [pid: 7|app: 0|req: 442/886] 10.0.0.175 () {34 vars in 815 bytes} [Sat Sep 19 03:11:18 2026] DELETE /resource_providers/2bd918cf-5021-4260-8619-45b5a6befc82 => generated 246 bytes in 10 msecs (HTTP/1.1 404) 6 headers in 231 bytes (1 switches on core 0)
2026-09-19 03:11:25.243 8 INFO placement.requestlog [None req-5f21d708-ed72-4cf4-b206-e781d342c6d5 - - - - - -] 10.0.0.72 "GET /" status: 200 len: 136 microversion: 1.0
2026-09-19 03:11:25.245 7 INFO placement.requestlog [None req-580a25e2-2f64-420d-8118-2a4c7360238b - - - - - -] 10.0.0.72 "GET /" status: 200 len: 136 microversion: 1.0
2026-09-19 03:11:26.712 8 INFO placement.requestlog [None req-a384141b-fa1a-49fc-b9e1-546046c90c21 e3750e12f5cc47379b16aef903539586 8e5ed4686d244131b219cdb16110621c - - f0995a38b42f4486b48eec9bb5e5397d f0995a38b42f4486b48eec9bb5e5397d] 10.0.0.175 "GET /resource_providers/66119672-adfd-441e-8a1b-e4fb5af536f8/aggregates" status: 404 len: 235 microversion: 1.1 [pid: 8|app: 0|req: 446/889] 10.0.0.175 () {32 vars in 815 bytes} [Sat Sep 19 03:11:26 2026] GET /resource_providers/66119672-adfd-441e-8a1b-e4fb5af536f8/aggregates => generated 235 bytes in 10 msecs (HTTP/1.1 404) 5 headers in 202 bytes (1 switches on core 0)
2026-09-19 03:11:26.720 7 INFO placement.requestlog [None req-ad37091a-fee8-40ad-a023-9b534bca1122 e3750e12f5cc47379b16aef903539586 8e5ed4686d244131b219cdb16110621c - - f0995a38b42f4486b48eec9bb5e5397d f0995a38b42f4486b48eec9bb5e5397d] 10.0.0.175 "GET /resource_providers/66119672-adfd-441e-8a1b-e4fb5af536f8/aggregates" status: 404 len: 235 microversion: 1.1 [pid: 7|app: 0|req: 444/890] 10.0.0.175 () {32 vars in 815 bytes} [Sat Sep 19 03:11:26 2026] GET /resource_providers/66119672-adfd-441e-8a1b-e4fb5af536f8/aggregates => generated 235 bytes in 12 msecs (HTTP/1.1 404) 5 headers in 202 bytes (1 switches on core 0)
2026-09-19 03:11:26.751 8 INFO placement.requestlog [None req-73f57d17-abd4-404b-8023-f0a8b64e08d2 e3750e12f5cc47379b16aef903539586 8e5ed4686d244131b219cdb16110621c - - f0995a38b42f4486b48eec9bb5e5397d f0995a38b42f4486b48eec9bb5e5397d] 10.0.0.175 "DELETE /resource_providers/66119672-adfd-441e-8a1b-e4fb5af536f8" status: 404 len: 246 microversion: 1.1 [pid: 8|app: 0|req: 447/891] 10.0.0.175 () {34 vars in 815 bytes} [Sat Sep 19 03:11:26 2026] DELETE /resource_providers/66119672-adfd-441e-8a1b-e4fb5af536f8 => generated 246 bytes in 9 msecs (HTTP/1.1 404) 6 headers in 231 bytes (1 switches on core 0)
2026-09-19 03:11:26.759 7 INFO placement.requestlog [None req-899dd8d5-470b-4474-bfd8-1784951a5c7e e3750e12f5cc47379b16aef903539586 8e5ed4686d244131b219cdb16110621c - - f0995a38b42f4486b48eec9bb5e5397d f0995a38b42f4486b48eec9bb5e5397d] 10.0.0.175 "DELETE /resource_providers/66119672-adfd-441e-8a1b-e4fb5af536f8" status: 404 len: 246 microversion: 1.1 [pid: 7|app: 0|req: 445/892] 10.0.0.175 () {34 vars in 815 bytes} [Sat Sep 19 03:11:26 2026] DELETE /resource_providers/66119672-adfd-441e-8a1b-e4fb5af536f8 => generated 246 bytes in 14 msecs (HTTP/1.1 404) 6 headers in 231 bytes (1 switches on core 0)
2026-09-19 03:11:29.391 8 INFO placement.requestlog [None req-4385cf26-e132-4f09-aa7c-db91f4b9c6de e3750e12f5cc47379b16aef903539586 8e5ed4686d244131b219cdb16110621c - - f0995a38b42f4486b48eec9bb5e5397d f0995a38b42f4486b48eec9bb5e5397d] 10.0.0.175 "GET /resource_providers/0c93db1d-d09a-46e9-b1a5-17a73b5426ed/aggregates" status: 404 len: 235 microversion: 1.1 [pid: 8|app: 0|req: 448/893] 10.0.0.175 () {32 vars in 815 bytes} [Sat Sep 19 03:11:29 2026] GET /resource_providers/0c93db1d-d09a-46e9-b1a5-17a73b5426ed/aggregates => generated 235 bytes in 18 msecs (HTTP/1.1 404) 5 headers in 202 bytes (1 switches on core 0)
2026-09-19 03:11:29.392 7 INFO placement.requestlog [None req-d16460bf-c2bf-4e25-a1b4-0c139d2d821f e3750e12f5cc47379b16aef903539586 8e5ed4686d244131b219cdb16110621c - - f0995a38b42f4486b48eec9bb5e5397d f0995a38b42f4486b48eec9bb5e5397d] 10.0.0.175 "GET /resource_providers/0c93db1d-d09a-46e9-b1a5-17a73b5426ed/aggregates" status: 404 len: 235 microversion: 1.1 [pid: 7|app: 0|req: 446/894] 10.0.0.175 () {32 vars in 815 bytes} [Sat Sep 19 03:11:29 2026] GET /resource_providers/0c93db1d-d09a-46e9-b1a5-17a73b5426ed/aggregates => generated 235 bytes in 19 msecs (HTTP/1.1 404) 5 headers in 202 bytes (1 switches on core 0)
2026-09-19 03:11:29.411 8 INFO placement.requestlog [None req-ed2e2ff3-4c98-4172-bdcd-2a70519f6d74 e3750e12f5cc47379b16aef903539586 8e5ed4686d244131b219cdb16110621c - - f0995a38b42f4486b48eec9bb5e5397d f0995a38b42f4486b48eec9bb5e5397d] 10.0.0.175 "DELETE /resource_providers/0c93db1d-d09a-46e9-b1a5-17a73b5426ed" status: 404 len: 246 microversion: 1.1 [pid: 8|app: 0|req: 449/895] 10.0.0.175 () {34 vars in 815 bytes} [Sat Sep 19 03:11:29 2026] DELETE /resource_providers/0c93db1d-d09a-46e9-b1a5-17a73b5426ed => generated 246 bytes in 9 msecs (HTTP/1.1 404) 6 headers in 231 bytes (1 switches on core 0)
2026-09-19 03:11:29.415 7 INFO placement.requestlog [None req-3e1053fe-5064-4373-b08c-8587ae1f0abc e3750e12f5cc47379b16aef903539586 8e5ed4686d244131b219cdb16110621c - - f0995a38b42f4486b48eec9bb5e5397d f0995a38b42f4486b48eec9bb5e5397d] 10.0.0.175 "DELETE /resource_providers/0c93db1d-d09a-46e9-b1a5-17a73b5426ed" status: 404 len: 246 microversion: 1.1 [pid: 7|app: 0|req: 447/896] 10.0.0.175 () {34 vars in 815 bytes} [Sat Sep 19 03:11:29 2026] DELETE /resource_providers/0c93db1d-d09a-46e9-b1a5-17a73b5426ed => generated 246 bytes in 12 msecs (HTTP/1.1 404) 6 headers in 231 bytes (1 switches on core 0)
2026-09-19 03:11:31.135 8 INFO placement.requestlog [None req-f700d5c8-431e-4edd-8c74-8fb704f047ee e3750e12f5cc47379b16aef903539586 8e5ed4686d244131b219cdb16110621c - - f0995a38b42f4486b48eec9bb5e5397d f0995a38b42f4486b48eec9bb5e5397d] 10.0.0.175 "GET /resource_providers/74f03665-d965-4dee-8f9a-a223c25e0c09/aggregates" status: 404 len: 235 microversion: 1.1 [pid: 8|app: 0|req: 450/897] 10.0.0.175 () {32 vars in 815 bytes} [Sat Sep 19 03:11:31 2026] GET /resource_providers/74f03665-d965-4dee-8f9a-a223c25e0c09/aggregates => generated 235 bytes in 11 msecs (HTTP/1.1 404) 5 headers in 202 bytes (1 switches on core 0)
2026-09-19 03:11:31.138 7 INFO placement.requestlog [None req-571e04ed-16db-47ef-8a0f-61cb89a5e23f e3750e12f5cc47379b16aef903539586 8e5ed4686d244131b219cdb16110621c - - f0995a38b42f4486b48eec9bb5e5397d f0995a38b42f4486b48eec9bb5e5397d] 10.0.0.175 "GET /resource_providers/74f03665-d965-4dee-8f9a-a223c25e0c09/aggregates" status: 404 len: 235 microversion: 1.1 [pid: 7|app: 0|req: 448/898] 10.0.0.175 () {32 vars in 815 bytes} [Sat Sep 19 03:11:31 2026] GET /resource_providers/74f03665-d965-4dee-8f9a-a223c25e0c09/aggregates => generated 235 bytes in 10 msecs (HTTP/1.1 404) 5 headers in 202 bytes (1 switches on core 0)
2026-09-19 03:11:31.162 8 INFO placement.requestlog [None req-32151f48-d2f1-4dfe-9e18-ae9ff72c7d98 e3750e12f5cc47379b16aef903539586 8e5ed4686d244131b219cdb16110621c - - f0995a38b42f4486b48eec9bb5e5397d f0995a38b42f4486b48eec9bb5e5397d] 10.0.0.175 "DELETE /resource_providers/74f03665-d965-4dee-8f9a-a223c25e0c09" status: 404 len: 246 microversion: 1.1 [pid: 8|app: 0|req: 451/899] 10.0.0.175 () {34 vars in 815 bytes} [Sat Sep 19 03:11:31 2026] DELETE /resource_providers/74f03665-d965-4dee-8f9a-a223c25e0c09 => generated 246 bytes in 10 msecs (HTTP/1.1 404) 6 headers in 231 bytes (1 switches on core 0)
2026-09-19 03:11:31.164 7 INFO placement.requestlog [None req-80556786-ea35-46cd-84e8-02e52e271086 e3750e12f5cc47379b16aef903539586 8e5ed4686d244131b219cdb16110621c - - f0995a38b42f4486b48eec9bb5e5397d f0995a38b42f4486b48eec9bb5e5397d] 10.0.0.175 "DELETE /resource_providers/74f03665-d965-4dee-8f9a-a223c25e0c09" status: 404 len: 246 microversion: 1.1 [pid: 7|app: 0|req: 449/900] 10.0.0.175 () {34 vars in 815 bytes} [Sat Sep 19 03:11:31 2026] DELETE /resource_providers/74f03665-d965-4dee-8f9a-a223c25e0c09 => generated 246 bytes in 12 msecs (HTTP/1.1 404) 6 headers in 231 bytes (1 switches on core 0)
2026-09-19 03:11:31.298 8 INFO placement.requestlog [req-dd30a763-27af-4fe0-b13a-10f5baacdc41 req-216ca737-5756-4e7e-be58-13552d9e873b 10745404da2c49bf8c34cdbfe4ee8ab3 8e5ed4686d244131b219cdb16110621c - - f0995a38b42f4486b48eec9bb5e5397d f0995a38b42f4486b48eec9bb5e5397d] 10.0.0.203 "GET /allocation_candidates?limit=1000&resources=DISK_GB%3A1%2CMEMORY_MB%3A512%2CVCPU%3A1&root_required=%21COMPUTE_STATUS_DISABLED" status: 200 len: 2190 microversion: 1.36 [pid: 8|app: 0|req: 452/901] 10.0.0.203 () {34 vars in 1011 bytes} [Sat Sep 19 03:11:31 2026] GET /allocation_candidates?limit=1000&resources=DISK_GB%3A1%2CMEMORY_MB%3A512%2CVCPU%3A1&root_required=%21COMPUTE_STATUS_DISABLED => generated 2190 bytes in 56 msecs (HTTP/1.1 200) 8 headers in 297 bytes (1 switches on core 0)
2026-09-19 03:11:31.350 7 INFO placement.requestlog [req-dd30a763-27af-4fe0-b13a-10f5baacdc41 req-16cf46f9-9826-4b7b-bdd9-ccfa46114521 10745404da2c49bf8c34cdbfe4ee8ab3 8e5ed4686d244131b219cdb16110621c - - f0995a38b42f4486b48eec9bb5e5397d f0995a38b42f4486b48eec9bb5e5397d] 10.0.0.203 "GET /allocations/04553a11-00bc-4d2c-b52c-7319d4db9a05" status: 200 len: 19 microversion: 1.28 [pid: 7|app: 0|req: 450/902] 10.0.0.203 () {34 vars in 860 bytes} [Sat Sep 19 03:11:31 2026] GET /allocations/04553a11-00bc-4d2c-b52c-7319d4db9a05 => generated 19 bytes in 16 msecs (HTTP/1.1 200) 8 headers in 295 bytes (1 switches on core 0)
2026-09-19 03:11:31.432 8 INFO placement.requestlog [req-dd30a763-27af-4fe0-b13a-10f5baacdc41 req-d433e844-90d9-445e-ae2e-be358c8b44dd 10745404da2c49bf8c34cdbfe4ee8ab3 8e5ed4686d244131b219cdb16110621c - - f0995a38b42f4486b48eec9bb5e5397d f0995a38b42f4486b48eec9bb5e5397d] 10.0.0.203 "PUT /allocations/04553a11-00bc-4d2c-b52c-7319d4db9a05" status: 204 len: 0 microversion: 1.36 [pid: 8|app: 0|req: 453/903] 10.0.0.203 () {38 vars in 913 bytes} [Sat Sep 19 03:11:31 2026] PUT /allocations/04553a11-00bc-4d2c-b52c-7319d4db9a05 => generated 0 bytes in 72 msecs (HTTP/1.1 204) 5 headers in 199 bytes (1 switches on core 0)
2026-09-19 03:11:31.442 8 INFO placement.requestlog [None req-9df4b897-d4ea-4e92-aaec-10cf703521e3 e3750e12f5cc47379b16aef903539586 8e5ed4686d244131b219cdb16110621c - - f0995a38b42f4486b48eec9bb5e5397d f0995a38b42f4486b48eec9bb5e5397d] 10.0.0.175 "GET /resource_providers/9faaee14-7ae6-4f23-8179-39a011950664/aggregates" status: 404 len: 235 microversion: 1.1 [pid: 8|app: 0|req: 454/904] 10.0.0.175 () {32 vars in 815 bytes} [Sat Sep 19 03:11:31 2026] GET /resource_providers/9faaee14-7ae6-4f23-8179-39a011950664/aggregates => generated 235 bytes in 10 msecs (HTTP/1.1 404) 5 headers in 202 bytes (1 switches on core 0)
2026-09-19 03:11:31.444 7 INFO placement.requestlog [None req-657b81d3-7346-4c20-a80d-4334321d9470 e3750e12f5cc47379b16aef903539586 8e5ed4686d244131b219cdb16110621c - - f0995a38b42f4486b48eec9bb5e5397d f0995a38b42f4486b48eec9bb5e5397d] 10.0.0.175 "GET /resource_providers/9faaee14-7ae6-4f23-8179-39a011950664/aggregates" status: 404 len: 235 microversion: 1.1 [pid: 7|app: 0|req: 451/905] 10.0.0.175 () {32 vars in 815 bytes} [Sat Sep 19 03:11:31 2026] GET /resource_providers/9faaee14-7ae6-4f23-8179-39a011950664/aggregates => generated 235 bytes in 24 msecs (HTTP/1.1 404) 5 headers in 202 bytes (1 switches on core 0)
2026-09-19 03:11:31.461 8 INFO placement.requestlog [None req-b13339f6-d54c-492b-9026-f7c2e49b7a77 e3750e12f5cc47379b16aef903539586 8e5ed4686d244131b219cdb16110621c - - f0995a38b42f4486b48eec9bb5e5397d f0995a38b42f4486b48eec9bb5e5397d] 10.0.0.175 "DELETE /resource_providers/9faaee14-7ae6-4f23-8179-39a011950664" status: 404 len: 246 microversion: 1.1 [pid: 8|app: 0|req: 455/906] 10.0.0.175 () {34 vars in 815 bytes} [Sat Sep 19 03:11:31 2026] DELETE /resource_providers/9faaee14-7ae6-4f23-8179-39a011950664 => generated 246 bytes in 10 msecs (HTTP/1.1 404) 6 headers in 231 bytes (1 switches on core 0)
2026-09-19 03:11:31.472 7 INFO placement.requestlog [None req-ccc6d6b4-0716-4a60-bfd9-d7d6c04474b6 e3750e12f5cc47379b16aef903539586 8e5ed4686d244131b219cdb16110621c - - f0995a38b42f4486b48eec9bb5e5397d f0995a38b42f4486b48eec9bb5e5397d] 10.0.0.175 "DELETE /resource_providers/9faaee14-7ae6-4f23-8179-39a011950664" status: 404 len: 246 microversion: 1.1 [pid: 7|app: 0|req: 452/907] 10.0.0.175 () {34 vars in 815 bytes} [Sat Sep 19 03:11:31 2026] DELETE /resource_providers/9faaee14-7ae6-4f23-8179-39a011950664 => generated 246 bytes in 15 msecs (HTTP/1.1 404) 6 headers in 231 bytes (1 switches on core 0)
2026-09-19 03:11:31.733 8 INFO placement.requestlog [req-dd30a763-27af-4fe0-b13a-10f5baacdc41 req-f74bf5da-abfd-45a1-b239-ce8f8fa914c7 10745404da2c49bf8c34cdbfe4ee8ab3 8e5ed4686d244131b219cdb16110621c - - f0995a38b42f4486b48eec9bb5e5397d f0995a38b42f4486b48eec9bb5e5397d] 162.253.55.104 "GET /allocations/04553a11-00bc-4d2c-b52c-7319d4db9a05" status: 200 len: 258 microversion: 1.28 [pid: 8|app: 0|req: 456/908] 162.253.55.104 () {34 vars in 862 bytes} [Sat Sep 19 03:11:31 2026] GET /allocations/04553a11-00bc-4d2c-b52c-7319d4db9a05 => generated 258 bytes in 22 msecs (HTTP/1.1 200) 8 headers in 296 bytes (1 switches on core 0)
2026-09-19 03:11:31.875 7 INFO placement.requestlog [req-dd30a763-27af-4fe0-b13a-10f5baacdc41 req-50db67d0-5c15-41bc-9a74-8e8e79613d3f 10745404da2c49bf8c34cdbfe4ee8ab3 8e5ed4686d244131b219cdb16110621c - - f0995a38b42f4486b48eec9bb5e5397d f0995a38b42f4486b48eec9bb5e5397d] 162.253.55.104 "GET /resource_providers/6a1ba89c-1326-4aa2-b3fc-1202de9d62f0/allocations" status: 200 len: 253 microversion: 1.0 [pid: 7|app: 0|req: 453/909] 162.253.55.104 () {32 vars in 856 bytes} [Sat Sep 19 03:11:31 2026] GET /resource_providers/6a1ba89c-1326-4aa2-b3fc-1202de9d62f0/allocations => generated 253 bytes in 32 msecs (HTTP/1.1 200) 6 headers in 224 bytes (1 switches on core 0)
2026-09-19 03:11:31.905 8 INFO placement.requestlog [req-dd30a763-27af-4fe0-b13a-10f5baacdc41 req-57c90578-50e2-4dfa-988b-e2a197c6a290 10745404da2c49bf8c34cdbfe4ee8ab3 8e5ed4686d244131b219cdb16110621c - - f0995a38b42f4486b48eec9bb5e5397d f0995a38b42f4486b48eec9bb5e5397d] 162.253.55.104 "GET /allocations/e4a63211-a495-4078-81f3-291554689c6a" status: 200 len: 258 microversion: 1.28 [pid: 8|app: 0|req: 457/910] 162.253.55.104 () {34 vars in 862 bytes} [Sat Sep 19 03:11:31 2026] GET /allocations/e4a63211-a495-4078-81f3-291554689c6a => generated 258 bytes in 20 msecs (HTTP/1.1 200) 8 headers in 296 bytes (1 switches on core 0)
2026-09-19 03:11:31.940 7 INFO placement.requestlog [req-dd30a763-27af-4fe0-b13a-10f5baacdc41 req-3d7243c6-88a2-4b6c-a7ae-f578ba981d29 10745404da2c49bf8c34cdbfe4ee8ab3 8e5ed4686d244131b219cdb16110621c - - f0995a38b42f4486b48eec9bb5e5397d f0995a38b42f4486b48eec9bb5e5397d] 162.253.55.104 "GET /allocations/04553a11-00bc-4d2c-b52c-7319d4db9a05" status: 200 len: 258 microversion: 1.28 [pid: 7|app: 0|req: 454/911] 162.253.55.104 () {34 vars in 862 bytes} [Sat Sep 19 03:11:31 2026] GET /allocations/04553a11-00bc-4d2c-b52c-7319d4db9a05 => generated 258 bytes in 26 msecs (HTTP/1.1 200) 8 headers in 296 bytes (1 switches on core 0)
2026-09-19 03:11:33.188 7 INFO placement.requestlog [None req-327cec89-abbc-4672-8634-c2bdbbfc1e21 e3750e12f5cc47379b16aef903539586 8e5ed4686d244131b219cdb16110621c - - f0995a38b42f4486b48eec9bb5e5397d f0995a38b42f4486b48eec9bb5e5397d] 10.0.0.175 "GET /resource_providers/c87723a3-2dea-4f92-82ba-0f6a21cd0a02/aggregates" status: 404 len: 235 microversion: 1.1 [pid: 7|app: 0|req: 455/912] 10.0.0.175 () {32 vars in 815 bytes} [Sat Sep 19 03:11:33 2026] GET /resource_providers/c87723a3-2dea-4f92-82ba-0f6a21cd0a02/aggregates => generated 235 bytes in 13 msecs (HTTP/1.1 404) 5 headers in 202 bytes (1 switches on core 0)
2026-09-19 03:11:33.189 8 INFO placement.requestlog [None req-43aeeb03-41f7-4cfd-926b-116361174c20 e3750e12f5cc47379b16aef903539586 8e5ed4686d244131b219cdb16110621c - - f0995a38b42f4486b48eec9bb5e5397d f0995a38b42f4486b48eec9bb5e5397d] 10.0.0.175 "GET /resource_providers/c87723a3-2dea-4f92-82ba-0f6a21cd0a02/aggregates" status: 404 len: 235 microversion: 1.1 [pid: 8|app: 0|req: 458/913] 10.0.0.175 () {32 vars in 815 bytes} [Sat Sep 19 03:11:33 2026] GET /resource_providers/c87723a3-2dea-4f92-82ba-0f6a21cd0a02/aggregates => generated 235 bytes in 20 msecs (HTTP/1.1 404) 5 headers in 202 bytes (1 switches on core 0)
2026-09-19 03:11:33.209 7 INFO placement.requestlog [None req-9d7bd8c9-893a-432c-bcf3-a06416382ac9 e3750e12f5cc47379b16aef903539586 8e5ed4686d244131b219cdb16110621c - - f0995a38b42f4486b48eec9bb5e5397d f0995a38b42f4486b48eec9bb5e5397d] 10.0.0.175 "DELETE /resource_providers/c87723a3-2dea-4f92-82ba-0f6a21cd0a02" status: 404 len: 246 microversion: 1.1 [pid: 7|app: 0|req: 456/914] 10.0.0.175 () {34 vars in 815 bytes} [Sat Sep 19 03:11:33 2026] DELETE /resource_providers/c87723a3-2dea-4f92-82ba-0f6a21cd0a02 => generated 246 bytes in 11 msecs (HTTP/1.1 404) 6 headers in 231 bytes (1 switches on core 0)
2026-09-19 03:11:33.212 8 INFO placement.requestlog [None req-de790810-3567-4992-96b2-bedb69545cb3 e3750e12f5cc47379b16aef903539586 8e5ed4686d244131b219cdb16110621c - - f0995a38b42f4486b48eec9bb5e5397d f0995a38b42f4486b48eec9bb5e5397d] 10.0.0.175 "DELETE /resource_providers/c87723a3-2dea-4f92-82ba-0f6a21cd0a02" status: 404 len: 246 microversion: 1.1 [pid: 8|app: 0|req: 459/915] 10.0.0.175 () {34 vars in 815 bytes} [Sat Sep 19 03:11:33 2026] DELETE /resource_providers/c87723a3-2dea-4f92-82ba-0f6a21cd0a02 => generated 246 bytes in 13 msecs (HTTP/1.1 404) 6 headers in 231 bytes (1 switches on core 0)
2026-09-19 03:11:33.481 7 INFO placement.requestlog [None req-d35f5d5d-58ce-4f9e-bdae-82c29bb3061b e3750e12f5cc47379b16aef903539586 8e5ed4686d244131b219cdb16110621c - - f0995a38b42f4486b48eec9bb5e5397d f0995a38b42f4486b48eec9bb5e5397d] 10.0.0.175 "GET /resource_providers/3c0aaba7-d439-4ecc-bc47-f48a41cf4580/aggregates" status: 404 len: 235 microversion: 1.1 [pid: 7|app: 0|req: 457/916] 10.0.0.175 () {32 vars in 815 bytes} [Sat Sep 19 03:11:33 2026] GET /resource_providers/3c0aaba7-d439-4ecc-bc47-f48a41cf4580/aggregates => generated 235 bytes in 13 msecs (HTTP/1.1 404) 5 headers in 202 bytes (1 switches on core 0)
2026-09-19 03:11:33.491 8 INFO placement.requestlog [None req-cb36d326-57b2-4ec8-9fc0-abb7ca5ab045 e3750e12f5cc47379b16aef903539586 8e5ed4686d244131b219cdb16110621c - - f0995a38b42f4486b48eec9bb5e5397d f0995a38b42f4486b48eec9bb5e5397d] 10.0.0.175 "GET /resource_providers/3c0aaba7-d439-4ecc-bc47-f48a41cf4580/aggregates" status: 404 len: 235 microversion: 1.1 [pid: 8|app: 0|req: 460/917] 10.0.0.175 () {32 vars in 815 bytes} [Sat Sep 19 03:11:33 2026] GET /resource_providers/3c0aaba7-d439-4ecc-bc47-f48a41cf4580/aggregates => generated 235 bytes in 12 msecs (HTTP/1.1 404) 5 headers in 202 bytes (1 switches on core 0)
2026-09-19 03:11:33.498 7 INFO placement.requestlog [None req-13b889a1-671b-4464-bbea-54a4b40e25b9 e3750e12f5cc47379b16aef903539586 8e5ed4686d244131b219cdb16110621c - - f0995a38b42f4486b48eec9bb5e5397d f0995a38b42f4486b48eec9bb5e5397d] 10.0.0.175 "DELETE /resource_providers/3c0aaba7-d439-4ecc-bc47-f48a41cf4580" status: 404 len: 246 microversion: 1.1 [pid: 7|app: 0|req: 458/918] 10.0.0.175 () {34 vars in 815 bytes} [Sat Sep 19 03:11:33 2026] DELETE /resource_providers/3c0aaba7-d439-4ecc-bc47-f48a41cf4580 => generated 246 bytes in 10 msecs (HTTP/1.1 404) 6 headers in 231 bytes (1 switches on core 0)
2026-09-19 03:11:33.511 8 INFO placement.requestlog [None req-a33f8acc-564c-4c6b-9fd7-5b92b59be218 e3750e12f5cc47379b16aef903539586 8e5ed4686d244131b219cdb16110621c - - f0995a38b42f4486b48eec9bb5e5397d f0995a38b42f4486b48eec9bb5e5397d] 10.0.0.175 "DELETE /resource_providers/3c0aaba7-d439-4ecc-bc47-f48a41cf4580" status: 404 len: 246 microversion: 1.1 [pid: 8|app: 0|req: 461/919] 10.0.0.175 () {34 vars in 815 bytes} [Sat Sep 19 03:11:33 2026] DELETE /resource_providers/3c0aaba7-d439-4ecc-bc47-f48a41cf4580 => generated 246 bytes in 13 msecs (HTTP/1.1 404) 6 headers in 231 bytes (1 switches on core 0)
2026-09-19 03:11:35.242 7 INFO placement.requestlog [None req-3c5c78de-20e4-4b80-82d7-6f407a7c3bed - - - - - -] 10.0.0.72 "GET /" status: 200 len: 136 microversion: 1.0
2026-09-19 03:11:35.242 8 INFO placement.requestlog [None req-f46452f6-961c-4649-a884-0dccf6dff9cd - - - - - -] 10.0.0.72 "GET /" status: 200 len: 136 microversion: 1.0
2026-09-19 03:11:37.513 8 INFO placement.requestlog [None req-66a51996-7256-4930-aa40-79251f60c086 e3750e12f5cc47379b16aef903539586 8e5ed4686d244131b219cdb16110621c - - f0995a38b42f4486b48eec9bb5e5397d f0995a38b42f4486b48eec9bb5e5397d] 10.0.0.175 "GET /resource_providers/2945f61c-b815-49ca-bdf1-d4e00d0d7428/aggregates" status: 404 len: 235 microversion: 1.1 [pid: 8|app: 0|req: 463/922] 10.0.0.175 () {32 vars in 815 bytes} [Sat Sep 19 03:11:37 2026] GET /resource_providers/2945f61c-b815-49ca-bdf1-d4e00d0d7428/aggregates => generated 235 bytes in 10 msecs (HTTP/1.1 404) 5 headers in 202 bytes (1 switches on core 0)
2026-09-19 03:11:37.520 7 INFO placement.requestlog [None req-1a9854a0-0695-4ba6-8da0-e94fcfbb61e3 e3750e12f5cc47379b16aef903539586 8e5ed4686d244131b219cdb16110621c - - f0995a38b42f4486b48eec9bb5e5397d f0995a38b42f4486b48eec9bb5e5397d] 10.0.0.175 "GET /resource_providers/2945f61c-b815-49ca-bdf1-d4e00d0d7428/aggregates" status: 404 len: 235 microversion: 1.1 [pid: 7|app: 0|req: 460/923] 10.0.0.175 () {32 vars in 815 bytes} [Sat Sep 19 03:11:37 2026] GET /resource_providers/2945f61c-b815-49ca-bdf1-d4e00d0d7428/aggregates => generated 235 bytes in 18 msecs (HTTP/1.1 404) 5 headers in 202 bytes (1 switches on core 0)
2026-09-19 03:11:37.539 8 INFO placement.requestlog [None req-1a7994dd-f744-4879-9fdc-e1db29087098 e3750e12f5cc47379b16aef903539586 8e5ed4686d244131b219cdb16110621c - - f0995a38b42f4486b48eec9bb5e5397d f0995a38b42f4486b48eec9bb5e5397d] 10.0.0.175 "DELETE /resource_providers/2945f61c-b815-49ca-bdf1-d4e00d0d7428" status: 404 len: 246 microversion: 1.1 [pid: 8|app: 0|req: 464/924] 10.0.0.175 () {34 vars in 815 bytes} [Sat Sep 19 03:11:37 2026] DELETE /resource_providers/2945f61c-b815-49ca-bdf1-d4e00d0d7428 => generated 246 bytes in 8 msecs (HTTP/1.1 404) 6 headers in 231 bytes (1 switches on core 0)
2026-09-19 03:11:37.558 7 INFO placement.requestlog [None req-fe44432a-0be9-49a4-a97c-67acbfd496de e3750e12f5cc47379b16aef903539586 8e5ed4686d244131b219cdb16110621c - - f0995a38b42f4486b48eec9bb5e5397d f0995a38b42f4486b48eec9bb5e5397d] 10.0.0.175 "DELETE /resource_providers/2945f61c-b815-49ca-bdf1-d4e00d0d7428" status: 404 len: 246 microversion: 1.1 [pid: 7|app: 0|req: 461/925] 10.0.0.175 () {34 vars in 815 bytes} [Sat Sep 19 03:11:37 2026] DELETE /resource_providers/2945f61c-b815-49ca-bdf1-d4e00d0d7428 => generated 246 bytes in 17 msecs (HTTP/1.1 404) 6 headers in 231 bytes (1 switches on core 0)
2026-09-19 03:11:38.357 7 INFO placement.requestlog [None req-6d3125e6-7934-486a-91f0-3d584ea8800f e3750e12f5cc47379b16aef903539586 8e5ed4686d244131b219cdb16110621c - - f0995a38b42f4486b48eec9bb5e5397d f0995a38b42f4486b48eec9bb5e5397d] 10.0.0.175 "GET /resource_providers/01816a7a-9e7b-4e54-843b-44b9d8b44cd8/aggregates" status: 404 len: 235 microversion: 1.1 [pid: 7|app: 0|req: 462/926] 10.0.0.175 () {32 vars in 815 bytes} [Sat Sep 19 03:11:38 2026] GET /resource_providers/01816a7a-9e7b-4e54-843b-44b9d8b44cd8/aggregates => generated 235 bytes in 10 msecs (HTTP/1.1 404) 5 headers in 202 bytes (1 switches on core 0)
2026-09-19 03:11:38.359 8 INFO placement.requestlog [None req-e213b96d-dfe6-4b81-ae61-6df95521679d e3750e12f5cc47379b16aef903539586 8e5ed4686d244131b219cdb16110621c - - f0995a38b42f4486b48eec9bb5e5397d f0995a38b42f4486b48eec9bb5e5397d] 10.0.0.175 "GET /resource_providers/01816a7a-9e7b-4e54-843b-44b9d8b44cd8/aggregates" status: 404 len: 235 microversion: 1.1 [pid: 8|app: 0|req: 465/927] 10.0.0.175 () {32 vars in 815 bytes} [Sat Sep 19 03:11:38 2026] GET /resource_providers/01816a7a-9e7b-4e54-843b-44b9d8b44cd8/aggregates => generated 235 bytes in 16 msecs (HTTP/1.1 404) 5 headers in 202 bytes (1 switches on core 0)
2026-09-19 03:11:38.388 7 INFO placement.requestlog [None req-a2446316-e2a5-47e1-8dba-9f3a8f19f9f4 e3750e12f5cc47379b16aef903539586 8e5ed4686d244131b219cdb16110621c - - f0995a38b42f4486b48eec9bb5e5397d f0995a38b42f4486b48eec9bb5e5397d] 10.0.0.175 "DELETE /resource_providers/01816a7a-9e7b-4e54-843b-44b9d8b44cd8" status: 404 len: 246 microversion: 1.1 [pid: 7|app: 0|req: 463/928] 10.0.0.175 () {34 vars in 815 bytes} [Sat Sep 19 03:11:38 2026] DELETE /resource_providers/01816a7a-9e7b-4e54-843b-44b9d8b44cd8 => generated 246 bytes in 10 msecs (HTTP/1.1 404) 6 headers in 231 bytes (1 switches on core 0)
2026-09-19 03:11:38.400 8 INFO placement.requestlog [None req-544f53a5-4d62-4b73-9f7b-d566c1b2e5be e3750e12f5cc47379b16aef903539586 8e5ed4686d244131b219cdb16110621c - - f0995a38b42f4486b48eec9bb5e5397d f0995a38b42f4486b48eec9bb5e5397d] 10.0.0.175 "DELETE /resource_providers/01816a7a-9e7b-4e54-843b-44b9d8b44cd8" status: 404 len: 246 microversion: 1.1 [pid: 8|app: 0|req: 466/929] 10.0.0.175 () {34 vars in 815 bytes} [Sat Sep 19 03:11:38 2026] DELETE /resource_providers/01816a7a-9e7b-4e54-843b-44b9d8b44cd8 => generated 246 bytes in 20 msecs (HTTP/1.1 404) 6 headers in 231 bytes (1 switches on core 0)
2026-09-19 03:11:39.261 7 INFO placement.requestlog [req-75106808-863e-4c81-8432-21bc134add87 req-79a6dbd3-9a71-4571-9f50-14bc46fb04e4 10745404da2c49bf8c34cdbfe4ee8ab3 8e5ed4686d244131b219cdb16110621c - - f0995a38b42f4486b48eec9bb5e5397d f0995a38b42f4486b48eec9bb5e5397d] 162.253.55.104 "GET /resource_providers/6a1ba89c-1326-4aa2-b3fc-1202de9d62f0/allocations" status: 200 len: 253 microversion: 1.0 [pid: 7|app: 0|req: 464/930] 162.253.55.104 () {32 vars in 856 bytes} [Sat Sep 19 03:11:39 2026] GET /resource_providers/6a1ba89c-1326-4aa2-b3fc-1202de9d62f0/allocations => generated 253 bytes in 240 msecs (HTTP/1.1 200) 6 headers in 224 bytes (1 switches on core 0)
2026-09-19 03:11:39.306 8 INFO placement.requestlog [req-75106808-863e-4c81-8432-21bc134add87 req-371cec3f-bcf1-4fcf-a35a-a1803f117b91 10745404da2c49bf8c34cdbfe4ee8ab3 8e5ed4686d244131b219cdb16110621c - - f0995a38b42f4486b48eec9bb5e5397d f0995a38b42f4486b48eec9bb5e5397d] 162.253.55.104 "GET /resource_providers/6a1ba89c-1326-4aa2-b3fc-1202de9d62f0/allocations" status: 200 len: 253 microversion: 1.0 [pid: 8|app: 0|req: 467/931] 162.253.55.104 () {32 vars in 856 bytes} [Sat Sep 19 03:11:39 2026] GET /resource_providers/6a1ba89c-1326-4aa2-b3fc-1202de9d62f0/allocations => generated 253 bytes in 36 msecs (HTTP/1.1 200) 6 headers in 224 bytes (1 switches on core 0)
2026-09-19 03:11:39.332 7 INFO placement.requestlog [req-75106808-863e-4c81-8432-21bc134add87 req-8b151fdc-4b96-4435-8a66-a1ef348189ae 10745404da2c49bf8c34cdbfe4ee8ab3 8e5ed4686d244131b219cdb16110621c - - f0995a38b42f4486b48eec9bb5e5397d f0995a38b42f4486b48eec9bb5e5397d] 162.253.55.104 "GET /allocations/e4a63211-a495-4078-81f3-291554689c6a" status: 200 len: 258 microversion: 1.28 [pid: 7|app: 0|req: 465/932] 162.253.55.104 () {34 vars in 862 bytes} [Sat Sep 19 03:11:39 2026] GET /allocations/e4a63211-a495-4078-81f3-291554689c6a => generated 258 bytes in 11 msecs (HTTP/1.1 200) 8 headers in 296 bytes (1 switches on core 0)
2026-09-19 03:11:39.351 8 INFO placement.requestlog [req-75106808-863e-4c81-8432-21bc134add87 req-59ac16ac-0f89-4be7-af37-cef7f1668c37 10745404da2c49bf8c34cdbfe4ee8ab3 8e5ed4686d244131b219cdb16110621c - - f0995a38b42f4486b48eec9bb5e5397d f0995a38b42f4486b48eec9bb5e5397d] 162.253.55.104 "GET /allocations/04553a11-00bc-4d2c-b52c-7319d4db9a05" status: 200 len: 258 microversion: 1.28 [pid: 8|app: 0|req: 468/933] 162.253.55.104 () {34 vars in 862 bytes} [Sat Sep 19 03:11:39 2026] GET /allocations/04553a11-00bc-4d2c-b52c-7319d4db9a05 => generated 258 bytes in 11 msecs (HTTP/1.1 200) 8 headers in 296 bytes (1 switches on core 0)
2026-09-19 03:11:43.863 8 INFO placement.requestlog [None req-0aa1bc7e-6dac-40ad-a080-9005848b8a66 e3750e12f5cc47379b16aef903539586 8e5ed4686d244131b219cdb16110621c - - f0995a38b42f4486b48eec9bb5e5397d f0995a38b42f4486b48eec9bb5e5397d] 10.0.0.175 "GET /resource_providers/86139100-6a48-4420-bcfb-32837c711e71/aggregates" status: 404 len: 235 microversion: 1.1
2026-09-19 03:11:43.863 7 INFO placement.requestlog [None req-f2fcce38-2b9a-45e5-ab86-4f162dd387da e3750e12f5cc47379b16aef903539586 8e5ed4686d244131b219cdb16110621c - - f0995a38b42f4486b48eec9bb5e5397d f0995a38b42f4486b48eec9bb5e5397d] 10.0.0.175 "GET /resource_providers/86139100-6a48-4420-bcfb-32837c711e71/aggregates" status: 404 len: 235 microversion: 1.1 [pid: 8|app: 0|req: 469/934] 10.0.0.175 () {32 vars in 815 bytes} [Sat Sep 19 03:11:43 2026] GET /resource_providers/86139100-6a48-4420-bcfb-32837c711e71/aggregates => generated 235 bytes in 11 msecs (HTTP/1.1 404) 5 headers in 202 bytes (1 switches on core 0) [pid: 7|app: 0|req: 466/935] 10.0.0.175 () {32 vars in 815 bytes} [Sat Sep 19 03:11:43 2026] GET /resource_providers/86139100-6a48-4420-bcfb-32837c711e71/aggregates => generated 235 bytes in 11 msecs (HTTP/1.1 404) 5 headers in 202 bytes (1 switches on core 0)
2026-09-19 03:11:43.884 8 INFO placement.requestlog [None req-88610793-a937-4b83-b3c0-4c820bb9c6d2 e3750e12f5cc47379b16aef903539586 8e5ed4686d244131b219cdb16110621c - - f0995a38b42f4486b48eec9bb5e5397d f0995a38b42f4486b48eec9bb5e5397d] 10.0.0.175 "DELETE /resource_providers/86139100-6a48-4420-bcfb-32837c711e71" status: 404 len: 246 microversion: 1.1
2026-09-19 03:11:43.884 7 INFO placement.requestlog [None req-5b690649-c1f7-44c9-951a-887b02e9635f e3750e12f5cc47379b16aef903539586 8e5ed4686d244131b219cdb16110621c - - f0995a38b42f4486b48eec9bb5e5397d f0995a38b42f4486b48eec9bb5e5397d] 10.0.0.175 "DELETE /resource_providers/86139100-6a48-4420-bcfb-32837c711e71" status: 404 len: 246 microversion: 1.1 [pid: 8|app: 0|req: 470/936] 10.0.0.175 () {34 vars in 815 bytes} [Sat Sep 19 03:11:43 2026] DELETE /resource_providers/86139100-6a48-4420-bcfb-32837c711e71 => generated 246 bytes in 10 msecs (HTTP/1.1 404) 6 headers in 231 bytes (1 switches on core 0) [pid: 7|app: 0|req: 467/937] 10.0.0.175 () {34 vars in 815 bytes} [Sat Sep 19 03:11:43 2026] DELETE /resource_providers/86139100-6a48-4420-bcfb-32837c711e71 => generated 246 bytes in 10 msecs (HTTP/1.1 404) 6 headers in 231 bytes (1 switches on core 0)
2026-09-19 03:11:45.242 8 INFO placement.requestlog [None req-47400344-bf42-4290-87f6-c30fa648f10e - - - - - -] 10.0.0.72 "GET /" status: 200 len: 136 microversion: 1.0
2026-09-19 03:11:45.245 7 INFO placement.requestlog [None req-6f4389ee-9eca-4963-a1a6-6d88b3b0ac37 - - - - - -] 10.0.0.72 "GET /" status: 200 len: 136 microversion: 1.0
2026-09-19 03:11:45.909 7 INFO placement.requestlog [None req-ac2ffcf9-60af-4605-9ad4-b50dc1a536e9 e3750e12f5cc47379b16aef903539586 8e5ed4686d244131b219cdb16110621c - - f0995a38b42f4486b48eec9bb5e5397d f0995a38b42f4486b48eec9bb5e5397d] 10.0.0.175 "GET /resource_providers/658d6295-9a7e-493a-abea-520fd62a911f/aggregates" status: 404 len: 235 microversion: 1.1 [pid: 7|app: 0|req: 469/940] 10.0.0.175 () {32 vars in 815 bytes} [Sat Sep 19 03:11:45 2026] GET /resource_providers/658d6295-9a7e-493a-abea-520fd62a911f/aggregates => generated 235 bytes in 9 msecs (HTTP/1.1 404) 5 headers in 202 bytes (1 switches on core 0)
2026-09-19 03:11:45.915 8 INFO placement.requestlog [None req-2b4033ff-8e97-4869-a5cf-d901c38951e0 e3750e12f5cc47379b16aef903539586 8e5ed4686d244131b219cdb16110621c - - f0995a38b42f4486b48eec9bb5e5397d f0995a38b42f4486b48eec9bb5e5397d] 10.0.0.175 "GET /resource_providers/658d6295-9a7e-493a-abea-520fd62a911f/aggregates" status: 404 len: 235 microversion: 1.1 [pid: 8|app: 0|req: 472/941] 10.0.0.175 () {32 vars in 815 bytes} [Sat Sep 19 03:11:45 2026] GET /resource_providers/658d6295-9a7e-493a-abea-520fd62a911f/aggregates => generated 235 bytes in 15 msecs (HTTP/1.1 404) 5 headers in 202 bytes (1 switches on core 0)
2026-09-19 03:11:45.929 7 INFO placement.requestlog [None req-83e027bd-7c55-43aa-9a7d-9821053dfdb3 e3750e12f5cc47379b16aef903539586 8e5ed4686d244131b219cdb16110621c - - f0995a38b42f4486b48eec9bb5e5397d f0995a38b42f4486b48eec9bb5e5397d] 10.0.0.175 "DELETE /resource_providers/658d6295-9a7e-493a-abea-520fd62a911f" status: 404 len: 246 microversion: 1.1 [pid: 7|app: 0|req: 470/942] 10.0.0.175 () {34 vars in 815 bytes} [Sat Sep 19 03:11:45 2026] DELETE /resource_providers/658d6295-9a7e-493a-abea-520fd62a911f => generated 246 bytes in 11 msecs (HTTP/1.1 404) 6 headers in 231 bytes (1 switches on core 0)
2026-09-19 03:11:45.963 8 INFO placement.requestlog [None req-913c98e7-ca31-4537-ab4f-be9cc0b9d789 e3750e12f5cc47379b16aef903539586 8e5ed4686d244131b219cdb16110621c - - f0995a38b42f4486b48eec9bb5e5397d f0995a38b42f4486b48eec9bb5e5397d] 10.0.0.175 "DELETE /resource_providers/658d6295-9a7e-493a-abea-520fd62a911f" status: 404 len: 246 microversion: 1.1 [pid: 8|app: 0|req: 473/943] 10.0.0.175 () {34 vars in 815 bytes} [Sat Sep 19 03:11:45 2026] DELETE /resource_providers/658d6295-9a7e-493a-abea-520fd62a911f => generated 246 bytes in 10 msecs (HTTP/1.1 404) 6 headers in 231 bytes (1 switches on core 0)
2026-09-19 03:11:47.602 7 INFO placement.requestlog [req-0f842709-cd68-4a46-b542-ffbe5ea4c3d5 req-e257d605-4089-4e28-8388-35b75ce94373 10745404da2c49bf8c34cdbfe4ee8ab3 8e5ed4686d244131b219cdb16110621c - - f0995a38b42f4486b48eec9bb5e5397d f0995a38b42f4486b48eec9bb5e5397d] 162.253.55.104 "GET /resource_providers/6a1ba89c-1326-4aa2-b3fc-1202de9d62f0/allocations" status: 200 len: 253 microversion: 1.0 [pid: 7|app: 0|req: 471/944] 162.253.55.104 () {32 vars in 856 bytes} [Sat Sep 19 03:11:47 2026] GET /resource_providers/6a1ba89c-1326-4aa2-b3fc-1202de9d62f0/allocations => generated 253 bytes in 19 msecs (HTTP/1.1 200) 6 headers in 224 bytes (1 switches on core 0)
2026-09-19 03:11:47.626 8 INFO placement.requestlog [req-0f842709-cd68-4a46-b542-ffbe5ea4c3d5 req-291f66a2-ac61-4e29-a8c0-97f9f84831be 10745404da2c49bf8c34cdbfe4ee8ab3 8e5ed4686d244131b219cdb16110621c - - f0995a38b42f4486b48eec9bb5e5397d f0995a38b42f4486b48eec9bb5e5397d] 162.253.55.104 "GET /allocations/e4a63211-a495-4078-81f3-291554689c6a" status: 200 len: 258 microversion: 1.28 [pid: 8|app: 0|req: 474/945] 162.253.55.104 () {34 vars in 862 bytes} [Sat Sep 19 03:11:47 2026] GET /allocations/e4a63211-a495-4078-81f3-291554689c6a => generated 258 bytes in 14 msecs (HTTP/1.1 200) 8 headers in 296 bytes (1 switches on core 0)
2026-09-19 03:11:47.645 7 INFO placement.requestlog [req-0f842709-cd68-4a46-b542-ffbe5ea4c3d5 req-b7fba0c9-6201-4169-b2f4-f74cff79bcf4 10745404da2c49bf8c34cdbfe4ee8ab3 8e5ed4686d244131b219cdb16110621c - - f0995a38b42f4486b48eec9bb5e5397d f0995a38b42f4486b48eec9bb5e5397d] 162.253.55.104 "GET /allocations/04553a11-00bc-4d2c-b52c-7319d4db9a05" status: 200 len: 258 microversion: 1.28 [pid: 7|app: 0|req: 472/946] 162.253.55.104 () {34 vars in 862 bytes} [Sat Sep 19 03:11:47 2026] GET /allocations/04553a11-00bc-4d2c-b52c-7319d4db9a05 => generated 258 bytes in 11 msecs (HTTP/1.1 200) 8 headers in 296 bytes (1 switches on core 0)
2026-09-19 03:11:47.736 8 INFO placement.requestlog [req-0f842709-cd68-4a46-b542-ffbe5ea4c3d5 req-b439e59e-9f59-4239-a3c7-4d02d6d2dc78 10745404da2c49bf8c34cdbfe4ee8ab3 8e5ed4686d244131b219cdb16110621c - - f0995a38b42f4486b48eec9bb5e5397d f0995a38b42f4486b48eec9bb5e5397d] 162.253.55.104 "DELETE /allocations/e4a63211-a495-4078-81f3-291554689c6a" status: 204 len: 0 microversion: 1.0 [pid: 8|app: 0|req: 475/947] 162.253.55.104 () {34 vars in 840 bytes} [Sat Sep 19 03:11:47 2026] DELETE /allocations/e4a63211-a495-4078-81f3-291554689c6a => generated 0 bytes in 38 msecs (HTTP/1.1 204) 5 headers in 198 bytes (1 switches on core 0)
2026-09-19 03:11:50.038 8 INFO placement.requestlog [None req-65e0ca57-3316-46dc-a522-a3f25f3ff49d e3750e12f5cc47379b16aef903539586 8e5ed4686d244131b219cdb16110621c - - f0995a38b42f4486b48eec9bb5e5397d f0995a38b42f4486b48eec9bb5e5397d] 10.0.0.175 "GET /resource_providers/94fcfc8e-e610-40b2-9963-dc1818a2b58a/aggregates" status: 404 len: 235 microversion: 1.1
2026-09-19 03:11:50.038 7 INFO placement.requestlog [None req-2e815288-fd88-4d3a-8d38-4c9522b30712 e3750e12f5cc47379b16aef903539586 8e5ed4686d244131b219cdb16110621c - - f0995a38b42f4486b48eec9bb5e5397d f0995a38b42f4486b48eec9bb5e5397d] 10.0.0.175 "GET /resource_providers/94fcfc8e-e610-40b2-9963-dc1818a2b58a/aggregates" status: 404 len: 235 microversion: 1.1 [pid: 8|app: 0|req: 476/948] 10.0.0.175 () {32 vars in 815 bytes} [Sat Sep 19 03:11:50 2026] GET /resource_providers/94fcfc8e-e610-40b2-9963-dc1818a2b58a/aggregates => generated 235 bytes in 14 msecs (HTTP/1.1 404) 5 headers in 202 bytes (1 switches on core 0) [pid: 7|app: 0|req: 473/949] 10.0.0.175 () {32 vars in 815 bytes} [Sat Sep 19 03:11:50 2026] GET /resource_providers/94fcfc8e-e610-40b2-9963-dc1818a2b58a/aggregates => generated 235 bytes in 15 msecs (HTTP/1.1 404) 5 headers in 202 bytes (1 switches on core 0)
2026-09-19 03:11:50.066 8 INFO placement.requestlog [None req-d06b3bf4-030c-4de2-91ac-6e89f30aef2f e3750e12f5cc47379b16aef903539586 8e5ed4686d244131b219cdb16110621c - - f0995a38b42f4486b48eec9bb5e5397d f0995a38b42f4486b48eec9bb5e5397d] 10.0.0.175 "DELETE /resource_providers/94fcfc8e-e610-40b2-9963-dc1818a2b58a" status: 404 len: 246 microversion: 1.1 [pid: 8|app: 0|req: 477/950] 10.0.0.175 () {34 vars in 815 bytes} [Sat Sep 19 03:11:50 2026] DELETE /resource_providers/94fcfc8e-e610-40b2-9963-dc1818a2b58a => generated 246 bytes in 15 msecs (HTTP/1.1 404) 6 headers in 231 bytes (1 switches on core 0)
