2026-07-09 15:45:12.368 7 INFO placement.requestlog [req-d25016cd-4fd4-4aae-9e33-40e037453361 req-dd5de4d8-378c-448b-9082-c32d333e10cb 4c64aebc68804dba85b089fc930d4db8 2c60b5677ce44a48941e1ceeebcb308d - - f65e1348a7e24e37bc17be0b2a4862e0 f65e1348a7e24e37bc17be0b2a4862e0] 10.0.0.236 "GET /allocation_candidates?limit=1000&resources=DISK_GB%3A1%2CMEMORY_MB%3A512%2CVCPU%3A1&root_required=%21COMPUTE_STATUS_DISABLED" status: 200 len: 2219 microversion: 1.36 [pid: 7|app: 0|req: 289/574] 10.0.0.236 () {34 vars in 1012 bytes} [Thu Jul 9 15:45:12 2026] GET /allocation_candidates?limit=1000&resources=DISK_GB%3A1%2CMEMORY_MB%3A512%2CVCPU%3A1&root_required=%21COMPUTE_STATUS_DISABLED => generated 2219 bytes in 53 msecs (HTTP/1.1 200) 8 headers in 297 bytes (1 switches on core 0)
2026-07-09 15:45:12.417 8 INFO placement.requestlog [req-d25016cd-4fd4-4aae-9e33-40e037453361 req-9213df47-cff0-406b-906c-86d00dd8c4bc 4c64aebc68804dba85b089fc930d4db8 2c60b5677ce44a48941e1ceeebcb308d - - f65e1348a7e24e37bc17be0b2a4862e0 f65e1348a7e24e37bc17be0b2a4862e0] 10.0.0.236 "GET /allocations/d9fc50fc-5de2-4802-a6b5-96ac8fc3e6fc" status: 200 len: 19 microversion: 1.28 [pid: 8|app: 0|req: 286/575] 10.0.0.236 () {34 vars in 861 bytes} [Thu Jul 9 15:45:12 2026] GET /allocations/d9fc50fc-5de2-4802-a6b5-96ac8fc3e6fc => generated 19 bytes in 17 msecs (HTTP/1.1 200) 8 headers in 295 bytes (1 switches on core 0)
2026-07-09 15:45:12.490 7 INFO placement.requestlog [req-d25016cd-4fd4-4aae-9e33-40e037453361 req-26105514-c0c6-42b0-bf2d-0e93a1bb44b0 4c64aebc68804dba85b089fc930d4db8 2c60b5677ce44a48941e1ceeebcb308d - - f65e1348a7e24e37bc17be0b2a4862e0 f65e1348a7e24e37bc17be0b2a4862e0] 10.0.0.236 "PUT /allocations/d9fc50fc-5de2-4802-a6b5-96ac8fc3e6fc" status: 204 len: 0 microversion: 1.36 [pid: 7|app: 0|req: 290/576] 10.0.0.236 () {38 vars in 914 bytes} [Thu Jul 9 15:45:12 2026] PUT /allocations/d9fc50fc-5de2-4802-a6b5-96ac8fc3e6fc => generated 0 bytes in 65 msecs (HTTP/1.1 204) 5 headers in 199 bytes (1 switches on core 0)
2026-07-09 15:45:12.756 7 INFO placement.requestlog [req-d25016cd-4fd4-4aae-9e33-40e037453361 req-b3bc157c-eb2e-4bf4-86d5-a28a6e2e5426 4c64aebc68804dba85b089fc930d4db8 2c60b5677ce44a48941e1ceeebcb308d - - f65e1348a7e24e37bc17be0b2a4862e0 f65e1348a7e24e37bc17be0b2a4862e0] 199.19.213.166 "GET /allocations/d9fc50fc-5de2-4802-a6b5-96ac8fc3e6fc" status: 200 len: 257 microversion: 1.28
2026-07-09 15:45:12.757 8 INFO placement.requestlog [req-2bade046-bebe-4e9d-94a4-6d534b1b51ef req-4a0d95a7-10b1-4fc5-b15a-2d3f487e7188 4c64aebc68804dba85b089fc930d4db8 2c60b5677ce44a48941e1ceeebcb308d - - f65e1348a7e24e37bc17be0b2a4862e0 f65e1348a7e24e37bc17be0b2a4862e0] 10.0.0.236 "GET /allocation_candidates?limit=1000&resources=MEMORY_MB%3A512%2CVCPU%3A1&root_required=%21COMPUTE_STATUS_DISABLED" status: 200 len: 2206 microversion: 1.36 [pid: 7|app: 0|req: 291/578] 199.19.213.166 () {34 vars in 863 bytes} [Thu Jul 9 15:45:12 2026] GET /allocations/d9fc50fc-5de2-4802-a6b5-96ac8fc3e6fc => generated 257 bytes in 15 msecs (HTTP/1.1 200) 8 headers in 296 bytes (1 switches on core 0) [pid: 8|app: 0|req: 287/578] 10.0.0.236 () {34 vars in 984 bytes} [Thu Jul 9 15:45:12 2026] GET /allocation_candidates?limit=1000&resources=MEMORY_MB%3A512%2CVCPU%3A1&root_required=%21COMPUTE_STATUS_DISABLED => generated 2206 bytes in 45 msecs (HTTP/1.1 200) 8 headers in 297 bytes (1 switches on core 0)
2026-07-09 15:45:12.782 7 INFO placement.requestlog [req-2bade046-bebe-4e9d-94a4-6d534b1b51ef req-4942a365-3199-48f9-a2e3-3d9e34d18f64 4c64aebc68804dba85b089fc930d4db8 2c60b5677ce44a48941e1ceeebcb308d - - f65e1348a7e24e37bc17be0b2a4862e0 f65e1348a7e24e37bc17be0b2a4862e0] 10.0.0.236 "GET /allocations/5b018779-33c8-434d-b243-0dcd87c801f9" status: 200 len: 19 microversion: 1.28 [pid: 7|app: 0|req: 292/579] 10.0.0.236 () {34 vars in 861 bytes} [Thu Jul 9 15:45:12 2026] GET /allocations/5b018779-33c8-434d-b243-0dcd87c801f9 => generated 19 bytes in 9 msecs (HTTP/1.1 200) 8 headers in 295 bytes (1 switches on core 0)
2026-07-09 15:45:12.867 7 INFO placement.requestlog [req-d25016cd-4fd4-4aae-9e33-40e037453361 req-e57e624d-0316-4602-a8fe-c80ee25fa026 4c64aebc68804dba85b089fc930d4db8 2c60b5677ce44a48941e1ceeebcb308d - - f65e1348a7e24e37bc17be0b2a4862e0 f65e1348a7e24e37bc17be0b2a4862e0] 199.19.213.166 "GET /resource_providers/911ac4c4-0911-4bf4-a3c8-04287eb55409/allocations" status: 200 len: 252 microversion: 1.0 [pid: 7|app: 0|req: 293/580] 199.19.213.166 () {32 vars in 857 bytes} [Thu Jul 9 15:45:12 2026] GET /resource_providers/911ac4c4-0911-4bf4-a3c8-04287eb55409/allocations => generated 252 bytes in 16 msecs (HTTP/1.1 200) 6 headers in 224 bytes (1 switches on core 0)
2026-07-09 15:45:12.871 8 INFO placement.requestlog [req-2bade046-bebe-4e9d-94a4-6d534b1b51ef req-9920864e-d346-420e-b1e8-76349d0170bb 4c64aebc68804dba85b089fc930d4db8 2c60b5677ce44a48941e1ceeebcb308d - - f65e1348a7e24e37bc17be0b2a4862e0 f65e1348a7e24e37bc17be0b2a4862e0] 10.0.0.236 "PUT /allocations/5b018779-33c8-434d-b243-0dcd87c801f9" status: 204 len: 0 microversion: 1.36 [pid: 8|app: 0|req: 288/581] 10.0.0.236 () {38 vars in 914 bytes} [Thu Jul 9 15:45:12 2026] PUT /allocations/5b018779-33c8-434d-b243-0dcd87c801f9 => generated 0 bytes in 82 msecs (HTTP/1.1 204) 5 headers in 199 bytes (1 switches on core 0)
2026-07-09 15:45:12.884 7 INFO placement.requestlog [req-d25016cd-4fd4-4aae-9e33-40e037453361 req-6dbbff4c-a42a-4c29-b361-71e54e97689d 4c64aebc68804dba85b089fc930d4db8 2c60b5677ce44a48941e1ceeebcb308d - - f65e1348a7e24e37bc17be0b2a4862e0 f65e1348a7e24e37bc17be0b2a4862e0] 199.19.213.166 "GET /allocations/d9fc50fc-5de2-4802-a6b5-96ac8fc3e6fc" status: 200 len: 257 microversion: 1.28 [pid: 7|app: 0|req: 294/582] 199.19.213.166 () {34 vars in 863 bytes} [Thu Jul 9 15:45:12 2026] GET /allocations/d9fc50fc-5de2-4802-a6b5-96ac8fc3e6fc => generated 257 bytes in 10 msecs (HTTP/1.1 200) 8 headers in 296 bytes (1 switches on core 0)
2026-07-09 15:45:12.906 8 INFO placement.requestlog [req-d25016cd-4fd4-4aae-9e33-40e037453361 req-9c57b80d-c26b-4c18-939b-22c68fb69e25 4c64aebc68804dba85b089fc930d4db8 2c60b5677ce44a48941e1ceeebcb308d - - f65e1348a7e24e37bc17be0b2a4862e0 f65e1348a7e24e37bc17be0b2a4862e0] 199.19.213.166 "GET /allocations/7fbc5f75-0b36-4b45-975b-94f3194ba428" status: 200 len: 257 microversion: 1.28 [pid: 8|app: 0|req: 289/583] 199.19.213.166 () {34 vars in 863 bytes} [Thu Jul 9 15:45:12 2026] GET /allocations/7fbc5f75-0b36-4b45-975b-94f3194ba428 => generated 257 bytes in 17 msecs (HTTP/1.1 200) 8 headers in 296 bytes (1 switches on core 0)
2026-07-09 15:45:13.134 7 INFO placement.requestlog [req-2bade046-bebe-4e9d-94a4-6d534b1b51ef req-ec80890d-bb9e-483f-b1bf-5f139aa7a66f 4c64aebc68804dba85b089fc930d4db8 2c60b5677ce44a48941e1ceeebcb308d - - f65e1348a7e24e37bc17be0b2a4862e0 f65e1348a7e24e37bc17be0b2a4862e0] 199.19.213.166 "GET /allocations/5b018779-33c8-434d-b243-0dcd87c801f9" status: 200 len: 243 microversion: 1.28 [pid: 7|app: 0|req: 295/584] 199.19.213.166 () {34 vars in 863 bytes} [Thu Jul 9 15:45:13 2026] GET /allocations/5b018779-33c8-434d-b243-0dcd87c801f9 => generated 243 bytes in 9 msecs (HTTP/1.1 200) 8 headers in 296 bytes (1 switches on core 0)
2026-07-09 15:45:13.274 8 INFO placement.requestlog [req-2bade046-bebe-4e9d-94a4-6d534b1b51ef req-586a1d07-18d6-47c7-abb3-65f1adb31261 4c64aebc68804dba85b089fc930d4db8 2c60b5677ce44a48941e1ceeebcb308d - - f65e1348a7e24e37bc17be0b2a4862e0 f65e1348a7e24e37bc17be0b2a4862e0] 199.19.213.166 "GET /resource_providers/911ac4c4-0911-4bf4-a3c8-04287eb55409/allocations" status: 200 len: 338 microversion: 1.0 [pid: 8|app: 0|req: 290/585] 199.19.213.166 () {32 vars in 857 bytes} [Thu Jul 9 15:45:13 2026] GET /resource_providers/911ac4c4-0911-4bf4-a3c8-04287eb55409/allocations => generated 338 bytes in 18 msecs (HTTP/1.1 200) 6 headers in 224 bytes (1 switches on core 0)
2026-07-09 15:45:13.296 7 INFO placement.requestlog [req-2bade046-bebe-4e9d-94a4-6d534b1b51ef req-99ee1a37-1f2a-4cf9-ab8c-225f242446bd 4c64aebc68804dba85b089fc930d4db8 2c60b5677ce44a48941e1ceeebcb308d - - f65e1348a7e24e37bc17be0b2a4862e0 f65e1348a7e24e37bc17be0b2a4862e0] 199.19.213.166 "GET /allocations/d9fc50fc-5de2-4802-a6b5-96ac8fc3e6fc" status: 200 len: 257 microversion: 1.28 [pid: 7|app: 0|req: 296/586] 199.19.213.166 () {34 vars in 863 bytes} [Thu Jul 9 15:45:13 2026] GET /allocations/d9fc50fc-5de2-4802-a6b5-96ac8fc3e6fc => generated 257 bytes in 15 msecs (HTTP/1.1 200) 8 headers in 296 bytes (1 switches on core 0)
2026-07-09 15:45:13.314 8 INFO placement.requestlog [req-2bade046-bebe-4e9d-94a4-6d534b1b51ef req-214755dc-568e-4ca7-bbc0-9027eb514024 4c64aebc68804dba85b089fc930d4db8 2c60b5677ce44a48941e1ceeebcb308d - - f65e1348a7e24e37bc17be0b2a4862e0 f65e1348a7e24e37bc17be0b2a4862e0] 199.19.213.166 "GET /allocations/5b018779-33c8-434d-b243-0dcd87c801f9" status: 200 len: 243 microversion: 1.28 [pid: 8|app: 0|req: 291/587] 199.19.213.166 () {34 vars in 863 bytes} [Thu Jul 9 15:45:13 2026] GET /allocations/5b018779-33c8-434d-b243-0dcd87c801f9 => generated 243 bytes in 10 msecs (HTTP/1.1 200) 8 headers in 296 bytes (1 switches on core 0)
2026-07-09 15:45:13.337 7 INFO placement.requestlog [req-2bade046-bebe-4e9d-94a4-6d534b1b51ef req-6591799d-b63c-4141-99c6-06022f7f5796 4c64aebc68804dba85b089fc930d4db8 2c60b5677ce44a48941e1ceeebcb308d - - f65e1348a7e24e37bc17be0b2a4862e0 f65e1348a7e24e37bc17be0b2a4862e0] 199.19.213.166 "GET /allocations/7fbc5f75-0b36-4b45-975b-94f3194ba428" status: 200 len: 257 microversion: 1.28 [pid: 7|app: 0|req: 297/588] 199.19.213.166 () {34 vars in 863 bytes} [Thu Jul 9 15:45:13 2026] GET /allocations/7fbc5f75-0b36-4b45-975b-94f3194ba428 => generated 257 bytes in 15 msecs (HTTP/1.1 200) 8 headers in 296 bytes (1 switches on core 0)
2026-07-09 15:45:14.094 7 INFO placement.requestlog [None req-8026b842-00c4-4e55-ba78-827a7c13f839 8caa1cefbac64035be53ea7af634bb0b 2c60b5677ce44a48941e1ceeebcb308d - - f65e1348a7e24e37bc17be0b2a4862e0 f65e1348a7e24e37bc17be0b2a4862e0] 10.0.0.131 "GET /resource_providers/a20976fc-4af3-4692-8d20-6b0b5526d067/aggregates" status: 404 len: 235 microversion: 1.1 [pid: 7|app: 0|req: 298/589] 10.0.0.131 () {32 vars in 825 bytes} [Thu Jul 9 15:45:13 2026] GET /resource_providers/a20976fc-4af3-4692-8d20-6b0b5526d067/aggregates => generated 235 bytes in 127 msecs (HTTP/1.1 404) 5 headers in 202 bytes (1 switches on core 0)
2026-07-09 15:45:14.108 7 INFO placement.requestlog [None req-e429e95c-2a1f-4ccc-905b-2ec1581e3579 8caa1cefbac64035be53ea7af634bb0b 2c60b5677ce44a48941e1ceeebcb308d - - f65e1348a7e24e37bc17be0b2a4862e0 f65e1348a7e24e37bc17be0b2a4862e0] 10.0.0.131 "DELETE /resource_providers/a20976fc-4af3-4692-8d20-6b0b5526d067" status: 404 len: 246 microversion: 1.1 [pid: 7|app: 0|req: 299/590] 10.0.0.131 () {34 vars in 825 bytes} [Thu Jul 9 15:45:14 2026] DELETE /resource_providers/a20976fc-4af3-4692-8d20-6b0b5526d067 => generated 246 bytes in 8 msecs (HTTP/1.1 404) 6 headers in 231 bytes (1 switches on core 0)
2026-07-09 15:45:14.110 8 INFO placement.requestlog [None req-71e9f671-ae85-4eee-a60d-8bb8cc4525e4 8caa1cefbac64035be53ea7af634bb0b 2c60b5677ce44a48941e1ceeebcb308d - - f65e1348a7e24e37bc17be0b2a4862e0 f65e1348a7e24e37bc17be0b2a4862e0] 10.0.0.131 "GET /resource_providers/a20976fc-4af3-4692-8d20-6b0b5526d067/aggregates" status: 404 len: 235 microversion: 1.1 [pid: 8|app: 0|req: 292/591] 10.0.0.131 () {32 vars in 825 bytes} [Thu Jul 9 15:45:13 2026] GET /resource_providers/a20976fc-4af3-4692-8d20-6b0b5526d067/aggregates => generated 235 bytes in 146 msecs (HTTP/1.1 404) 5 headers in 202 bytes (1 switches on core 0)
2026-07-09 15:45:14.128 7 INFO placement.requestlog [None req-f271d468-47eb-4452-a8f7-8ccad36ff815 8caa1cefbac64035be53ea7af634bb0b 2c60b5677ce44a48941e1ceeebcb308d - - f65e1348a7e24e37bc17be0b2a4862e0 f65e1348a7e24e37bc17be0b2a4862e0] 10.0.0.131 "DELETE /resource_providers/a20976fc-4af3-4692-8d20-6b0b5526d067" status: 404 len: 246 microversion: 1.1 [pid: 7|app: 0|req: 300/592] 10.0.0.131 () {34 vars in 825 bytes} [Thu Jul 9 15:45:14 2026] DELETE /resource_providers/a20976fc-4af3-4692-8d20-6b0b5526d067 => generated 246 bytes in 10 msecs (HTTP/1.1 404) 6 headers in 231 bytes (1 switches on core 0)
2026-07-09 15:45:16.318 8 INFO placement.requestlog [None req-0f89ea8b-23e3-4f6a-8f14-6879e01d873c - - - - - -] 10.0.0.209 "GET /" status: 200 len: 136 microversion: 1.0
2026-07-09 15:45:16.320 7 INFO placement.requestlog [None req-87b7e17a-8214-47d6-8de5-db6f754957f7 - - - - - -] 10.0.0.209 "GET /" status: 200 len: 136 microversion: 1.0
2026-07-09 15:45:22.776 8 INFO placement.requestlog [req-fe66f7a9-ebea-4753-b0ee-5d547c4ee1df req-7e087108-b2d7-46dc-9697-3fddd5edb442 4c64aebc68804dba85b089fc930d4db8 2c60b5677ce44a48941e1ceeebcb308d - - f65e1348a7e24e37bc17be0b2a4862e0 f65e1348a7e24e37bc17be0b2a4862e0] 199.19.213.166 "GET /resource_providers/911ac4c4-0911-4bf4-a3c8-04287eb55409/allocations" status: 200 len: 338 microversion: 1.0 [pid: 8|app: 0|req: 294/595] 199.19.213.166 () {32 vars in 857 bytes} [Thu Jul 9 15:45:22 2026] GET /resource_providers/911ac4c4-0911-4bf4-a3c8-04287eb55409/allocations => generated 338 bytes in 21 msecs (HTTP/1.1 200) 6 headers in 224 bytes (1 switches on core 0)
2026-07-09 15:45:22.795 7 INFO placement.requestlog [req-fe66f7a9-ebea-4753-b0ee-5d547c4ee1df req-6cc95fa4-3e40-4667-bc54-56e88de01cf7 4c64aebc68804dba85b089fc930d4db8 2c60b5677ce44a48941e1ceeebcb308d - - f65e1348a7e24e37bc17be0b2a4862e0 f65e1348a7e24e37bc17be0b2a4862e0] 199.19.213.166 "GET /allocations/d9fc50fc-5de2-4802-a6b5-96ac8fc3e6fc" status: 200 len: 257 microversion: 1.28 [pid: 7|app: 0|req: 302/596] 199.19.213.166 () {34 vars in 863 bytes} [Thu Jul 9 15:45:22 2026] GET /allocations/d9fc50fc-5de2-4802-a6b5-96ac8fc3e6fc => generated 257 bytes in 14 msecs (HTTP/1.1 200) 8 headers in 296 bytes (1 switches on core 0)
2026-07-09 15:45:22.826 8 INFO placement.requestlog [req-fe66f7a9-ebea-4753-b0ee-5d547c4ee1df req-eac02e39-485c-4fb9-9121-543ef00cf7c6 4c64aebc68804dba85b089fc930d4db8 2c60b5677ce44a48941e1ceeebcb308d - - f65e1348a7e24e37bc17be0b2a4862e0 f65e1348a7e24e37bc17be0b2a4862e0] 199.19.213.166 "GET /allocations/5b018779-33c8-434d-b243-0dcd87c801f9" status: 200 len: 243 microversion: 1.28 [pid: 8|app: 0|req: 295/597] 199.19.213.166 () {34 vars in 863 bytes} [Thu Jul 9 15:45:22 2026] GET /allocations/5b018779-33c8-434d-b243-0dcd87c801f9 => generated 243 bytes in 20 msecs (HTTP/1.1 200) 8 headers in 296 bytes (1 switches on core 0)
2026-07-09 15:45:22.848 7 INFO placement.requestlog [req-fe66f7a9-ebea-4753-b0ee-5d547c4ee1df req-dc190602-56bd-4c58-82a3-8600d6baeae9 4c64aebc68804dba85b089fc930d4db8 2c60b5677ce44a48941e1ceeebcb308d - - f65e1348a7e24e37bc17be0b2a4862e0 f65e1348a7e24e37bc17be0b2a4862e0] 199.19.213.166 "GET /allocations/7fbc5f75-0b36-4b45-975b-94f3194ba428" status: 200 len: 257 microversion: 1.28 [pid: 7|app: 0|req: 303/598] 199.19.213.166 () {34 vars in 863 bytes} [Thu Jul 9 15:45:22 2026] GET /allocations/7fbc5f75-0b36-4b45-975b-94f3194ba428 => generated 257 bytes in 12 msecs (HTTP/1.1 200) 8 headers in 296 bytes (1 switches on core 0)
2026-07-09 15:45:22.940 8 INFO placement.requestlog [req-fe66f7a9-ebea-4753-b0ee-5d547c4ee1df req-99e7f4e2-c7eb-462b-b190-6713e4e3f4e2 4c64aebc68804dba85b089fc930d4db8 2c60b5677ce44a48941e1ceeebcb308d - - f65e1348a7e24e37bc17be0b2a4862e0 f65e1348a7e24e37bc17be0b2a4862e0] 199.19.213.166 "DELETE /allocations/d9fc50fc-5de2-4802-a6b5-96ac8fc3e6fc" status: 204 len: 0 microversion: 1.0 [pid: 8|app: 0|req: 296/599] 199.19.213.166 () {34 vars in 841 bytes} [Thu Jul 9 15:45:22 2026] DELETE /allocations/d9fc50fc-5de2-4802-a6b5-96ac8fc3e6fc => generated 0 bytes in 21 msecs (HTTP/1.1 204) 5 headers in 198 bytes (1 switches on core 0)
2026-07-09 15:45:22.940 7 INFO placement.requestlog [req-1e438473-ba2e-4196-97f9-92e2f15fecec req-eb3c43e2-8f8d-4154-a968-977a46a0adcc 4c64aebc68804dba85b089fc930d4db8 2c60b5677ce44a48941e1ceeebcb308d - - f65e1348a7e24e37bc17be0b2a4862e0 f65e1348a7e24e37bc17be0b2a4862e0] 199.19.213.166 "GET /resource_providers/911ac4c4-0911-4bf4-a3c8-04287eb55409/allocations" status: 200 len: 238 microversion: 1.0 [pid: 7|app: 0|req: 304/600] 199.19.213.166 () {32 vars in 857 bytes} [Thu Jul 9 15:45:22 2026] GET /resource_providers/911ac4c4-0911-4bf4-a3c8-04287eb55409/allocations => generated 238 bytes in 17 msecs (HTTP/1.1 200) 6 headers in 224 bytes (1 switches on core 0)
2026-07-09 15:45:22.958 8 INFO placement.requestlog [req-1e438473-ba2e-4196-97f9-92e2f15fecec req-c4297029-4fd6-4f8a-9613-0e73304dbed2 4c64aebc68804dba85b089fc930d4db8 2c60b5677ce44a48941e1ceeebcb308d - - f65e1348a7e24e37bc17be0b2a4862e0 f65e1348a7e24e37bc17be0b2a4862e0] 199.19.213.166 "GET /allocations/5b018779-33c8-434d-b243-0dcd87c801f9" status: 200 len: 243 microversion: 1.28 [pid: 8|app: 0|req: 297/601] 199.19.213.166 () {34 vars in 863 bytes} [Thu Jul 9 15:45:22 2026] GET /allocations/5b018779-33c8-434d-b243-0dcd87c801f9 => generated 243 bytes in 11 msecs (HTTP/1.1 200) 8 headers in 296 bytes (1 switches on core 0)
2026-07-09 15:45:22.977 7 INFO placement.requestlog [req-1e438473-ba2e-4196-97f9-92e2f15fecec req-86c73398-c9a0-43ae-846d-ae96ee3f72b0 4c64aebc68804dba85b089fc930d4db8 2c60b5677ce44a48941e1ceeebcb308d - - f65e1348a7e24e37bc17be0b2a4862e0 f65e1348a7e24e37bc17be0b2a4862e0] 199.19.213.166 "GET /allocations/7fbc5f75-0b36-4b45-975b-94f3194ba428" status: 200 len: 257 microversion: 1.28 [pid: 7|app: 0|req: 305/602] 199.19.213.166 () {34 vars in 863 bytes} [Thu Jul 9 15:45:22 2026] GET /allocations/7fbc5f75-0b36-4b45-975b-94f3194ba428 => generated 257 bytes in 13 msecs (HTTP/1.1 200) 8 headers in 296 bytes (1 switches on core 0)
2026-07-09 15:45:23.051 8 INFO placement.requestlog [req-1e438473-ba2e-4196-97f9-92e2f15fecec req-8e2817ca-e9c3-402c-b95f-9ddcf4eb60fc 4c64aebc68804dba85b089fc930d4db8 2c60b5677ce44a48941e1ceeebcb308d - - f65e1348a7e24e37bc17be0b2a4862e0 f65e1348a7e24e37bc17be0b2a4862e0] 199.19.213.166 "DELETE /allocations/5b018779-33c8-434d-b243-0dcd87c801f9" status: 204 len: 0 microversion: 1.0 [pid: 8|app: 0|req: 298/603] 199.19.213.166 () {34 vars in 841 bytes} [Thu Jul 9 15:45:23 2026] DELETE /allocations/5b018779-33c8-434d-b243-0dcd87c801f9 => generated 0 bytes in 25 msecs (HTTP/1.1 204) 5 headers in 198 bytes (1 switches on core 0)
2026-07-09 15:45:26.319 7 INFO placement.requestlog [None req-261ba6b6-4bb2-4fb0-8b82-b89bb9385284 - - - - - -] 10.0.0.209 "GET /" status: 200 len: 136 microversion: 1.0
2026-07-09 15:45:26.319 8 INFO placement.requestlog [None req-03a47278-d173-4e32-b5f4-cbd889b9de27 - - - - - -] 10.0.0.209 "GET /" status: 200 len: 136 microversion: 1.0
2026-07-09 15:45:27.630 8 INFO placement.requestlog [None req-0df2b255-ed94-48b9-bf81-212e2eb8fe33 8caa1cefbac64035be53ea7af634bb0b 2c60b5677ce44a48941e1ceeebcb308d - - f65e1348a7e24e37bc17be0b2a4862e0 f65e1348a7e24e37bc17be0b2a4862e0] 10.0.0.131 "GET /resource_providers/72ec57c4-531f-47b6-b34b-3616ff0a698d/aggregates" status: 404 len: 235 microversion: 1.1 [pid: 8|app: 0|req: 300/606] 10.0.0.131 () {32 vars in 825 bytes} [Thu Jul 9 15:45:27 2026] GET /resource_providers/72ec57c4-531f-47b6-b34b-3616ff0a698d/aggregates => generated 235 bytes in 8 msecs (HTTP/1.1 404) 5 headers in 202 bytes (1 switches on core 0)
2026-07-09 15:45:27.640 7 INFO placement.requestlog [None req-d14de2e5-2d90-4482-b896-2dcf8e9c2866 8caa1cefbac64035be53ea7af634bb0b 2c60b5677ce44a48941e1ceeebcb308d - - f65e1348a7e24e37bc17be0b2a4862e0 f65e1348a7e24e37bc17be0b2a4862e0] 10.0.0.131 "GET /resource_providers/72ec57c4-531f-47b6-b34b-3616ff0a698d/aggregates" status: 404 len: 235 microversion: 1.1 [pid: 7|app: 0|req: 307/607] 10.0.0.131 () {32 vars in 825 bytes} [Thu Jul 9 15:45:27 2026] GET /resource_providers/72ec57c4-531f-47b6-b34b-3616ff0a698d/aggregates => generated 235 bytes in 20 msecs (HTTP/1.1 404) 5 headers in 202 bytes (1 switches on core 0)
2026-07-09 15:45:27.644 8 INFO placement.requestlog [None req-2434f312-e4a0-4790-9087-844622f735c4 8caa1cefbac64035be53ea7af634bb0b 2c60b5677ce44a48941e1ceeebcb308d - - f65e1348a7e24e37bc17be0b2a4862e0 f65e1348a7e24e37bc17be0b2a4862e0] 10.0.0.131 "DELETE /resource_providers/72ec57c4-531f-47b6-b34b-3616ff0a698d" status: 404 len: 246 microversion: 1.1 [pid: 8|app: 0|req: 301/608] 10.0.0.131 () {34 vars in 825 bytes} [Thu Jul 9 15:45:27 2026] DELETE /resource_providers/72ec57c4-531f-47b6-b34b-3616ff0a698d => generated 246 bytes in 8 msecs (HTTP/1.1 404) 6 headers in 231 bytes (1 switches on core 0)
2026-07-09 15:45:27.666 7 INFO placement.requestlog [None req-be033429-ccde-4558-b8b2-8a8549b24c8f 8caa1cefbac64035be53ea7af634bb0b 2c60b5677ce44a48941e1ceeebcb308d - - f65e1348a7e24e37bc17be0b2a4862e0 f65e1348a7e24e37bc17be0b2a4862e0] 10.0.0.131 "DELETE /resource_providers/72ec57c4-531f-47b6-b34b-3616ff0a698d" status: 404 len: 246 microversion: 1.1 [pid: 7|app: 0|req: 308/609] 10.0.0.131 () {34 vars in 825 bytes} [Thu Jul 9 15:45:27 2026] DELETE /resource_providers/72ec57c4-531f-47b6-b34b-3616ff0a698d => generated 246 bytes in 13 msecs (HTTP/1.1 404) 6 headers in 231 bytes (1 switches on core 0)
2026-07-09 15:45:29.041 7 INFO placement.requestlog [None req-777bffae-2f6d-4922-8e2d-9b24877cdfee 8caa1cefbac64035be53ea7af634bb0b 2c60b5677ce44a48941e1ceeebcb308d - - f65e1348a7e24e37bc17be0b2a4862e0 f65e1348a7e24e37bc17be0b2a4862e0] 10.0.0.131 "GET /resource_providers/a3e27c92-7217-400d-8027-bb3e4d1a26fc/aggregates" status: 404 len: 235 microversion: 1.1 [pid: 7|app: 0|req: 309/610] 10.0.0.131 () {32 vars in 825 bytes} [Thu Jul 9 15:45:28 2026] GET /resource_providers/a3e27c92-7217-400d-8027-bb3e4d1a26fc/aggregates => generated 235 bytes in 120 msecs (HTTP/1.1 404) 5 headers in 202 bytes (1 switches on core 0)
2026-07-09 15:45:29.057 7 INFO placement.requestlog [None req-a5137f4c-3a53-45ff-b539-88b63a40a463 8caa1cefbac64035be53ea7af634bb0b 2c60b5677ce44a48941e1ceeebcb308d - - f65e1348a7e24e37bc17be0b2a4862e0 f65e1348a7e24e37bc17be0b2a4862e0] 10.0.0.131 "DELETE /resource_providers/a3e27c92-7217-400d-8027-bb3e4d1a26fc" status: 404 len: 246 microversion: 1.1 [pid: 7|app: 0|req: 310/611] 10.0.0.131 () {34 vars in 825 bytes} [Thu Jul 9 15:45:29 2026] DELETE /resource_providers/a3e27c92-7217-400d-8027-bb3e4d1a26fc => generated 246 bytes in 7 msecs (HTTP/1.1 404) 6 headers in 231 bytes (1 switches on core 0)
2026-07-09 15:45:29.086 8 INFO placement.requestlog [None req-022b50af-6731-418c-9765-660e5e5b8dd9 8caa1cefbac64035be53ea7af634bb0b 2c60b5677ce44a48941e1ceeebcb308d - - f65e1348a7e24e37bc17be0b2a4862e0 f65e1348a7e24e37bc17be0b2a4862e0] 10.0.0.131 "GET /resource_providers/a3e27c92-7217-400d-8027-bb3e4d1a26fc/aggregates" status: 404 len: 235 microversion: 1.1 [pid: 8|app: 0|req: 302/612] 10.0.0.131 () {32 vars in 825 bytes} [Thu Jul 9 15:45:28 2026] GET /resource_providers/a3e27c92-7217-400d-8027-bb3e4d1a26fc/aggregates => generated 235 bytes in 191 msecs (HTTP/1.1 404) 5 headers in 202 bytes (1 switches on core 0)
2026-07-09 15:45:29.111 7 INFO placement.requestlog [None req-6337520f-5615-41bd-a54f-745aac10cb88 8caa1cefbac64035be53ea7af634bb0b 2c60b5677ce44a48941e1ceeebcb308d - - f65e1348a7e24e37bc17be0b2a4862e0 f65e1348a7e24e37bc17be0b2a4862e0] 10.0.0.131 "DELETE /resource_providers/a3e27c92-7217-400d-8027-bb3e4d1a26fc" status: 404 len: 246 microversion: 1.1 [pid: 7|app: 0|req: 311/613] 10.0.0.131 () {34 vars in 825 bytes} [Thu Jul 9 15:45:29 2026] DELETE /resource_providers/a3e27c92-7217-400d-8027-bb3e4d1a26fc => generated 246 bytes in 17 msecs (HTTP/1.1 404) 6 headers in 231 bytes (1 switches on core 0)
2026-07-09 15:45:31.373 8 INFO placement.requestlog [None req-eb401d3e-589c-4b75-a4c7-00c8d03b3845 8caa1cefbac64035be53ea7af634bb0b 2c60b5677ce44a48941e1ceeebcb308d - - f65e1348a7e24e37bc17be0b2a4862e0 f65e1348a7e24e37bc17be0b2a4862e0] 10.0.0.131 "GET /resource_providers/d376ea14-baa6-4cf1-a24c-71136a3fcdb0/aggregates" status: 404 len: 235 microversion: 1.1
2026-07-09 15:45:31.373 7 INFO placement.requestlog [None req-320376a7-facd-47e9-a84d-472deeb6c5a4 8caa1cefbac64035be53ea7af634bb0b 2c60b5677ce44a48941e1ceeebcb308d - - f65e1348a7e24e37bc17be0b2a4862e0 f65e1348a7e24e37bc17be0b2a4862e0] 10.0.0.131 "GET /resource_providers/d376ea14-baa6-4cf1-a24c-71136a3fcdb0/aggregates" status: 404 len: 235 microversion: 1.1 [pid: 7|app: 0|req: 312/614] 10.0.0.131 () {32 vars in 825 bytes} [Thu Jul 9 15:45:31 2026] GET /resource_providers/d376ea14-baa6-4cf1-a24c-71136a3fcdb0/aggregates => generated 235 bytes in 10 msecs (HTTP/1.1 404) 5 headers in 202 bytes (1 switches on core 0) [pid: 8|app: 0|req: 303/615] 10.0.0.131 () {32 vars in 825 bytes} [Thu Jul 9 15:45:31 2026] GET /resource_providers/d376ea14-baa6-4cf1-a24c-71136a3fcdb0/aggregates => generated 235 bytes in 13 msecs (HTTP/1.1 404) 5 headers in 202 bytes (1 switches on core 0)
2026-07-09 15:45:31.404 7 INFO placement.requestlog [None req-e1f8bf11-fce0-4d32-8088-16b2d95c94b1 8caa1cefbac64035be53ea7af634bb0b 2c60b5677ce44a48941e1ceeebcb308d - - f65e1348a7e24e37bc17be0b2a4862e0 f65e1348a7e24e37bc17be0b2a4862e0] 10.0.0.131 "DELETE /resource_providers/d376ea14-baa6-4cf1-a24c-71136a3fcdb0" status: 404 len: 246 microversion: 1.1 [pid: 7|app: 0|req: 313/616] 10.0.0.131 () {34 vars in 825 bytes} [Thu Jul 9 15:45:31 2026] DELETE /resource_providers/d376ea14-baa6-4cf1-a24c-71136a3fcdb0 => generated 246 bytes in 9 msecs (HTTP/1.1 404) 6 headers in 231 bytes (1 switches on core 0)
2026-07-09 15:45:31.408 8 INFO placement.requestlog [None req-0de66aa4-9d37-43a2-90b4-1dc00707bc0d 8caa1cefbac64035be53ea7af634bb0b 2c60b5677ce44a48941e1ceeebcb308d - - f65e1348a7e24e37bc17be0b2a4862e0 f65e1348a7e24e37bc17be0b2a4862e0] 10.0.0.131 "DELETE /resource_providers/d376ea14-baa6-4cf1-a24c-71136a3fcdb0" status: 404 len: 246 microversion: 1.1 [pid: 8|app: 0|req: 304/617] 10.0.0.131 () {34 vars in 825 bytes} [Thu Jul 9 15:45:31 2026] DELETE /resource_providers/d376ea14-baa6-4cf1-a24c-71136a3fcdb0 => generated 246 bytes in 12 msecs (HTTP/1.1 404) 6 headers in 231 bytes (1 switches on core 0)
2026-07-09 15:45:36.319 8 INFO placement.requestlog [None req-1258672a-db4d-4c9d-8291-3ed2356f368f - - - - - -] 10.0.0.209 "GET /" status: 200 len: 136 microversion: 1.0
2026-07-09 15:45:36.320 7 INFO placement.requestlog [None req-6e871739-9871-4438-8531-bea1b0b402a9 - - - - - -] 10.0.0.209 "GET /" status: 200 len: 136 microversion: 1.0
2026-07-09 15:45:42.625 8 INFO placement.requestlog [req-8b1ecad9-fe35-4c5e-8cbd-3df9f43d9350 req-5ee6ba90-184e-4804-b561-0ed1963cc96a 4c64aebc68804dba85b089fc930d4db8 2c60b5677ce44a48941e1ceeebcb308d - - f65e1348a7e24e37bc17be0b2a4862e0 f65e1348a7e24e37bc17be0b2a4862e0] 10.0.0.236 "GET /allocation_candidates?limit=1000&resources=DISK_GB%3A1%2CMEMORY_MB%3A512%2CVCPU%3A1&root_required=%21COMPUTE_STATUS_DISABLED" status: 200 len: 2219 microversion: 1.36 [pid: 8|app: 0|req: 306/620] 10.0.0.236 () {34 vars in 1012 bytes} [Thu Jul 9 15:45:42 2026] GET /allocation_candidates?limit=1000&resources=DISK_GB%3A1%2CMEMORY_MB%3A512%2CVCPU%3A1&root_required=%21COMPUTE_STATUS_DISABLED => generated 2219 bytes in 42 msecs (HTTP/1.1 200) 8 headers in 297 bytes (1 switches on core 0)
2026-07-09 15:45:42.648 7 INFO placement.requestlog [req-b04fd620-4b6c-49f7-a9d1-eb4244af8ba7 req-e025b521-818b-4bde-8dab-d709d3f4fd1e 4c64aebc68804dba85b089fc930d4db8 2c60b5677ce44a48941e1ceeebcb308d - - f65e1348a7e24e37bc17be0b2a4862e0 f65e1348a7e24e37bc17be0b2a4862e0] 199.19.213.166 "GET /resource_providers/911ac4c4-0911-4bf4-a3c8-04287eb55409/allocations" status: 200 len: 152 microversion: 1.0 [pid: 7|app: 0|req: 315/621] 199.19.213.166 () {32 vars in 857 bytes} [Thu Jul 9 15:45:42 2026] GET /resource_providers/911ac4c4-0911-4bf4-a3c8-04287eb55409/allocations => generated 152 bytes in 17 msecs (HTTP/1.1 200) 6 headers in 224 bytes (1 switches on core 0)
2026-07-09 15:45:42.657 8 INFO placement.requestlog [req-8b1ecad9-fe35-4c5e-8cbd-3df9f43d9350 req-dd3cea4c-114c-4d2a-88d5-9ceb82e9cc75 4c64aebc68804dba85b089fc930d4db8 2c60b5677ce44a48941e1ceeebcb308d - - f65e1348a7e24e37bc17be0b2a4862e0 f65e1348a7e24e37bc17be0b2a4862e0] 10.0.0.236 "GET /allocations/fca263fd-36b2-4843-9224-0221a99adb5e" status: 200 len: 19 microversion: 1.28 [pid: 8|app: 0|req: 307/622] 10.0.0.236 () {34 vars in 861 bytes} [Thu Jul 9 15:45:42 2026] GET /allocations/fca263fd-36b2-4843-9224-0221a99adb5e => generated 19 bytes in 12 msecs (HTTP/1.1 200) 8 headers in 295 bytes (1 switches on core 0)
2026-07-09 15:45:42.671 7 INFO placement.requestlog [req-b04fd620-4b6c-49f7-a9d1-eb4244af8ba7 req-b17ea08f-218e-4473-9c35-3255d7fef0fe 4c64aebc68804dba85b089fc930d4db8 2c60b5677ce44a48941e1ceeebcb308d - - f65e1348a7e24e37bc17be0b2a4862e0 f65e1348a7e24e37bc17be0b2a4862e0] 199.19.213.166 "GET /allocations/7fbc5f75-0b36-4b45-975b-94f3194ba428" status: 200 len: 257 microversion: 1.28 [pid: 7|app: 0|req: 316/623] 199.19.213.166 () {34 vars in 863 bytes} [Thu Jul 9 15:45:42 2026] GET /allocations/7fbc5f75-0b36-4b45-975b-94f3194ba428 => generated 257 bytes in 15 msecs (HTTP/1.1 200) 8 headers in 296 bytes (1 switches on core 0)
2026-07-09 15:45:42.738 8 INFO placement.requestlog [req-8b1ecad9-fe35-4c5e-8cbd-3df9f43d9350 req-f3f0f2a4-6acd-4487-8732-a889c18a0ab3 4c64aebc68804dba85b089fc930d4db8 2c60b5677ce44a48941e1ceeebcb308d - - f65e1348a7e24e37bc17be0b2a4862e0 f65e1348a7e24e37bc17be0b2a4862e0] 10.0.0.236 "PUT /allocations/fca263fd-36b2-4843-9224-0221a99adb5e" status: 204 len: 0 microversion: 1.36 [pid: 8|app: 0|req: 308/624] 10.0.0.236 () {38 vars in 914 bytes} [Thu Jul 9 15:45:42 2026] PUT /allocations/fca263fd-36b2-4843-9224-0221a99adb5e => generated 0 bytes in 74 msecs (HTTP/1.1 204) 5 headers in 199 bytes (1 switches on core 0)
2026-07-09 15:45:42.775 7 INFO placement.requestlog [req-b04fd620-4b6c-49f7-a9d1-eb4244af8ba7 req-6f166e2a-ee79-4ace-843c-ae7d1c84e8fa 4c64aebc68804dba85b089fc930d4db8 2c60b5677ce44a48941e1ceeebcb308d - - f65e1348a7e24e37bc17be0b2a4862e0 f65e1348a7e24e37bc17be0b2a4862e0] 199.19.213.166 "DELETE /allocations/7fbc5f75-0b36-4b45-975b-94f3194ba428" status: 204 len: 0 microversion: 1.0 [pid: 7|app: 0|req: 317/625] 199.19.213.166 () {34 vars in 841 bytes} [Thu Jul 9 15:45:42 2026] DELETE /allocations/7fbc5f75-0b36-4b45-975b-94f3194ba428 => generated 0 bytes in 43 msecs (HTTP/1.1 204) 5 headers in 198 bytes (1 switches on core 0)
2026-07-09 15:45:42.924 8 INFO placement.requestlog [req-7234ca29-1072-489f-ad3e-10bac0320fe6 req-9f9cf288-29c3-472c-b7f8-311da053f921 4c64aebc68804dba85b089fc930d4db8 2c60b5677ce44a48941e1ceeebcb308d - - f65e1348a7e24e37bc17be0b2a4862e0 f65e1348a7e24e37bc17be0b2a4862e0] 10.0.0.236 "GET /allocation_candidates?limit=1000&resources=DISK_GB%3A1%2CMEMORY_MB%3A512%2CVCPU%3A1&root_required=%21COMPUTE_STATUS_DISABLED" status: 200 len: 2219 microversion: 1.36 [pid: 8|app: 0|req: 309/626] 10.0.0.236 () {34 vars in 1012 bytes} [Thu Jul 9 15:45:42 2026] GET /allocation_candidates?limit=1000&resources=DISK_GB%3A1%2CMEMORY_MB%3A512%2CVCPU%3A1&root_required=%21COMPUTE_STATUS_DISABLED => generated 2219 bytes in 43 msecs (HTTP/1.1 200) 8 headers in 297 bytes (1 switches on core 0)
2026-07-09 15:45:42.957 7 INFO placement.requestlog [req-7234ca29-1072-489f-ad3e-10bac0320fe6 req-897dc5ba-5d6b-42e8-aacf-63d51882f086 4c64aebc68804dba85b089fc930d4db8 2c60b5677ce44a48941e1ceeebcb308d - - f65e1348a7e24e37bc17be0b2a4862e0 f65e1348a7e24e37bc17be0b2a4862e0] 10.0.0.236 "GET /allocations/a4804472-cfd2-4b0c-96e9-6c1b472b6a4f" status: 200 len: 19 microversion: 1.28 [pid: 7|app: 0|req: 318/627] 10.0.0.236 () {34 vars in 861 bytes} [Thu Jul 9 15:45:42 2026] GET /allocations/a4804472-cfd2-4b0c-96e9-6c1b472b6a4f => generated 19 bytes in 12 msecs (HTTP/1.1 200) 8 headers in 295 bytes (1 switches on core 0)
2026-07-09 15:45:42.984 7 INFO placement.requestlog [req-8b1ecad9-fe35-4c5e-8cbd-3df9f43d9350 req-bdba6c36-a284-44ea-944e-107e2ef77140 4c64aebc68804dba85b089fc930d4db8 2c60b5677ce44a48941e1ceeebcb308d - - f65e1348a7e24e37bc17be0b2a4862e0 f65e1348a7e24e37bc17be0b2a4862e0] 199.19.213.166 "GET /allocations/fca263fd-36b2-4843-9224-0221a99adb5e" status: 200 len: 257 microversion: 1.28 [pid: 7|app: 0|req: 319/628] 199.19.213.166 () {34 vars in 863 bytes} [Thu Jul 9 15:45:42 2026] GET /allocations/fca263fd-36b2-4843-9224-0221a99adb5e => generated 257 bytes in 13 msecs (HTTP/1.1 200) 8 headers in 296 bytes (1 switches on core 0)
2026-07-09 15:45:43.031 8 INFO placement.requestlog [req-7234ca29-1072-489f-ad3e-10bac0320fe6 req-5960651a-5583-4842-9f7a-cfc02a11e3cd 4c64aebc68804dba85b089fc930d4db8 2c60b5677ce44a48941e1ceeebcb308d - - f65e1348a7e24e37bc17be0b2a4862e0 f65e1348a7e24e37bc17be0b2a4862e0] 10.0.0.236 "PUT /allocations/a4804472-cfd2-4b0c-96e9-6c1b472b6a4f" status: 204 len: 0 microversion: 1.36 [pid: 8|app: 0|req: 310/629] 10.0.0.236 () {38 vars in 914 bytes} [Thu Jul 9 15:45:42 2026] PUT /allocations/a4804472-cfd2-4b0c-96e9-6c1b472b6a4f => generated 0 bytes in 66 msecs (HTTP/1.1 204) 5 headers in 199 bytes (1 switches on core 0)
2026-07-09 15:45:43.091 7 INFO placement.requestlog [req-8b1ecad9-fe35-4c5e-8cbd-3df9f43d9350 req-d5a6a5d6-4a44-4ab1-a8b9-9ca3a020f3a7 4c64aebc68804dba85b089fc930d4db8 2c60b5677ce44a48941e1ceeebcb308d - - f65e1348a7e24e37bc17be0b2a4862e0 f65e1348a7e24e37bc17be0b2a4862e0] 199.19.213.166 "GET /resource_providers/911ac4c4-0911-4bf4-a3c8-04287eb55409/allocations" status: 200 len: 252 microversion: 1.0 [pid: 7|app: 0|req: 320/630] 199.19.213.166 () {32 vars in 857 bytes} [Thu Jul 9 15:45:43 2026] GET /resource_providers/911ac4c4-0911-4bf4-a3c8-04287eb55409/allocations => generated 252 bytes in 20 msecs (HTTP/1.1 200) 6 headers in 224 bytes (1 switches on core 0)
2026-07-09 15:45:43.116 8 INFO placement.requestlog [req-8b1ecad9-fe35-4c5e-8cbd-3df9f43d9350 req-01e2cb0a-f145-4317-bc04-084edab90be1 4c64aebc68804dba85b089fc930d4db8 2c60b5677ce44a48941e1ceeebcb308d - - f65e1348a7e24e37bc17be0b2a4862e0 f65e1348a7e24e37bc17be0b2a4862e0] 199.19.213.166 "GET /allocations/a4804472-cfd2-4b0c-96e9-6c1b472b6a4f" status: 200 len: 257 microversion: 1.28 [pid: 8|app: 0|req: 311/631] 199.19.213.166 () {34 vars in 863 bytes} [Thu Jul 9 15:45:43 2026] GET /allocations/a4804472-cfd2-4b0c-96e9-6c1b472b6a4f => generated 257 bytes in 15 msecs (HTTP/1.1 200) 8 headers in 296 bytes (1 switches on core 0)
2026-07-09 15:45:43.137 7 INFO placement.requestlog [req-8b1ecad9-fe35-4c5e-8cbd-3df9f43d9350 req-51a244f9-f2df-4950-a8bd-023758142f56 4c64aebc68804dba85b089fc930d4db8 2c60b5677ce44a48941e1ceeebcb308d - - f65e1348a7e24e37bc17be0b2a4862e0 f65e1348a7e24e37bc17be0b2a4862e0] 199.19.213.166 "GET /allocations/fca263fd-36b2-4843-9224-0221a99adb5e" status: 200 len: 257 microversion: 1.28 [pid: 7|app: 0|req: 321/632] 199.19.213.166 () {34 vars in 863 bytes} [Thu Jul 9 15:45:43 2026] GET /allocations/fca263fd-36b2-4843-9224-0221a99adb5e => generated 257 bytes in 13 msecs (HTTP/1.1 200) 8 headers in 296 bytes (1 switches on core 0)
2026-07-09 15:45:43.458 8 INFO placement.requestlog [req-7234ca29-1072-489f-ad3e-10bac0320fe6 req-3496a97f-a7cb-4cd1-9642-d2fc94fb6b01 4c64aebc68804dba85b089fc930d4db8 2c60b5677ce44a48941e1ceeebcb308d - - f65e1348a7e24e37bc17be0b2a4862e0 f65e1348a7e24e37bc17be0b2a4862e0] 199.19.213.166 "GET /allocations/a4804472-cfd2-4b0c-96e9-6c1b472b6a4f" status: 200 len: 257 microversion: 1.28 [pid: 8|app: 0|req: 312/633] 199.19.213.166 () {34 vars in 863 bytes} [Thu Jul 9 15:45:43 2026] GET /allocations/a4804472-cfd2-4b0c-96e9-6c1b472b6a4f => generated 257 bytes in 17 msecs (HTTP/1.1 200) 8 headers in 296 bytes (1 switches on core 0)
2026-07-09 15:45:43.580 7 INFO placement.requestlog [req-7234ca29-1072-489f-ad3e-10bac0320fe6 req-c4f4da65-274d-4e55-a381-292289f30475 4c64aebc68804dba85b089fc930d4db8 2c60b5677ce44a48941e1ceeebcb308d - - f65e1348a7e24e37bc17be0b2a4862e0 f65e1348a7e24e37bc17be0b2a4862e0] 199.19.213.166 "GET /resource_providers/911ac4c4-0911-4bf4-a3c8-04287eb55409/allocations" status: 200 len: 252 microversion: 1.0 [pid: 7|app: 0|req: 322/634] 199.19.213.166 () {32 vars in 857 bytes} [Thu Jul 9 15:45:43 2026] GET /resource_providers/911ac4c4-0911-4bf4-a3c8-04287eb55409/allocations => generated 252 bytes in 18 msecs (HTTP/1.1 200) 6 headers in 224 bytes (1 switches on core 0)
2026-07-09 15:45:43.605 8 INFO placement.requestlog [req-7234ca29-1072-489f-ad3e-10bac0320fe6 req-2cabcd78-6301-442f-ae0a-cb493b762605 4c64aebc68804dba85b089fc930d4db8 2c60b5677ce44a48941e1ceeebcb308d - - f65e1348a7e24e37bc17be0b2a4862e0 f65e1348a7e24e37bc17be0b2a4862e0] 199.19.213.166 "GET /allocations/a4804472-cfd2-4b0c-96e9-6c1b472b6a4f" status: 200 len: 257 microversion: 1.28 [pid: 8|app: 0|req: 313/635] 199.19.213.166 () {34 vars in 863 bytes} [Thu Jul 9 15:45:43 2026] GET /allocations/a4804472-cfd2-4b0c-96e9-6c1b472b6a4f => generated 257 bytes in 15 msecs (HTTP/1.1 200) 8 headers in 296 bytes (1 switches on core 0)
2026-07-09 15:45:43.632 7 INFO placement.requestlog [req-7234ca29-1072-489f-ad3e-10bac0320fe6 req-bc8b4a67-83b8-4e21-bda4-e9a71d50b483 4c64aebc68804dba85b089fc930d4db8 2c60b5677ce44a48941e1ceeebcb308d - - f65e1348a7e24e37bc17be0b2a4862e0 f65e1348a7e24e37bc17be0b2a4862e0] 199.19.213.166 "GET /allocations/fca263fd-36b2-4843-9224-0221a99adb5e" status: 200 len: 257 microversion: 1.28 [pid: 7|app: 0|req: 323/636] 199.19.213.166 () {34 vars in 863 bytes} [Thu Jul 9 15:45:43 2026] GET /allocations/fca263fd-36b2-4843-9224-0221a99adb5e => generated 257 bytes in 14 msecs (HTTP/1.1 200) 8 headers in 296 bytes (1 switches on core 0)
2026-07-09 15:45:46.326 8 INFO placement.requestlog [None req-d887c476-d32d-4350-89bc-dc01ce29aff9 - - - - - -] 10.0.0.209 "GET /" status: 200 len: 136 microversion: 1.0
2026-07-09 15:45:46.326 7 INFO placement.requestlog [None req-058a21fa-598d-462f-b93d-c6d4b83a782a - - - - - -] 10.0.0.209 "GET /" status: 200 len: 136 microversion: 1.0
2026-07-09 15:45:49.020 8 INFO placement.requestlog [None req-2caab373-e609-48ec-bf58-e9f2e16aeafe 8caa1cefbac64035be53ea7af634bb0b 2c60b5677ce44a48941e1ceeebcb308d - - f65e1348a7e24e37bc17be0b2a4862e0 f65e1348a7e24e37bc17be0b2a4862e0] 10.0.0.131 "GET /resource_providers/0df326f0-4c7c-4fac-839f-b5e14b941495/aggregates" status: 404 len: 235 microversion: 1.1 [pid: 8|app: 0|req: 315/639] 10.0.0.131 () {32 vars in 825 bytes} [Thu Jul 9 15:45:49 2026] GET /resource_providers/0df326f0-4c7c-4fac-839f-b5e14b941495/aggregates => generated 235 bytes in 13 msecs (HTTP/1.1 404) 5 headers in 202 bytes (1 switches on core 0)
2026-07-09 15:45:49.024 7 INFO placement.requestlog [None req-5adb43a5-9db0-4c42-b612-b1ebac760425 8caa1cefbac64035be53ea7af634bb0b 2c60b5677ce44a48941e1ceeebcb308d - - f65e1348a7e24e37bc17be0b2a4862e0 f65e1348a7e24e37bc17be0b2a4862e0] 10.0.0.131 "GET /resource_providers/0df326f0-4c7c-4fac-839f-b5e14b941495/aggregates" status: 404 len: 235 microversion: 1.1 [pid: 7|app: 0|req: 325/640] 10.0.0.131 () {32 vars in 825 bytes} [Thu Jul 9 15:45:49 2026] GET /resource_providers/0df326f0-4c7c-4fac-839f-b5e14b941495/aggregates => generated 235 bytes in 14 msecs (HTTP/1.1 404) 5 headers in 202 bytes (1 switches on core 0)
2026-07-09 15:45:49.039 8 INFO placement.requestlog [None req-42264d93-4361-44a1-bbdc-1b9d2f7b0cf8 8caa1cefbac64035be53ea7af634bb0b 2c60b5677ce44a48941e1ceeebcb308d - - f65e1348a7e24e37bc17be0b2a4862e0 f65e1348a7e24e37bc17be0b2a4862e0] 10.0.0.131 "DELETE /resource_providers/0df326f0-4c7c-4fac-839f-b5e14b941495" status: 404 len: 246 microversion: 1.1 [pid: 8|app: 0|req: 316/641] 10.0.0.131 () {34 vars in 825 bytes} [Thu Jul 9 15:45:49 2026] DELETE /resource_providers/0df326f0-4c7c-4fac-839f-b5e14b941495 => generated 246 bytes in 10 msecs (HTTP/1.1 404) 6 headers in 231 bytes (1 switches on core 0)
2026-07-09 15:45:49.048 7 INFO placement.requestlog [None req-4f13687e-1e70-4dd7-ae30-d01fb223fe5e 8caa1cefbac64035be53ea7af634bb0b 2c60b5677ce44a48941e1ceeebcb308d - - f65e1348a7e24e37bc17be0b2a4862e0 f65e1348a7e24e37bc17be0b2a4862e0] 10.0.0.131 "DELETE /resource_providers/0df326f0-4c7c-4fac-839f-b5e14b941495" status: 404 len: 246 microversion: 1.1 [pid: 7|app: 0|req: 326/642] 10.0.0.131 () {34 vars in 825 bytes} [Thu Jul 9 15:45:49 2026] DELETE /resource_providers/0df326f0-4c7c-4fac-839f-b5e14b941495 => generated 246 bytes in 12 msecs (HTTP/1.1 404) 6 headers in 231 bytes (1 switches on core 0)
2026-07-09 15:45:49.219 8 INFO placement.requestlog [req-2ff7e555-9c3c-4987-ac23-681a139068c8 req-f09e4c20-3a6f-4fbe-9460-3032e995650a 4c64aebc68804dba85b089fc930d4db8 2c60b5677ce44a48941e1ceeebcb308d - - f65e1348a7e24e37bc17be0b2a4862e0 f65e1348a7e24e37bc17be0b2a4862e0] 199.19.213.166 "GET /resource_providers/911ac4c4-0911-4bf4-a3c8-04287eb55409/allocations" status: 200 len: 252 microversion: 1.0 [pid: 8|app: 0|req: 317/643] 199.19.213.166 () {32 vars in 857 bytes} [Thu Jul 9 15:45:49 2026] GET /resource_providers/911ac4c4-0911-4bf4-a3c8-04287eb55409/allocations => generated 252 bytes in 19 msecs (HTTP/1.1 200) 6 headers in 224 bytes (1 switches on core 0)
2026-07-09 15:45:49.243 7 INFO placement.requestlog [req-2ff7e555-9c3c-4987-ac23-681a139068c8 req-05a3be00-e2ef-4a9f-9de1-98ca8603caa9 4c64aebc68804dba85b089fc930d4db8 2c60b5677ce44a48941e1ceeebcb308d - - f65e1348a7e24e37bc17be0b2a4862e0 f65e1348a7e24e37bc17be0b2a4862e0] 199.19.213.166 "GET /allocations/a4804472-cfd2-4b0c-96e9-6c1b472b6a4f" status: 200 len: 257 microversion: 1.28 [pid: 7|app: 0|req: 327/644] 199.19.213.166 () {34 vars in 863 bytes} [Thu Jul 9 15:45:49 2026] GET /allocations/a4804472-cfd2-4b0c-96e9-6c1b472b6a4f => generated 257 bytes in 15 msecs (HTTP/1.1 200) 8 headers in 296 bytes (1 switches on core 0)
2026-07-09 15:45:49.473 8 INFO placement.requestlog [req-2ff7e555-9c3c-4987-ac23-681a139068c8 req-d1b36db9-e668-4e18-8c24-ebc8610efbf6 4c64aebc68804dba85b089fc930d4db8 2c60b5677ce44a48941e1ceeebcb308d - - f65e1348a7e24e37bc17be0b2a4862e0 f65e1348a7e24e37bc17be0b2a4862e0] 199.19.213.166 "GET /allocations/fca263fd-36b2-4843-9224-0221a99adb5e" status: 200 len: 257 microversion: 1.28 [pid: 8|app: 0|req: 318/645] 199.19.213.166 () {34 vars in 863 bytes} [Thu Jul 9 15:45:49 2026] GET /allocations/fca263fd-36b2-4843-9224-0221a99adb5e => generated 257 bytes in 223 msecs (HTTP/1.1 200) 8 headers in 296 bytes (1 switches on core 0)
2026-07-09 15:45:49.547 7 INFO placement.requestlog [req-2ff7e555-9c3c-4987-ac23-681a139068c8 req-ae8ab852-78a7-4947-80e5-9771c70ab7e6 4c64aebc68804dba85b089fc930d4db8 2c60b5677ce44a48941e1ceeebcb308d - - f65e1348a7e24e37bc17be0b2a4862e0 f65e1348a7e24e37bc17be0b2a4862e0] 199.19.213.166 "DELETE /allocations/fca263fd-36b2-4843-9224-0221a99adb5e" status: 204 len: 0 microversion: 1.0 [pid: 7|app: 0|req: 328/646] 199.19.213.166 () {34 vars in 841 bytes} [Thu Jul 9 15:45:49 2026] DELETE /allocations/fca263fd-36b2-4843-9224-0221a99adb5e => generated 0 bytes in 26 msecs (HTTP/1.1 204) 5 headers in 198 bytes (1 switches on core 0)
2026-07-09 15:45:52.604 7 INFO placement.requestlog [None req-ad0f90c2-8e4c-454e-b20e-09e2c59f02a0 8caa1cefbac64035be53ea7af634bb0b 2c60b5677ce44a48941e1ceeebcb308d - - f65e1348a7e24e37bc17be0b2a4862e0 f65e1348a7e24e37bc17be0b2a4862e0] 10.0.0.131 "GET /resource_providers/d3c30062-de3d-427b-9b1b-4f59aa4fefd9/aggregates" status: 404 len: 235 microversion: 1.1 [pid: 7|app: 0|req: 329/647] 10.0.0.131 () {32 vars in 825 bytes} [Thu Jul 9 15:45:52 2026] GET /resource_providers/d3c30062-de3d-427b-9b1b-4f59aa4fefd9/aggregates => generated 235 bytes in 10 msecs (HTTP/1.1 404) 5 headers in 202 bytes (1 switches on core 0)
2026-07-09 15:45:52.617 8 INFO placement.requestlog [None req-cac18559-0cd2-4921-aa04-f95ced784ca6 8caa1cefbac64035be53ea7af634bb0b 2c60b5677ce44a48941e1ceeebcb308d - - f65e1348a7e24e37bc17be0b2a4862e0 f65e1348a7e24e37bc17be0b2a4862e0] 10.0.0.131 "GET /resource_providers/d3c30062-de3d-427b-9b1b-4f59aa4fefd9/aggregates" status: 404 len: 235 microversion: 1.1 [pid: 8|app: 0|req: 319/648] 10.0.0.131 () {32 vars in 825 bytes} [Thu Jul 9 15:45:52 2026] GET /resource_providers/d3c30062-de3d-427b-9b1b-4f59aa4fefd9/aggregates => generated 235 bytes in 24 msecs (HTTP/1.1 404) 5 headers in 202 bytes (1 switches on core 0)
2026-07-09 15:45:52.631 7 INFO placement.requestlog [None req-4462ed7a-b758-4216-869d-b9fb4611ed48 8caa1cefbac64035be53ea7af634bb0b 2c60b5677ce44a48941e1ceeebcb308d - - f65e1348a7e24e37bc17be0b2a4862e0 f65e1348a7e24e37bc17be0b2a4862e0] 10.0.0.131 "DELETE /resource_providers/d3c30062-de3d-427b-9b1b-4f59aa4fefd9" status: 404 len: 246 microversion: 1.1 [pid: 7|app: 0|req: 330/649] 10.0.0.131 () {34 vars in 825 bytes} [Thu Jul 9 15:45:52 2026] DELETE /resource_providers/d3c30062-de3d-427b-9b1b-4f59aa4fefd9 => generated 246 bytes in 14 msecs (HTTP/1.1 404) 6 headers in 231 bytes (1 switches on core 0)
2026-07-09 15:45:52.634 8 INFO placement.requestlog [None req-b960b290-ef92-405b-b80e-7e69da418c1c 8caa1cefbac64035be53ea7af634bb0b 2c60b5677ce44a48941e1ceeebcb308d - - f65e1348a7e24e37bc17be0b2a4862e0 f65e1348a7e24e37bc17be0b2a4862e0] 10.0.0.131 "DELETE /resource_providers/d3c30062-de3d-427b-9b1b-4f59aa4fefd9" status: 404 len: 246 microversion: 1.1 [pid: 8|app: 0|req: 320/650] 10.0.0.131 () {34 vars in 825 bytes} [Thu Jul 9 15:45:52 2026] DELETE /resource_providers/d3c30062-de3d-427b-9b1b-4f59aa4fefd9 => generated 246 bytes in 11 msecs (HTTP/1.1 404) 6 headers in 231 bytes (1 switches on core 0)
2026-07-09 15:45:55.734 7 INFO placement.requestlog [req-7aa6394d-4199-4295-b7e2-cd7377a12f7b req-f59977ae-f855-4273-8b98-d9a5cbb1cc53 4c64aebc68804dba85b089fc930d4db8 2c60b5677ce44a48941e1ceeebcb308d - - f65e1348a7e24e37bc17be0b2a4862e0 f65e1348a7e24e37bc17be0b2a4862e0] 199.19.213.166 "GET /resource_providers/911ac4c4-0911-4bf4-a3c8-04287eb55409/allocations" status: 200 len: 152 microversion: 1.0 [pid: 7|app: 0|req: 331/651] 199.19.213.166 () {32 vars in 857 bytes} [Thu Jul 9 15:45:55 2026] GET /resource_providers/911ac4c4-0911-4bf4-a3c8-04287eb55409/allocations => generated 152 bytes in 25 msecs (HTTP/1.1 200) 6 headers in 224 bytes (1 switches on core 0)
2026-07-09 15:45:55.761 8 INFO placement.requestlog [req-7aa6394d-4199-4295-b7e2-cd7377a12f7b req-b6282509-9101-4c2b-86ba-f20f01a68c91 4c64aebc68804dba85b089fc930d4db8 2c60b5677ce44a48941e1ceeebcb308d - - f65e1348a7e24e37bc17be0b2a4862e0 f65e1348a7e24e37bc17be0b2a4862e0] 199.19.213.166 "GET /resource_providers?in_tree=911ac4c4-0911-4bf4-a3c8-04287eb55409" status: 200 len: 797 microversion: 1.14 [pid: 8|app: 0|req: 321/652] 199.19.213.166 () {34 vars in 892 bytes} [Thu Jul 9 15:45:55 2026] GET /resource_providers?in_tree=911ac4c4-0911-4bf4-a3c8-04287eb55409 => generated 797 bytes in 21 msecs (HTTP/1.1 200) 6 headers in 225 bytes (1 switches on core 0)
2026-07-09 15:45:55.785 7 INFO placement.requestlog [req-7aa6394d-4199-4295-b7e2-cd7377a12f7b req-f473e6ba-2b1d-49a7-9ba7-7085fcaa81b4 4c64aebc68804dba85b089fc930d4db8 2c60b5677ce44a48941e1ceeebcb308d - - f65e1348a7e24e37bc17be0b2a4862e0 f65e1348a7e24e37bc17be0b2a4862e0] 199.19.213.166 "GET /resource_providers/911ac4c4-0911-4bf4-a3c8-04287eb55409/inventories" status: 200 len: 400 microversion: 1.0 [pid: 7|app: 0|req: 332/653] 199.19.213.166 () {32 vars in 857 bytes} [Thu Jul 9 15:45:55 2026] GET /resource_providers/911ac4c4-0911-4bf4-a3c8-04287eb55409/inventories => generated 400 bytes in 17 msecs (HTTP/1.1 200) 6 headers in 224 bytes (1 switches on core 0)
2026-07-09 15:45:55.804 8 INFO placement.requestlog [req-7aa6394d-4199-4295-b7e2-cd7377a12f7b req-000cd2fa-47f2-455a-ba56-faa1d239d8b4 4c64aebc68804dba85b089fc930d4db8 2c60b5677ce44a48941e1ceeebcb308d - - f65e1348a7e24e37bc17be0b2a4862e0 f65e1348a7e24e37bc17be0b2a4862e0] 199.19.213.166 "GET /resource_providers/911ac4c4-0911-4bf4-a3c8-04287eb55409/aggregates" status: 200 len: 53 microversion: 1.19 [pid: 8|app: 0|req: 322/654] 199.19.213.166 () {34 vars in 899 bytes} [Thu Jul 9 15:45:55 2026] GET /resource_providers/911ac4c4-0911-4bf4-a3c8-04287eb55409/aggregates => generated 53 bytes in 13 msecs (HTTP/1.1 200) 8 headers in 295 bytes (1 switches on core 0)
2026-07-09 15:45:55.834 7 INFO placement.requestlog [req-7aa6394d-4199-4295-b7e2-cd7377a12f7b req-3a5bd1a3-dcbe-4f29-af8c-eb099da3734a 4c64aebc68804dba85b089fc930d4db8 2c60b5677ce44a48941e1ceeebcb308d - - f65e1348a7e24e37bc17be0b2a4862e0 f65e1348a7e24e37bc17be0b2a4862e0] 199.19.213.166 "GET /resource_providers/911ac4c4-0911-4bf4-a3c8-04287eb55409/traits" status: 200 len: 1752 microversion: 1.6 [pid: 7|app: 0|req: 333/655] 199.19.213.166 () {34 vars in 890 bytes} [Thu Jul 9 15:45:55 2026] GET /resource_providers/911ac4c4-0911-4bf4-a3c8-04287eb55409/traits => generated 1752 bytes in 25 msecs (HTTP/1.1 200) 6 headers in 225 bytes (1 switches on core 0)
2026-07-09 15:45:55.859 8 INFO placement.requestlog [req-7aa6394d-4199-4295-b7e2-cd7377a12f7b req-924271c5-7aad-4454-8bab-433973e55961 4c64aebc68804dba85b089fc930d4db8 2c60b5677ce44a48941e1ceeebcb308d - - f65e1348a7e24e37bc17be0b2a4862e0 f65e1348a7e24e37bc17be0b2a4862e0] 199.19.213.166 "GET /resource_providers/911ac4c4-0911-4bf4-a3c8-04287eb55409/allocations" status: 200 len: 152 microversion: 1.0 [pid: 8|app: 0|req: 323/656] 199.19.213.166 () {32 vars in 857 bytes} [Thu Jul 9 15:45:55 2026] GET /resource_providers/911ac4c4-0911-4bf4-a3c8-04287eb55409/allocations => generated 152 bytes in 19 msecs (HTTP/1.1 200) 6 headers in 224 bytes (1 switches on core 0)
2026-07-09 15:45:55.880 7 INFO placement.requestlog [req-7aa6394d-4199-4295-b7e2-cd7377a12f7b req-ca9f210e-7a81-4a27-9784-9fa9c6ecb2fb 4c64aebc68804dba85b089fc930d4db8 2c60b5677ce44a48941e1ceeebcb308d - - f65e1348a7e24e37bc17be0b2a4862e0 f65e1348a7e24e37bc17be0b2a4862e0] 199.19.213.166 "GET /allocations/a4804472-cfd2-4b0c-96e9-6c1b472b6a4f" status: 200 len: 257 microversion: 1.28 [pid: 7|app: 0|req: 334/657] 199.19.213.166 () {34 vars in 863 bytes} [Thu Jul 9 15:45:55 2026] GET /allocations/a4804472-cfd2-4b0c-96e9-6c1b472b6a4f => generated 257 bytes in 15 msecs (HTTP/1.1 200) 8 headers in 296 bytes (1 switches on core 0)
2026-07-09 15:45:56.320 8 INFO placement.requestlog [None req-7f35ff08-0d49-4e99-84ac-b6989dad90be - - - - - -] 10.0.0.209 "GET /" status: 200 len: 136 microversion: 1.0
