2026-07-09 15:47:43.459 10 INFO neutron.db.ovn_revision_numbers_db [None req-3a4fb1f4-38d7-4a45-b8b4-ca948f78cd66 bf8198ebef8a4a28a8ec684ee0f002b5 da748f9adb204d07b3fff75274b515ea - - default default] Successfully bumped revision number for resource 028bf66b-80b3-4c1a-82f7-868c3683f2e7 (type: security_group_rules) to 0
2026-07-09 15:47:43.484 10 INFO neutron.db.ovn_revision_numbers_db [None req-3a4fb1f4-38d7-4a45-b8b4-ca948f78cd66 bf8198ebef8a4a28a8ec684ee0f002b5 da748f9adb204d07b3fff75274b515ea - - default default] Successfully bumped revision number for resource 28421de3-dd4b-44b1-a1af-8305e19b0557 (type: security_group_rules) to 0
2026-07-09 15:47:43.488 9 INFO neutron.db.ovn_revision_numbers_db [None req-45e736f1-b6dc-48d9-a7b5-cde9bb0a6bfb 8509193b10c8459490f4ec8fcf7f97a6 9ad433f77b5540be880fa6720903af0d - - default default] Successfully bumped revision number for resource c9685e3e-8cbc-4db1-be6c-f6ce9b2b01b7 (type: ports) to 1
2026-07-09 15:47:43.499 10 INFO neutron.db.ovn_revision_numbers_db [None req-3a4fb1f4-38d7-4a45-b8b4-ca948f78cd66 bf8198ebef8a4a28a8ec684ee0f002b5 da748f9adb204d07b3fff75274b515ea - - default default] Successfully bumped revision number for resource 7cd20615-846a-4182-b606-2ae387290175 (type: security_group_rules) to 0
2026-07-09 15:47:43.513 9 INFO neutron.wsgi [None req-45e736f1-b6dc-48d9-a7b5-cde9bb0a6bfb 8509193b10c8459490f4ec8fcf7f97a6 9ad433f77b5540be880fa6720903af0d - - default default] 10.0.0.179 "POST /v2.0/networks HTTP/1.1" status: 201 len: 830 time: 0.8736794
2026-07-09 15:47:43.522 9 WARNING neutron_lib.context [None req-d1b32a85-52d7-42cd-943f-aab17d1544b3 8509193b10c8459490f4ec8fcf7f97a6 9ad433f77b5540be880fa6720903af0d - - default default] Method 'is_advsvc' is deprecated since 2023.2 release (neutron-lib 3.8.0) and will be removed once support for the old RBAC API policies will be removed from Neutron. Please use method 'is_service_role' instead.
2026-07-09 15:47:43.523 10 INFO neutron.db.ovn_revision_numbers_db [None req-3a4fb1f4-38d7-4a45-b8b4-ca948f78cd66 bf8198ebef8a4a28a8ec684ee0f002b5 da748f9adb204d07b3fff75274b515ea - - default default] Successfully bumped revision number for resource cdf8ff9b-4cb0-43a5-a5d6-c79ae03303e1 (type: security_group_rules) to 0
2026-07-09 15:47:43.585 10 INFO neutron.db.segments_db [None req-3a4fb1f4-38d7-4a45-b8b4-ca948f78cd66 bf8198ebef8a4a28a8ec684ee0f002b5 da748f9adb204d07b3fff75274b515ea - - default default] Added segment 1fc90275-0838-428b-bc49-eb3c7fa8d926 of type geneve for network 97f94026-3d34-46b3-92f3-7cfe5fbcc39a
2026-07-09 15:47:43.596 9 INFO neutron.db.segments_db [None req-d1b32a85-52d7-42cd-943f-aab17d1544b3 8509193b10c8459490f4ec8fcf7f97a6 9ad433f77b5540be880fa6720903af0d - - default default] Added segment d50b6263-969d-443f-8460-a78051de0797 of type geneve for network 9f2d8460-2479-4e01-82ca-e61c8a3e2763
2026-07-09 15:47:43.628 10 WARNING neutron.plugins.ml2.drivers.ovn.mech_driver.ovsdb.ovn_client [None req-a1bfd37f-beae-42a1-bd64-8458ef0c0da0 - - - - - -] No port found with ID bfd0409d-3f60-41c9-9d08-db91060c0d9d: RuntimeError: No port found with ID bfd0409d-3f60-41c9-9d08-db91060c0d9d
2026-07-09 15:47:43.688 10 INFO neutron.db.ovn_revision_numbers_db [None req-2cb93bce-da59-4464-bcd5-b2716df975a5 8b58ad38d2dc4dc9b8d3343d49699d3a d09e42a428454bdf8aaa5135686dd9d0 - - default default] Successfully bumped revision number for resource b2bf725a-9499-4c34-ba03-ec69e639251c (type: ports) to 2
2026-07-09 15:47:43.725 9 INFO neutron.db.ovn_revision_numbers_db [None req-d1b32a85-52d7-42cd-943f-aab17d1544b3 8509193b10c8459490f4ec8fcf7f97a6 9ad433f77b5540be880fa6720903af0d - - default default] Successfully bumped revision number for resource 9f2d8460-2479-4e01-82ca-e61c8a3e2763 (type: networks) to 1
2026-07-09 15:47:43.751 10 INFO neutron.db.ovn_revision_numbers_db [None req-2cb93bce-da59-4464-bcd5-b2716df975a5 8b58ad38d2dc4dc9b8d3343d49699d3a d09e42a428454bdf8aaa5135686dd9d0 - - default default] Successfully bumped revision number for resource fa0ef049-c4a8-4333-9678-56cee633284a (type: subnets) to 0
2026-07-09 15:47:43.755 10 INFO neutron.db.ovn_revision_numbers_db [None req-3a4fb1f4-38d7-4a45-b8b4-ca948f78cd66 bf8198ebef8a4a28a8ec684ee0f002b5 da748f9adb204d07b3fff75274b515ea - - default default] Successfully bumped revision number for resource 97f94026-3d34-46b3-92f3-7cfe5fbcc39a (type: networks) to 1
2026-07-09 15:47:43.775 10 INFO neutron.wsgi [None req-2cb93bce-da59-4464-bcd5-b2716df975a5 8b58ad38d2dc4dc9b8d3343d49699d3a d09e42a428454bdf8aaa5135686dd9d0 - - default default] 10.0.0.179 "POST /v2.0/subnets HTTP/1.1" status: 201 len: 801 time: 0.9055724
2026-07-09 15:47:43.788 10 WARNING neutron_lib.context [None req-a3a3039f-0f4b-4ef6-9f68-72df490e9195 8b58ad38d2dc4dc9b8d3343d49699d3a d09e42a428454bdf8aaa5135686dd9d0 - - default default] Method 'is_advsvc' is deprecated since 2023.2 release (neutron-lib 3.8.0) and will be removed once support for the old RBAC API policies will be removed from Neutron. Please use method 'is_service_role' instead.
2026-07-09 15:47:43.920 9 WARNING neutron.scheduler.dhcp_agent_scheduler [None req-d1b32a85-52d7-42cd-943f-aab17d1544b3 8509193b10c8459490f4ec8fcf7f97a6 9ad433f77b5540be880fa6720903af0d - - default default] No more DHCP agents
2026-07-09 15:47:43.922 9 WARNING neutron.api.rpc.agentnotifiers.dhcp_rpc_agent_api [None req-d1b32a85-52d7-42cd-943f-aab17d1544b3 8509193b10c8459490f4ec8fcf7f97a6 9ad433f77b5540be880fa6720903af0d - - default default] Unable to schedule network 9f2d8460-2479-4e01-82ca-e61c8a3e2763: no agents available; will retry on subsequent port and subnet creation events.
2026-07-09 15:47:43.944 10 INFO neutron.db.ovn_revision_numbers_db [None req-a3a3039f-0f4b-4ef6-9f68-72df490e9195 8b58ad38d2dc4dc9b8d3343d49699d3a d09e42a428454bdf8aaa5135686dd9d0 - - default default] Successfully bumped revision number for resource 9d13001c-1a24-481e-9c3b-f5be4c4c1eb7 (type: routers) to 1
2026-07-09 15:47:43.961 10 INFO neutron.wsgi [None req-a3a3039f-0f4b-4ef6-9f68-72df490e9195 8b58ad38d2dc4dc9b8d3343d49699d3a d09e42a428454bdf8aaa5135686dd9d0 - - default default] 10.0.0.179 "POST /v2.0/routers HTTP/1.1" status: 201 len: 802 time: 0.1801322
2026-07-09 15:47:43.983 10 WARNING neutron.scheduler.dhcp_agent_scheduler [None req-3a4fb1f4-38d7-4a45-b8b4-ca948f78cd66 bf8198ebef8a4a28a8ec684ee0f002b5 da748f9adb204d07b3fff75274b515ea - - default default] No more DHCP agents
2026-07-09 15:47:43.984 10 WARNING neutron.api.rpc.agentnotifiers.dhcp_rpc_agent_api [None req-3a4fb1f4-38d7-4a45-b8b4-ca948f78cd66 bf8198ebef8a4a28a8ec684ee0f002b5 da748f9adb204d07b3fff75274b515ea - - default default] Unable to schedule network 97f94026-3d34-46b3-92f3-7cfe5fbcc39a: no agents available; will retry on subsequent port and subnet creation events.
2026-07-09 15:47:43.986 9 WARNING neutron_lib.context [None req-10d8eec3-a844-41ce-867a-18029b5b990f 8b58ad38d2dc4dc9b8d3343d49699d3a d09e42a428454bdf8aaa5135686dd9d0 - - default default] Method 'is_advsvc' is deprecated since 2023.2 release (neutron-lib 3.8.0) and will be removed once support for the old RBAC API policies will be removed from Neutron. Please use method 'is_service_role' instead.
2026-07-09 15:47:44.021 9 INFO neutron.db.ovn_revision_numbers_db [None req-d1b32a85-52d7-42cd-943f-aab17d1544b3 8509193b10c8459490f4ec8fcf7f97a6 9ad433f77b5540be880fa6720903af0d - - default default] Successfully bumped revision number for resource 54637f0d-e954-42a9-aaf4-7c4277f64730 (type: ports) to 1
2026-07-09 15:47:44.058 10 INFO neutron.db.ovn_revision_numbers_db [None req-3a4fb1f4-38d7-4a45-b8b4-ca948f78cd66 bf8198ebef8a4a28a8ec684ee0f002b5 da748f9adb204d07b3fff75274b515ea - - default default] Successfully bumped revision number for resource 3b059d3b-72dc-42f0-ada6-d1b0d8501782 (type: ports) to 1
2026-07-09 15:47:44.078 10 INFO neutron.wsgi [None req-3a4fb1f4-38d7-4a45-b8b4-ca948f78cd66 bf8198ebef8a4a28a8ec684ee0f002b5 da748f9adb204d07b3fff75274b515ea - - default default] 10.0.0.179 "POST /v2.0/networks HTTP/1.1" status: 201 len: 831 time: 0.9258454
2026-07-09 15:47:44.087 10 WARNING neutron_lib.context [None req-b7ff4653-733c-45a4-8f75-6ef75acb3daa bf8198ebef8a4a28a8ec684ee0f002b5 da748f9adb204d07b3fff75274b515ea - - default default] Method 'is_advsvc' is deprecated since 2023.2 release (neutron-lib 3.8.0) and will be removed once support for the old RBAC API policies will be removed from Neutron. Please use method 'is_service_role' instead.
2026-07-09 15:47:44.272 9 INFO neutron.wsgi [None req-d1b32a85-52d7-42cd-943f-aab17d1544b3 8509193b10c8459490f4ec8fcf7f97a6 9ad433f77b5540be880fa6720903af0d - - default default] 10.0.0.179 "POST /v2.0/networks HTTP/1.1" status: 201 len: 831 time: 0.7547638
2026-07-09 15:47:44.281 9 WARNING neutron_lib.context [None req-b315ea18-90a3-41ad-885b-88984a80ddde 8509193b10c8459490f4ec8fcf7f97a6 9ad433f77b5540be880fa6720903af0d - - default default] Method 'is_advsvc' is deprecated since 2023.2 release (neutron-lib 3.8.0) and will be removed once support for the old RBAC API policies will be removed from Neutron. Please use method 'is_service_role' instead.
2026-07-09 15:47:44.285 10 WARNING neutron.scheduler.dhcp_agent_scheduler [None req-b7ff4653-733c-45a4-8f75-6ef75acb3daa bf8198ebef8a4a28a8ec684ee0f002b5 da748f9adb204d07b3fff75274b515ea - - default default] No more DHCP agents
2026-07-09 15:47:44.286 10 WARNING neutron.api.rpc.agentnotifiers.dhcp_rpc_agent_api [None req-b7ff4653-733c-45a4-8f75-6ef75acb3daa bf8198ebef8a4a28a8ec684ee0f002b5 da748f9adb204d07b3fff75274b515ea - - default default] Unable to schedule network 97f94026-3d34-46b3-92f3-7cfe5fbcc39a: no agents available; will retry on subsequent port and subnet creation events.
2026-07-09 15:47:44.359 10 INFO neutron.db.ovn_revision_numbers_db [None req-b7ff4653-733c-45a4-8f75-6ef75acb3daa bf8198ebef8a4a28a8ec684ee0f002b5 da748f9adb204d07b3fff75274b515ea - - default default] Successfully bumped revision number for resource ef78c33d-05e7-4c4b-b46f-57032bf1da79 (type: ports) to 1
2026-07-09 15:47:44.375 9 INFO neutron.db.segments_db [None req-b315ea18-90a3-41ad-885b-88984a80ddde 8509193b10c8459490f4ec8fcf7f97a6 9ad433f77b5540be880fa6720903af0d - - default default] Added segment 9eddf4b9-897d-477c-bb7e-aa34adc05aa5 of type geneve for network e3aaf79a-8439-48f9-bfd7-e0bbe35ee268
2026-07-09 15:47:44.376 10 INFO neutron.wsgi [None req-b7ff4653-733c-45a4-8f75-6ef75acb3daa bf8198ebef8a4a28a8ec684ee0f002b5 da748f9adb204d07b3fff75274b515ea - - default default] 10.0.0.179 "POST /v2.0/ports HTTP/1.1" status: 201 len: 942 time: 0.2941942 /var/lib/openstack/lib/python3.10/site-packages/pycadf/identifier.py:71: UserWarning: Invalid uuid: neutron. To ensure interoperability, identifiers should be a valid uuid. warnings.warn(('Invalid uuid: %s. To ensure interoperability, '
2026-07-09 15:47:44.385 10 WARNING neutron_lib.context [None req-7551db32-fa77-42be-ae14-14eabddbcff4 bf8198ebef8a4a28a8ec684ee0f002b5 da748f9adb204d07b3fff75274b515ea - - default default] Method 'is_advsvc' is deprecated since 2023.2 release (neutron-lib 3.8.0) and will be removed once support for the old RBAC API policies will be removed from Neutron. Please use method 'is_service_role' instead.
2026-07-09 15:47:44.555 9 INFO neutron.db.ovn_revision_numbers_db [None req-b315ea18-90a3-41ad-885b-88984a80ddde 8509193b10c8459490f4ec8fcf7f97a6 9ad433f77b5540be880fa6720903af0d - - default default] Successfully bumped revision number for resource e3aaf79a-8439-48f9-bfd7-e0bbe35ee268 (type: networks) to 1
2026-07-09 15:47:44.659 9 WARNING neutron.scheduler.dhcp_agent_scheduler [None req-10d8eec3-a844-41ce-867a-18029b5b990f 8b58ad38d2dc4dc9b8d3343d49699d3a d09e42a428454bdf8aaa5135686dd9d0 - - default default] No more DHCP agents
2026-07-09 15:47:44.672 9 WARNING neutron.api.rpc.agentnotifiers.dhcp_rpc_agent_api [None req-10d8eec3-a844-41ce-867a-18029b5b990f 8b58ad38d2dc4dc9b8d3343d49699d3a d09e42a428454bdf8aaa5135686dd9d0 - - default default] Unable to schedule network 68adde7a-fb5f-454d-8a16-b007316d3afd: no agents available; will retry on subsequent port and subnet creation events.
2026-07-09 15:47:44.787 10 INFO neutron.wsgi [None req-7551db32-fa77-42be-ae14-14eabddbcff4 bf8198ebef8a4a28a8ec684ee0f002b5 da748f9adb204d07b3fff75274b515ea - - default default] 10.0.0.179 "POST /v2.0/trunks HTTP/1.1" status: 201 len: 608 time: 0.4050629
2026-07-09 15:47:44.802 9 WARNING neutron.scheduler.dhcp_agent_scheduler [None req-b315ea18-90a3-41ad-885b-88984a80ddde 8509193b10c8459490f4ec8fcf7f97a6 9ad433f77b5540be880fa6720903af0d - - default default] No more DHCP agents
2026-07-09 15:47:44.807 9 WARNING neutron.api.rpc.agentnotifiers.dhcp_rpc_agent_api [None req-b315ea18-90a3-41ad-885b-88984a80ddde 8509193b10c8459490f4ec8fcf7f97a6 9ad433f77b5540be880fa6720903af0d - - default default] Unable to schedule network e3aaf79a-8439-48f9-bfd7-e0bbe35ee268: no agents available; will retry on subsequent port and subnet creation events.
2026-07-09 15:47:44.821 10 INFO neutron.wsgi [None req-a7708733-9c70-4be3-afca-dbd294ad16f9 bf8198ebef8a4a28a8ec684ee0f002b5 da748f9adb204d07b3fff75274b515ea - - default default] 10.0.0.179 "PUT /v2.0/trunks/9a72062a-eee6-4d6d-9048-bcd4db403443/tags HTTP/1.1" status: 200 len: 218 time: 0.0283000
2026-07-09 15:47:44.847 10 INFO neutron.wsgi [None req-fc597bac-f541-49a5-b78f-bffbba444229 bf8198ebef8a4a28a8ec684ee0f002b5 da748f9adb204d07b3fff75274b515ea - - default default] 10.0.0.179 "GET /v2.0/trunks/9a72062a-eee6-4d6d-9048-bcd4db403443/tags HTTP/1.1" status: 200 len: 218 time: 0.0194712
2026-07-09 15:47:44.883 10 INFO neutron.wsgi [None req-890acd91-09d8-4f17-9cb5-cfea704fff44 bf8198ebef8a4a28a8ec684ee0f002b5 da748f9adb204d07b3fff75274b515ea - - default default] 10.0.0.179 "PUT /v2.0/trunks/9a72062a-eee6-4d6d-9048-bcd4db403443/tags/green HTTP/1.1" status: 201 len: 201 time: 0.0320482
2026-07-09 15:47:44.909 10 INFO neutron.wsgi [None req-9c35c1fb-912e-4b73-9aec-c6ed302ea70b bf8198ebef8a4a28a8ec684ee0f002b5 da748f9adb204d07b3fff75274b515ea - - default default] 10.0.0.179 "GET /v2.0/trunks/9a72062a-eee6-4d6d-9048-bcd4db403443/tags HTTP/1.1" status: 200 len: 227 time: 0.0203519
2026-07-09 15:47:44.920 9 INFO neutron.db.ovn_revision_numbers_db [None req-10d8eec3-a844-41ce-867a-18029b5b990f 8b58ad38d2dc4dc9b8d3343d49699d3a d09e42a428454bdf8aaa5135686dd9d0 - - default default] Successfully bumped revision number for resource fc47324b-4389-4657-9458-f10692b10b9c (type: ports) to 1
2026-07-09 15:47:44.931 10 INFO neutron.wsgi [None req-152ff58a-9e3f-4b4b-b756-a16b6f6644ca bf8198ebef8a4a28a8ec684ee0f002b5 da748f9adb204d07b3fff75274b515ea - - default default] 10.0.0.179 "PUT /v2.0/trunks/9a72062a-eee6-4d6d-9048-bcd4db403443/tags/red HTTP/1.1" status: 201 len: 201 time: 0.0187762 /var/lib/openstack/lib/python3.10/site-packages/pycadf/identifier.py:71: UserWarning: Invalid uuid: neutron. To ensure interoperability, identifiers should be a valid uuid. warnings.warn(('Invalid uuid: %s. To ensure interoperability, '
2026-07-09 15:47:44.941 9 INFO neutron.db.ovn_revision_numbers_db [None req-b315ea18-90a3-41ad-885b-88984a80ddde 8509193b10c8459490f4ec8fcf7f97a6 9ad433f77b5540be880fa6720903af0d - - default default] Successfully bumped revision number for resource d56e9d93-4dad-4c2d-b305-9a5839a0ad96 (type: ports) to 1
2026-07-09 15:47:44.955 9 INFO neutron.wsgi [None req-10d8eec3-a844-41ce-867a-18029b5b990f 8b58ad38d2dc4dc9b8d3343d49699d3a d09e42a428454bdf8aaa5135686dd9d0 - - default default] 10.0.0.179 "POST /v2.0/ports HTTP/1.1" status: 201 len: 1146 time: 0.9834194
2026-07-09 15:47:44.962 9 INFO neutron.wsgi [None req-54f01316-4408-4821-9266-4c5c50c352e2 bf8198ebef8a4a28a8ec684ee0f002b5 da748f9adb204d07b3fff75274b515ea - - default default] 10.0.0.179 "GET /v2.0/trunks/9a72062a-eee6-4d6d-9048-bcd4db403443/tags HTTP/1.1" status: 200 len: 227 time: 0.0261979
2026-07-09 15:47:44.966 9 INFO neutron.wsgi [None req-b315ea18-90a3-41ad-885b-88984a80ddde 8509193b10c8459490f4ec8fcf7f97a6 9ad433f77b5540be880fa6720903af0d - - default default] 10.0.0.179 "POST /v2.0/networks HTTP/1.1" status: 201 len: 831 time: 0.6889019
2026-07-09 15:47:44.973 10 INFO neutron.wsgi [-] 10.0.0.209 "GET / HTTP/1.1" status: 200 len: 247 time: 0.0015192
2026-07-09 15:47:44.975 10 INFO neutron.wsgi [-] 10.0.0.209 "GET / HTTP/1.1" status: 200 len: 247 time: 0.0008924
2026-07-09 15:47:44.991 10 WARNING neutron_lib.context [None req-39317004-5aa3-4cf9-b65b-9b73022c5016 8509193b10c8459490f4ec8fcf7f97a6 9ad433f77b5540be880fa6720903af0d - - default default] Method 'is_advsvc' is deprecated since 2023.2 release (neutron-lib 3.8.0) and will be removed once support for the old RBAC API policies will be removed from Neutron. Please use method 'is_service_role' instead.
2026-07-09 15:47:44.998 9 INFO neutron.wsgi [None req-87f69d24-be1d-4110-80c5-4b1930a6cf1f bf8198ebef8a4a28a8ec684ee0f002b5 da748f9adb204d07b3fff75274b515ea - - default default] 10.0.0.179 "PUT /v2.0/trunks/9a72062a-eee6-4d6d-9048-bcd4db403443/tags/black.or.white HTTP/1.1" status: 201 len: 201 time: 0.0310953
2026-07-09 15:47:45.022 9 INFO neutron.wsgi [None req-5fd59ec7-ab9b-4604-9f53-685a9d05b459 bf8198ebef8a4a28a8ec684ee0f002b5 da748f9adb204d07b3fff75274b515ea - - default default] 10.0.0.179 "GET /v2.0/trunks/9a72062a-eee6-4d6d-9048-bcd4db403443/tags HTTP/1.1" status: 200 len: 245 time: 0.0195792
2026-07-09 15:47:45.060 9 INFO neutron.wsgi [None req-569f6781-754b-4520-98cd-c78cf8de6bdc bf8198ebef8a4a28a8ec684ee0f002b5 da748f9adb204d07b3fff75274b515ea - - default default] 10.0.0.179 "PUT /v2.0/trunks/9a72062a-eee6-4d6d-9048-bcd4db403443/tags HTTP/1.1" status: 200 len: 230 time: 0.0332541
2026-07-09 15:47:45.086 9 INFO neutron.wsgi [None req-a5d7a0cd-6d11-4d03-9781-5eb29316a0c8 bf8198ebef8a4a28a8ec684ee0f002b5 da748f9adb204d07b3fff75274b515ea - - default default] 10.0.0.179 "GET /v2.0/trunks/9a72062a-eee6-4d6d-9048-bcd4db403443/tags HTTP/1.1" status: 200 len: 230 time: 0.0208313
2026-07-09 15:47:45.113 9 INFO neutron.wsgi [None req-89ce2306-1bee-43e9-8567-2812c8b6b92c bf8198ebef8a4a28a8ec684ee0f002b5 da748f9adb204d07b3fff75274b515ea - - default default] 10.0.0.179 "GET /v2.0/trunks/9a72062a-eee6-4d6d-9048-bcd4db403443/tags/red HTTP/1.1" status: 204 len: 168 time: 0.0222480
2026-07-09 15:47:45.129 10 INFO neutron.db.segments_db [None req-39317004-5aa3-4cf9-b65b-9b73022c5016 8509193b10c8459490f4ec8fcf7f97a6 9ad433f77b5540be880fa6720903af0d - - default default] Added segment 81e79543-8bde-4fcc-bb3c-f444fe464d20 of type geneve for network 3c83de6e-99bd-4256-8603-59b8f260a280
2026-07-09 15:47:45.139 9 INFO neutron.api.v2.resource [None req-a4fb0c7b-5552-418d-afeb-e46304a69540 bf8198ebef8a4a28a8ec684ee0f002b5 da748f9adb204d07b3fff75274b515ea - - default default] show failed (client error): The resource could not be found.
2026-07-09 15:47:45.141 9 INFO neutron.wsgi [None req-a4fb0c7b-5552-418d-afeb-e46304a69540 bf8198ebef8a4a28a8ec684ee0f002b5 da748f9adb204d07b3fff75274b515ea - - default default] 10.0.0.179 "GET /v2.0/trunks/9a72062a-eee6-4d6d-9048-bcd4db403443/tags/green HTTP/1.1" status: 404 len: 299 time: 0.0233617
2026-07-09 15:47:45.179 9 INFO neutron.wsgi [None req-f9fd9ccf-f23a-4009-b40d-5ee7514f1b89 bf8198ebef8a4a28a8ec684ee0f002b5 da748f9adb204d07b3fff75274b515ea - - default default] 10.0.0.179 "DELETE /v2.0/trunks/9a72062a-eee6-4d6d-9048-bcd4db403443/tags/red HTTP/1.1" status: 204 len: 168 time: 0.0335307
2026-07-09 15:47:45.201 9 INFO neutron.wsgi [None req-e04abab3-f328-4602-a415-231ac7c35440 bf8198ebef8a4a28a8ec684ee0f002b5 da748f9adb204d07b3fff75274b515ea - - default default] 10.0.0.179 "GET /v2.0/trunks/9a72062a-eee6-4d6d-9048-bcd4db403443/tags HTTP/1.1" status: 200 len: 223 time: 0.0170343
2026-07-09 15:47:45.225 9 INFO neutron.api.v2.resource [None req-2f65ceff-96dc-4507-bc55-d7c338f9cb69 bf8198ebef8a4a28a8ec684ee0f002b5 da748f9adb204d07b3fff75274b515ea - - default default] delete failed (client error): The resource could not be found.
2026-07-09 15:47:45.226 9 INFO neutron.wsgi [None req-2f65ceff-96dc-4507-bc55-d7c338f9cb69 bf8198ebef8a4a28a8ec684ee0f002b5 da748f9adb204d07b3fff75274b515ea - - default default] 10.0.0.179 "DELETE /v2.0/trunks/9a72062a-eee6-4d6d-9048-bcd4db403443/tags/green HTTP/1.1" status: 404 len: 299 time: 0.0207489
2026-07-09 15:47:45.259 9 INFO neutron.wsgi [None req-4af50609-a3a0-41d9-9cf7-9df4fac4e393 bf8198ebef8a4a28a8ec684ee0f002b5 da748f9adb204d07b3fff75274b515ea - - default default] 10.0.0.179 "DELETE /v2.0/trunks/9a72062a-eee6-4d6d-9048-bcd4db403443/tags HTTP/1.1" status: 204 len: 168 time: 0.0288265
2026-07-09 15:47:45.288 9 INFO neutron.wsgi [None req-807fe13a-ddc3-407e-84ea-164b18c38f2a bf8198ebef8a4a28a8ec684ee0f002b5 da748f9adb204d07b3fff75274b515ea - - default default] 10.0.0.179 "GET /v2.0/trunks/9a72062a-eee6-4d6d-9048-bcd4db403443/tags HTTP/1.1" status: 200 len: 205 time: 0.0251257
2026-07-09 15:47:45.312 9 INFO neutron.wsgi [None req-434ccb87-0bd7-4d8c-8c41-929d8fd37c52 bf8198ebef8a4a28a8ec684ee0f002b5 da748f9adb204d07b3fff75274b515ea - - default default] 10.0.0.179 "GET /v2.0/trunks/9a72062a-eee6-4d6d-9048-bcd4db403443 HTTP/1.1" status: 200 len: 603 time: 0.0161891
2026-07-09 15:47:45.327 10 INFO neutron.db.ovn_revision_numbers_db [None req-39317004-5aa3-4cf9-b65b-9b73022c5016 8509193b10c8459490f4ec8fcf7f97a6 9ad433f77b5540be880fa6720903af0d - - default default] Successfully bumped revision number for resource 3c83de6e-99bd-4256-8603-59b8f260a280 (type: networks) to 1
2026-07-09 15:47:45.399 9 INFO neutron.wsgi [None req-e8be8391-4eb3-46c6-8062-9f8d6862f81c bf8198ebef8a4a28a8ec684ee0f002b5 da748f9adb204d07b3fff75274b515ea - - default default] 10.0.0.179 "GET /v2.0/ports/ef78c33d-05e7-4c4b-b46f-57032bf1da79 HTTP/1.1" status: 200 len: 1020 time: 0.0839775
2026-07-09 15:47:45.485 9 INFO neutron.wsgi [None req-abe32c0a-10d8-4e48-8034-20aeb92d1a57 bf8198ebef8a4a28a8ec684ee0f002b5 da748f9adb204d07b3fff75274b515ea - - default default] 10.0.0.179 "DELETE /v2.0/trunks/9a72062a-eee6-4d6d-9048-bcd4db403443 HTTP/1.1" status: 204 len: 168 time: 0.0788348
2026-07-09 15:47:45.533 10 ERROR ovsdbapp.backend.ovs_idl.command [None req-7521e9eb-cd63-4755-b674-b0116e9f0bae 8b58ad38d2dc4dc9b8d3343d49699d3a d09e42a428454bdf8aaa5135686dd9d0 - - default default] Error executing command (DbGetCommand): ovsdbapp.backend.ovs_idl.idlutils.RowNotFound: Cannot find Logical_Router_Port with name=lrp-fc47324b-4389-4657-9458-f10692b10b9c
2026-07-09 15:47:45.533 10 ERROR ovsdbapp.backend.ovs_idl.command
Traceback (most recent call last):
2026-07-09 15:47:45.533 10 ERROR ovsdbapp.backend.ovs_idl.command
File "/var/lib/openstack/lib/python3.10/site-packages/ovsdbapp/backend/ovs_idl/command.py", line 47, in execute
2026-07-09 15:47:45.533 10 ERROR ovsdbapp.backend.ovs_idl.command self.run_idl(None)
2026-07-09 15:47:45.533 10 ERROR ovsdbapp.backend.ovs_idl.command
File "/var/lib/openstack/lib/python3.10/site-packages/ovsdbapp/backend/ovs_idl/command.py", line 235, in run_idl
2026-07-09 15:47:45.533 10 ERROR ovsdbapp.backend.ovs_idl.command record = self.api.lookup(self.table, self.record)
2026-07-09 15:47:45.533 10 ERROR ovsdbapp.backend.ovs_idl.command
File "/var/lib/openstack/lib/python3.10/site-packages/ovsdbapp/backend/ovs_idl/__init__.py", line 184, in lookup
2026-07-09 15:47:45.533 10 ERROR ovsdbapp.backend.ovs_idl.command return self._lookup(table, record)
2026-07-09 15:47:45.533 10 ERROR ovsdbapp.backend.ovs_idl.command
File "/var/lib/openstack/lib/python3.10/site-packages/ovsdbapp/backend/ovs_idl/__init__.py", line 235, in _lookup
2026-07-09 15:47:45.533 10 ERROR ovsdbapp.backend.ovs_idl.command row = idlutils.row_by_value(self, rl.table, rl.column, record)
2026-07-09 15:47:45.533 10 ERROR ovsdbapp.backend.ovs_idl.command
File "/var/lib/openstack/lib/python3.10/site-packages/ovsdbapp/backend/ovs_idl/idlutils.py", line 114, in row_by_value
2026-07-09 15:47:45.533 10 ERROR ovsdbapp.backend.ovs_idl.command raise RowNotFound(table=table, col=column, match=match)
2026-07-09 15:47:45.533 10 ERROR ovsdbapp.backend.ovs_idl.command ovsdbapp.backend.ovs_idl.idlutils.RowNotFound: Cannot find Logical_Router_Port with name=lrp-fc47324b-4389-4657-9458-f10692b10b9c
2026-07-09 15:47:45.533 10 ERROR ovsdbapp.backend.ovs_idl.command 
2026-07-09 15:47:45.534 10 ERROR neutron_lib.callbacks.manager [None req-7521e9eb-cd63-4755-b674-b0116e9f0bae 8b58ad38d2dc4dc9b8d3343d49699d3a d09e42a428454bdf8aaa5135686dd9d0 - - default default] Error during notification for neutron.services.ovn_l3.plugin.OVNL3RouterPlugin._port_update-8774175596262 port, after_update: ovsdbapp.backend.ovs_idl.idlutils.RowNotFound: Cannot find Logical_Router_Port with name=lrp-fc47324b-4389-4657-9458-f10692b10b9c
2026-07-09 15:47:45.534 10 ERROR neutron_lib.callbacks.manager
Traceback (most recent call last):
2026-07-09 15:47:45.534 10 ERROR neutron_lib.callbacks.manager
File "/var/lib/openstack/lib/python3.10/site-packages/neutron_lib/callbacks/manager.py", line 189, in _notify_loop
2026-07-09 15:47:45.534 10 ERROR neutron_lib.callbacks.manager callback.method(resource, event, trigger, payload=payload)
2026-07-09 15:47:45.534 10 ERROR neutron_lib.callbacks.manager
File "/var/lib/openstack/lib/python3.10/site-packages/neutron/services/ovn_l3/plugin.py", line 391, in _port_update
2026-07-09 15:47:45.534 10 ERROR neutron_lib.callbacks.manager l3plugin._ovn_client.update_router_port(context,
2026-07-09 15:47:45.534 10 ERROR neutron_lib.callbacks.manager
File "/var/lib/openstack/lib/python3.10/site-packages/neutron/plugins/ml2/drivers/ovn/mech_driver/ovsdb/ovn_client.py", line 1878, in update_router_port
2026-07-09 15:47:45.534 10 ERROR neutron_lib.callbacks.manager self._update_lrouter_port(context, port, if_exists=if_exists,
2026-07-09 15:47:45.534 10 ERROR neutron_lib.callbacks.manager
File "/var/lib/openstack/lib/python3.10/site-packages/neutron/plugins/ml2/drivers/ovn/mech_driver/ovsdb/ovn_client.py", line 1855, in _update_lrouter_port
2026-07-09 15:47:45.534 10 ERROR neutron_lib.callbacks.manager external_ids = self._nb_idl.db_get(
2026-07-09 15:47:45.534 10 ERROR neutron_lib.callbacks.manager
File "/var/lib/openstack/lib/python3.10/site-packages/ovsdbapp/backend/ovs_idl/command.py", line 47, in execute
2026-07-09 15:47:45.534 10 ERROR neutron_lib.callbacks.manager self.run_idl(None)
2026-07-09 15:47:45.534 10 ERROR neutron_lib.callbacks.manager
File "/var/lib/openstack/lib/python3.10/site-packages/ovsdbapp/backend/ovs_idl/command.py", line 235, in run_idl
2026-07-09 15:47:45.534 10 ERROR neutron_lib.callbacks.manager record = self.api.lookup(self.table, self.record)
2026-07-09 15:47:45.534 10 ERROR neutron_lib.callbacks.manager
File "/var/lib/openstack/lib/python3.10/site-packages/ovsdbapp/backend/ovs_idl/__init__.py", line 184, in lookup
2026-07-09 15:47:45.534 10 ERROR neutron_lib.callbacks.manager return self._lookup(table, record)
2026-07-09 15:47:45.534 10 ERROR neutron_lib.callbacks.manager
File "/var/lib/openstack/lib/python3.10/site-packages/ovsdbapp/backend/ovs_idl/__init__.py", line 235, in _lookup
2026-07-09 15:47:45.534 10 ERROR neutron_lib.callbacks.manager row = idlutils.row_by_value(self, rl.table, rl.column, record)
2026-07-09 15:47:45.534 10 ERROR neutron_lib.callbacks.manager
File "/var/lib/openstack/lib/python3.10/site-packages/ovsdbapp/backend/ovs_idl/idlutils.py", line 114, in row_by_value
2026-07-09 15:47:45.534 10 ERROR neutron_lib.callbacks.manager raise RowNotFound(table=table, col=column, match=match)
2026-07-09 15:47:45.534 10 ERROR neutron_lib.callbacks.manager ovsdbapp.backend.ovs_idl.idlutils.RowNotFound: Cannot find Logical_Router_Port with name=lrp-fc47324b-4389-4657-9458-f10692b10b9c
2026-07-09 15:47:45.534 10 ERROR neutron_lib.callbacks.manager 
2026-07-09 15:47:45.612 10 WARNING neutron.scheduler.dhcp_agent_scheduler [None req-39317004-5aa3-4cf9-b65b-9b73022c5016 8509193b10c8459490f4ec8fcf7f97a6 9ad433f77b5540be880fa6720903af0d - - default default] No more DHCP agents
2026-07-09 15:47:45.619 10 WARNING neutron.api.rpc.agentnotifiers.dhcp_rpc_agent_api [None req-39317004-5aa3-4cf9-b65b-9b73022c5016 8509193b10c8459490f4ec8fcf7f97a6 9ad433f77b5540be880fa6720903af0d - - default default] Unable to schedule network 3c83de6e-99bd-4256-8603-59b8f260a280: no agents available; will retry on subsequent port and subnet creation events.
2026-07-09 15:47:45.766 10 INFO neutron.db.ovn_revision_numbers_db [None req-39317004-5aa3-4cf9-b65b-9b73022c5016 8509193b10c8459490f4ec8fcf7f97a6 9ad433f77b5540be880fa6720903af0d - - default default] Successfully bumped revision number for resource 66120371-e01d-4d70-8198-ce72934a405a (type: ports) to 1
2026-07-09 15:47:45.793 10 INFO neutron.wsgi [None req-39317004-5aa3-4cf9-b65b-9b73022c5016 8509193b10c8459490f4ec8fcf7f97a6 9ad433f77b5540be880fa6720903af0d - - default default] 10.0.0.179 "POST /v2.0/networks HTTP/1.1" status: 201 len: 830 time: 0.8212018
2026-07-09 15:47:45.797 9 INFO neutron.plugins.ml2.drivers.ovn.mech_driver.mech_driver [None req-2e4dec20-51cf-4ab6-a7ab-78d6097ca8de - - - - - -] OVN reports status up for port: fc47324b-4389-4657-9458-f10692b10b9c
2026-07-09 15:47:45.810 9 WARNING neutron_lib.context [None req-6c666da8-0819-48dd-b2f7-22ad2dbb6871 8509193b10c8459490f4ec8fcf7f97a6 9ad433f77b5540be880fa6720903af0d - - default default] Method 'is_advsvc' is deprecated since 2023.2 release (neutron-lib 3.8.0) and will be removed once support for the old RBAC API policies will be removed from Neutron. Please use method 'is_service_role' instead.
2026-07-09 15:47:45.819 9 INFO neutron.plugins.ml2.plugin [None req-2e4dec20-51cf-4ab6-a7ab-78d6097ca8de - - - - - -] Attempt 1 to provision port fc47324b-4389-4657-9458-f10692b10b9c
2026-07-09 15:47:45.822 10 INFO neutron.db.ovn_revision_numbers_db [None req-7521e9eb-cd63-4755-b674-b0116e9f0bae 8b58ad38d2dc4dc9b8d3343d49699d3a d09e42a428454bdf8aaa5135686dd9d0 - - default default] Successfully bumped revision number for resource fc47324b-4389-4657-9458-f10692b10b9c (type: ports) to 2
2026-07-09 15:47:45.842 9 INFO neutron.wsgi [None req-37b332f6-e059-4a01-8e8b-9b63681d9b39 bf8198ebef8a4a28a8ec684ee0f002b5 da748f9adb204d07b3fff75274b515ea - - default default] 10.0.0.179 "DELETE /v2.0/ports/ef78c33d-05e7-4c4b-b46f-57032bf1da79 HTTP/1.1" status: 204 len: 168 time: 0.3496709
2026-07-09 15:47:45.953 9 INFO neutron.db.segments_db [None req-6c666da8-0819-48dd-b2f7-22ad2dbb6871 8509193b10c8459490f4ec8fcf7f97a6 9ad433f77b5540be880fa6720903af0d - - default default] Added segment b427f975-0819-455a-8d68-e39baee73820 of type geneve for network c0f8f91c-156f-46cd-9ad3-b45a59054be1
2026-07-09 15:47:46.229 9 INFO neutron.db.ovn_revision_numbers_db [None req-6c666da8-0819-48dd-b2f7-22ad2dbb6871 8509193b10c8459490f4ec8fcf7f97a6 9ad433f77b5540be880fa6720903af0d - - default default] Successfully bumped revision number for resource c0f8f91c-156f-46cd-9ad3-b45a59054be1 (type: networks) to 1
2026-07-09 15:47:46.583 9 WARNING neutron.scheduler.dhcp_agent_scheduler [None req-6c666da8-0819-48dd-b2f7-22ad2dbb6871 8509193b10c8459490f4ec8fcf7f97a6 9ad433f77b5540be880fa6720903af0d - - default default] No more DHCP agents
2026-07-09 15:47:46.584 9 INFO neutron.services.segments.plugin [-] Segment 1fc90275-0838-428b-bc49-eb3c7fa8d926 resource provider aggregate not found
2026-07-09 15:47:46.591 9 INFO neutron.services.segments.plugin [-] Segment 1fc90275-0838-428b-bc49-eb3c7fa8d926 resource provider aggregate not found
2026-07-09 15:47:46.601 9 WARNING neutron.api.rpc.agentnotifiers.dhcp_rpc_agent_api [None req-6c666da8-0819-48dd-b2f7-22ad2dbb6871 8509193b10c8459490f4ec8fcf7f97a6 9ad433f77b5540be880fa6720903af0d - - default default] Unable to schedule network c0f8f91c-156f-46cd-9ad3-b45a59054be1: no agents available; will retry on subsequent port and subnet creation events.
2026-07-09 15:47:46.616 9 INFO neutron.services.segments.plugin [-] Segment 1fc90275-0838-428b-bc49-eb3c7fa8d926 resource provider not found; error: Placement Client Error (4xx): {"errors": [{"status": 404, "title": "Not Found", "detail": "The resource could not be found.\n\n No resource provider with uuid 1fc90275-0838-428b-bc49-eb3c7fa8d926 found for delete ", "request_id": "req-821d3515-3446-4aea-9753-cf8231c38fe7"}]}
2026-07-09 15:47:46.617 9 INFO neutron.services.segments.plugin [-] Segment 1fc90275-0838-428b-bc49-eb3c7fa8d926 resource provider not found; error: Placement Client Error (4xx): {"errors": [{"status": 404, "title": "Not Found", "detail": "The resource could not be found.\n\n No resource provider with uuid 1fc90275-0838-428b-bc49-eb3c7fa8d926 found for delete ", "request_id": "req-c76c0bb4-6788-4823-8163-c9db15f43551"}]}
2026-07-09 15:47:46.618 9 INFO neutron.db.ovn_revision_numbers_db [None req-2e4dec20-51cf-4ab6-a7ab-78d6097ca8de - - - - - -] Successfully bumped revision number for resource fc47324b-4389-4657-9458-f10692b10b9c (type: ports) to 3
2026-07-09 15:47:46.675 9 INFO neutron.wsgi [None req-9b02b88e-10c4-45b5-9251-a66fc2c0083b bf8198ebef8a4a28a8ec684ee0f002b5 da748f9adb204d07b3fff75274b515ea - - default default] 10.0.0.179 "DELETE /v2.0/networks/97f94026-3d34-46b3-92f3-7cfe5fbcc39a HTTP/1.1" status: 204 len: 168 time: 0.8276401
2026-07-09 15:47:46.760 9 INFO neutron.db.ovn_revision_numbers_db [None req-6c666da8-0819-48dd-b2f7-22ad2dbb6871 8509193b10c8459490f4ec8fcf7f97a6 9ad433f77b5540be880fa6720903af0d - - default default] Successfully bumped revision number for resource c8a892df-2bc7-4bc0-ba14-2eef90ac2b10 (type: ports) to 1
2026-07-09 15:47:46.762 9 ERROR ovsdbapp.backend.ovs_idl.command [None req-2e4dec20-51cf-4ab6-a7ab-78d6097ca8de - - - - - -] Error executing command (DbGetCommand): ovsdbapp.backend.ovs_idl.idlutils.RowNotFound: Cannot find Logical_Router_Port with name=lrp-fc47324b-4389-4657-9458-f10692b10b9c
2026-07-09 15:47:46.762 9 ERROR ovsdbapp.backend.ovs_idl.command
Traceback (most recent call last):
2026-07-09 15:47:46.762 9 ERROR ovsdbapp.backend.ovs_idl.command
File "/var/lib/openstack/lib/python3.10/site-packages/ovsdbapp/backend/ovs_idl/command.py", line 47, in execute
2026-07-09 15:47:46.762 9 ERROR ovsdbapp.backend.ovs_idl.command self.run_idl(None)
2026-07-09 15:47:46.762 9 ERROR ovsdbapp.backend.ovs_idl.command
File "/var/lib/openstack/lib/python3.10/site-packages/ovsdbapp/backend/ovs_idl/command.py", line 235, in run_idl
2026-07-09 15:47:46.762 9 ERROR ovsdbapp.backend.ovs_idl.command record = self.api.lookup(self.table, self.record)
2026-07-09 15:47:46.762 9 ERROR ovsdbapp.backend.ovs_idl.command
File "/var/lib/openstack/lib/python3.10/site-packages/ovsdbapp/backend/ovs_idl/__init__.py", line 184, in lookup
2026-07-09 15:47:46.762 9 ERROR ovsdbapp.backend.ovs_idl.command return self._lookup(table, record)
2026-07-09 15:47:46.762 9 ERROR ovsdbapp.backend.ovs_idl.command
File "/var/lib/openstack/lib/python3.10/site-packages/ovsdbapp/backend/ovs_idl/__init__.py", line 235, in _lookup
2026-07-09 15:47:46.762 9 ERROR ovsdbapp.backend.ovs_idl.command row = idlutils.row_by_value(self, rl.table, rl.column, record)
2026-07-09 15:47:46.762 9 ERROR ovsdbapp.backend.ovs_idl.command
File "/var/lib/openstack/lib/python3.10/site-packages/ovsdbapp/backend/ovs_idl/idlutils.py", line 114, in row_by_value
2026-07-09 15:47:46.762 9 ERROR ovsdbapp.backend.ovs_idl.command raise RowNotFound(table=table, col=column, match=match)
2026-07-09 15:47:46.762 9 ERROR ovsdbapp.backend.ovs_idl.command ovsdbapp.backend.ovs_idl.idlutils.RowNotFound: Cannot find Logical_Router_Port with name=lrp-fc47324b-4389-4657-9458-f10692b10b9c
2026-07-09 15:47:46.762 9 ERROR ovsdbapp.backend.ovs_idl.command 
2026-07-09 15:47:46.762 9 ERROR neutron_lib.callbacks.manager [None req-2e4dec20-51cf-4ab6-a7ab-78d6097ca8de - - - - - -] Error during notification for neutron.services.ovn_l3.plugin.OVNL3RouterPlugin._port_update-8774175596262 port, after_update: ovsdbapp.backend.ovs_idl.idlutils.RowNotFound: Cannot find Logical_Router_Port with name=lrp-fc47324b-4389-4657-9458-f10692b10b9c
2026-07-09 15:47:46.762 9 ERROR neutron_lib.callbacks.manager
Traceback (most recent call last):
2026-07-09 15:47:46.762 9 ERROR neutron_lib.callbacks.manager
File "/var/lib/openstack/lib/python3.10/site-packages/neutron_lib/callbacks/manager.py", line 189, in _notify_loop
2026-07-09 15:47:46.762 9 ERROR neutron_lib.callbacks.manager callback.method(resource, event, trigger, payload=payload)
2026-07-09 15:47:46.762 9 ERROR neutron_lib.callbacks.manager
File "/var/lib/openstack/lib/python3.10/site-packages/neutron/services/ovn_l3/plugin.py", line 391, in _port_update
2026-07-09 15:47:46.762 9 ERROR neutron_lib.callbacks.manager l3plugin._ovn_client.update_router_port(context,
2026-07-09 15:47:46.762 9 ERROR neutron_lib.callbacks.manager
File "/var/lib/openstack/lib/python3.10/site-packages/neutron/plugins/ml2/drivers/ovn/mech_driver/ovsdb/ovn_client.py", line 1878, in update_router_port
2026-07-09 15:47:46.762 9 ERROR neutron_lib.callbacks.manager self._update_lrouter_port(context, port, if_exists=if_exists,
2026-07-09 15:47:46.762 9 ERROR neutron_lib.callbacks.manager
File "/var/lib/openstack/lib/python3.10/site-packages/neutron/plugins/ml2/drivers/ovn/mech_driver/ovsdb/ovn_client.py", line 1855, in _update_lrouter_port
2026-07-09 15:47:46.762 9 ERROR neutron_lib.callbacks.manager external_ids = self._nb_idl.db_get(
2026-07-09 15:47:46.762 9 ERROR neutron_lib.callbacks.manager
File "/var/lib/openstack/lib/python3.10/site-packages/ovsdbapp/backend/ovs_idl/command.py", line 47, in execute
2026-07-09 15:47:46.762 9 ERROR neutron_lib.callbacks.manager self.run_idl(None)
2026-07-09 15:47:46.762 9 ERROR neutron_lib.callbacks.manager
File "/var/lib/openstack/lib/python3.10/site-packages/ovsdbapp/backend/ovs_idl/command.py", line 235, in run_idl
2026-07-09 15:47:46.762 9 ERROR neutron_lib.callbacks.manager record = self.api.lookup(self.table, self.record)
2026-07-09 15:47:46.762 9 ERROR neutron_lib.callbacks.manager
File "/var/lib/openstack/lib/python3.10/site-packages/ovsdbapp/backend/ovs_idl/__init__.py", line 184, in lookup
2026-07-09 15:47:46.762 9 ERROR neutron_lib.callbacks.manager return self._lookup(table, record)
2026-07-09 15:47:46.762 9 ERROR neutron_lib.callbacks.manager
File "/var/lib/openstack/lib/python3.10/site-packages/ovsdbapp/backend/ovs_idl/__init__.py", line 235, in _lookup
2026-07-09 15:47:46.762 9 ERROR neutron_lib.callbacks.manager row = idlutils.row_by_value(self, rl.table, rl.column, record)
2026-07-09 15:47:46.762 9 ERROR neutron_lib.callbacks.manager
File "/var/lib/openstack/lib/python3.10/site-packages/ovsdbapp/backend/ovs_idl/idlutils.py", line 114, in row_by_value
2026-07-09 15:47:46.762 9 ERROR neutron_lib.callbacks.manager raise RowNotFound(table=table, col=column, match=match)
2026-07-09 15:47:46.762 9 ERROR neutron_lib.callbacks.manager ovsdbapp.backend.ovs_idl.idlutils.RowNotFound: Cannot find Logical_Router_Port with name=lrp-fc47324b-4389-4657-9458-f10692b10b9c
2026-07-09 15:47:46.762 9 ERROR neutron_lib.callbacks.manager 
2026-07-09 15:47:46.785 9 INFO neutron.wsgi [None req-6c666da8-0819-48dd-b2f7-22ad2dbb6871 8509193b10c8459490f4ec8fcf7f97a6 9ad433f77b5540be880fa6720903af0d - - default default] 10.0.0.179 "POST /v2.0/networks HTTP/1.1" status: 201 len: 831 time: 0.9827549 /var/lib/openstack/lib/python3.10/site-packages/pycadf/identifier.py:71: UserWarning: Invalid uuid: neutron. To ensure interoperability, identifiers should be a valid uuid. warnings.warn(('Invalid uuid: %s. To ensure interoperability, '
2026-07-09 15:47:46.890 10 INFO neutron.wsgi [None req-e2348c2a-1624-4afd-be35-b04329bd746b 8509193b10c8459490f4ec8fcf7f97a6 9ad433f77b5540be880fa6720903af0d - - default default] 10.0.0.179 "PUT /v2.0/networks/50a09718-42a2-45d8-a7d0-bdced274ca3c/tags HTTP/1.1" status: 200 len: 210 time: 0.0972152 /var/lib/openstack/lib/python3.10/site-packages/pycadf/identifier.py:71: UserWarning: Invalid uuid: neutron. To ensure interoperability, identifiers should be a valid uuid. warnings.warn(('Invalid uuid: %s. To ensure interoperability, '
2026-07-09 15:47:46.952 9 INFO neutron.wsgi [None req-f3db028c-7d74-4b12-ad58-44fe64eeab8c 8509193b10c8459490f4ec8fcf7f97a6 9ad433f77b5540be880fa6720903af0d - - default default] 10.0.0.179 "PUT /v2.0/networks/9f2d8460-2479-4e01-82ca-e61c8a3e2763/tags HTTP/1.1" status: 200 len: 218 time: 0.0547543
2026-07-09 15:47:46.999 9 INFO neutron.wsgi [None req-4714cd65-18ca-4c23-bbe2-505dee2ece96 8509193b10c8459490f4ec8fcf7f97a6 9ad433f77b5540be880fa6720903af0d - - default default] 10.0.0.179 "PUT /v2.0/networks/e3aaf79a-8439-48f9-bfd7-e0bbe35ee268/tags HTTP/1.1" status: 200 len: 227 time: 0.0425954
2026-07-09 15:47:47.048 9 INFO neutron.wsgi [None req-b5afc16e-1fd6-4288-bd94-c4f0957f6ff7 8509193b10c8459490f4ec8fcf7f97a6 9ad433f77b5540be880fa6720903af0d - - default default] 10.0.0.179 "PUT /v2.0/networks/3c83de6e-99bd-4256-8603-59b8f260a280/tags HTTP/1.1" status: 200 len: 212 time: 0.0449598
2026-07-09 15:47:47.126 9 INFO neutron.wsgi [None req-d7e7b9f6-f800-45c8-aad0-c58433abfce3 8509193b10c8459490f4ec8fcf7f97a6 9ad433f77b5540be880fa6720903af0d - - default default] 10.0.0.179 "GET /v2.0/networks?tags=red HTTP/1.1" status: 200 len: 2069 time: 0.0693221
2026-07-09 15:47:47.207 9 INFO neutron.wsgi [None req-b4acd8ff-fb4d-4c26-a667-00cf26ce110b 8509193b10c8459490f4ec8fcf7f97a6 9ad433f77b5540be880fa6720903af0d - - default default] 10.0.0.179 "GET /v2.0/networks?tags=red%2Cblue HTTP/1.1" status: 200 len: 1457 time: 0.0753467
2026-07-09 15:47:47.247 10 ERROR ovsdbapp.backend.ovs_idl.command [None req-7521e9eb-cd63-4755-b674-b0116e9f0bae 8b58ad38d2dc4dc9b8d3343d49699d3a d09e42a428454bdf8aaa5135686dd9d0 - - default default] Error executing command (DbGetCommand): ovsdbapp.backend.ovs_idl.idlutils.RowNotFound: Cannot find Logical_Router_Port with name=lrp-fc47324b-4389-4657-9458-f10692b10b9c
2026-07-09 15:47:47.247 10 ERROR ovsdbapp.backend.ovs_idl.command
Traceback (most recent call last):
2026-07-09 15:47:47.247 10 ERROR ovsdbapp.backend.ovs_idl.command
File "/var/lib/openstack/lib/python3.10/site-packages/ovsdbapp/backend/ovs_idl/command.py", line 47, in execute
2026-07-09 15:47:47.247 10 ERROR ovsdbapp.backend.ovs_idl.command self.run_idl(None)
2026-07-09 15:47:47.247 10 ERROR ovsdbapp.backend.ovs_idl.command
File "/var/lib/openstack/lib/python3.10/site-packages/ovsdbapp/backend/ovs_idl/command.py", line 235, in run_idl
2026-07-09 15:47:47.247 10 ERROR ovsdbapp.backend.ovs_idl.command record = self.api.lookup(self.table, self.record)
2026-07-09 15:47:47.247 10 ERROR ovsdbapp.backend.ovs_idl.command
File "/var/lib/openstack/lib/python3.10/site-packages/ovsdbapp/backend/ovs_idl/__init__.py", line 184, in lookup
2026-07-09 15:47:47.247 10 ERROR ovsdbapp.backend.ovs_idl.command return self._lookup(table, record)
2026-07-09 15:47:47.247 10 ERROR ovsdbapp.backend.ovs_idl.command
File "/var/lib/openstack/lib/python3.10/site-packages/ovsdbapp/backend/ovs_idl/__init__.py", line 235, in _lookup
2026-07-09 15:47:47.247 10 ERROR ovsdbapp.backend.ovs_idl.command row = idlutils.row_by_value(self, rl.table, rl.column, record)
2026-07-09 15:47:47.247 10 ERROR ovsdbapp.backend.ovs_idl.command
File "/var/lib/openstack/lib/python3.10/site-packages/ovsdbapp/backend/ovs_idl/idlutils.py", line 114, in row_by_value
2026-07-09 15:47:47.247 10 ERROR ovsdbapp.backend.ovs_idl.command raise RowNotFound(table=table, col=column, match=match)
2026-07-09 15:47:47.247 10 ERROR ovsdbapp.backend.ovs_idl.command ovsdbapp.backend.ovs_idl.idlutils.RowNotFound: Cannot find Logical_Router_Port with name=lrp-fc47324b-4389-4657-9458-f10692b10b9c
2026-07-09 15:47:47.247 10 ERROR ovsdbapp.backend.ovs_idl.command 
2026-07-09 15:47:47.248 10 ERROR neutron_lib.callbacks.manager [None req-7521e9eb-cd63-4755-b674-b0116e9f0bae 8b58ad38d2dc4dc9b8d3343d49699d3a d09e42a428454bdf8aaa5135686dd9d0 - - default default] Error during notification for neutron.services.ovn_l3.plugin.OVNL3RouterPlugin._port_update-8774175596262 port, after_update: ovsdbapp.backend.ovs_idl.idlutils.RowNotFound: Cannot find Logical_Router_Port with name=lrp-fc47324b-4389-4657-9458-f10692b10b9c
2026-07-09 15:47:47.248 10 ERROR neutron_lib.callbacks.manager
Traceback (most recent call last):
2026-07-09 15:47:47.248 10 ERROR neutron_lib.callbacks.manager
File "/var/lib/openstack/lib/python3.10/site-packages/neutron_lib/callbacks/manager.py", line 189, in _notify_loop
2026-07-09 15:47:47.248 10 ERROR neutron_lib.callbacks.manager callback.method(resource, event, trigger, payload=payload)
2026-07-09 15:47:47.248 10 ERROR neutron_lib.callbacks.manager
File "/var/lib/openstack/lib/python3.10/site-packages/neutron/services/ovn_l3/plugin.py", line 391, in _port_update
2026-07-09 15:47:47.248 10 ERROR neutron_lib.callbacks.manager l3plugin._ovn_client.update_router_port(context,
2026-07-09 15:47:47.248 10 ERROR neutron_lib.callbacks.manager
File "/var/lib/openstack/lib/python3.10/site-packages/neutron/plugins/ml2/drivers/ovn/mech_driver/ovsdb/ovn_client.py", line 1878, in update_router_port
2026-07-09 15:47:47.248 10 ERROR neutron_lib.callbacks.manager self._update_lrouter_port(context, port, if_exists=if_exists,
2026-07-09 15:47:47.248 10 ERROR neutron_lib.callbacks.manager
File "/var/lib/openstack/lib/python3.10/site-packages/neutron/plugins/ml2/drivers/ovn/mech_driver/ovsdb/ovn_client.py", line 1855, in _update_lrouter_port
2026-07-09 15:47:47.248 10 ERROR neutron_lib.callbacks.manager external_ids = self._nb_idl.db_get(
2026-07-09 15:47:47.248 10 ERROR neutron_lib.callbacks.manager
File "/var/lib/openstack/lib/python3.10/site-packages/ovsdbapp/backend/ovs_idl/command.py", line 47, in execute
2026-07-09 15:47:47.248 10 ERROR neutron_lib.callbacks.manager self.run_idl(None)
2026-07-09 15:47:47.248 10 ERROR neutron_lib.callbacks.manager
File "/var/lib/openstack/lib/python3.10/site-packages/ovsdbapp/backend/ovs_idl/command.py", line 235, in run_idl
2026-07-09 15:47:47.248 10 ERROR neutron_lib.callbacks.manager record = self.api.lookup(self.table, self.record)
2026-07-09 15:47:47.248 10 ERROR neutron_lib.callbacks.manager
File "/var/lib/openstack/lib/python3.10/site-packages/ovsdbapp/backend/ovs_idl/__init__.py", line 184, in lookup
2026-07-09 15:47:47.248 10 ERROR neutron_lib.callbacks.manager return self._lookup(table, record)
2026-07-09 15:47:47.248 10 ERROR neutron_lib.callbacks.manager
File "/var/lib/openstack/lib/python3.10/site-packages/ovsdbapp/backend/ovs_idl/__init__.py", line 235, in _lookup
2026-07-09 15:47:47.248 10 ERROR neutron_lib.callbacks.manager row = idlutils.row_by_value(self, rl.table, rl.column, record)
2026-07-09 15:47:47.248 10 ERROR neutron_lib.callbacks.manager
File "/var/lib/openstack/lib/python3.10/site-packages/ovsdbapp/backend/ovs_idl/idlutils.py", line 114, in row_by_value
2026-07-09 15:47:47.248 10 ERROR neutron_lib.callbacks.manager raise RowNotFound(table=table, col=column, match=match)
2026-07-09 15:47:47.248 10 ERROR neutron_lib.callbacks.manager ovsdbapp.backend.ovs_idl.idlutils.RowNotFound: Cannot find Logical_Router_Port with name=lrp-fc47324b-4389-4657-9458-f10692b10b9c
2026-07-09 15:47:47.248 10 ERROR neutron_lib.callbacks.manager  /var/lib/openstack/lib/python3.10/site-packages/pycadf/identifier.py:71: UserWarning: Invalid uuid: neutron. To ensure interoperability, identifiers should be a valid uuid. warnings.warn(('Invalid uuid: %s. To ensure interoperability, '
2026-07-09 15:47:47.493 10 INFO neutron.db.ovn_revision_numbers_db [None req-7521e9eb-cd63-4755-b674-b0116e9f0bae 8b58ad38d2dc4dc9b8d3343d49699d3a d09e42a428454bdf8aaa5135686dd9d0 - - default default] Successfully bumped revision number for resource fc47324b-4389-4657-9458-f10692b10b9c (type: ports) to 3
2026-07-09 15:47:47.522 9 INFO neutron.wsgi [None req-60f3be84-2e5f-4fc0-99df-2a1e76806347 8509193b10c8459490f4ec8fcf7f97a6 9ad433f77b5540be880fa6720903af0d - - default default] 10.0.0.179 "GET /v2.0/networks?tags-any=blue HTTP/1.1" status: 200 len: 1457 time: 0.3107812
2026-07-09 15:47:47.574 10 WARNING neutron.scheduler.dhcp_agent_scheduler [None req-7521e9eb-cd63-4755-b674-b0116e9f0bae 8b58ad38d2dc4dc9b8d3343d49699d3a d09e42a428454bdf8aaa5135686dd9d0 - - default default] No more DHCP agents
2026-07-09 15:47:47.576 10 WARNING neutron.api.rpc.agentnotifiers.dhcp_rpc_agent_api [None req-7521e9eb-cd63-4755-b674-b0116e9f0bae 8b58ad38d2dc4dc9b8d3343d49699d3a d09e42a428454bdf8aaa5135686dd9d0 - - default default] Unable to schedule network 68adde7a-fb5f-454d-8a16-b007316d3afd: no agents available; will retry on subsequent port and subnet creation events.
2026-07-09 15:47:47.595 9 INFO neutron.wsgi [None req-a58d4ae2-99eb-4811-97ab-0854cf90a892 8509193b10c8459490f4ec8fcf7f97a6 9ad433f77b5540be880fa6720903af0d - - default default] 10.0.0.179 "GET /v2.0/networks?tags-any=red%2Cblue HTTP/1.1" status: 200 len: 2069 time: 0.0677531
2026-07-09 15:47:47.658 10 INFO neutron.db.ovn_revision_numbers_db [None req-41605ae6-947a-402b-9798-bb599209ba5d c78bf3b8cf62431b8a411c2bb640c804 0c88b9fafbe24245a405c8b3e038ea2d - - default default] Successfully bumped revision number for resource 64142874-1ce5-48ae-b286-2669666b1f9c (type: security_groups) to 1
2026-07-09 15:47:47.673 10 INFO neutron.db.ovn_revision_numbers_db [None req-41605ae6-947a-402b-9798-bb599209ba5d c78bf3b8cf62431b8a411c2bb640c804 0c88b9fafbe24245a405c8b3e038ea2d - - default default] Successfully bumped revision number for resource 57c3ce74-3468-41b8-bd59-a35e00efebca (type: security_group_rules) to 0
2026-07-09 15:47:47.694 10 INFO neutron.db.ovn_revision_numbers_db [None req-41605ae6-947a-402b-9798-bb599209ba5d c78bf3b8cf62431b8a411c2bb640c804 0c88b9fafbe24245a405c8b3e038ea2d - - default default] Successfully bumped revision number for resource a78b6d94-ef53-449f-a0bb-2ad8fec47af2 (type: security_group_rules) to 0
2026-07-09 15:47:47.715 9 INFO neutron.wsgi [None req-6580a267-6df1-437b-a651-47655907fad1 8509193b10c8459490f4ec8fcf7f97a6 9ad433f77b5540be880fa6720903af0d - - default default] 10.0.0.179 "GET /v2.0/networks?not-tags=red HTTP/1.1" status: 200 len: 2068 time: 0.1113584
