2026-07-09 15:47:47.727 10 INFO neutron.db.ovn_revision_numbers_db [None req-41605ae6-947a-402b-9798-bb599209ba5d c78bf3b8cf62431b8a411c2bb640c804 0c88b9fafbe24245a405c8b3e038ea2d - - default default] Successfully bumped revision number for resource d23c6484-bd02-4a0c-83e9-031a0c10f7bf (type: security_group_rules) to 0
2026-07-09 15:47:47.747 10 INFO neutron.db.ovn_revision_numbers_db [None req-41605ae6-947a-402b-9798-bb599209ba5d c78bf3b8cf62431b8a411c2bb640c804 0c88b9fafbe24245a405c8b3e038ea2d - - default default] Successfully bumped revision number for resource db10f93c-fba0-4d65-8083-46892af1b617 (type: security_group_rules) to 0
2026-07-09 15:47:47.760 10 INFO neutron.db.ovn_revision_numbers_db [None req-7521e9eb-cd63-4755-b674-b0116e9f0bae 8b58ad38d2dc4dc9b8d3343d49699d3a d09e42a428454bdf8aaa5135686dd9d0 - - default default] Successfully bumped revision number for resource fc47324b-4389-4657-9458-f10692b10b9c (type: router_ports) to 3
2026-07-09 15:47:47.767 10 INFO neutron.wsgi [None req-7521e9eb-cd63-4755-b674-b0116e9f0bae 8b58ad38d2dc4dc9b8d3343d49699d3a d09e42a428454bdf8aaa5135686dd9d0 - - default default] 10.0.0.179 "PUT /v2.0/routers/9d13001c-1a24-481e-9c3b-f5be4c4c1eb7/add_router_interface HTTP/1.1" status: 200 len: 503 time: 2.8076324
2026-07-09 15:47:47.773 10 INFO neutron.wsgi [None req-41605ae6-947a-402b-9798-bb599209ba5d c78bf3b8cf62431b8a411c2bb640c804 0c88b9fafbe24245a405c8b3e038ea2d - - default default] 10.0.0.179 "GET /v2.0/security-groups?tenant_id=66f182fec7e146459f4d57f5cfcd56cc&name=default HTTP/1.1" status: 200 len: 3120 time: 0.4077995
2026-07-09 15:47:47.850 9 INFO neutron.wsgi [None req-1fb2bb99-d5ed-42ba-bd2d-4a37b617a97f 8509193b10c8459490f4ec8fcf7f97a6 9ad433f77b5540be880fa6720903af0d - - default default] 10.0.0.179 "GET /v2.0/networks?not-tags=red%2Cblue HTTP/1.1" status: 200 len: 2680 time: 0.1291690
2026-07-09 15:47:47.936 9 INFO neutron.wsgi [None req-6fd11299-46f9-42a6-bcfe-0516e171d24c 8b58ad38d2dc4dc9b8d3343d49699d3a d09e42a428454bdf8aaa5135686dd9d0 - - default default] 10.0.0.179 "GET /v2.0/ports/fc47324b-4389-4657-9458-f10692b10b9c HTTP/1.1" status: 200 len: 1204 time: 0.1642985
2026-07-09 15:47:48.009 9 INFO neutron.wsgi [None req-07c6d4ae-5c0e-49fe-b26c-bdedce196585 8509193b10c8459490f4ec8fcf7f97a6 9ad433f77b5540be880fa6720903af0d - - default default] 10.0.0.179 "GET /v2.0/networks?not-tags-any=blue HTTP/1.1" status: 200 len: 2680 time: 0.1535978
2026-07-09 15:47:48.032 10 INFO neutron.wsgi [None req-c8181fa0-6b42-474e-96be-39dfd794abef c78bf3b8cf62431b8a411c2bb640c804 0c88b9fafbe24245a405c8b3e038ea2d - - default default] 10.0.0.179 "DELETE /v2.0/security-groups/64142874-1ce5-48ae-b286-2669666b1f9c HTTP/1.1" status: 204 len: 168 time: 0.2525895
2026-07-09 15:47:48.132 9 INFO neutron.wsgi [None req-b670e874-07d7-48d7-8866-0ed486ef50f7 8509193b10c8459490f4ec8fcf7f97a6 9ad433f77b5540be880fa6720903af0d - - default default] 10.0.0.179 "GET /v2.0/networks?not-tags-any=red%2Cblue HTTP/1.1" status: 200 len: 2068 time: 0.1162019
2026-07-09 15:47:48.202 10 INFO neutron.wsgi [None req-91cfc3c8-e5cc-4724-9645-e5f7510c9eff c78bf3b8cf62431b8a411c2bb640c804 0c88b9fafbe24245a405c8b3e038ea2d - - default default] 10.0.0.179 "GET /v2.0/security-groups?tenant_id=da748f9adb204d07b3fff75274b515ea&name=default HTTP/1.1" status: 200 len: 3120 time: 0.0652792
2026-07-09 15:47:48.547 10 INFO neutron.wsgi [None req-6029452c-9463-4180-b3ea-601c270a9e8e c78bf3b8cf62431b8a411c2bb640c804 0c88b9fafbe24245a405c8b3e038ea2d - - default default] 10.0.0.179 "DELETE /v2.0/security-groups/6c967354-71c7-4382-9766-ea5c6892483d HTTP/1.1" status: 204 len: 168 time: 0.3389733
2026-07-09 15:47:48.595 10 INFO neutron.services.segments.plugin [-] Segment 414bbd88-e620-415a-a2c1-33d16301df97 resource provider aggregate not found
2026-07-09 15:47:48.599 10 INFO neutron.services.segments.plugin [-] Segment 414bbd88-e620-415a-a2c1-33d16301df97 resource provider aggregate not found
2026-07-09 15:47:48.613 10 INFO neutron.services.segments.plugin [-] Segment 414bbd88-e620-415a-a2c1-33d16301df97 resource provider not found; error: Placement Client Error (4xx): {"errors": [{"status": 404, "title": "Not Found", "detail": "The resource could not be found.\n\n No resource provider with uuid 414bbd88-e620-415a-a2c1-33d16301df97 found for delete ", "request_id": "req-ac26ec6d-2275-4dcd-812e-b036fe4fca66"}]}
2026-07-09 15:47:48.614 10 INFO neutron.services.segments.plugin [-] Segment 414bbd88-e620-415a-a2c1-33d16301df97 resource provider not found; error: Placement Client Error (4xx): {"errors": [{"status": 404, "title": "Not Found", "detail": "The resource could not be found.\n\n No resource provider with uuid 414bbd88-e620-415a-a2c1-33d16301df97 found for delete ", "request_id": "req-22e384e4-3fe8-4a31-bf64-a17a4d070702"}]}
2026-07-09 15:47:48.640 10 INFO neutron.wsgi [None req-db980550-47d8-40ff-8636-81697b78774d 8509193b10c8459490f4ec8fcf7f97a6 9ad433f77b5540be880fa6720903af0d - - default default] 10.0.0.179 "DELETE /v2.0/networks/50a09718-42a2-45d8-a7d0-bdced274ca3c HTTP/1.1" status: 204 len: 168 time: 0.4965801 /var/lib/openstack/lib/python3.10/site-packages/pycadf/identifier.py:71: UserWarning: Invalid uuid: neutron. To ensure interoperability, identifiers should be a valid uuid. warnings.warn(('Invalid uuid: %s. To ensure interoperability, '
2026-07-09 15:47:48.734 9 INFO neutron.wsgi [None req-6624cbae-30c5-448f-b60a-900435bd75a7 8b58ad38d2dc4dc9b8d3343d49699d3a d09e42a428454bdf8aaa5135686dd9d0 - - default default] 10.0.0.179 "PUT /v2.0/routers/9d13001c-1a24-481e-9c3b-f5be4c4c1eb7/remove_router_interface HTTP/1.1" status: 200 len: 503 time: 0.7940719 /var/lib/openstack/lib/python3.10/site-packages/pycadf/identifier.py:71: UserWarning: Invalid uuid: neutron. To ensure interoperability, identifiers should be a valid uuid. warnings.warn(('Invalid uuid: %s. To ensure interoperability, '
2026-07-09 15:47:48.818 9 INFO neutron.api.v2.resource [None req-d68be10f-3bbc-4b3e-99b1-717d95ff919c 8b58ad38d2dc4dc9b8d3343d49699d3a d09e42a428454bdf8aaa5135686dd9d0 - - default default] remove_router_interface failed (client error): The resource could not be found.
2026-07-09 15:47:48.819 9 INFO neutron.wsgi [None req-d68be10f-3bbc-4b3e-99b1-717d95ff919c 8b58ad38d2dc4dc9b8d3343d49699d3a d09e42a428454bdf8aaa5135686dd9d0 - - default default] 10.0.0.179 "PUT /v2.0/routers/9d13001c-1a24-481e-9c3b-f5be4c4c1eb7/remove_router_interface HTTP/1.1" status: 404 len: 398 time: 0.0778983
2026-07-09 15:47:48.847 9 INFO neutron.wsgi [None req-7dbaccc8-e8eb-434c-a589-60e1854c577e 8b58ad38d2dc4dc9b8d3343d49699d3a d09e42a428454bdf8aaa5135686dd9d0 - - default default] 10.0.0.179 "GET /v2.0/ports?device_id=9d13001c-1a24-481e-9c3b-f5be4c4c1eb7 HTTP/1.1" status: 200 len: 205 time: 0.0220153
2026-07-09 15:47:49.440 9 INFO neutron.wsgi [None req-86a75f41-6c80-401f-b8a3-9dfa1b550c71 8b58ad38d2dc4dc9b8d3343d49699d3a d09e42a428454bdf8aaa5135686dd9d0 - - default default] 10.0.0.179 "DELETE /v2.0/routers/9d13001c-1a24-481e-9c3b-f5be4c4c1eb7 HTTP/1.1" status: 204 len: 168 time: 0.5882959
2026-07-09 15:47:49.595 9 INFO neutron.services.segments.plugin [-] Segment d50b6263-969d-443f-8460-a78051de0797 resource provider aggregate not found
2026-07-09 15:47:49.599 9 INFO neutron.services.segments.plugin [-] Segment d50b6263-969d-443f-8460-a78051de0797 resource provider aggregate not found
2026-07-09 15:47:49.617 9 INFO neutron.services.segments.plugin [-] Segment d50b6263-969d-443f-8460-a78051de0797 resource provider not found; error: Placement Client Error (4xx): {"errors": [{"status": 404, "title": "Not Found", "detail": "The resource could not be found.\n\n No resource provider with uuid d50b6263-969d-443f-8460-a78051de0797 found for delete ", "request_id": "req-c2502ae3-e799-4d6a-9b6a-272256fd6a75"}]}
2026-07-09 15:47:49.618 9 INFO neutron.services.segments.plugin [-] Segment d50b6263-969d-443f-8460-a78051de0797 resource provider not found; error: Placement Client Error (4xx): {"errors": [{"status": 404, "title": "Not Found", "detail": "The resource could not be found.\n\n No resource provider with uuid d50b6263-969d-443f-8460-a78051de0797 found for delete ", "request_id": "req-71e87d0c-5600-4365-9e80-d130884d43f6"}]}
2026-07-09 15:47:49.649 9 INFO neutron.wsgi [None req-50460a4e-057a-4608-83b1-26191ca30e58 8509193b10c8459490f4ec8fcf7f97a6 9ad433f77b5540be880fa6720903af0d - - default default] 10.0.0.179 "DELETE /v2.0/networks/9f2d8460-2479-4e01-82ca-e61c8a3e2763 HTTP/1.1" status: 204 len: 168 time: 1.0022469
2026-07-09 15:47:49.663 10 INFO neutron.wsgi [None req-065d124c-ec7b-4e6b-8f19-c8f2ebedf992 8b58ad38d2dc4dc9b8d3343d49699d3a d09e42a428454bdf8aaa5135686dd9d0 - - default default] 10.0.0.179 "DELETE /v2.0/subnets/fa0ef049-c4a8-4333-9678-56cee633284a HTTP/1.1" status: 204 len: 168 time: 0.2158449
2026-07-09 15:47:50.076 10 INFO neutron.wsgi [None req-5470e07a-a5ae-4553-90da-7be7330d343a 8b58ad38d2dc4dc9b8d3343d49699d3a d09e42a428454bdf8aaa5135686dd9d0 - - default default] 10.0.0.179 "DELETE /v2.0/networks/68adde7a-fb5f-454d-8a16-b007316d3afd HTTP/1.1" status: 204 len: 168 time: 0.4085078
2026-07-09 15:47:50.089 10 WARNING neutron_lib.context [None req-440145a2-1bc2-4b39-9192-ef4005a08214 8b58ad38d2dc4dc9b8d3343d49699d3a d09e42a428454bdf8aaa5135686dd9d0 - - default default] Method 'is_advsvc' is deprecated since 2023.2 release (neutron-lib 3.8.0) and will be removed once support for the old RBAC API policies will be removed from Neutron. Please use method 'is_service_role' instead.
2026-07-09 15:47:50.092 9 INFO neutron.wsgi [None req-2aa8fc49-08c6-45ad-a7ef-8e1fae8248ff 8509193b10c8459490f4ec8fcf7f97a6 9ad433f77b5540be880fa6720903af0d - - default default] 10.0.0.179 "DELETE /v2.0/networks/e3aaf79a-8439-48f9-bfd7-e0bbe35ee268 HTTP/1.1" status: 204 len: 168 time: 0.4372504
2026-07-09 15:47:50.173 10 INFO neutron.db.segments_db [None req-440145a2-1bc2-4b39-9192-ef4005a08214 8b58ad38d2dc4dc9b8d3343d49699d3a d09e42a428454bdf8aaa5135686dd9d0 - - default default] Added segment 0dbfcaa2-867a-43ec-8153-b33fe1febf82 of type geneve for network b724d423-a9cb-40a5-998c-3bc95c56a252
2026-07-09 15:47:50.343 10 INFO neutron.db.ovn_revision_numbers_db [None req-440145a2-1bc2-4b39-9192-ef4005a08214 8b58ad38d2dc4dc9b8d3343d49699d3a d09e42a428454bdf8aaa5135686dd9d0 - - default default] Successfully bumped revision number for resource b724d423-a9cb-40a5-998c-3bc95c56a252 (type: networks) to 1
2026-07-09 15:47:50.520 9 INFO neutron.wsgi [None req-93904715-66f7-4f4e-8ab1-5b475b6309e1 8509193b10c8459490f4ec8fcf7f97a6 9ad433f77b5540be880fa6720903af0d - - default default] 10.0.0.179 "DELETE /v2.0/networks/3c83de6e-99bd-4256-8603-59b8f260a280 HTTP/1.1" status: 204 len: 168 time: 0.4233110
2026-07-09 15:47:50.561 10 WARNING neutron.scheduler.dhcp_agent_scheduler [None req-440145a2-1bc2-4b39-9192-ef4005a08214 8b58ad38d2dc4dc9b8d3343d49699d3a d09e42a428454bdf8aaa5135686dd9d0 - - default default] No more DHCP agents
2026-07-09 15:47:50.567 10 WARNING neutron.api.rpc.agentnotifiers.dhcp_rpc_agent_api [None req-440145a2-1bc2-4b39-9192-ef4005a08214 8b58ad38d2dc4dc9b8d3343d49699d3a d09e42a428454bdf8aaa5135686dd9d0 - - default default] Unable to schedule network b724d423-a9cb-40a5-998c-3bc95c56a252: no agents available; will retry on subsequent port and subnet creation events.
2026-07-09 15:47:50.629 10 INFO neutron.services.segments.plugin [-] Segment 1693a22b-70f4-420b-915a-8565838b33a2 resource provider aggregate not found
2026-07-09 15:47:50.652 10 INFO neutron.services.segments.plugin [-] Segment 1693a22b-70f4-420b-915a-8565838b33a2 resource provider not found; error: Placement Client Error (4xx): {"errors": [{"status": 404, "title": "Not Found", "detail": "The resource could not be found.\n\n No resource provider with uuid 1693a22b-70f4-420b-915a-8565838b33a2 found for delete ", "request_id": "req-cb671f2e-287f-473c-84b5-18609b7c5c38"}]}
2026-07-09 15:47:50.653 10 INFO neutron.services.segments.plugin [-] Segment 1693a22b-70f4-420b-915a-8565838b33a2 resource provider aggregate not found
2026-07-09 15:47:50.676 10 INFO neutron.services.segments.plugin [-] Segment 1693a22b-70f4-420b-915a-8565838b33a2 resource provider not found; error: Placement Client Error (4xx): {"errors": [{"status": 404, "title": "Not Found", "detail": "The resource could not be found.\n\n No resource provider with uuid 1693a22b-70f4-420b-915a-8565838b33a2 found for delete ", "request_id": "req-689a87be-24a3-4eed-9266-ffcc76ffbbae"}]}
2026-07-09 15:47:50.706 10 INFO neutron.db.ovn_revision_numbers_db [None req-440145a2-1bc2-4b39-9192-ef4005a08214 8b58ad38d2dc4dc9b8d3343d49699d3a d09e42a428454bdf8aaa5135686dd9d0 - - default default] Successfully bumped revision number for resource 2d681457-f292-4cab-9b43-ac27c0b77572 (type: ports) to 1
2026-07-09 15:47:50.734 10 INFO neutron.wsgi [None req-440145a2-1bc2-4b39-9192-ef4005a08214 8b58ad38d2dc4dc9b8d3343d49699d3a d09e42a428454bdf8aaa5135686dd9d0 - - default default] 10.0.0.179 "POST /v2.0/networks HTTP/1.1" status: 201 len: 829 time: 0.6499569
2026-07-09 15:47:50.753 10 WARNING neutron_lib.context [None req-5adfd948-cd26-468c-96fb-f8efe56b8ab4 8b58ad38d2dc4dc9b8d3343d49699d3a d09e42a428454bdf8aaa5135686dd9d0 - - default default] Method 'is_advsvc' is deprecated since 2023.2 release (neutron-lib 3.8.0) and will be removed once support for the old RBAC API policies will be removed from Neutron. Please use method 'is_service_role' instead.
2026-07-09 15:47:51.037 10 WARNING neutron.scheduler.dhcp_agent_scheduler [None req-5adfd948-cd26-468c-96fb-f8efe56b8ab4 8b58ad38d2dc4dc9b8d3343d49699d3a d09e42a428454bdf8aaa5135686dd9d0 - - default default] No more DHCP agents
2026-07-09 15:47:51.041 10 WARNING neutron.api.rpc.agentnotifiers.dhcp_rpc_agent_api [None req-5adfd948-cd26-468c-96fb-f8efe56b8ab4 8b58ad38d2dc4dc9b8d3343d49699d3a d09e42a428454bdf8aaa5135686dd9d0 - - default default] Unable to schedule network b724d423-a9cb-40a5-998c-3bc95c56a252: no agents available; will retry on subsequent port and subnet creation events.
2026-07-09 15:47:51.126 10 INFO neutron.wsgi [None req-260eb00d-568c-4014-917c-efeab24ed778 8509193b10c8459490f4ec8fcf7f97a6 9ad433f77b5540be880fa6720903af0d - - default default] 10.0.0.179 "DELETE /v2.0/networks/c0f8f91c-156f-46cd-9ad3-b45a59054be1 HTTP/1.1" status: 204 len: 168 time: 0.5981200
2026-07-09 15:47:51.126 9 INFO neutron.wsgi [None req-c1e42b4d-be04-4c0f-b01c-dc8b1ca351e6 c78bf3b8cf62431b8a411c2bb640c804 0c88b9fafbe24245a405c8b3e038ea2d - - default default] 10.0.0.188 "GET /v2.0/subnets HTTP/1.1" status: 200 len: 3355 time: 0.2894368
2026-07-09 15:47:51.234 9 INFO neutron.wsgi [None req-7c1a1136-1133-4cf6-9fda-6d3db1a4fe0b c78bf3b8cf62431b8a411c2bb640c804 0c88b9fafbe24245a405c8b3e038ea2d - - default default] 10.0.0.188 "GET /v2.0/floatingips HTTP/1.1" status: 200 len: 1035 time: 0.1059844
2026-07-09 15:47:51.288 9 INFO neutron.wsgi [None req-407731e2-c3c4-43d9-82cc-61f1ecbfa091 c78bf3b8cf62431b8a411c2bb640c804 0c88b9fafbe24245a405c8b3e038ea2d - - default default] 10.0.0.188 "GET /v2.0/security-groups HTTP/1.1" status: 200 len: 37398 time: 0.0528927
2026-07-09 15:47:51.297 15 INFO neutron.plugins.ml2.drivers.ovn.mech_driver.ovsdb.maintenance [None req-1f1e32e8-56f3-4e5d-b345-5b275d3408d6 - - - - - -] Maintenance task: Synchronization completed (took 1.80 seconds)
2026-07-09 15:47:51.494 9 INFO neutron.wsgi [None req-9347fc8b-d49d-464d-8354-75dddaa0fb7e c78bf3b8cf62431b8a411c2bb640c804 0c88b9fafbe24245a405c8b3e038ea2d - - default default] 10.0.0.188 "GET /v2.0/routers HTTP/1.1" status: 200 len: 2113 time: 0.1983402
2026-07-09 15:47:51.532 9 INFO neutron.wsgi [None req-0fb9b3ad-dc2a-4bf3-9ac8-f91d6f2c8f5b c78bf3b8cf62431b8a411c2bb640c804 0c88b9fafbe24245a405c8b3e038ea2d - - default default] 10.0.0.188 "GET /v2.0/agents?binary=ovn-controller HTTP/1.1" status: 200 len: 591 time: 0.0324514
2026-07-09 15:47:51.544 9 INFO neutron.wsgi [req-c6ae9bc2-ecf7-496a-aa85-6615ac966e00 req-81f44cf5-297b-4f79-a40e-f8105a683838 891200be37c844b0bec262a7ac238617 4b36384f06744cbfa8ddf4629f418f06 - - default default] 10.0.0.152 "GET /v2.0/ports?device_id=f1c97af6-9bd3-4c20-8c53-7c5b557fe73b HTTP/1.1" status: 200 len: 1210 time: 0.2174437
2026-07-09 15:47:51.553 9 INFO neutron.wsgi [None req-f0f83818-c849-4258-9e26-c2b2acdaf317 c78bf3b8cf62431b8a411c2bb640c804 0c88b9fafbe24245a405c8b3e038ea2d - - default default] 10.0.0.188 "GET /v2.0/agents HTTP/1.1" status: 200 len: 1390 time: 0.0180240
2026-07-09 15:47:51.580 9 INFO neutron.wsgi [None req-40aea8ee-71b9-44e0-b3e5-237f7a263f6d c78bf3b8cf62431b8a411c2bb640c804 0c88b9fafbe24245a405c8b3e038ea2d - - default default] 10.0.0.188 "GET /v2.0/network-ip-availabilities HTTP/1.1" status: 200 len: 2637 time: 0.0255647
2026-07-09 15:47:51.648 9 INFO neutron.services.segments.plugin [-] Segment 9eddf4b9-897d-477c-bb7e-aa34adc05aa5 resource provider aggregate not found
2026-07-09 15:47:51.652 9 INFO neutron.services.segments.plugin [-] Segment 9eddf4b9-897d-477c-bb7e-aa34adc05aa5 resource provider aggregate not found
2026-07-09 15:47:51.659 10 INFO neutron.db.ovn_revision_numbers_db [None req-5adfd948-cd26-468c-96fb-f8efe56b8ab4 8b58ad38d2dc4dc9b8d3343d49699d3a d09e42a428454bdf8aaa5135686dd9d0 - - default default] Successfully bumped revision number for resource 2d681457-f292-4cab-9b43-ac27c0b77572 (type: ports) to 2
2026-07-09 15:47:51.662 9 INFO neutron.wsgi [req-c6ae9bc2-ecf7-496a-aa85-6615ac966e00 req-227a8a54-b479-4f93-acdb-838521adb822 891200be37c844b0bec262a7ac238617 4b36384f06744cbfa8ddf4629f418f06 - - default default] 10.0.0.152 "GET /v2.0/security-groups?id=08548a41-98d1-4534-9c33-7ab450a95262&id=19eb2234-50c8-4006-b519-4d2d40b17ac3&fields=id&fields=name HTTP/1.1" status: 200 len: 406 time: 0.1083605
2026-07-09 15:47:51.671 9 INFO neutron.services.segments.plugin [-] Segment 9eddf4b9-897d-477c-bb7e-aa34adc05aa5 resource provider not found; error: Placement Client Error (4xx): {"errors": [{"status": 404, "title": "Not Found", "detail": "The resource could not be found.\n\n No resource provider with uuid 9eddf4b9-897d-477c-bb7e-aa34adc05aa5 found for delete ", "request_id": "req-6c726f4e-fc62-409c-bf4e-b40b34e50960"}]}
2026-07-09 15:47:51.680 9 INFO neutron.services.segments.plugin [-] Segment 9eddf4b9-897d-477c-bb7e-aa34adc05aa5 resource provider not found; error: Placement Client Error (4xx): {"errors": [{"status": 404, "title": "Not Found", "detail": "The resource could not be found.\n\n No resource provider with uuid 9eddf4b9-897d-477c-bb7e-aa34adc05aa5 found for delete ", "request_id": "req-55cef43c-1019-4da4-8a06-0572fd33120c"}]}
2026-07-09 15:47:51.693 9 INFO neutron.services.segments.plugin [-] Segment 81e79543-8bde-4fcc-bb3c-f444fe464d20 resource provider aggregate not found
2026-07-09 15:47:51.697 9 INFO neutron.services.segments.plugin [-] Segment 81e79543-8bde-4fcc-bb3c-f444fe464d20 resource provider aggregate not found
2026-07-09 15:47:51.714 10 INFO neutron.db.ovn_revision_numbers_db [None req-5adfd948-cd26-468c-96fb-f8efe56b8ab4 8b58ad38d2dc4dc9b8d3343d49699d3a d09e42a428454bdf8aaa5135686dd9d0 - - default default] Successfully bumped revision number for resource 3157593d-8df9-45af-bf65-62e2c250d569 (type: subnets) to 0
2026-07-09 15:47:51.716 9 INFO neutron.services.segments.plugin [-] Segment 81e79543-8bde-4fcc-bb3c-f444fe464d20 resource provider not found; error: Placement Client Error (4xx): {"errors": [{"status": 404, "title": "Not Found", "detail": "The resource could not be found.\n\n No resource provider with uuid 81e79543-8bde-4fcc-bb3c-f444fe464d20 found for delete ", "request_id": "req-f0479a76-0118-4aa2-bfb3-082bb622028b"}]}
2026-07-09 15:47:51.718 9 INFO neutron.services.segments.plugin [-] Segment 81e79543-8bde-4fcc-bb3c-f444fe464d20 resource provider not found; error: Placement Client Error (4xx): {"errors": [{"status": 404, "title": "Not Found", "detail": "The resource could not be found.\n\n No resource provider with uuid 81e79543-8bde-4fcc-bb3c-f444fe464d20 found for delete ", "request_id": "req-ff6cb941-3f88-4675-a393-14619cc49bf6"}]}
2026-07-09 15:47:51.734 9 INFO neutron.wsgi [None req-53aa022c-c034-4b75-977d-9f6c511ac5dc c78bf3b8cf62431b8a411c2bb640c804 0c88b9fafbe24245a405c8b3e038ea2d - - default default] 10.0.0.188 "GET /v2.0/networks HTTP/1.1" status: 200 len: 4609 time: 0.1524630
2026-07-09 15:47:51.735 10 INFO neutron.wsgi [None req-5adfd948-cd26-468c-96fb-f8efe56b8ab4 8b58ad38d2dc4dc9b8d3343d49699d3a d09e42a428454bdf8aaa5135686dd9d0 - - default default] 10.0.0.179 "POST /v2.0/subnets HTTP/1.1" status: 201 len: 801 time: 0.9956205
2026-07-09 15:47:51.749 9 WARNING neutron_lib.context [None req-3e7fede8-5b19-462c-b213-4920620f4442 8b58ad38d2dc4dc9b8d3343d49699d3a d09e42a428454bdf8aaa5135686dd9d0 - - default default] Method 'is_advsvc' is deprecated since 2023.2 release (neutron-lib 3.8.0) and will be removed once support for the old RBAC API policies will be removed from Neutron. Please use method 'is_service_role' instead.
2026-07-09 15:47:51.835 9 INFO neutron.wsgi [None req-f4e2b7bb-cfc0-4daf-ba6e-3147e1f0cbd1 c78bf3b8cf62431b8a411c2bb640c804 0c88b9fafbe24245a405c8b3e038ea2d - - default default] 10.0.0.188 "GET /v2.0/ports HTTP/1.1" status: 200 len: 15080 time: 0.0984254
2026-07-09 15:47:51.857 10 WARNING neutron_lib.context [None req-272f0814-65a8-444f-8bfc-ab551d322286 0865c7f1a31a4745bc1d297e699f9a2c 1712e35674d04c46af0066e411747635 - - default default] Method 'is_advsvc' is deprecated since 2023.2 release (neutron-lib 3.8.0) and will be removed once support for the old RBAC API policies will be removed from Neutron. Please use method 'is_service_role' instead.
2026-07-09 15:47:51.906 9 INFO neutron.wsgi [None req-4ab833fd-ed24-4430-999d-f79446bc4f0c c78bf3b8cf62431b8a411c2bb640c804 0c88b9fafbe24245a405c8b3e038ea2d - - default default] 10.0.0.188 "GET /v2.0/subnets HTTP/1.1" status: 200 len: 3355 time: 0.0560946
2026-07-09 15:47:51.921 9 INFO neutron.wsgi [None req-30c147fc-7cd7-44d7-b2ed-6f06e69b21a6 c78bf3b8cf62431b8a411c2bb640c804 0c88b9fafbe24245a405c8b3e038ea2d - - default default] 10.0.0.188 "GET /v2.0/subnetpools HTTP/1.1" status: 200 len: 193 time: 0.0129399
2026-07-09 15:47:51.929 9 WARNING neutron.plugins.ml2.drivers.ovn.mech_driver.ovsdb.ovn_client [None req-2e4dec20-51cf-4ab6-a7ab-78d6097ca8de - - - - - -] No port found with ID fc47324b-4389-4657-9458-f10692b10b9c: RuntimeError: No port found with ID fc47324b-4389-4657-9458-f10692b10b9c
2026-07-09 15:47:51.983 10 INFO neutron.wsgi [None req-397ff586-6dc9-4423-a309-9548286cd9f5 ad6d39190785465d8a9239da4801ee43 cb92fb26943c4347a0c4f632d03a09f3 - - default default] 10.0.0.179 "GET /v2.0/ports?device_id=f1c97af6-9bd3-4c20-8c53-7c5b557fe73b HTTP/1.1" status: 200 len: 1443 time: 0.2912045
2026-07-09 15:47:51.988 9 INFO neutron.db.ovn_revision_numbers_db [None req-3e7fede8-5b19-462c-b213-4920620f4442 8b58ad38d2dc4dc9b8d3343d49699d3a d09e42a428454bdf8aaa5135686dd9d0 - - default default] Successfully bumped revision number for resource 071e36c6-cc41-4884-9d6b-6bad31ac21e8 (type: routers) to 1
2026-07-09 15:47:52.002 9 INFO neutron.wsgi [None req-3e7fede8-5b19-462c-b213-4920620f4442 8b58ad38d2dc4dc9b8d3343d49699d3a d09e42a428454bdf8aaa5135686dd9d0 - - default default] 10.0.0.179 "POST /v2.0/routers HTTP/1.1" status: 201 len: 802 time: 0.2583661
2026-07-09 15:47:52.073 10 INFO neutron.wsgi [None req-f09c30a7-6d3b-4b7a-bdcf-af8f6bd137df 891200be37c844b0bec262a7ac238617 4b36384f06744cbfa8ddf4629f418f06 - - default default] 10.0.0.179 "GET /v2.0/floatingips?floating_network_id=dabe752b-f81b-4229-a172-744a88652769&port_id=da4651e1-742e-4187-9d81-bd2ef864d582 HTTP/1.1" status: 200 len: 1054 time: 0.0824525
2026-07-09 15:47:52.093 10 INFO neutron.db.ovn_revision_numbers_db [None req-272f0814-65a8-444f-8bfc-ab551d322286 0865c7f1a31a4745bc1d297e699f9a2c 1712e35674d04c46af0066e411747635 - - default default] Successfully bumped revision number for resource 28e07647-4867-41a2-b5be-da5ec2ef0546 (type: security_groups) to 1
2026-07-09 15:47:52.108 10 INFO neutron.db.ovn_revision_numbers_db [None req-272f0814-65a8-444f-8bfc-ab551d322286 0865c7f1a31a4745bc1d297e699f9a2c 1712e35674d04c46af0066e411747635 - - default default] Successfully bumped revision number for resource 0b3bb5d2-6f83-4c53-bf32-27f337d4633e (type: security_group_rules) to 0
2026-07-09 15:47:52.123 10 INFO neutron.db.ovn_revision_numbers_db [None req-272f0814-65a8-444f-8bfc-ab551d322286 0865c7f1a31a4745bc1d297e699f9a2c 1712e35674d04c46af0066e411747635 - - default default] Successfully bumped revision number for resource 7d5009fa-5b05-4d2c-a0de-38f6b65e8dfd (type: security_group_rules) to 0
2026-07-09 15:47:52.149 10 INFO neutron.db.ovn_revision_numbers_db [None req-272f0814-65a8-444f-8bfc-ab551d322286 0865c7f1a31a4745bc1d297e699f9a2c 1712e35674d04c46af0066e411747635 - - default default] Successfully bumped revision number for resource 878281f3-e4d0-44b6-a138-e8888cca1c95 (type: security_group_rules) to 0
2026-07-09 15:47:52.163 10 INFO neutron.db.ovn_revision_numbers_db [None req-272f0814-65a8-444f-8bfc-ab551d322286 0865c7f1a31a4745bc1d297e699f9a2c 1712e35674d04c46af0066e411747635 - - default default] Successfully bumped revision number for resource dc81c4f3-7f0d-4232-9494-5f55f3af2f2e (type: security_group_rules) to 0
2026-07-09 15:47:52.228 10 INFO neutron.db.segments_db [None req-272f0814-65a8-444f-8bfc-ab551d322286 0865c7f1a31a4745bc1d297e699f9a2c 1712e35674d04c46af0066e411747635 - - default default] Added segment 20a74260-dc82-47a9-8919-3efb01aadcd2 of type geneve for network d187f776-23aa-489b-ad26-0f0b1b58f07e
2026-07-09 15:47:52.376 10 INFO neutron.db.ovn_revision_numbers_db [None req-272f0814-65a8-444f-8bfc-ab551d322286 0865c7f1a31a4745bc1d297e699f9a2c 1712e35674d04c46af0066e411747635 - - default default] Successfully bumped revision number for resource d187f776-23aa-489b-ad26-0f0b1b58f07e (type: networks) to 1
2026-07-09 15:47:52.595 10 WARNING neutron.scheduler.dhcp_agent_scheduler [None req-272f0814-65a8-444f-8bfc-ab551d322286 0865c7f1a31a4745bc1d297e699f9a2c 1712e35674d04c46af0066e411747635 - - default default] No more DHCP agents
2026-07-09 15:47:52.598 10 WARNING neutron.api.rpc.agentnotifiers.dhcp_rpc_agent_api [None req-272f0814-65a8-444f-8bfc-ab551d322286 0865c7f1a31a4745bc1d297e699f9a2c 1712e35674d04c46af0066e411747635 - - default default] Unable to schedule network d187f776-23aa-489b-ad26-0f0b1b58f07e: no agents available; will retry on subsequent port and subnet creation events.
2026-07-09 15:47:52.634 9 INFO neutron.db.ovn_revision_numbers_db [None req-83e91860-d562-4d31-93d9-d479934162fd c78bf3b8cf62431b8a411c2bb640c804 0c88b9fafbe24245a405c8b3e038ea2d - - default default] Successfully bumped revision number for resource 93dfaf17-a375-4d94-9dff-7b6621832536 (type: security_groups) to 1
2026-07-09 15:47:52.648 9 INFO neutron.wsgi [req-4cf3efab-7e99-4719-a9da-912c9c35525a req-6c57f04b-83f5-43ce-9c36-ea29ee72378f 8caa1cefbac64035be53ea7af634bb0b 2c60b5677ce44a48941e1ceeebcb308d - - f65e1348a7e24e37bc17be0b2a4862e0 f65e1348a7e24e37bc17be0b2a4862e0] 10.0.0.177 "GET /v2.0/ports?device_id=f1c97af6-9bd3-4c20-8c53-7c5b557fe73b HTTP/1.1" status: 200 len: 1448 time: 0.3805115
2026-07-09 15:47:52.671 9 INFO neutron.db.ovn_revision_numbers_db [None req-83e91860-d562-4d31-93d9-d479934162fd c78bf3b8cf62431b8a411c2bb640c804 0c88b9fafbe24245a405c8b3e038ea2d - - default default] Successfully bumped revision number for resource 22d63057-a44f-41f0-bb3f-d4df528bb1c5 (type: security_group_rules) to 0
2026-07-09 15:47:52.674 10 INFO neutron.services.segments.plugin [-] Segment b427f975-0819-455a-8d68-e39baee73820 resource provider aggregate not found
2026-07-09 15:47:52.698 10 INFO neutron.services.segments.plugin [-] Segment b427f975-0819-455a-8d68-e39baee73820 resource provider not found; error: Placement Client Error (4xx): {"errors": [{"status": 404, "title": "Not Found", "detail": "The resource could not be found.\n\n No resource provider with uuid b427f975-0819-455a-8d68-e39baee73820 found for delete ", "request_id": "req-b0496f60-343f-40e9-8338-df4063816a00"}]}
2026-07-09 15:47:52.699 10 INFO neutron.services.segments.plugin [-] Segment b427f975-0819-455a-8d68-e39baee73820 resource provider aggregate not found
2026-07-09 15:47:52.707 9 INFO neutron.db.ovn_revision_numbers_db [None req-83e91860-d562-4d31-93d9-d479934162fd c78bf3b8cf62431b8a411c2bb640c804 0c88b9fafbe24245a405c8b3e038ea2d - - default default] Successfully bumped revision number for resource 75a7f0c3-81cf-40d0-a552-8c864e5d9d61 (type: security_group_rules) to 0
2026-07-09 15:47:52.715 10 INFO neutron.services.segments.plugin [-] Segment b427f975-0819-455a-8d68-e39baee73820 resource provider not found; error: Placement Client Error (4xx): {"errors": [{"status": 404, "title": "Not Found", "detail": "The resource could not be found.\n\n No resource provider with uuid b427f975-0819-455a-8d68-e39baee73820 found for delete ", "request_id": "req-e07ee812-c3ac-4995-8fa8-96a68b44ca4e"}]}
2026-07-09 15:47:52.720 10 INFO neutron.db.ovn_revision_numbers_db [None req-272f0814-65a8-444f-8bfc-ab551d322286 0865c7f1a31a4745bc1d297e699f9a2c 1712e35674d04c46af0066e411747635 - - default default] Successfully bumped revision number for resource e3624d65-9f20-4266-8774-74f2f840fa18 (type: ports) to 1
2026-07-09 15:47:52.730 9 INFO neutron.wsgi [req-4cf3efab-7e99-4719-a9da-912c9c35525a req-496e73ee-3e83-4cf2-a793-c18429a0c9b1 8caa1cefbac64035be53ea7af634bb0b 2c60b5677ce44a48941e1ceeebcb308d - - f65e1348a7e24e37bc17be0b2a4862e0 f65e1348a7e24e37bc17be0b2a4862e0] 10.0.0.177 "GET /v2.0/security-groups?id=08548a41-98d1-4534-9c33-7ab450a95262&id=19eb2234-50c8-4006-b519-4d2d40b17ac3&fields=id&fields=name HTTP/1.1" status: 200 len: 406 time: 0.0724750
2026-07-09 15:47:52.734 9 INFO neutron.db.ovn_revision_numbers_db [None req-83e91860-d562-4d31-93d9-d479934162fd c78bf3b8cf62431b8a411c2bb640c804 0c88b9fafbe24245a405c8b3e038ea2d - - default default] Successfully bumped revision number for resource b48bb0ff-f480-40b5-be78-5a4795cc3f1a (type: security_group_rules) to 0
2026-07-09 15:47:52.739 10 INFO neutron.wsgi [None req-272f0814-65a8-444f-8bfc-ab551d322286 0865c7f1a31a4745bc1d297e699f9a2c 1712e35674d04c46af0066e411747635 - - default default] 10.0.0.179 "POST /v2.0/networks HTTP/1.1" status: 201 len: 830 time: 0.9921424
2026-07-09 15:47:52.747 10 WARNING neutron_lib.context [None req-66ee818d-6fbd-4d40-95bf-6d42149a25e1 0865c7f1a31a4745bc1d297e699f9a2c 1712e35674d04c46af0066e411747635 - - default default] Method 'is_advsvc' is deprecated since 2023.2 release (neutron-lib 3.8.0) and will be removed once support for the old RBAC API policies will be removed from Neutron. Please use method 'is_service_role' instead.
2026-07-09 15:47:52.757 9 INFO neutron.db.ovn_revision_numbers_db [None req-83e91860-d562-4d31-93d9-d479934162fd c78bf3b8cf62431b8a411c2bb640c804 0c88b9fafbe24245a405c8b3e038ea2d - - default default] Successfully bumped revision number for resource badf610d-4ebd-4f98-acf8-31374a0737e7 (type: security_group_rules) to 0
2026-07-09 15:47:52.797 9 INFO neutron.wsgi [None req-83e91860-d562-4d31-93d9-d479934162fd c78bf3b8cf62431b8a411c2bb640c804 0c88b9fafbe24245a405c8b3e038ea2d - - default default] 10.0.0.179 "GET /v2.0/security-groups?tenant_id=4de811d383794eebb4ed71db6905d1c5&name=default HTTP/1.1" status: 200 len: 3120 time: 0.7721798
2026-07-09 15:47:52.847 10 INFO neutron.db.segments_db [None req-66ee818d-6fbd-4d40-95bf-6d42149a25e1 0865c7f1a31a4745bc1d297e699f9a2c 1712e35674d04c46af0066e411747635 - - default default] Added segment ede3f4d5-ef5d-4da2-94a1-58b6c0631415 of type geneve for network 5772a326-6ce2-437c-966e-41aa0bf6ae96
2026-07-09 15:47:52.871 9 WARNING neutron.scheduler.dhcp_agent_scheduler [None req-b7c1a6ef-e5a8-43a8-b17c-a6a31b2bedf4 8b58ad38d2dc4dc9b8d3343d49699d3a d09e42a428454bdf8aaa5135686dd9d0 - - default default] No more DHCP agents
2026-07-09 15:47:52.874 9 WARNING neutron.api.rpc.agentnotifiers.dhcp_rpc_agent_api [None req-b7c1a6ef-e5a8-43a8-b17c-a6a31b2bedf4 8b58ad38d2dc4dc9b8d3343d49699d3a d09e42a428454bdf8aaa5135686dd9d0 - - default default] Unable to schedule network b724d423-a9cb-40a5-998c-3bc95c56a252: no agents available; will retry on subsequent port and subnet creation events.
2026-07-09 15:47:53.049 9 INFO neutron.db.ovn_revision_numbers_db [None req-b7c1a6ef-e5a8-43a8-b17c-a6a31b2bedf4 8b58ad38d2dc4dc9b8d3343d49699d3a d09e42a428454bdf8aaa5135686dd9d0 - - default default] Successfully bumped revision number for resource f55ed288-7d6c-47fc-8920-a6a8e7a50a99 (type: ports) to 1
2026-07-09 15:47:53.229 10 INFO neutron.db.ovn_revision_numbers_db [None req-66ee818d-6fbd-4d40-95bf-6d42149a25e1 0865c7f1a31a4745bc1d297e699f9a2c 1712e35674d04c46af0066e411747635 - - default default] Successfully bumped revision number for resource 5772a326-6ce2-437c-966e-41aa0bf6ae96 (type: networks) to 1
2026-07-09 15:47:53.351 10 INFO neutron.wsgi [None req-8cbcdd90-2137-432e-9a23-d9daad5d8e76 c78bf3b8cf62431b8a411c2bb640c804 0c88b9fafbe24245a405c8b3e038ea2d - - default default] 10.0.0.179 "DELETE /v2.0/security-groups/93dfaf17-a375-4d94-9dff-7b6621832536 HTTP/1.1" status: 204 len: 168 time: 0.5482121
2026-07-09 15:47:53.418 10 WARNING neutron.scheduler.dhcp_agent_scheduler [None req-66ee818d-6fbd-4d40-95bf-6d42149a25e1 0865c7f1a31a4745bc1d297e699f9a2c 1712e35674d04c46af0066e411747635 - - default default] No more DHCP agents
2026-07-09 15:47:53.421 10 WARNING neutron.api.rpc.agentnotifiers.dhcp_rpc_agent_api [None req-66ee818d-6fbd-4d40-95bf-6d42149a25e1 0865c7f1a31a4745bc1d297e699f9a2c 1712e35674d04c46af0066e411747635 - - default default] Unable to schedule network 5772a326-6ce2-437c-966e-41aa0bf6ae96: no agents available; will retry on subsequent port and subnet creation events.
2026-07-09 15:47:53.500 9 ERROR ovsdbapp.backend.ovs_idl.command [None req-b7c1a6ef-e5a8-43a8-b17c-a6a31b2bedf4 8b58ad38d2dc4dc9b8d3343d49699d3a d09e42a428454bdf8aaa5135686dd9d0 - - default default] Error executing command (DbGetCommand): ovsdbapp.backend.ovs_idl.idlutils.RowNotFound: Cannot find Logical_Router_Port with name=lrp-f55ed288-7d6c-47fc-8920-a6a8e7a50a99
2026-07-09 15:47:53.500 9 ERROR ovsdbapp.backend.ovs_idl.command
Traceback (most recent call last):
2026-07-09 15:47:53.500 9 ERROR ovsdbapp.backend.ovs_idl.command
File "/var/lib/openstack/lib/python3.10/site-packages/ovsdbapp/backend/ovs_idl/command.py", line 47, in execute
2026-07-09 15:47:53.500 9 ERROR ovsdbapp.backend.ovs_idl.command self.run_idl(None)
2026-07-09 15:47:53.500 9 ERROR ovsdbapp.backend.ovs_idl.command
File "/var/lib/openstack/lib/python3.10/site-packages/ovsdbapp/backend/ovs_idl/command.py", line 235, in run_idl
2026-07-09 15:47:53.500 9 ERROR ovsdbapp.backend.ovs_idl.command record = self.api.lookup(self.table, self.record)
2026-07-09 15:47:53.500 9 ERROR ovsdbapp.backend.ovs_idl.command
File "/var/lib/openstack/lib/python3.10/site-packages/ovsdbapp/backend/ovs_idl/__init__.py", line 184, in lookup
2026-07-09 15:47:53.500 9 ERROR ovsdbapp.backend.ovs_idl.command return self._lookup(table, record)
2026-07-09 15:47:53.500 9 ERROR ovsdbapp.backend.ovs_idl.command
File "/var/lib/openstack/lib/python3.10/site-packages/ovsdbapp/backend/ovs_idl/__init__.py", line 235, in _lookup
2026-07-09 15:47:53.500 9 ERROR ovsdbapp.backend.ovs_idl.command row = idlutils.row_by_value(self, rl.table, rl.column, record)
2026-07-09 15:47:53.500 9 ERROR ovsdbapp.backend.ovs_idl.command
File "/var/lib/openstack/lib/python3.10/site-packages/ovsdbapp/backend/ovs_idl/idlutils.py", line 114, in row_by_value
2026-07-09 15:47:53.500 9 ERROR ovsdbapp.backend.ovs_idl.command raise RowNotFound(table=table, col=column, match=match)
2026-07-09 15:47:53.500 9 ERROR ovsdbapp.backend.ovs_idl.command ovsdbapp.backend.ovs_idl.idlutils.RowNotFound: Cannot find Logical_Router_Port with name=lrp-f55ed288-7d6c-47fc-8920-a6a8e7a50a99
2026-07-09 15:47:53.500 9 ERROR ovsdbapp.backend.ovs_idl.command 
2026-07-09 15:47:53.501 9 ERROR neutron_lib.callbacks.manager [None req-b7c1a6ef-e5a8-43a8-b17c-a6a31b2bedf4 8b58ad38d2dc4dc9b8d3343d49699d3a d09e42a428454bdf8aaa5135686dd9d0 - - default default] Error during notification for neutron.services.ovn_l3.plugin.OVNL3RouterPlugin._port_update-8774175596262 port, after_update: ovsdbapp.backend.ovs_idl.idlutils.RowNotFound: Cannot find Logical_Router_Port with name=lrp-f55ed288-7d6c-47fc-8920-a6a8e7a50a99
2026-07-09 15:47:53.501 9 ERROR neutron_lib.callbacks.manager
Traceback (most recent call last):
2026-07-09 15:47:53.501 9 ERROR neutron_lib.callbacks.manager
File "/var/lib/openstack/lib/python3.10/site-packages/neutron_lib/callbacks/manager.py", line 189, in _notify_loop
2026-07-09 15:47:53.501 9 ERROR neutron_lib.callbacks.manager callback.method(resource, event, trigger, payload=payload)
2026-07-09 15:47:53.501 9 ERROR neutron_lib.callbacks.manager
File "/var/lib/openstack/lib/python3.10/site-packages/neutron/services/ovn_l3/plugin.py", line 391, in _port_update
2026-07-09 15:47:53.501 9 ERROR neutron_lib.callbacks.manager l3plugin._ovn_client.update_router_port(context,
2026-07-09 15:47:53.501 9 ERROR neutron_lib.callbacks.manager
File "/var/lib/openstack/lib/python3.10/site-packages/neutron/plugins/ml2/drivers/ovn/mech_driver/ovsdb/ovn_client.py", line 1878, in update_router_port
2026-07-09 15:47:53.501 9 ERROR neutron_lib.callbacks.manager self._update_lrouter_port(context, port, if_exists=if_exists,
2026-07-09 15:47:53.501 9 ERROR neutron_lib.callbacks.manager
File "/var/lib/openstack/lib/python3.10/site-packages/neutron/plugins/ml2/drivers/ovn/mech_driver/ovsdb/ovn_client.py", line 1855, in _update_lrouter_port
2026-07-09 15:47:53.501 9 ERROR neutron_lib.callbacks.manager external_ids = self._nb_idl.db_get(
2026-07-09 15:47:53.501 9 ERROR neutron_lib.callbacks.manager
File "/var/lib/openstack/lib/python3.10/site-packages/ovsdbapp/backend/ovs_idl/command.py", line 47, in execute
2026-07-09 15:47:53.501 9 ERROR neutron_lib.callbacks.manager self.run_idl(None)
2026-07-09 15:47:53.501 9 ERROR neutron_lib.callbacks.manager
File "/var/lib/openstack/lib/python3.10/site-packages/ovsdbapp/backend/ovs_idl/command.py", line 235, in run_idl
2026-07-09 15:47:53.501 9 ERROR neutron_lib.callbacks.manager record = self.api.lookup(self.table, self.record)
2026-07-09 15:47:53.501 9 ERROR neutron_lib.callbacks.manager
File "/var/lib/openstack/lib/python3.10/site-packages/ovsdbapp/backend/ovs_idl/__init__.py", line 184, in lookup
2026-07-09 15:47:53.501 9 ERROR neutron_lib.callbacks.manager return self._lookup(table, record)
2026-07-09 15:47:53.501 9 ERROR neutron_lib.callbacks.manager
File "/var/lib/openstack/lib/python3.10/site-packages/ovsdbapp/backend/ovs_idl/__init__.py", line 235, in _lookup
2026-07-09 15:47:53.501 9 ERROR neutron_lib.callbacks.manager row = idlutils.row_by_value(self, rl.table, rl.column, record)
2026-07-09 15:47:53.501 9 ERROR neutron_lib.callbacks.manager
File "/var/lib/openstack/lib/python3.10/site-packages/ovsdbapp/backend/ovs_idl/idlutils.py", line 114, in row_by_value
2026-07-09 15:47:53.501 9 ERROR neutron_lib.callbacks.manager raise RowNotFound(table=table, col=column, match=match)
2026-07-09 15:47:53.501 9 ERROR neutron_lib.callbacks.manager ovsdbapp.backend.ovs_idl.idlutils.RowNotFound: Cannot find Logical_Router_Port with name=lrp-f55ed288-7d6c-47fc-8920-a6a8e7a50a99
2026-07-09 15:47:53.501 9 ERROR neutron_lib.callbacks.manager 
2026-07-09 15:47:53.531 10 INFO neutron.db.ovn_revision_numbers_db [None req-66ee818d-6fbd-4d40-95bf-6d42149a25e1 0865c7f1a31a4745bc1d297e699f9a2c 1712e35674d04c46af0066e411747635 - - default default] Successfully bumped revision number for resource 71398de4-f245-4f58-a8b0-3fc4dadcdf00 (type: ports) to 1
2026-07-09 15:47:53.559 10 INFO neutron.wsgi [None req-66ee818d-6fbd-4d40-95bf-6d42149a25e1 0865c7f1a31a4745bc1d297e699f9a2c 1712e35674d04c46af0066e411747635 - - default default] 10.0.0.179 "POST /v2.0/networks HTTP/1.1" status: 201 len: 830 time: 0.8163619
2026-07-09 15:47:53.637 10 INFO neutron.wsgi [None req-73246f9b-6a82-4c54-9df9-d8d514dca1fd 0865c7f1a31a4745bc1d297e699f9a2c 1712e35674d04c46af0066e411747635 - - default default] 10.0.0.179 "PUT /v2.0/networks/d187f776-23aa-489b-ad26-0f0b1b58f07e/tags HTTP/1.1" status: 200 len: 218 time: 0.0732822
2026-07-09 15:47:53.676 9 INFO neutron.db.ovn_revision_numbers_db [None req-730b46d2-a1b0-4597-8764-84aa61b08fd9 c78bf3b8cf62431b8a411c2bb640c804 0c88b9fafbe24245a405c8b3e038ea2d - - default default] Successfully bumped revision number for resource 475689bf-ea9c-49bf-8121-2f27909d06bc (type: security_groups) to 1
2026-07-09 15:47:53.687 10 INFO neutron.wsgi [None req-805ae1f7-d331-4f9c-88be-c2d8e320a553 0865c7f1a31a4745bc1d297e699f9a2c 1712e35674d04c46af0066e411747635 - - default default] 10.0.0.179 "GET /v2.0/networks/d187f776-23aa-489b-ad26-0f0b1b58f07e/tags HTTP/1.1" status: 200 len: 218 time: 0.0444694
2026-07-09 15:47:53.701 9 INFO neutron.db.ovn_revision_numbers_db [None req-730b46d2-a1b0-4597-8764-84aa61b08fd9 c78bf3b8cf62431b8a411c2bb640c804 0c88b9fafbe24245a405c8b3e038ea2d - - default default] Successfully bumped revision number for resource 52a0ab78-a86d-4bef-8938-9fe9f2385ebf (type: security_group_rules) to 0
2026-07-09 15:47:53.720 9 INFO neutron.db.ovn_revision_numbers_db [None req-730b46d2-a1b0-4597-8764-84aa61b08fd9 c78bf3b8cf62431b8a411c2bb640c804 0c88b9fafbe24245a405c8b3e038ea2d - - default default] Successfully bumped revision number for resource 7691b19c-4f06-42bd-8b14-7942f4871849 (type: security_group_rules) to 0
2026-07-09 15:47:53.735 9 INFO neutron.plugins.ml2.drivers.ovn.mech_driver.mech_driver [None req-2e4dec20-51cf-4ab6-a7ab-78d6097ca8de - - - - - -] OVN reports status up for port: f55ed288-7d6c-47fc-8920-a6a8e7a50a99
2026-07-09 15:47:53.745 9 INFO neutron.plugins.ml2.plugin [None req-2e4dec20-51cf-4ab6-a7ab-78d6097ca8de - - - - - -] Attempt 1 to provision port f55ed288-7d6c-47fc-8920-a6a8e7a50a99
2026-07-09 15:47:53.758 9 INFO neutron.db.ovn_revision_numbers_db [None req-730b46d2-a1b0-4597-8764-84aa61b08fd9 c78bf3b8cf62431b8a411c2bb640c804 0c88b9fafbe24245a405c8b3e038ea2d - - default default] Successfully bumped revision number for resource 9e892fd9-372a-4e0e-ba57-c206bb38928f (type: security_group_rules) to 0
2026-07-09 15:47:53.760 10 INFO neutron.wsgi [None req-d190fc3a-2d61-47e4-b89c-cc659e064e90 0865c7f1a31a4745bc1d297e699f9a2c 1712e35674d04c46af0066e411747635 - - default default] 10.0.0.179 "PUT /v2.0/networks/5772a326-6ce2-437c-966e-41aa0bf6ae96/tags HTTP/1.1" status: 200 len: 210 time: 0.0680027
2026-07-09 15:47:53.772 9 INFO neutron.db.ovn_revision_numbers_db [None req-b7c1a6ef-e5a8-43a8-b17c-a6a31b2bedf4 8b58ad38d2dc4dc9b8d3343d49699d3a d09e42a428454bdf8aaa5135686dd9d0 - - default default] Successfully bumped revision number for resource f55ed288-7d6c-47fc-8920-a6a8e7a50a99 (type: ports) to 1
2026-07-09 15:47:53.774 9 INFO neutron.db.ovn_revision_numbers_db [None req-730b46d2-a1b0-4597-8764-84aa61b08fd9 c78bf3b8cf62431b8a411c2bb640c804 0c88b9fafbe24245a405c8b3e038ea2d - - default default] Successfully bumped revision number for resource e979fef3-a747-4d4f-93cf-08f65933f098 (type: security_group_rules) to 0
2026-07-09 15:47:53.816 9 INFO neutron.wsgi [None req-730b46d2-a1b0-4597-8764-84aa61b08fd9 c78bf3b8cf62431b8a411c2bb640c804 0c88b9fafbe24245a405c8b3e038ea2d - - default default] 10.0.0.179 "GET /v2.0/security-groups?tenant_id=b811560f8f7e49e1a772745eeb7f8193&name=default HTTP/1.1" status: 200 len: 3120 time: 0.3442883
2026-07-09 15:47:53.824 10 INFO neutron.wsgi [None req-16ecb7f3-7050-4f23-a3bd-3f0d10bd551f 0865c7f1a31a4745bc1d297e699f9a2c 1712e35674d04c46af0066e411747635 - - default default] 10.0.0.179 "GET /v2.0/networks/5772a326-6ce2-437c-966e-41aa0bf6ae96/tags HTTP/1.1" status: 200 len: 210 time: 0.0566936
2026-07-09 15:47:53.879 9 WARNING neutron.scheduler.dhcp_agent_scheduler [None req-b7c1a6ef-e5a8-43a8-b17c-a6a31b2bedf4 8b58ad38d2dc4dc9b8d3343d49699d3a d09e42a428454bdf8aaa5135686dd9d0 - - default default] No more DHCP agents
2026-07-09 15:47:53.881 9 WARNING neutron.api.rpc.agentnotifiers.dhcp_rpc_agent_api [None req-b7c1a6ef-e5a8-43a8-b17c-a6a31b2bedf4 8b58ad38d2dc4dc9b8d3343d49699d3a d09e42a428454bdf8aaa5135686dd9d0 - - default default] Unable to schedule network b724d423-a9cb-40a5-998c-3bc95c56a252: no agents available; will retry on subsequent port and subnet creation events.
2026-07-09 15:47:53.900 10 INFO neutron.wsgi [None req-91ade791-3d65-4b4a-9fcf-24befaef93f3 0865c7f1a31a4745bc1d297e699f9a2c 1712e35674d04c46af0066e411747635 - - default default] 10.0.0.179 "PUT /v2.0/networks/5772a326-6ce2-437c-966e-41aa0bf6ae96/tags HTTP/1.1" status: 200 len: 205 time: 0.0693877
2026-07-09 15:47:53.957 10 INFO neutron.wsgi [None req-760ef17b-7e9e-4e9a-b262-9d6ca0b44f10 0865c7f1a31a4745bc1d297e699f9a2c 1712e35674d04c46af0066e411747635 - - default default] 10.0.0.179 "GET /v2.0/networks/5772a326-6ce2-437c-966e-41aa0bf6ae96/tags HTTP/1.1" status: 200 len: 205 time: 0.0516641
2026-07-09 15:47:54.016 10 INFO neutron.wsgi [None req-77df8c9f-057c-44a9-8982-fa5446816ba9 0865c7f1a31a4745bc1d297e699f9a2c 1712e35674d04c46af0066e411747635 - - default default] 10.0.0.179 "GET /v2.0/networks/d187f776-23aa-489b-ad26-0f0b1b58f07e/tags HTTP/1.1" status: 200 len: 218 time: 0.0543125
2026-07-09 15:47:54.112 9 INFO neutron.db.ovn_revision_numbers_db [None req-b7c1a6ef-e5a8-43a8-b17c-a6a31b2bedf4 8b58ad38d2dc4dc9b8d3343d49699d3a d09e42a428454bdf8aaa5135686dd9d0 - - default default] Successfully bumped revision number for resource f55ed288-7d6c-47fc-8920-a6a8e7a50a99 (type: router_ports) to 1
2026-07-09 15:47:54.117 9 INFO neutron.wsgi [None req-b7c1a6ef-e5a8-43a8-b17c-a6a31b2bedf4 8b58ad38d2dc4dc9b8d3343d49699d3a d09e42a428454bdf8aaa5135686dd9d0 - - default default] 10.0.0.179 "PUT /v2.0/routers/071e36c6-cc41-4884-9d6b-6bad31ac21e8/add_router_interface HTTP/1.1" status: 200 len: 503 time: 2.1115742
2026-07-09 15:47:54.125 10 INFO neutron.wsgi [None req-ea2ef6fa-35ce-4193-9b80-65117fdd1182 c78bf3b8cf62431b8a411c2bb640c804 0c88b9fafbe24245a405c8b3e038ea2d - - default default] 10.0.0.179 "DELETE /v2.0/security-groups/475689bf-ea9c-49bf-8121-2f27909d06bc HTTP/1.1" status: 204 len: 168 time: 0.3000715
2026-07-09 15:47:54.267 9 INFO neutron.wsgi [None req-ec262664-86cd-4ff0-96c4-aa44773c3604 8b58ad38d2dc4dc9b8d3343d49699d3a d09e42a428454bdf8aaa5135686dd9d0 - - default default] 10.0.0.179 "GET /v2.0/ports/f55ed288-7d6c-47fc-8920-a6a8e7a50a99 HTTP/1.1" status: 200 len: 1137 time: 0.1409473
2026-07-09 15:47:54.404 10 INFO neutron.wsgi [None req-afb8908d-e42b-4b58-a8c1-56fa1ab3b23c c78bf3b8cf62431b8a411c2bb640c804 0c88b9fafbe24245a405c8b3e038ea2d - - default default] 10.0.0.179 "GET /v2.0/security-groups?tenant_id=9ad433f77b5540be880fa6720903af0d&name=default HTTP/1.1" status: 200 len: 3120 time: 0.0617664
2026-07-09 15:47:54.585 9 INFO neutron.wsgi [None req-250b87f3-4d38-467e-93ce-67739ee6af32 8b58ad38d2dc4dc9b8d3343d49699d3a d09e42a428454bdf8aaa5135686dd9d0 - - default default] 10.0.0.179 "GET /v2.0/ports/f55ed288-7d6c-47fc-8920-a6a8e7a50a99 HTTP/1.1" status: 200 len: 1137 time: 0.3136590
2026-07-09 15:47:54.629 9 INFO neutron.db.ovn_revision_numbers_db [None req-2e4dec20-51cf-4ab6-a7ab-78d6097ca8de - - - - - -] Successfully bumped revision number for resource f55ed288-7d6c-47fc-8920-a6a8e7a50a99 (type: ports) to 2
2026-07-09 15:47:54.703 10 INFO neutron.wsgi [None req-6944c17b-5aeb-4225-adb9-036fb3f19f4e c78bf3b8cf62431b8a411c2bb640c804 0c88b9fafbe24245a405c8b3e038ea2d - - default default] 10.0.0.179 "DELETE /v2.0/security-groups/2ad61ca0-18fe-4a45-a348-36f09828fc07 HTTP/1.1" status: 204 len: 168 time: 0.2954483
2026-07-09 15:47:54.800 9 INFO neutron.db.ovn_revision_numbers_db [None req-2e4dec20-51cf-4ab6-a7ab-78d6097ca8de - - - - - -] Successfully bumped revision number for resource f55ed288-7d6c-47fc-8920-a6a8e7a50a99 (type: router_ports) to 2
2026-07-09 15:47:54.912 9 INFO neutron.services.segments.plugin [-] Segment 20a74260-dc82-47a9-8919-3efb01aadcd2 resource provider aggregate not found
2026-07-09 15:47:54.921 9 INFO neutron.services.segments.plugin [-] Segment 20a74260-dc82-47a9-8919-3efb01aadcd2 resource provider aggregate not found
2026-07-09 15:47:54.934 9 INFO neutron.services.segments.plugin [-] Segment 20a74260-dc82-47a9-8919-3efb01aadcd2 resource provider not found; error: Placement Client Error (4xx): {"errors": [{"status": 404, "title": "Not Found", "detail": "The resource could not be found.\n\n No resource provider with uuid 20a74260-dc82-47a9-8919-3efb01aadcd2 found for delete ", "request_id": "req-6474432e-69ca-4f3f-b8d4-bd4da4c87bb6"}]}
2026-07-09 15:47:54.938 9 INFO neutron.services.segments.plugin [-] Segment 20a74260-dc82-47a9-8919-3efb01aadcd2 resource provider not found; error: Placement Client Error (4xx): {"errors": [{"status": 404, "title": "Not Found", "detail": "The resource could not be found.\n\n No resource provider with uuid 20a74260-dc82-47a9-8919-3efb01aadcd2 found for delete ", "request_id": "req-b5db9fb6-c16b-4b32-88a3-ab077f49f408"}]}
2026-07-09 15:47:54.946 9 INFO neutron.wsgi [None req-7f522436-84ce-4e3d-a4ae-9587c6c7c325 0865c7f1a31a4745bc1d297e699f9a2c 1712e35674d04c46af0066e411747635 - - default default] 10.0.0.179 "DELETE /v2.0/networks/d187f776-23aa-489b-ad26-0f0b1b58f07e HTTP/1.1" status: 204 len: 168 time: 0.9081621
2026-07-09 15:47:54.952 10 INFO neutron.wsgi [req-24d2233f-549d-45e6-aa62-27af40462ba1 req-9a7f1556-a8b0-4585-9827-aab11ac45402 891200be37c844b0bec262a7ac238617 4b36384f06744cbfa8ddf4629f418f06 - - default default] 10.0.0.152 "GET /v2.0/ports?device_id=f1c97af6-9bd3-4c20-8c53-7c5b557fe73b HTTP/1.1" status: 200 len: 1210 time: 0.1320043
