2026-07-09 15:45:08.038 10 INFO neutron.db.ovn_revision_numbers_db [None req-d7bec0e0-6783-44ae-bf47-3743bddda475 - - - - - -] Successfully bumped revision number for resource b6de5233-62f2-45c6-9d0a-adbfda98c71c (type: ports) to 4
2026-07-09 15:45:08.117 10 INFO neutron.wsgi [req-da3af812-6667-4d87-9de3-ad1097f63f23 req-77aa4618-9930-406a-8ad0-5129a8408b60 59478e35b48541a9b75b524e64950e28 c7c4b4cafd534954925bebf1cec91ee4 - - default default] 10.0.0.152 "GET /v2.0/security-groups/a71a7612-bc15-4308-90d9-d7b7877e59e9 HTTP/1.1" status: 200 len: 3141 time: 0.0809135
2026-07-09 15:45:08.185 9 INFO neutron.wsgi [req-749596af-79ed-4068-a704-acdcb879b528 req-e9c3582c-c2a0-4c07-89eb-c2d707307a46 59478e35b48541a9b75b524e64950e28 c7c4b4cafd534954925bebf1cec91ee4 - - default default] 10.0.0.152 "GET /v2.0/security-group-rules/80d17fad-f696-4b28-a220-dd33fd154ad5 HTTP/1.1" status: 200 len: 815 time: 0.0349729
2026-07-09 15:45:08.233 9 INFO neutron.wsgi [req-749596af-79ed-4068-a704-acdcb879b528 req-2738a5ab-1693-4efa-a653-7b7bb226760e 59478e35b48541a9b75b524e64950e28 c7c4b4cafd534954925bebf1cec91ee4 - - default default] 10.0.0.152 "GET /v2.0/security-groups/a71a7612-bc15-4308-90d9-d7b7877e59e9 HTTP/1.1" status: 200 len: 3141 time: 0.0438247
2026-07-09 15:45:08.449 9 INFO neutron.wsgi [req-749596af-79ed-4068-a704-acdcb879b528 req-e671f4ec-1cf0-4e98-a9aa-62f7d25acdb4 59478e35b48541a9b75b524e64950e28 c7c4b4cafd534954925bebf1cec91ee4 - - default default] 10.0.0.152 "DELETE /v2.0/security-group-rules/80d17fad-f696-4b28-a220-dd33fd154ad5 HTTP/1.1" status: 204 len: 173 time: 0.2059662
2026-07-09 15:45:08.458 10 INFO neutron.wsgi [req-82fc1811-6d13-4f7d-b25b-0f62a345f7e1 req-f3a88276-1725-49df-9efd-cf4645a60e57 17812c45839947c2bd02dcdcab63d614 9d51252562854861932093172238f763 - - default default] 10.0.0.152 "GET /v2.0/ports?device_id=7fbc5f75-0b36-4b45-975b-94f3194ba428 HTTP/1.1" status: 200 len: 210 time: 0.0444484
2026-07-09 15:45:08.506 9 INFO neutron.wsgi [req-54f73b26-bc90-4607-8b19-04e0b939bc15 req-f2731762-658a-48c1-8e2e-bc595b5dacd7 59478e35b48541a9b75b524e64950e28 c7c4b4cafd534954925bebf1cec91ee4 - - default default] 10.0.0.152 "GET /v2.0/security-groups/a71a7612-bc15-4308-90d9-d7b7877e59e9 HTTP/1.1" status: 200 len: 2511 time: 0.0331159
2026-07-09 15:45:08.635 9 INFO neutron.wsgi [req-54f73b26-bc90-4607-8b19-04e0b939bc15 req-fb68b581-2b21-4384-a263-72e195443308 59478e35b48541a9b75b524e64950e28 c7c4b4cafd534954925bebf1cec91ee4 - - default default] 10.0.0.152 "DELETE /v2.0/security-groups/a71a7612-bc15-4308-90d9-d7b7877e59e9 HTTP/1.1" status: 204 len: 173 time: 0.1221340
2026-07-09 15:45:08.646 10 INFO neutron.db.ovn_revision_numbers_db [None req-d7bec0e0-6783-44ae-bf47-3743bddda475 - - - - - -] Successfully bumped revision number for resource b6de5233-62f2-45c6-9d0a-adbfda98c71c (type: router_ports) to 4
2026-07-09 15:45:08.713 10 INFO neutron.wsgi [req-c81e0b7e-de0c-4f7e-aaf6-9b9e40bfa9bc req-907d1880-bb74-4e78-b2f3-10051cc7020d 59478e35b48541a9b75b524e64950e28 c7c4b4cafd534954925bebf1cec91ee4 - - default default] 10.0.0.152 "GET /v2.0/security-groups/f209efe4-4f8a-455a-a7e3-721907afee54 HTTP/1.1" status: 200 len: 2508 time: 0.0547533
2026-07-09 15:45:08.757 9 INFO neutron.wsgi [req-ebdc8822-0ab6-449e-bef2-163a7d6e6199 req-3f5c0e65-0bcb-4f45-a282-2232e725c299 17812c45839947c2bd02dcdcab63d614 9d51252562854861932093172238f763 - - default default] 199.19.213.166 "GET /v2.0/networks?id=6be1c284-bcc8-48ec-82c1-3c17b54c627b HTTP/1.1" status: 200 len: 882 time: 0.1214621
2026-07-09 15:45:08.833 9 INFO neutron.wsgi [req-ebdc8822-0ab6-449e-bef2-163a7d6e6199 req-df084448-e396-42a4-89c9-3f8852174778 17812c45839947c2bd02dcdcab63d614 9d51252562854861932093172238f763 - - default default] 199.19.213.166 "GET /v2.0/security-groups?fields=id&fields=name&tenant_id=9d51252562854861932093172238f763 HTTP/1.1" status: 200 len: 380 time: 0.0581319
2026-07-09 15:45:08.844 9 WARNING neutron_lib.context [req-ebdc8822-0ab6-449e-bef2-163a7d6e6199 req-4b3e5063-2f2a-4e3a-ab14-40011821f10a 17812c45839947c2bd02dcdcab63d614 9d51252562854861932093172238f763 - - default default] Method 'is_advsvc' is deprecated since 2023.2 release (neutron-lib 3.8.0) and will be removed once support for the old RBAC API policies will be removed from Neutron. Please use method 'is_service_role' instead.
2026-07-09 15:45:08.911 10 INFO neutron.wsgi [req-c81e0b7e-de0c-4f7e-aaf6-9b9e40bfa9bc req-5a0af439-9d03-49b8-942a-a5ddadb674cd 59478e35b48541a9b75b524e64950e28 c7c4b4cafd534954925bebf1cec91ee4 - - default default] 10.0.0.152 "DELETE /v2.0/security-groups/f209efe4-4f8a-455a-a7e3-721907afee54 HTTP/1.1" status: 204 len: 173 time: 0.1898746
2026-07-09 15:45:09.115 10 INFO neutron.db.ovn_revision_numbers_db [None req-38b1da12-9197-422e-bc40-3e84650e90c7 c78bf3b8cf62431b8a411c2bb640c804 0c88b9fafbe24245a405c8b3e038ea2d - - default default] Successfully bumped revision number for resource b5148639-c1c0-4ddf-b332-35abf38506c3 (type: router_ports) to 1
2026-07-09 15:45:09.122 10 INFO neutron.wsgi [None req-38b1da12-9197-422e-bc40-3e84650e90c7 c78bf3b8cf62431b8a411c2bb640c804 0c88b9fafbe24245a405c8b3e038ea2d - - default default] 10.0.0.179 "PUT /v2.0/routers/05e1aa5b-e2fd-4f62-a055-35b56d5e6e4f/add_router_interface HTTP/1.1" status: 200 len: 503 time: 4.1692147
2026-07-09 15:45:09.498 9 WARNING neutron.scheduler.dhcp_agent_scheduler [req-ebdc8822-0ab6-449e-bef2-163a7d6e6199 req-4b3e5063-2f2a-4e3a-ab14-40011821f10a 17812c45839947c2bd02dcdcab63d614 9d51252562854861932093172238f763 - - default default] No more DHCP agents
2026-07-09 15:45:09.503 9 WARNING neutron.api.rpc.agentnotifiers.dhcp_rpc_agent_api [req-ebdc8822-0ab6-449e-bef2-163a7d6e6199 req-4b3e5063-2f2a-4e3a-ab14-40011821f10a 17812c45839947c2bd02dcdcab63d614 9d51252562854861932093172238f763 - - default default] Unable to schedule network 6be1c284-bcc8-48ec-82c1-3c17b54c627b: no agents available; will retry on subsequent port and subnet creation events. /var/lib/openstack/lib/python3.10/site-packages/pycadf/identifier.py:71: UserWarning: Invalid uuid: neutron. To ensure interoperability, identifiers should be a valid uuid. warnings.warn(('Invalid uuid: %s. To ensure interoperability, '
2026-07-09 15:45:09.644 10 WARNING neutron_lib.context [None req-dcf6fea2-a41f-448a-ab97-432d720f7026 8256eba731f642e69ff241ea1c95bb94 f9ea5b0f17e449968e15c4e9b58328b3 - - default default] Method 'is_advsvc' is deprecated since 2023.2 release (neutron-lib 3.8.0) and will be removed once support for the old RBAC API policies will be removed from Neutron. Please use method 'is_service_role' instead.
2026-07-09 15:45:09.672 9 INFO neutron.wsgi [req-c9ef312a-d73d-49e6-bc5b-015d61b38a3b req-797d69f2-2a29-493a-8a2e-20f9e20e4805 17812c45839947c2bd02dcdcab63d614 9d51252562854861932093172238f763 - - default default] 10.0.0.152 "GET /v2.0/ports?device_id=7fbc5f75-0b36-4b45-975b-94f3194ba428 HTTP/1.1" status: 200 len: 1160 time: 0.0948806
2026-07-09 15:45:09.771 10 INFO neutron.db.ovn_revision_numbers_db [None req-dcf6fea2-a41f-448a-ab97-432d720f7026 8256eba731f642e69ff241ea1c95bb94 f9ea5b0f17e449968e15c4e9b58328b3 - - default default] Successfully bumped revision number for resource 70fa683a-82e5-4d65-b72d-53e2c4dd07eb (type: security_groups) to 1
2026-07-09 15:45:09.787 10 INFO neutron.db.ovn_revision_numbers_db [None req-dcf6fea2-a41f-448a-ab97-432d720f7026 8256eba731f642e69ff241ea1c95bb94 f9ea5b0f17e449968e15c4e9b58328b3 - - default default] Successfully bumped revision number for resource 6fc92517-5d02-410b-bdff-459998a9217a (type: security_group_rules) to 0
2026-07-09 15:45:09.801 10 INFO neutron.db.ovn_revision_numbers_db [None req-dcf6fea2-a41f-448a-ab97-432d720f7026 8256eba731f642e69ff241ea1c95bb94 f9ea5b0f17e449968e15c4e9b58328b3 - - default default] Successfully bumped revision number for resource c693a1f4-133f-43d6-8f6e-3b680803e06c (type: security_group_rules) to 0
2026-07-09 15:45:09.807 9 INFO neutron.wsgi [req-c9ef312a-d73d-49e6-bc5b-015d61b38a3b req-a28a6cad-1cd2-4f3b-b63d-0c2f3935ff25 17812c45839947c2bd02dcdcab63d614 9d51252562854861932093172238f763 - - default default] 10.0.0.152 "GET /v2.0/security-groups?id=e5ea54c3-028a-44af-a1ee-a23f6ec8e077&fields=id&fields=name HTTP/1.1" status: 200 len: 313 time: 0.1274722
2026-07-09 15:45:09.823 10 INFO neutron.wsgi [None req-dcf6fea2-a41f-448a-ab97-432d720f7026 8256eba731f642e69ff241ea1c95bb94 f9ea5b0f17e449968e15c4e9b58328b3 - - default default] 10.0.0.179 "POST /v2.0/security-groups HTTP/1.1" status: 201 len: 1860 time: 0.1879985
2026-07-09 15:45:09.835 9 INFO neutron.db.ovn_revision_numbers_db [req-ebdc8822-0ab6-449e-bef2-163a7d6e6199 req-4b3e5063-2f2a-4e3a-ab14-40011821f10a 17812c45839947c2bd02dcdcab63d614 9d51252562854861932093172238f763 - - default default] Successfully bumped revision number for resource b9c68c56-c279-46ac-9ce5-02f5118d89ac (type: ports) to 1
2026-07-09 15:45:09.838 10 WARNING neutron_lib.context [None req-db9529e3-1cde-4d68-82a6-0a028e87c02c 8256eba731f642e69ff241ea1c95bb94 f9ea5b0f17e449968e15c4e9b58328b3 - - default default] Method 'is_advsvc' is deprecated since 2023.2 release (neutron-lib 3.8.0) and will be removed once support for the old RBAC API policies will be removed from Neutron. Please use method 'is_service_role' instead.
2026-07-09 15:45:09.901 9 INFO neutron.wsgi [req-ebdc8822-0ab6-449e-bef2-163a7d6e6199 req-4b3e5063-2f2a-4e3a-ab14-40011821f10a 17812c45839947c2bd02dcdcab63d614 9d51252562854861932093172238f763 - - default default] 199.19.213.166 "POST /v2.0/ports HTTP/1.1" status: 201 len: 1162 time: 1.0618372
2026-07-09 15:45:09.915 9 INFO neutron.wsgi [req-ebdc8822-0ab6-449e-bef2-163a7d6e6199 req-f2a0a335-78ce-4539-8595-c30878261695 17812c45839947c2bd02dcdcab63d614 9d51252562854861932093172238f763 - - default default] 199.19.213.166 "GET /v2.0/extensions HTTP/1.1" status: 200 len: 18683 time: 0.0092847
2026-07-09 15:45:09.985 10 INFO neutron.db.ovn_revision_numbers_db [None req-db9529e3-1cde-4d68-82a6-0a028e87c02c 8256eba731f642e69ff241ea1c95bb94 f9ea5b0f17e449968e15c4e9b58328b3 - - default default] Successfully bumped revision number for resource 2d120e74-9b82-4c3c-a9dc-a807477eca15 (type: security_group_rules) to 0
2026-07-09 15:45:10.012 10 INFO neutron.wsgi [None req-db9529e3-1cde-4d68-82a6-0a028e87c02c 8256eba731f642e69ff241ea1c95bb94 f9ea5b0f17e449968e15c4e9b58328b3 - - default default] 10.0.0.179 "POST /v2.0/security-group-rules HTTP/1.1" status: 201 len: 796 time: 0.1831543
2026-07-09 15:45:10.022 10 WARNING neutron_lib.context [None req-5d95c68a-836a-4959-a407-61cf83dc1fe5 8256eba731f642e69ff241ea1c95bb94 f9ea5b0f17e449968e15c4e9b58328b3 - - default default] Method 'is_advsvc' is deprecated since 2023.2 release (neutron-lib 3.8.0) and will be removed once support for the old RBAC API policies will be removed from Neutron. Please use method 'is_service_role' instead.
2026-07-09 15:45:10.144 10 INFO neutron.db.ovn_revision_numbers_db [None req-5d95c68a-836a-4959-a407-61cf83dc1fe5 8256eba731f642e69ff241ea1c95bb94 f9ea5b0f17e449968e15c4e9b58328b3 - - default default] Successfully bumped revision number for resource 8febd896-f78b-43f9-8d1e-1eb4b18bd1b3 (type: security_group_rules) to 0
2026-07-09 15:45:10.172 10 INFO neutron.wsgi [None req-5d95c68a-836a-4959-a407-61cf83dc1fe5 8256eba731f642e69ff241ea1c95bb94 f9ea5b0f17e449968e15c4e9b58328b3 - - default default] 10.0.0.179 "POST /v2.0/security-group-rules HTTP/1.1" status: 201 len: 801 time: 0.1544421
2026-07-09 15:45:10.183 10 WARNING neutron_lib.context [None req-dc041001-024c-4338-a30e-e4f605f182b2 8256eba731f642e69ff241ea1c95bb94 f9ea5b0f17e449968e15c4e9b58328b3 - - default default] Method 'is_advsvc' is deprecated since 2023.2 release (neutron-lib 3.8.0) and will be removed once support for the old RBAC API policies will be removed from Neutron. Please use method 'is_service_role' instead.
2026-07-09 15:45:10.479 10 WARNING neutron.scheduler.dhcp_agent_scheduler [None req-dc041001-024c-4338-a30e-e4f605f182b2 8256eba731f642e69ff241ea1c95bb94 f9ea5b0f17e449968e15c4e9b58328b3 - - default default] No more DHCP agents
2026-07-09 15:45:10.481 10 WARNING neutron.api.rpc.agentnotifiers.dhcp_rpc_agent_api [None req-dc041001-024c-4338-a30e-e4f605f182b2 8256eba731f642e69ff241ea1c95bb94 f9ea5b0f17e449968e15c4e9b58328b3 - - default default] Unable to schedule network dabe752b-f81b-4229-a172-744a88652769: no agents available; will retry on subsequent port and subnet creation events.
2026-07-09 15:45:10.871 10 WARNING neutron.plugins.ml2.drivers.ovn.mech_driver.ovsdb.ovn_client [None req-a1bfd37f-beae-42a1-bd64-8458ef0c0da0 - - - - - -] No hosting information found for port 3188d501-162a-4207-bb95-a44831ca7861: RuntimeError: No hosting information found for port 3188d501-162a-4207-bb95-a44831ca7861
2026-07-09 15:45:10.872 10 INFO neutron.plugins.ml2.drivers.ovn.mech_driver.mech_driver [None req-a1bfd37f-beae-42a1-bd64-8458ef0c0da0 - - - - - -] OVN reports status up for port: b6de5233-62f2-45c6-9d0a-adbfda98c71c
2026-07-09 15:45:10.911 10 INFO neutron.plugins.ml2.plugin [None req-a1bfd37f-beae-42a1-bd64-8458ef0c0da0 - - - - - -] Attempt 1 to provision port b6de5233-62f2-45c6-9d0a-adbfda98c71c
2026-07-09 15:45:10.954 10 INFO neutron.wsgi [None req-dc041001-024c-4338-a30e-e4f605f182b2 8256eba731f642e69ff241ea1c95bb94 f9ea5b0f17e449968e15c4e9b58328b3 - - default default] 10.0.0.179 "POST /v2.0/floatingips HTTP/1.1" status: 201 len: 751 time: 0.7753971
2026-07-09 15:45:10.956 9 INFO neutron.db.ovn_revision_numbers_db [req-ebdc8822-0ab6-449e-bef2-163a7d6e6199 req-f6ed60e4-3445-4fce-80fb-b97d69ac9053 8caa1cefbac64035be53ea7af634bb0b 2c60b5677ce44a48941e1ceeebcb308d - - f65e1348a7e24e37bc17be0b2a4862e0 f65e1348a7e24e37bc17be0b2a4862e0] Successfully bumped revision number for resource b9c68c56-c279-46ac-9ce5-02f5118d89ac (type: ports) to 2
2026-07-09 15:45:11.015 10 INFO neutron.wsgi [req-d92a0972-02e0-4dde-ac74-c9f6f4fb69b0 req-f51033c4-5aeb-4996-86cb-6c2dade3712e 17812c45839947c2bd02dcdcab63d614 9d51252562854861932093172238f763 - - default default] 10.0.0.152 "GET /v2.0/ports?device_id=7fbc5f75-0b36-4b45-975b-94f3194ba428 HTTP/1.1" status: 200 len: 1172 time: 0.1397538
2026-07-09 15:45:11.081 10 INFO neutron.plugins.ml2.drivers.ovn.mech_driver.mech_driver [None req-a1bfd37f-beae-42a1-bd64-8458ef0c0da0 - - - - - -] OVN reports status up for port: b5148639-c1c0-4ddf-b332-35abf38506c3
2026-07-09 15:45:11.093 10 INFO neutron.wsgi [req-d92a0972-02e0-4dde-ac74-c9f6f4fb69b0 req-da2b42be-3e8d-497e-b899-f7a15040b16f 17812c45839947c2bd02dcdcab63d614 9d51252562854861932093172238f763 - - default default] 10.0.0.152 "GET /v2.0/security-groups?id=e5ea54c3-028a-44af-a1ee-a23f6ec8e077&fields=id&fields=name HTTP/1.1" status: 200 len: 313 time: 0.0706954
2026-07-09 15:45:11.095 10 INFO neutron.plugins.ml2.plugin [None req-a1bfd37f-beae-42a1-bd64-8458ef0c0da0 - - - - - -] Attempt 1 to provision port b5148639-c1c0-4ddf-b332-35abf38506c3
2026-07-09 15:45:11.124 9 INFO neutron.wsgi [None req-9da00546-d293-47b5-ba4b-9050ffa8e5d0 c78bf3b8cf62431b8a411c2bb640c804 0c88b9fafbe24245a405c8b3e038ea2d - - default default] 10.0.0.179 "PUT /v2.0/routers/b21b8bae-82e5-48b5-a687-039f5588298b/remove_router_interface HTTP/1.1" status: 200 len: 503 time: 2.2011046 /var/lib/openstack/lib/python3.10/site-packages/pycadf/identifier.py:71: UserWarning: Invalid uuid: neutron. To ensure interoperability, identifiers should be a valid uuid. warnings.warn(('Invalid uuid: %s. To ensure interoperability, ' /var/lib/openstack/lib/python3.10/site-packages/pycadf/identifier.py:71: UserWarning: Invalid uuid: neutron. To ensure interoperability, identifiers should be a valid uuid. warnings.warn(('Invalid uuid: %s. To ensure interoperability, '
2026-07-09 15:45:11.420 9 INFO neutron.db.ovn_revision_numbers_db [req-ebdc8822-0ab6-449e-bef2-163a7d6e6199 req-f6ed60e4-3445-4fce-80fb-b97d69ac9053 8caa1cefbac64035be53ea7af634bb0b 2c60b5677ce44a48941e1ceeebcb308d - - f65e1348a7e24e37bc17be0b2a4862e0 f65e1348a7e24e37bc17be0b2a4862e0] Successfully bumped revision number for resource b9c68c56-c279-46ac-9ce5-02f5118d89ac (type: ports) to 2
2026-07-09 15:45:11.448 9 INFO neutron.wsgi [req-d25016cd-4fd4-4aae-9e33-40e037453361 req-f52de9f9-d9e9-4d36-8409-f4b677623c8f 8256eba731f642e69ff241ea1c95bb94 f9ea5b0f17e449968e15c4e9b58328b3 - - default default] 10.0.0.152 "GET /v2.0/security-groups?name=tempest-securitygroup--2062138531&fields=id&tenant_id=f9ea5b0f17e449968e15c4e9b58328b3 HTTP/1.1" status: 200 len: 267 time: 0.1035135
2026-07-09 15:45:11.478 9 INFO neutron.wsgi [req-ebdc8822-0ab6-449e-bef2-163a7d6e6199 req-f6ed60e4-3445-4fce-80fb-b97d69ac9053 8caa1cefbac64035be53ea7af634bb0b 2c60b5677ce44a48941e1ceeebcb308d - - f65e1348a7e24e37bc17be0b2a4862e0 f65e1348a7e24e37bc17be0b2a4862e0] 199.19.213.166 "PUT /v2.0/ports/b9c68c56-c279-46ac-9ce5-02f5118d89ac HTTP/1.1" status: 200 len: 1380 time: 1.2541857
2026-07-09 15:45:11.569 10 INFO neutron.wsgi [req-2bade046-bebe-4e9d-94a4-6d534b1b51ef req-107ab361-5f9a-4d2d-b0ca-e1733cd640eb 2a649cc96c8e478ca5f2d79dfe415cdc bb22dcbd9b544b41be4dc3142b83fcd9 - - default default] 10.0.0.152 "GET /v2.0/security-groups?name=tempest-securitygroup--725920704&fields=id&tenant_id=bb22dcbd9b544b41be4dc3142b83fcd9 HTTP/1.1" status: 200 len: 267 time: 0.0462554
2026-07-09 15:45:11.592 9 INFO neutron.wsgi [req-ebdc8822-0ab6-449e-bef2-163a7d6e6199 req-3b93eff4-8a77-4074-a482-e384fecaffa5 8caa1cefbac64035be53ea7af634bb0b 2c60b5677ce44a48941e1ceeebcb308d - - f65e1348a7e24e37bc17be0b2a4862e0 f65e1348a7e24e37bc17be0b2a4862e0] 199.19.213.166 "GET /v2.0/ports?tenant_id=9d51252562854861932093172238f763&device_id=7fbc5f75-0b36-4b45-975b-94f3194ba428 HTTP/1.1" status: 200 len: 1411 time: 0.0686231
2026-07-09 15:45:11.603 9 INFO neutron.wsgi [req-d25016cd-4fd4-4aae-9e33-40e037453361 req-dcbd4898-090f-43cd-a7be-a6984671cab9 8256eba731f642e69ff241ea1c95bb94 f9ea5b0f17e449968e15c4e9b58328b3 - - default default] 10.0.0.152 "GET /v2.0/networks?id=e991aa08-b671-4817-a14a-b29cad9dd1ac HTTP/1.1" status: 200 len: 869 time: 0.1362050
2026-07-09 15:45:11.633 10 INFO neutron.db.ovn_revision_numbers_db [None req-a1bfd37f-beae-42a1-bd64-8458ef0c0da0 - - - - - -] Successfully bumped revision number for resource b5148639-c1c0-4ddf-b332-35abf38506c3 (type: ports) to 2
2026-07-09 15:45:11.638 9 INFO neutron.wsgi [req-ebdc8822-0ab6-449e-bef2-163a7d6e6199 req-184b0232-1dd1-42e3-b27a-945b27c6d420 8caa1cefbac64035be53ea7af634bb0b 2c60b5677ce44a48941e1ceeebcb308d - - f65e1348a7e24e37bc17be0b2a4862e0 f65e1348a7e24e37bc17be0b2a4862e0] 199.19.213.166 "GET /v2.0/floatingips?fixed_ip_address=10.100.0.10&port_id=b9c68c56-c279-46ac-9ce5-02f5118d89ac HTTP/1.1" status: 200 len: 217 time: 0.0400431
2026-07-09 15:45:11.642 9 INFO neutron.wsgi [req-d25016cd-4fd4-4aae-9e33-40e037453361 req-0ef8a41b-360e-47a3-8df6-97c921de2510 8256eba731f642e69ff241ea1c95bb94 f9ea5b0f17e449968e15c4e9b58328b3 - - default default] 10.0.0.152 "GET /v2.0/quotas/f9ea5b0f17e449968e15c4e9b58328b3 HTTP/1.1" status: 200 len: 491 time: 0.0249484
2026-07-09 15:45:11.698 10 INFO neutron.wsgi [req-2bade046-bebe-4e9d-94a4-6d534b1b51ef req-684ae194-44cb-43c2-a3a4-62af4d522b80 2a649cc96c8e478ca5f2d79dfe415cdc bb22dcbd9b544b41be4dc3142b83fcd9 - - default default] 10.0.0.152 "GET /v2.0/networks?id=70f47bbe-9823-43b4-8357-886cb5b29b46 HTTP/1.1" status: 200 len: 879 time: 0.1218395
2026-07-09 15:45:11.703 9 INFO neutron.wsgi [req-ebdc8822-0ab6-449e-bef2-163a7d6e6199 req-6b52ae58-570e-47a2-855c-603a57bc7038 8caa1cefbac64035be53ea7af634bb0b 2c60b5677ce44a48941e1ceeebcb308d - - f65e1348a7e24e37bc17be0b2a4862e0 f65e1348a7e24e37bc17be0b2a4862e0] 199.19.213.166 "GET /v2.0/subnets?id=5bd5de47-e624-4665-9d33-47097939dadd HTTP/1.1" status: 200 len: 876 time: 0.0571239
2026-07-09 15:45:11.725 10 INFO neutron.wsgi [req-2bade046-bebe-4e9d-94a4-6d534b1b51ef req-38f15cf6-d859-4ce4-bf9e-09aba1028bf5 2a649cc96c8e478ca5f2d79dfe415cdc bb22dcbd9b544b41be4dc3142b83fcd9 - - default default] 10.0.0.152 "GET /v2.0/quotas/bb22dcbd9b544b41be4dc3142b83fcd9 HTTP/1.1" status: 200 len: 491 time: 0.0100992
2026-07-09 15:45:11.747 9 INFO neutron.wsgi [req-ebdc8822-0ab6-449e-bef2-163a7d6e6199 req-9d9926f7-39d5-4d19-a959-3d46d4e3f6bf 8caa1cefbac64035be53ea7af634bb0b 2c60b5677ce44a48941e1ceeebcb308d - - f65e1348a7e24e37bc17be0b2a4862e0 f65e1348a7e24e37bc17be0b2a4862e0] 199.19.213.166 "GET /v2.0/ports?network_id=6be1c284-bcc8-48ec-82c1-3c17b54c627b&device_owner=network%3Adhcp HTTP/1.1" status: 200 len: 210 time: 0.0365057
2026-07-09 15:45:11.836 10 INFO neutron.wsgi [req-2bade046-bebe-4e9d-94a4-6d534b1b51ef req-8de46bd0-c230-45d4-8590-b46e800f153b 2a649cc96c8e478ca5f2d79dfe415cdc bb22dcbd9b544b41be4dc3142b83fcd9 - - default default] 10.0.0.152 "GET /v2.0/ports?tenant_id=bb22dcbd9b544b41be4dc3142b83fcd9&fields=id HTTP/1.1" status: 200 len: 302 time: 0.1043100
2026-07-09 15:45:11.837 10 INFO neutron.db.ovn_revision_numbers_db [None req-a1bfd37f-beae-42a1-bd64-8458ef0c0da0 - - - - - -] Successfully bumped revision number for resource b5148639-c1c0-4ddf-b332-35abf38506c3 (type: router_ports) to 2
2026-07-09 15:45:11.976 9 INFO neutron.wsgi [req-d25016cd-4fd4-4aae-9e33-40e037453361 req-b8aea795-7b0e-45da-a68f-6711f99d172b 8256eba731f642e69ff241ea1c95bb94 f9ea5b0f17e449968e15c4e9b58328b3 - - default default] 10.0.0.152 "GET /v2.0/ports?tenant_id=f9ea5b0f17e449968e15c4e9b58328b3&fields=id HTTP/1.1" status: 200 len: 302 time: 0.3210285
2026-07-09 15:45:11.992 9 INFO neutron.wsgi [req-ebdc8822-0ab6-449e-bef2-163a7d6e6199 req-5662947b-4058-4117-86b2-5159860e9cb9 8caa1cefbac64035be53ea7af634bb0b 2c60b5677ce44a48941e1ceeebcb308d - - f65e1348a7e24e37bc17be0b2a4862e0 f65e1348a7e24e37bc17be0b2a4862e0] 199.19.213.166 "GET /v2.0/networks/6be1c284-bcc8-48ec-82c1-3c17b54c627b?fields=segments HTTP/1.1" status: 200 len: 212 time: 0.2380280
2026-07-09 15:45:12.089 9 INFO neutron.wsgi [req-d25016cd-4fd4-4aae-9e33-40e037453361 req-59371426-3e29-4b5c-9823-15889d55a8c8 8caa1cefbac64035be53ea7af634bb0b 2c60b5677ce44a48941e1ceeebcb308d - - f65e1348a7e24e37bc17be0b2a4862e0 f65e1348a7e24e37bc17be0b2a4862e0] 10.0.0.152 "GET /v2.0/networks/e991aa08-b671-4817-a14a-b29cad9dd1ac?fields=segments HTTP/1.1" status: 200 len: 212 time: 0.1006312
2026-07-09 15:45:12.094 9 INFO neutron.wsgi [req-ebdc8822-0ab6-449e-bef2-163a7d6e6199 req-d8d8dca2-61a1-4cfa-9c35-6121e7b0a2ce 8caa1cefbac64035be53ea7af634bb0b 2c60b5677ce44a48941e1ceeebcb308d - - f65e1348a7e24e37bc17be0b2a4862e0 f65e1348a7e24e37bc17be0b2a4862e0] 199.19.213.166 "GET /v2.0/networks/6be1c284-bcc8-48ec-82c1-3c17b54c627b?fields=provider%3Aphysical_network&fields=provider%3Anetwork_type HTTP/1.1" status: 200 len: 277 time: 0.0953138
2026-07-09 15:45:12.172 9 INFO neutron.wsgi [req-d25016cd-4fd4-4aae-9e33-40e037453361 req-90836e9b-6082-4371-b283-ef9f8bd53814 8caa1cefbac64035be53ea7af634bb0b 2c60b5677ce44a48941e1ceeebcb308d - - f65e1348a7e24e37bc17be0b2a4862e0 f65e1348a7e24e37bc17be0b2a4862e0] 10.0.0.152 "GET /v2.0/networks/e991aa08-b671-4817-a14a-b29cad9dd1ac?fields=provider%3Aphysical_network&fields=provider%3Anetwork_type HTTP/1.1" status: 200 len: 277 time: 0.0756054
2026-07-09 15:45:12.220 10 INFO neutron.wsgi [req-2bade046-bebe-4e9d-94a4-6d534b1b51ef req-3a402213-f70f-45e0-beea-46799657f038 8caa1cefbac64035be53ea7af634bb0b 2c60b5677ce44a48941e1ceeebcb308d - - f65e1348a7e24e37bc17be0b2a4862e0 f65e1348a7e24e37bc17be0b2a4862e0] 10.0.0.152 "GET /v2.0/extensions HTTP/1.1" status: 200 len: 18683 time: 0.0441670
2026-07-09 15:45:12.288 10 INFO neutron.wsgi [req-2bade046-bebe-4e9d-94a4-6d534b1b51ef req-4616fcbb-e117-4189-9191-2ec33263cf25 8caa1cefbac64035be53ea7af634bb0b 2c60b5677ce44a48941e1ceeebcb308d - - f65e1348a7e24e37bc17be0b2a4862e0 f65e1348a7e24e37bc17be0b2a4862e0] 10.0.0.152 "GET /v2.0/networks/70f47bbe-9823-43b4-8357-886cb5b29b46?fields=segments HTTP/1.1" status: 200 len: 212 time: 0.0625954
2026-07-09 15:45:12.364 10 INFO neutron.wsgi [req-2bade046-bebe-4e9d-94a4-6d534b1b51ef req-775104ca-487a-4726-af0f-e3ba54c00d00 8caa1cefbac64035be53ea7af634bb0b 2c60b5677ce44a48941e1ceeebcb308d - - f65e1348a7e24e37bc17be0b2a4862e0 f65e1348a7e24e37bc17be0b2a4862e0] 10.0.0.152 "GET /v2.0/networks/70f47bbe-9823-43b4-8357-886cb5b29b46?fields=provider%3Aphysical_network&fields=provider%3Anetwork_type HTTP/1.1" status: 200 len: 277 time: 0.0675910
2026-07-09 15:45:12.404 9 INFO neutron.notifiers.nova [-] Nova event matching ['req-eaab2f9a-9181-48a8-b556-46dacb93dada'] response: {'name': 'network-changed', 'server_uuid': '7fbc5f75-0b36-4b45-975b-94f3194ba428', 'tag': 'b9c68c56-c279-46ac-9ce5-02f5118d89ac', 'status': 'completed', 'code': 200}
2026-07-09 15:45:12.554 9 INFO neutron.wsgi [req-db396855-21ae-4275-8c19-0dbbacd2ed1c req-0022233b-5482-4fb1-88b8-6c33b143fcfb 8caa1cefbac64035be53ea7af634bb0b 2c60b5677ce44a48941e1ceeebcb308d - - f65e1348a7e24e37bc17be0b2a4862e0 f65e1348a7e24e37bc17be0b2a4862e0] 199.19.213.166 "GET /v2.0/ports?tenant_id=9d51252562854861932093172238f763&device_id=7fbc5f75-0b36-4b45-975b-94f3194ba428 HTTP/1.1" status: 200 len: 1411 time: 0.1186178
2026-07-09 15:45:12.593 9 INFO neutron.wsgi [None req-99b92c14-4b1a-4fff-9175-08b3c0fd29ea c78bf3b8cf62431b8a411c2bb640c804 0c88b9fafbe24245a405c8b3e038ea2d - - default default] 10.0.0.179 "DELETE /v2.0/routers/b21b8bae-82e5-48b5-a687-039f5588298b HTTP/1.1" status: 204 len: 168 time: 1.4612041
2026-07-09 15:45:12.654 9 INFO neutron.wsgi [req-d02daf4f-c4cc-4c0f-bca6-149a3f734097 req-6ead01fe-ac6f-4fc7-a33d-004370b0266b 17812c45839947c2bd02dcdcab63d614 9d51252562854861932093172238f763 - - default default] 10.0.0.152 "GET /v2.0/ports?device_id=7fbc5f75-0b36-4b45-975b-94f3194ba428 HTTP/1.1" status: 200 len: 1172 time: 0.2088463
2026-07-09 15:45:12.669 9 INFO neutron.wsgi [req-db396855-21ae-4275-8c19-0dbbacd2ed1c req-aec46967-7411-4fd7-a6ad-fcc746799e19 8caa1cefbac64035be53ea7af634bb0b 2c60b5677ce44a48941e1ceeebcb308d - - f65e1348a7e24e37bc17be0b2a4862e0 f65e1348a7e24e37bc17be0b2a4862e0] 199.19.213.166 "GET /v2.0/networks?id=6be1c284-bcc8-48ec-82c1-3c17b54c627b HTTP/1.1" status: 200 len: 981 time: 0.1055346
2026-07-09 15:45:12.727 9 INFO neutron.wsgi [req-db396855-21ae-4275-8c19-0dbbacd2ed1c req-8e10fa3c-6f1e-480a-a60c-a56f8b8ce4a4 8caa1cefbac64035be53ea7af634bb0b 2c60b5677ce44a48941e1ceeebcb308d - - f65e1348a7e24e37bc17be0b2a4862e0 f65e1348a7e24e37bc17be0b2a4862e0] 199.19.213.166 "GET /v2.0/floatingips?fixed_ip_address=10.100.0.10&port_id=b9c68c56-c279-46ac-9ce5-02f5118d89ac HTTP/1.1" status: 200 len: 217 time: 0.0503948
2026-07-09 15:45:12.755 9 INFO neutron.wsgi [req-d02daf4f-c4cc-4c0f-bca6-149a3f734097 req-750dad2f-fdc0-4a30-9844-df3b906056ca 17812c45839947c2bd02dcdcab63d614 9d51252562854861932093172238f763 - - default default] 10.0.0.152 "GET /v2.0/security-groups?id=e5ea54c3-028a-44af-a1ee-a23f6ec8e077&fields=id&fields=name HTTP/1.1" status: 200 len: 313 time: 0.0800402
2026-07-09 15:45:12.755 10 INFO neutron.wsgi [req-9bec1d9a-93da-40a1-a310-ceba3e93da18 req-3401ce29-f3a8-4c9d-96d3-714cf1e08aa6 8256eba731f642e69ff241ea1c95bb94 f9ea5b0f17e449968e15c4e9b58328b3 - - default default] 10.0.0.152 "GET /v2.0/ports?device_id=d9fc50fc-5de2-4802-a6b5-96ac8fc3e6fc HTTP/1.1" status: 200 len: 210 time: 0.0326600
2026-07-09 15:45:12.782 9 INFO neutron.wsgi [req-db396855-21ae-4275-8c19-0dbbacd2ed1c req-d9f0299d-05eb-47a7-bc2f-936e927f84c2 8caa1cefbac64035be53ea7af634bb0b 2c60b5677ce44a48941e1ceeebcb308d - - f65e1348a7e24e37bc17be0b2a4862e0 f65e1348a7e24e37bc17be0b2a4862e0] 199.19.213.166 "GET /v2.0/subnets?id=5bd5de47-e624-4665-9d33-47097939dadd HTTP/1.1" status: 200 len: 876 time: 0.0401444
2026-07-09 15:45:12.819 10 INFO neutron.wsgi [req-7688b575-2a7e-4821-b80d-55a7834a2568 req-c4c0c816-e334-4229-ab7c-c1d76376e956 2a649cc96c8e478ca5f2d79dfe415cdc bb22dcbd9b544b41be4dc3142b83fcd9 - - default default] 10.0.0.152 "GET /v2.0/ports?device_id=5b018779-33c8-434d-b243-0dcd87c801f9 HTTP/1.1" status: 200 len: 210 time: 0.0213270
2026-07-09 15:45:12.823 9 INFO neutron.wsgi [req-db396855-21ae-4275-8c19-0dbbacd2ed1c req-7d07d7b7-5128-411c-bfb7-20a72fa59fff 8caa1cefbac64035be53ea7af634bb0b 2c60b5677ce44a48941e1ceeebcb308d - - f65e1348a7e24e37bc17be0b2a4862e0 f65e1348a7e24e37bc17be0b2a4862e0] 199.19.213.166 "GET /v2.0/ports?network_id=6be1c284-bcc8-48ec-82c1-3c17b54c627b&device_owner=network%3Adhcp HTTP/1.1" status: 200 len: 210 time: 0.0261130
2026-07-09 15:45:12.880 9 WARNING neutron.plugins.ml2.drivers.ovn.mech_driver.ovsdb.ovn_client [None req-2e4dec20-51cf-4ab6-a7ab-78d6097ca8de - - - - - -] No port found with ID 4396c8ab-9e58-4206-a455-7cf3afe2daed: RuntimeError: No port found with ID 4396c8ab-9e58-4206-a455-7cf3afe2daed
2026-07-09 15:45:12.900 9 INFO neutron.wsgi [req-db396855-21ae-4275-8c19-0dbbacd2ed1c req-b64cf6be-8ab5-4e3a-aaaa-1de0d271a88d 8caa1cefbac64035be53ea7af634bb0b 2c60b5677ce44a48941e1ceeebcb308d - - f65e1348a7e24e37bc17be0b2a4862e0 f65e1348a7e24e37bc17be0b2a4862e0] 199.19.213.166 "GET /v2.0/networks/6be1c284-bcc8-48ec-82c1-3c17b54c627b?fields=segments HTTP/1.1" status: 200 len: 212 time: 0.0675120
2026-07-09 15:45:12.941 9 INFO neutron.wsgi [None req-796dd003-d093-4896-919f-a099a50aa075 c78bf3b8cf62431b8a411c2bb640c804 0c88b9fafbe24245a405c8b3e038ea2d - - default default] 10.0.0.179 "DELETE /v2.0/subnets/45c0b26a-423e-4d34-b9c5-82362f04e081 HTTP/1.1" status: 204 len: 168 time: 0.3418598
2026-07-09 15:45:12.969 9 INFO neutron.wsgi [req-db396855-21ae-4275-8c19-0dbbacd2ed1c req-5132a11f-d076-43b0-a0f6-1fdb02e90425 8caa1cefbac64035be53ea7af634bb0b 2c60b5677ce44a48941e1ceeebcb308d - - f65e1348a7e24e37bc17be0b2a4862e0 f65e1348a7e24e37bc17be0b2a4862e0] 199.19.213.166 "GET /v2.0/networks/6be1c284-bcc8-48ec-82c1-3c17b54c627b?fields=provider%3Aphysical_network&fields=provider%3Anetwork_type HTTP/1.1" status: 200 len: 277 time: 0.0614438
2026-07-09 15:45:13.070 9 INFO neutron.wsgi [req-d25016cd-4fd4-4aae-9e33-40e037453361 req-a8d4afbe-4af7-400c-89f5-3731789f5d55 8256eba731f642e69ff241ea1c95bb94 f9ea5b0f17e449968e15c4e9b58328b3 - - default default] 199.19.213.166 "GET /v2.0/networks?id=e991aa08-b671-4817-a14a-b29cad9dd1ac HTTP/1.1" status: 200 len: 869 time: 0.0611482
2026-07-09 15:45:13.115 9 INFO neutron.wsgi [req-d25016cd-4fd4-4aae-9e33-40e037453361 req-f4e8d3a1-91bc-425c-8300-6699c0371904 8256eba731f642e69ff241ea1c95bb94 f9ea5b0f17e449968e15c4e9b58328b3 - - default default] 199.19.213.166 "GET /v2.0/security-groups?fields=id&fields=name&tenant_id=f9ea5b0f17e449968e15c4e9b58328b3 HTTP/1.1" status: 200 len: 380 time: 0.0403690
2026-07-09 15:45:13.126 9 WARNING neutron_lib.context [req-d25016cd-4fd4-4aae-9e33-40e037453361 req-ee639f47-a8ca-4e9c-8a97-0951c126861d 8256eba731f642e69ff241ea1c95bb94 f9ea5b0f17e449968e15c4e9b58328b3 - - default default] Method 'is_advsvc' is deprecated since 2023.2 release (neutron-lib 3.8.0) and will be removed once support for the old RBAC API policies will be removed from Neutron. Please use method 'is_service_role' instead.
2026-07-09 15:45:13.427 9 WARNING neutron.scheduler.dhcp_agent_scheduler [req-d25016cd-4fd4-4aae-9e33-40e037453361 req-ee639f47-a8ca-4e9c-8a97-0951c126861d 8256eba731f642e69ff241ea1c95bb94 f9ea5b0f17e449968e15c4e9b58328b3 - - default default] No more DHCP agents
2026-07-09 15:45:13.429 9 WARNING neutron.api.rpc.agentnotifiers.dhcp_rpc_agent_api [req-d25016cd-4fd4-4aae-9e33-40e037453361 req-ee639f47-a8ca-4e9c-8a97-0951c126861d 8256eba731f642e69ff241ea1c95bb94 f9ea5b0f17e449968e15c4e9b58328b3 - - default default] Unable to schedule network e991aa08-b671-4817-a14a-b29cad9dd1ac: no agents available; will retry on subsequent port and subnet creation events. /var/lib/openstack/lib/python3.10/site-packages/pycadf/identifier.py:71: UserWarning: Invalid uuid: neutron. To ensure interoperability, identifiers should be a valid uuid. warnings.warn(('Invalid uuid: %s. To ensure interoperability, '
2026-07-09 15:45:13.543 9 INFO neutron.wsgi [req-2bade046-bebe-4e9d-94a4-6d534b1b51ef req-bd4415b8-51fa-4d50-96bc-8188874e15ea 2a649cc96c8e478ca5f2d79dfe415cdc bb22dcbd9b544b41be4dc3142b83fcd9 - - default default] 199.19.213.166 "GET /v2.0/networks?id=70f47bbe-9823-43b4-8357-886cb5b29b46 HTTP/1.1" status: 200 len: 879 time: 0.0886967
2026-07-09 15:45:13.598 9 INFO neutron.db.ovn_revision_numbers_db [req-d25016cd-4fd4-4aae-9e33-40e037453361 req-ee639f47-a8ca-4e9c-8a97-0951c126861d 8256eba731f642e69ff241ea1c95bb94 f9ea5b0f17e449968e15c4e9b58328b3 - - default default] Successfully bumped revision number for resource c3928c44-cf9a-4b01-b092-00cfcccb05ba (type: ports) to 1
2026-07-09 15:45:13.601 10 INFO neutron.wsgi [None req-9f3c7dd9-910c-4063-a66f-a0d3eee4dd88 c78bf3b8cf62431b8a411c2bb640c804 0c88b9fafbe24245a405c8b3e038ea2d - - default default] 10.0.0.179 "DELETE /v2.0/networks/66abae22-cab8-4a87-b2bf-85495f7776b9 HTTP/1.1" status: 204 len: 168 time: 0.6528256
2026-07-09 15:45:13.612 9 INFO neutron.wsgi [req-2bade046-bebe-4e9d-94a4-6d534b1b51ef req-e9153d5b-0f3a-4e7b-bad9-8e4b4903b7df 2a649cc96c8e478ca5f2d79dfe415cdc bb22dcbd9b544b41be4dc3142b83fcd9 - - default default] 199.19.213.166 "GET /v2.0/security-groups?fields=id&fields=name&tenant_id=bb22dcbd9b544b41be4dc3142b83fcd9 HTTP/1.1" status: 200 len: 379 time: 0.0610609
2026-07-09 15:45:13.636 9 WARNING neutron_lib.context [req-2bade046-bebe-4e9d-94a4-6d534b1b51ef req-3fa94b2c-af34-458d-bf7a-18cc8890557a 2a649cc96c8e478ca5f2d79dfe415cdc bb22dcbd9b544b41be4dc3142b83fcd9 - - default default] Method 'is_advsvc' is deprecated since 2023.2 release (neutron-lib 3.8.0) and will be removed once support for the old RBAC API policies will be removed from Neutron. Please use method 'is_service_role' instead.
2026-07-09 15:45:13.641 9 INFO neutron.wsgi [req-d25016cd-4fd4-4aae-9e33-40e037453361 req-ee639f47-a8ca-4e9c-8a97-0951c126861d 8256eba731f642e69ff241ea1c95bb94 f9ea5b0f17e449968e15c4e9b58328b3 - - default default] 199.19.213.166 "POST /v2.0/ports HTTP/1.1" status: 201 len: 1162 time: 0.5221088
2026-07-09 15:45:13.842 10 INFO neutron.wsgi [None req-0f7894a1-67de-48fc-82e8-5d4e49d17586 c78bf3b8cf62431b8a411c2bb640c804 0c88b9fafbe24245a405c8b3e038ea2d - - default default] 10.0.0.179 "GET /v2.0/security-groups?tenant_id=c7c4b4cafd534954925bebf1cec91ee4&name=default HTTP/1.1" status: 200 len: 3116 time: 0.0325732
2026-07-09 15:45:13.892 10 INFO neutron.wsgi [req-b8de41d5-7255-4e12-a649-3b4fe726cee4 req-f8379987-9ef7-4ad4-b41c-782b9e652c3f 17812c45839947c2bd02dcdcab63d614 9d51252562854861932093172238f763 - - default default] 10.0.0.152 "GET /v2.0/ports?device_id=7fbc5f75-0b36-4b45-975b-94f3194ba428 HTTP/1.1" status: 200 len: 1172 time: 0.0490763
2026-07-09 15:45:13.934 9 INFO neutron.wsgi [req-c020bcbd-fe19-4ed2-a8da-9d180606543b req-2d485d8d-e002-4362-a382-e4f1f0c175be 8256eba731f642e69ff241ea1c95bb94 f9ea5b0f17e449968e15c4e9b58328b3 - - default default] 10.0.0.152 "GET /v2.0/ports?device_id=d9fc50fc-5de2-4802-a6b5-96ac8fc3e6fc HTTP/1.1" status: 200 len: 1160 time: 0.0567825
2026-07-09 15:45:13.976 10 INFO neutron.wsgi [req-b8de41d5-7255-4e12-a649-3b4fe726cee4 req-ed74bfb5-4749-4ca5-aeb4-3793c41225a8 17812c45839947c2bd02dcdcab63d614 9d51252562854861932093172238f763 - - default default] 10.0.0.152 "GET /v2.0/security-groups?id=e5ea54c3-028a-44af-a1ee-a23f6ec8e077&fields=id&fields=name HTTP/1.1" status: 200 len: 313 time: 0.0737562
2026-07-09 15:45:14.037 9 INFO neutron.wsgi [req-c020bcbd-fe19-4ed2-a8da-9d180606543b req-f1d8481c-a03d-4e49-83bf-18498b2a546c 8256eba731f642e69ff241ea1c95bb94 f9ea5b0f17e449968e15c4e9b58328b3 - - default default] 10.0.0.152 "GET /v2.0/security-groups?id=70fa683a-82e5-4d65-b72d-53e2c4dd07eb&fields=id&fields=name HTTP/1.1" status: 200 len: 313 time: 0.0938485
2026-07-09 15:45:14.046 10 INFO neutron.wsgi [req-56f2248f-2b23-466c-bec5-5aa8b79537e9 req-5b34c680-5fd9-4460-94d8-00cea34ab1eb 2a649cc96c8e478ca5f2d79dfe415cdc bb22dcbd9b544b41be4dc3142b83fcd9 - - default default] 10.0.0.152 "GET /v2.0/ports?device_id=5b018779-33c8-434d-b243-0dcd87c801f9 HTTP/1.1" status: 200 len: 210 time: 0.0179267
2026-07-09 15:45:14.095 10 INFO neutron.services.segments.plugin [-] Segment a20976fc-4af3-4692-8d20-6b0b5526d067 resource provider aggregate not found
2026-07-09 15:45:14.109 10 INFO neutron.services.segments.plugin [-] Segment a20976fc-4af3-4692-8d20-6b0b5526d067 resource provider not found; error: Placement Client Error (4xx): {"errors": [{"status": 404, "title": "Not Found", "detail": "The resource could not be found.\n\n No resource provider with uuid a20976fc-4af3-4692-8d20-6b0b5526d067 found for delete ", "request_id": "req-e429e95c-2a1f-4ccc-905b-2ec1581e3579"}]}
2026-07-09 15:45:14.112 10 INFO neutron.services.segments.plugin [-] Segment a20976fc-4af3-4692-8d20-6b0b5526d067 resource provider aggregate not found
2026-07-09 15:45:14.129 10 INFO neutron.services.segments.plugin [-] Segment a20976fc-4af3-4692-8d20-6b0b5526d067 resource provider not found; error: Placement Client Error (4xx): {"errors": [{"status": 404, "title": "Not Found", "detail": "The resource could not be found.\n\n No resource provider with uuid a20976fc-4af3-4692-8d20-6b0b5526d067 found for delete ", "request_id": "req-f271d468-47eb-4452-a8f7-8ccad36ff815"}]}
2026-07-09 15:45:14.139 10 INFO neutron.wsgi [None req-f66a7b58-a85e-4620-aaee-f2e503beadac c78bf3b8cf62431b8a411c2bb640c804 0c88b9fafbe24245a405c8b3e038ea2d - - default default] 10.0.0.179 "DELETE /v2.0/security-groups/1f4e8ee2-6895-4f91-86a1-dfbf194be74c HTTP/1.1" status: 204 len: 168 time: 0.2827351
2026-07-09 15:45:14.256 9 WARNING neutron.scheduler.dhcp_agent_scheduler [req-2bade046-bebe-4e9d-94a4-6d534b1b51ef req-3fa94b2c-af34-458d-bf7a-18cc8890557a 2a649cc96c8e478ca5f2d79dfe415cdc bb22dcbd9b544b41be4dc3142b83fcd9 - - default default] No more DHCP agents
2026-07-09 15:45:14.260 9 WARNING neutron.api.rpc.agentnotifiers.dhcp_rpc_agent_api [req-2bade046-bebe-4e9d-94a4-6d534b1b51ef req-3fa94b2c-af34-458d-bf7a-18cc8890557a 2a649cc96c8e478ca5f2d79dfe415cdc bb22dcbd9b544b41be4dc3142b83fcd9 - - default default] Unable to schedule network 70f47bbe-9823-43b4-8357-886cb5b29b46: no agents available; will retry on subsequent port and subnet creation events.
2026-07-09 15:45:14.325 9 INFO neutron.plugins.ml2.drivers.ovn.mech_driver.mech_driver [None req-2e4dec20-51cf-4ab6-a7ab-78d6097ca8de - - - - - -] OVN reports status up for port: b9c68c56-c279-46ac-9ce5-02f5118d89ac
2026-07-09 15:45:14.356 9 INFO neutron.plugins.ml2.plugin [None req-2e4dec20-51cf-4ab6-a7ab-78d6097ca8de - - - - - -] Attempt 1 to provision port b9c68c56-c279-46ac-9ce5-02f5118d89ac
2026-07-09 15:45:14.454 9 INFO neutron.db.ovn_revision_numbers_db [req-d25016cd-4fd4-4aae-9e33-40e037453361 req-c5ec0310-a9bc-46e2-8e25-7c11bbffd56d 8caa1cefbac64035be53ea7af634bb0b 2c60b5677ce44a48941e1ceeebcb308d - - f65e1348a7e24e37bc17be0b2a4862e0 f65e1348a7e24e37bc17be0b2a4862e0] Successfully bumped revision number for resource c3928c44-cf9a-4b01-b092-00cfcccb05ba (type: ports) to 2
2026-07-09 15:45:14.563 9 INFO neutron.db.ovn_revision_numbers_db [req-2bade046-bebe-4e9d-94a4-6d534b1b51ef req-3fa94b2c-af34-458d-bf7a-18cc8890557a 2a649cc96c8e478ca5f2d79dfe415cdc bb22dcbd9b544b41be4dc3142b83fcd9 - - default default] Successfully bumped revision number for resource 86cdc8c6-66d5-4f13-afb3-c9724b44bfaf (type: ports) to 1
2026-07-09 15:45:14.606 9 INFO neutron.wsgi [req-2bade046-bebe-4e9d-94a4-6d534b1b51ef req-3fa94b2c-af34-458d-bf7a-18cc8890557a 2a649cc96c8e478ca5f2d79dfe415cdc bb22dcbd9b544b41be4dc3142b83fcd9 - - default default] 199.19.213.166 "POST /v2.0/ports HTTP/1.1" status: 201 len: 1162 time: 0.9752977 /var/lib/openstack/lib/python3.10/site-packages/pycadf/identifier.py:71: UserWarning: Invalid uuid: neutron. To ensure interoperability, identifiers should be a valid uuid. warnings.warn(('Invalid uuid: %s. To ensure interoperability, '
2026-07-09 15:45:14.630 9 INFO neutron.notifiers.nova [-] Nova event matching ['req-83f4164b-9f18-4cc4-8af0-dcfb352c1ff4'] response: {'server_uuid': '7fbc5f75-0b36-4b45-975b-94f3194ba428', 'name': 'network-vif-plugged', 'status': 'completed', 'tag': 'b9c68c56-c279-46ac-9ce5-02f5118d89ac', 'code': 200}
2026-07-09 15:45:14.880 9 INFO neutron.db.ovn_revision_numbers_db [req-d25016cd-4fd4-4aae-9e33-40e037453361 req-c5ec0310-a9bc-46e2-8e25-7c11bbffd56d 8caa1cefbac64035be53ea7af634bb0b 2c60b5677ce44a48941e1ceeebcb308d - - f65e1348a7e24e37bc17be0b2a4862e0 f65e1348a7e24e37bc17be0b2a4862e0] Successfully bumped revision number for resource c3928c44-cf9a-4b01-b092-00cfcccb05ba (type: ports) to 2
2026-07-09 15:45:14.915 9 INFO neutron.wsgi [req-d25016cd-4fd4-4aae-9e33-40e037453361 req-c5ec0310-a9bc-46e2-8e25-7c11bbffd56d 8caa1cefbac64035be53ea7af634bb0b 2c60b5677ce44a48941e1ceeebcb308d - - f65e1348a7e24e37bc17be0b2a4862e0 f65e1348a7e24e37bc17be0b2a4862e0] 199.19.213.166 "PUT /v2.0/ports/c3928c44-cf9a-4b01-b092-00cfcccb05ba HTTP/1.1" status: 200 len: 1380 time: 1.2657733
2026-07-09 15:45:14.917 9 INFO neutron.db.ovn_revision_numbers_db [None req-2e4dec20-51cf-4ab6-a7ab-78d6097ca8de - - - - - -] Successfully bumped revision number for resource b9c68c56-c279-46ac-9ce5-02f5118d89ac (type: ports) to 4 /var/lib/openstack/lib/python3.10/site-packages/pycadf/identifier.py:71: UserWarning: Invalid uuid: neutron. To ensure interoperability, identifiers should be a valid uuid. warnings.warn(('Invalid uuid: %s. To ensure interoperability, '
2026-07-09 15:45:14.975 10 INFO neutron.wsgi [-] 10.0.0.209 "GET / HTTP/1.1" status: 200 len: 247 time: 0.0026948
2026-07-09 15:45:14.978 10 INFO neutron.wsgi [-] 10.0.0.209 "GET / HTTP/1.1" status: 200 len: 247 time: 0.0019135
2026-07-09 15:45:15.029 9 INFO neutron.wsgi [req-d25016cd-4fd4-4aae-9e33-40e037453361 req-1d644268-7ccd-4caf-80c5-9abd1519f2ee 8caa1cefbac64035be53ea7af634bb0b 2c60b5677ce44a48941e1ceeebcb308d - - f65e1348a7e24e37bc17be0b2a4862e0 f65e1348a7e24e37bc17be0b2a4862e0] 199.19.213.166 "GET /v2.0/ports?tenant_id=f9ea5b0f17e449968e15c4e9b58328b3&device_id=d9fc50fc-5de2-4802-a6b5-96ac8fc3e6fc HTTP/1.1" status: 200 len: 1411 time: 0.0751789 /var/lib/openstack/lib/python3.10/site-packages/pycadf/identifier.py:71: UserWarning: Invalid uuid: neutron. To ensure interoperability, identifiers should be a valid uuid. warnings.warn(('Invalid uuid: %s. To ensure interoperability, '
2026-07-09 15:45:15.068 9 INFO neutron.wsgi [req-d25016cd-4fd4-4aae-9e33-40e037453361 req-a26f9b0d-837a-4b94-a410-d05da4a746a9 8caa1cefbac64035be53ea7af634bb0b 2c60b5677ce44a48941e1ceeebcb308d - - f65e1348a7e24e37bc17be0b2a4862e0 f65e1348a7e24e37bc17be0b2a4862e0] 199.19.213.166 "GET /v2.0/floatingips?fixed_ip_address=10.100.0.13&port_id=c3928c44-cf9a-4b01-b092-00cfcccb05ba HTTP/1.1" status: 200 len: 217 time: 0.0297651
2026-07-09 15:45:15.121 9 INFO neutron.wsgi [req-e06e5973-a037-44d0-a555-16b0e4f709f1 req-05ad5f15-96d0-4aca-b705-70acb4fe66ca 17812c45839947c2bd02dcdcab63d614 9d51252562854861932093172238f763 - - default default] 10.0.0.152 "GET /v2.0/ports?device_id=7fbc5f75-0b36-4b45-975b-94f3194ba428 HTTP/1.1" status: 200 len: 1174 time: 0.0615091 /var/lib/openstack/lib/python3.10/site-packages/pycadf/identifier.py:71: UserWarning: Invalid uuid: neutron. To ensure interoperability, identifiers should be a valid uuid. warnings.warn(('Invalid uuid: %s. To ensure interoperability, '
2026-07-09 15:45:15.163 9 INFO neutron.wsgi [req-d25016cd-4fd4-4aae-9e33-40e037453361 req-b58fa12c-60d1-4cd2-8380-bf1f8e71ac22 8caa1cefbac64035be53ea7af634bb0b 2c60b5677ce44a48941e1ceeebcb308d - - f65e1348a7e24e37bc17be0b2a4862e0 f65e1348a7e24e37bc17be0b2a4862e0] 199.19.213.166 "GET /v2.0/subnets?id=e31e61c5-c057-4af5-8018-bbeaf9f9d1ce HTTP/1.1" status: 200 len: 863 time: 0.0844936
2026-07-09 15:45:15.204 9 INFO neutron.wsgi [req-e06e5973-a037-44d0-a555-16b0e4f709f1 req-0e8f8c65-a0f0-4f72-ad57-8a7ab3e79c71 17812c45839947c2bd02dcdcab63d614 9d51252562854861932093172238f763 - - default default] 10.0.0.152 "GET /v2.0/security-groups?id=e5ea54c3-028a-44af-a1ee-a23f6ec8e077&fields=id&fields=name HTTP/1.1" status: 200 len: 313 time: 0.0773475
2026-07-09 15:45:15.208 9 INFO neutron.wsgi [req-d25016cd-4fd4-4aae-9e33-40e037453361 req-240910f7-a8d2-4bfb-99f8-8801ac13b0c0 8caa1cefbac64035be53ea7af634bb0b 2c60b5677ce44a48941e1ceeebcb308d - - f65e1348a7e24e37bc17be0b2a4862e0 f65e1348a7e24e37bc17be0b2a4862e0] 199.19.213.166 "GET /v2.0/ports?network_id=e991aa08-b671-4817-a14a-b29cad9dd1ac&device_owner=network%3Adhcp HTTP/1.1" status: 200 len: 210 time: 0.0381782
2026-07-09 15:45:15.213 10 INFO neutron.wsgi [req-b4905f9a-7b65-4f52-90d1-63b6cbf1cb8f req-982de8ae-5b88-4953-affc-f678f427c3f6 8256eba731f642e69ff241ea1c95bb94 f9ea5b0f17e449968e15c4e9b58328b3 - - default default] 10.0.0.152 "GET /v2.0/ports?device_id=d9fc50fc-5de2-4802-a6b5-96ac8fc3e6fc HTTP/1.1" status: 200 len: 1172 time: 0.1126292
2026-07-09 15:45:15.283 10 INFO neutron.wsgi [req-b4905f9a-7b65-4f52-90d1-63b6cbf1cb8f req-6ce3464c-5ba3-41bb-b38d-417c3196e1ad 8256eba731f642e69ff241ea1c95bb94 f9ea5b0f17e449968e15c4e9b58328b3 - - default default] 10.0.0.152 "GET /v2.0/security-groups?id=70fa683a-82e5-4d65-b72d-53e2c4dd07eb&fields=id&fields=name HTTP/1.1" status: 200 len: 313 time: 0.0613401
2026-07-09 15:45:15.320 9 INFO neutron.wsgi [req-d25016cd-4fd4-4aae-9e33-40e037453361 req-8fce1038-aabf-4c24-b38e-0f14b6a1c65a 8caa1cefbac64035be53ea7af634bb0b 2c60b5677ce44a48941e1ceeebcb308d - - f65e1348a7e24e37bc17be0b2a4862e0 f65e1348a7e24e37bc17be0b2a4862e0] 199.19.213.166 "GET /v2.0/networks/e991aa08-b671-4817-a14a-b29cad9dd1ac?fields=segments HTTP/1.1" status: 200 len: 212 time: 0.0997741
2026-07-09 15:45:15.341 9 INFO neutron.db.ovn_revision_numbers_db [req-2bade046-bebe-4e9d-94a4-6d534b1b51ef req-d1bcd7ba-bf10-44c6-a989-b007dfdf90e6 8caa1cefbac64035be53ea7af634bb0b 2c60b5677ce44a48941e1ceeebcb308d - - f65e1348a7e24e37bc17be0b2a4862e0 f65e1348a7e24e37bc17be0b2a4862e0] Successfully bumped revision number for resource 86cdc8c6-66d5-4f13-afb3-c9724b44bfaf (type: ports) to 2
2026-07-09 15:45:15.403 9 INFO neutron.wsgi [req-f7da62bf-371b-455f-88bb-55cb61317b72 req-adcd6f6f-0b4e-4894-b0af-ba0207ed6b85 2a649cc96c8e478ca5f2d79dfe415cdc bb22dcbd9b544b41be4dc3142b83fcd9 - - default default] 10.0.0.152 "GET /v2.0/ports?device_id=5b018779-33c8-434d-b243-0dcd87c801f9 HTTP/1.1" status: 200 len: 1172 time: 0.1385267
2026-07-09 15:45:15.431 9 INFO neutron.wsgi [req-d25016cd-4fd4-4aae-9e33-40e037453361 req-441d75ad-fdc8-4158-ad36-9193284c5f49 8caa1cefbac64035be53ea7af634bb0b 2c60b5677ce44a48941e1ceeebcb308d - - f65e1348a7e24e37bc17be0b2a4862e0 f65e1348a7e24e37bc17be0b2a4862e0] 199.19.213.166 "GET /v2.0/networks/e991aa08-b671-4817-a14a-b29cad9dd1ac?fields=provider%3Aphysical_network&fields=provider%3Anetwork_type HTTP/1.1" status: 200 len: 277 time: 0.1046255
2026-07-09 15:45:15.482 9 INFO neutron.wsgi [req-f7da62bf-371b-455f-88bb-55cb61317b72 req-6248ef19-1d5d-4e9d-971f-483dd35d8a89 2a649cc96c8e478ca5f2d79dfe415cdc bb22dcbd9b544b41be4dc3142b83fcd9 - - default default] 10.0.0.152 "GET /v2.0/security-groups?id=29075f9d-4b11-4954-9fd2-62c3672974ff&fields=id&fields=name HTTP/1.1" status: 200 len: 312 time: 0.0722528
2026-07-09 15:45:15.696 9 INFO neutron.plugins.ml2.drivers.ovn.mech_driver.mech_driver [None req-2e4dec20-51cf-4ab6-a7ab-78d6097ca8de - - - - - -] OVN reports status up for port: c3928c44-cf9a-4b01-b092-00cfcccb05ba
2026-07-09 15:45:15.714 9 INFO neutron.db.ovn_revision_numbers_db [req-2bade046-bebe-4e9d-94a4-6d534b1b51ef req-d1bcd7ba-bf10-44c6-a989-b007dfdf90e6 8caa1cefbac64035be53ea7af634bb0b 2c60b5677ce44a48941e1ceeebcb308d - - f65e1348a7e24e37bc17be0b2a4862e0 f65e1348a7e24e37bc17be0b2a4862e0] Successfully bumped revision number for resource 86cdc8c6-66d5-4f13-afb3-c9724b44bfaf (type: ports) to 2
2026-07-09 15:45:15.723 9 INFO neutron.plugins.ml2.plugin [None req-2e4dec20-51cf-4ab6-a7ab-78d6097ca8de - - - - - -] Attempt 1 to provision port c3928c44-cf9a-4b01-b092-00cfcccb05ba
2026-07-09 15:45:15.748 9 INFO neutron.wsgi [req-2bade046-bebe-4e9d-94a4-6d534b1b51ef req-d1bcd7ba-bf10-44c6-a989-b007dfdf90e6 8caa1cefbac64035be53ea7af634bb0b 2c60b5677ce44a48941e1ceeebcb308d - - f65e1348a7e24e37bc17be0b2a4862e0 f65e1348a7e24e37bc17be0b2a4862e0] 199.19.213.166 "PUT /v2.0/ports/86cdc8c6-66d5-4f13-afb3-c9724b44bfaf HTTP/1.1" status: 200 len: 1380 time: 1.1359510 /var/lib/openstack/lib/python3.10/site-packages/pycadf/identifier.py:71: UserWarning: Invalid uuid: neutron. To ensure interoperability, identifiers should be a valid uuid. warnings.warn(('Invalid uuid: %s. To ensure interoperability, '
2026-07-09 15:45:15.819 9 INFO neutron.wsgi [req-2bade046-bebe-4e9d-94a4-6d534b1b51ef req-d4bca2ed-38e4-41c7-9669-29bdfc561dae 8caa1cefbac64035be53ea7af634bb0b 2c60b5677ce44a48941e1ceeebcb308d - - f65e1348a7e24e37bc17be0b2a4862e0 f65e1348a7e24e37bc17be0b2a4862e0] 199.19.213.166 "GET /v2.0/ports?tenant_id=bb22dcbd9b544b41be4dc3142b83fcd9&device_id=5b018779-33c8-434d-b243-0dcd87c801f9 HTTP/1.1" status: 200 len: 1411 time: 0.0449095
2026-07-09 15:45:15.851 9 INFO neutron.wsgi [req-2bade046-bebe-4e9d-94a4-6d534b1b51ef req-4f7a50f0-1b76-4c04-ac01-e9cd47b3b752 8caa1cefbac64035be53ea7af634bb0b 2c60b5677ce44a48941e1ceeebcb308d - - f65e1348a7e24e37bc17be0b2a4862e0 f65e1348a7e24e37bc17be0b2a4862e0] 199.19.213.166 "GET /v2.0/floatingips?fixed_ip_address=10.100.0.14&port_id=86cdc8c6-66d5-4f13-afb3-c9724b44bfaf HTTP/1.1" status: 200 len: 217 time: 0.0261512
2026-07-09 15:45:15.916 9 INFO neutron.wsgi [req-2bade046-bebe-4e9d-94a4-6d534b1b51ef req-cbba81b0-9a90-4a07-b47e-dc2bbf94083f 8caa1cefbac64035be53ea7af634bb0b 2c60b5677ce44a48941e1ceeebcb308d - - f65e1348a7e24e37bc17be0b2a4862e0 f65e1348a7e24e37bc17be0b2a4862e0] 199.19.213.166 "GET /v2.0/subnets?id=34df6f58-d849-4330-9c87-774f0020fa02 HTTP/1.1" status: 200 len: 873 time: 0.0594192
2026-07-09 15:45:15.957 9 INFO neutron.wsgi [req-2bade046-bebe-4e9d-94a4-6d534b1b51ef req-19647dbe-58d8-4664-aef7-9d54f26dc3a0 8caa1cefbac64035be53ea7af634bb0b 2c60b5677ce44a48941e1ceeebcb308d - - f65e1348a7e24e37bc17be0b2a4862e0 f65e1348a7e24e37bc17be0b2a4862e0] 199.19.213.166 "GET /v2.0/ports?network_id=70f47bbe-9823-43b4-8357-886cb5b29b46&device_owner=network%3Adhcp HTTP/1.1" status: 200 len: 210 time: 0.0282073
