2026-07-09 15:47:27.798 9 WARNING neutron.api.rpc.agentnotifiers.dhcp_rpc_agent_api [None req-d8cc8669-404d-4004-ad63-6d2360e79d7b 9eac513f43154ee7a43823db1d703bfc e59d441efe7742c5b3ac5930b8511719 - - default default] Unable to schedule network f68b0b3d-7cf1-4bd2-9a32-b021fcf983a9: no agents available; will retry on subsequent port and subnet creation events.
2026-07-09 15:47:27.807 10 INFO neutron.wsgi [req-9efaed4c-97ee-4f9a-8cbb-cf88088b5edd req-9c7699bc-498d-45a0-aed2-943c78d22eca 891200be37c844b0bec262a7ac238617 4b36384f06744cbfa8ddf4629f418f06 - - default default] 10.0.0.152 "GET /v2.0/quotas/4b36384f06744cbfa8ddf4629f418f06 HTTP/1.1" status: 200 len: 491 time: 0.0191524
2026-07-09 15:47:27.874 9 INFO neutron.db.ovn_revision_numbers_db [None req-d8cc8669-404d-4004-ad63-6d2360e79d7b 9eac513f43154ee7a43823db1d703bfc e59d441efe7742c5b3ac5930b8511719 - - default default] Successfully bumped revision number for resource a1587e29-0c75-45e4-9eed-15d84ea4546c (type: ports) to 1
2026-07-09 15:47:27.896 9 INFO neutron.wsgi [None req-d8cc8669-404d-4004-ad63-6d2360e79d7b 9eac513f43154ee7a43823db1d703bfc e59d441efe7742c5b3ac5930b8511719 - - default default] 10.0.0.179 "POST /v2.0/networks HTTP/1.1" status: 201 len: 928 time: 0.5511456
2026-07-09 15:47:27.997 10 INFO neutron.wsgi [req-9efaed4c-97ee-4f9a-8cbb-cf88088b5edd req-2b024e4f-0ae9-4f5f-8fef-ef815230ee2d 891200be37c844b0bec262a7ac238617 4b36384f06744cbfa8ddf4629f418f06 - - default default] 10.0.0.152 "GET /v2.0/ports?tenant_id=4b36384f06744cbfa8ddf4629f418f06&fields=id HTTP/1.1" status: 200 len: 302 time: 0.1769803
2026-07-09 15:47:28.039 9 WARNING neutron.scheduler.dhcp_agent_scheduler [None req-84c45dab-6e0d-47dd-b701-c82ea7eec211 9eac513f43154ee7a43823db1d703bfc e59d441efe7742c5b3ac5930b8511719 - - default default] No more DHCP agents
2026-07-09 15:47:28.042 9 WARNING neutron.api.rpc.agentnotifiers.dhcp_rpc_agent_api [None req-84c45dab-6e0d-47dd-b701-c82ea7eec211 9eac513f43154ee7a43823db1d703bfc e59d441efe7742c5b3ac5930b8511719 - - default default] Unable to schedule network f68b0b3d-7cf1-4bd2-9a32-b021fcf983a9: no agents available; will retry on subsequent port and subnet creation events.
2026-07-09 15:47:28.092 10 INFO neutron.wsgi [req-9efaed4c-97ee-4f9a-8cbb-cf88088b5edd req-7ac8f5c4-4071-4448-809d-64410a417546 8caa1cefbac64035be53ea7af634bb0b 2c60b5677ce44a48941e1ceeebcb308d - - f65e1348a7e24e37bc17be0b2a4862e0 f65e1348a7e24e37bc17be0b2a4862e0] 10.0.0.152 "GET /v2.0/networks/1450874a-7b93-4346-8611-0cbbb75144ee?fields=segments HTTP/1.1" status: 200 len: 212 time: 0.0797100
2026-07-09 15:47:28.206 10 INFO neutron.wsgi [req-9efaed4c-97ee-4f9a-8cbb-cf88088b5edd req-6c7b83ed-5284-4933-8a12-4f888349ad1f 8caa1cefbac64035be53ea7af634bb0b 2c60b5677ce44a48941e1ceeebcb308d - - f65e1348a7e24e37bc17be0b2a4862e0 f65e1348a7e24e37bc17be0b2a4862e0] 10.0.0.152 "GET /v2.0/networks/1450874a-7b93-4346-8611-0cbbb75144ee?fields=provider%3Aphysical_network&fields=provider%3Anetwork_type HTTP/1.1" status: 200 len: 277 time: 0.1029677
2026-07-09 15:47:28.331 10 INFO neutron.wsgi [None req-e6919a7d-40c1-4980-bb84-d443c04d5c94 4a058817913c4a34a26a6e8f481821a1 414779e83cad4e5baf805401751c481b - - default default] 10.0.0.179 "DELETE /v2.0/networks/459ee3e8-e889-4629-8ce7-8571ed579239 HTTP/1.1" status: 204 len: 168 time: 0.7242031
2026-07-09 15:47:28.383 9 INFO neutron.wsgi [req-0e766bee-bfaf-4f0a-b448-23a788b60ca7 req-2f246a5f-29c9-49e4-b884-83a6c6bd574d 891200be37c844b0bec262a7ac238617 4b36384f06744cbfa8ddf4629f418f06 - - default default] 10.0.0.152 "GET /v2.0/ports?device_id=f1c97af6-9bd3-4c20-8c53-7c5b557fe73b HTTP/1.1" status: 200 len: 210 time: 0.0292585
2026-07-09 15:47:28.387 9 INFO neutron.services.segments.plugin [-] Segment b6fbaaaf-073e-45b4-b9b3-c2ea266465c4 resource provider aggregate not found
2026-07-09 15:47:28.387 10 INFO neutron.db.ovn_revision_numbers_db [None req-dbc0c5e1-b8d8-4d2f-8892-8efb73df2de7 8b58ad38d2dc4dc9b8d3343d49699d3a d09e42a428454bdf8aaa5135686dd9d0 - - default default] Successfully bumped revision number for resource 78c4680c-e453-480a-bbb7-6f7544bd0948 (type: ports) to 2
2026-07-09 15:47:28.398 9 INFO neutron.services.segments.plugin [-] Segment b6fbaaaf-073e-45b4-b9b3-c2ea266465c4 resource provider aggregate not found
2026-07-09 15:47:28.407 9 INFO neutron.services.segments.plugin [-] Segment b6fbaaaf-073e-45b4-b9b3-c2ea266465c4 resource provider not found; error: Placement Client Error (4xx): {"errors": [{"status": 404, "title": "Not Found", "detail": "The resource could not be found.\n\n No resource provider with uuid b6fbaaaf-073e-45b4-b9b3-c2ea266465c4 found for delete ", "request_id": "req-74b1bbbb-a2b0-4c39-9e3d-ae36fbd364bb"}]}
2026-07-09 15:47:28.421 9 INFO neutron.services.segments.plugin [-] Segment b6fbaaaf-073e-45b4-b9b3-c2ea266465c4 resource provider not found; error: Placement Client Error (4xx): {"errors": [{"status": 404, "title": "Not Found", "detail": "The resource could not be found.\n\n No resource provider with uuid b6fbaaaf-073e-45b4-b9b3-c2ea266465c4 found for delete ", "request_id": "req-3a03ab3a-1466-41ac-b28d-26f674e75dce"}]}
2026-07-09 15:47:28.431 9 INFO neutron.services.segments.plugin [-] Segment d4b692ab-bc20-4883-83c4-21c9b74a25c9 resource provider aggregate not found
2026-07-09 15:47:28.433 10 INFO neutron.db.ovn_revision_numbers_db [None req-dbc0c5e1-b8d8-4d2f-8892-8efb73df2de7 8b58ad38d2dc4dc9b8d3343d49699d3a d09e42a428454bdf8aaa5135686dd9d0 - - default default] Successfully bumped revision number for resource 31bb2bcc-75cf-4d70-bb1c-334334c61924 (type: subnets) to 0
2026-07-09 15:47:28.445 9 INFO neutron.services.segments.plugin [-] Segment d4b692ab-bc20-4883-83c4-21c9b74a25c9 resource provider not found; error: Placement Client Error (4xx): {"errors": [{"status": 404, "title": "Not Found", "detail": "The resource could not be found.\n\n No resource provider with uuid d4b692ab-bc20-4883-83c4-21c9b74a25c9 found for delete ", "request_id": "req-fdfe99ff-9812-4b45-9c2d-5c6b769c16d7"}]}
2026-07-09 15:47:28.450 9 INFO neutron.services.segments.plugin [-] Segment d4b692ab-bc20-4883-83c4-21c9b74a25c9 resource provider aggregate not found
2026-07-09 15:47:28.454 10 INFO neutron.wsgi [None req-dbc0c5e1-b8d8-4d2f-8892-8efb73df2de7 8b58ad38d2dc4dc9b8d3343d49699d3a d09e42a428454bdf8aaa5135686dd9d0 - - default default] 10.0.0.179 "POST /v2.0/subnets HTTP/1.1" status: 201 len: 801 time: 1.4584293
2026-07-09 15:47:28.471 10 WARNING neutron_lib.context [None req-62d72eec-327b-443e-8a0c-83c8c676863a 8b58ad38d2dc4dc9b8d3343d49699d3a d09e42a428454bdf8aaa5135686dd9d0 - - default default] Method 'is_advsvc' is deprecated since 2023.2 release (neutron-lib 3.8.0) and will be removed once support for the old RBAC API policies will be removed from Neutron. Please use method 'is_service_role' instead.
2026-07-09 15:47:28.490 9 INFO neutron.services.segments.plugin [-] Segment 5fa3c6a1-45f6-4ca1-8246-4788097ec7cc resource provider aggregate not found
2026-07-09 15:47:28.497 9 INFO neutron.services.segments.plugin [-] Segment d4b692ab-bc20-4883-83c4-21c9b74a25c9 resource provider not found; error: Placement Client Error (4xx): {"errors": [{"status": 404, "title": "Not Found", "detail": "The resource could not be found.\n\n No resource provider with uuid d4b692ab-bc20-4883-83c4-21c9b74a25c9 found for delete ", "request_id": "req-76fe0dc9-d584-4037-9428-68942f91069a"}]}
2026-07-09 15:47:28.507 9 INFO neutron.services.segments.plugin [-] Segment 5fa3c6a1-45f6-4ca1-8246-4788097ec7cc resource provider not found; error: Placement Client Error (4xx): {"errors": [{"status": 404, "title": "Not Found", "detail": "The resource could not be found.\n\n No resource provider with uuid 5fa3c6a1-45f6-4ca1-8246-4788097ec7cc found for delete ", "request_id": "req-b2e819f8-99d1-414e-a01d-f7e343a7ee40"}]}
2026-07-09 15:47:28.512 9 INFO neutron.services.segments.plugin [-] Segment 5fa3c6a1-45f6-4ca1-8246-4788097ec7cc resource provider aggregate not found
2026-07-09 15:47:28.526 9 INFO neutron.services.segments.plugin [-] Segment 5fa3c6a1-45f6-4ca1-8246-4788097ec7cc resource provider not found; error: Placement Client Error (4xx): {"errors": [{"status": 404, "title": "Not Found", "detail": "The resource could not be found.\n\n No resource provider with uuid 5fa3c6a1-45f6-4ca1-8246-4788097ec7cc found for delete ", "request_id": "req-18de5d6f-1064-457e-84d4-1a3b3c0c50ae"}]}
2026-07-09 15:47:28.621 9 INFO neutron.db.ovn_revision_numbers_db [None req-84c45dab-6e0d-47dd-b701-c82ea7eec211 9eac513f43154ee7a43823db1d703bfc e59d441efe7742c5b3ac5930b8511719 - - default default] Successfully bumped revision number for resource a1587e29-0c75-45e4-9eed-15d84ea4546c (type: ports) to 2
2026-07-09 15:47:28.656 9 INFO neutron.db.ovn_revision_numbers_db [None req-84c45dab-6e0d-47dd-b701-c82ea7eec211 9eac513f43154ee7a43823db1d703bfc e59d441efe7742c5b3ac5930b8511719 - - default default] Successfully bumped revision number for resource 5f80bc6a-21e0-44d5-b5d2-157ec577129d (type: subnets) to 0
2026-07-09 15:47:28.672 9 INFO neutron.wsgi [None req-84c45dab-6e0d-47dd-b701-c82ea7eec211 9eac513f43154ee7a43823db1d703bfc e59d441efe7742c5b3ac5930b8511719 - - default default] 10.0.0.179 "POST /v2.0/subnets HTTP/1.1" status: 201 len: 822 time: 0.7712960
2026-07-09 15:47:28.682 9 WARNING neutron.api.v2.base [None req-5b2c0e53-f878-46ea-9d1a-bddfb30ee9f0 9eac513f43154ee7a43823db1d703bfc e59d441efe7742c5b3ac5930b8511719 - - default default] An exception happened while processing the request body. The exception message is [Invalid input for target_tenant. Reason: '1234123412341234123412341234123412341234123412341234123412341234123412341234123412341234123412341234123412341234123412341234123412341234123412341234123412341234123412341234123412341234123412341234123412341234123412341234123412341234123412341234123412341234123412341234123412341234123412341234123412341234123412341234123412341234123412341234123412341234123412341234123412341234123412341234123412341234' exceeds maximum length of 255.].: webob.exc.HTTPBadRequest: Invalid input for target_tenant. Reason: '1234123412341234123412341234123412341234123412341234123412341234123412341234123412341234123412341234123412341234123412341234123412341234123412341234123412341234123412341234123412341234123412341234123412341234123412341234123412341234123412341234123412341234123412341234123412341234123412341234123412341234123412341234123412341234123412341234123412341234123412341234123412341234123412341234123412341234' exceeds maximum length of 255.
2026-07-09 15:47:28.683 9 INFO neutron.api.v2.resource [None req-5b2c0e53-f878-46ea-9d1a-bddfb30ee9f0 9eac513f43154ee7a43823db1d703bfc e59d441efe7742c5b3ac5930b8511719 - - default default] create failed (client error): Invalid input for target_tenant. Reason: '1234123412341234123412341234123412341234123412341234123412341234123412341234123412341234123412341234123412341234123412341234123412341234123412341234123412341234123412341234123412341234123412341234123412341234123412341234123412341234123412341234123412341234123412341234123412341234123412341234123412341234123412341234123412341234123412341234123412341234123412341234123412341234123412341234123412341234' exceeds maximum length of 255.
2026-07-09 15:47:28.684 9 INFO neutron.wsgi [None req-5b2c0e53-f878-46ea-9d1a-bddfb30ee9f0 9eac513f43154ee7a43823db1d703bfc e59d441efe7742c5b3ac5930b8511719 - - default default] 10.0.0.179 "POST /v2.0/rbac-policies HTTP/1.1" status: 400 len: 750 time: 0.0072224
2026-07-09 15:47:28.708 10 WARNING neutron.scheduler.dhcp_agent_scheduler [None req-62d72eec-327b-443e-8a0c-83c8c676863a 8b58ad38d2dc4dc9b8d3343d49699d3a d09e42a428454bdf8aaa5135686dd9d0 - - default default] No more DHCP agents
2026-07-09 15:47:28.710 10 WARNING neutron.api.rpc.agentnotifiers.dhcp_rpc_agent_api [None req-62d72eec-327b-443e-8a0c-83c8c676863a 8b58ad38d2dc4dc9b8d3343d49699d3a d09e42a428454bdf8aaa5135686dd9d0 - - default default] Unable to schedule network e32c7406-85ed-45a7-a69d-2a4faeafcd9e: no agents available; will retry on subsequent port and subnet creation events.
2026-07-09 15:47:29.197 9 INFO neutron.wsgi [req-9efaed4c-97ee-4f9a-8cbb-cf88088b5edd req-dd3154ee-f794-4782-853b-331b72d36f41 891200be37c844b0bec262a7ac238617 4b36384f06744cbfa8ddf4629f418f06 - - default default] 199.19.213.166 "GET /v2.0/networks?id=1450874a-7b93-4346-8611-0cbbb75144ee HTTP/1.1" status: 200 len: 872 time: 0.1539507
2026-07-09 15:47:29.212 10 INFO neutron.db.ovn_revision_numbers_db [None req-62d72eec-327b-443e-8a0c-83c8c676863a 8b58ad38d2dc4dc9b8d3343d49699d3a d09e42a428454bdf8aaa5135686dd9d0 - - default default] Successfully bumped revision number for resource db8c6776-ced4-449e-a09b-9ce5f8ee8c86 (type: ports) to 2
2026-07-09 15:47:29.244 10 INFO neutron.db.ovn_revision_numbers_db [None req-62d72eec-327b-443e-8a0c-83c8c676863a 8b58ad38d2dc4dc9b8d3343d49699d3a d09e42a428454bdf8aaa5135686dd9d0 - - default default] Successfully bumped revision number for resource cff196d4-30be-4632-b401-8b6c35fb1678 (type: subnets) to 0
2026-07-09 15:47:29.262 10 INFO neutron.wsgi [None req-62d72eec-327b-443e-8a0c-83c8c676863a 8b58ad38d2dc4dc9b8d3343d49699d3a d09e42a428454bdf8aaa5135686dd9d0 - - default default] 10.0.0.179 "POST /v2.0/subnets HTTP/1.1" status: 201 len: 801 time: 0.7977011
2026-07-09 15:47:29.263 9 INFO neutron.wsgi [req-9efaed4c-97ee-4f9a-8cbb-cf88088b5edd req-85ae32c0-d85d-470c-bf55-db1d56c0a97e 891200be37c844b0bec262a7ac238617 4b36384f06744cbfa8ddf4629f418f06 - - default default] 199.19.213.166 "GET /v2.0/security-groups?fields=id&fields=name&tenant_id=4b36384f06744cbfa8ddf4629f418f06 HTTP/1.1" status: 200 len: 473 time: 0.0599799
2026-07-09 15:47:29.272 9 WARNING neutron_lib.context [None req-6bdb129b-74be-4f23-96f3-4a6331018db6 8b58ad38d2dc4dc9b8d3343d49699d3a d09e42a428454bdf8aaa5135686dd9d0 - - default default] Method 'is_advsvc' is deprecated since 2023.2 release (neutron-lib 3.8.0) and will be removed once support for the old RBAC API policies will be removed from Neutron. Please use method 'is_service_role' instead.
2026-07-09 15:47:29.280 9 WARNING neutron_lib.context [req-9efaed4c-97ee-4f9a-8cbb-cf88088b5edd req-7be501a4-3754-407c-99e0-f565cce65aac 891200be37c844b0bec262a7ac238617 4b36384f06744cbfa8ddf4629f418f06 - - default default] Method 'is_advsvc' is deprecated since 2023.2 release (neutron-lib 3.8.0) and will be removed once support for the old RBAC API policies will be removed from Neutron. Please use method 'is_service_role' instead.
2026-07-09 15:47:29.325 10 INFO neutron.services.segments.plugin [-] Segment 45ec9abc-28f0-4f53-82db-42fe0e5dca01 resource provider aggregate not found
2026-07-09 15:47:29.337 10 INFO neutron.services.segments.plugin [-] Segment 45ec9abc-28f0-4f53-82db-42fe0e5dca01 resource provider aggregate not found
2026-07-09 15:47:29.348 10 INFO neutron.services.segments.plugin [-] Segment 45ec9abc-28f0-4f53-82db-42fe0e5dca01 resource provider not found; error: Placement Client Error (4xx): {"errors": [{"status": 404, "title": "Not Found", "detail": "The resource could not be found.\n\n No resource provider with uuid 45ec9abc-28f0-4f53-82db-42fe0e5dca01 found for delete ", "request_id": "req-00960e48-f76f-4f0c-b2e7-852b764e284f"}]}
2026-07-09 15:47:29.354 10 INFO neutron.services.segments.plugin [-] Segment 45ec9abc-28f0-4f53-82db-42fe0e5dca01 resource provider not found; error: Placement Client Error (4xx): {"errors": [{"status": 404, "title": "Not Found", "detail": "The resource could not be found.\n\n No resource provider with uuid 45ec9abc-28f0-4f53-82db-42fe0e5dca01 found for delete ", "request_id": "req-59ff2b6c-d766-42a0-b4a7-69a4e452e358"}]}
2026-07-09 15:47:29.475 9 INFO neutron.db.ovn_revision_numbers_db [None req-6bdb129b-74be-4f23-96f3-4a6331018db6 8b58ad38d2dc4dc9b8d3343d49699d3a d09e42a428454bdf8aaa5135686dd9d0 - - default default] Successfully bumped revision number for resource fa544518-1e9d-4ca0-8331-29a26672732d (type: routers) to 1
2026-07-09 15:47:29.478 10 INFO neutron.wsgi [req-5ce8a02a-6ac1-48c5-a095-0f7a7f681076 req-25d95b1e-cb30-4f2d-9991-216159738da1 891200be37c844b0bec262a7ac238617 4b36384f06744cbfa8ddf4629f418f06 - - default default] 10.0.0.152 "GET /v2.0/ports?device_id=f1c97af6-9bd3-4c20-8c53-7c5b557fe73b HTTP/1.1" status: 200 len: 210 time: 0.0249209
2026-07-09 15:47:29.520 9 INFO neutron.wsgi [None req-6bdb129b-74be-4f23-96f3-4a6331018db6 8b58ad38d2dc4dc9b8d3343d49699d3a d09e42a428454bdf8aaa5135686dd9d0 - - default default] 10.0.0.179 "POST /v2.0/routers HTTP/1.1" status: 201 len: 802 time: 0.2521162
2026-07-09 15:47:29.731 10 INFO neutron.db.ovn_revision_numbers_db [None req-f0585cb6-3f7c-4b87-bdfc-61ee9cfd2b02 c78bf3b8cf62431b8a411c2bb640c804 0c88b9fafbe24245a405c8b3e038ea2d - - default default] Successfully bumped revision number for resource 2ee19af8-06e4-4d9b-935a-85a20f32b15c (type: security_groups) to 1
2026-07-09 15:47:29.743 9 INFO neutron.wsgi [None req-59cd4379-16dc-42fe-883d-362ce3de3219 9eac513f43154ee7a43823db1d703bfc e59d441efe7742c5b3ac5930b8511719 - - default default] 10.0.0.179 "DELETE /v2.0/networks/f68b0b3d-7cf1-4bd2-9a32-b021fcf983a9 HTTP/1.1" status: 204 len: 168 time: 1.0559640
2026-07-09 15:47:29.791 9 WARNING neutron.scheduler.dhcp_agent_scheduler [req-9efaed4c-97ee-4f9a-8cbb-cf88088b5edd req-7be501a4-3754-407c-99e0-f565cce65aac 891200be37c844b0bec262a7ac238617 4b36384f06744cbfa8ddf4629f418f06 - - default default] No more DHCP agents
2026-07-09 15:47:29.793 9 WARNING neutron.api.rpc.agentnotifiers.dhcp_rpc_agent_api [req-9efaed4c-97ee-4f9a-8cbb-cf88088b5edd req-7be501a4-3754-407c-99e0-f565cce65aac 891200be37c844b0bec262a7ac238617 4b36384f06744cbfa8ddf4629f418f06 - - default default] Unable to schedule network 1450874a-7b93-4346-8611-0cbbb75144ee: no agents available; will retry on subsequent port and subnet creation events.
2026-07-09 15:47:29.949 9 INFO neutron.db.ovn_revision_numbers_db [req-9efaed4c-97ee-4f9a-8cbb-cf88088b5edd req-7be501a4-3754-407c-99e0-f565cce65aac 891200be37c844b0bec262a7ac238617 4b36384f06744cbfa8ddf4629f418f06 - - default default] Successfully bumped revision number for resource da4651e1-742e-4187-9d81-bd2ef864d582 (type: ports) to 1
2026-07-09 15:47:29.973 9 INFO neutron.wsgi [-] 10.0.0.209 "GET / HTTP/1.1" status: 200 len: 247 time: 0.0018611
2026-07-09 15:47:29.975 9 INFO neutron.wsgi [-] 10.0.0.209 "GET / HTTP/1.1" status: 200 len: 247 time: 0.0013025
2026-07-09 15:47:29.979 9 INFO neutron.wsgi [req-9efaed4c-97ee-4f9a-8cbb-cf88088b5edd req-7be501a4-3754-407c-99e0-f565cce65aac 891200be37c844b0bec262a7ac238617 4b36384f06744cbfa8ddf4629f418f06 - - default default] 199.19.213.166 "POST /v2.0/ports HTTP/1.1" status: 201 len: 1197 time: 0.7037721 /var/lib/openstack/lib/python3.10/site-packages/pycadf/identifier.py:71: UserWarning: Invalid uuid: neutron. To ensure interoperability, identifiers should be a valid uuid. warnings.warn(('Invalid uuid: %s. To ensure interoperability, '
2026-07-09 15:47:30.019 10 INFO neutron.db.ovn_revision_numbers_db [None req-f0585cb6-3f7c-4b87-bdfc-61ee9cfd2b02 c78bf3b8cf62431b8a411c2bb640c804 0c88b9fafbe24245a405c8b3e038ea2d - - default default] Successfully bumped revision number for resource 0fc8ea8a-859a-4cce-9219-125422b6a08e (type: security_group_rules) to 0
2026-07-09 15:47:30.062 10 WARNING neutron.plugins.ml2.drivers.ovn.mech_driver.ovsdb.ovn_client [None req-a1bfd37f-beae-42a1-bd64-8458ef0c0da0 - - - - - -] No hosting information found for port b7b2f035-2b0d-4ff8-87f7-4e9b9e73aa9d: RuntimeError: No hosting information found for port b7b2f035-2b0d-4ff8-87f7-4e9b9e73aa9d
2026-07-09 15:47:30.064 10 INFO neutron.db.ovn_revision_numbers_db [None req-f0585cb6-3f7c-4b87-bdfc-61ee9cfd2b02 c78bf3b8cf62431b8a411c2bb640c804 0c88b9fafbe24245a405c8b3e038ea2d - - default default] Successfully bumped revision number for resource 2c4240f2-bd2f-44fe-bdea-af94a8ec88f3 (type: security_group_rules) to 0
2026-07-09 15:47:30.090 10 INFO neutron.db.ovn_revision_numbers_db [None req-f0585cb6-3f7c-4b87-bdfc-61ee9cfd2b02 c78bf3b8cf62431b8a411c2bb640c804 0c88b9fafbe24245a405c8b3e038ea2d - - default default] Successfully bumped revision number for resource ba8a694a-012b-455d-a699-4316b82acdba (type: security_group_rules) to 0
2026-07-09 15:47:30.118 10 INFO neutron.db.ovn_revision_numbers_db [None req-f0585cb6-3f7c-4b87-bdfc-61ee9cfd2b02 c78bf3b8cf62431b8a411c2bb640c804 0c88b9fafbe24245a405c8b3e038ea2d - - default default] Successfully bumped revision number for resource be63732c-a85d-425b-86bb-b62cb7fbd662 (type: security_group_rules) to 0
2026-07-09 15:47:30.153 10 INFO neutron.wsgi [None req-f0585cb6-3f7c-4b87-bdfc-61ee9cfd2b02 c78bf3b8cf62431b8a411c2bb640c804 0c88b9fafbe24245a405c8b3e038ea2d - - default default] 10.0.0.179 "GET /v2.0/security-groups?tenant_id=98e564fe453d48f5bb66665b1452f15c&name=default HTTP/1.1" status: 200 len: 3120 time: 0.8903925
2026-07-09 15:47:30.172 10 INFO neutron.db.segments_db [None req-8daf5ec3-af63-4ff4-a432-2964c514e7ce 9eac513f43154ee7a43823db1d703bfc e59d441efe7742c5b3ac5930b8511719 - - default default] Added segment 5ccb939f-2d60-4b3d-97fc-1ecb2aa8e14d of type geneve for network b4191568-e9ed-4c5b-9efc-bf6bcdf216df
2026-07-09 15:47:30.395 10 WARNING neutron.scheduler.dhcp_agent_scheduler [None req-2127d028-ea0a-4807-80b4-1f9dbc6bbde9 8b58ad38d2dc4dc9b8d3343d49699d3a d09e42a428454bdf8aaa5135686dd9d0 - - default default] No more DHCP agents
2026-07-09 15:47:30.397 10 WARNING neutron.api.rpc.agentnotifiers.dhcp_rpc_agent_api [None req-2127d028-ea0a-4807-80b4-1f9dbc6bbde9 8b58ad38d2dc4dc9b8d3343d49699d3a d09e42a428454bdf8aaa5135686dd9d0 - - default default] Unable to schedule network 8ce7dbda-337d-4e29-99b3-91b8553ef861: no agents available; will retry on subsequent port and subnet creation events.
2026-07-09 15:47:30.401 10 INFO neutron.db.ovn_revision_numbers_db [None req-8daf5ec3-af63-4ff4-a432-2964c514e7ce 9eac513f43154ee7a43823db1d703bfc e59d441efe7742c5b3ac5930b8511719 - - default default] Successfully bumped revision number for resource b4191568-e9ed-4c5b-9efc-bf6bcdf216df (type: networks) to 1
2026-07-09 15:47:30.436 9 INFO neutron.wsgi [None req-04a73985-9e09-4c35-8ac5-0be72d1e95b1 c78bf3b8cf62431b8a411c2bb640c804 0c88b9fafbe24245a405c8b3e038ea2d - - default default] 10.0.0.179 "DELETE /v2.0/security-groups/2ee19af8-06e4-4d9b-935a-85a20f32b15c HTTP/1.1" status: 204 len: 168 time: 0.2729640
2026-07-09 15:47:30.478 9 INFO neutron.db.ovn_revision_numbers_db [req-9efaed4c-97ee-4f9a-8cbb-cf88088b5edd req-1afb3e8c-fcae-428a-b7fb-9ab6022d733e 8caa1cefbac64035be53ea7af634bb0b 2c60b5677ce44a48941e1ceeebcb308d - - f65e1348a7e24e37bc17be0b2a4862e0 f65e1348a7e24e37bc17be0b2a4862e0] Successfully bumped revision number for resource da4651e1-742e-4187-9d81-bd2ef864d582 (type: ports) to 2
2026-07-09 15:47:30.524 9 INFO neutron.services.segments.plugin [-] Segment ee58d06e-d662-43f3-951a-2c4fde020b55 resource provider aggregate not found
2026-07-09 15:47:30.541 9 INFO neutron.services.segments.plugin [-] Segment ee58d06e-d662-43f3-951a-2c4fde020b55 resource provider aggregate not found
2026-07-09 15:47:30.546 9 INFO neutron.services.segments.plugin [-] Segment ee58d06e-d662-43f3-951a-2c4fde020b55 resource provider not found; error: Placement Client Error (4xx): {"errors": [{"status": 404, "title": "Not Found", "detail": "The resource could not be found.\n\n No resource provider with uuid ee58d06e-d662-43f3-951a-2c4fde020b55 found for delete ", "request_id": "req-3b25efcf-65c4-4ebe-b193-3c45f7e0e268"}]} /var/lib/openstack/lib/python3.10/site-packages/pycadf/identifier.py:71: UserWarning: Invalid uuid: neutron. To ensure interoperability, identifiers should be a valid uuid. warnings.warn(('Invalid uuid: %s. To ensure interoperability, '
2026-07-09 15:47:30.555 9 INFO neutron.services.segments.plugin [-] Segment ee58d06e-d662-43f3-951a-2c4fde020b55 resource provider not found; error: Placement Client Error (4xx): {"errors": [{"status": 404, "title": "Not Found", "detail": "The resource could not be found.\n\n No resource provider with uuid ee58d06e-d662-43f3-951a-2c4fde020b55 found for delete ", "request_id": "req-ad1db54d-b33d-4680-a71d-b1031f33f3c2"}]}
2026-07-09 15:47:30.617 9 INFO neutron.wsgi [None req-e396055c-984f-4e2b-b13d-e9c690db1045 c78bf3b8cf62431b8a411c2bb640c804 0c88b9fafbe24245a405c8b3e038ea2d - - default default] 10.0.0.179 "GET /v2.0/security-groups?tenant_id=414779e83cad4e5baf805401751c481b&name=default HTTP/1.1" status: 200 len: 3120 time: 0.0697887
2026-07-09 15:47:30.643 10 WARNING neutron.scheduler.dhcp_agent_scheduler [None req-8daf5ec3-af63-4ff4-a432-2964c514e7ce 9eac513f43154ee7a43823db1d703bfc e59d441efe7742c5b3ac5930b8511719 - - default default] No more DHCP agents
2026-07-09 15:47:30.646 10 WARNING neutron.api.rpc.agentnotifiers.dhcp_rpc_agent_api [None req-8daf5ec3-af63-4ff4-a432-2964c514e7ce 9eac513f43154ee7a43823db1d703bfc e59d441efe7742c5b3ac5930b8511719 - - default default] Unable to schedule network b4191568-e9ed-4c5b-9efc-bf6bcdf216df: no agents available; will retry on subsequent port and subnet creation events.
2026-07-09 15:47:30.648 10 INFO neutron.db.ovn_revision_numbers_db [None req-2127d028-ea0a-4807-80b4-1f9dbc6bbde9 8b58ad38d2dc4dc9b8d3343d49699d3a d09e42a428454bdf8aaa5135686dd9d0 - - default default] Successfully bumped revision number for resource a973767a-d497-41f0-a992-32e284e9ee2f (type: ports) to 1
2026-07-09 15:47:30.746 9 INFO neutron.wsgi [req-6c1177f4-c930-41b2-9775-b100d0faaafe req-cd5f691b-d7e8-4051-a1ed-5862a33c29aa 891200be37c844b0bec262a7ac238617 4b36384f06744cbfa8ddf4629f418f06 - - default default] 10.0.0.152 "GET /v2.0/ports?device_id=f1c97af6-9bd3-4c20-8c53-7c5b557fe73b HTTP/1.1" status: 200 len: 1208 time: 0.1873851 /var/lib/openstack/lib/python3.10/site-packages/pycadf/identifier.py:71: UserWarning: Invalid uuid: neutron. To ensure interoperability, identifiers should be a valid uuid. warnings.warn(('Invalid uuid: %s. To ensure interoperability, '
2026-07-09 15:47:30.775 10 INFO neutron.db.ovn_revision_numbers_db [None req-8daf5ec3-af63-4ff4-a432-2964c514e7ce 9eac513f43154ee7a43823db1d703bfc e59d441efe7742c5b3ac5930b8511719 - - default default] Successfully bumped revision number for resource 92704202-7b8b-4ceb-816f-628e8fb67649 (type: ports) to 1
2026-07-09 15:47:30.807 10 INFO neutron.wsgi [None req-8daf5ec3-af63-4ff4-a432-2964c514e7ce 9eac513f43154ee7a43823db1d703bfc e59d441efe7742c5b3ac5930b8511719 - - default default] 10.0.0.179 "POST /v2.0/networks HTTP/1.1" status: 201 len: 928 time: 1.0524614
2026-07-09 15:47:30.818 9 INFO neutron.wsgi [req-6c1177f4-c930-41b2-9775-b100d0faaafe req-441292b5-84a2-4945-bbfb-14540792aac0 891200be37c844b0bec262a7ac238617 4b36384f06744cbfa8ddf4629f418f06 - - default default] 10.0.0.152 "GET /v2.0/security-groups?id=08548a41-98d1-4534-9c33-7ab450a95262&id=19eb2234-50c8-4006-b519-4d2d40b17ac3&fields=id&fields=name HTTP/1.1" status: 200 len: 406 time: 0.0682273
2026-07-09 15:47:30.849 9 INFO neutron.db.ovn_revision_numbers_db [req-9efaed4c-97ee-4f9a-8cbb-cf88088b5edd req-1afb3e8c-fcae-428a-b7fb-9ab6022d733e 8caa1cefbac64035be53ea7af634bb0b 2c60b5677ce44a48941e1ceeebcb308d - - f65e1348a7e24e37bc17be0b2a4862e0 f65e1348a7e24e37bc17be0b2a4862e0] Successfully bumped revision number for resource da4651e1-742e-4187-9d81-bd2ef864d582 (type: ports) to 2
2026-07-09 15:47:30.867 9 INFO neutron.wsgi [req-9efaed4c-97ee-4f9a-8cbb-cf88088b5edd req-1afb3e8c-fcae-428a-b7fb-9ab6022d733e 8caa1cefbac64035be53ea7af634bb0b 2c60b5677ce44a48941e1ceeebcb308d - - f65e1348a7e24e37bc17be0b2a4862e0 f65e1348a7e24e37bc17be0b2a4862e0] 199.19.213.166 "PUT /v2.0/ports/da4651e1-742e-4187-9d81-bd2ef864d582 HTTP/1.1" status: 200 len: 1415 time: 0.8792088
2026-07-09 15:47:30.911 9 INFO neutron.notifiers.nova [-] Nova event matching ['req-9d7443f7-094c-44a5-8860-c258c9b9bd0b'] response: {'name': 'network-changed', 'server_uuid': 'f1c97af6-9bd3-4c20-8c53-7c5b557fe73b', 'tag': 'da4651e1-742e-4187-9d81-bd2ef864d582', 'status': 'completed', 'code': 200}
2026-07-09 15:47:31.025 10 WARNING neutron.scheduler.dhcp_agent_scheduler [None req-ddf66d87-a142-4ad9-8211-55d7b1eb5297 9eac513f43154ee7a43823db1d703bfc e59d441efe7742c5b3ac5930b8511719 - - default default] No more DHCP agents
2026-07-09 15:47:31.029 10 WARNING neutron.api.rpc.agentnotifiers.dhcp_rpc_agent_api [None req-ddf66d87-a142-4ad9-8211-55d7b1eb5297 9eac513f43154ee7a43823db1d703bfc e59d441efe7742c5b3ac5930b8511719 - - default default] Unable to schedule network b4191568-e9ed-4c5b-9efc-bf6bcdf216df: no agents available; will retry on subsequent port and subnet creation events.
2026-07-09 15:47:31.144 9 INFO neutron.wsgi [req-9efaed4c-97ee-4f9a-8cbb-cf88088b5edd req-30fcf8ef-e0c6-4d47-8150-0deb11abb65e 8caa1cefbac64035be53ea7af634bb0b 2c60b5677ce44a48941e1ceeebcb308d - - f65e1348a7e24e37bc17be0b2a4862e0 f65e1348a7e24e37bc17be0b2a4862e0] 199.19.213.166 "GET /v2.0/ports?tenant_id=4b36384f06744cbfa8ddf4629f418f06&device_id=f1c97af6-9bd3-4c20-8c53-7c5b557fe73b HTTP/1.1" status: 200 len: 1446 time: 0.2338557
2026-07-09 15:47:31.191 9 INFO neutron.wsgi [None req-41c61841-9fde-4fae-a09d-1f5c69343b4e c78bf3b8cf62431b8a411c2bb640c804 0c88b9fafbe24245a405c8b3e038ea2d - - default default] 10.0.0.179 "DELETE /v2.0/security-groups/584e8c9a-5ac0-4ffe-9197-932390e27777 HTTP/1.1" status: 204 len: 168 time: 0.5701928
2026-07-09 15:47:31.194 9 INFO neutron.wsgi [req-9efaed4c-97ee-4f9a-8cbb-cf88088b5edd req-ebf50c57-952b-4e48-b4bf-8f208859d2b7 8caa1cefbac64035be53ea7af634bb0b 2c60b5677ce44a48941e1ceeebcb308d - - f65e1348a7e24e37bc17be0b2a4862e0 f65e1348a7e24e37bc17be0b2a4862e0] 199.19.213.166 "GET /v2.0/floatingips?fixed_ip_address=10.100.0.9&port_id=da4651e1-742e-4187-9d81-bd2ef864d582 HTTP/1.1" status: 200 len: 217 time: 0.0374672
2026-07-09 15:47:31.222 10 ERROR ovsdbapp.backend.ovs_idl.command [None req-2127d028-ea0a-4807-80b4-1f9dbc6bbde9 8b58ad38d2dc4dc9b8d3343d49699d3a d09e42a428454bdf8aaa5135686dd9d0 - - default default] Error executing command (DbGetCommand): ovsdbapp.backend.ovs_idl.idlutils.RowNotFound: Cannot find Logical_Router_Port with name=lrp-a973767a-d497-41f0-a992-32e284e9ee2f
2026-07-09 15:47:31.222 10 ERROR ovsdbapp.backend.ovs_idl.command
Traceback (most recent call last):
2026-07-09 15:47:31.222 10 ERROR ovsdbapp.backend.ovs_idl.command
File "/var/lib/openstack/lib/python3.10/site-packages/ovsdbapp/backend/ovs_idl/command.py", line 47, in execute
2026-07-09 15:47:31.222 10 ERROR ovsdbapp.backend.ovs_idl.command self.run_idl(None)
2026-07-09 15:47:31.222 10 ERROR ovsdbapp.backend.ovs_idl.command
File "/var/lib/openstack/lib/python3.10/site-packages/ovsdbapp/backend/ovs_idl/command.py", line 235, in run_idl
2026-07-09 15:47:31.222 10 ERROR ovsdbapp.backend.ovs_idl.command record = self.api.lookup(self.table, self.record)
2026-07-09 15:47:31.222 10 ERROR ovsdbapp.backend.ovs_idl.command
File "/var/lib/openstack/lib/python3.10/site-packages/ovsdbapp/backend/ovs_idl/__init__.py", line 184, in lookup
2026-07-09 15:47:31.222 10 ERROR ovsdbapp.backend.ovs_idl.command return self._lookup(table, record)
2026-07-09 15:47:31.222 10 ERROR ovsdbapp.backend.ovs_idl.command
File "/var/lib/openstack/lib/python3.10/site-packages/ovsdbapp/backend/ovs_idl/__init__.py", line 235, in _lookup
2026-07-09 15:47:31.222 10 ERROR ovsdbapp.backend.ovs_idl.command row = idlutils.row_by_value(self, rl.table, rl.column, record)
2026-07-09 15:47:31.222 10 ERROR ovsdbapp.backend.ovs_idl.command
File "/var/lib/openstack/lib/python3.10/site-packages/ovsdbapp/backend/ovs_idl/idlutils.py", line 114, in row_by_value
2026-07-09 15:47:31.222 10 ERROR ovsdbapp.backend.ovs_idl.command raise RowNotFound(table=table, col=column, match=match)
2026-07-09 15:47:31.222 10 ERROR ovsdbapp.backend.ovs_idl.command ovsdbapp.backend.ovs_idl.idlutils.RowNotFound: Cannot find Logical_Router_Port with name=lrp-a973767a-d497-41f0-a992-32e284e9ee2f
2026-07-09 15:47:31.222 10 ERROR ovsdbapp.backend.ovs_idl.command 
2026-07-09 15:47:31.223 10 ERROR neutron_lib.callbacks.manager [None req-2127d028-ea0a-4807-80b4-1f9dbc6bbde9 8b58ad38d2dc4dc9b8d3343d49699d3a d09e42a428454bdf8aaa5135686dd9d0 - - default default] Error during notification for neutron.services.ovn_l3.plugin.OVNL3RouterPlugin._port_update-8774175596262 port, after_update: ovsdbapp.backend.ovs_idl.idlutils.RowNotFound: Cannot find Logical_Router_Port with name=lrp-a973767a-d497-41f0-a992-32e284e9ee2f
2026-07-09 15:47:31.223 10 ERROR neutron_lib.callbacks.manager
Traceback (most recent call last):
2026-07-09 15:47:31.223 10 ERROR neutron_lib.callbacks.manager
File "/var/lib/openstack/lib/python3.10/site-packages/neutron_lib/callbacks/manager.py", line 189, in _notify_loop
2026-07-09 15:47:31.223 10 ERROR neutron_lib.callbacks.manager callback.method(resource, event, trigger, payload=payload)
2026-07-09 15:47:31.223 10 ERROR neutron_lib.callbacks.manager
File "/var/lib/openstack/lib/python3.10/site-packages/neutron/services/ovn_l3/plugin.py", line 391, in _port_update
2026-07-09 15:47:31.223 10 ERROR neutron_lib.callbacks.manager l3plugin._ovn_client.update_router_port(context,
2026-07-09 15:47:31.223 10 ERROR neutron_lib.callbacks.manager
File "/var/lib/openstack/lib/python3.10/site-packages/neutron/plugins/ml2/drivers/ovn/mech_driver/ovsdb/ovn_client.py", line 1878, in update_router_port
2026-07-09 15:47:31.223 10 ERROR neutron_lib.callbacks.manager self._update_lrouter_port(context, port, if_exists=if_exists,
2026-07-09 15:47:31.223 10 ERROR neutron_lib.callbacks.manager
File "/var/lib/openstack/lib/python3.10/site-packages/neutron/plugins/ml2/drivers/ovn/mech_driver/ovsdb/ovn_client.py", line 1855, in _update_lrouter_port
2026-07-09 15:47:31.223 10 ERROR neutron_lib.callbacks.manager external_ids = self._nb_idl.db_get(
2026-07-09 15:47:31.223 10 ERROR neutron_lib.callbacks.manager
File "/var/lib/openstack/lib/python3.10/site-packages/ovsdbapp/backend/ovs_idl/command.py", line 47, in execute
2026-07-09 15:47:31.223 10 ERROR neutron_lib.callbacks.manager self.run_idl(None)
2026-07-09 15:47:31.223 10 ERROR neutron_lib.callbacks.manager
File "/var/lib/openstack/lib/python3.10/site-packages/ovsdbapp/backend/ovs_idl/command.py", line 235, in run_idl
2026-07-09 15:47:31.223 10 ERROR neutron_lib.callbacks.manager record = self.api.lookup(self.table, self.record)
2026-07-09 15:47:31.223 10 ERROR neutron_lib.callbacks.manager
File "/var/lib/openstack/lib/python3.10/site-packages/ovsdbapp/backend/ovs_idl/__init__.py", line 184, in lookup
2026-07-09 15:47:31.223 10 ERROR neutron_lib.callbacks.manager return self._lookup(table, record)
2026-07-09 15:47:31.223 10 ERROR neutron_lib.callbacks.manager
File "/var/lib/openstack/lib/python3.10/site-packages/ovsdbapp/backend/ovs_idl/__init__.py", line 235, in _lookup
2026-07-09 15:47:31.223 10 ERROR neutron_lib.callbacks.manager row = idlutils.row_by_value(self, rl.table, rl.column, record)
2026-07-09 15:47:31.223 10 ERROR neutron_lib.callbacks.manager
File "/var/lib/openstack/lib/python3.10/site-packages/ovsdbapp/backend/ovs_idl/idlutils.py", line 114, in row_by_value
2026-07-09 15:47:31.223 10 ERROR neutron_lib.callbacks.manager raise RowNotFound(table=table, col=column, match=match)
2026-07-09 15:47:31.223 10 ERROR neutron_lib.callbacks.manager ovsdbapp.backend.ovs_idl.idlutils.RowNotFound: Cannot find Logical_Router_Port with name=lrp-a973767a-d497-41f0-a992-32e284e9ee2f
2026-07-09 15:47:31.223 10 ERROR neutron_lib.callbacks.manager 
2026-07-09 15:47:31.234 9 INFO neutron.wsgi [req-9efaed4c-97ee-4f9a-8cbb-cf88088b5edd req-096eb51d-1579-4c29-9ab2-dedac223f1e7 8caa1cefbac64035be53ea7af634bb0b 2c60b5677ce44a48941e1ceeebcb308d - - f65e1348a7e24e37bc17be0b2a4862e0 f65e1348a7e24e37bc17be0b2a4862e0] 199.19.213.166 "GET /v2.0/subnets?id=750b4298-6ca2-4801-9034-5a79b136a29d HTTP/1.1" status: 200 len: 866 time: 0.0315106
2026-07-09 15:47:31.271 9 INFO neutron.wsgi [req-9efaed4c-97ee-4f9a-8cbb-cf88088b5edd req-19e06b97-4115-40e6-9e67-0d0f63bb1a57 8caa1cefbac64035be53ea7af634bb0b 2c60b5677ce44a48941e1ceeebcb308d - - f65e1348a7e24e37bc17be0b2a4862e0 f65e1348a7e24e37bc17be0b2a4862e0] 199.19.213.166 "GET /v2.0/ports?network_id=1450874a-7b93-4346-8611-0cbbb75144ee&device_owner=network%3Adhcp HTTP/1.1" status: 200 len: 210 time: 0.0298018
2026-07-09 15:47:31.335 9 INFO neutron.wsgi [req-9efaed4c-97ee-4f9a-8cbb-cf88088b5edd req-bfd7c2ab-ec71-4115-b4da-a4b603e2e034 8caa1cefbac64035be53ea7af634bb0b 2c60b5677ce44a48941e1ceeebcb308d - - f65e1348a7e24e37bc17be0b2a4862e0 f65e1348a7e24e37bc17be0b2a4862e0] 199.19.213.166 "GET /v2.0/networks/1450874a-7b93-4346-8611-0cbbb75144ee?fields=segments HTTP/1.1" status: 200 len: 212 time: 0.0571859
2026-07-09 15:47:31.399 9 INFO neutron.wsgi [req-9efaed4c-97ee-4f9a-8cbb-cf88088b5edd req-aaf51f99-a359-4f7c-95e6-5c51d5851808 8caa1cefbac64035be53ea7af634bb0b 2c60b5677ce44a48941e1ceeebcb308d - - f65e1348a7e24e37bc17be0b2a4862e0 f65e1348a7e24e37bc17be0b2a4862e0] 199.19.213.166 "GET /v2.0/networks/1450874a-7b93-4346-8611-0cbbb75144ee?fields=provider%3Aphysical_network&fields=provider%3Anetwork_type HTTP/1.1" status: 200 len: 277 time: 0.0581183
2026-07-09 15:47:31.489 9 INFO neutron.wsgi [req-ca6b45e1-a7f3-40bc-b89f-1de91e788d73 req-b3137f19-8550-43b6-9339-7f2f974e7b21 8caa1cefbac64035be53ea7af634bb0b 2c60b5677ce44a48941e1ceeebcb308d - - f65e1348a7e24e37bc17be0b2a4862e0 f65e1348a7e24e37bc17be0b2a4862e0] 199.19.213.166 "GET /v2.0/ports?tenant_id=4b36384f06744cbfa8ddf4629f418f06&device_id=f1c97af6-9bd3-4c20-8c53-7c5b557fe73b HTTP/1.1" status: 200 len: 1446 time: 0.0395308
2026-07-09 15:47:31.535 10 INFO neutron.plugins.ml2.drivers.ovn.mech_driver.mech_driver [None req-a1bfd37f-beae-42a1-bd64-8458ef0c0da0 - - - - - -] OVN reports status up for port: a973767a-d497-41f0-a992-32e284e9ee2f
2026-07-09 15:47:31.567 9 INFO neutron.wsgi [req-ca6b45e1-a7f3-40bc-b89f-1de91e788d73 req-a73c1212-2c9b-4692-b1e8-55c263e78665 8caa1cefbac64035be53ea7af634bb0b 2c60b5677ce44a48941e1ceeebcb308d - - f65e1348a7e24e37bc17be0b2a4862e0 f65e1348a7e24e37bc17be0b2a4862e0] 199.19.213.166 "GET /v2.0/networks?id=1450874a-7b93-4346-8611-0cbbb75144ee HTTP/1.1" status: 200 len: 971 time: 0.0726278
2026-07-09 15:47:31.569 10 INFO neutron.plugins.ml2.plugin [None req-a1bfd37f-beae-42a1-bd64-8458ef0c0da0 - - - - - -] Attempt 1 to provision port a973767a-d497-41f0-a992-32e284e9ee2f
2026-07-09 15:47:31.598 9 INFO neutron.wsgi [req-ca6b45e1-a7f3-40bc-b89f-1de91e788d73 req-d4017fcc-63b3-48d2-8277-574580c28ff9 8caa1cefbac64035be53ea7af634bb0b 2c60b5677ce44a48941e1ceeebcb308d - - f65e1348a7e24e37bc17be0b2a4862e0 f65e1348a7e24e37bc17be0b2a4862e0] 199.19.213.166 "GET /v2.0/floatingips?fixed_ip_address=10.100.0.9&port_id=da4651e1-742e-4187-9d81-bd2ef864d582 HTTP/1.1" status: 200 len: 217 time: 0.0234716
2026-07-09 15:47:31.634 9 INFO neutron.wsgi [req-ca6b45e1-a7f3-40bc-b89f-1de91e788d73 req-e8cc620e-e549-424b-88d3-88430b9a32c2 8caa1cefbac64035be53ea7af634bb0b 2c60b5677ce44a48941e1ceeebcb308d - - f65e1348a7e24e37bc17be0b2a4862e0 f65e1348a7e24e37bc17be0b2a4862e0] 199.19.213.166 "GET /v2.0/subnets?id=750b4298-6ca2-4801-9034-5a79b136a29d HTTP/1.1" status: 200 len: 866 time: 0.0305138
2026-07-09 15:47:31.662 9 INFO neutron.wsgi [req-ca6b45e1-a7f3-40bc-b89f-1de91e788d73 req-774114c9-bbe3-4858-8d18-082e7754379f 8caa1cefbac64035be53ea7af634bb0b 2c60b5677ce44a48941e1ceeebcb308d - - f65e1348a7e24e37bc17be0b2a4862e0 f65e1348a7e24e37bc17be0b2a4862e0] 199.19.213.166 "GET /v2.0/ports?network_id=1450874a-7b93-4346-8611-0cbbb75144ee&device_owner=network%3Adhcp HTTP/1.1" status: 200 len: 210 time: 0.0207696
2026-07-09 15:47:31.732 9 INFO neutron.wsgi [req-ca6b45e1-a7f3-40bc-b89f-1de91e788d73 req-6a2a865d-da72-4971-9833-0be8cb0badd6 8caa1cefbac64035be53ea7af634bb0b 2c60b5677ce44a48941e1ceeebcb308d - - f65e1348a7e24e37bc17be0b2a4862e0 f65e1348a7e24e37bc17be0b2a4862e0] 199.19.213.166 "GET /v2.0/networks/1450874a-7b93-4346-8611-0cbbb75144ee?fields=segments HTTP/1.1" status: 200 len: 212 time: 0.0639472
2026-07-09 15:47:31.806 9 INFO neutron.wsgi [req-ca6b45e1-a7f3-40bc-b89f-1de91e788d73 req-3520efdf-0420-4247-aaa3-3d0b18dd2943 8caa1cefbac64035be53ea7af634bb0b 2c60b5677ce44a48941e1ceeebcb308d - - f65e1348a7e24e37bc17be0b2a4862e0 f65e1348a7e24e37bc17be0b2a4862e0] 199.19.213.166 "GET /v2.0/networks/1450874a-7b93-4346-8611-0cbbb75144ee?fields=provider%3Aphysical_network&fields=provider%3Anetwork_type HTTP/1.1" status: 200 len: 277 time: 0.0670302
2026-07-09 15:47:31.813 10 INFO neutron.db.ovn_revision_numbers_db [None req-2127d028-ea0a-4807-80b4-1f9dbc6bbde9 8b58ad38d2dc4dc9b8d3343d49699d3a d09e42a428454bdf8aaa5135686dd9d0 - - default default] Successfully bumped revision number for resource a973767a-d497-41f0-a992-32e284e9ee2f (type: ports) to 1
2026-07-09 15:47:31.892 10 INFO neutron.wsgi [req-37987072-c648-4c51-8a82-fee6ab325505 req-57fb0f2c-9be9-4dd3-bcfa-d0a1c34e187e 8caa1cefbac64035be53ea7af634bb0b 2c60b5677ce44a48941e1ceeebcb308d - - f65e1348a7e24e37bc17be0b2a4862e0 f65e1348a7e24e37bc17be0b2a4862e0] 199.19.213.166 "GET /v2.0/ports?device_id=f1c97af6-9bd3-4c20-8c53-7c5b557fe73b HTTP/1.1" status: 200 len: 1446 time: 0.3021894
2026-07-09 15:47:31.939 9 INFO neutron.wsgi [req-b0216d63-8d09-4ed7-882a-812f598a6133 req-2657a354-2c7c-45d9-87da-554a67cdeb46 891200be37c844b0bec262a7ac238617 4b36384f06744cbfa8ddf4629f418f06 - - default default] 10.0.0.152 "GET /v2.0/ports?device_id=f1c97af6-9bd3-4c20-8c53-7c5b557fe73b HTTP/1.1" status: 200 len: 1208 time: 0.0471778
2026-07-09 15:47:31.966 10 INFO neutron.db.ovn_revision_numbers_db [None req-007d737e-8526-463d-80f1-832c933c5c65 c78bf3b8cf62431b8a411c2bb640c804 0c88b9fafbe24245a405c8b3e038ea2d - - default default] Successfully bumped revision number for resource 18a2cff8-5ad5-486e-9651-c9543ea1c1a9 (type: security_groups) to 1
2026-07-09 15:47:31.991 9 INFO neutron.wsgi [req-b0216d63-8d09-4ed7-882a-812f598a6133 req-fcec37c7-603c-438f-a871-7eb4c4ae42ba 891200be37c844b0bec262a7ac238617 4b36384f06744cbfa8ddf4629f418f06 - - default default] 10.0.0.152 "GET /v2.0/security-groups?id=08548a41-98d1-4534-9c33-7ab450a95262&id=19eb2234-50c8-4006-b519-4d2d40b17ac3&fields=id&fields=name HTTP/1.1" status: 200 len: 406 time: 0.0477839
2026-07-09 15:47:32.009 10 INFO neutron.wsgi [req-37987072-c648-4c51-8a82-fee6ab325505 req-10fd46d3-ffa5-4f1b-9a37-42a268c38098 8caa1cefbac64035be53ea7af634bb0b 2c60b5677ce44a48941e1ceeebcb308d - - f65e1348a7e24e37bc17be0b2a4862e0 f65e1348a7e24e37bc17be0b2a4862e0] 199.19.213.166 "GET /v2.0/security-groups?id=08548a41-98d1-4534-9c33-7ab450a95262&id=19eb2234-50c8-4006-b519-4d2d40b17ac3&fields=id&fields=name HTTP/1.1" status: 200 len: 406 time: 0.1088324
2026-07-09 15:47:32.018 10 INFO neutron.db.ovn_revision_numbers_db [None req-007d737e-8526-463d-80f1-832c933c5c65 c78bf3b8cf62431b8a411c2bb640c804 0c88b9fafbe24245a405c8b3e038ea2d - - default default] Successfully bumped revision number for resource 3336505d-c964-419f-834b-d8c64413c529 (type: security_group_rules) to 0
2026-07-09 15:47:32.044 10 WARNING neutron.scheduler.dhcp_agent_scheduler [None req-2127d028-ea0a-4807-80b4-1f9dbc6bbde9 8b58ad38d2dc4dc9b8d3343d49699d3a d09e42a428454bdf8aaa5135686dd9d0 - - default default] No more DHCP agents
2026-07-09 15:47:32.046 10 INFO neutron.db.ovn_revision_numbers_db [None req-007d737e-8526-463d-80f1-832c933c5c65 c78bf3b8cf62431b8a411c2bb640c804 0c88b9fafbe24245a405c8b3e038ea2d - - default default] Successfully bumped revision number for resource 5316f2fd-802f-4c7c-8549-1927935b0ef5 (type: security_group_rules) to 0
2026-07-09 15:47:32.049 10 WARNING neutron.api.rpc.agentnotifiers.dhcp_rpc_agent_api [None req-2127d028-ea0a-4807-80b4-1f9dbc6bbde9 8b58ad38d2dc4dc9b8d3343d49699d3a d09e42a428454bdf8aaa5135686dd9d0 - - default default] Unable to schedule network 8ce7dbda-337d-4e29-99b3-91b8553ef861: no agents available; will retry on subsequent port and subnet creation events.
2026-07-09 15:47:32.113 10 INFO neutron.db.ovn_revision_numbers_db [None req-007d737e-8526-463d-80f1-832c933c5c65 c78bf3b8cf62431b8a411c2bb640c804 0c88b9fafbe24245a405c8b3e038ea2d - - default default] Successfully bumped revision number for resource be84adb3-cdfb-4721-8855-1237619475c5 (type: security_group_rules) to 0
2026-07-09 15:47:32.119 9 INFO neutron.plugins.ml2.drivers.ovn.mech_driver.mech_driver [None req-2e4dec20-51cf-4ab6-a7ab-78d6097ca8de - - - - - -] OVN reports status up for port: da4651e1-742e-4187-9d81-bd2ef864d582
2026-07-09 15:47:32.139 9 INFO neutron.plugins.ml2.plugin [None req-2e4dec20-51cf-4ab6-a7ab-78d6097ca8de - - - - - -] Attempt 1 to provision port da4651e1-742e-4187-9d81-bd2ef864d582
2026-07-09 15:47:32.219 10 INFO neutron.db.ovn_revision_numbers_db [None req-007d737e-8526-463d-80f1-832c933c5c65 c78bf3b8cf62431b8a411c2bb640c804 0c88b9fafbe24245a405c8b3e038ea2d - - default default] Successfully bumped revision number for resource bf5972dc-9bab-4d67-a087-4d49ff546b79 (type: security_group_rules) to 0
2026-07-09 15:47:32.265 10 INFO neutron.wsgi [None req-007d737e-8526-463d-80f1-832c933c5c65 c78bf3b8cf62431b8a411c2bb640c804 0c88b9fafbe24245a405c8b3e038ea2d - - default default] 10.0.0.179 "GET /v2.0/security-groups?tenant_id=9202f40ead3640b2a8dab752e7e6122f&name=default HTTP/1.1" status: 200 len: 3120 time: 0.9287672
2026-07-09 15:47:32.342 10 INFO neutron.db.ovn_revision_numbers_db [None req-ddf66d87-a142-4ad9-8211-55d7b1eb5297 9eac513f43154ee7a43823db1d703bfc e59d441efe7742c5b3ac5930b8511719 - - default default] Successfully bumped revision number for resource 92704202-7b8b-4ceb-816f-628e8fb67649 (type: ports) to 2
2026-07-09 15:47:32.404 10 INFO neutron.db.ovn_revision_numbers_db [None req-ddf66d87-a142-4ad9-8211-55d7b1eb5297 9eac513f43154ee7a43823db1d703bfc e59d441efe7742c5b3ac5930b8511719 - - default default] Successfully bumped revision number for resource 7cc38b5a-c715-4746-882d-7da43caca734 (type: subnets) to 0
2026-07-09 15:47:32.418 10 INFO neutron.db.ovn_revision_numbers_db [None req-2127d028-ea0a-4807-80b4-1f9dbc6bbde9 8b58ad38d2dc4dc9b8d3343d49699d3a d09e42a428454bdf8aaa5135686dd9d0 - - default default] Successfully bumped revision number for resource a973767a-d497-41f0-a992-32e284e9ee2f (type: router_ports) to 1
2026-07-09 15:47:32.424 10 INFO neutron.wsgi [None req-2127d028-ea0a-4807-80b4-1f9dbc6bbde9 8b58ad38d2dc4dc9b8d3343d49699d3a d09e42a428454bdf8aaa5135686dd9d0 - - default default] 10.0.0.179 "PUT /v2.0/routers/fa544518-1e9d-4ca0-8331-29a26672732d/add_router_interface HTTP/1.1" status: 200 len: 503 time: 2.8963690
2026-07-09 15:47:32.434 10 INFO neutron.wsgi [None req-ddf66d87-a142-4ad9-8211-55d7b1eb5297 9eac513f43154ee7a43823db1d703bfc e59d441efe7742c5b3ac5930b8511719 - - default default] 10.0.0.179 "POST /v2.0/subnets HTTP/1.1" status: 201 len: 822 time: 1.6212289
2026-07-09 15:47:32.570 9 INFO neutron.wsgi [None req-9f81fc81-662a-422a-af51-0fdd227db772 8b58ad38d2dc4dc9b8d3343d49699d3a d09e42a428454bdf8aaa5135686dd9d0 - - default default] 10.0.0.179 "GET /v2.0/ports/a973767a-d497-41f0-a992-32e284e9ee2f HTTP/1.1" status: 200 len: 1137 time: 0.1378238
2026-07-09 15:47:32.579 9 INFO neutron.db.ovn_revision_numbers_db [None req-2e4dec20-51cf-4ab6-a7ab-78d6097ca8de - - - - - -] Successfully bumped revision number for resource da4651e1-742e-4187-9d81-bd2ef864d582 (type: ports) to 4
2026-07-09 15:47:32.679 10 INFO neutron.db.ovn_revision_numbers_db [None req-a1bfd37f-beae-42a1-bd64-8458ef0c0da0 - - - - - -] Successfully bumped revision number for resource a973767a-d497-41f0-a992-32e284e9ee2f (type: ports) to 2
2026-07-09 15:47:32.736 9 INFO neutron.wsgi [None req-3229edd9-4bfb-44d5-a89a-8c6bd44e7db7 c78bf3b8cf62431b8a411c2bb640c804 0c88b9fafbe24245a405c8b3e038ea2d - - default default] 10.0.0.179 "DELETE /v2.0/security-groups/18a2cff8-5ad5-486e-9651-c9543ea1c1a9 HTTP/1.1" status: 204 len: 168 time: 0.4654315
2026-07-09 15:47:32.856 10 INFO neutron.db.ovn_revision_numbers_db [None req-a1bfd37f-beae-42a1-bd64-8458ef0c0da0 - - - - - -] Successfully bumped revision number for resource a973767a-d497-41f0-a992-32e284e9ee2f (type: router_ports) to 2
2026-07-09 15:47:32.862 10 INFO neutron.wsgi [None req-b321673a-a2eb-4907-993d-6ae0456f7fa5 9eac513f43154ee7a43823db1d703bfc e59d441efe7742c5b3ac5930b8511719 - - default default] 10.0.0.179 "POST /v2.0/rbac-policies HTTP/1.1" status: 201 len: 523 time: 0.4206669
2026-07-09 15:47:32.953 9 INFO neutron.notifiers.nova [-] Nova event matching ['req-a85ed14b-469f-43fc-a19c-6d938b34eef6'] response: {'server_uuid': 'f1c97af6-9bd3-4c20-8c53-7c5b557fe73b', 'name': 'network-vif-plugged', 'status': 'completed', 'tag': 'da4651e1-742e-4187-9d81-bd2ef864d582', 'code': 200}
2026-07-09 15:47:32.953 9 INFO neutron.notifiers.nova [-] Nova event matching ['req-a85ed14b-469f-43fc-a19c-6d938b34eef6'] response: {'server_uuid': 'f1c97af6-9bd3-4c20-8c53-7c5b557fe73b', 'name': 'network-vif-plugged', 'status': 'completed', 'tag': 'da4651e1-742e-4187-9d81-bd2ef864d582', 'code': 200} /var/lib/openstack/lib/python3.10/site-packages/pycadf/identifier.py:71: UserWarning: Invalid uuid: neutron. To ensure interoperability, identifiers should be a valid uuid. warnings.warn(('Invalid uuid: %s. To ensure interoperability, '
2026-07-09 15:47:33.118 9 INFO neutron.wsgi [req-d4a2044d-addd-4b6c-a712-11c73b24d6e0 req-b964081e-91b6-4817-ab8c-10fc94f166a4 891200be37c844b0bec262a7ac238617 4b36384f06744cbfa8ddf4629f418f06 - - default default] 10.0.0.152 "GET /v2.0/ports?device_id=f1c97af6-9bd3-4c20-8c53-7c5b557fe73b HTTP/1.1" status: 200 len: 1210 time: 0.0512354
2026-07-09 15:47:33.232 9 INFO neutron.wsgi [req-d4a2044d-addd-4b6c-a712-11c73b24d6e0 req-7ec8bd02-4159-4aa9-adcc-8f3b24fd02cc 891200be37c844b0bec262a7ac238617 4b36384f06744cbfa8ddf4629f418f06 - - default default] 10.0.0.152 "GET /v2.0/security-groups?id=08548a41-98d1-4534-9c33-7ab450a95262&id=19eb2234-50c8-4006-b519-4d2d40b17ac3&fields=id&fields=name HTTP/1.1" status: 200 len: 406 time: 0.1043169
2026-07-09 15:47:33.270 9 WARNING neutron.scheduler.dhcp_agent_scheduler [None req-5d914624-1403-4c05-9bb8-ace61b1ec969 8b58ad38d2dc4dc9b8d3343d49699d3a d09e42a428454bdf8aaa5135686dd9d0 - - default default] No more DHCP agents
