2026-07-09 15:47:20.645 9 WARNING neutron.api.rpc.agentnotifiers.dhcp_rpc_agent_api [None req-2abd7703-3d9a-44f3-950d-fb921d66a653 c78bf3b8cf62431b8a411c2bb640c804 0c88b9fafbe24245a405c8b3e038ea2d - - default default] Unable to schedule network d3dab79e-6524-45c6-9302-eabd2c0b2c70: no agents available; will retry on subsequent port and subnet creation events.
2026-07-09 15:47:20.706 10 INFO neutron.db.ovn_revision_numbers_db [None req-d7bec0e0-6783-44ae-bf47-3743bddda475 - - - - - -] Successfully bumped revision number for resource 692eb4fd-2c5c-43c5-8385-43ca5e048f7f (type: ports) to 2
2026-07-09 15:47:21.032 9 WARNING neutron.scheduler.dhcp_agent_scheduler [None req-dc97ade8-4a24-40e4-a024-59745bf9f1d4 4a058817913c4a34a26a6e8f481821a1 414779e83cad4e5baf805401751c481b - - default default] No more DHCP agents
2026-07-09 15:47:21.040 9 WARNING neutron.api.rpc.agentnotifiers.dhcp_rpc_agent_api [None req-dc97ade8-4a24-40e4-a024-59745bf9f1d4 4a058817913c4a34a26a6e8f481821a1 414779e83cad4e5baf805401751c481b - - default default] Unable to schedule network 459ee3e8-e889-4629-8ce7-8571ed579239: no agents available; will retry on subsequent port and subnet creation events.
2026-07-09 15:47:21.149 9 INFO neutron.db.ovn_revision_numbers_db [None req-dc97ade8-4a24-40e4-a024-59745bf9f1d4 4a058817913c4a34a26a6e8f481821a1 414779e83cad4e5baf805401751c481b - - default default] Successfully bumped revision number for resource bcfe8c5a-25f1-4100-abee-0bcfb51afae9 (type: ports) to 1
2026-07-09 15:47:21.182 9 INFO neutron.wsgi [None req-dc97ade8-4a24-40e4-a024-59745bf9f1d4 4a058817913c4a34a26a6e8f481821a1 414779e83cad4e5baf805401751c481b - - default default] 10.0.0.179 "POST /v2.0/networks HTTP/1.1" status: 201 len: 830 time: 1.0277898
2026-07-09 15:47:21.195 9 WARNING neutron_lib.context [None req-54a962be-c5e6-45fc-8da7-bad40a7ae485 4a058817913c4a34a26a6e8f481821a1 414779e83cad4e5baf805401751c481b - - default default] Method 'is_advsvc' is deprecated since 2023.2 release (neutron-lib 3.8.0) and will be removed once support for the old RBAC API policies will be removed from Neutron. Please use method 'is_service_role' instead.
2026-07-09 15:47:21.248 10 INFO neutron.wsgi [None req-b64c256f-a629-4b89-9187-2423aea188fb 8326165ecfc9468fbb80a6ade4cf8f96 a3bceb19eb884be08ca73ea947a8133f - - default default] 10.0.0.179 "DELETE /v2.0/routers/f7eb32de-6467-4458-9dd3-3c371a4a7e72 HTTP/1.1" status: 204 len: 168 time: 1.4080570
2026-07-09 15:47:21.301 10 INFO neutron.db.ovn_revision_numbers_db [None req-d7bec0e0-6783-44ae-bf47-3743bddda475 - - - - - -] Successfully bumped revision number for resource 692eb4fd-2c5c-43c5-8385-43ca5e048f7f (type: ports) to 4
2026-07-09 15:47:21.559 10 INFO neutron.wsgi [None req-91845952-b9b5-4b36-b522-12ea676dd313 8326165ecfc9468fbb80a6ade4cf8f96 a3bceb19eb884be08ca73ea947a8133f - - default default] 10.0.0.179 "DELETE /v2.0/subnets/d0e06162-c610-44ef-845b-e976b3cce3e6 HTTP/1.1" status: 204 len: 168 time: 0.3058732
2026-07-09 15:47:21.667 10 INFO neutron.db.ovn_revision_numbers_db [None req-d7bec0e0-6783-44ae-bf47-3743bddda475 - - - - - -] Successfully bumped revision number for resource 692eb4fd-2c5c-43c5-8385-43ca5e048f7f (type: router_ports) to 4
2026-07-09 15:47:21.669 9 WARNING neutron.scheduler.dhcp_agent_scheduler [None req-54a962be-c5e6-45fc-8da7-bad40a7ae485 4a058817913c4a34a26a6e8f481821a1 414779e83cad4e5baf805401751c481b - - default default] No more DHCP agents
2026-07-09 15:47:21.676 9 WARNING neutron.api.rpc.agentnotifiers.dhcp_rpc_agent_api [None req-54a962be-c5e6-45fc-8da7-bad40a7ae485 4a058817913c4a34a26a6e8f481821a1 414779e83cad4e5baf805401751c481b - - default default] Unable to schedule network 459ee3e8-e889-4629-8ce7-8571ed579239: no agents available; will retry on subsequent port and subnet creation events.
2026-07-09 15:47:21.858 9 INFO neutron.db.ovn_revision_numbers_db [None req-54a962be-c5e6-45fc-8da7-bad40a7ae485 4a058817913c4a34a26a6e8f481821a1 414779e83cad4e5baf805401751c481b - - default default] Successfully bumped revision number for resource 5749de74-c4ea-422a-9ab6-1692947ec0ca (type: ports) to 1
2026-07-09 15:47:21.880 9 INFO neutron.db.ovn_revision_numbers_db [None req-2abd7703-3d9a-44f3-950d-fb921d66a653 c78bf3b8cf62431b8a411c2bb640c804 0c88b9fafbe24245a405c8b3e038ea2d - - default default] Successfully bumped revision number for resource b7b2f035-2b0d-4ff8-87f7-4e9b9e73aa9d (type: router_ports) to 1
2026-07-09 15:47:21.889 9 INFO neutron.wsgi [None req-2abd7703-3d9a-44f3-950d-fb921d66a653 c78bf3b8cf62431b8a411c2bb640c804 0c88b9fafbe24245a405c8b3e038ea2d - - default default] 10.0.0.179 "PUT /v2.0/routers/3869e4fa-a195-4cc5-8e3d-5ca1dae87fa7/add_router_interface HTTP/1.1" status: 200 len: 503 time: 3.4948606
2026-07-09 15:47:21.904 9 INFO neutron.wsgi [None req-54a962be-c5e6-45fc-8da7-bad40a7ae485 4a058817913c4a34a26a6e8f481821a1 414779e83cad4e5baf805401751c481b - - default default] 10.0.0.179 "POST /v2.0/ports HTTP/1.1" status: 201 len: 942 time: 0.7136660
2026-07-09 15:47:21.919 10 WARNING neutron_lib.context [None req-1cf0ba0c-b6f0-44bd-a26b-5245773041cc 4a058817913c4a34a26a6e8f481821a1 414779e83cad4e5baf805401751c481b - - default default] Method 'is_advsvc' is deprecated since 2023.2 release (neutron-lib 3.8.0) and will be removed once support for the old RBAC API policies will be removed from Neutron. Please use method 'is_service_role' instead.
2026-07-09 15:47:22.102 10 INFO neutron.wsgi [None req-1cf0ba0c-b6f0-44bd-a26b-5245773041cc 4a058817913c4a34a26a6e8f481821a1 414779e83cad4e5baf805401751c481b - - default default] 10.0.0.179 "POST /v2.0/trunks HTTP/1.1" status: 201 len: 608 time: 0.1906548
2026-07-09 15:47:22.109 9 INFO neutron.services.segments.plugin [-] Segment 73fe3935-c121-4f4a-ba9a-22c0e8398c23 resource provider aggregate not found
2026-07-09 15:47:22.114 9 INFO neutron.services.segments.plugin [-] Segment 73fe3935-c121-4f4a-ba9a-22c0e8398c23 resource provider aggregate not found /var/lib/openstack/lib/python3.10/site-packages/pycadf/identifier.py:71: UserWarning: Invalid uuid: neutron. To ensure interoperability, identifiers should be a valid uuid. warnings.warn(('Invalid uuid: %s. To ensure interoperability, '
2026-07-09 15:47:22.129 9 INFO neutron.services.segments.plugin [-] Segment 73fe3935-c121-4f4a-ba9a-22c0e8398c23 resource provider not found; error: Placement Client Error (4xx): {"errors": [{"status": 404, "title": "Not Found", "detail": "The resource could not be found.\n\n No resource provider with uuid 73fe3935-c121-4f4a-ba9a-22c0e8398c23 found for delete ", "request_id": "req-d4db0be3-d8f4-4c1d-ae2a-0cd35e66cb5b"}]}
2026-07-09 15:47:22.134 9 INFO neutron.services.segments.plugin [-] Segment 73fe3935-c121-4f4a-ba9a-22c0e8398c23 resource provider not found; error: Placement Client Error (4xx): {"errors": [{"status": 404, "title": "Not Found", "detail": "The resource could not be found.\n\n No resource provider with uuid 73fe3935-c121-4f4a-ba9a-22c0e8398c23 found for delete ", "request_id": "req-bd3fd3f0-804d-492d-bdd7-7688ea189e24"}]}
2026-07-09 15:47:22.151 9 INFO neutron.wsgi [None req-11da89bf-ebf4-4067-b786-6d966cb75f8e 8326165ecfc9468fbb80a6ade4cf8f96 a3bceb19eb884be08ca73ea947a8133f - - default default] 10.0.0.179 "DELETE /v2.0/networks/039dee5d-085c-45da-9598-859114bfac7f HTTP/1.1" status: 204 len: 168 time: 0.5871148
2026-07-09 15:47:22.162 9 INFO neutron.wsgi [None req-652d86c3-0456-40ca-8a22-aee0de965d78 4a058817913c4a34a26a6e8f481821a1 414779e83cad4e5baf805401751c481b - - default default] 10.0.0.179 "PUT /v2.0/trunks/b410c6a5-b7f8-44bd-9c8b-1c10554557f3/tags HTTP/1.1" status: 200 len: 210 time: 0.0547833
2026-07-09 15:47:22.199 9 INFO neutron.wsgi [None req-d5f8183b-b936-47af-a0ba-5a984dcb6802 4a058817913c4a34a26a6e8f481821a1 414779e83cad4e5baf805401751c481b - - default default] 10.0.0.179 "PUT /v2.0/trunks/dfb54514-508d-4aad-9881-c9f7c81006ed/tags HTTP/1.1" status: 200 len: 218 time: 0.0336978
2026-07-09 15:47:22.234 9 INFO neutron.wsgi [None req-28f2158f-6151-4c99-a440-70185b9b9a16 4a058817913c4a34a26a6e8f481821a1 414779e83cad4e5baf805401751c481b - - default default] 10.0.0.179 "PUT /v2.0/trunks/b0e6317c-c2e5-43b8-82d2-4bc4c1312c59/tags HTTP/1.1" status: 200 len: 227 time: 0.0304437
2026-07-09 15:47:22.272 9 INFO neutron.wsgi [None req-f45ba04e-ede4-4561-8651-38d7c45e6ac7 4a058817913c4a34a26a6e8f481821a1 414779e83cad4e5baf805401751c481b - - default default] 10.0.0.179 "PUT /v2.0/trunks/374708f8-386a-4689-9ca8-ae0dc4474257/tags HTTP/1.1" status: 200 len: 212 time: 0.0323114
2026-07-09 15:47:22.300 9 INFO neutron.wsgi [None req-1986ebea-c10b-4e69-8c73-804a97cc2aaf 4a058817913c4a34a26a6e8f481821a1 414779e83cad4e5baf805401751c481b - - default default] 10.0.0.179 "GET /v2.0/trunks?tags=red HTTP/1.1" status: 200 len: 1447 time: 0.0244610
2026-07-09 15:47:22.330 9 INFO neutron.wsgi [None req-d77ae596-cf80-4efa-a6a2-0b7a1790e1d8 4a058817913c4a34a26a6e8f481821a1 414779e83cad4e5baf805401751c481b - - default default] 10.0.0.179 "GET /v2.0/trunks?tags=red%2Cblue HTTP/1.1" status: 200 len: 1041 time: 0.0237384
2026-07-09 15:47:22.355 9 INFO neutron.wsgi [None req-a1cf7e5c-98e8-465b-8884-f292b33ea675 4a058817913c4a34a26a6e8f481821a1 414779e83cad4e5baf805401751c481b - - default default] 10.0.0.179 "GET /v2.0/trunks?tags-any=blue HTTP/1.1" status: 200 len: 1041 time: 0.0205700
2026-07-09 15:47:22.396 9 INFO neutron.wsgi [None req-b130fd5b-17d9-4820-979d-397aba4aa2e7 4a058817913c4a34a26a6e8f481821a1 414779e83cad4e5baf805401751c481b - - default default] 10.0.0.179 "GET /v2.0/trunks?tags-any=red%2Cblue HTTP/1.1" status: 200 len: 1447 time: 0.0362103
2026-07-09 15:47:22.425 9 INFO neutron.wsgi [None req-f2465b8b-2b05-4593-a9df-83d7a97da1d8 4a058817913c4a34a26a6e8f481821a1 414779e83cad4e5baf805401751c481b - - default default] 10.0.0.179 "GET /v2.0/trunks?not-tags=red HTTP/1.1" status: 200 len: 1013 time: 0.0255487
2026-07-09 15:47:22.456 9 INFO neutron.wsgi [None req-66403998-0d29-430d-8769-7e8babd4ea82 4a058817913c4a34a26a6e8f481821a1 414779e83cad4e5baf805401751c481b - - default default] 10.0.0.179 "GET /v2.0/trunks?not-tags=red%2Cblue HTTP/1.1" status: 200 len: 1419 time: 0.0226152
2026-07-09 15:47:22.485 9 INFO neutron.wsgi [None req-e46ee7bb-df7d-4d7a-88c5-48bfe86915cb 4a058817913c4a34a26a6e8f481821a1 414779e83cad4e5baf805401751c481b - - default default] 10.0.0.179 "GET /v2.0/trunks?not-tags-any=blue HTTP/1.1" status: 200 len: 1419 time: 0.0199802
2026-07-09 15:47:22.517 9 INFO neutron.wsgi [None req-1b80f575-99d3-4353-8b99-b4d4600cde4b 4a058817913c4a34a26a6e8f481821a1 414779e83cad4e5baf805401751c481b - - default default] 10.0.0.179 "GET /v2.0/trunks?not-tags-any=red%2Cblue HTTP/1.1" status: 200 len: 1013 time: 0.0242712
2026-07-09 15:47:22.537 9 WARNING neutron_lib.context [None req-3d718aa1-0e26-45ad-be78-cd078c7d8ede 891200be37c844b0bec262a7ac238617 4b36384f06744cbfa8ddf4629f418f06 - - default default] Method 'is_advsvc' is deprecated since 2023.2 release (neutron-lib 3.8.0) and will be removed once support for the old RBAC API policies will be removed from Neutron. Please use method 'is_service_role' instead.
2026-07-09 15:47:22.547 10 INFO neutron.wsgi [None req-fb31d03b-dc2d-4e3b-822e-c17941807ff3 4a058817913c4a34a26a6e8f481821a1 414779e83cad4e5baf805401751c481b - - default default] 10.0.0.179 "GET /v2.0/trunks/b410c6a5-b7f8-44bd-9c8b-1c10554557f3 HTTP/1.1" status: 200 len: 608 time: 0.0219893
2026-07-09 15:47:22.644 10 INFO neutron.wsgi [None req-68dd0883-89fb-4b42-8eea-0793f09f4404 4a058817913c4a34a26a6e8f481821a1 414779e83cad4e5baf805401751c481b - - default default] 10.0.0.179 "GET /v2.0/ports/946175ca-fd9d-4286-b254-b41118279616 HTTP/1.1" status: 200 len: 1020 time: 0.0901971
2026-07-09 15:47:22.679 9 INFO neutron.db.ovn_revision_numbers_db [None req-3d718aa1-0e26-45ad-be78-cd078c7d8ede 891200be37c844b0bec262a7ac238617 4b36384f06744cbfa8ddf4629f418f06 - - default default] Successfully bumped revision number for resource 08548a41-98d1-4534-9c33-7ab450a95262 (type: security_groups) to 1
2026-07-09 15:47:22.700 9 INFO neutron.db.ovn_revision_numbers_db [None req-3d718aa1-0e26-45ad-be78-cd078c7d8ede 891200be37c844b0bec262a7ac238617 4b36384f06744cbfa8ddf4629f418f06 - - default default] Successfully bumped revision number for resource aeea51f2-65e6-4ee4-9e81-768f9835f571 (type: security_group_rules) to 0
2026-07-09 15:47:22.729 9 INFO neutron.db.ovn_revision_numbers_db [None req-3d718aa1-0e26-45ad-be78-cd078c7d8ede 891200be37c844b0bec262a7ac238617 4b36384f06744cbfa8ddf4629f418f06 - - default default] Successfully bumped revision number for resource eb05c310-db2c-4247-b664-77dae02284e6 (type: security_group_rules) to 0
2026-07-09 15:47:22.754 9 INFO neutron.wsgi [None req-3d718aa1-0e26-45ad-be78-cd078c7d8ede 891200be37c844b0bec262a7ac238617 4b36384f06744cbfa8ddf4629f418f06 - - default default] 10.0.0.179 "POST /v2.0/security-groups HTTP/1.1" status: 201 len: 1875 time: 0.2223313
2026-07-09 15:47:22.760 9 INFO neutron.wsgi [None req-c283c01c-59c7-4cd2-9f97-0dc86451311f 4a058817913c4a34a26a6e8f481821a1 414779e83cad4e5baf805401751c481b - - default default] 10.0.0.179 "DELETE /v2.0/trunks/b410c6a5-b7f8-44bd-9c8b-1c10554557f3 HTTP/1.1" status: 204 len: 168 time: 0.1100767
2026-07-09 15:47:22.767 10 WARNING neutron_lib.context [None req-3e1baa7a-1722-4975-a218-fb0385d0c88a 891200be37c844b0bec262a7ac238617 4b36384f06744cbfa8ddf4629f418f06 - - default default] Method 'is_advsvc' is deprecated since 2023.2 release (neutron-lib 3.8.0) and will be removed once support for the old RBAC API policies will be removed from Neutron. Please use method 'is_service_role' instead.
2026-07-09 15:47:22.791 9 INFO neutron.wsgi [None req-6faa78b7-2f84-4430-b7a8-8d9580ddc3b5 4a058817913c4a34a26a6e8f481821a1 414779e83cad4e5baf805401751c481b - - default default] 10.0.0.179 "GET /v2.0/trunks/dfb54514-508d-4aad-9881-c9f7c81006ed HTTP/1.1" status: 200 len: 616 time: 0.0245895
2026-07-09 15:47:22.825 9 INFO neutron.wsgi [None req-40c5b073-da8f-45ed-a0df-5a4e1b4d8354 c78bf3b8cf62431b8a411c2bb640c804 0c88b9fafbe24245a405c8b3e038ea2d - - default default] 10.0.0.179 "GET /v2.0/security-groups?tenant_id=a3bceb19eb884be08ca73ea947a8133f&name=default HTTP/1.1" status: 200 len: 3120 time: 0.2076192
2026-07-09 15:47:22.896 10 INFO neutron.db.ovn_revision_numbers_db [None req-3e1baa7a-1722-4975-a218-fb0385d0c88a 891200be37c844b0bec262a7ac238617 4b36384f06744cbfa8ddf4629f418f06 - - default default] Successfully bumped revision number for resource ff50def2-be2f-4477-a491-6755e9bd8536 (type: security_group_rules) to 0
2026-07-09 15:47:22.900 9 INFO neutron.wsgi [None req-b4efc890-f4dc-4b8a-86ab-0d07b9a951b5 4a058817913c4a34a26a6e8f481821a1 414779e83cad4e5baf805401751c481b - - default default] 10.0.0.179 "GET /v2.0/ports/7c008e17-f68c-423b-a5ab-d64fb2d73722 HTTP/1.1" status: 200 len: 1020 time: 0.1047466
2026-07-09 15:47:22.929 10 INFO neutron.wsgi [None req-3e1baa7a-1722-4975-a218-fb0385d0c88a 891200be37c844b0bec262a7ac238617 4b36384f06744cbfa8ddf4629f418f06 - - default default] 10.0.0.179 "POST /v2.0/security-group-rules HTTP/1.1" status: 201 len: 796 time: 0.1699686
2026-07-09 15:47:22.939 10 WARNING neutron_lib.context [None req-dafe6d83-3a61-4e3f-aa32-ca437a0a4021 891200be37c844b0bec262a7ac238617 4b36384f06744cbfa8ddf4629f418f06 - - default default] Method 'is_advsvc' is deprecated since 2023.2 release (neutron-lib 3.8.0) and will be removed once support for the old RBAC API policies will be removed from Neutron. Please use method 'is_service_role' instead.
2026-07-09 15:47:22.997 9 INFO neutron.wsgi [None req-290bfac7-a8a9-48d0-9024-323841bd92e3 4a058817913c4a34a26a6e8f481821a1 414779e83cad4e5baf805401751c481b - - default default] 10.0.0.179 "DELETE /v2.0/trunks/dfb54514-508d-4aad-9881-c9f7c81006ed HTTP/1.1" status: 204 len: 168 time: 0.0926628
2026-07-09 15:47:23.020 10 INFO neutron.wsgi [None req-82b5507e-4c48-49da-b995-f95ab65f21fa 4a058817913c4a34a26a6e8f481821a1 414779e83cad4e5baf805401751c481b - - default default] 10.0.0.179 "GET /v2.0/trunks/b0e6317c-c2e5-43b8-82d2-4bc4c1312c59 HTTP/1.1" status: 200 len: 625 time: 0.0184989
2026-07-09 15:47:23.098 10 INFO neutron.db.ovn_revision_numbers_db [None req-dafe6d83-3a61-4e3f-aa32-ca437a0a4021 891200be37c844b0bec262a7ac238617 4b36384f06744cbfa8ddf4629f418f06 - - default default] Successfully bumped revision number for resource 430da6a7-c3f0-4068-b977-8d9867f716e1 (type: security_group_rules) to 0
2026-07-09 15:47:23.099 9 INFO neutron.wsgi [None req-07a63dae-ac95-4e52-9953-27b1a0052300 c78bf3b8cf62431b8a411c2bb640c804 0c88b9fafbe24245a405c8b3e038ea2d - - default default] 10.0.0.179 "DELETE /v2.0/security-groups/fe9dc470-af07-4c9b-a951-7e723dc9db1d HTTP/1.1" status: 204 len: 168 time: 0.2695448
2026-07-09 15:47:23.125 10 INFO neutron.wsgi [None req-abc8f42c-4aaa-4e14-871f-1c3a6b8f68ab 4a058817913c4a34a26a6e8f481821a1 414779e83cad4e5baf805401751c481b - - default default] 10.0.0.179 "GET /v2.0/ports/51eccea0-9848-4e97-b0ee-0073d3e2bda0 HTTP/1.1" status: 200 len: 1020 time: 0.0996554
2026-07-09 15:47:23.129 10 INFO neutron.wsgi [None req-dafe6d83-3a61-4e3f-aa32-ca437a0a4021 891200be37c844b0bec262a7ac238617 4b36384f06744cbfa8ddf4629f418f06 - - default default] 10.0.0.179 "POST /v2.0/security-group-rules HTTP/1.1" status: 201 len: 795 time: 0.1947947
2026-07-09 15:47:23.143 9 WARNING neutron_lib.context [None req-ad83bc8a-0db3-47f8-96d6-cab97224504e 891200be37c844b0bec262a7ac238617 4b36384f06744cbfa8ddf4629f418f06 - - default default] Method 'is_advsvc' is deprecated since 2023.2 release (neutron-lib 3.8.0) and will be removed once support for the old RBAC API policies will be removed from Neutron. Please use method 'is_service_role' instead.
2026-07-09 15:47:23.216 10 INFO neutron.wsgi [None req-5469340d-6a11-4e48-8676-80c695eea503 4a058817913c4a34a26a6e8f481821a1 414779e83cad4e5baf805401751c481b - - default default] 10.0.0.179 "DELETE /v2.0/trunks/b0e6317c-c2e5-43b8-82d2-4bc4c1312c59 HTTP/1.1" status: 204 len: 168 time: 0.0854268
2026-07-09 15:47:23.245 9 INFO neutron.wsgi [None req-16e8f6f9-fd50-4e29-94de-25843f1b610b 4a058817913c4a34a26a6e8f481821a1 414779e83cad4e5baf805401751c481b - - default default] 10.0.0.179 "GET /v2.0/trunks/374708f8-386a-4689-9ca8-ae0dc4474257 HTTP/1.1" status: 200 len: 610 time: 0.0241010
2026-07-09 15:47:23.320 9 INFO neutron.db.ovn_revision_numbers_db [None req-ad83bc8a-0db3-47f8-96d6-cab97224504e 891200be37c844b0bec262a7ac238617 4b36384f06744cbfa8ddf4629f418f06 - - default default] Successfully bumped revision number for resource 56c28e7d-6dd1-40c9-bf44-55aa82615df0 (type: security_group_rules) to 0
2026-07-09 15:47:23.369 9 INFO neutron.wsgi [None req-02d743e3-33b7-4e46-990c-c6a4932acc1e 4a058817913c4a34a26a6e8f481821a1 414779e83cad4e5baf805401751c481b - - default default] 10.0.0.179 "GET /v2.0/ports/e94be120-00f2-4837-bb58-f26343c9cf7d HTTP/1.1" status: 200 len: 1020 time: 0.1110694
2026-07-09 15:47:23.374 9 INFO neutron.wsgi [None req-ad83bc8a-0db3-47f8-96d6-cab97224504e 891200be37c844b0bec262a7ac238617 4b36384f06744cbfa8ddf4629f418f06 - - default default] 10.0.0.179 "POST /v2.0/security-group-rules HTTP/1.1" status: 201 len: 801 time: 0.2403746
2026-07-09 15:47:23.390 9 WARNING neutron_lib.context [None req-f76a6147-570b-4987-afab-9d8f9b5436f7 891200be37c844b0bec262a7ac238617 4b36384f06744cbfa8ddf4629f418f06 - - default default] Method 'is_advsvc' is deprecated since 2023.2 release (neutron-lib 3.8.0) and will be removed once support for the old RBAC API policies will be removed from Neutron. Please use method 'is_service_role' instead.
2026-07-09 15:47:23.510 9 INFO neutron.wsgi [None req-416d895a-d7d3-4106-a215-efab223a2317 4a058817913c4a34a26a6e8f481821a1 414779e83cad4e5baf805401751c481b - - default default] 10.0.0.179 "DELETE /v2.0/trunks/374708f8-386a-4689-9ca8-ae0dc4474257 HTTP/1.1" status: 204 len: 168 time: 0.1326001
2026-07-09 15:47:23.533 9 INFO neutron.wsgi [None req-1ac7f2e1-15b8-423a-b9f7-d70f0b85ce29 4a058817913c4a34a26a6e8f481821a1 414779e83cad4e5baf805401751c481b - - default default] 10.0.0.179 "GET /v2.0/trunks/ffaf8c96-5e8b-44c8-b04b-8775d2755f4a HTTP/1.1" status: 200 len: 603 time: 0.0185502
2026-07-09 15:47:23.633 10 WARNING neutron.plugins.ml2.drivers.ovn.mech_driver.ovsdb.ovn_client [None req-a1bfd37f-beae-42a1-bd64-8458ef0c0da0 - - - - - -] No hosting information found for port eca0d758-7ec9-4495-b515-0835ab38b5ed: RuntimeError: No hosting information found for port eca0d758-7ec9-4495-b515-0835ab38b5ed
2026-07-09 15:47:23.634 10 INFO neutron.plugins.ml2.drivers.ovn.mech_driver.mech_driver [None req-a1bfd37f-beae-42a1-bd64-8458ef0c0da0 - - - - - -] OVN reports status up for port: b7b2f035-2b0d-4ff8-87f7-4e9b9e73aa9d
2026-07-09 15:47:23.641 10 INFO neutron.plugins.ml2.plugin [None req-a1bfd37f-beae-42a1-bd64-8458ef0c0da0 - - - - - -] Attempt 1 to provision port b7b2f035-2b0d-4ff8-87f7-4e9b9e73aa9d
2026-07-09 15:47:23.663 9 INFO neutron.wsgi [None req-f12bc85b-b87b-47a0-bc4a-b937732e3a1d 4a058817913c4a34a26a6e8f481821a1 414779e83cad4e5baf805401751c481b - - default default] 10.0.0.179 "GET /v2.0/ports/5749de74-c4ea-422a-9ab6-1692947ec0ca HTTP/1.1" status: 200 len: 1020 time: 0.1264682
2026-07-09 15:47:23.676 9 INFO neutron.db.ovn_revision_numbers_db [None req-f76a6147-570b-4987-afab-9d8f9b5436f7 891200be37c844b0bec262a7ac238617 4b36384f06744cbfa8ddf4629f418f06 - - default default] Successfully bumped revision number for resource 6e1ea30a-c293-4043-8ebb-b4dcd1b95e4d (type: security_group_rules) to 0
2026-07-09 15:47:23.727 9 INFO neutron.wsgi [None req-f76a6147-570b-4987-afab-9d8f9b5436f7 891200be37c844b0bec262a7ac238617 4b36384f06744cbfa8ddf4629f418f06 - - default default] 10.0.0.179 "POST /v2.0/security-group-rules HTTP/1.1" status: 201 len: 800 time: 0.3421340
2026-07-09 15:47:23.741 9 WARNING neutron_lib.context [None req-c927697b-c0db-41ec-b070-99602ccbb96e 891200be37c844b0bec262a7ac238617 4b36384f06744cbfa8ddf4629f418f06 - - default default] Method 'is_advsvc' is deprecated since 2023.2 release (neutron-lib 3.8.0) and will be removed once support for the old RBAC API policies will be removed from Neutron. Please use method 'is_service_role' instead.
2026-07-09 15:47:23.799 9 INFO neutron.wsgi [None req-acd72390-3136-4c07-94a5-272dc0e4aded 4a058817913c4a34a26a6e8f481821a1 414779e83cad4e5baf805401751c481b - - default default] 10.0.0.179 "DELETE /v2.0/trunks/ffaf8c96-5e8b-44c8-b04b-8775d2755f4a HTTP/1.1" status: 204 len: 168 time: 0.1297464
2026-07-09 15:47:23.804 9 INFO neutron.db.securitygroups_db [None req-c927697b-c0db-41ec-b070-99602ccbb96e 891200be37c844b0bec262a7ac238617 4b36384f06744cbfa8ddf4629f418f06 - - default default] Project 4b36384f06744cbfa8ddf4629f418f06 added a security group rule with legacy IPv6 ICMP protocol name icmp, ipv6-icmp should be used instead. It was automatically converted.
2026-07-09 15:47:23.814 9 INFO neutron.db.ovn_revision_numbers_db [None req-1d262ed2-6ffd-4d1f-a01b-4f9bf265782a 9eac513f43154ee7a43823db1d703bfc e59d441efe7742c5b3ac5930b8511719 - - default default] Successfully bumped revision number for resource 4b653ce2-7245-4fe0-8941-6c373f635804 (type: security_groups) to 1
2026-07-09 15:47:23.855 9 INFO neutron.db.ovn_revision_numbers_db [None req-1d262ed2-6ffd-4d1f-a01b-4f9bf265782a 9eac513f43154ee7a43823db1d703bfc e59d441efe7742c5b3ac5930b8511719 - - default default] Successfully bumped revision number for resource 137f96a6-0055-4cf4-a25b-abf4709e8111 (type: security_group_rules) to 0
2026-07-09 15:47:23.895 9 INFO neutron.db.ovn_revision_numbers_db [None req-1d262ed2-6ffd-4d1f-a01b-4f9bf265782a 9eac513f43154ee7a43823db1d703bfc e59d441efe7742c5b3ac5930b8511719 - - default default] Successfully bumped revision number for resource 67080690-2553-4832-8c31-779f6c01a164 (type: security_group_rules) to 0
2026-07-09 15:47:23.921 9 INFO neutron.db.ovn_revision_numbers_db [None req-1d262ed2-6ffd-4d1f-a01b-4f9bf265782a 9eac513f43154ee7a43823db1d703bfc e59d441efe7742c5b3ac5930b8511719 - - default default] Successfully bumped revision number for resource a3ed84cc-5642-4a77-a75a-6c10ae09fc20 (type: security_group_rules) to 0
2026-07-09 15:47:23.963 9 INFO neutron.db.ovn_revision_numbers_db [None req-1d262ed2-6ffd-4d1f-a01b-4f9bf265782a 9eac513f43154ee7a43823db1d703bfc e59d441efe7742c5b3ac5930b8511719 - - default default] Successfully bumped revision number for resource fe184988-2160-4f98-a7ea-03e0b0032ad9 (type: security_group_rules) to 0
2026-07-09 15:47:24.026 9 INFO neutron.db.ovn_revision_numbers_db [None req-c927697b-c0db-41ec-b070-99602ccbb96e 891200be37c844b0bec262a7ac238617 4b36384f06744cbfa8ddf4629f418f06 - - default default] Successfully bumped revision number for resource e5752f51-7e8f-49fb-9d32-694363f442a7 (type: security_group_rules) to 0
2026-07-09 15:47:24.038 9 INFO neutron.db.segments_db [None req-1d262ed2-6ffd-4d1f-a01b-4f9bf265782a 9eac513f43154ee7a43823db1d703bfc e59d441efe7742c5b3ac5930b8511719 - - default default] Added segment b94a407f-3c2a-483a-887e-a87bafd10279 of type geneve for network a4d83fff-cc88-443d-88d0-e59ac5ac1baa
2026-07-09 15:47:24.088 9 INFO neutron.wsgi [None req-c927697b-c0db-41ec-b070-99602ccbb96e 891200be37c844b0bec262a7ac238617 4b36384f06744cbfa8ddf4629f418f06 - - default default] 10.0.0.179 "POST /v2.0/security-group-rules HTTP/1.1" status: 201 len: 806 time: 0.3534391
2026-07-09 15:47:24.102 9 WARNING neutron_lib.context [None req-8445dcb9-47a1-4e2f-bd45-9c7e1643beaf 891200be37c844b0bec262a7ac238617 4b36384f06744cbfa8ddf4629f418f06 - - default default] Method 'is_advsvc' is deprecated since 2023.2 release (neutron-lib 3.8.0) and will be removed once support for the old RBAC API policies will be removed from Neutron. Please use method 'is_service_role' instead.
2026-07-09 15:47:24.120 10 INFO neutron.db.ovn_revision_numbers_db [None req-a1bfd37f-beae-42a1-bd64-8458ef0c0da0 - - - - - -] Successfully bumped revision number for resource b7b2f035-2b0d-4ff8-87f7-4e9b9e73aa9d (type: ports) to 2
2026-07-09 15:47:24.280 10 INFO neutron.db.ovn_revision_numbers_db [None req-a1bfd37f-beae-42a1-bd64-8458ef0c0da0 - - - - - -] Successfully bumped revision number for resource b7b2f035-2b0d-4ff8-87f7-4e9b9e73aa9d (type: router_ports) to 2
2026-07-09 15:47:24.488 9 INFO neutron.db.securitygroups_db [None req-8445dcb9-47a1-4e2f-bd45-9c7e1643beaf 891200be37c844b0bec262a7ac238617 4b36384f06744cbfa8ddf4629f418f06 - - default default] Project 4b36384f06744cbfa8ddf4629f418f06 added a security group rule with legacy IPv6 ICMP protocol name icmp, ipv6-icmp should be used instead. It was automatically converted.
2026-07-09 15:47:24.579 9 INFO neutron.db.ovn_revision_numbers_db [None req-1d262ed2-6ffd-4d1f-a01b-4f9bf265782a 9eac513f43154ee7a43823db1d703bfc e59d441efe7742c5b3ac5930b8511719 - - default default] Successfully bumped revision number for resource a4d83fff-cc88-443d-88d0-e59ac5ac1baa (type: networks) to 1
2026-07-09 15:47:24.602 9 INFO neutron.wsgi [None req-ee966573-0890-429b-aa92-a912d515876f 4a058817913c4a34a26a6e8f481821a1 414779e83cad4e5baf805401751c481b - - default default] 10.0.0.179 "DELETE /v2.0/ports/946175ca-fd9d-4286-b254-b41118279616 HTTP/1.1" status: 204 len: 168 time: 0.7964854
2026-07-09 15:47:24.706 9 INFO neutron.db.ovn_revision_numbers_db [None req-8445dcb9-47a1-4e2f-bd45-9c7e1643beaf 891200be37c844b0bec262a7ac238617 4b36384f06744cbfa8ddf4629f418f06 - - default default] Successfully bumped revision number for resource 9bcdab2e-4b13-45da-99a2-11314b859262 (type: security_group_rules) to 0
2026-07-09 15:47:24.772 9 INFO neutron.wsgi [None req-8445dcb9-47a1-4e2f-bd45-9c7e1643beaf 891200be37c844b0bec262a7ac238617 4b36384f06744cbfa8ddf4629f418f06 - - default default] 10.0.0.179 "POST /v2.0/security-group-rules HTTP/1.1" status: 201 len: 805 time: 0.6768539
2026-07-09 15:47:24.811 9 WARNING neutron.scheduler.dhcp_agent_scheduler [None req-1d262ed2-6ffd-4d1f-a01b-4f9bf265782a 9eac513f43154ee7a43823db1d703bfc e59d441efe7742c5b3ac5930b8511719 - - default default] No more DHCP agents
2026-07-09 15:47:24.813 9 WARNING neutron.api.rpc.agentnotifiers.dhcp_rpc_agent_api [None req-1d262ed2-6ffd-4d1f-a01b-4f9bf265782a 9eac513f43154ee7a43823db1d703bfc e59d441efe7742c5b3ac5930b8511719 - - default default] Unable to schedule network a4d83fff-cc88-443d-88d0-e59ac5ac1baa: no agents available; will retry on subsequent port and subnet creation events.
2026-07-09 15:47:24.898 9 INFO neutron.db.ovn_revision_numbers_db [None req-1d262ed2-6ffd-4d1f-a01b-4f9bf265782a 9eac513f43154ee7a43823db1d703bfc e59d441efe7742c5b3ac5930b8511719 - - default default] Successfully bumped revision number for resource 856faaf0-7f2b-4c70-8d5c-76298085bf64 (type: ports) to 1
2026-07-09 15:47:24.923 9 INFO neutron.wsgi [None req-1d262ed2-6ffd-4d1f-a01b-4f9bf265782a 9eac513f43154ee7a43823db1d703bfc e59d441efe7742c5b3ac5930b8511719 - - default default] 10.0.0.179 "POST /v2.0/networks HTTP/1.1" status: 201 len: 929 time: 1.4754310
2026-07-09 15:47:24.936 10 INFO neutron.wsgi [None req-33453e11-4582-48f7-bf19-6982a241e35f 4a058817913c4a34a26a6e8f481821a1 414779e83cad4e5baf805401751c481b - - default default] 10.0.0.179 "DELETE /v2.0/ports/7c008e17-f68c-423b-a5ab-d64fb2d73722 HTTP/1.1" status: 204 len: 168 time: 0.3282306
2026-07-09 15:47:25.055 9 WARNING neutron_lib.context [None req-05eb330e-d428-418b-81a3-fcd81024f141 8b58ad38d2dc4dc9b8d3343d49699d3a d09e42a428454bdf8aaa5135686dd9d0 - - default default] Method 'is_advsvc' is deprecated since 2023.2 release (neutron-lib 3.8.0) and will be removed once support for the old RBAC API policies will be removed from Neutron. Please use method 'is_service_role' instead.
2026-07-09 15:47:25.092 9 WARNING neutron.scheduler.dhcp_agent_scheduler [None req-faf05a09-eafa-4ccc-afde-e3f6f8c0ebba 9eac513f43154ee7a43823db1d703bfc e59d441efe7742c5b3ac5930b8511719 - - default default] No more DHCP agents
2026-07-09 15:47:25.095 9 WARNING neutron.api.rpc.agentnotifiers.dhcp_rpc_agent_api [None req-faf05a09-eafa-4ccc-afde-e3f6f8c0ebba 9eac513f43154ee7a43823db1d703bfc e59d441efe7742c5b3ac5930b8511719 - - default default] Unable to schedule network a4d83fff-cc88-443d-88d0-e59ac5ac1baa: no agents available; will retry on subsequent port and subnet creation events.
2026-07-09 15:47:25.198 10 INFO neutron.wsgi [None req-70ba7590-d21d-461a-ba22-6db0539bf3cf 4a058817913c4a34a26a6e8f481821a1 414779e83cad4e5baf805401751c481b - - default default] 10.0.0.179 "DELETE /v2.0/ports/51eccea0-9848-4e97-b0ee-0073d3e2bda0 HTTP/1.1" status: 204 len: 168 time: 0.2575090
2026-07-09 15:47:25.227 9 WARNING neutron_lib.context [None req-53f32a55-a8fe-4966-98af-ce0de3a85647 891200be37c844b0bec262a7ac238617 4b36384f06744cbfa8ddf4629f418f06 - - default default] Method 'is_advsvc' is deprecated since 2023.2 release (neutron-lib 3.8.0) and will be removed once support for the old RBAC API policies will be removed from Neutron. Please use method 'is_service_role' instead.
2026-07-09 15:47:25.255 9 INFO neutron.db.ovn_revision_numbers_db [None req-05eb330e-d428-418b-81a3-fcd81024f141 8b58ad38d2dc4dc9b8d3343d49699d3a d09e42a428454bdf8aaa5135686dd9d0 - - default default] Successfully bumped revision number for resource dc4cbd21-434b-4600-bb1a-81eef3e13f9b (type: security_groups) to 1
2026-07-09 15:47:25.279 9 INFO neutron.db.ovn_revision_numbers_db [None req-05eb330e-d428-418b-81a3-fcd81024f141 8b58ad38d2dc4dc9b8d3343d49699d3a d09e42a428454bdf8aaa5135686dd9d0 - - default default] Successfully bumped revision number for resource 28e19b69-d6fe-4314-ab11-16fe8c2dee7d (type: security_group_rules) to 0
2026-07-09 15:47:25.304 9 INFO neutron.db.ovn_revision_numbers_db [None req-05eb330e-d428-418b-81a3-fcd81024f141 8b58ad38d2dc4dc9b8d3343d49699d3a d09e42a428454bdf8aaa5135686dd9d0 - - default default] Successfully bumped revision number for resource 7fbeafb2-3d18-4df2-9e95-352381bb6d36 (type: security_group_rules) to 0
2026-07-09 15:47:25.327 9 INFO neutron.db.ovn_revision_numbers_db [None req-05eb330e-d428-418b-81a3-fcd81024f141 8b58ad38d2dc4dc9b8d3343d49699d3a d09e42a428454bdf8aaa5135686dd9d0 - - default default] Successfully bumped revision number for resource cf628ae7-4ecc-4e2b-90e8-cd0de8aa98b4 (type: security_group_rules) to 0
2026-07-09 15:47:25.365 9 INFO neutron.db.ovn_revision_numbers_db [None req-05eb330e-d428-418b-81a3-fcd81024f141 8b58ad38d2dc4dc9b8d3343d49699d3a d09e42a428454bdf8aaa5135686dd9d0 - - default default] Successfully bumped revision number for resource f4cedcc6-6edb-4efb-aef2-a36f6941b9f9 (type: security_group_rules) to 0
2026-07-09 15:47:25.445 9 INFO neutron.db.segments_db [None req-05eb330e-d428-418b-81a3-fcd81024f141 8b58ad38d2dc4dc9b8d3343d49699d3a d09e42a428454bdf8aaa5135686dd9d0 - - default default] Added segment 728379ba-7350-4c1d-a3b8-b57c475f9183 of type geneve for network 8ce7dbda-337d-4e29-99b3-91b8553ef861
2026-07-09 15:47:25.454 9 INFO neutron.db.ovn_revision_numbers_db [None req-53f32a55-a8fe-4966-98af-ce0de3a85647 891200be37c844b0bec262a7ac238617 4b36384f06744cbfa8ddf4629f418f06 - - default default] Successfully bumped revision number for resource 19eb2234-50c8-4006-b519-4d2d40b17ac3 (type: security_groups) to 1
2026-07-09 15:47:25.486 9 INFO neutron.db.ovn_revision_numbers_db [None req-53f32a55-a8fe-4966-98af-ce0de3a85647 891200be37c844b0bec262a7ac238617 4b36384f06744cbfa8ddf4629f418f06 - - default default] Successfully bumped revision number for resource a3bb089d-ac12-4142-b676-da8b4c96ee1f (type: security_group_rules) to 0
2026-07-09 15:47:25.525 9 INFO neutron.db.ovn_revision_numbers_db [None req-53f32a55-a8fe-4966-98af-ce0de3a85647 891200be37c844b0bec262a7ac238617 4b36384f06744cbfa8ddf4629f418f06 - - default default] Successfully bumped revision number for resource ffbfd634-2ec6-4447-807d-fcbdf31c1771 (type: security_group_rules) to 0
2026-07-09 15:47:25.566 9 INFO neutron.wsgi [None req-53f32a55-a8fe-4966-98af-ce0de3a85647 891200be37c844b0bec262a7ac238617 4b36384f06744cbfa8ddf4629f418f06 - - default default] 10.0.0.179 "POST /v2.0/security-groups HTTP/1.1" status: 201 len: 1861 time: 0.3492630
2026-07-09 15:47:25.579 10 WARNING neutron_lib.context [None req-faca871e-5cfd-475d-a378-ec5bea2ab529 891200be37c844b0bec262a7ac238617 4b36384f06744cbfa8ddf4629f418f06 - - default default] Method 'is_advsvc' is deprecated since 2023.2 release (neutron-lib 3.8.0) and will be removed once support for the old RBAC API policies will be removed from Neutron. Please use method 'is_service_role' instead.
2026-07-09 15:47:25.603 10 INFO neutron.wsgi [None req-c4ab92c3-fc4a-4003-86a1-c9fdd7e1d1e6 4a058817913c4a34a26a6e8f481821a1 414779e83cad4e5baf805401751c481b - - default default] 10.0.0.179 "DELETE /v2.0/ports/e94be120-00f2-4837-bb58-f26343c9cf7d HTTP/1.1" status: 204 len: 168 time: 0.3994653
2026-07-09 15:47:25.702 9 INFO neutron.db.ovn_revision_numbers_db [None req-05eb330e-d428-418b-81a3-fcd81024f141 8b58ad38d2dc4dc9b8d3343d49699d3a d09e42a428454bdf8aaa5135686dd9d0 - - default default] Successfully bumped revision number for resource 8ce7dbda-337d-4e29-99b3-91b8553ef861 (type: networks) to 1
2026-07-09 15:47:25.781 10 INFO neutron.db.ovn_revision_numbers_db [None req-faca871e-5cfd-475d-a378-ec5bea2ab529 891200be37c844b0bec262a7ac238617 4b36384f06744cbfa8ddf4629f418f06 - - default default] Successfully bumped revision number for resource ecbccb70-7867-4e5f-94a2-e76ce75cc640 (type: security_group_rules) to 0
2026-07-09 15:47:25.823 10 INFO neutron.wsgi [None req-faca871e-5cfd-475d-a378-ec5bea2ab529 891200be37c844b0bec262a7ac238617 4b36384f06744cbfa8ddf4629f418f06 - - default default] 10.0.0.179 "POST /v2.0/security-group-rules HTTP/1.1" status: 201 len: 796 time: 0.2481098
2026-07-09 15:47:25.832 10 WARNING neutron_lib.context [None req-89cfdad9-4626-4864-a48d-d2bac14b821c 891200be37c844b0bec262a7ac238617 4b36384f06744cbfa8ddf4629f418f06 - - default default] Method 'is_advsvc' is deprecated since 2023.2 release (neutron-lib 3.8.0) and will be removed once support for the old RBAC API policies will be removed from Neutron. Please use method 'is_service_role' instead.
2026-07-09 15:47:25.945 9 INFO neutron.db.ovn_revision_numbers_db [None req-faf05a09-eafa-4ccc-afde-e3f6f8c0ebba 9eac513f43154ee7a43823db1d703bfc e59d441efe7742c5b3ac5930b8511719 - - default default] Successfully bumped revision number for resource 856faaf0-7f2b-4c70-8d5c-76298085bf64 (type: ports) to 2
2026-07-09 15:47:25.965 10 INFO neutron.wsgi [None req-ebafdc0d-448c-4863-b489-12a2c7e8b090 4a058817913c4a34a26a6e8f481821a1 414779e83cad4e5baf805401751c481b - - default default] 10.0.0.179 "DELETE /v2.0/ports/5749de74-c4ea-422a-9ab6-1692947ec0ca HTTP/1.1" status: 204 len: 168 time: 0.3555954
2026-07-09 15:47:25.982 9 WARNING neutron.scheduler.dhcp_agent_scheduler [None req-05eb330e-d428-418b-81a3-fcd81024f141 8b58ad38d2dc4dc9b8d3343d49699d3a d09e42a428454bdf8aaa5135686dd9d0 - - default default] No more DHCP agents
2026-07-09 15:47:25.991 9 WARNING neutron.api.rpc.agentnotifiers.dhcp_rpc_agent_api [None req-05eb330e-d428-418b-81a3-fcd81024f141 8b58ad38d2dc4dc9b8d3343d49699d3a d09e42a428454bdf8aaa5135686dd9d0 - - default default] Unable to schedule network 8ce7dbda-337d-4e29-99b3-91b8553ef861: no agents available; will retry on subsequent port and subnet creation events.
2026-07-09 15:47:26.016 9 INFO neutron.db.ovn_revision_numbers_db [None req-faf05a09-eafa-4ccc-afde-e3f6f8c0ebba 9eac513f43154ee7a43823db1d703bfc e59d441efe7742c5b3ac5930b8511719 - - default default] Successfully bumped revision number for resource 19585099-d2ba-4710-903f-77a4b8609a1c (type: subnets) to 0
2026-07-09 15:47:26.045 9 INFO neutron.wsgi [None req-faf05a09-eafa-4ccc-afde-e3f6f8c0ebba 9eac513f43154ee7a43823db1d703bfc e59d441efe7742c5b3ac5930b8511719 - - default default] 10.0.0.179 "POST /v2.0/subnets HTTP/1.1" status: 201 len: 819 time: 1.1182244
2026-07-09 15:47:26.048 10 INFO neutron.db.ovn_revision_numbers_db [None req-89cfdad9-4626-4864-a48d-d2bac14b821c 891200be37c844b0bec262a7ac238617 4b36384f06744cbfa8ddf4629f418f06 - - default default] Successfully bumped revision number for resource 3b950d56-d889-4db5-8518-c72693241ff2 (type: security_group_rules) to 0
2026-07-09 15:47:26.062 10 WARNING neutron.api.v2.base [None req-5d757ff1-7990-4c42-98fe-84491b4c7c2c 9eac513f43154ee7a43823db1d703bfc e59d441efe7742c5b3ac5930b8511719 - - default default] An exception happened while processing the request body. The exception message is [Invalid input for target_tenant. Reason: 'None' is not a valid string.].: webob.exc.HTTPBadRequest: Invalid input for target_tenant. Reason: 'None' is not a valid string.
2026-07-09 15:47:26.062 10 INFO neutron.api.v2.resource [None req-5d757ff1-7990-4c42-98fe-84491b4c7c2c 9eac513f43154ee7a43823db1d703bfc e59d441efe7742c5b3ac5930b8511719 - - default default] create failed (client error): Invalid input for target_tenant. Reason: 'None' is not a valid string.
2026-07-09 15:47:26.064 10 INFO neutron.wsgi [None req-5d757ff1-7990-4c42-98fe-84491b4c7c2c 9eac513f43154ee7a43823db1d703bfc e59d441efe7742c5b3ac5930b8511719 - - default default] 10.0.0.179 "POST /v2.0/rbac-policies HTTP/1.1" status: 400 len: 346 time: 0.0093975
2026-07-09 15:47:26.106 10 INFO neutron.wsgi [None req-89cfdad9-4626-4864-a48d-d2bac14b821c 891200be37c844b0bec262a7ac238617 4b36384f06744cbfa8ddf4629f418f06 - - default default] 10.0.0.179 "POST /v2.0/security-group-rules HTTP/1.1" status: 201 len: 801 time: 0.2782214
2026-07-09 15:47:26.106 9 INFO neutron.db.ovn_revision_numbers_db [None req-05eb330e-d428-418b-81a3-fcd81024f141 8b58ad38d2dc4dc9b8d3343d49699d3a d09e42a428454bdf8aaa5135686dd9d0 - - default default] Successfully bumped revision number for resource 78c4680c-e453-480a-bbb7-6f7544bd0948 (type: ports) to 1
2026-07-09 15:47:26.117 10 WARNING neutron_lib.context [None req-6cbdc381-7548-49a6-adff-b12df80137ec 891200be37c844b0bec262a7ac238617 4b36384f06744cbfa8ddf4629f418f06 - - default default] Method 'is_advsvc' is deprecated since 2023.2 release (neutron-lib 3.8.0) and will be removed once support for the old RBAC API policies will be removed from Neutron. Please use method 'is_service_role' instead.
2026-07-09 15:47:26.123 9 INFO neutron.wsgi [None req-05eb330e-d428-418b-81a3-fcd81024f141 8b58ad38d2dc4dc9b8d3343d49699d3a d09e42a428454bdf8aaa5135686dd9d0 - - default default] 10.0.0.179 "POST /v2.0/networks HTTP/1.1" status: 201 len: 828 time: 1.2673464
2026-07-09 15:47:26.134 10 WARNING neutron_lib.context [None req-2f809986-83a0-4de1-912e-e60a7b736943 8b58ad38d2dc4dc9b8d3343d49699d3a d09e42a428454bdf8aaa5135686dd9d0 - - default default] Method 'is_advsvc' is deprecated since 2023.2 release (neutron-lib 3.8.0) and will be removed once support for the old RBAC API policies will be removed from Neutron. Please use method 'is_service_role' instead.
2026-07-09 15:47:26.247 10 INFO neutron.db.segments_db [None req-2f809986-83a0-4de1-912e-e60a7b736943 8b58ad38d2dc4dc9b8d3343d49699d3a d09e42a428454bdf8aaa5135686dd9d0 - - default default] Added segment bd1701e4-c0ed-4726-aa13-7eddb3c1be1b of type geneve for network e32c7406-85ed-45a7-a69d-2a4faeafcd9e
2026-07-09 15:47:26.351 9 INFO neutron.services.segments.plugin [-] Segment 4366036e-637c-4c31-8f0f-e9d17a2a4c17 resource provider aggregate not found
2026-07-09 15:47:26.355 9 INFO neutron.services.segments.plugin [-] Segment 4366036e-637c-4c31-8f0f-e9d17a2a4c17 resource provider aggregate not found
2026-07-09 15:47:26.361 9 INFO neutron.services.segments.plugin [-] Segment 4366036e-637c-4c31-8f0f-e9d17a2a4c17 resource provider not found; error: Placement Client Error (4xx): {"errors": [{"status": 404, "title": "Not Found", "detail": "The resource could not be found.\n\n No resource provider with uuid 4366036e-637c-4c31-8f0f-e9d17a2a4c17 found for delete ", "request_id": "req-45d51bdc-0c74-4d10-b53d-bc05918c9062"}]}
2026-07-09 15:47:26.369 9 INFO neutron.services.segments.plugin [-] Segment 4366036e-637c-4c31-8f0f-e9d17a2a4c17 resource provider not found; error: Placement Client Error (4xx): {"errors": [{"status": 404, "title": "Not Found", "detail": "The resource could not be found.\n\n No resource provider with uuid 4366036e-637c-4c31-8f0f-e9d17a2a4c17 found for delete ", "request_id": "req-769c5c5e-614c-4a95-8645-5dbae9701a12"}]}
2026-07-09 15:47:26.389 9 INFO neutron.wsgi [None req-4f27a569-817e-455a-9162-626770e5b5ec 4a058817913c4a34a26a6e8f481821a1 414779e83cad4e5baf805401751c481b - - default default] 10.0.0.179 "DELETE /v2.0/networks/7c34b054-a8b2-499e-8386-d595c1660e16 HTTP/1.1" status: 204 len: 168 time: 0.4173024
2026-07-09 15:47:26.489 10 INFO neutron.db.ovn_revision_numbers_db [None req-2f809986-83a0-4de1-912e-e60a7b736943 8b58ad38d2dc4dc9b8d3343d49699d3a d09e42a428454bdf8aaa5135686dd9d0 - - default default] Successfully bumped revision number for resource e32c7406-85ed-45a7-a69d-2a4faeafcd9e (type: networks) to 1
2026-07-09 15:47:26.569 10 WARNING neutron.scheduler.dhcp_agent_scheduler [None req-6cbdc381-7548-49a6-adff-b12df80137ec 891200be37c844b0bec262a7ac238617 4b36384f06744cbfa8ddf4629f418f06 - - default default] No more DHCP agents
2026-07-09 15:47:26.579 10 WARNING neutron.api.rpc.agentnotifiers.dhcp_rpc_agent_api [None req-6cbdc381-7548-49a6-adff-b12df80137ec 891200be37c844b0bec262a7ac238617 4b36384f06744cbfa8ddf4629f418f06 - - default default] Unable to schedule network dabe752b-f81b-4229-a172-744a88652769: no agents available; will retry on subsequent port and subnet creation events.
2026-07-09 15:47:26.797 9 INFO neutron.wsgi [None req-978af0a5-3c20-4fd8-b30d-efb6cf4377ec 4a058817913c4a34a26a6e8f481821a1 414779e83cad4e5baf805401751c481b - - default default] 10.0.0.179 "DELETE /v2.0/networks/572fcd54-0c65-4e8b-9dcb-11111eb315a5 HTTP/1.1" status: 204 len: 168 time: 0.4016161
2026-07-09 15:47:26.802 10 WARNING neutron.scheduler.dhcp_agent_scheduler [None req-2f809986-83a0-4de1-912e-e60a7b736943 8b58ad38d2dc4dc9b8d3343d49699d3a d09e42a428454bdf8aaa5135686dd9d0 - - default default] No more DHCP agents
2026-07-09 15:47:26.814 10 WARNING neutron.api.rpc.agentnotifiers.dhcp_rpc_agent_api [None req-2f809986-83a0-4de1-912e-e60a7b736943 8b58ad38d2dc4dc9b8d3343d49699d3a d09e42a428454bdf8aaa5135686dd9d0 - - default default] Unable to schedule network e32c7406-85ed-45a7-a69d-2a4faeafcd9e: no agents available; will retry on subsequent port and subnet creation events.
2026-07-09 15:47:26.952 10 INFO neutron.db.ovn_revision_numbers_db [None req-2f809986-83a0-4de1-912e-e60a7b736943 8b58ad38d2dc4dc9b8d3343d49699d3a d09e42a428454bdf8aaa5135686dd9d0 - - default default] Successfully bumped revision number for resource db8c6776-ced4-449e-a09b-9ce5f8ee8c86 (type: ports) to 1
2026-07-09 15:47:26.991 10 INFO neutron.wsgi [None req-2f809986-83a0-4de1-912e-e60a7b736943 8b58ad38d2dc4dc9b8d3343d49699d3a d09e42a428454bdf8aaa5135686dd9d0 - - default default] 10.0.0.179 "POST /v2.0/networks HTTP/1.1" status: 201 len: 829 time: 0.8621445
2026-07-09 15:47:27.001 10 WARNING neutron_lib.context [None req-dbc0c5e1-b8d8-4d2f-8892-8efb73df2de7 8b58ad38d2dc4dc9b8d3343d49699d3a d09e42a428454bdf8aaa5135686dd9d0 - - default default] Method 'is_advsvc' is deprecated since 2023.2 release (neutron-lib 3.8.0) and will be removed once support for the old RBAC API policies will be removed from Neutron. Please use method 'is_service_role' instead.
2026-07-09 15:47:27.103 10 INFO neutron.services.segments.plugin [-] Segment b94a407f-3c2a-483a-887e-a87bafd10279 resource provider aggregate not found
2026-07-09 15:47:27.165 9 INFO neutron.wsgi [None req-7991fcb4-e943-454b-a0e6-e5403ab3358f 4a058817913c4a34a26a6e8f481821a1 414779e83cad4e5baf805401751c481b - - default default] 10.0.0.179 "DELETE /v2.0/networks/f17f7e69-a1ed-4a17-bbff-4d49c60bc3ea HTTP/1.1" status: 204 len: 168 time: 0.3624363
2026-07-09 15:47:27.294 10 INFO neutron.services.segments.plugin [-] Segment b94a407f-3c2a-483a-887e-a87bafd10279 resource provider aggregate not found
2026-07-09 15:47:27.302 10 INFO neutron.services.segments.plugin [-] Segment b94a407f-3c2a-483a-887e-a87bafd10279 resource provider not found; error: Placement Client Error (4xx): {"errors": [{"status": 404, "title": "Not Found", "detail": "The resource could not be found.\n\n No resource provider with uuid b94a407f-3c2a-483a-887e-a87bafd10279 found for delete ", "request_id": "req-1f016e7f-a8e8-42aa-9baf-f4f698000221"}]}
2026-07-09 15:47:27.314 10 INFO neutron.services.segments.plugin [-] Segment b94a407f-3c2a-483a-887e-a87bafd10279 resource provider not found; error: Placement Client Error (4xx): {"errors": [{"status": 404, "title": "Not Found", "detail": "The resource could not be found.\n\n No resource provider with uuid b94a407f-3c2a-483a-887e-a87bafd10279 found for delete ", "request_id": "req-a89627eb-aba9-4b6d-98e1-8585bec2bf19"}]}
2026-07-09 15:47:27.337 10 INFO neutron.wsgi [None req-f1f9a98c-45a9-4226-984c-ee694b74d67d 9eac513f43154ee7a43823db1d703bfc e59d441efe7742c5b3ac5930b8511719 - - default default] 10.0.0.179 "DELETE /v2.0/networks/a4d83fff-cc88-443d-88d0-e59ac5ac1baa HTTP/1.1" status: 204 len: 168 time: 1.2661080
2026-07-09 15:47:27.388 10 INFO neutron.wsgi [None req-6cbdc381-7548-49a6-adff-b12df80137ec 891200be37c844b0bec262a7ac238617 4b36384f06744cbfa8ddf4629f418f06 - - default default] 10.0.0.179 "POST /v2.0/floatingips HTTP/1.1" status: 201 len: 751 time: 1.2782199
2026-07-09 15:47:27.477 9 INFO neutron.db.segments_db [None req-d8cc8669-404d-4004-ad63-6d2360e79d7b 9eac513f43154ee7a43823db1d703bfc e59d441efe7742c5b3ac5930b8511719 - - default default] Added segment ee58d06e-d662-43f3-951a-2c4fde020b55 of type geneve for network f68b0b3d-7cf1-4bd2-9a32-b021fcf983a9
2026-07-09 15:47:27.548 10 WARNING neutron.scheduler.dhcp_agent_scheduler [None req-dbc0c5e1-b8d8-4d2f-8892-8efb73df2de7 8b58ad38d2dc4dc9b8d3343d49699d3a d09e42a428454bdf8aaa5135686dd9d0 - - default default] No more DHCP agents
2026-07-09 15:47:27.554 10 WARNING neutron.api.rpc.agentnotifiers.dhcp_rpc_agent_api [None req-dbc0c5e1-b8d8-4d2f-8892-8efb73df2de7 8b58ad38d2dc4dc9b8d3343d49699d3a d09e42a428454bdf8aaa5135686dd9d0 - - default default] Unable to schedule network 8ce7dbda-337d-4e29-99b3-91b8553ef861: no agents available; will retry on subsequent port and subnet creation events.
2026-07-09 15:47:27.558 10 INFO neutron.wsgi [req-9efaed4c-97ee-4f9a-8cbb-cf88088b5edd req-bdf9a5f6-9ae8-4632-9ebb-0cad7614e98d 891200be37c844b0bec262a7ac238617 4b36384f06744cbfa8ddf4629f418f06 - - default default] 10.0.0.152 "GET /v2.0/security-groups?name=tempest-securitygroup--1166162673&fields=id&tenant_id=4b36384f06744cbfa8ddf4629f418f06 HTTP/1.1" status: 200 len: 267 time: 0.0607955
2026-07-09 15:47:27.603 9 INFO neutron.wsgi [None req-5177ab94-4cf0-48e8-8721-2ed983284750 4a058817913c4a34a26a6e8f481821a1 414779e83cad4e5baf805401751c481b - - default default] 10.0.0.179 "DELETE /v2.0/networks/09eaac07-dd38-4ae1-8230-1d6a5ab56a86 HTTP/1.1" status: 204 len: 168 time: 0.4316390
2026-07-09 15:47:27.629 9 INFO neutron.db.ovn_revision_numbers_db [None req-d8cc8669-404d-4004-ad63-6d2360e79d7b 9eac513f43154ee7a43823db1d703bfc e59d441efe7742c5b3ac5930b8511719 - - default default] Successfully bumped revision number for resource f68b0b3d-7cf1-4bd2-9a32-b021fcf983a9 (type: networks) to 1
2026-07-09 15:47:27.649 10 INFO neutron.wsgi [req-9efaed4c-97ee-4f9a-8cbb-cf88088b5edd req-55eb3952-b777-4b60-95ea-6b48dc7004b1 891200be37c844b0bec262a7ac238617 4b36384f06744cbfa8ddf4629f418f06 - - default default] 10.0.0.152 "GET /v2.0/security-groups?name=tempest-secgroup-smoke-1791167478&fields=id&tenant_id=4b36384f06744cbfa8ddf4629f418f06 HTTP/1.1" status: 200 len: 267 time: 0.0809503
2026-07-09 15:47:27.779 10 INFO neutron.wsgi [req-9efaed4c-97ee-4f9a-8cbb-cf88088b5edd req-9ed25aef-d268-4ad2-9a41-be8b63a2c986 891200be37c844b0bec262a7ac238617 4b36384f06744cbfa8ddf4629f418f06 - - default default] 10.0.0.152 "GET /v2.0/networks?id=1450874a-7b93-4346-8611-0cbbb75144ee HTTP/1.1" status: 200 len: 872 time: 0.1218643
2026-07-09 15:47:27.797 9 WARNING neutron.scheduler.dhcp_agent_scheduler [None req-d8cc8669-404d-4004-ad63-6d2360e79d7b 9eac513f43154ee7a43823db1d703bfc e59d441efe7742c5b3ac5930b8511719 - - default default] No more DHCP agents
