2026-07-09 15:46:36.479 10 INFO neutron.db.ovn_revision_numbers_db [None req-5a5cccb2-3e5f-42c8-b595-e4dd96539eb0 0d8da3eac2cf472dbcd220e7545c74a2 c5b62f16fe5c4318bfd7f4cc30004d00 - - default default] Successfully bumped revision number for resource 6ba3c9da-985c-47cd-b6f6-1df2e7fd314b (type: networks) to 1
2026-07-09 15:46:36.672 10 WARNING neutron.scheduler.dhcp_agent_scheduler [None req-5a5cccb2-3e5f-42c8-b595-e4dd96539eb0 0d8da3eac2cf472dbcd220e7545c74a2 c5b62f16fe5c4318bfd7f4cc30004d00 - - default default] No more DHCP agents
2026-07-09 15:46:36.674 10 WARNING neutron.api.rpc.agentnotifiers.dhcp_rpc_agent_api [None req-5a5cccb2-3e5f-42c8-b595-e4dd96539eb0 0d8da3eac2cf472dbcd220e7545c74a2 c5b62f16fe5c4318bfd7f4cc30004d00 - - default default] Unable to schedule network 6ba3c9da-985c-47cd-b6f6-1df2e7fd314b: no agents available; will retry on subsequent port and subnet creation events.
2026-07-09 15:46:36.756 10 INFO neutron.db.ovn_revision_numbers_db [None req-5a5cccb2-3e5f-42c8-b595-e4dd96539eb0 0d8da3eac2cf472dbcd220e7545c74a2 c5b62f16fe5c4318bfd7f4cc30004d00 - - default default] Successfully bumped revision number for resource 6d2b4308-0150-4684-854e-7aa3cfb18fd4 (type: ports) to 1
2026-07-09 15:46:36.777 10 INFO neutron.wsgi [None req-5a5cccb2-3e5f-42c8-b595-e4dd96539eb0 0d8da3eac2cf472dbcd220e7545c74a2 c5b62f16fe5c4318bfd7f4cc30004d00 - - default default] 10.0.0.179 "POST /v2.0/networks HTTP/1.1" status: 201 len: 849 time: 0.5773020
2026-07-09 15:46:36.788 10 WARNING neutron_lib.context [None req-6ad60acd-b56b-4e71-996c-f57a0d8c9c9b 0d8da3eac2cf472dbcd220e7545c74a2 c5b62f16fe5c4318bfd7f4cc30004d00 - - default default] Method 'is_advsvc' is deprecated since 2023.2 release (neutron-lib 3.8.0) and will be removed once support for the old RBAC API policies will be removed from Neutron. Please use method 'is_service_role' instead.
2026-07-09 15:46:36.883 10 INFO neutron.db.segments_db [None req-6ad60acd-b56b-4e71-996c-f57a0d8c9c9b 0d8da3eac2cf472dbcd220e7545c74a2 c5b62f16fe5c4318bfd7f4cc30004d00 - - default default] Added segment 0f1665f8-438d-4afc-9579-b69022798675 of type geneve for network 67bc337d-83a8-4bde-8e1c-ed89ff502010
2026-07-09 15:46:37.051 10 INFO neutron.db.ovn_revision_numbers_db [None req-6ad60acd-b56b-4e71-996c-f57a0d8c9c9b 0d8da3eac2cf472dbcd220e7545c74a2 c5b62f16fe5c4318bfd7f4cc30004d00 - - default default] Successfully bumped revision number for resource 67bc337d-83a8-4bde-8e1c-ed89ff502010 (type: networks) to 1
2026-07-09 15:46:37.218 10 INFO neutron.wsgi [None req-20ae75ed-6020-49cd-b2a9-e4ffed9a2679 5cc4dadea82e446fb0f00a9162951f78 5b902ab3cd6842d7ad206ec095c9a16f - - default default] 10.0.0.179 "GET /v2.0/ports/8829de80-8f7b-4de6-9a82-8acb71564201 HTTP/1.1" status: 200 len: 1147 time: 0.0444636
2026-07-09 15:46:37.248 10 WARNING neutron.scheduler.dhcp_agent_scheduler [None req-6ad60acd-b56b-4e71-996c-f57a0d8c9c9b 0d8da3eac2cf472dbcd220e7545c74a2 c5b62f16fe5c4318bfd7f4cc30004d00 - - default default] No more DHCP agents
2026-07-09 15:46:37.249 10 WARNING neutron.api.rpc.agentnotifiers.dhcp_rpc_agent_api [None req-6ad60acd-b56b-4e71-996c-f57a0d8c9c9b 0d8da3eac2cf472dbcd220e7545c74a2 c5b62f16fe5c4318bfd7f4cc30004d00 - - default default] Unable to schedule network 67bc337d-83a8-4bde-8e1c-ed89ff502010: no agents available; will retry on subsequent port and subnet creation events.
2026-07-09 15:46:37.325 10 INFO neutron.db.ovn_revision_numbers_db [None req-6ad60acd-b56b-4e71-996c-f57a0d8c9c9b 0d8da3eac2cf472dbcd220e7545c74a2 c5b62f16fe5c4318bfd7f4cc30004d00 - - default default] Successfully bumped revision number for resource 676fcdf9-5cee-4bbc-b0a5-e4a2010afd73 (type: ports) to 1
2026-07-09 15:46:37.347 10 INFO neutron.wsgi [None req-6ad60acd-b56b-4e71-996c-f57a0d8c9c9b 0d8da3eac2cf472dbcd220e7545c74a2 c5b62f16fe5c4318bfd7f4cc30004d00 - - default default] 10.0.0.179 "POST /v2.0/networks HTTP/1.1" status: 201 len: 848 time: 0.5645208
2026-07-09 15:46:37.358 10 WARNING neutron_lib.context [None req-6892226d-80c2-478c-8982-c22dfe7ca7c2 0d8da3eac2cf472dbcd220e7545c74a2 c5b62f16fe5c4318bfd7f4cc30004d00 - - default default] Method 'is_advsvc' is deprecated since 2023.2 release (neutron-lib 3.8.0) and will be removed once support for the old RBAC API policies will be removed from Neutron. Please use method 'is_service_role' instead.
2026-07-09 15:46:37.407 10 WARNING neutron_lib.context [None req-6892226d-80c2-478c-8982-c22dfe7ca7c2 0d8da3eac2cf472dbcd220e7545c74a2 c5b62f16fe5c4318bfd7f4cc30004d00 - - default default] Method 'is_advsvc' is deprecated since 2023.2 release (neutron-lib 3.8.0) and will be removed once support for the old RBAC API policies will be removed from Neutron. Please use method 'is_service_role' instead.
2026-07-09 15:46:37.893 10 WARNING neutron.scheduler.dhcp_agent_scheduler [None req-6892226d-80c2-478c-8982-c22dfe7ca7c2 0d8da3eac2cf472dbcd220e7545c74a2 c5b62f16fe5c4318bfd7f4cc30004d00 - - default default] No more DHCP agents
2026-07-09 15:46:37.894 10 WARNING neutron.api.rpc.agentnotifiers.dhcp_rpc_agent_api [None req-6892226d-80c2-478c-8982-c22dfe7ca7c2 0d8da3eac2cf472dbcd220e7545c74a2 c5b62f16fe5c4318bfd7f4cc30004d00 - - default default] Unable to schedule network 6ba3c9da-985c-47cd-b6f6-1df2e7fd314b: no agents available; will retry on subsequent port and subnet creation events.
2026-07-09 15:46:37.996 10 INFO neutron.db.ovn_revision_numbers_db [None req-6892226d-80c2-478c-8982-c22dfe7ca7c2 0d8da3eac2cf472dbcd220e7545c74a2 c5b62f16fe5c4318bfd7f4cc30004d00 - - default default] Successfully bumped revision number for resource 5e75647e-4547-45c8-848c-440ffad74899 (type: ports) to 1
2026-07-09 15:46:38.022 10 WARNING neutron.scheduler.dhcp_agent_scheduler [None req-6892226d-80c2-478c-8982-c22dfe7ca7c2 0d8da3eac2cf472dbcd220e7545c74a2 c5b62f16fe5c4318bfd7f4cc30004d00 - - default default] No more DHCP agents
2026-07-09 15:46:38.024 10 WARNING neutron.api.rpc.agentnotifiers.dhcp_rpc_agent_api [None req-6892226d-80c2-478c-8982-c22dfe7ca7c2 0d8da3eac2cf472dbcd220e7545c74a2 c5b62f16fe5c4318bfd7f4cc30004d00 - - default default] Unable to schedule network 67bc337d-83a8-4bde-8e1c-ed89ff502010: no agents available; will retry on subsequent port and subnet creation events.
2026-07-09 15:46:38.103 10 INFO neutron.db.ovn_revision_numbers_db [None req-6892226d-80c2-478c-8982-c22dfe7ca7c2 0d8da3eac2cf472dbcd220e7545c74a2 c5b62f16fe5c4318bfd7f4cc30004d00 - - default default] Successfully bumped revision number for resource 9d2f597d-b42d-4656-bb48-54529c4ad665 (type: ports) to 1
2026-07-09 15:46:38.129 10 INFO neutron.wsgi [None req-6892226d-80c2-478c-8982-c22dfe7ca7c2 0d8da3eac2cf472dbcd220e7545c74a2 c5b62f16fe5c4318bfd7f4cc30004d00 - - default default] 10.0.0.179 "POST /v2.0/ports HTTP/1.1" status: 201 len: 1706 time: 0.7766047 /var/lib/openstack/lib/python3.10/site-packages/pycadf/identifier.py:71: UserWarning: Invalid uuid: neutron. To ensure interoperability, identifiers should be a valid uuid. warnings.warn(('Invalid uuid: %s. To ensure interoperability, '
2026-07-09 15:46:38.270 9 INFO neutron.wsgi [None req-d7037409-dc25-44a9-bd22-789dfa198ff4 5cc4dadea82e446fb0f00a9162951f78 5b902ab3cd6842d7ad206ec095c9a16f - - default default] 10.0.0.179 "GET /v2.0/ports/8829de80-8f7b-4de6-9a82-8acb71564201 HTTP/1.1" status: 200 len: 1147 time: 0.0443275
2026-07-09 15:46:38.277 10 INFO neutron.wsgi [None req-f36088cf-70dc-4e6c-9dcf-d0fd6995f1a9 0d8da3eac2cf472dbcd220e7545c74a2 c5b62f16fe5c4318bfd7f4cc30004d00 - - default default] 10.0.0.179 "GET /v2.0/ports HTTP/1.1" status: 200 len: 3213 time: 0.1423926
2026-07-09 15:46:38.311 9 WARNING neutron.plugins.ml2.drivers.ovn.mech_driver.ovsdb.ovn_client [None req-2e4dec20-51cf-4ab6-a7ab-78d6097ca8de - - - - - -] No hosting information found for port 1a693c71-3d62-4fbc-bba1-e273e33fd072: RuntimeError: No hosting information found for port 1a693c71-3d62-4fbc-bba1-e273e33fd072
2026-07-09 15:46:38.311 9 INFO neutron.plugins.ml2.drivers.ovn.mech_driver.mech_driver [None req-2e4dec20-51cf-4ab6-a7ab-78d6097ca8de - - - - - -] OVN reports status up for port: 8829de80-8f7b-4de6-9a82-8acb71564201
2026-07-09 15:46:38.323 9 INFO neutron.plugins.ml2.plugin [None req-2e4dec20-51cf-4ab6-a7ab-78d6097ca8de - - - - - -] Attempt 1 to provision port 8829de80-8f7b-4de6-9a82-8acb71564201
2026-07-09 15:46:38.962 9 INFO neutron.wsgi [None req-e0a17ee9-2781-41bc-8dd5-85e0370fd8f6 0d8da3eac2cf472dbcd220e7545c74a2 c5b62f16fe5c4318bfd7f4cc30004d00 - - default default] 10.0.0.179 "DELETE /v2.0/ports/5e75647e-4547-45c8-848c-440ffad74899 HTTP/1.1" status: 204 len: 168 time: 0.6794567
2026-07-09 15:46:39.061 9 INFO neutron.db.ovn_revision_numbers_db [None req-2e4dec20-51cf-4ab6-a7ab-78d6097ca8de - - - - - -] Successfully bumped revision number for resource 8829de80-8f7b-4de6-9a82-8acb71564201 (type: ports) to 2
2026-07-09 15:46:39.231 9 INFO neutron.db.ovn_revision_numbers_db [None req-2e4dec20-51cf-4ab6-a7ab-78d6097ca8de - - - - - -] Successfully bumped revision number for resource 8829de80-8f7b-4de6-9a82-8acb71564201 (type: router_ports) to 2
2026-07-09 15:46:39.275 10 INFO neutron.wsgi [None req-fc360828-3a57-4830-a39e-e227fad5012a 0d8da3eac2cf472dbcd220e7545c74a2 c5b62f16fe5c4318bfd7f4cc30004d00 - - default default] 10.0.0.179 "DELETE /v2.0/ports/9d2f597d-b42d-4656-bb48-54529c4ad665 HTTP/1.1" status: 204 len: 168 time: 0.3064997
2026-07-09 15:46:39.317 9 INFO neutron.wsgi [None req-e894fd02-82ff-43e5-a4ef-88fe8c92ab9c 5cc4dadea82e446fb0f00a9162951f78 5b902ab3cd6842d7ad206ec095c9a16f - - default default] 10.0.0.179 "GET /v2.0/ports/8829de80-8f7b-4de6-9a82-8acb71564201 HTTP/1.1" status: 200 len: 1149 time: 0.0416341
2026-07-09 15:46:39.332 10 INFO neutron.wsgi [None req-bfee03f7-2a5c-4422-bcb7-9a8afdd420d6 0d8da3eac2cf472dbcd220e7545c74a2 c5b62f16fe5c4318bfd7f4cc30004d00 - - default default] 10.0.0.179 "GET /v2.0/ports HTTP/1.1" status: 200 len: 1718 time: 0.0478210
2026-07-09 15:46:39.341 10 WARNING neutron_lib.context [None req-a9d3fd49-5e12-4b09-986a-5a9749126026 0d8da3eac2cf472dbcd220e7545c74a2 c5b62f16fe5c4318bfd7f4cc30004d00 - - default default] Method 'is_advsvc' is deprecated since 2023.2 release (neutron-lib 3.8.0) and will be removed once support for the old RBAC API policies will be removed from Neutron. Please use method 'is_service_role' instead.
2026-07-09 15:46:39.428 10 INFO neutron.db.segments_db [None req-a9d3fd49-5e12-4b09-986a-5a9749126026 0d8da3eac2cf472dbcd220e7545c74a2 c5b62f16fe5c4318bfd7f4cc30004d00 - - default default] Added segment 5ab8cd0a-9079-40b1-8ec5-a2294d52ffd4 of type geneve for network 52d619bc-9954-4a96-ae4a-0960f6e2e35d
2026-07-09 15:46:39.587 10 INFO neutron.db.ovn_revision_numbers_db [None req-a9d3fd49-5e12-4b09-986a-5a9749126026 0d8da3eac2cf472dbcd220e7545c74a2 c5b62f16fe5c4318bfd7f4cc30004d00 - - default default] Successfully bumped revision number for resource 52d619bc-9954-4a96-ae4a-0960f6e2e35d (type: networks) to 1
2026-07-09 15:46:39.760 10 WARNING neutron.scheduler.dhcp_agent_scheduler [None req-a9d3fd49-5e12-4b09-986a-5a9749126026 0d8da3eac2cf472dbcd220e7545c74a2 c5b62f16fe5c4318bfd7f4cc30004d00 - - default default] No more DHCP agents
2026-07-09 15:46:39.762 10 WARNING neutron.api.rpc.agentnotifiers.dhcp_rpc_agent_api [None req-a9d3fd49-5e12-4b09-986a-5a9749126026 0d8da3eac2cf472dbcd220e7545c74a2 c5b62f16fe5c4318bfd7f4cc30004d00 - - default default] Unable to schedule network 52d619bc-9954-4a96-ae4a-0960f6e2e35d: no agents available; will retry on subsequent port and subnet creation events.
2026-07-09 15:46:39.842 10 INFO neutron.db.ovn_revision_numbers_db [None req-a9d3fd49-5e12-4b09-986a-5a9749126026 0d8da3eac2cf472dbcd220e7545c74a2 c5b62f16fe5c4318bfd7f4cc30004d00 - - default default] Successfully bumped revision number for resource f178a15e-6a18-44cb-8a97-d981d3093001 (type: ports) to 1
2026-07-09 15:46:39.864 10 INFO neutron.wsgi [None req-a9d3fd49-5e12-4b09-986a-5a9749126026 0d8da3eac2cf472dbcd220e7545c74a2 c5b62f16fe5c4318bfd7f4cc30004d00 - - default default] 10.0.0.179 "POST /v2.0/networks HTTP/1.1" status: 201 len: 849 time: 0.5270376
2026-07-09 15:46:39.873 10 WARNING neutron_lib.context [None req-23417e30-8510-478c-904f-831d884b9c66 0d8da3eac2cf472dbcd220e7545c74a2 c5b62f16fe5c4318bfd7f4cc30004d00 - - default default] Method 'is_advsvc' is deprecated since 2023.2 release (neutron-lib 3.8.0) and will be removed once support for the old RBAC API policies will be removed from Neutron. Please use method 'is_service_role' instead.
2026-07-09 15:46:39.955 10 INFO neutron.db.segments_db [None req-23417e30-8510-478c-904f-831d884b9c66 0d8da3eac2cf472dbcd220e7545c74a2 c5b62f16fe5c4318bfd7f4cc30004d00 - - default default] Added segment 32a48cf9-7a9a-47b0-82a8-e048f10c1b81 of type geneve for network 5d3827f4-45c1-4b8d-beba-5fcf23ee6f41
2026-07-09 15:46:40.092 10 INFO neutron.db.ovn_revision_numbers_db [None req-23417e30-8510-478c-904f-831d884b9c66 0d8da3eac2cf472dbcd220e7545c74a2 c5b62f16fe5c4318bfd7f4cc30004d00 - - default default] Successfully bumped revision number for resource 5d3827f4-45c1-4b8d-beba-5fcf23ee6f41 (type: networks) to 1
2026-07-09 15:46:40.098 9 INFO neutron.wsgi [None req-5730f1b2-0db1-46bb-9602-f85355a5f5f7 5cc4dadea82e446fb0f00a9162951f78 5b902ab3cd6842d7ad206ec095c9a16f - - default default] 10.0.0.179 "PUT /v2.0/routers/bfa5d5c8-0066-448f-85f9-68d97034fbaf/remove_router_interface HTTP/1.1" status: 200 len: 503 time: 0.7751584 /var/lib/openstack/lib/python3.10/site-packages/pycadf/identifier.py:71: UserWarning: Invalid uuid: neutron. To ensure interoperability, identifiers should be a valid uuid. warnings.warn(('Invalid uuid: %s. To ensure interoperability, '
2026-07-09 15:46:40.198 9 INFO neutron.wsgi [None req-c6b5fe62-5dfc-4818-94c4-b8511622cde7 5cc4dadea82e446fb0f00a9162951f78 5b902ab3cd6842d7ad206ec095c9a16f - - default default] 10.0.0.179 "GET /v2.0/ports/1a693c71-3d62-4fbc-bba1-e273e33fd072 HTTP/1.1" status: 200 len: 1141 time: 0.0943675
2026-07-09 15:46:40.263 10 WARNING neutron.scheduler.dhcp_agent_scheduler [None req-23417e30-8510-478c-904f-831d884b9c66 0d8da3eac2cf472dbcd220e7545c74a2 c5b62f16fe5c4318bfd7f4cc30004d00 - - default default] No more DHCP agents
2026-07-09 15:46:40.266 10 WARNING neutron.api.rpc.agentnotifiers.dhcp_rpc_agent_api [None req-23417e30-8510-478c-904f-831d884b9c66 0d8da3eac2cf472dbcd220e7545c74a2 c5b62f16fe5c4318bfd7f4cc30004d00 - - default default] Unable to schedule network 5d3827f4-45c1-4b8d-beba-5fcf23ee6f41: no agents available; will retry on subsequent port and subnet creation events.
2026-07-09 15:46:40.355 10 INFO neutron.db.ovn_revision_numbers_db [None req-23417e30-8510-478c-904f-831d884b9c66 0d8da3eac2cf472dbcd220e7545c74a2 c5b62f16fe5c4318bfd7f4cc30004d00 - - default default] Successfully bumped revision number for resource 9c97d4c1-a217-43ce-b421-a63693ed6965 (type: ports) to 1
2026-07-09 15:46:40.381 10 INFO neutron.wsgi [None req-23417e30-8510-478c-904f-831d884b9c66 0d8da3eac2cf472dbcd220e7545c74a2 c5b62f16fe5c4318bfd7f4cc30004d00 - - default default] 10.0.0.179 "POST /v2.0/networks HTTP/1.1" status: 201 len: 848 time: 0.5127172
2026-07-09 15:46:40.436 10 WARNING neutron_lib.context [None req-0e61b42a-f991-427e-b3bb-d70ef4b97cc4 0d8da3eac2cf472dbcd220e7545c74a2 c5b62f16fe5c4318bfd7f4cc30004d00 - - default default] Method 'is_advsvc' is deprecated since 2023.2 release (neutron-lib 3.8.0) and will be removed once support for the old RBAC API policies will be removed from Neutron. Please use method 'is_service_role' instead.
2026-07-09 15:46:40.474 10 WARNING neutron_lib.context [None req-0e61b42a-f991-427e-b3bb-d70ef4b97cc4 0d8da3eac2cf472dbcd220e7545c74a2 c5b62f16fe5c4318bfd7f4cc30004d00 - - default default] Method 'is_advsvc' is deprecated since 2023.2 release (neutron-lib 3.8.0) and will be removed once support for the old RBAC API policies will be removed from Neutron. Please use method 'is_service_role' instead.
2026-07-09 15:46:40.896 9 INFO neutron.wsgi [None req-6e069d18-ee66-434a-a989-1b02682bb2c0 5cc4dadea82e446fb0f00a9162951f78 5b902ab3cd6842d7ad206ec095c9a16f - - default default] 10.0.0.179 "PUT /v2.0/routers/bfa5d5c8-0066-448f-85f9-68d97034fbaf/remove_router_interface HTTP/1.1" status: 200 len: 503 time: 0.6948349 /var/lib/openstack/lib/python3.10/site-packages/pycadf/identifier.py:71: UserWarning: Invalid uuid: neutron. To ensure interoperability, identifiers should be a valid uuid. warnings.warn(('Invalid uuid: %s. To ensure interoperability, '
2026-07-09 15:46:40.928 9 INFO neutron.wsgi [None req-cc91f816-84f5-445e-91f1-d56022f5b101 5cc4dadea82e446fb0f00a9162951f78 5b902ab3cd6842d7ad206ec095c9a16f - - default default] 10.0.0.179 "GET /v2.0/ports?device_id=bfa5d5c8-0066-448f-85f9-68d97034fbaf HTTP/1.1" status: 200 len: 205 time: 0.0262458
2026-07-09 15:46:40.935 10 WARNING neutron.scheduler.dhcp_agent_scheduler [None req-0e61b42a-f991-427e-b3bb-d70ef4b97cc4 0d8da3eac2cf472dbcd220e7545c74a2 c5b62f16fe5c4318bfd7f4cc30004d00 - - default default] No more DHCP agents
2026-07-09 15:46:40.940 10 WARNING neutron.api.rpc.agentnotifiers.dhcp_rpc_agent_api [None req-0e61b42a-f991-427e-b3bb-d70ef4b97cc4 0d8da3eac2cf472dbcd220e7545c74a2 c5b62f16fe5c4318bfd7f4cc30004d00 - - default default] Unable to schedule network 52d619bc-9954-4a96-ae4a-0960f6e2e35d: no agents available; will retry on subsequent port and subnet creation events.
2026-07-09 15:46:41.467 9 INFO neutron.wsgi [None req-da52348d-a8ef-4085-b712-d65f28e02d66 5cc4dadea82e446fb0f00a9162951f78 5b902ab3cd6842d7ad206ec095c9a16f - - default default] 10.0.0.179 "DELETE /v2.0/routers/bfa5d5c8-0066-448f-85f9-68d97034fbaf HTTP/1.1" status: 204 len: 168 time: 0.5336277
2026-07-09 15:46:41.665 9 INFO neutron.wsgi [None req-0a25a732-4db3-4950-97c2-2ae721c5ce5c 5cc4dadea82e446fb0f00a9162951f78 5b902ab3cd6842d7ad206ec095c9a16f - - default default] 10.0.0.179 "DELETE /v2.0/subnets/eef764ee-e0a9-4163-935c-d7c0e7c46bdc HTTP/1.1" status: 204 len: 168 time: 0.1935182
2026-07-09 15:46:41.684 10 INFO neutron.db.ovn_revision_numbers_db [None req-0e61b42a-f991-427e-b3bb-d70ef4b97cc4 0d8da3eac2cf472dbcd220e7545c74a2 c5b62f16fe5c4318bfd7f4cc30004d00 - - default default] Successfully bumped revision number for resource f178a15e-6a18-44cb-8a97-d981d3093001 (type: ports) to 2
2026-07-09 15:46:41.720 10 INFO neutron.db.ovn_revision_numbers_db [None req-0e61b42a-f991-427e-b3bb-d70ef4b97cc4 0d8da3eac2cf472dbcd220e7545c74a2 c5b62f16fe5c4318bfd7f4cc30004d00 - - default default] Successfully bumped revision number for resource 15d11a47-0e7d-409b-a871-516f14e8c6b2 (type: subnets) to 0
2026-07-09 15:46:41.743 10 WARNING neutron.scheduler.dhcp_agent_scheduler [None req-0e61b42a-f991-427e-b3bb-d70ef4b97cc4 0d8da3eac2cf472dbcd220e7545c74a2 c5b62f16fe5c4318bfd7f4cc30004d00 - - default default] No more DHCP agents
2026-07-09 15:46:41.745 10 WARNING neutron.api.rpc.agentnotifiers.dhcp_rpc_agent_api [None req-0e61b42a-f991-427e-b3bb-d70ef4b97cc4 0d8da3eac2cf472dbcd220e7545c74a2 c5b62f16fe5c4318bfd7f4cc30004d00 - - default default] Unable to schedule network 5d3827f4-45c1-4b8d-beba-5fcf23ee6f41: no agents available; will retry on subsequent port and subnet creation events.
2026-07-09 15:46:41.825 9 INFO neutron.wsgi [None req-5e3420dd-0d52-4203-a907-1ecba45eff0a 5cc4dadea82e446fb0f00a9162951f78 5b902ab3cd6842d7ad206ec095c9a16f - - default default] 10.0.0.179 "DELETE /v2.0/subnets/9e7df239-08f6-4710-9a32-52c151fad935 HTTP/1.1" status: 204 len: 168 time: 0.1551254
2026-07-09 15:46:42.193 9 INFO neutron.services.segments.plugin [-] Segment 616147d8-8777-4d72-93cc-376fc8acdd5d resource provider aggregate not found
2026-07-09 15:46:42.197 9 INFO neutron.services.segments.plugin [-] Segment 616147d8-8777-4d72-93cc-376fc8acdd5d resource provider aggregate not found
2026-07-09 15:46:42.210 9 INFO neutron.services.segments.plugin [-] Segment 616147d8-8777-4d72-93cc-376fc8acdd5d resource provider not found; error: Placement Client Error (4xx): {"errors": [{"status": 404, "title": "Not Found", "detail": "The resource could not be found.\n\n No resource provider with uuid 616147d8-8777-4d72-93cc-376fc8acdd5d found for delete ", "request_id": "req-e5d3a3f1-3859-4206-9b02-fb56bd95a1b3"}]}
2026-07-09 15:46:42.217 9 INFO neutron.services.segments.plugin [-] Segment 616147d8-8777-4d72-93cc-376fc8acdd5d resource provider not found; error: Placement Client Error (4xx): {"errors": [{"status": 404, "title": "Not Found", "detail": "The resource could not be found.\n\n No resource provider with uuid 616147d8-8777-4d72-93cc-376fc8acdd5d found for delete ", "request_id": "req-55043776-5870-4947-a02e-777fd1e5a9eb"}]}
2026-07-09 15:46:42.237 9 INFO neutron.wsgi [None req-4fbdc2ae-9caf-40bb-a06c-dd0d391207bb 5cc4dadea82e446fb0f00a9162951f78 5b902ab3cd6842d7ad206ec095c9a16f - - default default] 10.0.0.179 "DELETE /v2.0/networks/104448df-f93b-4061-ad3e-ed2abe263c0c HTTP/1.1" status: 204 len: 168 time: 0.4073739
2026-07-09 15:46:42.251 10 INFO neutron.db.ovn_revision_numbers_db [None req-0e61b42a-f991-427e-b3bb-d70ef4b97cc4 0d8da3eac2cf472dbcd220e7545c74a2 c5b62f16fe5c4318bfd7f4cc30004d00 - - default default] Successfully bumped revision number for resource 9c97d4c1-a217-43ce-b421-a63693ed6965 (type: ports) to 2
2026-07-09 15:46:42.318 10 INFO neutron.db.ovn_revision_numbers_db [None req-0e61b42a-f991-427e-b3bb-d70ef4b97cc4 0d8da3eac2cf472dbcd220e7545c74a2 c5b62f16fe5c4318bfd7f4cc30004d00 - - default default] Successfully bumped revision number for resource b3b65d19-9289-4931-9379-fbdeeac4d4d1 (type: subnets) to 0
2026-07-09 15:46:42.345 10 INFO neutron.wsgi [None req-0e61b42a-f991-427e-b3bb-d70ef4b97cc4 0d8da3eac2cf472dbcd220e7545c74a2 c5b62f16fe5c4318bfd7f4cc30004d00 - - default default] 10.0.0.179 "POST /v2.0/subnets HTTP/1.1" status: 201 len: 1426 time: 1.9199603
2026-07-09 15:46:42.394 9 INFO neutron.wsgi [None req-db5e285b-a269-4f33-8fc2-80ae823b57a4 0d8da3eac2cf472dbcd220e7545c74a2 c5b62f16fe5c4318bfd7f4cc30004d00 - - default default] 10.0.0.179 "GET /v2.0/subnets HTTP/1.1" status: 200 len: 2034 time: 0.0433886
2026-07-09 15:46:42.682 10 INFO neutron.services.segments.plugin [-] Segment e3b0fe9a-6357-4215-a858-3581150b9f96 resource provider aggregate not found
2026-07-09 15:46:42.686 10 INFO neutron.services.segments.plugin [-] Segment e3b0fe9a-6357-4215-a858-3581150b9f96 resource provider aggregate not found
2026-07-09 15:46:42.689 9 INFO neutron.wsgi [None req-f636d80d-1c89-4a83-9137-081725d1c154 0d8da3eac2cf472dbcd220e7545c74a2 c5b62f16fe5c4318bfd7f4cc30004d00 - - default default] 10.0.0.179 "DELETE /v2.0/subnets/15d11a47-0e7d-409b-a871-516f14e8c6b2 HTTP/1.1" status: 204 len: 168 time: 0.2898726
2026-07-09 15:46:42.689 9 INFO neutron.db.ovn_revision_numbers_db [None req-12542800-c203-4052-aa49-449126f0b570 c78bf3b8cf62431b8a411c2bb640c804 0c88b9fafbe24245a405c8b3e038ea2d - - default default] Successfully bumped revision number for resource 1669c120-b172-4970-99dd-039e0146e68d (type: security_groups) to 1
2026-07-09 15:46:42.702 9 INFO neutron.db.ovn_revision_numbers_db [None req-12542800-c203-4052-aa49-449126f0b570 c78bf3b8cf62431b8a411c2bb640c804 0c88b9fafbe24245a405c8b3e038ea2d - - default default] Successfully bumped revision number for resource 2accc514-576b-450a-88e2-2ee1d41cd361 (type: security_group_rules) to 0
2026-07-09 15:46:42.704 10 INFO neutron.services.segments.plugin [-] Segment e3b0fe9a-6357-4215-a858-3581150b9f96 resource provider not found; error: Placement Client Error (4xx): {"errors": [{"status": 404, "title": "Not Found", "detail": "The resource could not be found.\n\n No resource provider with uuid e3b0fe9a-6357-4215-a858-3581150b9f96 found for delete ", "request_id": "req-95ee6e0f-4655-4832-b86c-d7b15cfd55f9"}]}
2026-07-09 15:46:42.705 10 INFO neutron.services.segments.plugin [-] Segment e3b0fe9a-6357-4215-a858-3581150b9f96 resource provider not found; error: Placement Client Error (4xx): {"errors": [{"status": 404, "title": "Not Found", "detail": "The resource could not be found.\n\n No resource provider with uuid e3b0fe9a-6357-4215-a858-3581150b9f96 found for delete ", "request_id": "req-c14fec7a-9dd0-42d2-9288-4568142bc374"}]}
2026-07-09 15:46:42.714 9 INFO neutron.db.ovn_revision_numbers_db [None req-12542800-c203-4052-aa49-449126f0b570 c78bf3b8cf62431b8a411c2bb640c804 0c88b9fafbe24245a405c8b3e038ea2d - - default default] Successfully bumped revision number for resource 7643b966-e003-43e9-891a-6747d5803f6a (type: security_group_rules) to 0
2026-07-09 15:46:42.731 9 INFO neutron.db.ovn_revision_numbers_db [None req-12542800-c203-4052-aa49-449126f0b570 c78bf3b8cf62431b8a411c2bb640c804 0c88b9fafbe24245a405c8b3e038ea2d - - default default] Successfully bumped revision number for resource af082071-0571-40d6-8ecc-38677722bd83 (type: security_group_rules) to 0
2026-07-09 15:46:42.742 9 INFO neutron.db.ovn_revision_numbers_db [None req-12542800-c203-4052-aa49-449126f0b570 c78bf3b8cf62431b8a411c2bb640c804 0c88b9fafbe24245a405c8b3e038ea2d - - default default] Successfully bumped revision number for resource c1466988-409b-4bb7-9108-b2274334ce66 (type: security_group_rules) to 0
2026-07-09 15:46:42.746 10 INFO neutron.wsgi [None req-50ac5984-0354-4af5-bd01-9f5f8075fec1 5cc4dadea82e446fb0f00a9162951f78 5b902ab3cd6842d7ad206ec095c9a16f - - default default] 10.0.0.179 "DELETE /v2.0/networks/8a54b41c-e912-47d9-9bc3-ce92372e0859 HTTP/1.1" status: 204 len: 168 time: 0.5049002
2026-07-09 15:46:42.761 10 WARNING neutron_lib.context [None req-4a0a1c83-4d4d-4342-b4e5-add7cfd8b2a2 5cc4dadea82e446fb0f00a9162951f78 5b902ab3cd6842d7ad206ec095c9a16f - - default default] Method 'is_advsvc' is deprecated since 2023.2 release (neutron-lib 3.8.0) and will be removed once support for the old RBAC API policies will be removed from Neutron. Please use method 'is_service_role' instead.
2026-07-09 15:46:42.768 9 INFO neutron.wsgi [None req-12542800-c203-4052-aa49-449126f0b570 c78bf3b8cf62431b8a411c2bb640c804 0c88b9fafbe24245a405c8b3e038ea2d - - default default] 10.0.0.179 "GET /v2.0/security-groups?tenant_id=d4c75b794c664ad9b30c549b16cb1e0a&name=default HTTP/1.1" status: 200 len: 3120 time: 0.5147822
2026-07-09 15:46:42.882 10 INFO neutron.db.segments_db [None req-4a0a1c83-4d4d-4342-b4e5-add7cfd8b2a2 5cc4dadea82e446fb0f00a9162951f78 5b902ab3cd6842d7ad206ec095c9a16f - - default default] Added segment 773b601f-c20f-4c0a-8013-cc6d601331cd of type geneve for network 72d65906-c874-4114-b0a9-b0bb34ec02f9
2026-07-09 15:46:42.993 9 INFO neutron.wsgi [None req-a90c7c22-aeb2-4f47-a039-225e4d4bf87d c78bf3b8cf62431b8a411c2bb640c804 0c88b9fafbe24245a405c8b3e038ea2d - - default default] 10.0.0.179 "DELETE /v2.0/security-groups/1669c120-b172-4970-99dd-039e0146e68d HTTP/1.1" status: 204 len: 168 time: 0.2191572
2026-07-09 15:46:43.005 10 INFO neutron.wsgi [None req-2227a32f-5ee2-47a4-8d8c-c8c7441fa768 0d8da3eac2cf472dbcd220e7545c74a2 c5b62f16fe5c4318bfd7f4cc30004d00 - - default default] 10.0.0.179 "DELETE /v2.0/subnets/b3b65d19-9289-4931-9379-fbdeeac4d4d1 HTTP/1.1" status: 204 len: 168 time: 0.3093224
2026-07-09 15:46:43.046 9 INFO neutron.wsgi [None req-97de0ce0-a3ff-4ce2-aa61-46f7bb121d67 0d8da3eac2cf472dbcd220e7545c74a2 c5b62f16fe5c4318bfd7f4cc30004d00 - - default default] 10.0.0.179 "GET /v2.0/subnets HTTP/1.1" status: 200 len: 820 time: 0.0353150
2026-07-09 15:46:43.065 10 INFO neutron.db.ovn_revision_numbers_db [None req-4a0a1c83-4d4d-4342-b4e5-add7cfd8b2a2 5cc4dadea82e446fb0f00a9162951f78 5b902ab3cd6842d7ad206ec095c9a16f - - default default] Successfully bumped revision number for resource 72d65906-c874-4114-b0a9-b0bb34ec02f9 (type: networks) to 1
2026-07-09 15:46:43.287 10 WARNING neutron.scheduler.dhcp_agent_scheduler [None req-4a0a1c83-4d4d-4342-b4e5-add7cfd8b2a2 5cc4dadea82e446fb0f00a9162951f78 5b902ab3cd6842d7ad206ec095c9a16f - - default default] No more DHCP agents
2026-07-09 15:46:43.290 10 WARNING neutron.api.rpc.agentnotifiers.dhcp_rpc_agent_api [None req-4a0a1c83-4d4d-4342-b4e5-add7cfd8b2a2 5cc4dadea82e446fb0f00a9162951f78 5b902ab3cd6842d7ad206ec095c9a16f - - default default] Unable to schedule network 72d65906-c874-4114-b0a9-b0bb34ec02f9: no agents available; will retry on subsequent port and subnet creation events.
2026-07-09 15:46:43.294 10 INFO neutron.db.ovn_revision_numbers_db [None req-5df34b6f-2ebb-4838-9488-fce93b2a6ba4 c78bf3b8cf62431b8a411c2bb640c804 0c88b9fafbe24245a405c8b3e038ea2d - - default default] Successfully bumped revision number for resource 91bbdaa3-c5a2-45ae-82c2-f56af1a4d4d7 (type: security_groups) to 1
2026-07-09 15:46:43.339 10 INFO neutron.db.ovn_revision_numbers_db [None req-5df34b6f-2ebb-4838-9488-fce93b2a6ba4 c78bf3b8cf62431b8a411c2bb640c804 0c88b9fafbe24245a405c8b3e038ea2d - - default default] Successfully bumped revision number for resource 01c3bdd8-7aba-48ec-8f6f-cb6b21c5978d (type: security_group_rules) to 0
2026-07-09 15:46:43.359 10 INFO neutron.db.ovn_revision_numbers_db [None req-5df34b6f-2ebb-4838-9488-fce93b2a6ba4 c78bf3b8cf62431b8a411c2bb640c804 0c88b9fafbe24245a405c8b3e038ea2d - - default default] Successfully bumped revision number for resource 2b15611a-a1b1-4f92-a38d-7faefa1324f2 (type: security_group_rules) to 0
2026-07-09 15:46:43.384 10 INFO neutron.db.ovn_revision_numbers_db [None req-5df34b6f-2ebb-4838-9488-fce93b2a6ba4 c78bf3b8cf62431b8a411c2bb640c804 0c88b9fafbe24245a405c8b3e038ea2d - - default default] Successfully bumped revision number for resource 7c1556af-f047-457a-888b-d4908e8c7e8f (type: security_group_rules) to 0
2026-07-09 15:46:43.398 10 INFO neutron.db.ovn_revision_numbers_db [None req-4a0a1c83-4d4d-4342-b4e5-add7cfd8b2a2 5cc4dadea82e446fb0f00a9162951f78 5b902ab3cd6842d7ad206ec095c9a16f - - default default] Successfully bumped revision number for resource 5c5442b3-6d09-4b82-9d4e-f6f7ffdca9c6 (type: ports) to 1
2026-07-09 15:46:43.402 10 INFO neutron.db.ovn_revision_numbers_db [None req-5df34b6f-2ebb-4838-9488-fce93b2a6ba4 c78bf3b8cf62431b8a411c2bb640c804 0c88b9fafbe24245a405c8b3e038ea2d - - default default] Successfully bumped revision number for resource 7d5cfaff-c7c4-44a6-8c4a-80450d353657 (type: security_group_rules) to 0
2026-07-09 15:46:43.432 10 INFO neutron.wsgi [None req-5df34b6f-2ebb-4838-9488-fce93b2a6ba4 c78bf3b8cf62431b8a411c2bb640c804 0c88b9fafbe24245a405c8b3e038ea2d - - default default] 10.0.0.179 "GET /v2.0/security-groups?tenant_id=e7bff50d6a1c4c698cbc1cec61f32b92&name=default HTTP/1.1" status: 200 len: 3120 time: 0.3498673
2026-07-09 15:46:43.441 10 INFO neutron.wsgi [None req-4a0a1c83-4d4d-4342-b4e5-add7cfd8b2a2 5cc4dadea82e446fb0f00a9162951f78 5b902ab3cd6842d7ad206ec095c9a16f - - default default] 10.0.0.179 "POST /v2.0/networks HTTP/1.1" status: 201 len: 832 time: 0.6867938
2026-07-09 15:46:43.452 10 WARNING neutron_lib.context [None req-91a61dd6-2a12-45bf-9c34-f1752ffa6264 5cc4dadea82e446fb0f00a9162951f78 5b902ab3cd6842d7ad206ec095c9a16f - - default default] Method 'is_advsvc' is deprecated since 2023.2 release (neutron-lib 3.8.0) and will be removed once support for the old RBAC API policies will be removed from Neutron. Please use method 'is_service_role' instead.
2026-07-09 15:46:43.548 9 INFO neutron.wsgi [None req-817b3ed3-ab15-4999-9240-238ec69eb6c6 0d8da3eac2cf472dbcd220e7545c74a2 c5b62f16fe5c4318bfd7f4cc30004d00 - - default default] 10.0.0.179 "DELETE /v2.0/networks/5d3827f4-45c1-4b8d-beba-5fcf23ee6f41 HTTP/1.1" status: 204 len: 168 time: 0.4960475
2026-07-09 15:46:43.716 9 INFO neutron.wsgi [None req-779a338d-311e-4dc5-bcb8-d8b22a9930e4 c78bf3b8cf62431b8a411c2bb640c804 0c88b9fafbe24245a405c8b3e038ea2d - - default default] 10.0.0.179 "DELETE /v2.0/security-groups/91bbdaa3-c5a2-45ae-82c2-f56af1a4d4d7 HTTP/1.1" status: 204 len: 168 time: 0.2774563
2026-07-09 15:46:43.773 10 WARNING neutron.scheduler.dhcp_agent_scheduler [None req-91a61dd6-2a12-45bf-9c34-f1752ffa6264 5cc4dadea82e446fb0f00a9162951f78 5b902ab3cd6842d7ad206ec095c9a16f - - default default] No more DHCP agents
2026-07-09 15:46:43.778 10 WARNING neutron.api.rpc.agentnotifiers.dhcp_rpc_agent_api [None req-91a61dd6-2a12-45bf-9c34-f1752ffa6264 5cc4dadea82e446fb0f00a9162951f78 5b902ab3cd6842d7ad206ec095c9a16f - - default default] Unable to schedule network 72d65906-c874-4114-b0a9-b0bb34ec02f9: no agents available; will retry on subsequent port and subnet creation events.
2026-07-09 15:46:43.846 10 INFO neutron.db.ovn_revision_numbers_db [None req-91a61dd6-2a12-45bf-9c34-f1752ffa6264 5cc4dadea82e446fb0f00a9162951f78 5b902ab3cd6842d7ad206ec095c9a16f - - default default] Successfully bumped revision number for resource 497b6aeb-0032-4ef0-be51-0091da1b0ec4 (type: subnets) to 0
2026-07-09 15:46:43.860 10 INFO neutron.wsgi [None req-91a61dd6-2a12-45bf-9c34-f1752ffa6264 5cc4dadea82e446fb0f00a9162951f78 5b902ab3cd6842d7ad206ec095c9a16f - - default default] 10.0.0.179 "POST /v2.0/subnets HTTP/1.1" status: 201 len: 821 time: 0.4131119
2026-07-09 15:46:43.871 10 WARNING neutron_lib.context [None req-133fd34c-9388-4aa6-b2be-f5b5eca5b99d 5cc4dadea82e446fb0f00a9162951f78 5b902ab3cd6842d7ad206ec095c9a16f - - default default] Method 'is_advsvc' is deprecated since 2023.2 release (neutron-lib 3.8.0) and will be removed once support for the old RBAC API policies will be removed from Neutron. Please use method 'is_service_role' instead.
2026-07-09 15:46:44.038 10 INFO neutron.db.ovn_revision_numbers_db [None req-133fd34c-9388-4aa6-b2be-f5b5eca5b99d 5cc4dadea82e446fb0f00a9162951f78 5b902ab3cd6842d7ad206ec095c9a16f - - default default] Successfully bumped revision number for resource 1de4ab22-8f4d-4c88-aab9-c7f3f3ec14aa (type: routers) to 1
2026-07-09 15:46:44.056 10 INFO neutron.wsgi [None req-133fd34c-9388-4aa6-b2be-f5b5eca5b99d 5cc4dadea82e446fb0f00a9162951f78 5b902ab3cd6842d7ad206ec095c9a16f - - default default] 10.0.0.179 "POST /v2.0/routers HTTP/1.1" status: 201 len: 806 time: 0.1901870
2026-07-09 15:46:44.070 9 WARNING neutron_lib.context [None req-0437e251-53df-4f2f-9f67-be7ce63378c7 5cc4dadea82e446fb0f00a9162951f78 5b902ab3cd6842d7ad206ec095c9a16f - - default default] Method 'is_advsvc' is deprecated since 2023.2 release (neutron-lib 3.8.0) and will be removed once support for the old RBAC API policies will be removed from Neutron. Please use method 'is_service_role' instead.
2026-07-09 15:46:44.098 10 INFO neutron.wsgi [None req-c140351e-9802-4859-8e1b-3d3c72a7e0a7 0d8da3eac2cf472dbcd220e7545c74a2 c5b62f16fe5c4318bfd7f4cc30004d00 - - default default] 10.0.0.179 "DELETE /v2.0/networks/52d619bc-9954-4a96-ae4a-0960f6e2e35d HTTP/1.1" status: 204 len: 168 time: 0.5441597
2026-07-09 15:46:44.238 9 INFO neutron.services.segments.plugin [-] Segment 32a48cf9-7a9a-47b0-82a8-e048f10c1b81 resource provider aggregate not found
2026-07-09 15:46:44.246 9 INFO neutron.services.segments.plugin [-] Segment 32a48cf9-7a9a-47b0-82a8-e048f10c1b81 resource provider aggregate not found
2026-07-09 15:46:44.265 9 INFO neutron.services.segments.plugin [-] Segment 32a48cf9-7a9a-47b0-82a8-e048f10c1b81 resource provider not found; error: Placement Client Error (4xx): {"errors": [{"status": 404, "title": "Not Found", "detail": "The resource could not be found.\n\n No resource provider with uuid 32a48cf9-7a9a-47b0-82a8-e048f10c1b81 found for delete ", "request_id": "req-dfb53ba5-f8da-49f1-a016-a93d39879a54"}]}
2026-07-09 15:46:44.269 9 INFO neutron.services.segments.plugin [-] Segment 32a48cf9-7a9a-47b0-82a8-e048f10c1b81 resource provider not found; error: Placement Client Error (4xx): {"errors": [{"status": 404, "title": "Not Found", "detail": "The resource could not be found.\n\n No resource provider with uuid 32a48cf9-7a9a-47b0-82a8-e048f10c1b81 found for delete ", "request_id": "req-6b848b34-0640-4ca4-8276-5759209c7539"}]}
2026-07-09 15:46:44.362 9 WARNING neutron.plugins.ml2.drivers.ovn.mech_driver.ovsdb.ovn_client [None req-2e4dec20-51cf-4ab6-a7ab-78d6097ca8de - - - - - -] No port found with ID 8829de80-8f7b-4de6-9a82-8acb71564201: RuntimeError: No port found with ID 8829de80-8f7b-4de6-9a82-8acb71564201
2026-07-09 15:46:44.552 9 WARNING neutron.scheduler.dhcp_agent_scheduler [None req-0437e251-53df-4f2f-9f67-be7ce63378c7 5cc4dadea82e446fb0f00a9162951f78 5b902ab3cd6842d7ad206ec095c9a16f - - default default] No more DHCP agents
2026-07-09 15:46:44.555 9 WARNING neutron.api.rpc.agentnotifiers.dhcp_rpc_agent_api [None req-0437e251-53df-4f2f-9f67-be7ce63378c7 5cc4dadea82e446fb0f00a9162951f78 5b902ab3cd6842d7ad206ec095c9a16f - - default default] Unable to schedule network 72d65906-c874-4114-b0a9-b0bb34ec02f9: no agents available; will retry on subsequent port and subnet creation events.
2026-07-09 15:46:44.677 9 INFO neutron.wsgi [None req-68012c40-6338-4e2e-8508-9e6ea5bb1d9c 0d8da3eac2cf472dbcd220e7545c74a2 c5b62f16fe5c4318bfd7f4cc30004d00 - - default default] 10.0.0.179 "DELETE /v2.0/networks/67bc337d-83a8-4bde-8e1c-ed89ff502010 HTTP/1.1" status: 204 len: 168 time: 0.5727735
2026-07-09 15:46:44.696 9 INFO neutron.db.ovn_revision_numbers_db [None req-0437e251-53df-4f2f-9f67-be7ce63378c7 5cc4dadea82e446fb0f00a9162951f78 5b902ab3cd6842d7ad206ec095c9a16f - - default default] Successfully bumped revision number for resource d7346f96-b46c-4cda-a9f7-3d7f5c3ce4b9 (type: ports) to 1
2026-07-09 15:46:44.719 9 INFO neutron.wsgi [None req-0437e251-53df-4f2f-9f67-be7ce63378c7 5cc4dadea82e446fb0f00a9162951f78 5b902ab3cd6842d7ad206ec095c9a16f - - default default] 10.0.0.179 "POST /v2.0/ports HTTP/1.1" status: 201 len: 1161 time: 0.6579392 /var/lib/openstack/lib/python3.10/site-packages/pycadf/identifier.py:71: UserWarning: Invalid uuid: neutron. To ensure interoperability, identifiers should be a valid uuid. warnings.warn(('Invalid uuid: %s. To ensure interoperability, '
2026-07-09 15:46:44.763 10 INFO neutron.services.segments.plugin [-] Segment 5ab8cd0a-9079-40b1-8ec5-a2294d52ffd4 resource provider aggregate not found
2026-07-09 15:46:44.768 10 INFO neutron.services.segments.plugin [-] Segment 5ab8cd0a-9079-40b1-8ec5-a2294d52ffd4 resource provider aggregate not found
2026-07-09 15:46:44.780 10 INFO neutron.services.segments.plugin [-] Segment 5ab8cd0a-9079-40b1-8ec5-a2294d52ffd4 resource provider not found; error: Placement Client Error (4xx): {"errors": [{"status": 404, "title": "Not Found", "detail": "The resource could not be found.\n\n No resource provider with uuid 5ab8cd0a-9079-40b1-8ec5-a2294d52ffd4 found for delete ", "request_id": "req-7291c335-6f41-49b2-ad5c-08d5cd751f8d"}]}
2026-07-09 15:46:44.783 10 INFO neutron.services.segments.plugin [-] Segment 5ab8cd0a-9079-40b1-8ec5-a2294d52ffd4 resource provider not found; error: Placement Client Error (4xx): {"errors": [{"status": 404, "title": "Not Found", "detail": "The resource could not be found.\n\n No resource provider with uuid 5ab8cd0a-9079-40b1-8ec5-a2294d52ffd4 found for delete ", "request_id": "req-a15d5df4-907b-464c-8de2-51e79f913690"}]}
2026-07-09 15:46:44.973 9 INFO neutron.wsgi [-] 10.0.0.209 "GET / HTTP/1.1" status: 200 len: 247 time: 0.0016341
2026-07-09 15:46:44.973 10 INFO neutron.wsgi [-] 10.0.0.209 "GET / HTTP/1.1" status: 200 len: 247 time: 0.0016720
2026-07-09 15:46:45.129 10 INFO neutron.wsgi [None req-cf087d30-e51b-40d6-a71c-1befea410341 0d8da3eac2cf472dbcd220e7545c74a2 c5b62f16fe5c4318bfd7f4cc30004d00 - - default default] 10.0.0.179 "DELETE /v2.0/networks/6ba3c9da-985c-47cd-b6f6-1df2e7fd314b HTTP/1.1" status: 204 len: 168 time: 0.4447522
2026-07-09 15:46:45.146 9 ERROR ovsdbapp.backend.ovs_idl.command [None req-b5db9f5f-b655-472a-a76e-0b92554b4b76 5cc4dadea82e446fb0f00a9162951f78 5b902ab3cd6842d7ad206ec095c9a16f - - default default] Error executing command (DbGetCommand): ovsdbapp.backend.ovs_idl.idlutils.RowNotFound: Cannot find Logical_Router_Port with name=lrp-d7346f96-b46c-4cda-a9f7-3d7f5c3ce4b9
2026-07-09 15:46:45.146 9 ERROR ovsdbapp.backend.ovs_idl.command
Traceback (most recent call last):
2026-07-09 15:46:45.146 9 ERROR ovsdbapp.backend.ovs_idl.command
File "/var/lib/openstack/lib/python3.10/site-packages/ovsdbapp/backend/ovs_idl/command.py", line 47, in execute
2026-07-09 15:46:45.146 9 ERROR ovsdbapp.backend.ovs_idl.command self.run_idl(None)
2026-07-09 15:46:45.146 9 ERROR ovsdbapp.backend.ovs_idl.command
File "/var/lib/openstack/lib/python3.10/site-packages/ovsdbapp/backend/ovs_idl/command.py", line 235, in run_idl
2026-07-09 15:46:45.146 9 ERROR ovsdbapp.backend.ovs_idl.command record = self.api.lookup(self.table, self.record)
2026-07-09 15:46:45.146 9 ERROR ovsdbapp.backend.ovs_idl.command
File "/var/lib/openstack/lib/python3.10/site-packages/ovsdbapp/backend/ovs_idl/__init__.py", line 184, in lookup
2026-07-09 15:46:45.146 9 ERROR ovsdbapp.backend.ovs_idl.command return self._lookup(table, record)
2026-07-09 15:46:45.146 9 ERROR ovsdbapp.backend.ovs_idl.command
File "/var/lib/openstack/lib/python3.10/site-packages/ovsdbapp/backend/ovs_idl/__init__.py", line 235, in _lookup
2026-07-09 15:46:45.146 9 ERROR ovsdbapp.backend.ovs_idl.command row = idlutils.row_by_value(self, rl.table, rl.column, record)
2026-07-09 15:46:45.146 9 ERROR ovsdbapp.backend.ovs_idl.command
File "/var/lib/openstack/lib/python3.10/site-packages/ovsdbapp/backend/ovs_idl/idlutils.py", line 114, in row_by_value
2026-07-09 15:46:45.146 9 ERROR ovsdbapp.backend.ovs_idl.command raise RowNotFound(table=table, col=column, match=match)
2026-07-09 15:46:45.146 9 ERROR ovsdbapp.backend.ovs_idl.command ovsdbapp.backend.ovs_idl.idlutils.RowNotFound: Cannot find Logical_Router_Port with name=lrp-d7346f96-b46c-4cda-a9f7-3d7f5c3ce4b9
2026-07-09 15:46:45.146 9 ERROR ovsdbapp.backend.ovs_idl.command 
2026-07-09 15:46:45.147 9 ERROR neutron_lib.callbacks.manager [None req-b5db9f5f-b655-472a-a76e-0b92554b4b76 5cc4dadea82e446fb0f00a9162951f78 5b902ab3cd6842d7ad206ec095c9a16f - - default default] Error during notification for neutron.services.ovn_l3.plugin.OVNL3RouterPlugin._port_update-8774175596262 port, after_update: ovsdbapp.backend.ovs_idl.idlutils.RowNotFound: Cannot find Logical_Router_Port with name=lrp-d7346f96-b46c-4cda-a9f7-3d7f5c3ce4b9
2026-07-09 15:46:45.147 9 ERROR neutron_lib.callbacks.manager
Traceback (most recent call last):
2026-07-09 15:46:45.147 9 ERROR neutron_lib.callbacks.manager
File "/var/lib/openstack/lib/python3.10/site-packages/neutron_lib/callbacks/manager.py", line 189, in _notify_loop
2026-07-09 15:46:45.147 9 ERROR neutron_lib.callbacks.manager callback.method(resource, event, trigger, payload=payload)
2026-07-09 15:46:45.147 9 ERROR neutron_lib.callbacks.manager
File "/var/lib/openstack/lib/python3.10/site-packages/neutron/services/ovn_l3/plugin.py", line 391, in _port_update
2026-07-09 15:46:45.147 9 ERROR neutron_lib.callbacks.manager l3plugin._ovn_client.update_router_port(context,
2026-07-09 15:46:45.147 9 ERROR neutron_lib.callbacks.manager
File "/var/lib/openstack/lib/python3.10/site-packages/neutron/plugins/ml2/drivers/ovn/mech_driver/ovsdb/ovn_client.py", line 1878, in update_router_port
2026-07-09 15:46:45.147 9 ERROR neutron_lib.callbacks.manager self._update_lrouter_port(context, port, if_exists=if_exists,
2026-07-09 15:46:45.147 9 ERROR neutron_lib.callbacks.manager
File "/var/lib/openstack/lib/python3.10/site-packages/neutron/plugins/ml2/drivers/ovn/mech_driver/ovsdb/ovn_client.py", line 1855, in _update_lrouter_port
2026-07-09 15:46:45.147 9 ERROR neutron_lib.callbacks.manager external_ids = self._nb_idl.db_get(
2026-07-09 15:46:45.147 9 ERROR neutron_lib.callbacks.manager
File "/var/lib/openstack/lib/python3.10/site-packages/ovsdbapp/backend/ovs_idl/command.py", line 47, in execute
2026-07-09 15:46:45.147 9 ERROR neutron_lib.callbacks.manager self.run_idl(None)
2026-07-09 15:46:45.147 9 ERROR neutron_lib.callbacks.manager
File "/var/lib/openstack/lib/python3.10/site-packages/ovsdbapp/backend/ovs_idl/command.py", line 235, in run_idl
2026-07-09 15:46:45.147 9 ERROR neutron_lib.callbacks.manager record = self.api.lookup(self.table, self.record)
2026-07-09 15:46:45.147 9 ERROR neutron_lib.callbacks.manager
File "/var/lib/openstack/lib/python3.10/site-packages/ovsdbapp/backend/ovs_idl/__init__.py", line 184, in lookup
2026-07-09 15:46:45.147 9 ERROR neutron_lib.callbacks.manager return self._lookup(table, record)
2026-07-09 15:46:45.147 9 ERROR neutron_lib.callbacks.manager
File "/var/lib/openstack/lib/python3.10/site-packages/ovsdbapp/backend/ovs_idl/__init__.py", line 235, in _lookup
2026-07-09 15:46:45.147 9 ERROR neutron_lib.callbacks.manager row = idlutils.row_by_value(self, rl.table, rl.column, record)
2026-07-09 15:46:45.147 9 ERROR neutron_lib.callbacks.manager
File "/var/lib/openstack/lib/python3.10/site-packages/ovsdbapp/backend/ovs_idl/idlutils.py", line 114, in row_by_value
2026-07-09 15:46:45.147 9 ERROR neutron_lib.callbacks.manager raise RowNotFound(table=table, col=column, match=match)
2026-07-09 15:46:45.147 9 ERROR neutron_lib.callbacks.manager ovsdbapp.backend.ovs_idl.idlutils.RowNotFound: Cannot find Logical_Router_Port with name=lrp-d7346f96-b46c-4cda-a9f7-3d7f5c3ce4b9
2026-07-09 15:46:45.147 9 ERROR neutron_lib.callbacks.manager  /var/lib/openstack/lib/python3.10/site-packages/pycadf/identifier.py:71: UserWarning: Invalid uuid: neutron. To ensure interoperability, identifiers should be a valid uuid. warnings.warn(('Invalid uuid: %s. To ensure interoperability, '
2026-07-09 15:46:45.277 9 INFO neutron.plugins.ml2.drivers.ovn.mech_driver.mech_driver [None req-2e4dec20-51cf-4ab6-a7ab-78d6097ca8de - - - - - -] OVN reports status up for port: d7346f96-b46c-4cda-a9f7-3d7f5c3ce4b9
2026-07-09 15:46:45.292 9 INFO neutron.plugins.ml2.plugin [None req-2e4dec20-51cf-4ab6-a7ab-78d6097ca8de - - - - - -] Attempt 1 to provision port d7346f96-b46c-4cda-a9f7-3d7f5c3ce4b9
2026-07-09 15:46:45.337 9 INFO neutron.db.ovn_revision_numbers_db [None req-b5db9f5f-b655-472a-a76e-0b92554b4b76 5cc4dadea82e446fb0f00a9162951f78 5b902ab3cd6842d7ad206ec095c9a16f - - default default] Successfully bumped revision number for resource d7346f96-b46c-4cda-a9f7-3d7f5c3ce4b9 (type: ports) to 2
2026-07-09 15:46:45.340 9 INFO neutron.db.ovn_revision_numbers_db [None req-fb9c189e-b355-4a4b-b55e-082a9361e880 c78bf3b8cf62431b8a411c2bb640c804 0c88b9fafbe24245a405c8b3e038ea2d - - default default] Successfully bumped revision number for resource 28b32066-74a4-4f67-8b4d-380c18219d26 (type: security_groups) to 1
2026-07-09 15:46:45.365 9 INFO neutron.db.ovn_revision_numbers_db [None req-fb9c189e-b355-4a4b-b55e-082a9361e880 c78bf3b8cf62431b8a411c2bb640c804 0c88b9fafbe24245a405c8b3e038ea2d - - default default] Successfully bumped revision number for resource 61d535e3-ec71-4c6b-be30-2c35beb73b49 (type: security_group_rules) to 0
2026-07-09 15:46:45.404 9 INFO neutron.db.ovn_revision_numbers_db [None req-fb9c189e-b355-4a4b-b55e-082a9361e880 c78bf3b8cf62431b8a411c2bb640c804 0c88b9fafbe24245a405c8b3e038ea2d - - default default] Successfully bumped revision number for resource 643ee3ab-5418-40ad-a643-8b7bc2195654 (type: security_group_rules) to 0
2026-07-09 15:46:45.443 9 INFO neutron.db.ovn_revision_numbers_db [None req-fb9c189e-b355-4a4b-b55e-082a9361e880 c78bf3b8cf62431b8a411c2bb640c804 0c88b9fafbe24245a405c8b3e038ea2d - - default default] Successfully bumped revision number for resource d127218e-b73c-432c-8b3f-ee5bc6458992 (type: security_group_rules) to 0
2026-07-09 15:46:45.710 9 INFO neutron.db.ovn_revision_numbers_db [None req-fb9c189e-b355-4a4b-b55e-082a9361e880 c78bf3b8cf62431b8a411c2bb640c804 0c88b9fafbe24245a405c8b3e038ea2d - - default default] Successfully bumped revision number for resource ec7f7f24-b7a6-40ca-8627-0f65376a7152 (type: security_group_rules) to 0
2026-07-09 15:46:45.754 9 INFO neutron.wsgi [None req-fb9c189e-b355-4a4b-b55e-082a9361e880 c78bf3b8cf62431b8a411c2bb640c804 0c88b9fafbe24245a405c8b3e038ea2d - - default default] 10.0.0.179 "GET /v2.0/security-groups?tenant_id=186b4518efb64cc7a583937baff45181&name=default HTTP/1.1" status: 200 len: 3120 time: 0.7976131
2026-07-09 15:46:45.830 10 INFO neutron.wsgi [None req-cd2ff0b9-b380-40b4-b293-16bff19b501f c78bf3b8cf62431b8a411c2bb640c804 0c88b9fafbe24245a405c8b3e038ea2d - - default default] 10.0.0.179 "GET /v2.0/security-groups?tenant_id=c5b62f16fe5c4318bfd7f4cc30004d00&name=default HTTP/1.1" status: 200 len: 3120 time: 0.1778369
2026-07-09 15:46:46.011 10 INFO neutron.wsgi [None req-9f64b559-8850-418b-9520-80e209541582 c78bf3b8cf62431b8a411c2bb640c804 0c88b9fafbe24245a405c8b3e038ea2d - - default default] 10.0.0.179 "DELETE /v2.0/security-groups/28b32066-74a4-4f67-8b4d-380c18219d26 HTTP/1.1" status: 204 len: 168 time: 0.2524378
2026-07-09 15:46:46.098 9 INFO neutron.db.ovn_revision_numbers_db [None req-2e4dec20-51cf-4ab6-a7ab-78d6097ca8de - - - - - -] Successfully bumped revision number for resource d7346f96-b46c-4cda-a9f7-3d7f5c3ce4b9 (type: ports) to 3
2026-07-09 15:46:46.288 9 ERROR ovsdbapp.backend.ovs_idl.command [None req-2e4dec20-51cf-4ab6-a7ab-78d6097ca8de - - - - - -] Error executing command (DbGetCommand): ovsdbapp.backend.ovs_idl.idlutils.RowNotFound: Cannot find Logical_Router_Port with name=lrp-d7346f96-b46c-4cda-a9f7-3d7f5c3ce4b9
2026-07-09 15:46:46.288 9 ERROR ovsdbapp.backend.ovs_idl.command
Traceback (most recent call last):
2026-07-09 15:46:46.288 9 ERROR ovsdbapp.backend.ovs_idl.command
File "/var/lib/openstack/lib/python3.10/site-packages/ovsdbapp/backend/ovs_idl/command.py", line 47, in execute
2026-07-09 15:46:46.288 9 ERROR ovsdbapp.backend.ovs_idl.command self.run_idl(None)
2026-07-09 15:46:46.288 9 ERROR ovsdbapp.backend.ovs_idl.command
File "/var/lib/openstack/lib/python3.10/site-packages/ovsdbapp/backend/ovs_idl/command.py", line 235, in run_idl
2026-07-09 15:46:46.288 9 ERROR ovsdbapp.backend.ovs_idl.command record = self.api.lookup(self.table, self.record)
2026-07-09 15:46:46.288 9 ERROR ovsdbapp.backend.ovs_idl.command
File "/var/lib/openstack/lib/python3.10/site-packages/ovsdbapp/backend/ovs_idl/__init__.py", line 184, in lookup
2026-07-09 15:46:46.288 9 ERROR ovsdbapp.backend.ovs_idl.command return self._lookup(table, record)
2026-07-09 15:46:46.288 9 ERROR ovsdbapp.backend.ovs_idl.command
File "/var/lib/openstack/lib/python3.10/site-packages/ovsdbapp/backend/ovs_idl/__init__.py", line 235, in _lookup
