2026-07-09 15:48:58.935 9 WARNING neutron.scheduler.dhcp_agent_scheduler [None req-848bb0ff-6d85-49ae-b0f4-046b66bc2222 966d13dff324445b90c30464c4cc5027 b00e4b75b86f46bc9d1842d7bd4eb855 - - default default] No more DHCP agents
2026-07-09 15:48:58.936 9 WARNING neutron.api.rpc.agentnotifiers.dhcp_rpc_agent_api [None req-848bb0ff-6d85-49ae-b0f4-046b66bc2222 966d13dff324445b90c30464c4cc5027 b00e4b75b86f46bc9d1842d7bd4eb855 - - default default] Unable to schedule network 14b0f0e3-4d26-4a95-8fab-8293e16798bf: no agents available; will retry on subsequent port and subnet creation events.
2026-07-09 15:48:59.171 10 INFO neutron.db.ovn_revision_numbers_db [None req-ead51aef-02c8-42da-9d6e-2604830a2b71 c78bf3b8cf62431b8a411c2bb640c804 0c88b9fafbe24245a405c8b3e038ea2d - - default default] Successfully bumped revision number for resource ab4738a7-423f-4899-8a30-b2bd6897cb14 (type: security_groups) to 1
2026-07-09 15:48:59.185 10 INFO neutron.db.ovn_revision_numbers_db [None req-ead51aef-02c8-42da-9d6e-2604830a2b71 c78bf3b8cf62431b8a411c2bb640c804 0c88b9fafbe24245a405c8b3e038ea2d - - default default] Successfully bumped revision number for resource 3bebf0c9-9611-40f3-ba43-f91f37b14afe (type: security_group_rules) to 0
2026-07-09 15:48:59.198 10 INFO neutron.db.ovn_revision_numbers_db [None req-ead51aef-02c8-42da-9d6e-2604830a2b71 c78bf3b8cf62431b8a411c2bb640c804 0c88b9fafbe24245a405c8b3e038ea2d - - default default] Successfully bumped revision number for resource 56033768-d719-4af2-af4b-5281b9c696df (type: security_group_rules) to 0
2026-07-09 15:48:59.211 10 INFO neutron.db.ovn_revision_numbers_db [None req-ead51aef-02c8-42da-9d6e-2604830a2b71 c78bf3b8cf62431b8a411c2bb640c804 0c88b9fafbe24245a405c8b3e038ea2d - - default default] Successfully bumped revision number for resource 56345bff-34af-4224-98ed-3548715b24fd (type: security_group_rules) to 0
2026-07-09 15:48:59.222 10 INFO neutron.db.ovn_revision_numbers_db [None req-ead51aef-02c8-42da-9d6e-2604830a2b71 c78bf3b8cf62431b8a411c2bb640c804 0c88b9fafbe24245a405c8b3e038ea2d - - default default] Successfully bumped revision number for resource d450200b-cee7-4955-9db7-55ed5144738b (type: security_group_rules) to 0
2026-07-09 15:48:59.243 10 INFO neutron.wsgi [None req-ead51aef-02c8-42da-9d6e-2604830a2b71 c78bf3b8cf62431b8a411c2bb640c804 0c88b9fafbe24245a405c8b3e038ea2d - - default default] 10.0.0.179 "GET /v2.0/security-groups?tenant_id=3720696fcf4b4db59f917c9065a4bc5e&name=default HTTP/1.1" status: 200 len: 3124 time: 0.3368256
2026-07-09 15:48:59.458 9 INFO neutron.db.ovn_revision_numbers_db [None req-848bb0ff-6d85-49ae-b0f4-046b66bc2222 966d13dff324445b90c30464c4cc5027 b00e4b75b86f46bc9d1842d7bd4eb855 - - default default] Successfully bumped revision number for resource 2b4cef18-181e-427a-b102-9c24ff304500 (type: router_ports) to 1
2026-07-09 15:48:59.478 10 INFO neutron.wsgi [None req-5244b1dc-f327-48c8-a3e5-931a76228af9 c78bf3b8cf62431b8a411c2bb640c804 0c88b9fafbe24245a405c8b3e038ea2d - - default default] 10.0.0.179 "DELETE /v2.0/security-groups/ab4738a7-423f-4899-8a30-b2bd6897cb14 HTTP/1.1" status: 204 len: 168 time: 0.2303376
2026-07-09 15:48:59.684 9 WARNING neutron.scheduler.dhcp_agent_scheduler [None req-2c3a922a-b0a7-47db-8b37-5346d1a8c708 - - - - - -] No more DHCP agents
2026-07-09 15:48:59.687 9 WARNING neutron.api.rpc.agentnotifiers.dhcp_rpc_agent_api [None req-2c3a922a-b0a7-47db-8b37-5346d1a8c708 - - - - - -] Unable to schedule network 14b0f0e3-4d26-4a95-8fab-8293e16798bf: no agents available; will retry on subsequent port and subnet creation events.
2026-07-09 15:48:59.754 10 INFO neutron.db.ovn_revision_numbers_db [None req-4d3bdd1f-2a15-40d9-bdb0-5aa6e7a61514 c78bf3b8cf62431b8a411c2bb640c804 0c88b9fafbe24245a405c8b3e038ea2d - - default default] Successfully bumped revision number for resource 45d457f1-6aef-4e93-b23f-19b7cbfac7ef (type: security_groups) to 1
2026-07-09 15:48:59.778 10 INFO neutron.db.ovn_revision_numbers_db [None req-4d3bdd1f-2a15-40d9-bdb0-5aa6e7a61514 c78bf3b8cf62431b8a411c2bb640c804 0c88b9fafbe24245a405c8b3e038ea2d - - default default] Successfully bumped revision number for resource 4ca2d002-a58c-4b74-9607-7b8353df1fe4 (type: security_group_rules) to 0
2026-07-09 15:48:59.801 10 INFO neutron.db.ovn_revision_numbers_db [None req-4d3bdd1f-2a15-40d9-bdb0-5aa6e7a61514 c78bf3b8cf62431b8a411c2bb640c804 0c88b9fafbe24245a405c8b3e038ea2d - - default default] Successfully bumped revision number for resource 7035e00f-54e4-45c6-bbe6-5c56df46d649 (type: security_group_rules) to 0
2026-07-09 15:48:59.826 10 INFO neutron.db.ovn_revision_numbers_db [None req-4d3bdd1f-2a15-40d9-bdb0-5aa6e7a61514 c78bf3b8cf62431b8a411c2bb640c804 0c88b9fafbe24245a405c8b3e038ea2d - - default default] Successfully bumped revision number for resource 8979d7a2-f49f-4ad5-9838-0358e3e67a1b (type: security_group_rules) to 0
2026-07-09 15:48:59.842 10 INFO neutron.db.ovn_revision_numbers_db [None req-4d3bdd1f-2a15-40d9-bdb0-5aa6e7a61514 c78bf3b8cf62431b8a411c2bb640c804 0c88b9fafbe24245a405c8b3e038ea2d - - default default] Successfully bumped revision number for resource b2367578-a614-4a7d-a442-56b2ff006498 (type: security_group_rules) to 0
2026-07-09 15:48:59.853 9 INFO neutron.db.ovn_revision_numbers_db [None req-2c3a922a-b0a7-47db-8b37-5346d1a8c708 - - - - - -] Successfully bumped revision number for resource f56ef53d-5bb9-4505-9536-bfe0bd633425 (type: ports) to 1
2026-07-09 15:48:59.869 10 INFO neutron.wsgi [None req-4d3bdd1f-2a15-40d9-bdb0-5aa6e7a61514 c78bf3b8cf62431b8a411c2bb640c804 0c88b9fafbe24245a405c8b3e038ea2d - - default default] 10.0.0.179 "GET /v2.0/security-groups?tenant_id=0bac37f1c39143a6b2b3cc9c57e1d56b&name=default HTTP/1.1" status: 200 len: 3124 time: 0.2519181
2026-07-09 15:48:59.974 10 INFO neutron.wsgi [-] 10.0.0.209 "GET / HTTP/1.1" status: 200 len: 247 time: 0.0028689
2026-07-09 15:48:59.978 10 INFO neutron.wsgi [-] 10.0.0.209 "GET / HTTP/1.1" status: 200 len: 247 time: 0.0022023
2026-07-09 15:49:00.145 9 INFO neutron.db.ovn_revision_numbers_db [None req-2c3a922a-b0a7-47db-8b37-5346d1a8c708 - - - - - -] Successfully bumped revision number for resource f56ef53d-5bb9-4505-9536-bfe0bd633425 (type: ports) to 1
2026-07-09 15:49:00.435 9 INFO neutron.wsgi [None req-d1033549-d891-4f01-99e0-523bd02a5372 c78bf3b8cf62431b8a411c2bb640c804 0c88b9fafbe24245a405c8b3e038ea2d - - default default] 10.0.0.179 "DELETE /v2.0/security-groups/45d457f1-6aef-4e93-b23f-19b7cbfac7ef HTTP/1.1" status: 204 len: 168 time: 0.5560141
2026-07-09 15:49:00.633 9 INFO neutron.wsgi [None req-848bb0ff-6d85-49ae-b0f4-046b66bc2222 966d13dff324445b90c30464c4cc5027 b00e4b75b86f46bc9d1842d7bd4eb855 - - default default] 10.0.0.179 "POST /v2.0/vpn/vpnservices HTTP/1.1" status: 201 len: 656 time: 6.0953689
2026-07-09 15:49:00.647 10 WARNING neutron_lib.context [None req-500d4774-63a3-407d-970f-bcb9b8550afb 966d13dff324445b90c30464c4cc5027 b00e4b75b86f46bc9d1842d7bd4eb855 - - default default] Method 'is_advsvc' is deprecated since 2023.2 release (neutron-lib 3.8.0) and will be removed once support for the old RBAC API policies will be removed from Neutron. Please use method 'is_service_role' instead.
2026-07-09 15:49:00.874 10 WARNING neutron_lib.context [None req-ff75160e-8703-47ac-830f-afb9a7f278bf 7af455ca4b3a4109af05d0dafbd6602e 06ab1b7542be4120b4f37fb4e5b08ef2 - - default default] Method 'is_advsvc' is deprecated since 2023.2 release (neutron-lib 3.8.0) and will be removed once support for the old RBAC API policies will be removed from Neutron. Please use method 'is_service_role' instead.
2026-07-09 15:49:01.138 10 INFO neutron.db.ovn_revision_numbers_db [None req-ff75160e-8703-47ac-830f-afb9a7f278bf 7af455ca4b3a4109af05d0dafbd6602e 06ab1b7542be4120b4f37fb4e5b08ef2 - - default default] Successfully bumped revision number for resource 7d3fbc99-a324-4d9a-bb33-d7de47c9f3dd (type: security_groups) to 1
2026-07-09 15:49:01.154 10 INFO neutron.wsgi [None req-500d4774-63a3-407d-970f-bcb9b8550afb 966d13dff324445b90c30464c4cc5027 b00e4b75b86f46bc9d1842d7bd4eb855 - - default default] 10.0.0.179 "POST /v2.0/vpn/vpnservices HTTP/1.1" status: 201 len: 623 time: 0.5161879
2026-07-09 15:49:01.157 10 INFO neutron.db.ovn_revision_numbers_db [None req-ff75160e-8703-47ac-830f-afb9a7f278bf 7af455ca4b3a4109af05d0dafbd6602e 06ab1b7542be4120b4f37fb4e5b08ef2 - - default default] Successfully bumped revision number for resource 350f4c58-0641-404a-9b8b-cf4ee938ca4b (type: security_group_rules) to 0
2026-07-09 15:49:01.167 9 WARNING neutron_lib.context [None req-82d1d93d-58d9-454e-a92f-fb6891fbe441 966d13dff324445b90c30464c4cc5027 b00e4b75b86f46bc9d1842d7bd4eb855 - - default default] Method 'is_advsvc' is deprecated since 2023.2 release (neutron-lib 3.8.0) and will be removed once support for the old RBAC API policies will be removed from Neutron. Please use method 'is_service_role' instead.
2026-07-09 15:49:01.171 10 INFO neutron.db.ovn_revision_numbers_db [None req-ff75160e-8703-47ac-830f-afb9a7f278bf 7af455ca4b3a4109af05d0dafbd6602e 06ab1b7542be4120b4f37fb4e5b08ef2 - - default default] Successfully bumped revision number for resource 3cb5cde1-5004-4245-a79b-b5dd9f54f0bf (type: security_group_rules) to 0
2026-07-09 15:49:01.184 10 INFO neutron.db.ovn_revision_numbers_db [None req-ff75160e-8703-47ac-830f-afb9a7f278bf 7af455ca4b3a4109af05d0dafbd6602e 06ab1b7542be4120b4f37fb4e5b08ef2 - - default default] Successfully bumped revision number for resource 58101cec-d212-4007-89ec-96c6398f0811 (type: security_group_rules) to 0
2026-07-09 15:49:01.205 9 INFO neutron.wsgi [None req-82d1d93d-58d9-454e-a92f-fb6891fbe441 966d13dff324445b90c30464c4cc5027 b00e4b75b86f46bc9d1842d7bd4eb855 - - default default] 10.0.0.179 "POST /v2.0/vpn/ikepolicies HTTP/1.1" status: 201 len: 603 time: 0.0456424
2026-07-09 15:49:01.225 10 WARNING neutron_lib.context [None req-0cd57ea9-01e9-4280-b128-37e14bd4b762 966d13dff324445b90c30464c4cc5027 b00e4b75b86f46bc9d1842d7bd4eb855 - - default default] Method 'is_advsvc' is deprecated since 2023.2 release (neutron-lib 3.8.0) and will be removed once support for the old RBAC API policies will be removed from Neutron. Please use method 'is_service_role' instead.
2026-07-09 15:49:01.228 10 INFO neutron.db.ovn_revision_numbers_db [None req-ff75160e-8703-47ac-830f-afb9a7f278bf 7af455ca4b3a4109af05d0dafbd6602e 06ab1b7542be4120b4f37fb4e5b08ef2 - - default default] Successfully bumped revision number for resource ebcb0fb4-5f8b-44c4-a870-6dd5fdcb76ae (type: security_group_rules) to 0
2026-07-09 15:49:01.270 10 INFO neutron.wsgi [None req-0cd57ea9-01e9-4280-b128-37e14bd4b762 966d13dff324445b90c30464c4cc5027 b00e4b75b86f46bc9d1842d7bd4eb855 - - default default] 10.0.0.179 "POST /v2.0/vpn/ipsecpolicies HTTP/1.1" status: 201 len: 611 time: 0.0492480
2026-07-09 15:49:01.281 9 WARNING neutron_lib.context [None req-ace154fb-14d9-4bff-abfd-5538c008a70f 966d13dff324445b90c30464c4cc5027 b00e4b75b86f46bc9d1842d7bd4eb855 - - default default] Method 'is_advsvc' is deprecated since 2023.2 release (neutron-lib 3.8.0) and will be removed once support for the old RBAC API policies will be removed from Neutron. Please use method 'is_service_role' instead.
2026-07-09 15:49:01.285 10 INFO neutron.db.segments_db [None req-ff75160e-8703-47ac-830f-afb9a7f278bf 7af455ca4b3a4109af05d0dafbd6602e 06ab1b7542be4120b4f37fb4e5b08ef2 - - default default] Added segment d591a0b2-2388-4229-b3c9-f63f9a7a4bf1 of type geneve for network 6d68bd9e-f283-45d9-b0b9-472b2142298e
2026-07-09 15:49:01.365 9 INFO neutron.wsgi [None req-ace154fb-14d9-4bff-abfd-5538c008a70f 966d13dff324445b90c30464c4cc5027 b00e4b75b86f46bc9d1842d7bd4eb855 - - default default] 10.0.0.179 "POST /v2.0/vpn/endpoint-groups HTTP/1.1" status: 201 len: 528 time: 0.0915151
2026-07-09 15:49:01.376 10 WARNING neutron_lib.context [None req-0ba72288-add0-4891-964c-85c76abab1f0 966d13dff324445b90c30464c4cc5027 b00e4b75b86f46bc9d1842d7bd4eb855 - - default default] Method 'is_advsvc' is deprecated since 2023.2 release (neutron-lib 3.8.0) and will be removed once support for the old RBAC API policies will be removed from Neutron. Please use method 'is_service_role' instead.
2026-07-09 15:49:01.462 10 INFO neutron.wsgi [None req-0ba72288-add0-4891-964c-85c76abab1f0 966d13dff324445b90c30464c4cc5027 b00e4b75b86f46bc9d1842d7bd4eb855 - - default default] 10.0.0.179 "POST /v2.0/vpn/endpoint-groups HTTP/1.1" status: 201 len: 518 time: 0.0914385
2026-07-09 15:49:01.462 10 INFO neutron.db.ovn_revision_numbers_db [None req-ff75160e-8703-47ac-830f-afb9a7f278bf 7af455ca4b3a4109af05d0dafbd6602e 06ab1b7542be4120b4f37fb4e5b08ef2 - - default default] Successfully bumped revision number for resource 6d68bd9e-f283-45d9-b0b9-472b2142298e (type: networks) to 1
2026-07-09 15:49:01.475 9 WARNING neutron_lib.context [None req-cfc098ce-2898-41ef-a27a-f11f326aee84 966d13dff324445b90c30464c4cc5027 b00e4b75b86f46bc9d1842d7bd4eb855 - - default default] Method 'is_advsvc' is deprecated since 2023.2 release (neutron-lib 3.8.0) and will be removed once support for the old RBAC API policies will be removed from Neutron. Please use method 'is_service_role' instead.
2026-07-09 15:49:01.665 10 WARNING neutron.scheduler.dhcp_agent_scheduler [None req-ff75160e-8703-47ac-830f-afb9a7f278bf 7af455ca4b3a4109af05d0dafbd6602e 06ab1b7542be4120b4f37fb4e5b08ef2 - - default default] No more DHCP agents
2026-07-09 15:49:01.667 10 WARNING neutron.api.rpc.agentnotifiers.dhcp_rpc_agent_api [None req-ff75160e-8703-47ac-830f-afb9a7f278bf 7af455ca4b3a4109af05d0dafbd6602e 06ab1b7542be4120b4f37fb4e5b08ef2 - - default default] Unable to schedule network 6d68bd9e-f283-45d9-b0b9-472b2142298e: no agents available; will retry on subsequent port and subnet creation events.
2026-07-09 15:49:01.930 10 INFO neutron.db.ovn_revision_numbers_db [None req-ff75160e-8703-47ac-830f-afb9a7f278bf 7af455ca4b3a4109af05d0dafbd6602e 06ab1b7542be4120b4f37fb4e5b08ef2 - - default default] Successfully bumped revision number for resource 258f71fe-8cab-4e5b-bf1b-e1c364d0e136 (type: ports) to 1
2026-07-09 15:49:01.951 10 INFO neutron.wsgi [None req-ff75160e-8703-47ac-830f-afb9a7f278bf 7af455ca4b3a4109af05d0dafbd6602e 06ab1b7542be4120b4f37fb4e5b08ef2 - - default default] 10.0.0.179 "POST /v2.0/networks HTTP/1.1" status: 201 len: 832 time: 1.3689985
2026-07-09 15:49:01.961 10 WARNING neutron_lib.context [None req-d672ee2c-aa4e-493e-a839-92bd8fcb8e89 7af455ca4b3a4109af05d0dafbd6602e 06ab1b7542be4120b4f37fb4e5b08ef2 - - default default] Method 'is_advsvc' is deprecated since 2023.2 release (neutron-lib 3.8.0) and will be removed once support for the old RBAC API policies will be removed from Neutron. Please use method 'is_service_role' instead.
2026-07-09 15:49:02.242 9 INFO neutron.db.ovn_revision_numbers_db [None req-cfc098ce-2898-41ef-a27a-f11f326aee84 966d13dff324445b90c30464c4cc5027 b00e4b75b86f46bc9d1842d7bd4eb855 - - default default] Successfully bumped revision number for resource a3b916cd-344e-4f1f-8e8f-1fc370272b3a (type: routers) to 5
2026-07-09 15:49:02.279 9 INFO neutron.wsgi [None req-cfc098ce-2898-41ef-a27a-f11f326aee84 966d13dff324445b90c30464c4cc5027 b00e4b75b86f46bc9d1842d7bd4eb855 - - default default] 10.0.0.179 "POST /v2.0/vpn/ipsec-site-connections HTTP/1.1" status: 201 len: 1001 time: 0.8114300
2026-07-09 15:49:02.289 9 WARNING neutron_lib.context [None req-84a1c694-aaaa-4979-8f32-e193c48db1b4 966d13dff324445b90c30464c4cc5027 b00e4b75b86f46bc9d1842d7bd4eb855 - - default default] Method 'is_advsvc' is deprecated since 2023.2 release (neutron-lib 3.8.0) and will be removed once support for the old RBAC API policies will be removed from Neutron. Please use method 'is_service_role' instead.
2026-07-09 15:49:02.332 9 INFO neutron.wsgi [None req-84a1c694-aaaa-4979-8f32-e193c48db1b4 966d13dff324445b90c30464c4cc5027 b00e4b75b86f46bc9d1842d7bd4eb855 - - default default] 10.0.0.179 "POST /v2.0/vpn/endpoint-groups HTTP/1.1" status: 201 len: 489 time: 0.0475016
2026-07-09 15:49:02.383 10 INFO neutron.wsgi [None req-ae548536-0c1b-4957-b78f-76de1b02a0f3 966d13dff324445b90c30464c4cc5027 b00e4b75b86f46bc9d1842d7bd4eb855 - - default default] 10.0.0.179 "DELETE /v2.0/vpn/endpoint-groups/1c0fccec-c240-41d5-b61f-032c6b9915de HTTP/1.1" status: 204 len: 168 time: 0.0450783
2026-07-09 15:49:02.406 9 INFO neutron.wsgi [None req-cd46f9dd-2219-4f54-a7fe-8dbc20ef5e10 966d13dff324445b90c30464c4cc5027 b00e4b75b86f46bc9d1842d7bd4eb855 - - default default] 10.0.0.179 "GET /v2.0/vpn/endpoint-groups HTTP/1.1" status: 200 len: 827 time: 0.0176558
2026-07-09 15:49:02.444 10 INFO neutron.wsgi [None req-542e2a81-7c79-4ffa-8bb4-f35845bf0080 966d13dff324445b90c30464c4cc5027 b00e4b75b86f46bc9d1842d7bd4eb855 - - default default] 10.0.0.179 "GET /v2.0/vpn/endpoint-groups HTTP/1.1" status: 200 len: 827 time: 0.0322032
2026-07-09 15:49:02.522 10 WARNING neutron.scheduler.dhcp_agent_scheduler [None req-d672ee2c-aa4e-493e-a839-92bd8fcb8e89 7af455ca4b3a4109af05d0dafbd6602e 06ab1b7542be4120b4f37fb4e5b08ef2 - - default default] No more DHCP agents
2026-07-09 15:49:02.526 10 WARNING neutron.api.rpc.agentnotifiers.dhcp_rpc_agent_api [None req-d672ee2c-aa4e-493e-a839-92bd8fcb8e89 7af455ca4b3a4109af05d0dafbd6602e 06ab1b7542be4120b4f37fb4e5b08ef2 - - default default] Unable to schedule network dabe752b-f81b-4229-a172-744a88652769: no agents available; will retry on subsequent port and subnet creation events.
2026-07-09 15:49:02.685 10 INFO neutron.db.ovn_revision_numbers_db [None req-d672ee2c-aa4e-493e-a839-92bd8fcb8e89 7af455ca4b3a4109af05d0dafbd6602e 06ab1b7542be4120b4f37fb4e5b08ef2 - - default default] Successfully bumped revision number for resource b767a458-856e-463e-bc0d-96575a6c4241 (type: ports) to 1
2026-07-09 15:49:03.094 9 WARNING neutron.plugins.ml2.drivers.ovn.mech_driver.ovsdb.ovn_client [None req-2e4dec20-51cf-4ab6-a7ab-78d6097ca8de - - - - - -] No hosting information found for port cad7f118-f3a9-4d7e-9e41-40ce0f4268d9: RuntimeError: No hosting information found for port cad7f118-f3a9-4d7e-9e41-40ce0f4268d9
2026-07-09 15:49:03.095 9 INFO neutron.plugins.ml2.drivers.ovn.mech_driver.mech_driver [None req-2e4dec20-51cf-4ab6-a7ab-78d6097ca8de - - - - - -] OVN reports status up for port: 2b4cef18-181e-427a-b102-9c24ff304500
2026-07-09 15:49:03.112 9 INFO neutron.plugins.ml2.plugin [None req-2e4dec20-51cf-4ab6-a7ab-78d6097ca8de - - - - - -] Attempt 1 to provision port 2b4cef18-181e-427a-b102-9c24ff304500
2026-07-09 15:49:03.125 10 INFO neutron.wsgi [None req-2be32853-7cbf-412b-8d7d-f868223822f6 c31ca78c192d4f1b91f65850c183e59a 6cf3d9946853437e8c33cc2d3dec0c1b - - default default] 10.0.0.179 "POST /v2.0/vpn/ikepolicies HTTP/1.1" status: 201 len: 602 time: 0.3043559
2026-07-09 15:49:03.145 9 INFO neutron.wsgi [None req-83268738-65df-4e83-97ae-5bd9ece02f69 966d13dff324445b90c30464c4cc5027 b00e4b75b86f46bc9d1842d7bd4eb855 - - default default] 10.0.0.179 "GET /v2.0/vpn/ikepolicies HTTP/1.1" status: 200 len: 992 time: 0.0144835
2026-07-09 15:49:03.208 10 INFO neutron.wsgi [None req-90573731-3e8b-4a44-810f-2c6692a2b40a c31ca78c192d4f1b91f65850c183e59a 6cf3d9946853437e8c33cc2d3dec0c1b - - default default] 10.0.0.179 "DELETE /v2.0/vpn/ikepolicies/d42ad4cb-2538-4ad2-be71-c6ecd229be72 HTTP/1.1" status: 204 len: 168 time: 0.0573776
2026-07-09 15:49:03.279 9 INFO neutron.wsgi [None req-a9e6ab86-43fd-4e20-b0af-7d4c706264ea c31ca78c192d4f1b91f65850c183e59a 6cf3d9946853437e8c33cc2d3dec0c1b - - default default] 10.0.0.179 "POST /v2.0/vpn/ipsecpolicies HTTP/1.1" status: 201 len: 610 time: 0.0470543
2026-07-09 15:49:03.298 9 INFO neutron.wsgi [None req-63997489-a558-4f12-bf08-7bd6640c9d12 966d13dff324445b90c30464c4cc5027 b00e4b75b86f46bc9d1842d7bd4eb855 - - default default] 10.0.0.179 "GET /v2.0/vpn/ipsecpolicies HTTP/1.1" status: 200 len: 1006 time: 0.0129135
2026-07-09 15:49:03.345 10 INFO neutron.wsgi [None req-3f6fff02-b624-4080-89f1-102a21131dc7 c31ca78c192d4f1b91f65850c183e59a 6cf3d9946853437e8c33cc2d3dec0c1b - - default default] 10.0.0.179 "DELETE /v2.0/vpn/ipsecpolicies/54ca5c57-0e08-47bc-b18b-893a3778c18e HTTP/1.1" status: 204 len: 168 time: 0.0401638
2026-07-09 15:49:03.359 9 WARNING neutron_lib.context [None req-f31a2a36-c08b-43a0-b890-d21b6ee7ee33 966d13dff324445b90c30464c4cc5027 b00e4b75b86f46bc9d1842d7bd4eb855 - - default default] Method 'is_advsvc' is deprecated since 2023.2 release (neutron-lib 3.8.0) and will be removed once support for the old RBAC API policies will be removed from Neutron. Please use method 'is_service_role' instead.
2026-07-09 15:49:03.426 10 INFO neutron.plugins.ml2.drivers.ovn.mech_driver.ovsdb.commands [None req-4013180d-ee6e-464e-92d1-884a3531d238 - - - - - -] Schedule LRP lrp-b767a458-856e-463e-bc0d-96575a6c4241 on gateway ab433a26-6b70-4a38-a65b-12016bde0894 with priority 1
2026-07-09 15:49:03.450 9 INFO neutron.plugins.ml2.drivers.ovn.mech_driver.ovsdb.ovsdb_monitor [None req-31b6d86d-ce18-4700-a0f2-d27671e12a23 - - - - - -] Router f68d4870-fee7-4ce2-b533-ebf0b5b40d37 is bound to host instance
2026-07-09 15:49:03.491 10 INFO neutron.db.ovn_revision_numbers_db [None req-d672ee2c-aa4e-493e-a839-92bd8fcb8e89 7af455ca4b3a4109af05d0dafbd6602e 06ab1b7542be4120b4f37fb4e5b08ef2 - - default default] Successfully bumped revision number for resource b767a458-856e-463e-bc0d-96575a6c4241 (type: router_ports) to 1
2026-07-09 15:49:03.515 9 INFO neutron.db.segments_db [None req-f31a2a36-c08b-43a0-b890-d21b6ee7ee33 966d13dff324445b90c30464c4cc5027 b00e4b75b86f46bc9d1842d7bd4eb855 - - default default] Added segment 2619c129-be72-4aa9-aa56-bb4c854a953d of type geneve for network 4af31fdb-4df7-4dcd-84b2-cf5d9da8ef21
2026-07-09 15:49:03.572 10 INFO neutron.db.ovn_revision_numbers_db [None req-d672ee2c-aa4e-493e-a839-92bd8fcb8e89 7af455ca4b3a4109af05d0dafbd6602e 06ab1b7542be4120b4f37fb4e5b08ef2 - - default default] Successfully bumped revision number for resource f68d4870-fee7-4ce2-b533-ebf0b5b40d37 (type: routers) to 2
2026-07-09 15:49:03.588 10 INFO neutron.wsgi [None req-d672ee2c-aa4e-493e-a839-92bd8fcb8e89 7af455ca4b3a4109af05d0dafbd6602e 06ab1b7542be4120b4f37fb4e5b08ef2 - - default default] 10.0.0.179 "POST /v2.0/routers HTTP/1.1" status: 201 len: 1153 time: 1.6322908
2026-07-09 15:49:03.683 10 WARNING neutron_lib.context [None req-c69fa5e3-a1b7-4f50-b559-ac541caba356 99037cc23ca445849abc5c90a8663f6e 8958d452d32d4e24accc9dc48943646e - - default default] Method 'is_advsvc' is deprecated since 2023.2 release (neutron-lib 3.8.0) and will be removed once support for the old RBAC API policies will be removed from Neutron. Please use method 'is_service_role' instead.
2026-07-09 15:49:03.707 10 INFO neutron.wsgi [None req-cc8ff368-c454-4e31-aad5-65263f8f05b8 75332b0509ca4561ade3802d9520e98e d873eea1d5354059b34859a09daa04e6 - - default default] 10.0.0.179 "GET /v2.0/subnets?project_id=06ab1b7542be4120b4f37fb4e5b08ef2&cidr=10.100.0.0%2F28 HTTP/1.1" status: 200 len: 207 time: 0.1118739
2026-07-09 15:49:03.796 10 INFO neutron.wsgi [None req-b7ace73e-d604-4db8-ac97-33afd8e7bb7a 75332b0509ca4561ade3802d9520e98e d873eea1d5354059b34859a09daa04e6 - - default default] 10.0.0.179 "GET /v2.0/networks?router%3Aexternal=True HTTP/1.1" status: 200 len: 947 time: 0.0839784
2026-07-09 15:49:03.818 10 INFO neutron.wsgi [None req-1a5d3bbf-b46b-47c7-a519-39da1e63b885 75332b0509ca4561ade3802d9520e98e d873eea1d5354059b34859a09daa04e6 - - default default] 10.0.0.179 "GET /v2.0/subnets?network_id=dabe752b-f81b-4229-a172-744a88652769&cidr=10.100.0.0%2F28 HTTP/1.1" status: 200 len: 207 time: 0.0175688
2026-07-09 15:49:03.826 10 WARNING neutron_lib.context [None req-446a91ee-0bdd-45a1-bc23-4f50e00b597b 7af455ca4b3a4109af05d0dafbd6602e 06ab1b7542be4120b4f37fb4e5b08ef2 - - default default] Method 'is_advsvc' is deprecated since 2023.2 release (neutron-lib 3.8.0) and will be removed once support for the old RBAC API policies will be removed from Neutron. Please use method 'is_service_role' instead.
2026-07-09 15:49:03.887 9 INFO neutron.db.ovn_revision_numbers_db [None req-2e4dec20-51cf-4ab6-a7ab-78d6097ca8de - - - - - -] Successfully bumped revision number for resource 2b4cef18-181e-427a-b102-9c24ff304500 (type: ports) to 2
2026-07-09 15:49:03.993 9 INFO neutron.db.ovn_revision_numbers_db [None req-f31a2a36-c08b-43a0-b890-d21b6ee7ee33 966d13dff324445b90c30464c4cc5027 b00e4b75b86f46bc9d1842d7bd4eb855 - - default default] Successfully bumped revision number for resource 4af31fdb-4df7-4dcd-84b2-cf5d9da8ef21 (type: networks) to 1
2026-07-09 15:49:04.133 10 INFO neutron.db.ovn_revision_numbers_db [None req-c69fa5e3-a1b7-4f50-b559-ac541caba356 99037cc23ca445849abc5c90a8663f6e 8958d452d32d4e24accc9dc48943646e - - default default] Successfully bumped revision number for resource bc3f00d1-96f5-4483-8407-f322c9a5d1de (type: security_groups) to 1
2026-07-09 15:49:04.150 10 INFO neutron.db.ovn_revision_numbers_db [None req-c69fa5e3-a1b7-4f50-b559-ac541caba356 99037cc23ca445849abc5c90a8663f6e 8958d452d32d4e24accc9dc48943646e - - default default] Successfully bumped revision number for resource 6af14dd9-f957-4b58-bdd8-613cb6d1ba42 (type: security_group_rules) to 0
2026-07-09 15:49:04.166 9 INFO neutron.db.ovn_revision_numbers_db [None req-2e4dec20-51cf-4ab6-a7ab-78d6097ca8de - - - - - -] Successfully bumped revision number for resource 2b4cef18-181e-427a-b102-9c24ff304500 (type: router_ports) to 2
2026-07-09 15:49:04.182 10 INFO neutron.db.ovn_revision_numbers_db [None req-c69fa5e3-a1b7-4f50-b559-ac541caba356 99037cc23ca445849abc5c90a8663f6e 8958d452d32d4e24accc9dc48943646e - - default default] Successfully bumped revision number for resource 9eb1701b-74af-4d42-9758-e4b7baa86d08 (type: security_group_rules) to 0
2026-07-09 15:49:04.204 10 INFO neutron.db.ovn_revision_numbers_db [None req-c69fa5e3-a1b7-4f50-b559-ac541caba356 99037cc23ca445849abc5c90a8663f6e 8958d452d32d4e24accc9dc48943646e - - default default] Successfully bumped revision number for resource a033bb49-de2d-40d0-98e6-a004e090f60f (type: security_group_rules) to 0
2026-07-09 15:49:04.224 10 INFO neutron.db.ovn_revision_numbers_db [None req-c69fa5e3-a1b7-4f50-b559-ac541caba356 99037cc23ca445849abc5c90a8663f6e 8958d452d32d4e24accc9dc48943646e - - default default] Successfully bumped revision number for resource f280cb1d-bebe-44ae-b6b3-90e8c6ac6f65 (type: security_group_rules) to 0
2026-07-09 15:49:04.303 10 INFO neutron.db.segments_db [None req-c69fa5e3-a1b7-4f50-b559-ac541caba356 99037cc23ca445849abc5c90a8663f6e 8958d452d32d4e24accc9dc48943646e - - default default] Added segment a7813b32-7ada-410a-aac8-fa3a7329a43b of type geneve for network 942f9f21-18b6-451b-8149-a164cfb907af
2026-07-09 15:49:04.304 9 WARNING neutron.scheduler.dhcp_agent_scheduler [None req-f31a2a36-c08b-43a0-b890-d21b6ee7ee33 966d13dff324445b90c30464c4cc5027 b00e4b75b86f46bc9d1842d7bd4eb855 - - default default] No more DHCP agents
2026-07-09 15:49:04.319 9 WARNING neutron.api.rpc.agentnotifiers.dhcp_rpc_agent_api [None req-f31a2a36-c08b-43a0-b890-d21b6ee7ee33 966d13dff324445b90c30464c4cc5027 b00e4b75b86f46bc9d1842d7bd4eb855 - - default default] Unable to schedule network 4af31fdb-4df7-4dcd-84b2-cf5d9da8ef21: no agents available; will retry on subsequent port and subnet creation events.
2026-07-09 15:49:04.343 10 WARNING neutron.scheduler.dhcp_agent_scheduler [None req-446a91ee-0bdd-45a1-bc23-4f50e00b597b 7af455ca4b3a4109af05d0dafbd6602e 06ab1b7542be4120b4f37fb4e5b08ef2 - - default default] No more DHCP agents
2026-07-09 15:49:04.346 10 WARNING neutron.api.rpc.agentnotifiers.dhcp_rpc_agent_api [None req-446a91ee-0bdd-45a1-bc23-4f50e00b597b 7af455ca4b3a4109af05d0dafbd6602e 06ab1b7542be4120b4f37fb4e5b08ef2 - - default default] Unable to schedule network 6d68bd9e-f283-45d9-b0b9-472b2142298e: no agents available; will retry on subsequent port and subnet creation events.
2026-07-09 15:49:04.462 9 INFO neutron.db.ovn_revision_numbers_db [None req-f31a2a36-c08b-43a0-b890-d21b6ee7ee33 966d13dff324445b90c30464c4cc5027 b00e4b75b86f46bc9d1842d7bd4eb855 - - default default] Successfully bumped revision number for resource 2f7ed54c-d2bf-4bc8-94d8-45131dc138ed (type: ports) to 1
2026-07-09 15:49:04.497 9 INFO neutron.wsgi [None req-f31a2a36-c08b-43a0-b890-d21b6ee7ee33 966d13dff324445b90c30464c4cc5027 b00e4b75b86f46bc9d1842d7bd4eb855 - - default default] 10.0.0.179 "POST /v2.0/networks HTTP/1.1" status: 201 len: 831 time: 1.1454000
2026-07-09 15:49:04.509 9 WARNING neutron_lib.context [None req-967c8fce-0f87-4315-86d9-c6c46f12e954 966d13dff324445b90c30464c4cc5027 b00e4b75b86f46bc9d1842d7bd4eb855 - - default default] Method 'is_advsvc' is deprecated since 2023.2 release (neutron-lib 3.8.0) and will be removed once support for the old RBAC API policies will be removed from Neutron. Please use method 'is_service_role' instead.
2026-07-09 15:49:04.534 10 INFO neutron.db.ovn_revision_numbers_db [None req-c69fa5e3-a1b7-4f50-b559-ac541caba356 99037cc23ca445849abc5c90a8663f6e 8958d452d32d4e24accc9dc48943646e - - default default] Successfully bumped revision number for resource 942f9f21-18b6-451b-8149-a164cfb907af (type: networks) to 1
2026-07-09 15:49:04.794 9 INFO neutron.db.ovn_revision_numbers_db [None req-31b6d86d-ce18-4700-a0f2-d27671e12a23 - - - - - -] Successfully bumped revision number for resource b767a458-856e-463e-bc0d-96575a6c4241 (type: ports) to 1
2026-07-09 15:49:04.810 9 WARNING neutron.scheduler.dhcp_agent_scheduler [None req-967c8fce-0f87-4315-86d9-c6c46f12e954 966d13dff324445b90c30464c4cc5027 b00e4b75b86f46bc9d1842d7bd4eb855 - - default default] No more DHCP agents
2026-07-09 15:49:04.814 9 WARNING neutron.api.rpc.agentnotifiers.dhcp_rpc_agent_api [None req-967c8fce-0f87-4315-86d9-c6c46f12e954 966d13dff324445b90c30464c4cc5027 b00e4b75b86f46bc9d1842d7bd4eb855 - - default default] Unable to schedule network 4af31fdb-4df7-4dcd-84b2-cf5d9da8ef21: no agents available; will retry on subsequent port and subnet creation events.
2026-07-09 15:49:04.815 10 WARNING neutron.scheduler.dhcp_agent_scheduler [None req-c69fa5e3-a1b7-4f50-b559-ac541caba356 99037cc23ca445849abc5c90a8663f6e 8958d452d32d4e24accc9dc48943646e - - default default] No more DHCP agents
2026-07-09 15:49:04.818 10 WARNING neutron.api.rpc.agentnotifiers.dhcp_rpc_agent_api [None req-c69fa5e3-a1b7-4f50-b559-ac541caba356 99037cc23ca445849abc5c90a8663f6e 8958d452d32d4e24accc9dc48943646e - - default default] Unable to schedule network 942f9f21-18b6-451b-8149-a164cfb907af: no agents available; will retry on subsequent port and subnet creation events.
2026-07-09 15:49:04.947 10 INFO neutron.db.ovn_revision_numbers_db [None req-c69fa5e3-a1b7-4f50-b559-ac541caba356 99037cc23ca445849abc5c90a8663f6e 8958d452d32d4e24accc9dc48943646e - - default default] Successfully bumped revision number for resource c7e48a2a-7ad2-4531-b316-4a723a53c398 (type: ports) to 1
2026-07-09 15:49:04.984 10 INFO neutron.wsgi [None req-c69fa5e3-a1b7-4f50-b559-ac541caba356 99037cc23ca445849abc5c90a8663f6e 8958d452d32d4e24accc9dc48943646e - - default default] 10.0.0.179 "POST /v2.0/networks HTTP/1.1" status: 201 len: 830 time: 1.3487327
2026-07-09 15:49:04.996 9 WARNING neutron_lib.context [None req-d56e650f-c687-4bf5-8d73-bbc5796a48dc 99037cc23ca445849abc5c90a8663f6e 8958d452d32d4e24accc9dc48943646e - - default default] Method 'is_advsvc' is deprecated since 2023.2 release (neutron-lib 3.8.0) and will be removed once support for the old RBAC API policies will be removed from Neutron. Please use method 'is_service_role' instead.
2026-07-09 15:49:05.082 10 INFO neutron.db.ovn_revision_numbers_db [None req-446a91ee-0bdd-45a1-bc23-4f50e00b597b 7af455ca4b3a4109af05d0dafbd6602e 06ab1b7542be4120b4f37fb4e5b08ef2 - - default default] Successfully bumped revision number for resource 258f71fe-8cab-4e5b-bf1b-e1c364d0e136 (type: ports) to 2
2026-07-09 15:49:05.115 10 INFO neutron.db.ovn_revision_numbers_db [None req-446a91ee-0bdd-45a1-bc23-4f50e00b597b 7af455ca4b3a4109af05d0dafbd6602e 06ab1b7542be4120b4f37fb4e5b08ef2 - - default default] Successfully bumped revision number for resource 09a97a95-d384-4075-b749-a247610912aa (type: subnets) to 0
2026-07-09 15:49:05.129 10 INFO neutron.wsgi [None req-446a91ee-0bdd-45a1-bc23-4f50e00b597b 7af455ca4b3a4109af05d0dafbd6602e 06ab1b7542be4120b4f37fb4e5b08ef2 - - default default] 10.0.0.179 "POST /v2.0/subnets HTTP/1.1" status: 201 len: 832 time: 1.3060791
2026-07-09 15:49:05.395 9 INFO neutron.db.ovn_revision_numbers_db [None req-31b6d86d-ce18-4700-a0f2-d27671e12a23 - - - - - -] Successfully bumped revision number for resource b767a458-856e-463e-bc0d-96575a6c4241 (type: router_ports) to 3
2026-07-09 15:49:05.455 9 WARNING neutron.scheduler.dhcp_agent_scheduler [None req-d56e650f-c687-4bf5-8d73-bbc5796a48dc 99037cc23ca445849abc5c90a8663f6e 8958d452d32d4e24accc9dc48943646e - - default default] No more DHCP agents
2026-07-09 15:49:05.460 9 WARNING neutron.api.rpc.agentnotifiers.dhcp_rpc_agent_api [None req-d56e650f-c687-4bf5-8d73-bbc5796a48dc 99037cc23ca445849abc5c90a8663f6e 8958d452d32d4e24accc9dc48943646e - - default default] Unable to schedule network 942f9f21-18b6-451b-8149-a164cfb907af: no agents available; will retry on subsequent port and subnet creation events.
2026-07-09 15:49:05.775 10 WARNING neutron.scheduler.dhcp_agent_scheduler [None req-278ac790-6911-4cb8-adc7-fbfee3041e3e 7af455ca4b3a4109af05d0dafbd6602e 06ab1b7542be4120b4f37fb4e5b08ef2 - - default default] No more DHCP agents
2026-07-09 15:49:05.776 10 WARNING neutron.api.rpc.agentnotifiers.dhcp_rpc_agent_api [None req-278ac790-6911-4cb8-adc7-fbfee3041e3e 7af455ca4b3a4109af05d0dafbd6602e 06ab1b7542be4120b4f37fb4e5b08ef2 - - default default] Unable to schedule network 6d68bd9e-f283-45d9-b0b9-472b2142298e: no agents available; will retry on subsequent port and subnet creation events.
2026-07-09 15:49:05.961 10 INFO neutron.db.ovn_revision_numbers_db [None req-278ac790-6911-4cb8-adc7-fbfee3041e3e 7af455ca4b3a4109af05d0dafbd6602e 06ab1b7542be4120b4f37fb4e5b08ef2 - - default default] Successfully bumped revision number for resource ad81ee93-5603-443f-8089-4764299a94d0 (type: ports) to 1
2026-07-09 15:49:06.047 9 INFO neutron.db.ovn_revision_numbers_db [None req-967c8fce-0f87-4315-86d9-c6c46f12e954 966d13dff324445b90c30464c4cc5027 b00e4b75b86f46bc9d1842d7bd4eb855 - - default default] Successfully bumped revision number for resource 2f7ed54c-d2bf-4bc8-94d8-45131dc138ed (type: ports) to 2
2026-07-09 15:49:06.064 10 INFO neutron.plugins.ml2.drivers.ovn.mech_driver.mech_driver [None req-a1bfd37f-beae-42a1-bd64-8458ef0c0da0 - - - - - -] OVN reports status up for port: 1a6e47d4-bc8b-4151-b948-54bf86e334c9
2026-07-09 15:49:06.076 9 INFO neutron.db.ovn_revision_numbers_db [None req-31b6d86d-ce18-4700-a0f2-d27671e12a23 - - - - - -] Successfully bumped revision number for resource b767a458-856e-463e-bc0d-96575a6c4241 (type: ports) to 2
2026-07-09 15:49:06.085 10 INFO neutron.plugins.ml2.plugin [None req-a1bfd37f-beae-42a1-bd64-8458ef0c0da0 - - - - - -] Attempt 1 to provision port 1a6e47d4-bc8b-4151-b948-54bf86e334c9
2026-07-09 15:49:06.122 9 INFO neutron.db.ovn_revision_numbers_db [None req-967c8fce-0f87-4315-86d9-c6c46f12e954 966d13dff324445b90c30464c4cc5027 b00e4b75b86f46bc9d1842d7bd4eb855 - - default default] Successfully bumped revision number for resource 13832ead-f1a7-4112-afe6-9d0f44c71e86 (type: subnets) to 0
2026-07-09 15:49:06.161 9 INFO neutron.wsgi [None req-967c8fce-0f87-4315-86d9-c6c46f12e954 966d13dff324445b90c30464c4cc5027 b00e4b75b86f46bc9d1842d7bd4eb855 - - default default] 10.0.0.179 "POST /v2.0/subnets HTTP/1.1" status: 201 len: 804 time: 1.6597698
2026-07-09 15:49:06.175 10 WARNING neutron_lib.context [None req-84e0ce15-da88-48cd-8985-f6044ddc77d1 966d13dff324445b90c30464c4cc5027 b00e4b75b86f46bc9d1842d7bd4eb855 - - default default] Method 'is_advsvc' is deprecated since 2023.2 release (neutron-lib 3.8.0) and will be removed once support for the old RBAC API policies will be removed from Neutron. Please use method 'is_service_role' instead.
2026-07-09 15:49:06.551 9 INFO neutron.db.ovn_revision_numbers_db [None req-d56e650f-c687-4bf5-8d73-bbc5796a48dc 99037cc23ca445849abc5c90a8663f6e 8958d452d32d4e24accc9dc48943646e - - default default] Successfully bumped revision number for resource c7e48a2a-7ad2-4531-b316-4a723a53c398 (type: ports) to 2
2026-07-09 15:49:06.606 9 INFO neutron.db.ovn_revision_numbers_db [None req-d56e650f-c687-4bf5-8d73-bbc5796a48dc 99037cc23ca445849abc5c90a8663f6e 8958d452d32d4e24accc9dc48943646e - - default default] Successfully bumped revision number for resource aa3dc02e-96c0-4e5f-a57b-8a2d044c6956 (type: subnets) to 0
2026-07-09 15:49:06.615 9 INFO neutron.db.ovn_revision_numbers_db [None req-31b6d86d-ce18-4700-a0f2-d27671e12a23 - - - - - -] Successfully bumped revision number for resource b767a458-856e-463e-bc0d-96575a6c4241 (type: ports) to 4
2026-07-09 15:49:06.650 9 INFO neutron.wsgi [None req-d56e650f-c687-4bf5-8d73-bbc5796a48dc 99037cc23ca445849abc5c90a8663f6e 8958d452d32d4e24accc9dc48943646e - - default default] 10.0.0.179 "POST /v2.0/subnets HTTP/1.1" status: 201 len: 801 time: 1.6613989
2026-07-09 15:49:06.745 9 INFO neutron.wsgi [None req-48b6a9bf-1546-4c73-a099-3dbec407d0ea 99037cc23ca445849abc5c90a8663f6e 8958d452d32d4e24accc9dc48943646e - - default default] 10.0.0.179 "PUT /v2.0/subnets/aa3dc02e-96c0-4e5f-a57b-8a2d044c6956/tags HTTP/1.1" status: 200 len: 218 time: 0.0893695
2026-07-09 15:49:06.825 9 INFO neutron.wsgi [None req-d13b2545-27b1-4110-b76a-0a05181330e6 99037cc23ca445849abc5c90a8663f6e 8958d452d32d4e24accc9dc48943646e - - default default] 10.0.0.179 "GET /v2.0/subnets/aa3dc02e-96c0-4e5f-a57b-8a2d044c6956/tags HTTP/1.1" status: 200 len: 218 time: 0.0717719
2026-07-09 15:49:06.893 9 INFO neutron.wsgi [None req-bf79605c-054e-464e-b60e-18d4cba57d4f 99037cc23ca445849abc5c90a8663f6e 8958d452d32d4e24accc9dc48943646e - - default default] 10.0.0.179 "PUT /v2.0/subnets/aa3dc02e-96c0-4e5f-a57b-8a2d044c6956/tags/green HTTP/1.1" status: 201 len: 201 time: 0.0639710
2026-07-09 15:49:06.899 10 INFO neutron.db.ovn_revision_numbers_db [None req-a1bfd37f-beae-42a1-bd64-8458ef0c0da0 - - - - - -] Successfully bumped revision number for resource 1a6e47d4-bc8b-4151-b948-54bf86e334c9 (type: ports) to 3
2026-07-09 15:49:06.954 9 INFO neutron.wsgi [None req-204e1cdd-13cb-4feb-9502-3d7d0bac8afc 99037cc23ca445849abc5c90a8663f6e 8958d452d32d4e24accc9dc48943646e - - default default] 10.0.0.179 "GET /v2.0/subnets/aa3dc02e-96c0-4e5f-a57b-8a2d044c6956/tags HTTP/1.1" status: 200 len: 227 time: 0.0571289
2026-07-09 15:49:06.955 9 INFO neutron.db.ovn_revision_numbers_db [None req-31b6d86d-ce18-4700-a0f2-d27671e12a23 - - - - - -] Successfully bumped revision number for resource b767a458-856e-463e-bc0d-96575a6c4241 (type: router_ports) to 4
2026-07-09 15:49:07.007 9 INFO neutron.wsgi [None req-29a62ccc-f40a-403f-8354-7b23e5b6eb34 99037cc23ca445849abc5c90a8663f6e 8958d452d32d4e24accc9dc48943646e - - default default] 10.0.0.179 "PUT /v2.0/subnets/aa3dc02e-96c0-4e5f-a57b-8a2d044c6956/tags/red HTTP/1.1" status: 201 len: 201 time: 0.0443175
2026-07-09 15:49:07.051 9 INFO neutron.wsgi [None req-b8a6593f-02f0-4126-9501-5207fcf15207 99037cc23ca445849abc5c90a8663f6e 8958d452d32d4e24accc9dc48943646e - - default default] 10.0.0.179 "GET /v2.0/subnets/aa3dc02e-96c0-4e5f-a57b-8a2d044c6956/tags HTTP/1.1" status: 200 len: 227 time: 0.0395546
2026-07-09 15:49:07.055 10 INFO neutron.plugins.ml2.drivers.ovn.mech_driver.mech_driver [None req-a1bfd37f-beae-42a1-bd64-8458ef0c0da0 - - - - - -] OVN reports status up for port: f56ef53d-5bb9-4505-9536-bfe0bd633425
2026-07-09 15:49:07.085 10 INFO neutron.plugins.ml2.plugin [None req-a1bfd37f-beae-42a1-bd64-8458ef0c0da0 - - - - - -] Attempt 1 to provision port f56ef53d-5bb9-4505-9536-bfe0bd633425
2026-07-09 15:49:07.105 9 INFO neutron.wsgi [None req-d0b46da5-4e01-48d4-a0ad-242a6c1f5768 99037cc23ca445849abc5c90a8663f6e 8958d452d32d4e24accc9dc48943646e - - default default] 10.0.0.179 "PUT /v2.0/subnets/aa3dc02e-96c0-4e5f-a57b-8a2d044c6956/tags/black.or.white HTTP/1.1" status: 201 len: 201 time: 0.0469766
2026-07-09 15:49:07.145 9 INFO neutron.wsgi [None req-712428ac-e6bc-45f5-b8a3-ad4947b439a3 99037cc23ca445849abc5c90a8663f6e 8958d452d32d4e24accc9dc48943646e - - default default] 10.0.0.179 "GET /v2.0/subnets/aa3dc02e-96c0-4e5f-a57b-8a2d044c6956/tags HTTP/1.1" status: 200 len: 245 time: 0.0327499
2026-07-09 15:49:07.191 9 INFO neutron.wsgi [None req-44825ee5-9c11-4a2c-8bef-6bc8221e55dc 99037cc23ca445849abc5c90a8663f6e 8958d452d32d4e24accc9dc48943646e - - default default] 10.0.0.179 "PUT /v2.0/subnets/aa3dc02e-96c0-4e5f-a57b-8a2d044c6956/tags HTTP/1.1" status: 200 len: 230 time: 0.0416725
2026-07-09 15:49:07.229 9 INFO neutron.wsgi [None req-296e2c00-addf-4915-9aae-04de95000e3b 99037cc23ca445849abc5c90a8663f6e 8958d452d32d4e24accc9dc48943646e - - default default] 10.0.0.179 "GET /v2.0/subnets/aa3dc02e-96c0-4e5f-a57b-8a2d044c6956/tags HTTP/1.1" status: 200 len: 230 time: 0.0339582
2026-07-09 15:49:07.243 10 WARNING neutron.scheduler.dhcp_agent_scheduler [None req-84e0ce15-da88-48cd-8985-f6044ddc77d1 966d13dff324445b90c30464c4cc5027 b00e4b75b86f46bc9d1842d7bd4eb855 - - default default] No more DHCP agents
2026-07-09 15:49:07.250 10 WARNING neutron.api.rpc.agentnotifiers.dhcp_rpc_agent_api [None req-84e0ce15-da88-48cd-8985-f6044ddc77d1 966d13dff324445b90c30464c4cc5027 b00e4b75b86f46bc9d1842d7bd4eb855 - - default default] Unable to schedule network dabe752b-f81b-4229-a172-744a88652769: no agents available; will retry on subsequent port and subnet creation events.
2026-07-09 15:49:07.264 9 INFO neutron.wsgi [None req-a1c098dd-fd6b-4507-b6f4-2e239b22205a 99037cc23ca445849abc5c90a8663f6e 8958d452d32d4e24accc9dc48943646e - - default default] 10.0.0.179 "GET /v2.0/subnets/aa3dc02e-96c0-4e5f-a57b-8a2d044c6956/tags/red HTTP/1.1" status: 204 len: 168 time: 0.0296576
2026-07-09 15:49:07.300 9 INFO neutron.api.v2.resource [None req-c905c8e6-e5bf-4fcd-b5f5-178b1df6dbc3 99037cc23ca445849abc5c90a8663f6e 8958d452d32d4e24accc9dc48943646e - - default default] show failed (client error): The resource could not be found.
2026-07-09 15:49:07.301 9 INFO neutron.wsgi [None req-c905c8e6-e5bf-4fcd-b5f5-178b1df6dbc3 99037cc23ca445849abc5c90a8663f6e 8958d452d32d4e24accc9dc48943646e - - default default] 10.0.0.179 "GET /v2.0/subnets/aa3dc02e-96c0-4e5f-a57b-8a2d044c6956/tags/green HTTP/1.1" status: 404 len: 299 time: 0.0322652
2026-07-09 15:49:07.354 9 INFO neutron.wsgi [None req-b4810299-5235-4b92-9b9f-906b1b0c2b32 99037cc23ca445849abc5c90a8663f6e 8958d452d32d4e24accc9dc48943646e - - default default] 10.0.0.179 "DELETE /v2.0/subnets/aa3dc02e-96c0-4e5f-a57b-8a2d044c6956/tags/red HTTP/1.1" status: 204 len: 168 time: 0.0476220
2026-07-09 15:49:07.385 10 ERROR ovsdbapp.backend.ovs_idl.command [None req-278ac790-6911-4cb8-adc7-fbfee3041e3e 7af455ca4b3a4109af05d0dafbd6602e 06ab1b7542be4120b4f37fb4e5b08ef2 - - default default] Error executing command (DbGetCommand): ovsdbapp.backend.ovs_idl.idlutils.RowNotFound: Cannot find Logical_Router_Port with name=lrp-ad81ee93-5603-443f-8089-4764299a94d0
2026-07-09 15:49:07.385 10 ERROR ovsdbapp.backend.ovs_idl.command
Traceback (most recent call last):
2026-07-09 15:49:07.385 10 ERROR ovsdbapp.backend.ovs_idl.command
File "/var/lib/openstack/lib/python3.10/site-packages/ovsdbapp/backend/ovs_idl/command.py", line 47, in execute
2026-07-09 15:49:07.385 10 ERROR ovsdbapp.backend.ovs_idl.command self.run_idl(None)
2026-07-09 15:49:07.385 10 ERROR ovsdbapp.backend.ovs_idl.command
File "/var/lib/openstack/lib/python3.10/site-packages/ovsdbapp/backend/ovs_idl/command.py", line 235, in run_idl
2026-07-09 15:49:07.385 10 ERROR ovsdbapp.backend.ovs_idl.command record = self.api.lookup(self.table, self.record)
2026-07-09 15:49:07.385 10 ERROR ovsdbapp.backend.ovs_idl.command
File "/var/lib/openstack/lib/python3.10/site-packages/ovsdbapp/backend/ovs_idl/__init__.py", line 184, in lookup
2026-07-09 15:49:07.385 10 ERROR ovsdbapp.backend.ovs_idl.command return self._lookup(table, record)
2026-07-09 15:49:07.385 10 ERROR ovsdbapp.backend.ovs_idl.command
File "/var/lib/openstack/lib/python3.10/site-packages/ovsdbapp/backend/ovs_idl/__init__.py", line 235, in _lookup
2026-07-09 15:49:07.385 10 ERROR ovsdbapp.backend.ovs_idl.command row = idlutils.row_by_value(self, rl.table, rl.column, record)
2026-07-09 15:49:07.385 10 ERROR ovsdbapp.backend.ovs_idl.command
File "/var/lib/openstack/lib/python3.10/site-packages/ovsdbapp/backend/ovs_idl/idlutils.py", line 114, in row_by_value
2026-07-09 15:49:07.385 10 ERROR ovsdbapp.backend.ovs_idl.command raise RowNotFound(table=table, col=column, match=match)
2026-07-09 15:49:07.385 10 ERROR ovsdbapp.backend.ovs_idl.command ovsdbapp.backend.ovs_idl.idlutils.RowNotFound: Cannot find Logical_Router_Port with name=lrp-ad81ee93-5603-443f-8089-4764299a94d0
2026-07-09 15:49:07.385 10 ERROR ovsdbapp.backend.ovs_idl.command 
2026-07-09 15:49:07.385 10 ERROR neutron_lib.callbacks.manager [None req-278ac790-6911-4cb8-adc7-fbfee3041e3e 7af455ca4b3a4109af05d0dafbd6602e 06ab1b7542be4120b4f37fb4e5b08ef2 - - default default] Error during notification for neutron.services.ovn_l3.plugin.OVNL3RouterPlugin._port_update-8774175596262 port, after_update: ovsdbapp.backend.ovs_idl.idlutils.RowNotFound: Cannot find Logical_Router_Port with name=lrp-ad81ee93-5603-443f-8089-4764299a94d0
2026-07-09 15:49:07.385 10 ERROR neutron_lib.callbacks.manager
Traceback (most recent call last):
2026-07-09 15:49:07.385 10 ERROR neutron_lib.callbacks.manager
File "/var/lib/openstack/lib/python3.10/site-packages/neutron_lib/callbacks/manager.py", line 189, in _notify_loop
2026-07-09 15:49:07.385 10 ERROR neutron_lib.callbacks.manager callback.method(resource, event, trigger, payload=payload)
2026-07-09 15:49:07.385 10 ERROR neutron_lib.callbacks.manager
File "/var/lib/openstack/lib/python3.10/site-packages/neutron/services/ovn_l3/plugin.py", line 391, in _port_update
2026-07-09 15:49:07.385 10 ERROR neutron_lib.callbacks.manager l3plugin._ovn_client.update_router_port(context,
2026-07-09 15:49:07.385 10 ERROR neutron_lib.callbacks.manager
File "/var/lib/openstack/lib/python3.10/site-packages/neutron/plugins/ml2/drivers/ovn/mech_driver/ovsdb/ovn_client.py", line 1878, in update_router_port
2026-07-09 15:49:07.385 10 ERROR neutron_lib.callbacks.manager self._update_lrouter_port(context, port, if_exists=if_exists,
2026-07-09 15:49:07.385 10 ERROR neutron_lib.callbacks.manager
File "/var/lib/openstack/lib/python3.10/site-packages/neutron/plugins/ml2/drivers/ovn/mech_driver/ovsdb/ovn_client.py", line 1855, in _update_lrouter_port
2026-07-09 15:49:07.385 10 ERROR neutron_lib.callbacks.manager external_ids = self._nb_idl.db_get(
2026-07-09 15:49:07.385 10 ERROR neutron_lib.callbacks.manager
File "/var/lib/openstack/lib/python3.10/site-packages/ovsdbapp/backend/ovs_idl/command.py", line 47, in execute
2026-07-09 15:49:07.385 10 ERROR neutron_lib.callbacks.manager self.run_idl(None)
2026-07-09 15:49:07.385 10 ERROR neutron_lib.callbacks.manager
File "/var/lib/openstack/lib/python3.10/site-packages/ovsdbapp/backend/ovs_idl/command.py", line 235, in run_idl
2026-07-09 15:49:07.385 10 ERROR neutron_lib.callbacks.manager record = self.api.lookup(self.table, self.record)
2026-07-09 15:49:07.385 10 ERROR neutron_lib.callbacks.manager
File "/var/lib/openstack/lib/python3.10/site-packages/ovsdbapp/backend/ovs_idl/__init__.py", line 184, in lookup
2026-07-09 15:49:07.385 10 ERROR neutron_lib.callbacks.manager return self._lookup(table, record)
2026-07-09 15:49:07.385 10 ERROR neutron_lib.callbacks.manager
File "/var/lib/openstack/lib/python3.10/site-packages/ovsdbapp/backend/ovs_idl/__init__.py", line 235, in _lookup
2026-07-09 15:49:07.385 10 ERROR neutron_lib.callbacks.manager row = idlutils.row_by_value(self, rl.table, rl.column, record)
2026-07-09 15:49:07.385 10 ERROR neutron_lib.callbacks.manager
File "/var/lib/openstack/lib/python3.10/site-packages/ovsdbapp/backend/ovs_idl/idlutils.py", line 114, in row_by_value
2026-07-09 15:49:07.385 10 ERROR neutron_lib.callbacks.manager raise RowNotFound(table=table, col=column, match=match)
2026-07-09 15:49:07.385 10 ERROR neutron_lib.callbacks.manager ovsdbapp.backend.ovs_idl.idlutils.RowNotFound: Cannot find Logical_Router_Port with name=lrp-ad81ee93-5603-443f-8089-4764299a94d0
2026-07-09 15:49:07.385 10 ERROR neutron_lib.callbacks.manager 
2026-07-09 15:49:07.401 9 INFO neutron.wsgi [None req-ccee2133-399a-4e3e-baf5-3957d60a2d8c 99037cc23ca445849abc5c90a8663f6e 8958d452d32d4e24accc9dc48943646e - - default default] 10.0.0.179 "GET /v2.0/subnets/aa3dc02e-96c0-4e5f-a57b-8a2d044c6956/tags HTTP/1.1" status: 200 len: 223 time: 0.0401230
2026-07-09 15:49:07.545 10 INFO neutron.api.v2.resource [None req-d2494584-62fe-4c72-989e-9f366155146a 99037cc23ca445849abc5c90a8663f6e 8958d452d32d4e24accc9dc48943646e - - default default] delete failed (client error): The resource could not be found.
2026-07-09 15:49:07.546 10 INFO neutron.wsgi [None req-d2494584-62fe-4c72-989e-9f366155146a 99037cc23ca445849abc5c90a8663f6e 8958d452d32d4e24accc9dc48943646e - - default default] 10.0.0.179 "DELETE /v2.0/subnets/aa3dc02e-96c0-4e5f-a57b-8a2d044c6956/tags/green HTTP/1.1" status: 404 len: 299 time: 0.1365836
2026-07-09 15:49:07.611 9 INFO neutron.wsgi [None req-7cb7498d-b7cf-4cf6-a433-ae7e652f0fbd 99037cc23ca445849abc5c90a8663f6e 8958d452d32d4e24accc9dc48943646e - - default default] 10.0.0.179 "DELETE /v2.0/subnets/aa3dc02e-96c0-4e5f-a57b-8a2d044c6956/tags HTTP/1.1" status: 204 len: 168 time: 0.0584624
2026-07-09 15:49:07.621 10 INFO neutron.db.ovn_revision_numbers_db [None req-84e0ce15-da88-48cd-8985-f6044ddc77d1 966d13dff324445b90c30464c4cc5027 b00e4b75b86f46bc9d1842d7bd4eb855 - - default default] Successfully bumped revision number for resource 23660421-5bea-40af-a5e5-986b21532a27 (type: ports) to 1
2026-07-09 15:49:07.626 10 INFO neutron.db.ovn_revision_numbers_db [None req-a1bfd37f-beae-42a1-bd64-8458ef0c0da0 - - - - - -] Successfully bumped revision number for resource f56ef53d-5bb9-4505-9536-bfe0bd633425 (type: ports) to 3
