2026-07-09 15:12:52.172 9 INFO neutron.db.segments_db [None req-e65005c2-b935-4e90-b95f-cf5f01443c6d c78bf3b8cf62431b8a411c2bb640c804 0c88b9fafbe24245a405c8b3e038ea2d - - default default] Added segment f06efa9d-57d3-4d4b-9fd2-5e80c8b0922c of type flat for network dabe752b-f81b-4229-a172-744a88652769
2026-07-09 15:12:52.407 9 INFO neutron.db.ovn_revision_numbers_db [None req-e65005c2-b935-4e90-b95f-cf5f01443c6d c78bf3b8cf62431b8a411c2bb640c804 0c88b9fafbe24245a405c8b3e038ea2d - - default default] Successfully bumped revision number for resource dabe752b-f81b-4229-a172-744a88652769 (type: networks) to 1
2026-07-09 15:12:52.705 9 WARNING neutron.scheduler.dhcp_agent_scheduler [None req-e65005c2-b935-4e90-b95f-cf5f01443c6d c78bf3b8cf62431b8a411c2bb640c804 0c88b9fafbe24245a405c8b3e038ea2d - - default default] No more DHCP agents
2026-07-09 15:12:52.707 9 WARNING neutron.api.rpc.agentnotifiers.dhcp_rpc_agent_api [None req-e65005c2-b935-4e90-b95f-cf5f01443c6d c78bf3b8cf62431b8a411c2bb640c804 0c88b9fafbe24245a405c8b3e038ea2d - - default default] Unable to schedule network dabe752b-f81b-4229-a172-744a88652769: no agents available; will retry on subsequent port and subnet creation events.
2026-07-09 15:12:52.852 9 INFO neutron.db.ovn_revision_numbers_db [None req-e65005c2-b935-4e90-b95f-cf5f01443c6d c78bf3b8cf62431b8a411c2bb640c804 0c88b9fafbe24245a405c8b3e038ea2d - - default default] Successfully bumped revision number for resource c1b48e95-9144-41ba-ae38-0100645b3fcf (type: ports) to 1
2026-07-09 15:12:52.893 9 INFO neutron.wsgi [None req-e65005c2-b935-4e90-b95f-cf5f01443c6d c78bf3b8cf62431b8a411c2bb640c804 0c88b9fafbe24245a405c8b3e038ea2d - - default default] 199.19.213.166,10.0.0.209 "POST /v2.0/networks HTTP/1.1" status: 201 len: 886 time: 1.1602302
2026-07-09 15:12:53.972 9 INFO neutron.pecan_wsgi.hooks.translation [None req-9171f8b9-dd8c-4e79-8dbd-a2ef1df7971b c78bf3b8cf62431b8a411c2bb640c804 0c88b9fafbe24245a405c8b3e038ea2d - - default default] GET failed (client error): The resource could not be found.
2026-07-09 15:12:53.974 9 INFO neutron.wsgi [None req-9171f8b9-dd8c-4e79-8dbd-a2ef1df7971b c78bf3b8cf62431b8a411c2bb640c804 0c88b9fafbe24245a405c8b3e038ea2d - - default default] 199.19.213.166,10.0.0.209 "GET /v2.0/networks/public HTTP/1.1" status: 404 len: 290 time: 0.0426035
2026-07-09 15:12:54.026 9 INFO neutron.wsgi [None req-d0c0f3c6-43ae-4a8b-812d-52834070527e c78bf3b8cf62431b8a411c2bb640c804 0c88b9fafbe24245a405c8b3e038ea2d - - default default] 199.19.213.166,10.0.0.209 "GET /v2.0/networks?name=public HTTP/1.1" status: 200 len: 890 time: 0.0475919
2026-07-09 15:12:54.055 9 INFO neutron.pecan_wsgi.hooks.translation [None req-8e187cad-fa0b-4131-bbde-b377adf02cca c78bf3b8cf62431b8a411c2bb640c804 0c88b9fafbe24245a405c8b3e038ea2d - - default default] GET failed (client error): The resource could not be found.
2026-07-09 15:12:54.057 9 INFO neutron.wsgi [None req-8e187cad-fa0b-4131-bbde-b377adf02cca c78bf3b8cf62431b8a411c2bb640c804 0c88b9fafbe24245a405c8b3e038ea2d - - default default] 199.19.213.166,10.0.0.209 "GET /v2.0/subnets/public-subnet?network_id=dabe752b-f81b-4229-a172-744a88652769 HTTP/1.1" status: 404 len: 295 time: 0.0213616
2026-07-09 15:12:54.079 9 INFO neutron.wsgi [None req-885daa5d-c9ba-4011-b906-3ed5074cc940 c78bf3b8cf62431b8a411c2bb640c804 0c88b9fafbe24245a405c8b3e038ea2d - - default default] 199.19.213.166,10.0.0.209 "GET /v2.0/subnets?name=public-subnet&network_id=dabe752b-f81b-4229-a172-744a88652769 HTTP/1.1" status: 200 len: 188 time: 0.0186052
2026-07-09 15:12:54.382 9 WARNING neutron.scheduler.dhcp_agent_scheduler [None req-d026c563-21cb-451f-8a10-21b9f2e48ea7 c78bf3b8cf62431b8a411c2bb640c804 0c88b9fafbe24245a405c8b3e038ea2d - - default default] No more DHCP agents
2026-07-09 15:12:54.383 9 WARNING neutron.api.rpc.agentnotifiers.dhcp_rpc_agent_api [None req-d026c563-21cb-451f-8a10-21b9f2e48ea7 c78bf3b8cf62431b8a411c2bb640c804 0c88b9fafbe24245a405c8b3e038ea2d - - default default] Unable to schedule network dabe752b-f81b-4229-a172-744a88652769: no agents available; will retry on subsequent port and subnet creation events.
2026-07-09 15:12:54.999 9 INFO neutron.db.ovn_revision_numbers_db [None req-d026c563-21cb-451f-8a10-21b9f2e48ea7 c78bf3b8cf62431b8a411c2bb640c804 0c88b9fafbe24245a405c8b3e038ea2d - - default default] Successfully bumped revision number for resource c1b48e95-9144-41ba-ae38-0100645b3fcf (type: ports) to 2
2026-07-09 15:12:55.044 9 INFO neutron.db.ovn_revision_numbers_db [None req-d026c563-21cb-451f-8a10-21b9f2e48ea7 c78bf3b8cf62431b8a411c2bb640c804 0c88b9fafbe24245a405c8b3e038ea2d - - default default] Successfully bumped revision number for resource 9c998633-af2d-44c6-886f-acbcde784c15 (type: subnets) to 0
2026-07-09 15:12:55.062 9 INFO neutron.wsgi [None req-d026c563-21cb-451f-8a10-21b9f2e48ea7 c78bf3b8cf62431b8a411c2bb640c804 0c88b9fafbe24245a405c8b3e038ea2d - - default default] 199.19.213.166,10.0.0.209 "POST /v2.0/subnets HTTP/1.1" status: 201 len: 821 time: 0.9756782
2026-07-09 15:12:59.172 15 WARNING neutron.plugins.ml2.drivers.ovn.mech_driver.ovsdb.ovn_db_sync [None req-a8bb52e1-64f2-493d-b968-b1898d50cf8c - - - - - -] New host instance found in OVN SB DB, but not in Neutron. Add its SegmentHostMapping in Neutron
2026-07-09 15:12:59.661 15 INFO neutron.plugins.ml2.drivers.ovn.mech_driver.ovsdb.extensions.qos [None req-38a76f2c-c462-45d2-849a-5d8cb5493401 - - - - - -] Starting OVNClientQosExtension
2026-07-09 15:12:59.684 15 INFO neutron.plugins.ml2.drivers.ovn.mech_driver.ovsdb.extensions.qos [None req-38a76f2c-c462-45d2-849a-5d8cb5493401 - - - - - -] Starting OVNClientQosExtension
2026-07-09 15:12:59.976 10 INFO neutron.wsgi [-] 10.0.0.209 "GET / HTTP/1.1" status: 200 len: 247 time: 0.0043230
2026-07-09 15:13:14.974 10 INFO neutron.wsgi [-] 10.0.0.209 "GET / HTTP/1.1" status: 200 len: 247 time: 0.0018227
2026-07-09 15:13:29.974 10 INFO neutron.wsgi [-] 10.0.0.209 "GET / HTTP/1.1" status: 200 len: 247 time: 0.0027816
2026-07-09 15:13:44.976 10 INFO neutron.wsgi [-] 10.0.0.209 "GET / HTTP/1.1" status: 200 len: 247 time: 0.0030892
2026-07-09 15:13:44.977 9 INFO neutron.wsgi [-] 10.0.0.209 "GET / HTTP/1.1" status: 200 len: 247 time: 0.0039401
2026-07-09 15:13:59.973 10 INFO neutron.wsgi [-] 10.0.0.209 "GET / HTTP/1.1" status: 200 len: 247 time: 0.0015326
2026-07-09 15:13:59.975 9 INFO neutron.wsgi [-] 10.0.0.209 "GET / HTTP/1.1" status: 200 len: 247 time: 0.0031743
2026-07-09 15:14:14.972 10 INFO neutron.wsgi [-] 10.0.0.209 "GET / HTTP/1.1" status: 200 len: 247 time: 0.0013671
2026-07-09 15:14:14.974 9 INFO neutron.wsgi [-] 10.0.0.209 "GET / HTTP/1.1" status: 200 len: 247 time: 0.0027683
2026-07-09 15:14:29.973 10 INFO neutron.wsgi [-] 10.0.0.209 "GET / HTTP/1.1" status: 200 len: 247 time: 0.0015426
2026-07-09 15:14:29.975 9 INFO neutron.wsgi [-] 10.0.0.209 "GET / HTTP/1.1" status: 200 len: 247 time: 0.0033958
2026-07-09 15:14:44.976 10 INFO neutron.wsgi [-] 10.0.0.209 "GET / HTTP/1.1" status: 200 len: 247 time: 0.0032156
2026-07-09 15:14:44.979 10 INFO neutron.wsgi [-] 10.0.0.209 "GET / HTTP/1.1" status: 200 len: 247 time: 0.0019045
2026-07-09 15:14:59.974 10 INFO neutron.wsgi [-] 10.0.0.209 "GET / HTTP/1.1" status: 200 len: 247 time: 0.0023012
2026-07-09 15:14:59.977 10 INFO neutron.wsgi [-] 10.0.0.209 "GET / HTTP/1.1" status: 200 len: 247 time: 0.0018501
2026-07-09 15:15:14.973 9 INFO neutron.wsgi [-] 10.0.0.209 "GET / HTTP/1.1" status: 200 len: 247 time: 0.0017381
2026-07-09 15:15:14.974 10 INFO neutron.wsgi [-] 10.0.0.209 "GET / HTTP/1.1" status: 200 len: 247 time: 0.0026481
2026-07-09 15:15:29.973 9 INFO neutron.wsgi [-] 10.0.0.209 "GET / HTTP/1.1" status: 200 len: 247 time: 0.0016606
2026-07-09 15:15:29.974 10 INFO neutron.wsgi [-] 10.0.0.209 "GET / HTTP/1.1" status: 200 len: 247 time: 0.0022116
2026-07-09 15:15:44.975 9 INFO neutron.wsgi [-] 10.0.0.209 "GET / HTTP/1.1" status: 200 len: 247 time: 0.0026782
2026-07-09 15:15:44.975 10 INFO neutron.wsgi [-] 10.0.0.209 "GET / HTTP/1.1" status: 200 len: 247 time: 0.0021877
2026-07-09 15:15:59.977 10 INFO neutron.wsgi [-] 10.0.0.209 "GET / HTTP/1.1" status: 200 len: 247 time: 0.0030332
2026-07-09 15:15:59.976 9 INFO neutron.wsgi [-] 10.0.0.209 "GET / HTTP/1.1" status: 200 len: 247 time: 0.0029294
2026-07-09 15:16:14.977 9 INFO neutron.wsgi [-] 10.0.0.209 "GET / HTTP/1.1" status: 200 len: 247 time: 0.0026567
2026-07-09 15:16:14.978 10 INFO neutron.wsgi [-] 10.0.0.209 "GET / HTTP/1.1" status: 200 len: 247 time: 0.0031662
2026-07-09 15:16:29.973 10 INFO neutron.wsgi [-] 10.0.0.209 "GET / HTTP/1.1" status: 200 len: 247 time: 0.0016975
2026-07-09 15:16:29.976 9 INFO neutron.wsgi [-] 10.0.0.209 "GET / HTTP/1.1" status: 200 len: 247 time: 0.0038869
2026-07-09 15:16:44.974 10 INFO neutron.wsgi [-] 10.0.0.209 "GET / HTTP/1.1" status: 200 len: 247 time: 0.0025024
2026-07-09 15:16:44.975 9 INFO neutron.wsgi [-] 10.0.0.209 "GET / HTTP/1.1" status: 200 len: 247 time: 0.0025654
2026-07-09 15:16:59.975 10 INFO neutron.wsgi [-] 10.0.0.209 "GET / HTTP/1.1" status: 200 len: 247 time: 0.0033500
2026-07-09 15:16:59.976 9 INFO neutron.wsgi [-] 10.0.0.209 "GET / HTTP/1.1" status: 200 len: 247 time: 0.0040996
2026-07-09 15:17:14.974 9 INFO neutron.wsgi [-] 10.0.0.209 "GET / HTTP/1.1" status: 200 len: 247 time: 0.0023832
2026-07-09 15:17:14.975 10 INFO neutron.wsgi [-] 10.0.0.209 "GET / HTTP/1.1" status: 200 len: 247 time: 0.0029876
2026-07-09 15:17:27.615 9 INFO neutron.pecan_wsgi.hooks.translation [None req-f4ed2055-438c-4892-a872-6676a4e23a3f c78bf3b8cf62431b8a411c2bb640c804 0c88b9fafbe24245a405c8b3e038ea2d - - default default] GET failed (client error): The resource could not be found.
2026-07-09 15:17:27.617 9 INFO neutron.wsgi [None req-f4ed2055-438c-4892-a872-6676a4e23a3f c78bf3b8cf62431b8a411c2bb640c804 0c88b9fafbe24245a405c8b3e038ea2d - - default default] 199.19.213.166,10.0.0.209 "GET /v2.0/networks/lb-mgmt-net HTTP/1.1" status: 404 len: 295 time: 0.1291337
2026-07-09 15:17:27.634 9 INFO neutron.wsgi [None req-e47eb899-fe30-46b9-baf5-c4ab5e5f47cc c78bf3b8cf62431b8a411c2bb640c804 0c88b9fafbe24245a405c8b3e038ea2d - - default default] 199.19.213.166,10.0.0.209 "GET /v2.0/networks?name=lb-mgmt-net HTTP/1.1" status: 200 len: 189 time: 0.0140810
2026-07-09 15:17:27.728 9 INFO neutron.db.segments_db [None req-a9651c7d-a1b0-4f9c-ac86-c9ea09b034b5 c78bf3b8cf62431b8a411c2bb640c804 0c88b9fafbe24245a405c8b3e038ea2d - - default default] Added segment 0b6c842b-099b-40dc-9b75-525bd6e7ca84 of type geneve for network 3b06afb6-bd75-48d4-9fc7-4fb17d64b274
2026-07-09 15:17:27.880 9 INFO neutron.db.ovn_revision_numbers_db [None req-a9651c7d-a1b0-4f9c-ac86-c9ea09b034b5 c78bf3b8cf62431b8a411c2bb640c804 0c88b9fafbe24245a405c8b3e038ea2d - - default default] Successfully bumped revision number for resource 3b06afb6-bd75-48d4-9fc7-4fb17d64b274 (type: networks) to 1
2026-07-09 15:17:28.035 9 WARNING neutron.scheduler.dhcp_agent_scheduler [None req-a9651c7d-a1b0-4f9c-ac86-c9ea09b034b5 c78bf3b8cf62431b8a411c2bb640c804 0c88b9fafbe24245a405c8b3e038ea2d - - default default] No more DHCP agents
2026-07-09 15:17:28.037 9 WARNING neutron.api.rpc.agentnotifiers.dhcp_rpc_agent_api [None req-a9651c7d-a1b0-4f9c-ac86-c9ea09b034b5 c78bf3b8cf62431b8a411c2bb640c804 0c88b9fafbe24245a405c8b3e038ea2d - - default default] Unable to schedule network 3b06afb6-bd75-48d4-9fc7-4fb17d64b274: no agents available; will retry on subsequent port and subnet creation events.
2026-07-09 15:17:28.108 9 INFO neutron.db.ovn_revision_numbers_db [None req-a9651c7d-a1b0-4f9c-ac86-c9ea09b034b5 c78bf3b8cf62431b8a411c2bb640c804 0c88b9fafbe24245a405c8b3e038ea2d - - default default] Successfully bumped revision number for resource 6a03df5f-f0cd-4197-b332-bf01839afadd (type: ports) to 1
2026-07-09 15:17:28.128 9 INFO neutron.wsgi [None req-a9651c7d-a1b0-4f9c-ac86-c9ea09b034b5 c78bf3b8cf62431b8a411c2bb640c804 0c88b9fafbe24245a405c8b3e038ea2d - - default default] 199.19.213.166,10.0.0.209 "POST /v2.0/networks HTTP/1.1" status: 201 len: 890 time: 0.4891741
2026-07-09 15:17:29.061 9 INFO neutron.pecan_wsgi.hooks.translation [None req-7123197e-6f88-430a-9ee9-b2292e875e90 c78bf3b8cf62431b8a411c2bb640c804 0c88b9fafbe24245a405c8b3e038ea2d - - default default] GET failed (client error): The resource could not be found.
2026-07-09 15:17:29.064 9 INFO neutron.wsgi [None req-7123197e-6f88-430a-9ee9-b2292e875e90 c78bf3b8cf62431b8a411c2bb640c804 0c88b9fafbe24245a405c8b3e038ea2d - - default default] 199.19.213.166,10.0.0.209 "GET /v2.0/networks/lb-mgmt-net HTTP/1.1" status: 404 len: 295 time: 0.0462620
2026-07-09 15:17:29.117 9 INFO neutron.wsgi [None req-e65d8e0e-9eaa-4413-87d5-a0320700b51d c78bf3b8cf62431b8a411c2bb640c804 0c88b9fafbe24245a405c8b3e038ea2d - - default default] 199.19.213.166,10.0.0.209 "GET /v2.0/networks?name=lb-mgmt-net HTTP/1.1" status: 200 len: 875 time: 0.0485041
2026-07-09 15:17:29.143 9 INFO neutron.pecan_wsgi.hooks.translation [None req-34cc725a-438c-41ee-93aa-4f2d40bb28b6 c78bf3b8cf62431b8a411c2bb640c804 0c88b9fafbe24245a405c8b3e038ea2d - - default default] GET failed (client error): The resource could not be found.
2026-07-09 15:17:29.144 9 INFO neutron.wsgi [None req-34cc725a-438c-41ee-93aa-4f2d40bb28b6 c78bf3b8cf62431b8a411c2bb640c804 0c88b9fafbe24245a405c8b3e038ea2d - - default default] 199.19.213.166,10.0.0.209 "GET /v2.0/subnets/lb-mgmt-subnet?network_id=3b06afb6-bd75-48d4-9fc7-4fb17d64b274 HTTP/1.1" status: 404 len: 296 time: 0.0163150
2026-07-09 15:17:29.163 9 INFO neutron.wsgi [None req-11b76527-9e28-4a61-b0af-07d202fb53be c78bf3b8cf62431b8a411c2bb640c804 0c88b9fafbe24245a405c8b3e038ea2d - - default default] 199.19.213.166,10.0.0.209 "GET /v2.0/subnets?name=lb-mgmt-subnet&network_id=3b06afb6-bd75-48d4-9fc7-4fb17d64b274 HTTP/1.1" status: 200 len: 188 time: 0.0152631
2026-07-09 15:17:29.326 9 WARNING neutron.scheduler.dhcp_agent_scheduler [None req-d728caa0-09a2-40be-8fed-343b2cdf41fa c78bf3b8cf62431b8a411c2bb640c804 0c88b9fafbe24245a405c8b3e038ea2d - - default default] No more DHCP agents
2026-07-09 15:17:29.329 9 WARNING neutron.api.rpc.agentnotifiers.dhcp_rpc_agent_api [None req-d728caa0-09a2-40be-8fed-343b2cdf41fa c78bf3b8cf62431b8a411c2bb640c804 0c88b9fafbe24245a405c8b3e038ea2d - - default default] Unable to schedule network 3b06afb6-bd75-48d4-9fc7-4fb17d64b274: no agents available; will retry on subsequent port and subnet creation events.
2026-07-09 15:17:29.876 9 INFO neutron.db.ovn_revision_numbers_db [None req-d728caa0-09a2-40be-8fed-343b2cdf41fa c78bf3b8cf62431b8a411c2bb640c804 0c88b9fafbe24245a405c8b3e038ea2d - - default default] Successfully bumped revision number for resource 6a03df5f-f0cd-4197-b332-bf01839afadd (type: ports) to 2
2026-07-09 15:17:29.909 9 INFO neutron.db.ovn_revision_numbers_db [None req-d728caa0-09a2-40be-8fed-343b2cdf41fa c78bf3b8cf62431b8a411c2bb640c804 0c88b9fafbe24245a405c8b3e038ea2d - - default default] Successfully bumped revision number for resource 0337ef5e-aeb5-4859-bf33-6b068fa6d5f9 (type: subnets) to 0
2026-07-09 15:17:29.927 9 INFO neutron.wsgi [None req-d728caa0-09a2-40be-8fed-343b2cdf41fa c78bf3b8cf62431b8a411c2bb640c804 0c88b9fafbe24245a405c8b3e038ea2d - - default default] 199.19.213.166,10.0.0.209 "POST /v2.0/subnets HTTP/1.1" status: 201 len: 807 time: 0.7580693
2026-07-09 15:17:29.975 10 INFO neutron.wsgi [-] 10.0.0.209 "GET / HTTP/1.1" status: 200 len: 247 time: 0.0024321
2026-07-09 15:17:29.976 9 INFO neutron.wsgi [-] 10.0.0.209 "GET / HTTP/1.1" status: 200 len: 247 time: 0.0027111 /var/lib/openstack/lib/python3.10/site-packages/pycadf/identifier.py:71: UserWarning: Invalid uuid: unknown. To ensure interoperability, identifiers should be a valid uuid. warnings.warn(('Invalid uuid: %s. To ensure interoperability, '
2026-07-09 15:17:31.495 10 INFO neutron.api.v2.resource [None req-04f97a72-4aee-493c-854c-6d5af0250fd2 c78bf3b8cf62431b8a411c2bb640c804 0c88b9fafbe24245a405c8b3e038ea2d - - default default] show failed (client error): The resource could not be found.
2026-07-09 15:17:31.496 10 INFO neutron.wsgi [None req-04f97a72-4aee-493c-854c-6d5af0250fd2 c78bf3b8cf62431b8a411c2bb640c804 0c88b9fafbe24245a405c8b3e038ea2d - - default default] 199.19.213.166,10.0.0.209 "GET /v2.0/security-groups/lb-health-mgr-sec-grp HTTP/1.1" status: 404 len: 313 time: 0.5689781
2026-07-09 15:17:31.542 10 INFO neutron.wsgi [None req-244ada11-04a3-43cc-ba19-bbae925779fc c78bf3b8cf62431b8a411c2bb640c804 0c88b9fafbe24245a405c8b3e038ea2d - - default default] 199.19.213.166,10.0.0.209 "GET /v2.0/security-groups?name=lb-health-mgr-sec-grp HTTP/1.1" status: 200 len: 197 time: 0.0427299
2026-07-09 15:17:31.658 10 WARNING oslo_policy.policy [None req-5ba3309b-d77a-480b-af56-8e9523db34fa c78bf3b8cf62431b8a411c2bb640c804 0c88b9fafbe24245a405c8b3e038ea2d - - default default] Policies ['get_subnets_tags'] reference a rule that is not defined.
2026-07-09 15:17:31.780 10 INFO neutron.plugins.ml2.drivers.ovn.mech_driver.ovsdb.extensions.qos [None req-5ba3309b-d77a-480b-af56-8e9523db34fa c78bf3b8cf62431b8a411c2bb640c804 0c88b9fafbe24245a405c8b3e038ea2d - - default default] Starting OVNClientQosExtension
2026-07-09 15:17:31.781 10 INFO neutron.plugins.ml2.drivers.ovn.mech_driver.ovsdb.extensions.placement [None req-5ba3309b-d77a-480b-af56-8e9523db34fa c78bf3b8cf62431b8a411c2bb640c804 0c88b9fafbe24245a405c8b3e038ea2d - - default default] Starting OVNClientPlacementExtension
2026-07-09 15:17:31.814 10 INFO neutron.db.ovn_revision_numbers_db [None req-5ba3309b-d77a-480b-af56-8e9523db34fa c78bf3b8cf62431b8a411c2bb640c804 0c88b9fafbe24245a405c8b3e038ea2d - - default default] Successfully bumped revision number for resource e50fdd73-ca97-4093-b0fe-8e49a99f1973 (type: security_groups) to 1
2026-07-09 15:17:31.831 10 INFO neutron.db.ovn_revision_numbers_db [None req-5ba3309b-d77a-480b-af56-8e9523db34fa c78bf3b8cf62431b8a411c2bb640c804 0c88b9fafbe24245a405c8b3e038ea2d - - default default] Successfully bumped revision number for resource c23fc71b-6ff0-49c0-8847-1aab1ef20bc3 (type: security_group_rules) to 0
2026-07-09 15:17:31.848 10 INFO neutron.db.ovn_revision_numbers_db [None req-5ba3309b-d77a-480b-af56-8e9523db34fa c78bf3b8cf62431b8a411c2bb640c804 0c88b9fafbe24245a405c8b3e038ea2d - - default default] Successfully bumped revision number for resource e873c768-ecf9-40e3-8961-74d12fe16dd1 (type: security_group_rules) to 0
2026-07-09 15:17:31.872 10 INFO neutron.wsgi [None req-5ba3309b-d77a-480b-af56-8e9523db34fa c78bf3b8cf62431b8a411c2bb640c804 0c88b9fafbe24245a405c8b3e038ea2d - - default default] 199.19.213.166,10.0.0.209 "POST /v2.0/security-groups HTTP/1.1" status: 201 len: 1797 time: 0.3256559
2026-07-09 15:17:32.886 10 INFO neutron.wsgi [None req-8e0f555d-ea6a-4749-8adb-8182c06df80c c78bf3b8cf62431b8a411c2bb640c804 0c88b9fafbe24245a405c8b3e038ea2d - - default default] 199.19.213.166,10.0.0.209 "GET /v2.0/security-groups/e50fdd73-ca97-4093-b0fe-8e49a99f1973 HTTP/1.1" status: 200 len: 1792 time: 0.0590737
2026-07-09 15:17:32.921 10 INFO neutron.wsgi [None req-28b7a6c1-ea45-42ad-8164-53fce423ef55 c78bf3b8cf62431b8a411c2bb640c804 0c88b9fafbe24245a405c8b3e038ea2d - - default default] 199.19.213.166,10.0.0.209 "GET /v2.0/security-groups/e50fdd73-ca97-4093-b0fe-8e49a99f1973 HTTP/1.1" status: 200 len: 1792 time: 0.0303438
2026-07-09 15:17:32.956 10 INFO neutron.wsgi [None req-762b3900-3058-4989-8278-bcd4da0c9ca5 c78bf3b8cf62431b8a411c2bb640c804 0c88b9fafbe24245a405c8b3e038ea2d - - default default] 199.19.213.166,10.0.0.209 "GET /v2.0/security-groups/e50fdd73-ca97-4093-b0fe-8e49a99f1973 HTTP/1.1" status: 200 len: 1792 time: 0.0270743
2026-07-09 15:17:33.107 10 INFO neutron.db.ovn_revision_numbers_db [None req-612316fb-cdbb-42fb-90f9-fd018296ea62 c78bf3b8cf62431b8a411c2bb640c804 0c88b9fafbe24245a405c8b3e038ea2d - - default default] Successfully bumped revision number for resource d465b1a3-d4b9-47c5-a00c-6aa0db4d92f9 (type: security_group_rules) to 0
2026-07-09 15:17:33.133 10 INFO neutron.wsgi [None req-612316fb-cdbb-42fb-90f9-fd018296ea62 c78bf3b8cf62431b8a411c2bb640c804 0c88b9fafbe24245a405c8b3e038ea2d - - default default] 199.19.213.166,10.0.0.209 "POST /v2.0/security-group-rules HTTP/1.1" status: 201 len: 781 time: 0.1720598
2026-07-09 15:17:34.051 10 INFO neutron.wsgi [None req-1acbd0f4-7803-450b-974d-db57ed8340b8 c78bf3b8cf62431b8a411c2bb640c804 0c88b9fafbe24245a405c8b3e038ea2d - - default default] 199.19.213.166,10.0.0.209 "GET /v2.0/security-groups/e50fdd73-ca97-4093-b0fe-8e49a99f1973 HTTP/1.1" status: 200 len: 2406 time: 0.0760014
2026-07-09 15:17:34.090 10 INFO neutron.wsgi [None req-38295655-7e2b-4c3c-9a1e-5490c4184ad2 c78bf3b8cf62431b8a411c2bb640c804 0c88b9fafbe24245a405c8b3e038ea2d - - default default] 199.19.213.166,10.0.0.209 "GET /v2.0/security-groups/e50fdd73-ca97-4093-b0fe-8e49a99f1973 HTTP/1.1" status: 200 len: 2406 time: 0.0320423
2026-07-09 15:17:34.126 10 INFO neutron.wsgi [None req-64d57ff6-c0c8-433e-a980-824eee1a1b70 c78bf3b8cf62431b8a411c2bb640c804 0c88b9fafbe24245a405c8b3e038ea2d - - default default] 199.19.213.166,10.0.0.209 "GET /v2.0/security-groups/e50fdd73-ca97-4093-b0fe-8e49a99f1973 HTTP/1.1" status: 200 len: 2406 time: 0.0291777
2026-07-09 15:17:34.257 10 INFO neutron.db.ovn_revision_numbers_db [None req-135f1de2-9d3b-45cc-9079-a0c416fa27dd c78bf3b8cf62431b8a411c2bb640c804 0c88b9fafbe24245a405c8b3e038ea2d - - default default] Successfully bumped revision number for resource 6c0bdb5d-0136-42dd-9de7-f48eb673a460 (type: security_group_rules) to 0
2026-07-09 15:17:34.282 10 INFO neutron.wsgi [None req-135f1de2-9d3b-45cc-9079-a0c416fa27dd c78bf3b8cf62431b8a411c2bb640c804 0c88b9fafbe24245a405c8b3e038ea2d - - default default] 199.19.213.166,10.0.0.209 "POST /v2.0/security-group-rules HTTP/1.1" status: 201 len: 783 time: 0.1487358
2026-07-09 15:17:35.197 9 INFO neutron.wsgi [None req-956626d3-27bb-4322-b331-b0c00cf82cce c78bf3b8cf62431b8a411c2bb640c804 0c88b9fafbe24245a405c8b3e038ea2d - - default default] 199.19.213.166,10.0.0.209 "GET /v2.0/security-groups/e50fdd73-ca97-4093-b0fe-8e49a99f1973 HTTP/1.1" status: 200 len: 3022 time: 0.0597692
2026-07-09 15:17:35.230 9 INFO neutron.wsgi [None req-e88b6dc7-0035-4104-b671-5c7733b47959 c78bf3b8cf62431b8a411c2bb640c804 0c88b9fafbe24245a405c8b3e038ea2d - - default default] 199.19.213.166,10.0.0.209 "GET /v2.0/security-groups/e50fdd73-ca97-4093-b0fe-8e49a99f1973 HTTP/1.1" status: 200 len: 3022 time: 0.0277333
2026-07-09 15:17:35.260 9 INFO neutron.wsgi [None req-4e601b0a-d7ca-44a5-8856-db3c7c3e00ab c78bf3b8cf62431b8a411c2bb640c804 0c88b9fafbe24245a405c8b3e038ea2d - - default default] 199.19.213.166,10.0.0.209 "GET /v2.0/security-groups/e50fdd73-ca97-4093-b0fe-8e49a99f1973 HTTP/1.1" status: 200 len: 3022 time: 0.0260575
2026-07-09 15:17:35.416 9 INFO neutron.db.ovn_revision_numbers_db [None req-a2e62220-5767-4bdc-a8e8-bc737d887d29 c78bf3b8cf62431b8a411c2bb640c804 0c88b9fafbe24245a405c8b3e038ea2d - - default default] Successfully bumped revision number for resource 653462bc-b4d5-47f8-87f5-c7bb4868e866 (type: security_group_rules) to 0
2026-07-09 15:17:35.445 9 INFO neutron.wsgi [None req-a2e62220-5767-4bdc-a8e8-bc737d887d29 c78bf3b8cf62431b8a411c2bb640c804 0c88b9fafbe24245a405c8b3e038ea2d - - default default] 199.19.213.166,10.0.0.209 "POST /v2.0/security-group-rules HTTP/1.1" status: 201 len: 783 time: 0.1790526
2026-07-09 15:17:36.283 10 INFO neutron.wsgi [None req-62914e68-20df-4535-ba7c-f00f3829c1a9 c78bf3b8cf62431b8a411c2bb640c804 0c88b9fafbe24245a405c8b3e038ea2d - - default default] 199.19.213.166,10.0.0.209 "GET /v2.0/security-groups/e50fdd73-ca97-4093-b0fe-8e49a99f1973 HTTP/1.1" status: 200 len: 3638 time: 0.0579188
2026-07-09 15:17:36.318 10 INFO neutron.wsgi [None req-1eb5c353-f752-471d-a5b7-3f8561ac64e4 c78bf3b8cf62431b8a411c2bb640c804 0c88b9fafbe24245a405c8b3e038ea2d - - default default] 199.19.213.166,10.0.0.209 "GET /v2.0/security-groups/e50fdd73-ca97-4093-b0fe-8e49a99f1973 HTTP/1.1" status: 200 len: 3638 time: 0.0302439
2026-07-09 15:17:36.352 10 INFO neutron.wsgi [None req-204d8e8c-6058-4b79-8fb4-50ab151bbba2 c78bf3b8cf62431b8a411c2bb640c804 0c88b9fafbe24245a405c8b3e038ea2d - - default default] 199.19.213.166,10.0.0.209 "GET /v2.0/security-groups/e50fdd73-ca97-4093-b0fe-8e49a99f1973 HTTP/1.1" status: 200 len: 3638 time: 0.0280774
2026-07-09 15:17:36.510 10 INFO neutron.db.ovn_revision_numbers_db [None req-79bcf12b-a444-4c86-91b4-141266d60d3b c78bf3b8cf62431b8a411c2bb640c804 0c88b9fafbe24245a405c8b3e038ea2d - - default default] Successfully bumped revision number for resource 674462a5-6af3-4c98-846e-bf810d29bd7f (type: security_group_rules) to 0
2026-07-09 15:17:36.538 10 INFO neutron.wsgi [None req-79bcf12b-a444-4c86-91b4-141266d60d3b c78bf3b8cf62431b8a411c2bb640c804 0c88b9fafbe24245a405c8b3e038ea2d - - default default] 199.19.213.166,10.0.0.209 "POST /v2.0/security-group-rules HTTP/1.1" status: 201 len: 783 time: 0.1807678
2026-07-09 15:17:37.384 9 INFO neutron.wsgi [None req-582b51a5-61b3-42ed-a63d-da6e740946b8 c78bf3b8cf62431b8a411c2bb640c804 0c88b9fafbe24245a405c8b3e038ea2d - - default default] 199.19.213.166,10.0.0.209 "GET /v2.0/security-groups/e50fdd73-ca97-4093-b0fe-8e49a99f1973 HTTP/1.1" status: 200 len: 4254 time: 0.0696850
2026-07-09 15:17:37.434 9 INFO neutron.wsgi [None req-27c1e1f6-6694-40df-8ab1-ffe187f11150 c78bf3b8cf62431b8a411c2bb640c804 0c88b9fafbe24245a405c8b3e038ea2d - - default default] 199.19.213.166,10.0.0.209 "GET /v2.0/security-groups/e50fdd73-ca97-4093-b0fe-8e49a99f1973 HTTP/1.1" status: 200 len: 4254 time: 0.0409143
2026-07-09 15:17:37.476 9 INFO neutron.wsgi [None req-52e50f18-ea1a-443a-baba-f96e97e29888 c78bf3b8cf62431b8a411c2bb640c804 0c88b9fafbe24245a405c8b3e038ea2d - - default default] 199.19.213.166,10.0.0.209 "GET /v2.0/security-groups/e50fdd73-ca97-4093-b0fe-8e49a99f1973 HTTP/1.1" status: 200 len: 4254 time: 0.0356762
2026-07-09 15:17:37.603 9 INFO neutron.db.ovn_revision_numbers_db [None req-2eea621b-5a4e-4c44-9ec7-b69c0d88fcba c78bf3b8cf62431b8a411c2bb640c804 0c88b9fafbe24245a405c8b3e038ea2d - - default default] Successfully bumped revision number for resource dde466c9-ca8a-4f67-91d6-577d0bfac152 (type: security_group_rules) to 0
2026-07-09 15:17:37.625 9 INFO neutron.wsgi [None req-2eea621b-5a4e-4c44-9ec7-b69c0d88fcba c78bf3b8cf62431b8a411c2bb640c804 0c88b9fafbe24245a405c8b3e038ea2d - - default default] 199.19.213.166,10.0.0.209 "POST /v2.0/security-group-rules HTTP/1.1" status: 201 len: 783 time: 0.1435091
2026-07-09 15:17:38.730 10 INFO neutron.wsgi [None req-08a8a2b0-2a11-4548-adfe-ac1328e5ccbd c78bf3b8cf62431b8a411c2bb640c804 0c88b9fafbe24245a405c8b3e038ea2d - - default default] 199.19.213.166,10.0.0.209 "GET /v2.0/networks/3b06afb6-bd75-48d4-9fc7-4fb17d64b274 HTTP/1.1" status: 200 len: 910 time: 0.1202035
2026-07-09 15:17:38.784 10 INFO neutron.pecan_wsgi.hooks.translation [None req-9c23f963-0d0f-4f5e-be3c-3fd19097d5ee c78bf3b8cf62431b8a411c2bb640c804 0c88b9fafbe24245a405c8b3e038ea2d - - default default] GET failed (client error): The resource could not be found.
2026-07-09 15:17:38.786 10 INFO neutron.wsgi [None req-9c23f963-0d0f-4f5e-be3c-3fd19097d5ee c78bf3b8cf62431b8a411c2bb640c804 0c88b9fafbe24245a405c8b3e038ea2d - - default default] 199.19.213.166,10.0.0.209 "GET /v2.0/ports/octavia-health-manager-port-instance?network_id=3b06afb6-bd75-48d4-9fc7-4fb17d64b274 HTTP/1.1" status: 404 len: 314 time: 0.0458374
2026-07-09 15:17:38.820 10 INFO neutron.wsgi [None req-1fa61a27-176e-44ea-ba94-2c78526c019e c78bf3b8cf62431b8a411c2bb640c804 0c88b9fafbe24245a405c8b3e038ea2d - - default default] 199.19.213.166,10.0.0.209 "GET /v2.0/ports?name=octavia-health-manager-port-instance&network_id=3b06afb6-bd75-48d4-9fc7-4fb17d64b274 HTTP/1.1" status: 200 len: 186 time: 0.0309660
2026-07-09 15:17:38.861 10 INFO neutron.wsgi [None req-c4810ced-6131-46ac-a7c1-3022c4f6be17 c78bf3b8cf62431b8a411c2bb640c804 0c88b9fafbe24245a405c8b3e038ea2d - - default default] 199.19.213.166,10.0.0.209 "GET /v2.0/security-groups/e50fdd73-ca97-4093-b0fe-8e49a99f1973 HTTP/1.1" status: 200 len: 4870 time: 0.0366297
2026-07-09 15:17:39.213 10 WARNING neutron.scheduler.dhcp_agent_scheduler [None req-cfbd2487-3b77-4705-b135-dcb15f508543 c78bf3b8cf62431b8a411c2bb640c804 0c88b9fafbe24245a405c8b3e038ea2d - - default default] No more DHCP agents
2026-07-09 15:17:39.215 10 WARNING neutron.api.rpc.agentnotifiers.dhcp_rpc_agent_api [None req-cfbd2487-3b77-4705-b135-dcb15f508543 c78bf3b8cf62431b8a411c2bb640c804 0c88b9fafbe24245a405c8b3e038ea2d - - default default] Unable to schedule network 3b06afb6-bd75-48d4-9fc7-4fb17d64b274: no agents available; will retry on subsequent port and subnet creation events.
2026-07-09 15:17:39.397 10 INFO neutron.db.ovn_revision_numbers_db [None req-cfbd2487-3b77-4705-b135-dcb15f508543 c78bf3b8cf62431b8a411c2bb640c804 0c88b9fafbe24245a405c8b3e038ea2d - - default default] Successfully bumped revision number for resource acbfb3da-acbb-4975-b517-e100f1f86c88 (type: ports) to 1
2026-07-09 15:17:39.427 10 INFO neutron.wsgi [None req-cfbd2487-3b77-4705-b135-dcb15f508543 c78bf3b8cf62431b8a411c2bb640c804 0c88b9fafbe24245a405c8b3e038ea2d - - default default] 199.19.213.166,10.0.0.209 "POST /v2.0/ports HTTP/1.1" status: 201 len: 1277 time: 0.5579362 /var/lib/openstack/lib/python3.10/site-packages/pycadf/identifier.py:71: UserWarning: Invalid uuid: unknown. To ensure interoperability, identifiers should be a valid uuid. warnings.warn(('Invalid uuid: %s. To ensure interoperability, '
2026-07-09 15:17:44.874 10 INFO neutron.pecan_wsgi.hooks.translation [None req-766a5ae9-1558-4810-941c-22f11926df1e c78bf3b8cf62431b8a411c2bb640c804 0c88b9fafbe24245a405c8b3e038ea2d - - default default] GET failed (client error): The resource could not be found.
2026-07-09 15:17:44.875 10 INFO neutron.wsgi [None req-766a5ae9-1558-4810-941c-22f11926df1e c78bf3b8cf62431b8a411c2bb640c804 0c88b9fafbe24245a405c8b3e038ea2d - - default default] 199.19.213.166,10.0.0.209 "GET /v2.0/ports/octavia-health-manager-port-instance HTTP/1.1" status: 404 len: 314 time: 0.0497677
2026-07-09 15:17:44.937 10 INFO neutron.wsgi [None req-a8cac0c1-8cd6-4af4-b8d9-79353a6ac083 c78bf3b8cf62431b8a411c2bb640c804 0c88b9fafbe24245a405c8b3e038ea2d - - default default] 199.19.213.166,10.0.0.209 "GET /v2.0/ports?name=octavia-health-manager-port-instance HTTP/1.1" status: 200 len: 1275 time: 0.0572369
2026-07-09 15:17:44.972 10 INFO neutron.wsgi [-] 10.0.0.209 "GET / HTTP/1.1" status: 200 len: 247 time: 0.0012996
2026-07-09 15:17:44.975 9 INFO neutron.wsgi [-] 10.0.0.209 "GET / HTTP/1.1" status: 200 len: 247 time: 0.0026534
2026-07-09 15:17:45.342 10 INFO neutron.db.ovn_revision_numbers_db [None req-4b495954-058c-4c03-ae96-931d23c55f98 c78bf3b8cf62431b8a411c2bb640c804 0c88b9fafbe24245a405c8b3e038ea2d - - default default] Successfully bumped revision number for resource acbfb3da-acbb-4975-b517-e100f1f86c88 (type: ports) to 1
2026-07-09 15:17:45.641 10 INFO neutron.db.ovn_revision_numbers_db [None req-4b495954-058c-4c03-ae96-931d23c55f98 c78bf3b8cf62431b8a411c2bb640c804 0c88b9fafbe24245a405c8b3e038ea2d - - default default] Successfully bumped revision number for resource acbfb3da-acbb-4975-b517-e100f1f86c88 (type: ports) to 2
2026-07-09 15:17:45.661 10 INFO neutron.wsgi [None req-4b495954-058c-4c03-ae96-931d23c55f98 c78bf3b8cf62431b8a411c2bb640c804 0c88b9fafbe24245a405c8b3e038ea2d - - default default] 199.19.213.166,10.0.0.209 "PUT /v2.0/ports/acbfb3da-acbb-4975-b517-e100f1f86c88 HTTP/1.1" status: 200 len: 1362 time: 0.7148798
2026-07-09 15:17:47.144 9 INFO neutron.wsgi [None req-ff575646-f6c6-4e9d-b502-67cfdb142ed5 c78bf3b8cf62431b8a411c2bb640c804 0c88b9fafbe24245a405c8b3e038ea2d - - default default] 199.19.213.166,10.0.0.209 "GET /v2.0/ports HTTP/1.1" status: 200 len: 3507 time: 0.0945761 /var/lib/openstack/lib/python3.10/site-packages/pycadf/identifier.py:71: UserWarning: Invalid uuid: unknown. To ensure interoperability, identifiers should be a valid uuid. warnings.warn(('Invalid uuid: %s. To ensure interoperability, '
2026-07-09 15:17:48.168 10 INFO neutron.api.v2.resource [None req-92e7d4d4-e229-42a6-93da-00f552459f73 c78bf3b8cf62431b8a411c2bb640c804 0c88b9fafbe24245a405c8b3e038ea2d - - default default] show failed (client error): The resource could not be found.
2026-07-09 15:17:48.169 10 INFO neutron.wsgi [None req-92e7d4d4-e229-42a6-93da-00f552459f73 c78bf3b8cf62431b8a411c2bb640c804 0c88b9fafbe24245a405c8b3e038ea2d - - default default] 199.19.213.166,10.0.0.209 "GET /v2.0/security-groups/lb-mgmt-sec-grp HTTP/1.1" status: 404 len: 307 time: 0.0479312
2026-07-09 15:17:48.201 10 INFO neutron.wsgi [None req-e4a9e5e7-b34e-40ff-988d-f1eb8d263a29 c78bf3b8cf62431b8a411c2bb640c804 0c88b9fafbe24245a405c8b3e038ea2d - - default default] 199.19.213.166,10.0.0.209 "GET /v2.0/security-groups?name=lb-mgmt-sec-grp HTTP/1.1" status: 200 len: 197 time: 0.0279219
2026-07-09 15:17:48.332 10 INFO neutron.db.ovn_revision_numbers_db [None req-bb9723c5-6aa6-4846-9e9d-f66b89cc7d7c c78bf3b8cf62431b8a411c2bb640c804 0c88b9fafbe24245a405c8b3e038ea2d - - default default] Successfully bumped revision number for resource 68a48d45-404c-44ca-a0c0-d85bbf6ab651 (type: security_groups) to 1
2026-07-09 15:17:48.343 10 INFO neutron.db.ovn_revision_numbers_db [None req-bb9723c5-6aa6-4846-9e9d-f66b89cc7d7c c78bf3b8cf62431b8a411c2bb640c804 0c88b9fafbe24245a405c8b3e038ea2d - - default default] Successfully bumped revision number for resource 60ed9a46-971a-4756-9233-9e3a8ca18715 (type: security_group_rules) to 0
2026-07-09 15:17:48.357 10 INFO neutron.db.ovn_revision_numbers_db [None req-bb9723c5-6aa6-4846-9e9d-f66b89cc7d7c c78bf3b8cf62431b8a411c2bb640c804 0c88b9fafbe24245a405c8b3e038ea2d - - default default] Successfully bumped revision number for resource c941031a-40ef-402d-9ca9-a8717ca40687 (type: security_group_rules) to 0
2026-07-09 15:17:48.375 10 INFO neutron.wsgi [None req-bb9723c5-6aa6-4846-9e9d-f66b89cc7d7c c78bf3b8cf62431b8a411c2bb640c804 0c88b9fafbe24245a405c8b3e038ea2d - - default default] 199.19.213.166,10.0.0.209 "POST /v2.0/security-groups HTTP/1.1" status: 201 len: 1791 time: 0.1685562
2026-07-09 15:17:49.369 9 INFO neutron.wsgi [None req-0f036de5-20a4-49ea-9946-a963405f7958 c78bf3b8cf62431b8a411c2bb640c804 0c88b9fafbe24245a405c8b3e038ea2d - - default default] 199.19.213.166,10.0.0.209 "GET /v2.0/security-groups/68a48d45-404c-44ca-a0c0-d85bbf6ab651 HTTP/1.1" status: 200 len: 1786 time: 0.0554581
2026-07-09 15:17:49.411 9 INFO neutron.wsgi [None req-c9528591-7f82-4ed5-adb0-2488759b1e83 c78bf3b8cf62431b8a411c2bb640c804 0c88b9fafbe24245a405c8b3e038ea2d - - default default] 199.19.213.166,10.0.0.209 "GET /v2.0/security-groups/68a48d45-404c-44ca-a0c0-d85bbf6ab651 HTTP/1.1" status: 200 len: 1786 time: 0.0347116
2026-07-09 15:17:49.461 9 INFO neutron.wsgi [None req-3812e53b-190e-43d6-bdd5-1f07d7ae5e69 c78bf3b8cf62431b8a411c2bb640c804 0c88b9fafbe24245a405c8b3e038ea2d - - default default] 199.19.213.166,10.0.0.209 "GET /v2.0/security-groups/68a48d45-404c-44ca-a0c0-d85bbf6ab651 HTTP/1.1" status: 200 len: 1786 time: 0.0423470
2026-07-09 15:17:49.463 15 INFO neutron.db.ovn_revision_numbers_db [None req-1f1e32e8-56f3-4e5d-b345-5b275d3408d6 - - - - - -] Successfully bumped revision number for resource dabe752b-f81b-4229-a172-744a88652769 (type: networks) to 2
2026-07-09 15:17:49.464 15 INFO neutron.plugins.ml2.drivers.ovn.mech_driver.ovsdb.maintenance [None req-1f1e32e8-56f3-4e5d-b345-5b275d3408d6 - - - - - -] Maintenance task: Synchronization completed (took 0.14 seconds)
2026-07-09 15:17:49.584 9 INFO neutron.db.ovn_revision_numbers_db [None req-63735285-d534-4465-9f8d-af0aa28da8d2 c78bf3b8cf62431b8a411c2bb640c804 0c88b9fafbe24245a405c8b3e038ea2d - - default default] Successfully bumped revision number for resource 125a0103-ba05-4b28-aae0-4f2eb1d41fbb (type: security_group_rules) to 0
2026-07-09 15:17:49.609 9 INFO neutron.wsgi [None req-63735285-d534-4465-9f8d-af0aa28da8d2 c78bf3b8cf62431b8a411c2bb640c804 0c88b9fafbe24245a405c8b3e038ea2d - - default default] 199.19.213.166,10.0.0.209 "POST /v2.0/security-group-rules HTTP/1.1" status: 201 len: 801 time: 0.1426289
2026-07-09 15:17:50.445 9 INFO neutron.wsgi [None req-e01a83e5-9c12-40bf-b8ee-f55570c9fb29 c78bf3b8cf62431b8a411c2bb640c804 0c88b9fafbe24245a405c8b3e038ea2d - - default default] 199.19.213.166,10.0.0.209 "GET /v2.0/security-groups/68a48d45-404c-44ca-a0c0-d85bbf6ab651 HTTP/1.1" status: 200 len: 2420 time: 0.0656061
2026-07-09 15:17:50.477 9 INFO neutron.wsgi [None req-e86f71f0-a2d7-4014-be65-8a8e5bbd8648 c78bf3b8cf62431b8a411c2bb640c804 0c88b9fafbe24245a405c8b3e038ea2d - - default default] 199.19.213.166,10.0.0.209 "GET /v2.0/security-groups/68a48d45-404c-44ca-a0c0-d85bbf6ab651 HTTP/1.1" status: 200 len: 2420 time: 0.0270171
2026-07-09 15:17:50.513 9 INFO neutron.wsgi [None req-0267acbb-9e5d-46ac-b670-39f9680dbff2 c78bf3b8cf62431b8a411c2bb640c804 0c88b9fafbe24245a405c8b3e038ea2d - - default default] 199.19.213.166,10.0.0.209 "GET /v2.0/security-groups/68a48d45-404c-44ca-a0c0-d85bbf6ab651 HTTP/1.1" status: 200 len: 2420 time: 0.0295367
2026-07-09 15:17:50.648 9 INFO neutron.db.ovn_revision_numbers_db [None req-975b1bef-1e79-4c6a-8770-953cb1761a2f c78bf3b8cf62431b8a411c2bb640c804 0c88b9fafbe24245a405c8b3e038ea2d - - default default] Successfully bumped revision number for resource bc0c3dd1-f398-4c8a-b747-fc321fd981ac (type: security_group_rules) to 0
2026-07-09 15:17:50.670 9 INFO neutron.wsgi [None req-975b1bef-1e79-4c6a-8770-953cb1761a2f c78bf3b8cf62431b8a411c2bb640c804 0c88b9fafbe24245a405c8b3e038ea2d - - default default] 199.19.213.166,10.0.0.209 "POST /v2.0/security-group-rules HTTP/1.1" status: 201 len: 805 time: 0.1505342
2026-07-09 15:17:59.979 10 INFO neutron.wsgi [-] 10.0.0.209 "GET / HTTP/1.1" status: 200 len: 247 time: 0.0068786
2026-07-09 15:17:59.982 10 INFO neutron.wsgi [-] 10.0.0.209 "GET / HTTP/1.1" status: 200 len: 247 time: 0.0024095
2026-07-09 15:18:14.975 9 INFO neutron.wsgi [-] 10.0.0.209 "GET / HTTP/1.1" status: 200 len: 247 time: 0.0030062
2026-07-09 15:18:14.979 10 INFO neutron.wsgi [-] 10.0.0.209 "GET / HTTP/1.1" status: 200 len: 247 time: 0.0065198
2026-07-09 15:18:29.973 10 INFO neutron.wsgi [-] 10.0.0.209 "GET / HTTP/1.1" status: 200 len: 247 time: 0.0012944
2026-07-09 15:18:29.975 9 INFO neutron.wsgi [-] 10.0.0.209 "GET / HTTP/1.1" status: 200 len: 247 time: 0.0030072
2026-07-09 15:18:44.974 9 INFO neutron.wsgi [-] 10.0.0.209 "GET / HTTP/1.1" status: 200 len: 247 time: 0.0021553
2026-07-09 15:18:44.975 10 INFO neutron.wsgi [-] 10.0.0.209 "GET / HTTP/1.1" status: 200 len: 247 time: 0.0027583
2026-07-09 15:18:50.963 10 INFO neutron.wsgi [None req-13daa12d-a486-4f84-971f-aa773da11b0e c78bf3b8cf62431b8a411c2bb640c804 0c88b9fafbe24245a405c8b3e038ea2d - - default default] 199.19.213.166,10.0.0.209 "GET /v2.0/quotas/0c88b9fafbe24245a405c8b3e038ea2d HTTP/1.1" status: 200 len: 467 time: 0.0164154 /var/lib/openstack/lib/python3.10/site-packages/neutron/extensions/quotasv2.py:139: UserWarning: Neutron quota engine will require "--force" parameter to set a quota limit without checking the resource usage. warnings.warn('Neutron quota engine will require "--force" '
2026-07-09 15:18:51.336 10 INFO neutron.wsgi [None req-219e47c1-9941-4db9-976f-2285e62d2d10 c78bf3b8cf62431b8a411c2bb640c804 0c88b9fafbe24245a405c8b3e038ea2d - - default default] 199.19.213.166,10.0.0.209 "PUT /v2.0/quotas/0c88b9fafbe24245a405c8b3e038ea2d HTTP/1.1" status: 200 len: 466 time: 0.0313752
2026-07-09 15:18:59.975 9 INFO neutron.wsgi [-] 10.0.0.209 "GET / HTTP/1.1" status: 200 len: 247 time: 0.0024536
2026-07-09 15:18:59.977 10 INFO neutron.wsgi [-] 10.0.0.209 "GET / HTTP/1.1" status: 200 len: 247 time: 0.0023835
2026-07-09 15:19:14.975 9 INFO neutron.wsgi [-] 10.0.0.209 "GET / HTTP/1.1" status: 200 len: 247 time: 0.0024946
2026-07-09 15:19:14.975 10 INFO neutron.wsgi [-] 10.0.0.209 "GET / HTTP/1.1" status: 200 len: 247 time: 0.0027411
2026-07-09 15:19:29.974 10 INFO neutron.wsgi [-] 10.0.0.209 "GET / HTTP/1.1" status: 200 len: 247 time: 0.0020626
2026-07-09 15:19:29.976 9 INFO neutron.wsgi [-] 10.0.0.209 "GET / HTTP/1.1" status: 200 len: 247 time: 0.0040474
2026-07-09 15:19:44.974 10 INFO neutron.wsgi [-] 10.0.0.209 "GET / HTTP/1.1" status: 200 len: 247 time: 0.0024540
2026-07-09 15:19:44.975 9 INFO neutron.wsgi [-] 10.0.0.209 "GET / HTTP/1.1" status: 200 len: 247 time: 0.0032470
2026-07-09 15:19:59.974 9 INFO neutron.wsgi [-] 10.0.0.209 "GET / HTTP/1.1" status: 200 len: 247 time: 0.0021970
2026-07-09 15:19:59.976 9 INFO neutron.wsgi [-] 10.0.0.209 "GET / HTTP/1.1" status: 200 len: 247 time: 0.0013602
2026-07-09 15:20:14.974 10 INFO neutron.wsgi [-] 10.0.0.209 "GET / HTTP/1.1" status: 200 len: 247 time: 0.0023062
2026-07-09 15:20:14.974 9 INFO neutron.wsgi [-] 10.0.0.209 "GET / HTTP/1.1" status: 200 len: 247 time: 0.0025764
2026-07-09 15:20:29.973 10 INFO neutron.wsgi [-] 10.0.0.209 "GET / HTTP/1.1" status: 200 len: 247 time: 0.0018985
2026-07-09 15:20:29.974 9 INFO neutron.wsgi [-] 10.0.0.209 "GET / HTTP/1.1" status: 200 len: 247 time: 0.0024450
2026-07-09 15:20:44.973 10 INFO neutron.wsgi [-] 10.0.0.209 "GET / HTTP/1.1" status: 200 len: 247 time: 0.0016990
2026-07-09 15:20:44.975 10 INFO neutron.wsgi [-] 10.0.0.209 "GET / HTTP/1.1" status: 200 len: 247 time: 0.0010946
2026-07-09 15:20:59.973 10 INFO neutron.wsgi [-] 10.0.0.209 "GET / HTTP/1.1" status: 200 len: 247 time: 0.0015514
2026-07-09 15:20:59.975 9 INFO neutron.wsgi [-] 10.0.0.209 "GET / HTTP/1.1" status: 200 len: 247 time: 0.0032506 /var/lib/openstack/lib/python3.10/site-packages/pycadf/identifier.py:71: UserWarning: Invalid uuid: neutron. To ensure interoperability, identifiers should be a valid uuid. warnings.warn(('Invalid uuid: %s. To ensure interoperability, '
2026-07-09 15:21:00.438 9 INFO neutron.pecan_wsgi.hooks.translation [None req-1318d42a-7734-4370-80b3-8406bd8050d2 c78bf3b8cf62431b8a411c2bb640c804 0c88b9fafbe24245a405c8b3e038ea2d - - default default] GET failed (client error): The resource could not be found.
2026-07-09 15:21:00.440 9 INFO neutron.wsgi [None req-1318d42a-7734-4370-80b3-8406bd8050d2 c78bf3b8cf62431b8a411c2bb640c804 0c88b9fafbe24245a405c8b3e038ea2d - - default default] 199.19.213.166 "GET /v2.0/ports/octavia-health-manager-port-instance HTTP/1.1" status: 404 len: 338 time: 0.2132673
2026-07-09 15:21:00.496 9 INFO neutron.wsgi [None req-9e169da9-b644-4858-bc9a-cc7c40625886 c78bf3b8cf62431b8a411c2bb640c804 0c88b9fafbe24245a405c8b3e038ea2d - - default default] 199.19.213.166 "GET /v2.0/ports?name=octavia-health-manager-port-instance HTTP/1.1" status: 200 len: 1417 time: 0.0507498 /var/lib/openstack/lib/python3.10/site-packages/pycadf/identifier.py:71: UserWarning: Invalid uuid: neutron. To ensure interoperability, identifiers should be a valid uuid. warnings.warn(('Invalid uuid: %s. To ensure interoperability, '
2026-07-09 15:21:02.140 10 INFO neutron.pecan_wsgi.hooks.translation [None req-ee2cf0fa-76d8-4253-8384-96e7c4e753d1 c78bf3b8cf62431b8a411c2bb640c804 0c88b9fafbe24245a405c8b3e038ea2d - - default default] GET failed (client error): The resource could not be found.
2026-07-09 15:21:02.144 10 INFO neutron.wsgi [None req-ee2cf0fa-76d8-4253-8384-96e7c4e753d1 c78bf3b8cf62431b8a411c2bb640c804 0c88b9fafbe24245a405c8b3e038ea2d - - default default] 199.19.213.166 "GET /v2.0/ports/octavia-health-manager-port-instance HTTP/1.1" status: 404 len: 338 time: 0.0742059
2026-07-09 15:21:02.193 10 INFO neutron.wsgi [None req-c951cf41-1d18-4c31-8ab4-5edd7c1128aa c78bf3b8cf62431b8a411c2bb640c804 0c88b9fafbe24245a405c8b3e038ea2d - - default default] 199.19.213.166 "GET /v2.0/ports?name=octavia-health-manager-port-instance HTTP/1.1" status: 200 len: 1417 time: 0.0445981
2026-07-09 15:21:03.020 10 INFO neutron.plugins.ml2.drivers.ovn.mech_driver.mech_driver [-] OVN reports status up for port: acbfb3da-acbb-4975-b517-e100f1f86c88
2026-07-09 15:21:03.047 10 INFO neutron.plugins.ml2.plugin [None req-a1bfd37f-beae-42a1-bd64-8458ef0c0da0 - - - - - -] Attempt 1 to provision port acbfb3da-acbb-4975-b517-e100f1f86c88
2026-07-09 15:21:03.357 10 INFO neutron.db.ovn_revision_numbers_db [None req-a1bfd37f-beae-42a1-bd64-8458ef0c0da0 - - - - - -] Successfully bumped revision number for resource acbfb3da-acbb-4975-b517-e100f1f86c88 (type: ports) to 4
2026-07-09 15:21:14.975 9 INFO neutron.wsgi [-] 10.0.0.209 "GET / HTTP/1.1" status: 200 len: 247 time: 0.0023789
2026-07-09 15:21:14.975 10 INFO neutron.wsgi [-] 10.0.0.209 "GET / HTTP/1.1" status: 200 len: 247 time: 0.0026875
2026-07-09 15:21:29.975 9 INFO neutron.wsgi [-] 10.0.0.209 "GET / HTTP/1.1" status: 200 len: 247 time: 0.0025854
2026-07-09 15:21:29.975 10 INFO neutron.wsgi [-] 10.0.0.209 "GET / HTTP/1.1" status: 200 len: 247 time: 0.0025651
2026-07-09 15:21:44.974 9 INFO neutron.wsgi [-] 10.0.0.209 "GET / HTTP/1.1" status: 200 len: 247 time: 0.0023432
2026-07-09 15:21:44.976 9 INFO neutron.wsgi [-] 10.0.0.209 "GET / HTTP/1.1" status: 200 len: 247 time: 0.0014052
2026-07-09 15:21:59.974 10 INFO neutron.wsgi [-] 10.0.0.209 "GET / HTTP/1.1" status: 200 len: 247 time: 0.0025601
2026-07-09 15:21:59.977 10 INFO neutron.wsgi [-] 10.0.0.209 "GET / HTTP/1.1" status: 200 len: 247 time: 0.0016921
2026-07-09 15:22:14.974 9 INFO neutron.wsgi [-] 10.0.0.209 "GET / HTTP/1.1" status: 200 len: 247 time: 0.0018401
2026-07-09 15:22:14.974 10 INFO neutron.wsgi [-] 10.0.0.209 "GET / HTTP/1.1" status: 200 len: 247 time: 0.0023875
2026-07-09 15:22:29.973 10 INFO neutron.wsgi [-] 10.0.0.209 "GET / HTTP/1.1" status: 200 len: 247 time: 0.0015931
2026-07-09 15:22:29.974 9 INFO neutron.wsgi [-] 10.0.0.209 "GET / HTTP/1.1" status: 200 len: 247 time: 0.0024078
2026-07-09 15:22:44.974 10 INFO neutron.wsgi [-] 10.0.0.209 "GET / HTTP/1.1" status: 200 len: 247 time: 0.0029142
2026-07-09 15:22:44.974 9 INFO neutron.wsgi [-] 10.0.0.209 "GET / HTTP/1.1" status: 200 len: 247 time: 0.0027399
2026-07-09 15:22:49.494 15 INFO neutron.db.ovn_revision_numbers_db [None req-1f1e32e8-56f3-4e5d-b345-5b275d3408d6 - - - - - -] Successfully bumped revision number for resource 3b06afb6-bd75-48d4-9fc7-4fb17d64b274 (type: networks) to 2
2026-07-09 15:22:49.548 15 INFO neutron.db.ovn_revision_numbers_db [None req-1f1e32e8-56f3-4e5d-b345-5b275d3408d6 - - - - - -] Successfully bumped revision number for resource e50fdd73-ca97-4093-b0fe-8e49a99f1973 (type: security_groups) to 6
2026-07-09 15:22:49.588 15 INFO neutron.db.ovn_revision_numbers_db [None req-1f1e32e8-56f3-4e5d-b345-5b275d3408d6 - - - - - -] Successfully bumped revision number for resource 68a48d45-404c-44ca-a0c0-d85bbf6ab651 (type: security_groups) to 3
2026-07-09 15:22:49.588 15 INFO neutron.plugins.ml2.drivers.ovn.mech_driver.ovsdb.maintenance [None req-1f1e32e8-56f3-4e5d-b345-5b275d3408d6 - - - - - -] Maintenance task: Synchronization completed (took 0.22 seconds)
2026-07-09 15:22:59.975 10 INFO neutron.wsgi [-] 10.0.0.209 "GET / HTTP/1.1" status: 200 len: 247 time: 0.0016446
2026-07-09 15:22:59.988 9 INFO neutron.wsgi [-] 10.0.0.209 "GET / HTTP/1.1" status: 200 len: 247 time: 0.0141425
2026-07-09 15:23:14.973 10 INFO neutron.wsgi [-] 10.0.0.209 "GET / HTTP/1.1" status: 200 len: 247 time: 0.0013735
2026-07-09 15:23:14.975 9 INFO neutron.wsgi [-] 10.0.0.209 "GET / HTTP/1.1" status: 200 len: 247 time: 0.0022838
2026-07-09 15:23:29.974 10 INFO neutron.wsgi [-] 10.0.0.209 "GET / HTTP/1.1" status: 200 len: 247 time: 0.0020976
2026-07-09 15:23:29.974 9 INFO neutron.wsgi [-] 10.0.0.209 "GET / HTTP/1.1" status: 200 len: 247 time: 0.0020771
2026-07-09 15:23:44.975 10 INFO neutron.wsgi [-] 10.0.0.209 "GET / HTTP/1.1" status: 200 len: 247 time: 0.0025139
2026-07-09 15:23:44.975 9 INFO neutron.wsgi [-] 10.0.0.209 "GET / HTTP/1.1" status: 200 len: 247 time: 0.0037272
2026-07-09 15:23:59.975 10 INFO neutron.wsgi [-] 10.0.0.209 "GET / HTTP/1.1" status: 200 len: 247 time: 0.0025084
2026-07-09 15:23:59.975 9 INFO neutron.wsgi [-] 10.0.0.209 "GET / HTTP/1.1" status: 200 len: 247 time: 0.0028393
2026-07-09 15:24:14.975 9 INFO neutron.wsgi [-] 10.0.0.209 "GET / HTTP/1.1" status: 200 len: 247 time: 0.0030830
2026-07-09 15:24:14.976 10 INFO neutron.wsgi [-] 10.0.0.209 "GET / HTTP/1.1" status: 200 len: 247 time: 0.0037653
2026-07-09 15:24:29.973 10 INFO neutron.wsgi [-] 10.0.0.209 "GET / HTTP/1.1" status: 200 len: 247 time: 0.0016828
2026-07-09 15:24:29.976 9 INFO neutron.wsgi [-] 10.0.0.209 "GET / HTTP/1.1" status: 200 len: 247 time: 0.0042276
2026-07-09 15:24:44.974 10 INFO neutron.wsgi [-] 10.0.0.209 "GET / HTTP/1.1" status: 200 len: 247 time: 0.0022817
2026-07-09 15:24:44.974 9 INFO neutron.wsgi [-] 10.0.0.209 "GET / HTTP/1.1" status: 200 len: 247 time: 0.0027695
2026-07-09 15:24:59.975 10 INFO neutron.wsgi [-] 10.0.0.209 "GET / HTTP/1.1" status: 200 len: 247 time: 0.0028586
2026-07-09 15:24:59.978 10 INFO neutron.wsgi [-] 10.0.0.209 "GET / HTTP/1.1" status: 200 len: 247 time: 0.0020516
2026-07-09 15:25:14.974 9 INFO neutron.wsgi [-] 10.0.0.209 "GET / HTTP/1.1" status: 200 len: 247 time: 0.0023751
2026-07-09 15:25:14.974 10 INFO neutron.wsgi [-] 10.0.0.209 "GET / HTTP/1.1" status: 200 len: 247 time: 0.0023866
2026-07-09 15:25:29.974 10 INFO neutron.wsgi [-] 10.0.0.209 "GET / HTTP/1.1" status: 200 len: 247 time: 0.0025349
2026-07-09 15:25:29.979 10 INFO neutron.wsgi [-] 10.0.0.209 "GET / HTTP/1.1" status: 200 len: 247 time: 0.0034904
2026-07-09 15:25:44.974 10 INFO neutron.wsgi [-] 10.0.0.209 "GET / HTTP/1.1" status: 200 len: 247 time: 0.0024064
2026-07-09 15:25:44.975 9 INFO neutron.wsgi [-] 10.0.0.209 "GET / HTTP/1.1" status: 200 len: 247 time: 0.0028367
2026-07-09 15:25:59.973 10 INFO neutron.wsgi [-] 10.0.0.209 "GET / HTTP/1.1" status: 200 len: 247 time: 0.0013962
2026-07-09 15:25:59.975 9 INFO neutron.wsgi [-] 10.0.0.209 "GET / HTTP/1.1" status: 200 len: 247 time: 0.0026264
2026-07-09 15:26:14.974 9 INFO neutron.wsgi [-] 10.0.0.209 "GET / HTTP/1.1" status: 200 len: 247 time: 0.0022883
2026-07-09 15:26:14.975 10 INFO neutron.wsgi [-] 10.0.0.209 "GET / HTTP/1.1" status: 200 len: 247 time: 0.0031900
2026-07-09 15:26:29.974 10 INFO neutron.wsgi [-] 10.0.0.209 "GET / HTTP/1.1" status: 200 len: 247 time: 0.0019460
