2026-07-09 15:45:34.329 10 INFO neutron.db.ovn_revision_numbers_db [None req-9fec40a3-abc6-43db-a454-744a73d3ff79 c78bf3b8cf62431b8a411c2bb640c804 0c88b9fafbe24245a405c8b3e038ea2d - - default default] Successfully bumped revision number for resource 31d83855-9bb3-4b07-9a73-082ecdd95092 (type: networks) to 1
2026-07-09 15:45:34.410 9 INFO neutron.wsgi [req-ad7c83dd-002f-4b43-9086-cf52a0683c83 req-0af6dd11-a304-4a0f-a3b8-c7f4894391ee 17812c45839947c2bd02dcdcab63d614 9d51252562854861932093172238f763 - - default default] 10.0.0.152 "GET /v2.0/ports/b9c68c56-c279-46ac-9ce5-02f5118d89ac HTTP/1.1" status: 200 len: 1171 time: 0.3740182
2026-07-09 15:45:34.415 9 INFO neutron.db.ovn_revision_numbers_db [None req-2c0f28e3-337d-40f5-919e-c37274ad4f1a c78bf3b8cf62431b8a411c2bb640c804 0c88b9fafbe24245a405c8b3e038ea2d - - default default] Successfully bumped revision number for resource b221bfe0-0504-48b6-ae48-a3c78ba32739 (type: routers) to 2
2026-07-09 15:45:34.451 9 INFO neutron.wsgi [None req-2c0f28e3-337d-40f5-919e-c37274ad4f1a c78bf3b8cf62431b8a411c2bb640c804 0c88b9fafbe24245a405c8b3e038ea2d - - default default] 10.0.0.179 "POST /v2.0/routers HTTP/1.1" status: 201 len: 1167 time: 1.9305007
2026-07-09 15:45:34.605 10 WARNING neutron.scheduler.dhcp_agent_scheduler [None req-9fec40a3-abc6-43db-a454-744a73d3ff79 c78bf3b8cf62431b8a411c2bb640c804 0c88b9fafbe24245a405c8b3e038ea2d - - default default] No more DHCP agents
2026-07-09 15:45:34.626 10 WARNING neutron.api.rpc.agentnotifiers.dhcp_rpc_agent_api [None req-9fec40a3-abc6-43db-a454-744a73d3ff79 c78bf3b8cf62431b8a411c2bb640c804 0c88b9fafbe24245a405c8b3e038ea2d - - default default] Unable to schedule network 31d83855-9bb3-4b07-9a73-082ecdd95092: no agents available; will retry on subsequent port and subnet creation events.
2026-07-09 15:45:34.643 10 INFO neutron.wsgi [req-4d3db95a-3e52-4eb9-be51-d36140b59ff1 req-1410b4cf-314d-4629-8974-803efb7db1c6 17812c45839947c2bd02dcdcab63d614 9d51252562854861932093172238f763 - - default default] 199.19.213.166 "GET /v2.0/subnets?network_id=6be1c284-bcc8-48ec-82c1-3c17b54c627b HTTP/1.1" status: 200 len: 858 time: 0.0926492
2026-07-09 15:45:34.737 10 INFO neutron.wsgi [req-4d3db95a-3e52-4eb9-be51-d36140b59ff1 req-2491e722-be24-489c-86df-c6333dae1fa3 17812c45839947c2bd02dcdcab63d614 9d51252562854861932093172238f763 - - default default] 199.19.213.166 "GET /v2.0/ports?device_id=7fbc5f75-0b36-4b45-975b-94f3194ba428&device_owner=compute%3Anova&network_id=6be1c284-bcc8-48ec-82c1-3c17b54c627b HTTP/1.1" status: 200 len: 1174 time: 0.0849659
2026-07-09 15:45:34.806 10 INFO neutron.db.ovn_revision_numbers_db [None req-9fec40a3-abc6-43db-a454-744a73d3ff79 c78bf3b8cf62431b8a411c2bb640c804 0c88b9fafbe24245a405c8b3e038ea2d - - default default] Successfully bumped revision number for resource 1c1d22b2-4f6a-4396-a263-e2b12daedf6d (type: ports) to 1
2026-07-09 15:45:34.836 10 INFO neutron.wsgi [None req-9fec40a3-abc6-43db-a454-744a73d3ff79 c78bf3b8cf62431b8a411c2bb640c804 0c88b9fafbe24245a405c8b3e038ea2d - - default default] 10.0.0.179 "POST /v2.0/networks HTTP/1.1" status: 201 len: 948 time: 1.1654289
2026-07-09 15:45:35.042 9 INFO neutron.db.ovn_revision_numbers_db [None req-31b6d86d-ce18-4700-a0f2-d27671e12a23 - - - - - -] Successfully bumped revision number for resource a70fb793-93d3-4ed9-8a74-e959bed1eacb (type: ports) to 1
2026-07-09 15:45:35.358 9 INFO neutron.db.ovn_revision_numbers_db [None req-31b6d86d-ce18-4700-a0f2-d27671e12a23 - - - - - -] Successfully bumped revision number for resource a70fb793-93d3-4ed9-8a74-e959bed1eacb (type: router_ports) to 3
2026-07-09 15:45:35.397 10 WARNING neutron.scheduler.dhcp_agent_scheduler [None req-668f6129-0508-40d1-a37c-d0c18b112798 c78bf3b8cf62431b8a411c2bb640c804 0c88b9fafbe24245a405c8b3e038ea2d - - default default] No more DHCP agents
2026-07-09 15:45:35.405 10 WARNING neutron.api.rpc.agentnotifiers.dhcp_rpc_agent_api [None req-668f6129-0508-40d1-a37c-d0c18b112798 c78bf3b8cf62431b8a411c2bb640c804 0c88b9fafbe24245a405c8b3e038ea2d - - default default] Unable to schedule network 31d83855-9bb3-4b07-9a73-082ecdd95092: no agents available; will retry on subsequent port and subnet creation events.
2026-07-09 15:45:35.599 9 INFO neutron.db.ovn_revision_numbers_db [None req-31b6d86d-ce18-4700-a0f2-d27671e12a23 - - - - - -] Successfully bumped revision number for resource a70fb793-93d3-4ed9-8a74-e959bed1eacb (type: ports) to 2
2026-07-09 15:45:35.701 10 WARNING neutron.scheduler.dhcp_agent_scheduler [None req-5e627e05-b794-4348-ae60-80262b9c4f8d c78bf3b8cf62431b8a411c2bb640c804 0c88b9fafbe24245a405c8b3e038ea2d - - default default] No more DHCP agents
2026-07-09 15:45:35.714 10 WARNING neutron.api.rpc.agentnotifiers.dhcp_rpc_agent_api [None req-5e627e05-b794-4348-ae60-80262b9c4f8d c78bf3b8cf62431b8a411c2bb640c804 0c88b9fafbe24245a405c8b3e038ea2d - - default default] Unable to schedule network 008df9d4-dabe-4d85-b3e9-9dc890948d78: no agents available; will retry on subsequent port and subnet creation events.
2026-07-09 15:45:35.889 10 INFO neutron.db.ovn_revision_numbers_db [req-4d3db95a-3e52-4eb9-be51-d36140b59ff1 req-c7c084a2-3aff-44f7-9766-45538c37f62e 17812c45839947c2bd02dcdcab63d614 9d51252562854861932093172238f763 - - default default] Successfully bumped revision number for resource b9c68c56-c279-46ac-9ce5-02f5118d89ac (type: ports) to 5
2026-07-09 15:45:35.908 10 INFO neutron.wsgi [req-4d3db95a-3e52-4eb9-be51-d36140b59ff1 req-c7c084a2-3aff-44f7-9766-45538c37f62e 17812c45839947c2bd02dcdcab63d614 9d51252562854861932093172238f763 - - default default] 199.19.213.166 "PUT /v2.0/ports/b9c68c56-c279-46ac-9ce5-02f5118d89ac HTTP/1.1" status: 200 len: 1353 time: 1.1656098 /var/lib/openstack/lib/python3.10/site-packages/pycadf/identifier.py:71: UserWarning: Invalid uuid: neutron. To ensure interoperability, identifiers should be a valid uuid. warnings.warn(('Invalid uuid: %s. To ensure interoperability, '
2026-07-09 15:45:35.958 10 INFO neutron.notifiers.nova [-] Nova event matching ['req-2d311766-d656-4ef7-b739-6bf3b7dc5b41'] response: {'name': 'network-changed', 'server_uuid': '7fbc5f75-0b36-4b45-975b-94f3194ba428', 'tag': 'b9c68c56-c279-46ac-9ce5-02f5118d89ac', 'status': 'completed', 'code': 200}
2026-07-09 15:45:35.999 10 INFO neutron.wsgi [req-4d3db95a-3e52-4eb9-be51-d36140b59ff1 req-83323ef8-74c6-4a85-82ef-726eb13cc097 8caa1cefbac64035be53ea7af634bb0b 2c60b5677ce44a48941e1ceeebcb308d - - f65e1348a7e24e37bc17be0b2a4862e0 f65e1348a7e24e37bc17be0b2a4862e0] 199.19.213.166 "GET /v2.0/ports?tenant_id=9d51252562854861932093172238f763&device_id=7fbc5f75-0b36-4b45-975b-94f3194ba428 HTTP/1.1" status: 200 len: 1594 time: 0.0658581
2026-07-09 15:45:36.035 10 INFO neutron.db.ovn_revision_numbers_db [None req-5e627e05-b794-4348-ae60-80262b9c4f8d c78bf3b8cf62431b8a411c2bb640c804 0c88b9fafbe24245a405c8b3e038ea2d - - default default] Successfully bumped revision number for resource c0af3da4-ba13-4062-a92e-f94e80a0ad6b (type: ports) to 1
2026-07-09 15:45:36.035 9 INFO neutron.db.ovn_revision_numbers_db [None req-31b6d86d-ce18-4700-a0f2-d27671e12a23 - - - - - -] Successfully bumped revision number for resource a70fb793-93d3-4ed9-8a74-e959bed1eacb (type: ports) to 4
2026-07-09 15:45:36.107 10 INFO neutron.wsgi [req-4d3db95a-3e52-4eb9-be51-d36140b59ff1 req-556f92f3-83a7-42dd-9f10-abf459f95671 8caa1cefbac64035be53ea7af634bb0b 2c60b5677ce44a48941e1ceeebcb308d - - f65e1348a7e24e37bc17be0b2a4862e0 f65e1348a7e24e37bc17be0b2a4862e0] 199.19.213.166 "GET /v2.0/networks?id=6be1c284-bcc8-48ec-82c1-3c17b54c627b HTTP/1.1" status: 200 len: 981 time: 0.1009660
2026-07-09 15:45:36.208 10 INFO neutron.wsgi [req-4d3db95a-3e52-4eb9-be51-d36140b59ff1 req-4cb471a0-84c0-4b84-95c1-02cd96156145 8caa1cefbac64035be53ea7af634bb0b 2c60b5677ce44a48941e1ceeebcb308d - - f65e1348a7e24e37bc17be0b2a4862e0 f65e1348a7e24e37bc17be0b2a4862e0] 199.19.213.166 "GET /v2.0/floatingips?fixed_ip_address=10.100.0.10&port_id=b9c68c56-c279-46ac-9ce5-02f5118d89ac HTTP/1.1" status: 200 len: 1060 time: 0.0933280
2026-07-09 15:45:36.296 9 INFO neutron.db.ovn_revision_numbers_db [None req-31b6d86d-ce18-4700-a0f2-d27671e12a23 - - - - - -] Successfully bumped revision number for resource a70fb793-93d3-4ed9-8a74-e959bed1eacb (type: router_ports) to 4
2026-07-09 15:45:36.425 10 INFO neutron.wsgi [req-4d3db95a-3e52-4eb9-be51-d36140b59ff1 req-bf5a6309-37c3-44cb-adcf-9070e9ce539b 8caa1cefbac64035be53ea7af634bb0b 2c60b5677ce44a48941e1ceeebcb308d - - f65e1348a7e24e37bc17be0b2a4862e0 f65e1348a7e24e37bc17be0b2a4862e0] 199.19.213.166 "GET /v2.0/floatingips?fixed_ip_address=10.100.0.13&port_id=b9c68c56-c279-46ac-9ce5-02f5118d89ac HTTP/1.1" status: 200 len: 217 time: 0.2068791
2026-07-09 15:45:36.491 10 INFO neutron.wsgi [req-4d3db95a-3e52-4eb9-be51-d36140b59ff1 req-f8c752bd-f8bb-4299-94fd-f1b65c543847 8caa1cefbac64035be53ea7af634bb0b 2c60b5677ce44a48941e1ceeebcb308d - - f65e1348a7e24e37bc17be0b2a4862e0 f65e1348a7e24e37bc17be0b2a4862e0] 199.19.213.166 "GET /v2.0/subnets?id=5bd5de47-e624-4665-9d33-47097939dadd HTTP/1.1" status: 200 len: 876 time: 0.0556748
2026-07-09 15:45:36.531 10 INFO neutron.wsgi [req-4d3db95a-3e52-4eb9-be51-d36140b59ff1 req-b0cc30ba-c06d-419b-b520-c148deced11d 8caa1cefbac64035be53ea7af634bb0b 2c60b5677ce44a48941e1ceeebcb308d - - f65e1348a7e24e37bc17be0b2a4862e0 f65e1348a7e24e37bc17be0b2a4862e0] 199.19.213.166 "GET /v2.0/ports?network_id=6be1c284-bcc8-48ec-82c1-3c17b54c627b&device_owner=network%3Adhcp HTTP/1.1" status: 200 len: 210 time: 0.0290749
2026-07-09 15:45:36.573 10 INFO neutron.db.ovn_revision_numbers_db [None req-668f6129-0508-40d1-a37c-d0c18b112798 c78bf3b8cf62431b8a411c2bb640c804 0c88b9fafbe24245a405c8b3e038ea2d - - default default] Successfully bumped revision number for resource 1c1d22b2-4f6a-4396-a263-e2b12daedf6d (type: ports) to 2
2026-07-09 15:45:36.625 10 INFO neutron.wsgi [req-4d3db95a-3e52-4eb9-be51-d36140b59ff1 req-84650878-c65b-41b3-a804-dd5a594610f9 8caa1cefbac64035be53ea7af634bb0b 2c60b5677ce44a48941e1ceeebcb308d - - f65e1348a7e24e37bc17be0b2a4862e0 f65e1348a7e24e37bc17be0b2a4862e0] 199.19.213.166 "GET /v2.0/networks/6be1c284-bcc8-48ec-82c1-3c17b54c627b?fields=segments HTTP/1.1" status: 200 len: 212 time: 0.0860450
2026-07-09 15:45:36.627 10 INFO neutron.db.ovn_revision_numbers_db [None req-668f6129-0508-40d1-a37c-d0c18b112798 c78bf3b8cf62431b8a411c2bb640c804 0c88b9fafbe24245a405c8b3e038ea2d - - default default] Successfully bumped revision number for resource e9ac86d3-f096-4929-9141-0052f846ae7b (type: subnets) to 0
2026-07-09 15:45:36.653 10 INFO neutron.wsgi [None req-668f6129-0508-40d1-a37c-d0c18b112798 c78bf3b8cf62431b8a411c2bb640c804 0c88b9fafbe24245a405c8b3e038ea2d - - default default] 10.0.0.179 "POST /v2.0/subnets HTTP/1.1" status: 201 len: 868 time: 1.8069258
2026-07-09 15:45:36.686 9 INFO neutron.db.ovn_revision_numbers_db [None req-2b46bff2-6fb9-484f-99a6-c1a73f8e4f67 c78bf3b8cf62431b8a411c2bb640c804 0c88b9fafbe24245a405c8b3e038ea2d - - default default] Successfully bumped revision number for resource 654b24c7-6ce3-48b0-8fe4-c2995786a9a2 (type: security_groups) to 1
2026-07-09 15:45:36.700 9 INFO neutron.db.ovn_revision_numbers_db [None req-2b46bff2-6fb9-484f-99a6-c1a73f8e4f67 c78bf3b8cf62431b8a411c2bb640c804 0c88b9fafbe24245a405c8b3e038ea2d - - default default] Successfully bumped revision number for resource 133e3d7f-2861-4afd-a1c9-3ffc348fc489 (type: security_group_rules) to 0
2026-07-09 15:45:36.727 9 INFO neutron.db.ovn_revision_numbers_db [None req-2b46bff2-6fb9-484f-99a6-c1a73f8e4f67 c78bf3b8cf62431b8a411c2bb640c804 0c88b9fafbe24245a405c8b3e038ea2d - - default default] Successfully bumped revision number for resource 2e121142-edfa-48b6-981b-868572a21335 (type: security_group_rules) to 0
2026-07-09 15:45:36.738 10 INFO neutron.wsgi [req-4d3db95a-3e52-4eb9-be51-d36140b59ff1 req-801e08c4-b5ae-4549-9e85-d943f9f2b02d 8caa1cefbac64035be53ea7af634bb0b 2c60b5677ce44a48941e1ceeebcb308d - - f65e1348a7e24e37bc17be0b2a4862e0 f65e1348a7e24e37bc17be0b2a4862e0] 199.19.213.166 "GET /v2.0/networks/6be1c284-bcc8-48ec-82c1-3c17b54c627b?fields=provider%3Aphysical_network&fields=provider%3Anetwork_type HTTP/1.1" status: 200 len: 277 time: 0.1038973
2026-07-09 15:45:36.751 9 INFO neutron.db.ovn_revision_numbers_db [None req-2b46bff2-6fb9-484f-99a6-c1a73f8e4f67 c78bf3b8cf62431b8a411c2bb640c804 0c88b9fafbe24245a405c8b3e038ea2d - - default default] Successfully bumped revision number for resource 98dbb23e-b016-44d9-ba4c-f08833552999 (type: security_group_rules) to 0
2026-07-09 15:45:36.796 9 INFO neutron.db.ovn_revision_numbers_db [None req-2b46bff2-6fb9-484f-99a6-c1a73f8e4f67 c78bf3b8cf62431b8a411c2bb640c804 0c88b9fafbe24245a405c8b3e038ea2d - - default default] Successfully bumped revision number for resource 9ea8d0a8-983e-4bdd-ab29-b28e91a7ab8b (type: security_group_rules) to 0
2026-07-09 15:45:36.846 9 INFO neutron.wsgi [None req-2b46bff2-6fb9-484f-99a6-c1a73f8e4f67 c78bf3b8cf62431b8a411c2bb640c804 0c88b9fafbe24245a405c8b3e038ea2d - - default default] 10.0.0.179 "GET /v2.0/security-groups?tenant_id=39525e1cca77439c9e81f83c976fd2aa&name=default HTTP/1.1" status: 200 len: 3120 time: 0.5052872
2026-07-09 15:45:36.860 10 INFO neutron.wsgi [req-8b53c314-4acb-4a84-bdbb-e89e3d798d9e req-13099f37-105f-464c-b3df-652ea7a93795 8caa1cefbac64035be53ea7af634bb0b 2c60b5677ce44a48941e1ceeebcb308d - - f65e1348a7e24e37bc17be0b2a4862e0 f65e1348a7e24e37bc17be0b2a4862e0] 199.19.213.166 "GET /v2.0/ports?tenant_id=9d51252562854861932093172238f763&device_id=7fbc5f75-0b36-4b45-975b-94f3194ba428 HTTP/1.1" status: 200 len: 1594 time: 0.0752790
2026-07-09 15:45:36.992 10 INFO neutron.wsgi [req-8b53c314-4acb-4a84-bdbb-e89e3d798d9e req-63a13f49-1d96-4dfa-b869-581f12b51e9a 8caa1cefbac64035be53ea7af634bb0b 2c60b5677ce44a48941e1ceeebcb308d - - f65e1348a7e24e37bc17be0b2a4862e0 f65e1348a7e24e37bc17be0b2a4862e0] 199.19.213.166 "GET /v2.0/networks?id=6be1c284-bcc8-48ec-82c1-3c17b54c627b HTTP/1.1" status: 200 len: 981 time: 0.1245966
2026-07-09 15:45:37.051 10 ERROR ovsdbapp.backend.ovs_idl.command [None req-5e627e05-b794-4348-ae60-80262b9c4f8d c78bf3b8cf62431b8a411c2bb640c804 0c88b9fafbe24245a405c8b3e038ea2d - - default default] Error executing command (DbGetCommand): ovsdbapp.backend.ovs_idl.idlutils.RowNotFound: Cannot find Logical_Router_Port with name=lrp-c0af3da4-ba13-4062-a92e-f94e80a0ad6b
2026-07-09 15:45:37.051 10 ERROR ovsdbapp.backend.ovs_idl.command
Traceback (most recent call last):
2026-07-09 15:45:37.051 10 ERROR ovsdbapp.backend.ovs_idl.command
File "/var/lib/openstack/lib/python3.10/site-packages/ovsdbapp/backend/ovs_idl/command.py", line 47, in execute
2026-07-09 15:45:37.051 10 ERROR ovsdbapp.backend.ovs_idl.command self.run_idl(None)
2026-07-09 15:45:37.051 10 ERROR ovsdbapp.backend.ovs_idl.command
File "/var/lib/openstack/lib/python3.10/site-packages/ovsdbapp/backend/ovs_idl/command.py", line 235, in run_idl
2026-07-09 15:45:37.051 10 ERROR ovsdbapp.backend.ovs_idl.command record = self.api.lookup(self.table, self.record)
2026-07-09 15:45:37.051 10 ERROR ovsdbapp.backend.ovs_idl.command
File "/var/lib/openstack/lib/python3.10/site-packages/ovsdbapp/backend/ovs_idl/__init__.py", line 184, in lookup
2026-07-09 15:45:37.051 10 ERROR ovsdbapp.backend.ovs_idl.command return self._lookup(table, record)
2026-07-09 15:45:37.051 10 ERROR ovsdbapp.backend.ovs_idl.command
File "/var/lib/openstack/lib/python3.10/site-packages/ovsdbapp/backend/ovs_idl/__init__.py", line 235, in _lookup
2026-07-09 15:45:37.051 10 ERROR ovsdbapp.backend.ovs_idl.command row = idlutils.row_by_value(self, rl.table, rl.column, record)
2026-07-09 15:45:37.051 10 ERROR ovsdbapp.backend.ovs_idl.command
File "/var/lib/openstack/lib/python3.10/site-packages/ovsdbapp/backend/ovs_idl/idlutils.py", line 114, in row_by_value
2026-07-09 15:45:37.051 10 ERROR ovsdbapp.backend.ovs_idl.command raise RowNotFound(table=table, col=column, match=match)
2026-07-09 15:45:37.051 10 ERROR ovsdbapp.backend.ovs_idl.command ovsdbapp.backend.ovs_idl.idlutils.RowNotFound: Cannot find Logical_Router_Port with name=lrp-c0af3da4-ba13-4062-a92e-f94e80a0ad6b
2026-07-09 15:45:37.051 10 ERROR ovsdbapp.backend.ovs_idl.command 
2026-07-09 15:45:37.051 10 ERROR neutron_lib.callbacks.manager [None req-5e627e05-b794-4348-ae60-80262b9c4f8d c78bf3b8cf62431b8a411c2bb640c804 0c88b9fafbe24245a405c8b3e038ea2d - - default default] Error during notification for neutron.services.ovn_l3.plugin.OVNL3RouterPlugin._port_update-8774175596262 port, after_update: ovsdbapp.backend.ovs_idl.idlutils.RowNotFound: Cannot find Logical_Router_Port with name=lrp-c0af3da4-ba13-4062-a92e-f94e80a0ad6b
2026-07-09 15:45:37.051 10 ERROR neutron_lib.callbacks.manager
Traceback (most recent call last):
2026-07-09 15:45:37.051 10 ERROR neutron_lib.callbacks.manager
File "/var/lib/openstack/lib/python3.10/site-packages/neutron_lib/callbacks/manager.py", line 189, in _notify_loop
2026-07-09 15:45:37.051 10 ERROR neutron_lib.callbacks.manager callback.method(resource, event, trigger, payload=payload)
2026-07-09 15:45:37.051 10 ERROR neutron_lib.callbacks.manager
File "/var/lib/openstack/lib/python3.10/site-packages/neutron/services/ovn_l3/plugin.py", line 391, in _port_update
2026-07-09 15:45:37.051 10 ERROR neutron_lib.callbacks.manager l3plugin._ovn_client.update_router_port(context,
2026-07-09 15:45:37.051 10 ERROR neutron_lib.callbacks.manager
File "/var/lib/openstack/lib/python3.10/site-packages/neutron/plugins/ml2/drivers/ovn/mech_driver/ovsdb/ovn_client.py", line 1878, in update_router_port
2026-07-09 15:45:37.051 10 ERROR neutron_lib.callbacks.manager self._update_lrouter_port(context, port, if_exists=if_exists,
2026-07-09 15:45:37.051 10 ERROR neutron_lib.callbacks.manager
File "/var/lib/openstack/lib/python3.10/site-packages/neutron/plugins/ml2/drivers/ovn/mech_driver/ovsdb/ovn_client.py", line 1855, in _update_lrouter_port
2026-07-09 15:45:37.051 10 ERROR neutron_lib.callbacks.manager external_ids = self._nb_idl.db_get(
2026-07-09 15:45:37.051 10 ERROR neutron_lib.callbacks.manager
File "/var/lib/openstack/lib/python3.10/site-packages/ovsdbapp/backend/ovs_idl/command.py", line 47, in execute
2026-07-09 15:45:37.051 10 ERROR neutron_lib.callbacks.manager self.run_idl(None)
2026-07-09 15:45:37.051 10 ERROR neutron_lib.callbacks.manager
File "/var/lib/openstack/lib/python3.10/site-packages/ovsdbapp/backend/ovs_idl/command.py", line 235, in run_idl
2026-07-09 15:45:37.051 10 ERROR neutron_lib.callbacks.manager record = self.api.lookup(self.table, self.record)
2026-07-09 15:45:37.051 10 ERROR neutron_lib.callbacks.manager
File "/var/lib/openstack/lib/python3.10/site-packages/ovsdbapp/backend/ovs_idl/__init__.py", line 184, in lookup
2026-07-09 15:45:37.051 10 ERROR neutron_lib.callbacks.manager return self._lookup(table, record)
2026-07-09 15:45:37.051 10 ERROR neutron_lib.callbacks.manager
File "/var/lib/openstack/lib/python3.10/site-packages/ovsdbapp/backend/ovs_idl/__init__.py", line 235, in _lookup
2026-07-09 15:45:37.051 10 ERROR neutron_lib.callbacks.manager row = idlutils.row_by_value(self, rl.table, rl.column, record)
2026-07-09 15:45:37.051 10 ERROR neutron_lib.callbacks.manager
File "/var/lib/openstack/lib/python3.10/site-packages/ovsdbapp/backend/ovs_idl/idlutils.py", line 114, in row_by_value
2026-07-09 15:45:37.051 10 ERROR neutron_lib.callbacks.manager raise RowNotFound(table=table, col=column, match=match)
2026-07-09 15:45:37.051 10 ERROR neutron_lib.callbacks.manager ovsdbapp.backend.ovs_idl.idlutils.RowNotFound: Cannot find Logical_Router_Port with name=lrp-c0af3da4-ba13-4062-a92e-f94e80a0ad6b
2026-07-09 15:45:37.051 10 ERROR neutron_lib.callbacks.manager 
2026-07-09 15:45:37.069 10 INFO neutron.wsgi [req-8b53c314-4acb-4a84-bdbb-e89e3d798d9e req-64d083df-e9ad-4b01-b443-b7f32f0c1b14 8caa1cefbac64035be53ea7af634bb0b 2c60b5677ce44a48941e1ceeebcb308d - - f65e1348a7e24e37bc17be0b2a4862e0 f65e1348a7e24e37bc17be0b2a4862e0] 199.19.213.166 "GET /v2.0/floatingips?fixed_ip_address=10.100.0.10&port_id=b9c68c56-c279-46ac-9ce5-02f5118d89ac HTTP/1.1" status: 200 len: 1060 time: 0.0729733
2026-07-09 15:45:37.111 10 INFO neutron.wsgi [req-8b53c314-4acb-4a84-bdbb-e89e3d798d9e req-e3248e46-18f3-4955-9721-4f44462ad920 8caa1cefbac64035be53ea7af634bb0b 2c60b5677ce44a48941e1ceeebcb308d - - f65e1348a7e24e37bc17be0b2a4862e0 f65e1348a7e24e37bc17be0b2a4862e0] 199.19.213.166 "GET /v2.0/floatingips?fixed_ip_address=10.100.0.13&port_id=b9c68c56-c279-46ac-9ce5-02f5118d89ac HTTP/1.1" status: 200 len: 217 time: 0.0347192
2026-07-09 15:45:37.163 10 INFO neutron.wsgi [req-8b53c314-4acb-4a84-bdbb-e89e3d798d9e req-fea52b0b-9174-4d28-aa37-c0ea40e9f2ee 8caa1cefbac64035be53ea7af634bb0b 2c60b5677ce44a48941e1ceeebcb308d - - f65e1348a7e24e37bc17be0b2a4862e0 f65e1348a7e24e37bc17be0b2a4862e0] 199.19.213.166 "GET /v2.0/subnets?id=5bd5de47-e624-4665-9d33-47097939dadd HTTP/1.1" status: 200 len: 876 time: 0.0467770
2026-07-09 15:45:37.191 9 WARNING neutron.scheduler.dhcp_agent_scheduler [None req-970ecc2f-a794-4780-9048-dba454f45687 c78bf3b8cf62431b8a411c2bb640c804 0c88b9fafbe24245a405c8b3e038ea2d - - default default] No more DHCP agents
2026-07-09 15:45:37.194 9 WARNING neutron.api.rpc.agentnotifiers.dhcp_rpc_agent_api [None req-970ecc2f-a794-4780-9048-dba454f45687 c78bf3b8cf62431b8a411c2bb640c804 0c88b9fafbe24245a405c8b3e038ea2d - - default default] Unable to schedule network dabe752b-f81b-4229-a172-744a88652769: no agents available; will retry on subsequent port and subnet creation events.
2026-07-09 15:45:37.205 10 INFO neutron.wsgi [req-8b53c314-4acb-4a84-bdbb-e89e3d798d9e req-bfd1c1c3-fbcc-4f6b-bb2f-280d9472fdc8 8caa1cefbac64035be53ea7af634bb0b 2c60b5677ce44a48941e1ceeebcb308d - - f65e1348a7e24e37bc17be0b2a4862e0 f65e1348a7e24e37bc17be0b2a4862e0] 199.19.213.166 "GET /v2.0/ports?network_id=6be1c284-bcc8-48ec-82c1-3c17b54c627b&device_owner=network%3Adhcp HTTP/1.1" status: 200 len: 210 time: 0.0325587
2026-07-09 15:45:37.304 10 INFO neutron.wsgi [req-8b53c314-4acb-4a84-bdbb-e89e3d798d9e req-0958d43b-a8e6-4bc6-b18f-6ac1f2a2b8ff 8caa1cefbac64035be53ea7af634bb0b 2c60b5677ce44a48941e1ceeebcb308d - - f65e1348a7e24e37bc17be0b2a4862e0 f65e1348a7e24e37bc17be0b2a4862e0] 199.19.213.166 "GET /v2.0/networks/6be1c284-bcc8-48ec-82c1-3c17b54c627b?fields=segments HTTP/1.1" status: 200 len: 212 time: 0.0886879
2026-07-09 15:45:37.311 10 INFO neutron.wsgi [None req-b1241f42-d5dd-4797-be5d-3c38b6017d9d c78bf3b8cf62431b8a411c2bb640c804 0c88b9fafbe24245a405c8b3e038ea2d - - default default] 10.0.0.179 "DELETE /v2.0/security-groups/654b24c7-6ce3-48b0-8fe4-c2995786a9a2 HTTP/1.1" status: 204 len: 168 time: 0.4597266
2026-07-09 15:45:37.345 9 INFO neutron.db.ovn_revision_numbers_db [None req-970ecc2f-a794-4780-9048-dba454f45687 c78bf3b8cf62431b8a411c2bb640c804 0c88b9fafbe24245a405c8b3e038ea2d - - default default] Successfully bumped revision number for resource 75be59ae-2e31-4a6c-a9fe-69d7e8294710 (type: ports) to 1
2026-07-09 15:45:37.366 10 INFO neutron.plugins.ml2.drivers.ovn.mech_driver.mech_driver [None req-a1bfd37f-beae-42a1-bd64-8458ef0c0da0 - - - - - -] OVN reports status up for port: c0af3da4-ba13-4062-a92e-f94e80a0ad6b
2026-07-09 15:45:37.379 10 INFO neutron.plugins.ml2.plugin [None req-a1bfd37f-beae-42a1-bd64-8458ef0c0da0 - - - - - -] Attempt 1 to provision port c0af3da4-ba13-4062-a92e-f94e80a0ad6b
2026-07-09 15:45:37.385 10 INFO neutron.wsgi [req-8b53c314-4acb-4a84-bdbb-e89e3d798d9e req-b2f128e0-9cc5-4d57-b1cf-6691edd992e2 8caa1cefbac64035be53ea7af634bb0b 2c60b5677ce44a48941e1ceeebcb308d - - f65e1348a7e24e37bc17be0b2a4862e0 f65e1348a7e24e37bc17be0b2a4862e0] 199.19.213.166 "GET /v2.0/networks/6be1c284-bcc8-48ec-82c1-3c17b54c627b?fields=provider%3Aphysical_network&fields=provider%3Anetwork_type HTTP/1.1" status: 200 len: 277 time: 0.0740440
2026-07-09 15:45:37.397 10 INFO neutron.db.ovn_revision_numbers_db [None req-5e627e05-b794-4348-ae60-80262b9c4f8d c78bf3b8cf62431b8a411c2bb640c804 0c88b9fafbe24245a405c8b3e038ea2d - - default default] Successfully bumped revision number for resource c0af3da4-ba13-4062-a92e-f94e80a0ad6b (type: ports) to 1
2026-07-09 15:45:37.486 10 WARNING neutron.scheduler.dhcp_agent_scheduler [None req-5e627e05-b794-4348-ae60-80262b9c4f8d c78bf3b8cf62431b8a411c2bb640c804 0c88b9fafbe24245a405c8b3e038ea2d - - default default] No more DHCP agents
2026-07-09 15:45:37.490 10 WARNING neutron.api.rpc.agentnotifiers.dhcp_rpc_agent_api [None req-5e627e05-b794-4348-ae60-80262b9c4f8d c78bf3b8cf62431b8a411c2bb640c804 0c88b9fafbe24245a405c8b3e038ea2d - - default default] Unable to schedule network 008df9d4-dabe-4d85-b3e9-9dc890948d78: no agents available; will retry on subsequent port and subnet creation events.
2026-07-09 15:45:37.626 10 INFO neutron.db.ovn_revision_numbers_db [None req-03a7d724-b5eb-41d9-a9f7-9872326330de c78bf3b8cf62431b8a411c2bb640c804 0c88b9fafbe24245a405c8b3e038ea2d - - default default] Successfully bumped revision number for resource 02b1502e-b1e9-4782-aadd-62ddc54a3884 (type: security_groups) to 1
2026-07-09 15:45:37.657 10 INFO neutron.db.ovn_revision_numbers_db [None req-03a7d724-b5eb-41d9-a9f7-9872326330de c78bf3b8cf62431b8a411c2bb640c804 0c88b9fafbe24245a405c8b3e038ea2d - - default default] Successfully bumped revision number for resource 00862293-e94a-472d-9a85-b637e4b35b0d (type: security_group_rules) to 0
2026-07-09 15:45:37.688 10 INFO neutron.db.ovn_revision_numbers_db [None req-03a7d724-b5eb-41d9-a9f7-9872326330de c78bf3b8cf62431b8a411c2bb640c804 0c88b9fafbe24245a405c8b3e038ea2d - - default default] Successfully bumped revision number for resource 45d96a3c-7447-4f96-bf3c-0fef7355df0d (type: security_group_rules) to 0
2026-07-09 15:45:37.704 10 INFO neutron.db.ovn_revision_numbers_db [None req-03a7d724-b5eb-41d9-a9f7-9872326330de c78bf3b8cf62431b8a411c2bb640c804 0c88b9fafbe24245a405c8b3e038ea2d - - default default] Successfully bumped revision number for resource 937cd2e5-a91c-4255-9e60-008956eedee6 (type: security_group_rules) to 0
2026-07-09 15:45:37.732 10 INFO neutron.db.ovn_revision_numbers_db [None req-03a7d724-b5eb-41d9-a9f7-9872326330de c78bf3b8cf62431b8a411c2bb640c804 0c88b9fafbe24245a405c8b3e038ea2d - - default default] Successfully bumped revision number for resource e16479dd-24b4-4dac-833a-18840d4e3aec (type: security_group_rules) to 0
2026-07-09 15:45:37.758 10 INFO neutron.wsgi [None req-03a7d724-b5eb-41d9-a9f7-9872326330de c78bf3b8cf62431b8a411c2bb640c804 0c88b9fafbe24245a405c8b3e038ea2d - - default default] 10.0.0.179 "GET /v2.0/security-groups?tenant_id=ea85c2ab2e4e4e8ca68981485f5fe554&name=default HTTP/1.1" status: 200 len: 3120 time: 0.3448579
2026-07-09 15:45:37.767 9 INFO neutron.wsgi [req-d7146982-70ca-469d-aee4-8441384d8570 req-208af32f-2d9a-4364-a469-2cb32d1e8bde 17812c45839947c2bd02dcdcab63d614 9d51252562854861932093172238f763 - - default default] 10.0.0.152 "GET /v2.0/ports?device_id=7fbc5f75-0b36-4b45-975b-94f3194ba428 HTTP/1.1" status: 200 len: 1356 time: 0.0437710
2026-07-09 15:45:37.829 9 INFO neutron.wsgi [req-d7146982-70ca-469d-aee4-8441384d8570 req-76dc5fd6-3c02-4b00-b830-c2ee219c09b1 17812c45839947c2bd02dcdcab63d614 9d51252562854861932093172238f763 - - default default] 10.0.0.152 "GET /v2.0/security-groups?id=e5ea54c3-028a-44af-a1ee-a23f6ec8e077&fields=id&fields=name HTTP/1.1" status: 200 len: 313 time: 0.0545037
2026-07-09 15:45:38.056 9 INFO neutron.plugins.ml2.drivers.ovn.mech_driver.ovsdb.commands [None req-2547871d-7a71-4e60-b186-ddcf6fa72fdc - - - - - -] Schedule LRP lrp-75be59ae-2e31-4a6c-a9fe-69d7e8294710 on gateway ab433a26-6b70-4a38-a65b-12016bde0894 with priority 1
2026-07-09 15:45:38.064 9 INFO neutron.plugins.ml2.drivers.ovn.mech_driver.mech_driver [None req-2e4dec20-51cf-4ab6-a7ab-78d6097ca8de - - - - - -] OVN reports status up for port: 75be59ae-2e31-4a6c-a9fe-69d7e8294710
2026-07-09 15:45:38.083 9 INFO neutron.plugins.ml2.plugin [None req-2e4dec20-51cf-4ab6-a7ab-78d6097ca8de - - - - - -] Attempt 1 to provision port 75be59ae-2e31-4a6c-a9fe-69d7e8294710
2026-07-09 15:45:38.112 9 INFO neutron.db.ovn_revision_numbers_db [None req-970ecc2f-a794-4780-9048-dba454f45687 c78bf3b8cf62431b8a411c2bb640c804 0c88b9fafbe24245a405c8b3e038ea2d - - default default] Successfully bumped revision number for resource 75be59ae-2e31-4a6c-a9fe-69d7e8294710 (type: router_ports) to 1
2026-07-09 15:45:38.193 9 INFO neutron.db.ovn_revision_numbers_db [None req-970ecc2f-a794-4780-9048-dba454f45687 c78bf3b8cf62431b8a411c2bb640c804 0c88b9fafbe24245a405c8b3e038ea2d - - default default] Successfully bumped revision number for resource 62b22d78-e21b-41a7-8665-aba179b07435 (type: routers) to 2
2026-07-09 15:45:38.209 10 INFO neutron.wsgi [req-799f7e6c-1466-4549-80e0-750318585ca9 req-ad53ab15-d7f5-4053-ba7d-b15b89d50d21 17812c45839947c2bd02dcdcab63d614 9d51252562854861932093172238f763 - - default default] 199.19.213.166 "GET /v2.0/ports?device_id=7fbc5f75-0b36-4b45-975b-94f3194ba428&device_owner=compute%3Anova&fixed_ips=ip_address%3D10.100.0.13 HTTP/1.1" status: 200 len: 1356 time: 0.2796493
2026-07-09 15:45:38.210 9 INFO neutron.wsgi [None req-970ecc2f-a794-4780-9048-dba454f45687 c78bf3b8cf62431b8a411c2bb640c804 0c88b9fafbe24245a405c8b3e038ea2d - - default default] 10.0.0.179 "POST /v2.0/routers HTTP/1.1" status: 201 len: 1170 time: 1.5494170
2026-07-09 15:45:38.214 10 INFO neutron.plugins.ml2.drivers.ovn.mech_driver.ovsdb.ovsdb_monitor [None req-d7bec0e0-6783-44ae-bf47-3743bddda475 - - - - - -] Router 62b22d78-e21b-41a7-8665-aba179b07435 is bound to host instance
2026-07-09 15:45:38.367 10 INFO neutron.db.ovn_revision_numbers_db [None req-a1bfd37f-beae-42a1-bd64-8458ef0c0da0 - - - - - -] Successfully bumped revision number for resource c0af3da4-ba13-4062-a92e-f94e80a0ad6b (type: ports) to 2
2026-07-09 15:45:38.649 10 INFO neutron.wsgi [None req-b01b583b-f146-4f36-ac8f-b1d506d48901 c78bf3b8cf62431b8a411c2bb640c804 0c88b9fafbe24245a405c8b3e038ea2d - - default default] 10.0.0.179 "DELETE /v2.0/security-groups/02b1502e-b1e9-4782-aadd-62ddc54a3884 HTTP/1.1" status: 204 len: 168 time: 0.8825459
2026-07-09 15:45:38.661 10 ERROR ovsdbapp.backend.ovs_idl.command [None req-a1bfd37f-beae-42a1-bd64-8458ef0c0da0 - - - - - -] Error executing command (DbGetCommand): ovsdbapp.backend.ovs_idl.idlutils.RowNotFound: Cannot find Logical_Router_Port with name=lrp-c0af3da4-ba13-4062-a92e-f94e80a0ad6b
2026-07-09 15:45:38.661 10 ERROR ovsdbapp.backend.ovs_idl.command
Traceback (most recent call last):
2026-07-09 15:45:38.661 10 ERROR ovsdbapp.backend.ovs_idl.command
File "/var/lib/openstack/lib/python3.10/site-packages/ovsdbapp/backend/ovs_idl/command.py", line 47, in execute
2026-07-09 15:45:38.661 10 ERROR ovsdbapp.backend.ovs_idl.command self.run_idl(None)
2026-07-09 15:45:38.661 10 ERROR ovsdbapp.backend.ovs_idl.command
File "/var/lib/openstack/lib/python3.10/site-packages/ovsdbapp/backend/ovs_idl/command.py", line 235, in run_idl
2026-07-09 15:45:38.661 10 ERROR ovsdbapp.backend.ovs_idl.command record = self.api.lookup(self.table, self.record)
2026-07-09 15:45:38.661 10 ERROR ovsdbapp.backend.ovs_idl.command
File "/var/lib/openstack/lib/python3.10/site-packages/ovsdbapp/backend/ovs_idl/__init__.py", line 184, in lookup
2026-07-09 15:45:38.661 10 ERROR ovsdbapp.backend.ovs_idl.command return self._lookup(table, record)
2026-07-09 15:45:38.661 10 ERROR ovsdbapp.backend.ovs_idl.command
File "/var/lib/openstack/lib/python3.10/site-packages/ovsdbapp/backend/ovs_idl/__init__.py", line 235, in _lookup
2026-07-09 15:45:38.661 10 ERROR ovsdbapp.backend.ovs_idl.command row = idlutils.row_by_value(self, rl.table, rl.column, record)
2026-07-09 15:45:38.661 10 ERROR ovsdbapp.backend.ovs_idl.command
File "/var/lib/openstack/lib/python3.10/site-packages/ovsdbapp/backend/ovs_idl/idlutils.py", line 114, in row_by_value
2026-07-09 15:45:38.661 10 ERROR ovsdbapp.backend.ovs_idl.command raise RowNotFound(table=table, col=column, match=match)
2026-07-09 15:45:38.661 10 ERROR ovsdbapp.backend.ovs_idl.command ovsdbapp.backend.ovs_idl.idlutils.RowNotFound: Cannot find Logical_Router_Port with name=lrp-c0af3da4-ba13-4062-a92e-f94e80a0ad6b
2026-07-09 15:45:38.661 10 ERROR ovsdbapp.backend.ovs_idl.command 
2026-07-09 15:45:38.661 10 ERROR neutron_lib.callbacks.manager [None req-a1bfd37f-beae-42a1-bd64-8458ef0c0da0 - - - - - -] Error during notification for neutron.services.ovn_l3.plugin.OVNL3RouterPlugin._port_update-8774175596262 port, after_update: ovsdbapp.backend.ovs_idl.idlutils.RowNotFound: Cannot find Logical_Router_Port with name=lrp-c0af3da4-ba13-4062-a92e-f94e80a0ad6b
2026-07-09 15:45:38.661 10 ERROR neutron_lib.callbacks.manager
Traceback (most recent call last):
2026-07-09 15:45:38.661 10 ERROR neutron_lib.callbacks.manager
File "/var/lib/openstack/lib/python3.10/site-packages/neutron_lib/callbacks/manager.py", line 189, in _notify_loop
2026-07-09 15:45:38.661 10 ERROR neutron_lib.callbacks.manager callback.method(resource, event, trigger, payload=payload)
2026-07-09 15:45:38.661 10 ERROR neutron_lib.callbacks.manager
File "/var/lib/openstack/lib/python3.10/site-packages/neutron/services/ovn_l3/plugin.py", line 391, in _port_update
2026-07-09 15:45:38.661 10 ERROR neutron_lib.callbacks.manager l3plugin._ovn_client.update_router_port(context,
2026-07-09 15:45:38.661 10 ERROR neutron_lib.callbacks.manager
File "/var/lib/openstack/lib/python3.10/site-packages/neutron/plugins/ml2/drivers/ovn/mech_driver/ovsdb/ovn_client.py", line 1878, in update_router_port
2026-07-09 15:45:38.661 10 ERROR neutron_lib.callbacks.manager self._update_lrouter_port(context, port, if_exists=if_exists,
2026-07-09 15:45:38.661 10 ERROR neutron_lib.callbacks.manager
File "/var/lib/openstack/lib/python3.10/site-packages/neutron/plugins/ml2/drivers/ovn/mech_driver/ovsdb/ovn_client.py", line 1855, in _update_lrouter_port
2026-07-09 15:45:38.661 10 ERROR neutron_lib.callbacks.manager external_ids = self._nb_idl.db_get(
2026-07-09 15:45:38.661 10 ERROR neutron_lib.callbacks.manager
File "/var/lib/openstack/lib/python3.10/site-packages/ovsdbapp/backend/ovs_idl/command.py", line 47, in execute
2026-07-09 15:45:38.661 10 ERROR neutron_lib.callbacks.manager self.run_idl(None)
2026-07-09 15:45:38.661 10 ERROR neutron_lib.callbacks.manager
File "/var/lib/openstack/lib/python3.10/site-packages/ovsdbapp/backend/ovs_idl/command.py", line 235, in run_idl
2026-07-09 15:45:38.661 10 ERROR neutron_lib.callbacks.manager record = self.api.lookup(self.table, self.record)
2026-07-09 15:45:38.661 10 ERROR neutron_lib.callbacks.manager
File "/var/lib/openstack/lib/python3.10/site-packages/ovsdbapp/backend/ovs_idl/__init__.py", line 184, in lookup
2026-07-09 15:45:38.661 10 ERROR neutron_lib.callbacks.manager return self._lookup(table, record)
2026-07-09 15:45:38.661 10 ERROR neutron_lib.callbacks.manager
File "/var/lib/openstack/lib/python3.10/site-packages/ovsdbapp/backend/ovs_idl/__init__.py", line 235, in _lookup
2026-07-09 15:45:38.661 10 ERROR neutron_lib.callbacks.manager row = idlutils.row_by_value(self, rl.table, rl.column, record)
2026-07-09 15:45:38.661 10 ERROR neutron_lib.callbacks.manager
File "/var/lib/openstack/lib/python3.10/site-packages/ovsdbapp/backend/ovs_idl/idlutils.py", line 114, in row_by_value
2026-07-09 15:45:38.661 10 ERROR neutron_lib.callbacks.manager raise RowNotFound(table=table, col=column, match=match)
2026-07-09 15:45:38.661 10 ERROR neutron_lib.callbacks.manager ovsdbapp.backend.ovs_idl.idlutils.RowNotFound: Cannot find Logical_Router_Port with name=lrp-c0af3da4-ba13-4062-a92e-f94e80a0ad6b
2026-07-09 15:45:38.661 10 ERROR neutron_lib.callbacks.manager 
2026-07-09 15:45:38.983 9 WARNING neutron.scheduler.dhcp_agent_scheduler [None req-b3927615-0a68-4043-a3cc-0dda624df0f9 c78bf3b8cf62431b8a411c2bb640c804 0c88b9fafbe24245a405c8b3e038ea2d - - default default] No more DHCP agents
2026-07-09 15:45:38.986 9 WARNING neutron.api.rpc.agentnotifiers.dhcp_rpc_agent_api [None req-b3927615-0a68-4043-a3cc-0dda624df0f9 c78bf3b8cf62431b8a411c2bb640c804 0c88b9fafbe24245a405c8b3e038ea2d - - default default] Unable to schedule network 31d83855-9bb3-4b07-9a73-082ecdd95092: no agents available; will retry on subsequent port and subnet creation events.
2026-07-09 15:45:39.097 10 INFO neutron.db.ovn_revision_numbers_db [None req-5e627e05-b794-4348-ae60-80262b9c4f8d c78bf3b8cf62431b8a411c2bb640c804 0c88b9fafbe24245a405c8b3e038ea2d - - default default] Successfully bumped revision number for resource c0af3da4-ba13-4062-a92e-f94e80a0ad6b (type: router_ports) to 1
2026-07-09 15:45:39.103 10 INFO neutron.wsgi [None req-5e627e05-b794-4348-ae60-80262b9c4f8d c78bf3b8cf62431b8a411c2bb640c804 0c88b9fafbe24245a405c8b3e038ea2d - - default default] 10.0.0.179 "PUT /v2.0/routers/b221bfe0-0504-48b6-ae48-a3c78ba32739/add_router_interface HTTP/1.1" status: 200 len: 503 time: 4.6421733
2026-07-09 15:45:39.156 9 INFO neutron.db.ovn_revision_numbers_db [None req-b3927615-0a68-4043-a3cc-0dda624df0f9 c78bf3b8cf62431b8a411c2bb640c804 0c88b9fafbe24245a405c8b3e038ea2d - - default default] Successfully bumped revision number for resource bbcaa310-43c4-48e9-a2d6-1b605cbb9cf6 (type: ports) to 1
2026-07-09 15:45:39.332 10 INFO neutron.db.ovn_revision_numbers_db [req-799f7e6c-1466-4549-80e0-750318585ca9 req-ba712e3b-728d-4780-bb45-20456d563599 17812c45839947c2bd02dcdcab63d614 9d51252562854861932093172238f763 - - default default] Successfully bumped revision number for resource b9c68c56-c279-46ac-9ce5-02f5118d89ac (type: ports) to 6
2026-07-09 15:45:39.345 10 INFO neutron.wsgi [req-799f7e6c-1466-4549-80e0-750318585ca9 req-ba712e3b-728d-4780-bb45-20456d563599 17812c45839947c2bd02dcdcab63d614 9d51252562854861932093172238f763 - - default default] 199.19.213.166 "PUT /v2.0/ports/b9c68c56-c279-46ac-9ce5-02f5118d89ac HTTP/1.1" status: 200 len: 1171 time: 1.1301067
2026-07-09 15:45:39.395 10 INFO neutron.notifiers.nova [-] Nova event matching ['req-5b8aebfd-cc1b-4404-a9f3-2c66700b8617'] response: {'name': 'network-changed', 'server_uuid': '7fbc5f75-0b36-4b45-975b-94f3194ba428', 'tag': 'b9c68c56-c279-46ac-9ce5-02f5118d89ac', 'status': 'completed', 'code': 200} /var/lib/openstack/lib/python3.10/site-packages/pycadf/identifier.py:71: UserWarning: Invalid uuid: neutron. To ensure interoperability, identifiers should be a valid uuid. warnings.warn(('Invalid uuid: %s. To ensure interoperability, '
2026-07-09 15:45:39.460 10 INFO neutron.wsgi [req-799f7e6c-1466-4549-80e0-750318585ca9 req-4a6c03c1-6bd3-42a1-a428-5a3472c9b98e 8caa1cefbac64035be53ea7af634bb0b 2c60b5677ce44a48941e1ceeebcb308d - - f65e1348a7e24e37bc17be0b2a4862e0 f65e1348a7e24e37bc17be0b2a4862e0] 199.19.213.166 "GET /v2.0/ports?tenant_id=9d51252562854861932093172238f763&device_id=7fbc5f75-0b36-4b45-975b-94f3194ba428 HTTP/1.1" status: 200 len: 1413 time: 0.0671637
2026-07-09 15:45:39.756 9 ERROR ovsdbapp.backend.ovs_idl.command [None req-b3927615-0a68-4043-a3cc-0dda624df0f9 c78bf3b8cf62431b8a411c2bb640c804 0c88b9fafbe24245a405c8b3e038ea2d - - default default] Error executing command (DbGetCommand): ovsdbapp.backend.ovs_idl.idlutils.RowNotFound: Cannot find Logical_Router_Port with name=lrp-bbcaa310-43c4-48e9-a2d6-1b605cbb9cf6
2026-07-09 15:45:39.756 9 ERROR ovsdbapp.backend.ovs_idl.command
Traceback (most recent call last):
2026-07-09 15:45:39.756 9 ERROR ovsdbapp.backend.ovs_idl.command
File "/var/lib/openstack/lib/python3.10/site-packages/ovsdbapp/backend/ovs_idl/command.py", line 47, in execute
2026-07-09 15:45:39.756 9 ERROR ovsdbapp.backend.ovs_idl.command self.run_idl(None)
2026-07-09 15:45:39.756 9 ERROR ovsdbapp.backend.ovs_idl.command
File "/var/lib/openstack/lib/python3.10/site-packages/ovsdbapp/backend/ovs_idl/command.py", line 235, in run_idl
2026-07-09 15:45:39.756 9 ERROR ovsdbapp.backend.ovs_idl.command record = self.api.lookup(self.table, self.record)
2026-07-09 15:45:39.756 9 ERROR ovsdbapp.backend.ovs_idl.command
File "/var/lib/openstack/lib/python3.10/site-packages/ovsdbapp/backend/ovs_idl/__init__.py", line 184, in lookup
2026-07-09 15:45:39.756 9 ERROR ovsdbapp.backend.ovs_idl.command return self._lookup(table, record)
2026-07-09 15:45:39.756 9 ERROR ovsdbapp.backend.ovs_idl.command
File "/var/lib/openstack/lib/python3.10/site-packages/ovsdbapp/backend/ovs_idl/__init__.py", line 235, in _lookup
2026-07-09 15:45:39.756 9 ERROR ovsdbapp.backend.ovs_idl.command row = idlutils.row_by_value(self, rl.table, rl.column, record)
2026-07-09 15:45:39.756 9 ERROR ovsdbapp.backend.ovs_idl.command
File "/var/lib/openstack/lib/python3.10/site-packages/ovsdbapp/backend/ovs_idl/idlutils.py", line 114, in row_by_value
2026-07-09 15:45:39.756 9 ERROR ovsdbapp.backend.ovs_idl.command raise RowNotFound(table=table, col=column, match=match)
2026-07-09 15:45:39.756 9 ERROR ovsdbapp.backend.ovs_idl.command ovsdbapp.backend.ovs_idl.idlutils.RowNotFound: Cannot find Logical_Router_Port with name=lrp-bbcaa310-43c4-48e9-a2d6-1b605cbb9cf6
2026-07-09 15:45:39.756 9 ERROR ovsdbapp.backend.ovs_idl.command 
2026-07-09 15:45:39.757 9 ERROR neutron_lib.callbacks.manager [None req-b3927615-0a68-4043-a3cc-0dda624df0f9 c78bf3b8cf62431b8a411c2bb640c804 0c88b9fafbe24245a405c8b3e038ea2d - - default default] Error during notification for neutron.services.ovn_l3.plugin.OVNL3RouterPlugin._port_update-8774175596262 port, after_update: ovsdbapp.backend.ovs_idl.idlutils.RowNotFound: Cannot find Logical_Router_Port with name=lrp-bbcaa310-43c4-48e9-a2d6-1b605cbb9cf6
2026-07-09 15:45:39.757 9 ERROR neutron_lib.callbacks.manager
Traceback (most recent call last):
2026-07-09 15:45:39.757 9 ERROR neutron_lib.callbacks.manager
File "/var/lib/openstack/lib/python3.10/site-packages/neutron_lib/callbacks/manager.py", line 189, in _notify_loop
2026-07-09 15:45:39.757 9 ERROR neutron_lib.callbacks.manager callback.method(resource, event, trigger, payload=payload)
2026-07-09 15:45:39.757 9 ERROR neutron_lib.callbacks.manager
File "/var/lib/openstack/lib/python3.10/site-packages/neutron/services/ovn_l3/plugin.py", line 391, in _port_update
2026-07-09 15:45:39.757 9 ERROR neutron_lib.callbacks.manager l3plugin._ovn_client.update_router_port(context,
2026-07-09 15:45:39.757 9 ERROR neutron_lib.callbacks.manager
File "/var/lib/openstack/lib/python3.10/site-packages/neutron/plugins/ml2/drivers/ovn/mech_driver/ovsdb/ovn_client.py", line 1878, in update_router_port
2026-07-09 15:45:39.757 9 ERROR neutron_lib.callbacks.manager self._update_lrouter_port(context, port, if_exists=if_exists,
2026-07-09 15:45:39.757 9 ERROR neutron_lib.callbacks.manager
File "/var/lib/openstack/lib/python3.10/site-packages/neutron/plugins/ml2/drivers/ovn/mech_driver/ovsdb/ovn_client.py", line 1855, in _update_lrouter_port
2026-07-09 15:45:39.757 9 ERROR neutron_lib.callbacks.manager external_ids = self._nb_idl.db_get(
2026-07-09 15:45:39.757 9 ERROR neutron_lib.callbacks.manager
File "/var/lib/openstack/lib/python3.10/site-packages/ovsdbapp/backend/ovs_idl/command.py", line 47, in execute
2026-07-09 15:45:39.757 9 ERROR neutron_lib.callbacks.manager self.run_idl(None)
2026-07-09 15:45:39.757 9 ERROR neutron_lib.callbacks.manager
File "/var/lib/openstack/lib/python3.10/site-packages/ovsdbapp/backend/ovs_idl/command.py", line 235, in run_idl
2026-07-09 15:45:39.757 9 ERROR neutron_lib.callbacks.manager record = self.api.lookup(self.table, self.record)
2026-07-09 15:45:39.757 9 ERROR neutron_lib.callbacks.manager
File "/var/lib/openstack/lib/python3.10/site-packages/ovsdbapp/backend/ovs_idl/__init__.py", line 184, in lookup
2026-07-09 15:45:39.757 9 ERROR neutron_lib.callbacks.manager return self._lookup(table, record)
2026-07-09 15:45:39.757 9 ERROR neutron_lib.callbacks.manager
File "/var/lib/openstack/lib/python3.10/site-packages/ovsdbapp/backend/ovs_idl/__init__.py", line 235, in _lookup
2026-07-09 15:45:39.757 9 ERROR neutron_lib.callbacks.manager row = idlutils.row_by_value(self, rl.table, rl.column, record)
2026-07-09 15:45:39.757 9 ERROR neutron_lib.callbacks.manager
File "/var/lib/openstack/lib/python3.10/site-packages/ovsdbapp/backend/ovs_idl/idlutils.py", line 114, in row_by_value
2026-07-09 15:45:39.757 9 ERROR neutron_lib.callbacks.manager raise RowNotFound(table=table, col=column, match=match)
2026-07-09 15:45:39.757 9 ERROR neutron_lib.callbacks.manager ovsdbapp.backend.ovs_idl.idlutils.RowNotFound: Cannot find Logical_Router_Port with name=lrp-bbcaa310-43c4-48e9-a2d6-1b605cbb9cf6
2026-07-09 15:45:39.757 9 ERROR neutron_lib.callbacks.manager 
2026-07-09 15:45:39.762 10 INFO neutron.wsgi [req-799f7e6c-1466-4549-80e0-750318585ca9 req-8b15f9d2-1c6c-4297-a8ca-7e06bd3e8f85 8caa1cefbac64035be53ea7af634bb0b 2c60b5677ce44a48941e1ceeebcb308d - - f65e1348a7e24e37bc17be0b2a4862e0 f65e1348a7e24e37bc17be0b2a4862e0] 199.19.213.166 "GET /v2.0/networks?id=6be1c284-bcc8-48ec-82c1-3c17b54c627b HTTP/1.1" status: 200 len: 981 time: 0.2938704
2026-07-09 15:45:39.764 10 INFO neutron.db.ovn_revision_numbers_db [None req-d7bec0e0-6783-44ae-bf47-3743bddda475 - - - - - -] Successfully bumped revision number for resource 75be59ae-2e31-4a6c-a9fe-69d7e8294710 (type: ports) to 1
2026-07-09 15:45:39.805 9 WARNING neutron_lib.context [None req-712a13a9-67aa-4a5b-9da0-71c1006663e1 4e8d1aa019e242f0b4d6ee6c3b406e3e bf6b094293f546e5852f5112785aec96 - - default default] Method 'is_advsvc' is deprecated since 2023.2 release (neutron-lib 3.8.0) and will be removed once support for the old RBAC API policies will be removed from Neutron. Please use method 'is_service_role' instead.
2026-07-09 15:45:39.826 10 INFO neutron.wsgi [req-799f7e6c-1466-4549-80e0-750318585ca9 req-5995ee90-563c-4122-b452-61db28dc4c16 8caa1cefbac64035be53ea7af634bb0b 2c60b5677ce44a48941e1ceeebcb308d - - f65e1348a7e24e37bc17be0b2a4862e0 f65e1348a7e24e37bc17be0b2a4862e0] 199.19.213.166 "GET /v2.0/floatingips?fixed_ip_address=10.100.0.10&port_id=b9c68c56-c279-46ac-9ce5-02f5118d89ac HTTP/1.1" status: 200 len: 1060 time: 0.0564847
2026-07-09 15:45:39.864 10 INFO neutron.wsgi [req-799f7e6c-1466-4549-80e0-750318585ca9 req-b998ee28-7587-4d1d-a260-e576d2cc664f 8caa1cefbac64035be53ea7af634bb0b 2c60b5677ce44a48941e1ceeebcb308d - - f65e1348a7e24e37bc17be0b2a4862e0 f65e1348a7e24e37bc17be0b2a4862e0] 199.19.213.166 "GET /v2.0/subnets?id=5bd5de47-e624-4665-9d33-47097939dadd HTTP/1.1" status: 200 len: 876 time: 0.0338356
2026-07-09 15:45:39.900 10 INFO neutron.wsgi [req-799f7e6c-1466-4549-80e0-750318585ca9 req-d5b61ef2-0944-4f1b-94c8-0b07b0421a6d 8caa1cefbac64035be53ea7af634bb0b 2c60b5677ce44a48941e1ceeebcb308d - - f65e1348a7e24e37bc17be0b2a4862e0 f65e1348a7e24e37bc17be0b2a4862e0] 199.19.213.166 "GET /v2.0/ports?network_id=6be1c284-bcc8-48ec-82c1-3c17b54c627b&device_owner=network%3Adhcp HTTP/1.1" status: 200 len: 210 time: 0.0310142
2026-07-09 15:45:39.978 9 INFO neutron.db.ovn_revision_numbers_db [None req-712a13a9-67aa-4a5b-9da0-71c1006663e1 4e8d1aa019e242f0b4d6ee6c3b406e3e bf6b094293f546e5852f5112785aec96 - - default default] Successfully bumped revision number for resource 5fe1fc2d-3f1b-4455-bc1f-1175c2a96fee (type: security_groups) to 1
2026-07-09 15:45:39.984 10 INFO neutron.wsgi [req-799f7e6c-1466-4549-80e0-750318585ca9 req-05014272-ed20-4330-b2c1-04aa603096c1 8caa1cefbac64035be53ea7af634bb0b 2c60b5677ce44a48941e1ceeebcb308d - - f65e1348a7e24e37bc17be0b2a4862e0 f65e1348a7e24e37bc17be0b2a4862e0] 199.19.213.166 "GET /v2.0/networks/6be1c284-bcc8-48ec-82c1-3c17b54c627b?fields=segments HTTP/1.1" status: 200 len: 212 time: 0.0797350
2026-07-09 15:45:40.008 9 INFO neutron.db.ovn_revision_numbers_db [None req-712a13a9-67aa-4a5b-9da0-71c1006663e1 4e8d1aa019e242f0b4d6ee6c3b406e3e bf6b094293f546e5852f5112785aec96 - - default default] Successfully bumped revision number for resource 9c435265-2e23-44c8-a99d-2bc9a3d3c25b (type: security_group_rules) to 0
2026-07-09 15:45:40.023 9 INFO neutron.db.ovn_revision_numbers_db [None req-712a13a9-67aa-4a5b-9da0-71c1006663e1 4e8d1aa019e242f0b4d6ee6c3b406e3e bf6b094293f546e5852f5112785aec96 - - default default] Successfully bumped revision number for resource ec5b5fd6-add9-4b44-b13f-91f7e203d514 (type: security_group_rules) to 0
2026-07-09 15:45:40.026 9 INFO neutron.db.ovn_revision_numbers_db [None req-b3927615-0a68-4043-a3cc-0dda624df0f9 c78bf3b8cf62431b8a411c2bb640c804 0c88b9fafbe24245a405c8b3e038ea2d - - default default] Successfully bumped revision number for resource bbcaa310-43c4-48e9-a2d6-1b605cbb9cf6 (type: ports) to 1
2026-07-09 15:45:40.043 9 INFO neutron.wsgi [None req-712a13a9-67aa-4a5b-9da0-71c1006663e1 4e8d1aa019e242f0b4d6ee6c3b406e3e bf6b094293f546e5852f5112785aec96 - - default default] 10.0.0.179 "POST /v2.0/security-groups HTTP/1.1" status: 201 len: 1860 time: 0.2429247
2026-07-09 15:45:40.056 9 WARNING neutron_lib.context [None req-ba95a365-9ebc-43ca-91f5-2facfeb9e9a9 4e8d1aa019e242f0b4d6ee6c3b406e3e bf6b094293f546e5852f5112785aec96 - - default default] Method 'is_advsvc' is deprecated since 2023.2 release (neutron-lib 3.8.0) and will be removed once support for the old RBAC API policies will be removed from Neutron. Please use method 'is_service_role' instead.
2026-07-09 15:45:40.103 10 INFO neutron.wsgi [req-799f7e6c-1466-4549-80e0-750318585ca9 req-f410dd6e-0d00-42fa-a4ee-50b6b82d1a9a 8caa1cefbac64035be53ea7af634bb0b 2c60b5677ce44a48941e1ceeebcb308d - - f65e1348a7e24e37bc17be0b2a4862e0 f65e1348a7e24e37bc17be0b2a4862e0] 199.19.213.166 "GET /v2.0/networks/6be1c284-bcc8-48ec-82c1-3c17b54c627b?fields=provider%3Aphysical_network&fields=provider%3Anetwork_type HTTP/1.1" status: 200 len: 277 time: 0.0979116
2026-07-09 15:45:40.124 9 WARNING neutron.scheduler.dhcp_agent_scheduler [None req-b3927615-0a68-4043-a3cc-0dda624df0f9 c78bf3b8cf62431b8a411c2bb640c804 0c88b9fafbe24245a405c8b3e038ea2d - - default default] No more DHCP agents
2026-07-09 15:45:40.125 9 WARNING neutron.api.rpc.agentnotifiers.dhcp_rpc_agent_api [None req-b3927615-0a68-4043-a3cc-0dda624df0f9 c78bf3b8cf62431b8a411c2bb640c804 0c88b9fafbe24245a405c8b3e038ea2d - - default default] Unable to schedule network 31d83855-9bb3-4b07-9a73-082ecdd95092: no agents available; will retry on subsequent port and subnet creation events.
