2026-07-09 15:49:07.650 9 INFO neutron.wsgi [None req-a135afa4-feca-49f3-812f-7cfe635a5b6f 99037cc23ca445849abc5c90a8663f6e 8958d452d32d4e24accc9dc48943646e - - default default] 10.0.0.179 "GET /v2.0/subnets/aa3dc02e-96c0-4e5f-a57b-8a2d044c6956/tags HTTP/1.1" status: 200 len: 205 time: 0.0340223
2026-07-09 15:49:07.842 10 INFO neutron.plugins.ml2.drivers.ovn.mech_driver.mech_driver [None req-a1bfd37f-beae-42a1-bd64-8458ef0c0da0 - - - - - -] OVN reports status up for port: ad81ee93-5603-443f-8089-4764299a94d0
2026-07-09 15:49:07.856 10 INFO neutron.plugins.ml2.plugin [None req-a1bfd37f-beae-42a1-bd64-8458ef0c0da0 - - - - - -] Attempt 1 to provision port ad81ee93-5603-443f-8089-4764299a94d0
2026-07-09 15:49:07.878 9 INFO neutron.wsgi [None req-ad8923d8-a325-4961-b6f6-13a728a142f3 99037cc23ca445849abc5c90a8663f6e 8958d452d32d4e24accc9dc48943646e - - default default] 10.0.0.179 "DELETE /v2.0/subnets/aa3dc02e-96c0-4e5f-a57b-8a2d044c6956 HTTP/1.1" status: 204 len: 168 time: 0.2099862
2026-07-09 15:49:07.883 10 INFO neutron.db.ovn_revision_numbers_db [None req-278ac790-6911-4cb8-adc7-fbfee3041e3e 7af455ca4b3a4109af05d0dafbd6602e 06ab1b7542be4120b4f37fb4e5b08ef2 - - default default] Successfully bumped revision number for resource ad81ee93-5603-443f-8089-4764299a94d0 (type: ports) to 1
2026-07-09 15:49:08.018 10 WARNING neutron.scheduler.dhcp_agent_scheduler [None req-278ac790-6911-4cb8-adc7-fbfee3041e3e 7af455ca4b3a4109af05d0dafbd6602e 06ab1b7542be4120b4f37fb4e5b08ef2 - - default default] No more DHCP agents
2026-07-09 15:49:08.023 10 WARNING neutron.api.rpc.agentnotifiers.dhcp_rpc_agent_api [None req-278ac790-6911-4cb8-adc7-fbfee3041e3e 7af455ca4b3a4109af05d0dafbd6602e 06ab1b7542be4120b4f37fb4e5b08ef2 - - default default] Unable to schedule network 6d68bd9e-f283-45d9-b0b9-472b2142298e: no agents available; will retry on subsequent port and subnet creation events.
2026-07-09 15:49:08.255 9 INFO neutron.services.segments.plugin [-] Segment a7813b32-7ada-410a-aac8-fa3a7329a43b resource provider aggregate not found
2026-07-09 15:49:08.260 9 INFO neutron.services.segments.plugin [-] Segment a7813b32-7ada-410a-aac8-fa3a7329a43b resource provider aggregate not found
2026-07-09 15:49:08.269 9 INFO neutron.services.segments.plugin [-] Segment a7813b32-7ada-410a-aac8-fa3a7329a43b resource provider not found; error: Placement Client Error (4xx): {"errors": [{"status": 404, "title": "Not Found", "detail": "The resource could not be found.\n\n No resource provider with uuid a7813b32-7ada-410a-aac8-fa3a7329a43b found for delete ", "request_id": "req-dad6398f-86a8-45dd-8027-de01c5b1a756"}]}
2026-07-09 15:49:08.272 9 INFO neutron.wsgi [None req-18127a77-3c94-42ad-b45d-e87f1babaa49 99037cc23ca445849abc5c90a8663f6e 8958d452d32d4e24accc9dc48943646e - - default default] 10.0.0.179 "DELETE /v2.0/networks/942f9f21-18b6-451b-8149-a164cfb907af HTTP/1.1" status: 204 len: 168 time: 0.3883858
2026-07-09 15:49:08.277 9 INFO neutron.services.segments.plugin [-] Segment a7813b32-7ada-410a-aac8-fa3a7329a43b resource provider not found; error: Placement Client Error (4xx): {"errors": [{"status": 404, "title": "Not Found", "detail": "The resource could not be found.\n\n No resource provider with uuid a7813b32-7ada-410a-aac8-fa3a7329a43b found for delete ", "request_id": "req-97d9ca41-5f93-4416-9903-c1390473442f"}]}
2026-07-09 15:49:08.890 10 INFO neutron.db.ovn_revision_numbers_db [None req-a1bfd37f-beae-42a1-bd64-8458ef0c0da0 - - - - - -] Successfully bumped revision number for resource ad81ee93-5603-443f-8089-4764299a94d0 (type: ports) to 2
2026-07-09 15:49:08.892 9 WARNING neutron.plugins.ml2.drivers.ovn.mech_driver.ovsdb.ovn_client [None req-2e4dec20-51cf-4ab6-a7ab-78d6097ca8de - - - - - -] No hosting information found for port 2b4cef18-181e-427a-b102-9c24ff304500: RuntimeError: No hosting information found for port 2b4cef18-181e-427a-b102-9c24ff304500
2026-07-09 15:49:08.892 9 INFO neutron.plugins.ml2.drivers.ovn.mech_driver.mech_driver [None req-2e4dec20-51cf-4ab6-a7ab-78d6097ca8de - - - - - -] OVN reports status up for port: b767a458-856e-463e-bc0d-96575a6c4241
2026-07-09 15:49:08.896 10 INFO neutron.db.ovn_revision_numbers_db [None req-278ac790-6911-4cb8-adc7-fbfee3041e3e 7af455ca4b3a4109af05d0dafbd6602e 06ab1b7542be4120b4f37fb4e5b08ef2 - - default default] Successfully bumped revision number for resource ad81ee93-5603-443f-8089-4764299a94d0 (type: router_ports) to 1
2026-07-09 15:49:08.903 10 INFO neutron.wsgi [None req-278ac790-6911-4cb8-adc7-fbfee3041e3e 7af455ca4b3a4109af05d0dafbd6602e 06ab1b7542be4120b4f37fb4e5b08ef2 - - default default] 10.0.0.179 "PUT /v2.0/routers/f68d4870-fee7-4ce2-b533-ebf0b5b40d37/add_router_interface HTTP/1.1" status: 200 len: 503 time: 3.7680492
2026-07-09 15:49:08.907 9 INFO neutron.plugins.ml2.plugin [None req-2e4dec20-51cf-4ab6-a7ab-78d6097ca8de - - - - - -] Attempt 1 to provision port b767a458-856e-463e-bc0d-96575a6c4241
2026-07-09 15:49:09.017 9 INFO neutron.wsgi [None req-83580d73-9e17-4601-9948-dbba2699bbe2 75332b0509ca4561ade3802d9520e98e d873eea1d5354059b34859a09daa04e6 - - default default] 10.0.0.179 "GET /v2.0/networks HTTP/1.1" status: 200 len: 5303 time: 0.1065943
2026-07-09 15:49:09.098 9 INFO neutron.wsgi [None req-2d0d927a-ac42-40e1-b8c5-5aa2efa19f10 75332b0509ca4561ade3802d9520e98e d873eea1d5354059b34859a09daa04e6 - - default default] 10.0.0.179 "GET /v2.0/subnets HTTP/1.1" status: 200 len: 3990 time: 0.0716777
2026-07-09 15:49:09.099 10 INFO neutron.plugins.ml2.drivers.ovn.mech_driver.ovsdb.commands [None req-4013180d-ee6e-464e-92d1-884a3531d238 - - - - - -] Schedule LRP lrp-23660421-5bea-40af-a5e5-986b21532a27 on gateway ab433a26-6b70-4a38-a65b-12016bde0894 with priority 1
2026-07-09 15:49:09.116 9 INFO neutron.plugins.ml2.drivers.ovn.mech_driver.mech_driver [None req-2e4dec20-51cf-4ab6-a7ab-78d6097ca8de - - - - - -] OVN reports status up for port: 23660421-5bea-40af-a5e5-986b21532a27
2026-07-09 15:49:09.126 9 INFO neutron.plugins.ml2.plugin [None req-2e4dec20-51cf-4ab6-a7ab-78d6097ca8de - - - - - -] Attempt 1 to provision port 23660421-5bea-40af-a5e5-986b21532a27
2026-07-09 15:49:09.147 10 INFO neutron.db.ovn_revision_numbers_db [None req-a1bfd37f-beae-42a1-bd64-8458ef0c0da0 - - - - - -] Successfully bumped revision number for resource ad81ee93-5603-443f-8089-4764299a94d0 (type: router_ports) to 2
2026-07-09 15:49:09.246 10 INFO neutron.db.ovn_revision_numbers_db [None req-84e0ce15-da88-48cd-8985-f6044ddc77d1 966d13dff324445b90c30464c4cc5027 b00e4b75b86f46bc9d1842d7bd4eb855 - - default default] Successfully bumped revision number for resource 23660421-5bea-40af-a5e5-986b21532a27 (type: router_ports) to 1
2026-07-09 15:49:09.254 9 INFO neutron.db.ovn_revision_numbers_db [None req-a011e752-15a9-41ad-8222-ef361d49813d c78bf3b8cf62431b8a411c2bb640c804 0c88b9fafbe24245a405c8b3e038ea2d - - default default] Successfully bumped revision number for resource 4114e801-4b12-4334-aa6f-93c802776c7b (type: security_groups) to 1
2026-07-09 15:49:09.268 9 INFO neutron.db.ovn_revision_numbers_db [None req-a011e752-15a9-41ad-8222-ef361d49813d c78bf3b8cf62431b8a411c2bb640c804 0c88b9fafbe24245a405c8b3e038ea2d - - default default] Successfully bumped revision number for resource 4ce09d2b-8061-425f-8b20-b170d8490353 (type: security_group_rules) to 0
2026-07-09 15:49:09.282 9 INFO neutron.db.ovn_revision_numbers_db [None req-a011e752-15a9-41ad-8222-ef361d49813d c78bf3b8cf62431b8a411c2bb640c804 0c88b9fafbe24245a405c8b3e038ea2d - - default default] Successfully bumped revision number for resource a1f95d39-a7a5-42ac-a79e-4703582556ca (type: security_group_rules) to 0
2026-07-09 15:49:09.296 9 INFO neutron.db.ovn_revision_numbers_db [None req-a011e752-15a9-41ad-8222-ef361d49813d c78bf3b8cf62431b8a411c2bb640c804 0c88b9fafbe24245a405c8b3e038ea2d - - default default] Successfully bumped revision number for resource b558f0f1-d1e5-4402-b5f7-85ef67ca8857 (type: security_group_rules) to 0
2026-07-09 15:49:09.310 9 INFO neutron.db.ovn_revision_numbers_db [None req-a011e752-15a9-41ad-8222-ef361d49813d c78bf3b8cf62431b8a411c2bb640c804 0c88b9fafbe24245a405c8b3e038ea2d - - default default] Successfully bumped revision number for resource f7d4c6c2-81f6-4f1c-98a7-545503910115 (type: security_group_rules) to 0
2026-07-09 15:49:09.337 9 INFO neutron.wsgi [None req-a011e752-15a9-41ad-8222-ef361d49813d c78bf3b8cf62431b8a411c2bb640c804 0c88b9fafbe24245a405c8b3e038ea2d - - default default] 10.0.0.179 "GET /v2.0/security-groups?tenant_id=f64a7676e52949f199d3d76592e79be8&name=default HTTP/1.1" status: 200 len: 3124 time: 0.4099677
2026-07-09 15:49:09.543 10 INFO neutron.wsgi [None req-adc7d5c9-eb24-4fea-b712-810dcffaede8 75332b0509ca4561ade3802d9520e98e d873eea1d5354059b34859a09daa04e6 - - default default] 10.0.0.179 "GET /v2.0/routers HTTP/1.1" status: 200 len: 3170 time: 0.4320979
2026-07-09 15:49:09.579 10 INFO neutron.db.ovn_revision_numbers_db [None req-84e0ce15-da88-48cd-8985-f6044ddc77d1 966d13dff324445b90c30464c4cc5027 b00e4b75b86f46bc9d1842d7bd4eb855 - - default default] Successfully bumped revision number for resource 5c767d89-cd09-4023-b3e7-8ae3f3952c14 (type: routers) to 2
2026-07-09 15:49:09.590 9 INFO neutron.wsgi [None req-f08fac23-201a-422b-bac3-6b03c1ad9459 c78bf3b8cf62431b8a411c2bb640c804 0c88b9fafbe24245a405c8b3e038ea2d - - default default] 10.0.0.179 "DELETE /v2.0/security-groups/4114e801-4b12-4334-aa6f-93c802776c7b HTTP/1.1" status: 204 len: 168 time: 0.2489276
2026-07-09 15:49:09.594 10 INFO neutron.wsgi [None req-84e0ce15-da88-48cd-8985-f6044ddc77d1 966d13dff324445b90c30464c4cc5027 b00e4b75b86f46bc9d1842d7bd4eb855 - - default default] 10.0.0.179 "POST /v2.0/routers HTTP/1.1" status: 201 len: 1135 time: 3.4266770
2026-07-09 15:49:09.601 10 WARNING neutron_lib.context [None req-10e13c0e-a0e0-48ea-9e1a-ce85345fe65a 7af455ca4b3a4109af05d0dafbd6602e 06ab1b7542be4120b4f37fb4e5b08ef2 - - default default] Method 'is_advsvc' is deprecated since 2023.2 release (neutron-lib 3.8.0) and will be removed once support for the old RBAC API policies will be removed from Neutron. Please use method 'is_service_role' instead.
2026-07-09 15:49:09.727 10 INFO neutron.db.ovn_revision_numbers_db [None req-10e13c0e-a0e0-48ea-9e1a-ce85345fe65a 7af455ca4b3a4109af05d0dafbd6602e 06ab1b7542be4120b4f37fb4e5b08ef2 - - default default] Successfully bumped revision number for resource b3b8aa82-512e-4483-8b5c-17da354d3df9 (type: security_groups) to 1
2026-07-09 15:49:09.740 10 INFO neutron.db.ovn_revision_numbers_db [None req-10e13c0e-a0e0-48ea-9e1a-ce85345fe65a 7af455ca4b3a4109af05d0dafbd6602e 06ab1b7542be4120b4f37fb4e5b08ef2 - - default default] Successfully bumped revision number for resource 83d87cc0-fb41-4962-8d23-0fe921ee3d55 (type: security_group_rules) to 0
2026-07-09 15:49:09.759 10 INFO neutron.wsgi [None req-f058d601-dbc3-468a-9ba9-90e6e6e3dc69 c78bf3b8cf62431b8a411c2bb640c804 0c88b9fafbe24245a405c8b3e038ea2d - - default default] 10.0.0.179 "GET /v2.0/security-groups?tenant_id=8958d452d32d4e24accc9dc48943646e&name=default HTTP/1.1" status: 200 len: 3124 time: 0.0540500
2026-07-09 15:49:09.763 10 INFO neutron.db.ovn_revision_numbers_db [None req-10e13c0e-a0e0-48ea-9e1a-ce85345fe65a 7af455ca4b3a4109af05d0dafbd6602e 06ab1b7542be4120b4f37fb4e5b08ef2 - - default default] Successfully bumped revision number for resource 9437b7ed-7f8a-429e-a7f7-10d90e1f99db (type: security_group_rules) to 0
2026-07-09 15:49:09.790 10 INFO neutron.wsgi [None req-10e13c0e-a0e0-48ea-9e1a-ce85345fe65a 7af455ca4b3a4109af05d0dafbd6602e 06ab1b7542be4120b4f37fb4e5b08ef2 - - default default] 10.0.0.179 "POST /v2.0/security-groups HTTP/1.1" status: 201 len: 1875 time: 0.1931691
2026-07-09 15:49:09.801 10 WARNING neutron_lib.context [None req-0eabf75d-2318-4a0c-918d-1273efb9da10 7af455ca4b3a4109af05d0dafbd6602e 06ab1b7542be4120b4f37fb4e5b08ef2 - - default default] Method 'is_advsvc' is deprecated since 2023.2 release (neutron-lib 3.8.0) and will be removed once support for the old RBAC API policies will be removed from Neutron. Please use method 'is_service_role' instead.
2026-07-09 15:49:09.995 10 INFO neutron.db.ovn_revision_numbers_db [None req-0eabf75d-2318-4a0c-918d-1273efb9da10 7af455ca4b3a4109af05d0dafbd6602e 06ab1b7542be4120b4f37fb4e5b08ef2 - - default default] Successfully bumped revision number for resource 712ae136-b335-4ce4-a741-8b1f820d4a35 (type: security_group_rules) to 0
2026-07-09 15:49:10.023 10 INFO neutron.wsgi [None req-0eabf75d-2318-4a0c-918d-1273efb9da10 7af455ca4b3a4109af05d0dafbd6602e 06ab1b7542be4120b4f37fb4e5b08ef2 - - default default] 10.0.0.179 "POST /v2.0/security-group-rules HTTP/1.1" status: 201 len: 796 time: 0.2261524
2026-07-09 15:49:10.033 10 WARNING neutron_lib.context [None req-680b7b0d-8d36-49df-9c8c-429081b3282b 7af455ca4b3a4109af05d0dafbd6602e 06ab1b7542be4120b4f37fb4e5b08ef2 - - default default] Method 'is_advsvc' is deprecated since 2023.2 release (neutron-lib 3.8.0) and will be removed once support for the old RBAC API policies will be removed from Neutron. Please use method 'is_service_role' instead.
2026-07-09 15:49:10.049 10 INFO neutron.wsgi [None req-6d56de65-cad7-42bf-9030-ef076e94ffbd c78bf3b8cf62431b8a411c2bb640c804 0c88b9fafbe24245a405c8b3e038ea2d - - default default] 10.0.0.179 "DELETE /v2.0/security-groups/bc3f00d1-96f5-4483-8407-f322c9a5d1de HTTP/1.1" status: 204 len: 168 time: 0.2863607
2026-07-09 15:49:10.182 10 INFO neutron.db.ovn_revision_numbers_db [None req-680b7b0d-8d36-49df-9c8c-429081b3282b 7af455ca4b3a4109af05d0dafbd6602e 06ab1b7542be4120b4f37fb4e5b08ef2 - - default default] Successfully bumped revision number for resource ef54bcf5-ceac-4254-a1e3-1f57b3f6b613 (type: security_group_rules) to 0
2026-07-09 15:49:10.214 10 INFO neutron.wsgi [None req-680b7b0d-8d36-49df-9c8c-429081b3282b 7af455ca4b3a4109af05d0dafbd6602e 06ab1b7542be4120b4f37fb4e5b08ef2 - - default default] 10.0.0.179 "POST /v2.0/security-group-rules HTTP/1.1" status: 201 len: 795 time: 0.1855106
2026-07-09 15:49:10.226 10 WARNING neutron_lib.context [None req-e336d880-390b-4808-a6a4-da04612f10ae 7af455ca4b3a4109af05d0dafbd6602e 06ab1b7542be4120b4f37fb4e5b08ef2 - - default default] Method 'is_advsvc' is deprecated since 2023.2 release (neutron-lib 3.8.0) and will be removed once support for the old RBAC API policies will be removed from Neutron. Please use method 'is_service_role' instead.
2026-07-09 15:49:10.379 10 INFO neutron.db.ovn_revision_numbers_db [None req-e336d880-390b-4808-a6a4-da04612f10ae 7af455ca4b3a4109af05d0dafbd6602e 06ab1b7542be4120b4f37fb4e5b08ef2 - - default default] Successfully bumped revision number for resource 1aa09e9d-2bcd-4cc7-9096-977dc2c50145 (type: security_group_rules) to 0
2026-07-09 15:49:10.411 10 INFO neutron.wsgi [None req-e336d880-390b-4808-a6a4-da04612f10ae 7af455ca4b3a4109af05d0dafbd6602e 06ab1b7542be4120b4f37fb4e5b08ef2 - - default default] 10.0.0.179 "POST /v2.0/security-group-rules HTTP/1.1" status: 201 len: 801 time: 0.1920030
2026-07-09 15:49:10.424 10 WARNING neutron_lib.context [None req-c2a898dd-a10e-41b3-ba1a-5569cc4d4f5e 7af455ca4b3a4109af05d0dafbd6602e 06ab1b7542be4120b4f37fb4e5b08ef2 - - default default] Method 'is_advsvc' is deprecated since 2023.2 release (neutron-lib 3.8.0) and will be removed once support for the old RBAC API policies will be removed from Neutron. Please use method 'is_service_role' instead.
2026-07-09 15:49:10.558 10 INFO neutron.db.ovn_revision_numbers_db [None req-c2a898dd-a10e-41b3-ba1a-5569cc4d4f5e 7af455ca4b3a4109af05d0dafbd6602e 06ab1b7542be4120b4f37fb4e5b08ef2 - - default default] Successfully bumped revision number for resource c384d5c7-0630-4397-9fe7-5d73b25c7ce6 (type: security_group_rules) to 0
2026-07-09 15:49:10.587 10 INFO neutron.wsgi [None req-c2a898dd-a10e-41b3-ba1a-5569cc4d4f5e 7af455ca4b3a4109af05d0dafbd6602e 06ab1b7542be4120b4f37fb4e5b08ef2 - - default default] 10.0.0.179 "POST /v2.0/security-group-rules HTTP/1.1" status: 201 len: 800 time: 0.1682086
2026-07-09 15:49:10.597 10 WARNING neutron_lib.context [None req-c056b51d-1db4-4a9b-9e18-a39a0d854630 7af455ca4b3a4109af05d0dafbd6602e 06ab1b7542be4120b4f37fb4e5b08ef2 - - default default] Method 'is_advsvc' is deprecated since 2023.2 release (neutron-lib 3.8.0) and will be removed once support for the old RBAC API policies will be removed from Neutron. Please use method 'is_service_role' instead.
2026-07-09 15:49:10.604 9 WARNING neutron.scheduler.dhcp_agent_scheduler [None req-fe51dd9a-b2ed-4cce-82ee-dca33f11485a 966d13dff324445b90c30464c4cc5027 b00e4b75b86f46bc9d1842d7bd4eb855 - - default default] No more DHCP agents
2026-07-09 15:49:10.606 9 WARNING neutron.api.rpc.agentnotifiers.dhcp_rpc_agent_api [None req-fe51dd9a-b2ed-4cce-82ee-dca33f11485a 966d13dff324445b90c30464c4cc5027 b00e4b75b86f46bc9d1842d7bd4eb855 - - default default] Unable to schedule network 4af31fdb-4df7-4dcd-84b2-cf5d9da8ef21: no agents available; will retry on subsequent port and subnet creation events.
2026-07-09 15:49:10.654 10 INFO neutron.db.securitygroups_db [None req-c056b51d-1db4-4a9b-9e18-a39a0d854630 7af455ca4b3a4109af05d0dafbd6602e 06ab1b7542be4120b4f37fb4e5b08ef2 - - default default] Project 06ab1b7542be4120b4f37fb4e5b08ef2 added a security group rule with legacy IPv6 ICMP protocol name icmp, ipv6-icmp should be used instead. It was automatically converted.
2026-07-09 15:49:10.754 10 INFO neutron.db.ovn_revision_numbers_db [None req-c056b51d-1db4-4a9b-9e18-a39a0d854630 7af455ca4b3a4109af05d0dafbd6602e 06ab1b7542be4120b4f37fb4e5b08ef2 - - default default] Successfully bumped revision number for resource 395f6df8-8e82-41a0-b96a-3f7dcb01a94a (type: security_group_rules) to 0
2026-07-09 15:49:10.764 9 INFO neutron.db.ovn_revision_numbers_db [None req-fe51dd9a-b2ed-4cce-82ee-dca33f11485a 966d13dff324445b90c30464c4cc5027 b00e4b75b86f46bc9d1842d7bd4eb855 - - default default] Successfully bumped revision number for resource 27354eeb-001a-4712-80ca-5e0ac80f7e3d (type: ports) to 1
2026-07-09 15:49:10.779 10 INFO neutron.wsgi [None req-c056b51d-1db4-4a9b-9e18-a39a0d854630 7af455ca4b3a4109af05d0dafbd6602e 06ab1b7542be4120b4f37fb4e5b08ef2 - - default default] 10.0.0.179 "POST /v2.0/security-group-rules HTTP/1.1" status: 201 len: 806 time: 0.1862090
2026-07-09 15:49:10.787 10 WARNING neutron_lib.context [None req-a7d90a9c-f5a3-407f-8223-8213017b3163 7af455ca4b3a4109af05d0dafbd6602e 06ab1b7542be4120b4f37fb4e5b08ef2 - - default default] Method 'is_advsvc' is deprecated since 2023.2 release (neutron-lib 3.8.0) and will be removed once support for the old RBAC API policies will be removed from Neutron. Please use method 'is_service_role' instead.
2026-07-09 15:49:10.825 10 INFO neutron.db.securitygroups_db [None req-a7d90a9c-f5a3-407f-8223-8213017b3163 7af455ca4b3a4109af05d0dafbd6602e 06ab1b7542be4120b4f37fb4e5b08ef2 - - default default] Project 06ab1b7542be4120b4f37fb4e5b08ef2 added a security group rule with legacy IPv6 ICMP protocol name icmp, ipv6-icmp should be used instead. It was automatically converted.
2026-07-09 15:49:10.936 10 INFO neutron.db.ovn_revision_numbers_db [None req-a7d90a9c-f5a3-407f-8223-8213017b3163 7af455ca4b3a4109af05d0dafbd6602e 06ab1b7542be4120b4f37fb4e5b08ef2 - - default default] Successfully bumped revision number for resource 7c35932b-ed4b-4376-a6c2-33fac4a5a45e (type: security_group_rules) to 0
2026-07-09 15:49:10.966 10 INFO neutron.wsgi [None req-a7d90a9c-f5a3-407f-8223-8213017b3163 7af455ca4b3a4109af05d0dafbd6602e 06ab1b7542be4120b4f37fb4e5b08ef2 - - default default] 10.0.0.179 "POST /v2.0/security-group-rules HTTP/1.1" status: 201 len: 805 time: 0.1833906
2026-07-09 15:49:11.480 9 ERROR ovsdbapp.backend.ovs_idl.command [None req-fe51dd9a-b2ed-4cce-82ee-dca33f11485a 966d13dff324445b90c30464c4cc5027 b00e4b75b86f46bc9d1842d7bd4eb855 - - default default] Error executing command (DbGetCommand): ovsdbapp.backend.ovs_idl.idlutils.RowNotFound: Cannot find Logical_Router_Port with name=lrp-27354eeb-001a-4712-80ca-5e0ac80f7e3d
2026-07-09 15:49:11.480 9 ERROR ovsdbapp.backend.ovs_idl.command
Traceback (most recent call last):
2026-07-09 15:49:11.480 9 ERROR ovsdbapp.backend.ovs_idl.command
File "/var/lib/openstack/lib/python3.10/site-packages/ovsdbapp/backend/ovs_idl/command.py", line 47, in execute
2026-07-09 15:49:11.480 9 ERROR ovsdbapp.backend.ovs_idl.command self.run_idl(None)
2026-07-09 15:49:11.480 9 ERROR ovsdbapp.backend.ovs_idl.command
File "/var/lib/openstack/lib/python3.10/site-packages/ovsdbapp/backend/ovs_idl/command.py", line 235, in run_idl
2026-07-09 15:49:11.480 9 ERROR ovsdbapp.backend.ovs_idl.command record = self.api.lookup(self.table, self.record)
2026-07-09 15:49:11.480 9 ERROR ovsdbapp.backend.ovs_idl.command
File "/var/lib/openstack/lib/python3.10/site-packages/ovsdbapp/backend/ovs_idl/__init__.py", line 184, in lookup
2026-07-09 15:49:11.480 9 ERROR ovsdbapp.backend.ovs_idl.command return self._lookup(table, record)
2026-07-09 15:49:11.480 9 ERROR ovsdbapp.backend.ovs_idl.command
File "/var/lib/openstack/lib/python3.10/site-packages/ovsdbapp/backend/ovs_idl/__init__.py", line 235, in _lookup
2026-07-09 15:49:11.480 9 ERROR ovsdbapp.backend.ovs_idl.command row = idlutils.row_by_value(self, rl.table, rl.column, record)
2026-07-09 15:49:11.480 9 ERROR ovsdbapp.backend.ovs_idl.command
File "/var/lib/openstack/lib/python3.10/site-packages/ovsdbapp/backend/ovs_idl/idlutils.py", line 114, in row_by_value
2026-07-09 15:49:11.480 9 ERROR ovsdbapp.backend.ovs_idl.command raise RowNotFound(table=table, col=column, match=match)
2026-07-09 15:49:11.480 9 ERROR ovsdbapp.backend.ovs_idl.command ovsdbapp.backend.ovs_idl.idlutils.RowNotFound: Cannot find Logical_Router_Port with name=lrp-27354eeb-001a-4712-80ca-5e0ac80f7e3d
2026-07-09 15:49:11.480 9 ERROR ovsdbapp.backend.ovs_idl.command 
2026-07-09 15:49:11.482 9 ERROR neutron_lib.callbacks.manager [None req-fe51dd9a-b2ed-4cce-82ee-dca33f11485a 966d13dff324445b90c30464c4cc5027 b00e4b75b86f46bc9d1842d7bd4eb855 - - default default] Error during notification for neutron.services.ovn_l3.plugin.OVNL3RouterPlugin._port_update-8774175596262 port, after_update: ovsdbapp.backend.ovs_idl.idlutils.RowNotFound: Cannot find Logical_Router_Port with name=lrp-27354eeb-001a-4712-80ca-5e0ac80f7e3d
2026-07-09 15:49:11.482 9 ERROR neutron_lib.callbacks.manager
Traceback (most recent call last):
2026-07-09 15:49:11.482 9 ERROR neutron_lib.callbacks.manager
File "/var/lib/openstack/lib/python3.10/site-packages/neutron_lib/callbacks/manager.py", line 189, in _notify_loop
2026-07-09 15:49:11.482 9 ERROR neutron_lib.callbacks.manager callback.method(resource, event, trigger, payload=payload)
2026-07-09 15:49:11.482 9 ERROR neutron_lib.callbacks.manager
File "/var/lib/openstack/lib/python3.10/site-packages/neutron/services/ovn_l3/plugin.py", line 391, in _port_update
2026-07-09 15:49:11.482 9 ERROR neutron_lib.callbacks.manager l3plugin._ovn_client.update_router_port(context,
2026-07-09 15:49:11.482 9 ERROR neutron_lib.callbacks.manager
File "/var/lib/openstack/lib/python3.10/site-packages/neutron/plugins/ml2/drivers/ovn/mech_driver/ovsdb/ovn_client.py", line 1878, in update_router_port
2026-07-09 15:49:11.482 9 ERROR neutron_lib.callbacks.manager self._update_lrouter_port(context, port, if_exists=if_exists,
2026-07-09 15:49:11.482 9 ERROR neutron_lib.callbacks.manager
File "/var/lib/openstack/lib/python3.10/site-packages/neutron/plugins/ml2/drivers/ovn/mech_driver/ovsdb/ovn_client.py", line 1855, in _update_lrouter_port
2026-07-09 15:49:11.482 9 ERROR neutron_lib.callbacks.manager external_ids = self._nb_idl.db_get(
2026-07-09 15:49:11.482 9 ERROR neutron_lib.callbacks.manager
File "/var/lib/openstack/lib/python3.10/site-packages/ovsdbapp/backend/ovs_idl/command.py", line 47, in execute
2026-07-09 15:49:11.482 9 ERROR neutron_lib.callbacks.manager self.run_idl(None)
2026-07-09 15:49:11.482 9 ERROR neutron_lib.callbacks.manager
File "/var/lib/openstack/lib/python3.10/site-packages/ovsdbapp/backend/ovs_idl/command.py", line 235, in run_idl
2026-07-09 15:49:11.482 9 ERROR neutron_lib.callbacks.manager record = self.api.lookup(self.table, self.record)
2026-07-09 15:49:11.482 9 ERROR neutron_lib.callbacks.manager
File "/var/lib/openstack/lib/python3.10/site-packages/ovsdbapp/backend/ovs_idl/__init__.py", line 184, in lookup
2026-07-09 15:49:11.482 9 ERROR neutron_lib.callbacks.manager return self._lookup(table, record)
2026-07-09 15:49:11.482 9 ERROR neutron_lib.callbacks.manager
File "/var/lib/openstack/lib/python3.10/site-packages/ovsdbapp/backend/ovs_idl/__init__.py", line 235, in _lookup
2026-07-09 15:49:11.482 9 ERROR neutron_lib.callbacks.manager row = idlutils.row_by_value(self, rl.table, rl.column, record)
2026-07-09 15:49:11.482 9 ERROR neutron_lib.callbacks.manager
File "/var/lib/openstack/lib/python3.10/site-packages/ovsdbapp/backend/ovs_idl/idlutils.py", line 114, in row_by_value
2026-07-09 15:49:11.482 9 ERROR neutron_lib.callbacks.manager raise RowNotFound(table=table, col=column, match=match)
2026-07-09 15:49:11.482 9 ERROR neutron_lib.callbacks.manager ovsdbapp.backend.ovs_idl.idlutils.RowNotFound: Cannot find Logical_Router_Port with name=lrp-27354eeb-001a-4712-80ca-5e0ac80f7e3d
2026-07-09 15:49:11.482 9 ERROR neutron_lib.callbacks.manager 
2026-07-09 15:49:11.769 9 INFO neutron.db.ovn_revision_numbers_db [None req-fe51dd9a-b2ed-4cce-82ee-dca33f11485a 966d13dff324445b90c30464c4cc5027 b00e4b75b86f46bc9d1842d7bd4eb855 - - default default] Successfully bumped revision number for resource 27354eeb-001a-4712-80ca-5e0ac80f7e3d (type: ports) to 1
2026-07-09 15:49:11.844 9 WARNING neutron.scheduler.dhcp_agent_scheduler [None req-fe51dd9a-b2ed-4cce-82ee-dca33f11485a 966d13dff324445b90c30464c4cc5027 b00e4b75b86f46bc9d1842d7bd4eb855 - - default default] No more DHCP agents
2026-07-09 15:49:11.845 9 WARNING neutron.api.rpc.agentnotifiers.dhcp_rpc_agent_api [None req-fe51dd9a-b2ed-4cce-82ee-dca33f11485a 966d13dff324445b90c30464c4cc5027 b00e4b75b86f46bc9d1842d7bd4eb855 - - default default] Unable to schedule network 4af31fdb-4df7-4dcd-84b2-cf5d9da8ef21: no agents available; will retry on subsequent port and subnet creation events.
2026-07-09 15:49:11.873 10 INFO neutron.wsgi [None req-2494381f-1d3f-47f4-88a1-93681c3b2b85 7af455ca4b3a4109af05d0dafbd6602e 06ab1b7542be4120b4f37fb4e5b08ef2 - - default default] 10.0.0.179 "GET /v2.0/networks HTTP/1.1" status: 200 len: 1493 time: 0.3765080
2026-07-09 15:49:11.995 9 INFO neutron.wsgi [req-e512967f-7d8b-4386-9340-5593fedd5bda req-d6d350e0-0d62-4071-9ba1-f456589a6811 7af455ca4b3a4109af05d0dafbd6602e 06ab1b7542be4120b4f37fb4e5b08ef2 - - default default] 10.0.0.152 "GET /v2.0/security-groups?name=tempest-secgroup-smoke-775449753&fields=id&tenant_id=06ab1b7542be4120b4f37fb4e5b08ef2 HTTP/1.1" status: 200 len: 267 time: 0.0599973
2026-07-09 15:49:12.137 9 INFO neutron.wsgi [req-e512967f-7d8b-4386-9340-5593fedd5bda req-295debdc-dfff-4e9b-8a47-84b37f55a84d 7af455ca4b3a4109af05d0dafbd6602e 06ab1b7542be4120b4f37fb4e5b08ef2 - - default default] 10.0.0.152 "GET /v2.0/networks?id=6d68bd9e-f283-45d9-b0b9-472b2142298e HTTP/1.1" status: 200 len: 860 time: 0.1347771
2026-07-09 15:49:12.174 9 INFO neutron.wsgi [req-e512967f-7d8b-4386-9340-5593fedd5bda req-09c633ac-9590-4850-9077-61d43f212357 7af455ca4b3a4109af05d0dafbd6602e 06ab1b7542be4120b4f37fb4e5b08ef2 - - default default] 10.0.0.152 "GET /v2.0/quotas/06ab1b7542be4120b4f37fb4e5b08ef2 HTTP/1.1" status: 200 len: 491 time: 0.0277879
2026-07-09 15:49:12.328 9 INFO neutron.wsgi [req-e512967f-7d8b-4386-9340-5593fedd5bda req-26e4f25f-7581-45fe-9e4c-e1f077ede804 7af455ca4b3a4109af05d0dafbd6602e 06ab1b7542be4120b4f37fb4e5b08ef2 - - default default] 10.0.0.152 "GET /v2.0/ports?tenant_id=06ab1b7542be4120b4f37fb4e5b08ef2&fields=id HTTP/1.1" status: 200 len: 302 time: 0.1466644
2026-07-09 15:49:12.389 9 INFO neutron.db.ovn_revision_numbers_db [None req-fe51dd9a-b2ed-4cce-82ee-dca33f11485a 966d13dff324445b90c30464c4cc5027 b00e4b75b86f46bc9d1842d7bd4eb855 - - default default] Successfully bumped revision number for resource 27354eeb-001a-4712-80ca-5e0ac80f7e3d (type: router_ports) to 1
2026-07-09 15:49:12.395 9 INFO neutron.wsgi [None req-fe51dd9a-b2ed-4cce-82ee-dca33f11485a 966d13dff324445b90c30464c4cc5027 b00e4b75b86f46bc9d1842d7bd4eb855 - - default default] 10.0.0.179 "PUT /v2.0/routers/5c767d89-cd09-4023-b3e7-8ae3f3952c14/add_router_interface HTTP/1.1" status: 200 len: 503 time: 2.7970521
2026-07-09 15:49:12.420 9 INFO neutron.wsgi [req-e512967f-7d8b-4386-9340-5593fedd5bda req-5dd96e5b-1d75-4d30-9071-ebf24d1a252f 8caa1cefbac64035be53ea7af634bb0b 2c60b5677ce44a48941e1ceeebcb308d - - f65e1348a7e24e37bc17be0b2a4862e0 f65e1348a7e24e37bc17be0b2a4862e0] 10.0.0.152 "GET /v2.0/networks/6d68bd9e-f283-45d9-b0b9-472b2142298e?fields=segments HTTP/1.1" status: 200 len: 212 time: 0.0705597
2026-07-09 15:49:12.500 9 INFO neutron.wsgi [req-e512967f-7d8b-4386-9340-5593fedd5bda req-2045cb73-99af-475d-9fbd-7a0269cfed95 8caa1cefbac64035be53ea7af634bb0b 2c60b5677ce44a48941e1ceeebcb308d - - f65e1348a7e24e37bc17be0b2a4862e0 f65e1348a7e24e37bc17be0b2a4862e0] 10.0.0.152 "GET /v2.0/networks/6d68bd9e-f283-45d9-b0b9-472b2142298e?fields=provider%3Aphysical_network&fields=provider%3Anetwork_type HTTP/1.1" status: 200 len: 277 time: 0.0736117
2026-07-09 15:49:12.631 10 INFO neutron.wsgi [req-b36b7c01-65a8-4873-94a8-b98a276671c2 req-781bc329-2403-4ca1-92a4-967074825cff 7af455ca4b3a4109af05d0dafbd6602e 06ab1b7542be4120b4f37fb4e5b08ef2 - - default default] 10.0.0.152 "GET /v2.0/ports?device_id=de11b2f5-56dd-4e8c-92f4-ec0d12ba14eb HTTP/1.1" status: 200 len: 210 time: 0.0193522
2026-07-09 15:49:13.021 10 WARNING neutron.scheduler.dhcp_agent_scheduler [None req-da4eb6dd-33ef-496a-b474-b90e7785c1b7 c31ca78c192d4f1b91f65850c183e59a 6cf3d9946853437e8c33cc2d3dec0c1b - - default default] No more DHCP agents
2026-07-09 15:49:13.024 10 WARNING neutron.api.rpc.agentnotifiers.dhcp_rpc_agent_api [None req-da4eb6dd-33ef-496a-b474-b90e7785c1b7 c31ca78c192d4f1b91f65850c183e59a 6cf3d9946853437e8c33cc2d3dec0c1b - - default default] Unable to schedule network dabe752b-f81b-4229-a172-744a88652769: no agents available; will retry on subsequent port and subnet creation events.
2026-07-09 15:49:13.193 10 INFO neutron.db.ovn_revision_numbers_db [None req-da4eb6dd-33ef-496a-b474-b90e7785c1b7 c31ca78c192d4f1b91f65850c183e59a 6cf3d9946853437e8c33cc2d3dec0c1b - - default default] Successfully bumped revision number for resource 5d7d1699-d4cb-489a-ab3d-5958f9b2f2d2 (type: ports) to 1
2026-07-09 15:49:13.463 10 INFO neutron.wsgi [req-e512967f-7d8b-4386-9340-5593fedd5bda req-eb9477cf-8dae-4aa3-b4d0-49635fb750f6 7af455ca4b3a4109af05d0dafbd6602e 06ab1b7542be4120b4f37fb4e5b08ef2 - - default default] 199.19.213.166 "GET /v2.0/networks?id=6d68bd9e-f283-45d9-b0b9-472b2142298e HTTP/1.1" status: 200 len: 860 time: 0.1131611
2026-07-09 15:49:13.503 10 INFO neutron.db.ovn_revision_numbers_db [None req-da4eb6dd-33ef-496a-b474-b90e7785c1b7 c31ca78c192d4f1b91f65850c183e59a 6cf3d9946853437e8c33cc2d3dec0c1b - - default default] Successfully bumped revision number for resource 5d7d1699-d4cb-489a-ab3d-5958f9b2f2d2 (type: ports) to 1
2026-07-09 15:49:13.521 10 INFO neutron.wsgi [req-e512967f-7d8b-4386-9340-5593fedd5bda req-2b932950-47a4-4ae4-a268-fe5eecfdad93 7af455ca4b3a4109af05d0dafbd6602e 06ab1b7542be4120b4f37fb4e5b08ef2 - - default default] 199.19.213.166 "GET /v2.0/security-groups?fields=id&fields=name&tenant_id=06ab1b7542be4120b4f37fb4e5b08ef2 HTTP/1.1" status: 200 len: 379 time: 0.0484483
2026-07-09 15:49:13.532 10 WARNING neutron_lib.context [req-e512967f-7d8b-4386-9340-5593fedd5bda req-34d2bf00-983f-4d88-90f4-4373525f96b9 7af455ca4b3a4109af05d0dafbd6602e 06ab1b7542be4120b4f37fb4e5b08ef2 - - default default] Method 'is_advsvc' is deprecated since 2023.2 release (neutron-lib 3.8.0) and will be removed once support for the old RBAC API policies will be removed from Neutron. Please use method 'is_service_role' instead.
2026-07-09 15:49:13.581 10 INFO neutron.db.segments_db [None req-da4eb6dd-33ef-496a-b474-b90e7785c1b7 c31ca78c192d4f1b91f65850c183e59a 6cf3d9946853437e8c33cc2d3dec0c1b - - default default] Added segment 8115514f-8716-4b96-83a8-091ebe4d11bb of type geneve for network ab497c12-b8fc-4996-a0fd-3f334cffcf2b
2026-07-09 15:49:13.770 10 INFO neutron.db.ovn_revision_numbers_db [None req-da4eb6dd-33ef-496a-b474-b90e7785c1b7 c31ca78c192d4f1b91f65850c183e59a 6cf3d9946853437e8c33cc2d3dec0c1b - - default default] Successfully bumped revision number for resource ab497c12-b8fc-4996-a0fd-3f334cffcf2b (type: networks) to 1
2026-07-09 15:49:13.938 10 WARNING neutron.scheduler.dhcp_agent_scheduler [None req-da4eb6dd-33ef-496a-b474-b90e7785c1b7 c31ca78c192d4f1b91f65850c183e59a 6cf3d9946853437e8c33cc2d3dec0c1b - - default default] No more DHCP agents
2026-07-09 15:49:13.942 10 WARNING neutron.api.rpc.agentnotifiers.dhcp_rpc_agent_api [None req-da4eb6dd-33ef-496a-b474-b90e7785c1b7 c31ca78c192d4f1b91f65850c183e59a 6cf3d9946853437e8c33cc2d3dec0c1b - - default default] Unable to schedule network ab497c12-b8fc-4996-a0fd-3f334cffcf2b: no agents available; will retry on subsequent port and subnet creation events.
2026-07-09 15:49:13.944 10 WARNING neutron.scheduler.dhcp_agent_scheduler [req-e512967f-7d8b-4386-9340-5593fedd5bda req-34d2bf00-983f-4d88-90f4-4373525f96b9 7af455ca4b3a4109af05d0dafbd6602e 06ab1b7542be4120b4f37fb4e5b08ef2 - - default default] No more DHCP agents
2026-07-09 15:49:13.951 10 WARNING neutron.api.rpc.agentnotifiers.dhcp_rpc_agent_api [req-e512967f-7d8b-4386-9340-5593fedd5bda req-34d2bf00-983f-4d88-90f4-4373525f96b9 7af455ca4b3a4109af05d0dafbd6602e 06ab1b7542be4120b4f37fb4e5b08ef2 - - default default] Unable to schedule network 6d68bd9e-f283-45d9-b0b9-472b2142298e: no agents available; will retry on subsequent port and subnet creation events.
2026-07-09 15:49:14.028 9 INFO neutron.wsgi [req-0151bc4c-05b6-4088-a87f-c2dbcc0981ec req-50e403e9-555d-4256-a4ff-ddb2db232ddb 7af455ca4b3a4109af05d0dafbd6602e 06ab1b7542be4120b4f37fb4e5b08ef2 - - default default] 10.0.0.152 "GET /v2.0/ports?device_id=de11b2f5-56dd-4e8c-92f4-ec0d12ba14eb HTTP/1.1" status: 200 len: 210 time: 0.3102591
2026-07-09 15:49:14.050 9 WARNING neutron.plugins.ml2.drivers.ovn.mech_driver.ovsdb.ovn_client [None req-2e4dec20-51cf-4ab6-a7ab-78d6097ca8de - - - - - -] No hosting information found for port 23660421-5bea-40af-a5e5-986b21532a27: RuntimeError: No hosting information found for port 23660421-5bea-40af-a5e5-986b21532a27
2026-07-09 15:49:14.050 9 INFO neutron.plugins.ml2.drivers.ovn.mech_driver.mech_driver [None req-2e4dec20-51cf-4ab6-a7ab-78d6097ca8de - - - - - -] OVN reports status up for port: 27354eeb-001a-4712-80ca-5e0ac80f7e3d
2026-07-09 15:49:14.056 9 INFO neutron.plugins.ml2.plugin [None req-2e4dec20-51cf-4ab6-a7ab-78d6097ca8de - - - - - -] Attempt 1 to provision port 27354eeb-001a-4712-80ca-5e0ac80f7e3d
2026-07-09 15:49:14.072 10 INFO neutron.db.ovn_revision_numbers_db [None req-da4eb6dd-33ef-496a-b474-b90e7785c1b7 c31ca78c192d4f1b91f65850c183e59a 6cf3d9946853437e8c33cc2d3dec0c1b - - default default] Successfully bumped revision number for resource 3021603e-ffc2-4376-ba5c-561f8c777b5e (type: ports) to 1
2026-07-09 15:49:14.202 10 INFO neutron.db.ovn_revision_numbers_db [req-e512967f-7d8b-4386-9340-5593fedd5bda req-34d2bf00-983f-4d88-90f4-4373525f96b9 7af455ca4b3a4109af05d0dafbd6602e 06ab1b7542be4120b4f37fb4e5b08ef2 - - default default] Successfully bumped revision number for resource 4e27d197-e936-44b1-8959-c081243a2e5a (type: ports) to 1
2026-07-09 15:49:14.231 10 INFO neutron.wsgi [req-e512967f-7d8b-4386-9340-5593fedd5bda req-34d2bf00-983f-4d88-90f4-4373525f96b9 7af455ca4b3a4109af05d0dafbd6602e 06ab1b7542be4120b4f37fb4e5b08ef2 - - default default] 199.19.213.166 "POST /v2.0/ports HTTP/1.1" status: 201 len: 1162 time: 0.7044644 /var/lib/openstack/lib/python3.10/site-packages/pycadf/identifier.py:71: UserWarning: Invalid uuid: neutron. To ensure interoperability, identifiers should be a valid uuid. warnings.warn(('Invalid uuid: %s. To ensure interoperability, '
2026-07-09 15:49:14.501 9 INFO neutron.db.ovn_revision_numbers_db [None req-2e4dec20-51cf-4ab6-a7ab-78d6097ca8de - - - - - -] Successfully bumped revision number for resource 27354eeb-001a-4712-80ca-5e0ac80f7e3d (type: ports) to 2
2026-07-09 15:49:14.527 10 WARNING neutron.scheduler.dhcp_agent_scheduler [None req-da4eb6dd-33ef-496a-b474-b90e7785c1b7 c31ca78c192d4f1b91f65850c183e59a 6cf3d9946853437e8c33cc2d3dec0c1b - - default default] No more DHCP agents
2026-07-09 15:49:14.531 10 WARNING neutron.api.rpc.agentnotifiers.dhcp_rpc_agent_api [None req-da4eb6dd-33ef-496a-b474-b90e7785c1b7 c31ca78c192d4f1b91f65850c183e59a 6cf3d9946853437e8c33cc2d3dec0c1b - - default default] Unable to schedule network ab497c12-b8fc-4996-a0fd-3f334cffcf2b: no agents available; will retry on subsequent port and subnet creation events.
2026-07-09 15:49:14.575 10 WARNING neutron.plugins.ml2.drivers.ovn.mech_driver.ovsdb.ovn_client [None req-a1bfd37f-beae-42a1-bd64-8458ef0c0da0 - - - - - -] No hosting information found for port ad81ee93-5603-443f-8089-4764299a94d0: RuntimeError: No hosting information found for port ad81ee93-5603-443f-8089-4764299a94d0
2026-07-09 15:49:14.580 10 INFO neutron.db.ovn_revision_numbers_db [None req-da4eb6dd-33ef-496a-b474-b90e7785c1b7 c31ca78c192d4f1b91f65850c183e59a 6cf3d9946853437e8c33cc2d3dec0c1b - - default default] Successfully bumped revision number for resource ffa7a498-b8ab-462e-b967-49c97d37c2a7 (type: subnets) to 0
2026-07-09 15:49:14.650 9 INFO neutron.db.ovn_revision_numbers_db [None req-2e4dec20-51cf-4ab6-a7ab-78d6097ca8de - - - - - -] Successfully bumped revision number for resource 27354eeb-001a-4712-80ca-5e0ac80f7e3d (type: router_ports) to 2
2026-07-09 15:49:14.975 9 INFO neutron.wsgi [-] 10.0.0.209 "GET / HTTP/1.1" status: 200 len: 247 time: 0.0032337
2026-07-09 15:49:14.977 9 INFO neutron.wsgi [-] 10.0.0.209 "GET / HTTP/1.1" status: 200 len: 247 time: 0.0013547
2026-07-09 15:49:15.086 10 INFO neutron.db.ovn_revision_numbers_db [req-e512967f-7d8b-4386-9340-5593fedd5bda req-732d74c5-7819-4767-9965-4d53afef77dc 8caa1cefbac64035be53ea7af634bb0b 2c60b5677ce44a48941e1ceeebcb308d - - f65e1348a7e24e37bc17be0b2a4862e0 f65e1348a7e24e37bc17be0b2a4862e0] Successfully bumped revision number for resource 4e27d197-e936-44b1-8959-c081243a2e5a (type: ports) to 2 /var/lib/openstack/lib/python3.10/site-packages/pycadf/identifier.py:71: UserWarning: Invalid uuid: neutron. To ensure interoperability, identifiers should be a valid uuid. warnings.warn(('Invalid uuid: %s. To ensure interoperability, '
2026-07-09 15:49:15.188 10 WARNING neutron.scheduler.dhcp_agent_scheduler [None req-da4eb6dd-33ef-496a-b474-b90e7785c1b7 c31ca78c192d4f1b91f65850c183e59a 6cf3d9946853437e8c33cc2d3dec0c1b - - default default] No more DHCP agents
2026-07-09 15:49:15.192 10 WARNING neutron.api.rpc.agentnotifiers.dhcp_rpc_agent_api [None req-da4eb6dd-33ef-496a-b474-b90e7785c1b7 c31ca78c192d4f1b91f65850c183e59a 6cf3d9946853437e8c33cc2d3dec0c1b - - default default] Unable to schedule network ab497c12-b8fc-4996-a0fd-3f334cffcf2b: no agents available; will retry on subsequent port and subnet creation events.
2026-07-09 15:49:15.239 10 INFO neutron.wsgi [req-027e706b-8ca2-422b-a31a-919916816efd req-c3911917-b68b-4927-9b9d-b568fad143dc 7af455ca4b3a4109af05d0dafbd6602e 06ab1b7542be4120b4f37fb4e5b08ef2 - - default default] 10.0.0.152 "GET /v2.0/ports?device_id=de11b2f5-56dd-4e8c-92f4-ec0d12ba14eb HTTP/1.1" status: 200 len: 1172 time: 0.1451607
2026-07-09 15:49:15.326 10 INFO neutron.wsgi [req-027e706b-8ca2-422b-a31a-919916816efd req-bcff796a-a381-47e4-93d8-cbf93aef3079 7af455ca4b3a4109af05d0dafbd6602e 06ab1b7542be4120b4f37fb4e5b08ef2 - - default default] 10.0.0.152 "GET /v2.0/security-groups?id=b3b8aa82-512e-4483-8b5c-17da354d3df9&fields=id&fields=name HTTP/1.1" status: 200 len: 312 time: 0.0770974
2026-07-09 15:49:15.445 10 INFO neutron.db.ovn_revision_numbers_db [req-e512967f-7d8b-4386-9340-5593fedd5bda req-732d74c5-7819-4767-9965-4d53afef77dc 8caa1cefbac64035be53ea7af634bb0b 2c60b5677ce44a48941e1ceeebcb308d - - f65e1348a7e24e37bc17be0b2a4862e0 f65e1348a7e24e37bc17be0b2a4862e0] Successfully bumped revision number for resource 4e27d197-e936-44b1-8959-c081243a2e5a (type: ports) to 2
2026-07-09 15:49:15.448 10 INFO neutron.db.ovn_revision_numbers_db [None req-da4eb6dd-33ef-496a-b474-b90e7785c1b7 c31ca78c192d4f1b91f65850c183e59a 6cf3d9946853437e8c33cc2d3dec0c1b - - default default] Successfully bumped revision number for resource 30637965-7b5e-4bd6-af30-6e16dc5e74be (type: ports) to 1
2026-07-09 15:49:15.476 10 INFO neutron.wsgi [req-e512967f-7d8b-4386-9340-5593fedd5bda req-732d74c5-7819-4767-9965-4d53afef77dc 8caa1cefbac64035be53ea7af634bb0b 2c60b5677ce44a48941e1ceeebcb308d - - f65e1348a7e24e37bc17be0b2a4862e0 f65e1348a7e24e37bc17be0b2a4862e0] 199.19.213.166 "PUT /v2.0/ports/4e27d197-e936-44b1-8959-c081243a2e5a HTTP/1.1" status: 200 len: 1380 time: 1.2318463
2026-07-09 15:49:15.536 10 INFO neutron.notifiers.nova [-] Nova event matching ['req-1e73cfe4-3128-48be-8228-d4faa3071db1'] response: {'name': 'network-changed', 'server_uuid': 'de11b2f5-56dd-4e8c-92f4-ec0d12ba14eb', 'tag': '4e27d197-e936-44b1-8959-c081243a2e5a', 'status': 'completed', 'code': 200} /var/lib/openstack/lib/python3.10/site-packages/pycadf/identifier.py:71: UserWarning: Invalid uuid: neutron. To ensure interoperability, identifiers should be a valid uuid. warnings.warn(('Invalid uuid: %s. To ensure interoperability, '
2026-07-09 15:49:15.640 10 INFO neutron.wsgi [req-e512967f-7d8b-4386-9340-5593fedd5bda req-426cbd2e-97d1-46df-8e6c-04336b073c79 8caa1cefbac64035be53ea7af634bb0b 2c60b5677ce44a48941e1ceeebcb308d - - f65e1348a7e24e37bc17be0b2a4862e0 f65e1348a7e24e37bc17be0b2a4862e0] 199.19.213.166 "GET /v2.0/ports?tenant_id=06ab1b7542be4120b4f37fb4e5b08ef2&device_id=de11b2f5-56dd-4e8c-92f4-ec0d12ba14eb HTTP/1.1" status: 200 len: 1411 time: 0.1026509
2026-07-09 15:49:15.691 10 INFO neutron.wsgi [req-e512967f-7d8b-4386-9340-5593fedd5bda req-e4230327-403e-4b1e-9bd0-165bad73ab22 8caa1cefbac64035be53ea7af634bb0b 2c60b5677ce44a48941e1ceeebcb308d - - f65e1348a7e24e37bc17be0b2a4862e0 f65e1348a7e24e37bc17be0b2a4862e0] 199.19.213.166 "GET /v2.0/floatingips?fixed_ip_address=10.100.0.13&port_id=4e27d197-e936-44b1-8959-c081243a2e5a HTTP/1.1" status: 200 len: 217 time: 0.0403695
2026-07-09 15:49:15.744 10 INFO neutron.wsgi [req-e512967f-7d8b-4386-9340-5593fedd5bda req-3a5ae9cc-4aa2-476a-8ae3-32ea95feeef6 8caa1cefbac64035be53ea7af634bb0b 2c60b5677ce44a48941e1ceeebcb308d - - f65e1348a7e24e37bc17be0b2a4862e0 f65e1348a7e24e37bc17be0b2a4862e0] 199.19.213.166 "GET /v2.0/subnets?id=09a97a95-d384-4075-b749-a247610912aa HTTP/1.1" status: 200 len: 853 time: 0.0462980
2026-07-09 15:49:15.794 10 INFO neutron.wsgi [req-e512967f-7d8b-4386-9340-5593fedd5bda req-ab846eb7-9dca-4d85-96fb-e62fe3667bac 8caa1cefbac64035be53ea7af634bb0b 2c60b5677ce44a48941e1ceeebcb308d - - f65e1348a7e24e37bc17be0b2a4862e0 f65e1348a7e24e37bc17be0b2a4862e0] 199.19.213.166 "GET /v2.0/ports?network_id=6d68bd9e-f283-45d9-b0b9-472b2142298e&device_owner=network%3Adhcp HTTP/1.1" status: 200 len: 210 time: 0.0384142
2026-07-09 15:49:15.881 10 INFO neutron.wsgi [req-e512967f-7d8b-4386-9340-5593fedd5bda req-bb29610c-2a5b-4d12-bf6d-0de66040d2a1 8caa1cefbac64035be53ea7af634bb0b 2c60b5677ce44a48941e1ceeebcb308d - - f65e1348a7e24e37bc17be0b2a4862e0 f65e1348a7e24e37bc17be0b2a4862e0] 199.19.213.166 "GET /v2.0/networks/6d68bd9e-f283-45d9-b0b9-472b2142298e?fields=segments HTTP/1.1" status: 200 len: 212 time: 0.0801756
2026-07-09 15:49:15.975 10 INFO neutron.wsgi [req-e512967f-7d8b-4386-9340-5593fedd5bda req-6d8cd2dd-e233-446b-9a34-e92dbe63aae3 8caa1cefbac64035be53ea7af634bb0b 2c60b5677ce44a48941e1ceeebcb308d - - f65e1348a7e24e37bc17be0b2a4862e0 f65e1348a7e24e37bc17be0b2a4862e0] 199.19.213.166 "GET /v2.0/networks/6d68bd9e-f283-45d9-b0b9-472b2142298e?fields=provider%3Aphysical_network&fields=provider%3Anetwork_type HTTP/1.1" status: 200 len: 277 time: 0.0883307
2026-07-09 15:49:16.067 10 INFO neutron.wsgi [req-d6517104-2f55-42b2-9a86-27ddf3f42382 req-5bf6ded1-3f81-49e5-93f3-80858eb662d0 8caa1cefbac64035be53ea7af634bb0b 2c60b5677ce44a48941e1ceeebcb308d - - f65e1348a7e24e37bc17be0b2a4862e0 f65e1348a7e24e37bc17be0b2a4862e0] 199.19.213.166 "GET /v2.0/ports?tenant_id=06ab1b7542be4120b4f37fb4e5b08ef2&device_id=de11b2f5-56dd-4e8c-92f4-ec0d12ba14eb HTTP/1.1" status: 200 len: 1411 time: 0.0498304
2026-07-09 15:49:16.181 10 INFO neutron.plugins.ml2.drivers.ovn.mech_driver.mech_driver [None req-a1bfd37f-beae-42a1-bd64-8458ef0c0da0 - - - - - -] OVN reports status up for port: 4e27d197-e936-44b1-8959-c081243a2e5a
2026-07-09 15:49:16.194 10 INFO neutron.wsgi [req-d6517104-2f55-42b2-9a86-27ddf3f42382 req-c6b931a2-5e0e-4c40-8b1c-ace96a9c8eb6 8caa1cefbac64035be53ea7af634bb0b 2c60b5677ce44a48941e1ceeebcb308d - - f65e1348a7e24e37bc17be0b2a4862e0 f65e1348a7e24e37bc17be0b2a4862e0] 199.19.213.166 "GET /v2.0/networks?id=6d68bd9e-f283-45d9-b0b9-472b2142298e HTTP/1.1" status: 200 len: 958 time: 0.1223056
2026-07-09 15:49:16.202 10 INFO neutron.plugins.ml2.plugin [None req-a1bfd37f-beae-42a1-bd64-8458ef0c0da0 - - - - - -] Attempt 1 to provision port 4e27d197-e936-44b1-8959-c081243a2e5a
2026-07-09 15:49:16.234 10 INFO neutron.wsgi [req-d6517104-2f55-42b2-9a86-27ddf3f42382 req-88fff62e-edff-4e12-8396-b97a8a97a16e 8caa1cefbac64035be53ea7af634bb0b 2c60b5677ce44a48941e1ceeebcb308d - - f65e1348a7e24e37bc17be0b2a4862e0 f65e1348a7e24e37bc17be0b2a4862e0] 199.19.213.166 "GET /v2.0/floatingips?fixed_ip_address=10.100.0.13&port_id=4e27d197-e936-44b1-8959-c081243a2e5a HTTP/1.1" status: 200 len: 217 time: 0.0342255
2026-07-09 15:49:16.587 10 INFO neutron.wsgi [req-d6517104-2f55-42b2-9a86-27ddf3f42382 req-9b57eebc-a30f-41d2-870d-fbaa0206a779 8caa1cefbac64035be53ea7af634bb0b 2c60b5677ce44a48941e1ceeebcb308d - - f65e1348a7e24e37bc17be0b2a4862e0 f65e1348a7e24e37bc17be0b2a4862e0] 199.19.213.166 "GET /v2.0/subnets?id=09a97a95-d384-4075-b749-a247610912aa HTTP/1.1" status: 200 len: 853 time: 0.3403306
2026-07-09 15:49:16.632 10 INFO neutron.wsgi [req-0de4d173-b6b5-4865-8ab0-1afa213b76ce req-0ec81c84-4fbe-4642-a7d5-8e959c872899 7af455ca4b3a4109af05d0dafbd6602e 06ab1b7542be4120b4f37fb4e5b08ef2 - - default default] 10.0.0.152 "GET /v2.0/ports?device_id=de11b2f5-56dd-4e8c-92f4-ec0d12ba14eb HTTP/1.1" status: 200 len: 1172 time: 0.0666687
2026-07-09 15:49:16.634 10 INFO neutron.wsgi [req-d6517104-2f55-42b2-9a86-27ddf3f42382 req-899423b0-8617-4350-8a0e-15e217a50b82 8caa1cefbac64035be53ea7af634bb0b 2c60b5677ce44a48941e1ceeebcb308d - - f65e1348a7e24e37bc17be0b2a4862e0 f65e1348a7e24e37bc17be0b2a4862e0] 199.19.213.166 "GET /v2.0/ports?network_id=6d68bd9e-f283-45d9-b0b9-472b2142298e&device_owner=network%3Adhcp HTTP/1.1" status: 200 len: 210 time: 0.0330975
2026-07-09 15:49:16.696 10 ERROR ovsdbapp.backend.ovs_idl.command [None req-da4eb6dd-33ef-496a-b474-b90e7785c1b7 c31ca78c192d4f1b91f65850c183e59a 6cf3d9946853437e8c33cc2d3dec0c1b - - default default] Error executing command (DbGetCommand): ovsdbapp.backend.ovs_idl.idlutils.RowNotFound: Cannot find Logical_Router_Port with name=lrp-30637965-7b5e-4bd6-af30-6e16dc5e74be
2026-07-09 15:49:16.696 10 ERROR ovsdbapp.backend.ovs_idl.command
Traceback (most recent call last):
2026-07-09 15:49:16.696 10 ERROR ovsdbapp.backend.ovs_idl.command
File "/var/lib/openstack/lib/python3.10/site-packages/ovsdbapp/backend/ovs_idl/command.py", line 47, in execute
2026-07-09 15:49:16.696 10 ERROR ovsdbapp.backend.ovs_idl.command self.run_idl(None)
2026-07-09 15:49:16.696 10 ERROR ovsdbapp.backend.ovs_idl.command
File "/var/lib/openstack/lib/python3.10/site-packages/ovsdbapp/backend/ovs_idl/command.py", line 235, in run_idl
2026-07-09 15:49:16.696 10 ERROR ovsdbapp.backend.ovs_idl.command record = self.api.lookup(self.table, self.record)
2026-07-09 15:49:16.696 10 ERROR ovsdbapp.backend.ovs_idl.command
File "/var/lib/openstack/lib/python3.10/site-packages/ovsdbapp/backend/ovs_idl/__init__.py", line 184, in lookup
2026-07-09 15:49:16.696 10 ERROR ovsdbapp.backend.ovs_idl.command return self._lookup(table, record)
2026-07-09 15:49:16.696 10 ERROR ovsdbapp.backend.ovs_idl.command
File "/var/lib/openstack/lib/python3.10/site-packages/ovsdbapp/backend/ovs_idl/__init__.py", line 235, in _lookup
2026-07-09 15:49:16.696 10 ERROR ovsdbapp.backend.ovs_idl.command row = idlutils.row_by_value(self, rl.table, rl.column, record)
2026-07-09 15:49:16.696 10 ERROR ovsdbapp.backend.ovs_idl.command
File "/var/lib/openstack/lib/python3.10/site-packages/ovsdbapp/backend/ovs_idl/idlutils.py", line 114, in row_by_value
2026-07-09 15:49:16.696 10 ERROR ovsdbapp.backend.ovs_idl.command raise RowNotFound(table=table, col=column, match=match)
2026-07-09 15:49:16.696 10 ERROR ovsdbapp.backend.ovs_idl.command ovsdbapp.backend.ovs_idl.idlutils.RowNotFound: Cannot find Logical_Router_Port with name=lrp-30637965-7b5e-4bd6-af30-6e16dc5e74be
2026-07-09 15:49:16.696 10 ERROR ovsdbapp.backend.ovs_idl.command 
2026-07-09 15:49:16.696 10 ERROR neutron_lib.callbacks.manager [None req-da4eb6dd-33ef-496a-b474-b90e7785c1b7 c31ca78c192d4f1b91f65850c183e59a 6cf3d9946853437e8c33cc2d3dec0c1b - - default default] Error during notification for neutron.services.ovn_l3.plugin.OVNL3RouterPlugin._port_update-8774175596262 port, after_update: ovsdbapp.backend.ovs_idl.idlutils.RowNotFound: Cannot find Logical_Router_Port with name=lrp-30637965-7b5e-4bd6-af30-6e16dc5e74be
2026-07-09 15:49:16.696 10 ERROR neutron_lib.callbacks.manager
Traceback (most recent call last):
2026-07-09 15:49:16.696 10 ERROR neutron_lib.callbacks.manager
File "/var/lib/openstack/lib/python3.10/site-packages/neutron_lib/callbacks/manager.py", line 189, in _notify_loop
2026-07-09 15:49:16.696 10 ERROR neutron_lib.callbacks.manager callback.method(resource, event, trigger, payload=payload)
2026-07-09 15:49:16.696 10 ERROR neutron_lib.callbacks.manager
File "/var/lib/openstack/lib/python3.10/site-packages/neutron/services/ovn_l3/plugin.py", line 391, in _port_update
