2026-07-09 15:48:35.490 9 INFO neutron.wsgi [None req-91196829-07fa-4025-8e1b-644fcaa17593 c78bf3b8cf62431b8a411c2bb640c804 0c88b9fafbe24245a405c8b3e038ea2d - - default default] 10.0.0.179 "DELETE /v2.0/security-groups/692ea4a3-ef4b-4b5a-9b87-dea96c48da47 HTTP/1.1" status: 204 len: 168 time: 0.2567880
2026-07-09 15:48:35.688 10 INFO neutron.wsgi [None req-e08c0ee6-6fe0-4b52-9ebb-8023827316bb c78bf3b8cf62431b8a411c2bb640c804 0c88b9fafbe24245a405c8b3e038ea2d - - default default] 10.0.0.179 "DELETE /v2.0/security-groups/c7212dcd-4cad-4221-b831-9130da5129b1 HTTP/1.1" status: 204 len: 168 time: 0.2512667
2026-07-09 15:48:35.781 10 INFO neutron.db.ovn_revision_numbers_db [None req-51e2ce10-41f7-4c78-9b5c-136b223254fa c78bf3b8cf62431b8a411c2bb640c804 0c88b9fafbe24245a405c8b3e038ea2d - - default default] Successfully bumped revision number for resource b7606676-0c3b-45ef-853a-a77cc0fc2e03 (type: security_groups) to 1
2026-07-09 15:48:35.795 10 INFO neutron.db.ovn_revision_numbers_db [None req-51e2ce10-41f7-4c78-9b5c-136b223254fa c78bf3b8cf62431b8a411c2bb640c804 0c88b9fafbe24245a405c8b3e038ea2d - - default default] Successfully bumped revision number for resource 1f6946ec-dd11-4a3f-8d6a-e11b69610c4c (type: security_group_rules) to 0
2026-07-09 15:48:35.809 10 INFO neutron.db.ovn_revision_numbers_db [None req-51e2ce10-41f7-4c78-9b5c-136b223254fa c78bf3b8cf62431b8a411c2bb640c804 0c88b9fafbe24245a405c8b3e038ea2d - - default default] Successfully bumped revision number for resource 8c3b8303-4c31-4883-a8c7-19d0c5abb7b3 (type: security_group_rules) to 0
2026-07-09 15:48:35.823 10 INFO neutron.db.ovn_revision_numbers_db [None req-51e2ce10-41f7-4c78-9b5c-136b223254fa c78bf3b8cf62431b8a411c2bb640c804 0c88b9fafbe24245a405c8b3e038ea2d - - default default] Successfully bumped revision number for resource b37fe817-a19b-4b8e-a436-fc7c7db5409d (type: security_group_rules) to 0
2026-07-09 15:48:35.835 10 INFO neutron.db.ovn_revision_numbers_db [None req-51e2ce10-41f7-4c78-9b5c-136b223254fa c78bf3b8cf62431b8a411c2bb640c804 0c88b9fafbe24245a405c8b3e038ea2d - - default default] Successfully bumped revision number for resource f5ef6253-e6af-460b-a213-6aefe0b435d1 (type: security_group_rules) to 0
2026-07-09 15:48:35.855 10 INFO neutron.wsgi [None req-51e2ce10-41f7-4c78-9b5c-136b223254fa c78bf3b8cf62431b8a411c2bb640c804 0c88b9fafbe24245a405c8b3e038ea2d - - default default] 10.0.0.179 "GET /v2.0/security-groups?tenant_id=26edecd4b9dc44709ca96884c19b69eb&name=default HTTP/1.1" status: 200 len: 3120 time: 0.2001765
2026-07-09 15:48:36.015 9 INFO neutron.db.ovn_revision_numbers_db [None req-59657b01-2f10-4d07-9bfa-90bdadd5d2bd c78bf3b8cf62431b8a411c2bb640c804 0c88b9fafbe24245a405c8b3e038ea2d - - default default] Successfully bumped revision number for resource 6c16ffe3-a1c2-44b6-ba29-50d13ee00e5e (type: security_groups) to 1
2026-07-09 15:48:36.039 9 INFO neutron.db.ovn_revision_numbers_db [None req-59657b01-2f10-4d07-9bfa-90bdadd5d2bd c78bf3b8cf62431b8a411c2bb640c804 0c88b9fafbe24245a405c8b3e038ea2d - - default default] Successfully bumped revision number for resource 84c64e42-b437-4b51-a2ee-03d3d11685cd (type: security_group_rules) to 0
2026-07-09 15:48:36.060 9 INFO neutron.db.ovn_revision_numbers_db [None req-59657b01-2f10-4d07-9bfa-90bdadd5d2bd c78bf3b8cf62431b8a411c2bb640c804 0c88b9fafbe24245a405c8b3e038ea2d - - default default] Successfully bumped revision number for resource a121168f-f657-4487-a3bd-13629b8850db (type: security_group_rules) to 0
2026-07-09 15:48:36.081 9 INFO neutron.db.ovn_revision_numbers_db [None req-59657b01-2f10-4d07-9bfa-90bdadd5d2bd c78bf3b8cf62431b8a411c2bb640c804 0c88b9fafbe24245a405c8b3e038ea2d - - default default] Successfully bumped revision number for resource ea4d0306-d118-4ff8-8d68-de042a0b5dd8 (type: security_group_rules) to 0
2026-07-09 15:48:36.097 9 INFO neutron.db.ovn_revision_numbers_db [None req-59657b01-2f10-4d07-9bfa-90bdadd5d2bd c78bf3b8cf62431b8a411c2bb640c804 0c88b9fafbe24245a405c8b3e038ea2d - - default default] Successfully bumped revision number for resource fb40d290-18fc-4433-af24-cc7a0fd8ebb7 (type: security_group_rules) to 0
2026-07-09 15:48:36.123 9 INFO neutron.wsgi [None req-59657b01-2f10-4d07-9bfa-90bdadd5d2bd c78bf3b8cf62431b8a411c2bb640c804 0c88b9fafbe24245a405c8b3e038ea2d - - default default] 10.0.0.179 "GET /v2.0/security-groups?tenant_id=95e9b1722cad41c6956528ada8d02866&name=default HTTP/1.1" status: 200 len: 3120 time: 0.2806962
2026-07-09 15:48:36.137 9 INFO neutron.wsgi [None req-2d51e868-f43b-48a0-95b1-2cf8262eb931 c78bf3b8cf62431b8a411c2bb640c804 0c88b9fafbe24245a405c8b3e038ea2d - - default default] 10.0.0.179 "DELETE /v2.0/security-groups/b7606676-0c3b-45ef-853a-a77cc0fc2e03 HTTP/1.1" status: 204 len: 168 time: 0.2759285
2026-07-09 15:48:36.352 10 INFO neutron.wsgi [None req-8eb08871-e4df-46bf-892e-75848b163c38 c78bf3b8cf62431b8a411c2bb640c804 0c88b9fafbe24245a405c8b3e038ea2d - - default default] 10.0.0.179 "DELETE /v2.0/security-groups/6c16ffe3-a1c2-44b6-ba29-50d13ee00e5e HTTP/1.1" status: 204 len: 168 time: 0.2241263
2026-07-09 15:48:39.784 10 WARNING neutron_lib.context [None req-79db73d7-e0f6-4580-b99f-155fb884492d 63ff3411826c4e78afb82d0798e5a349 687a62fda6484e8f9d730a954c1c45e6 - - default default] Method 'is_advsvc' is deprecated since 2023.2 release (neutron-lib 3.8.0) and will be removed once support for the old RBAC API policies will be removed from Neutron. Please use method 'is_service_role' instead.
2026-07-09 15:48:39.928 10 INFO neutron.db.ovn_revision_numbers_db [None req-79db73d7-e0f6-4580-b99f-155fb884492d 63ff3411826c4e78afb82d0798e5a349 687a62fda6484e8f9d730a954c1c45e6 - - default default] Successfully bumped revision number for resource a633e45b-70d2-479f-8408-b515eed1071a (type: security_groups) to 1
2026-07-09 15:48:39.944 10 INFO neutron.db.ovn_revision_numbers_db [None req-79db73d7-e0f6-4580-b99f-155fb884492d 63ff3411826c4e78afb82d0798e5a349 687a62fda6484e8f9d730a954c1c45e6 - - default default] Successfully bumped revision number for resource 9c90ec26-194a-4086-999b-74695384bb9a (type: security_group_rules) to 0
2026-07-09 15:48:39.957 10 INFO neutron.db.ovn_revision_numbers_db [None req-79db73d7-e0f6-4580-b99f-155fb884492d 63ff3411826c4e78afb82d0798e5a349 687a62fda6484e8f9d730a954c1c45e6 - - default default] Successfully bumped revision number for resource ba666684-8574-4ff6-b1ed-071b8fb2bf3b (type: security_group_rules) to 0
2026-07-09 15:48:39.974 10 INFO neutron.db.ovn_revision_numbers_db [None req-79db73d7-e0f6-4580-b99f-155fb884492d 63ff3411826c4e78afb82d0798e5a349 687a62fda6484e8f9d730a954c1c45e6 - - default default] Successfully bumped revision number for resource c319cbf0-0389-420d-9aeb-ba717cbb5f6d (type: security_group_rules) to 0
2026-07-09 15:48:39.989 10 INFO neutron.db.ovn_revision_numbers_db [None req-79db73d7-e0f6-4580-b99f-155fb884492d 63ff3411826c4e78afb82d0798e5a349 687a62fda6484e8f9d730a954c1c45e6 - - default default] Successfully bumped revision number for resource d890b6d0-8bc0-4fe2-ac8b-dc04a451aa8e (type: security_group_rules) to 0
2026-07-09 15:48:40.048 10 INFO neutron.db.segments_db [None req-79db73d7-e0f6-4580-b99f-155fb884492d 63ff3411826c4e78afb82d0798e5a349 687a62fda6484e8f9d730a954c1c45e6 - - default default] Added segment fd682db0-4792-4474-ace1-a453d996cbf7 of type geneve for network 79bc20a0-b455-4b87-9afb-1392c0d5d876
2026-07-09 15:48:40.204 10 INFO neutron.db.ovn_revision_numbers_db [None req-79db73d7-e0f6-4580-b99f-155fb884492d 63ff3411826c4e78afb82d0798e5a349 687a62fda6484e8f9d730a954c1c45e6 - - default default] Successfully bumped revision number for resource 79bc20a0-b455-4b87-9afb-1392c0d5d876 (type: networks) to 1
2026-07-09 15:48:40.323 9 WARNING neutron_lib.context [None req-66cef4e2-5ab9-4ff3-9efb-ae9eb195ed5f f62aab1f637f4e9795cd3f215f651b23 e97c5f998cff4c0eb6ef4c0a2de545cf - - default default] Method 'is_advsvc' is deprecated since 2023.2 release (neutron-lib 3.8.0) and will be removed once support for the old RBAC API policies will be removed from Neutron. Please use method 'is_service_role' instead.
2026-07-09 15:48:40.411 10 WARNING neutron.scheduler.dhcp_agent_scheduler [None req-79db73d7-e0f6-4580-b99f-155fb884492d 63ff3411826c4e78afb82d0798e5a349 687a62fda6484e8f9d730a954c1c45e6 - - default default] No more DHCP agents
2026-07-09 15:48:40.415 10 WARNING neutron.api.rpc.agentnotifiers.dhcp_rpc_agent_api [None req-79db73d7-e0f6-4580-b99f-155fb884492d 63ff3411826c4e78afb82d0798e5a349 687a62fda6484e8f9d730a954c1c45e6 - - default default] Unable to schedule network 79bc20a0-b455-4b87-9afb-1392c0d5d876: no agents available; will retry on subsequent port and subnet creation events.
2026-07-09 15:48:40.459 9 INFO neutron.db.ovn_revision_numbers_db [None req-66cef4e2-5ab9-4ff3-9efb-ae9eb195ed5f f62aab1f637f4e9795cd3f215f651b23 e97c5f998cff4c0eb6ef4c0a2de545cf - - default default] Successfully bumped revision number for resource b7cfafb2-6748-46d0-b7c7-8a5c8915c0e9 (type: security_groups) to 1
2026-07-09 15:48:40.478 9 INFO neutron.db.ovn_revision_numbers_db [None req-66cef4e2-5ab9-4ff3-9efb-ae9eb195ed5f f62aab1f637f4e9795cd3f215f651b23 e97c5f998cff4c0eb6ef4c0a2de545cf - - default default] Successfully bumped revision number for resource 80eab036-f686-4ac3-872f-919ff3f67734 (type: security_group_rules) to 0
2026-07-09 15:48:40.498 9 INFO neutron.db.ovn_revision_numbers_db [None req-66cef4e2-5ab9-4ff3-9efb-ae9eb195ed5f f62aab1f637f4e9795cd3f215f651b23 e97c5f998cff4c0eb6ef4c0a2de545cf - - default default] Successfully bumped revision number for resource 83fa5842-af58-4672-af1d-ca97bca11fc1 (type: security_group_rules) to 0
2026-07-09 15:48:40.519 10 INFO neutron.db.ovn_revision_numbers_db [None req-79db73d7-e0f6-4580-b99f-155fb884492d 63ff3411826c4e78afb82d0798e5a349 687a62fda6484e8f9d730a954c1c45e6 - - default default] Successfully bumped revision number for resource 568ee490-ea97-427c-a024-f652a1b3c667 (type: ports) to 1
2026-07-09 15:48:40.524 9 INFO neutron.db.ovn_revision_numbers_db [None req-66cef4e2-5ab9-4ff3-9efb-ae9eb195ed5f f62aab1f637f4e9795cd3f215f651b23 e97c5f998cff4c0eb6ef4c0a2de545cf - - default default] Successfully bumped revision number for resource af04a23f-1c6b-409e-81d8-002a3572e758 (type: security_group_rules) to 0
2026-07-09 15:48:40.549 10 INFO neutron.wsgi [None req-79db73d7-e0f6-4580-b99f-155fb884492d 63ff3411826c4e78afb82d0798e5a349 687a62fda6484e8f9d730a954c1c45e6 - - default default] 10.0.0.179 "POST /v2.0/networks HTTP/1.1" status: 201 len: 830 time: 0.9446034
2026-07-09 15:48:40.550 9 INFO neutron.db.ovn_revision_numbers_db [None req-66cef4e2-5ab9-4ff3-9efb-ae9eb195ed5f f62aab1f637f4e9795cd3f215f651b23 e97c5f998cff4c0eb6ef4c0a2de545cf - - default default] Successfully bumped revision number for resource f4ce0bac-d1ee-4992-902a-54be007edb75 (type: security_group_rules) to 0
2026-07-09 15:48:40.609 10 INFO neutron.wsgi [None req-8b910da5-fcaf-4ee3-91b9-a8ee258c484e 63ff3411826c4e78afb82d0798e5a349 687a62fda6484e8f9d730a954c1c45e6 - - default default] 10.0.0.179 "PUT /v2.0/networks/79bc20a0-b455-4b87-9afb-1392c0d5d876/tags HTTP/1.1" status: 200 len: 218 time: 0.0534666
2026-07-09 15:48:40.670 9 INFO neutron.wsgi [None req-72b15426-b676-4b46-8f83-0a54d48bf4ba 63ff3411826c4e78afb82d0798e5a349 687a62fda6484e8f9d730a954c1c45e6 - - default default] 10.0.0.179 "GET /v2.0/networks/79bc20a0-b455-4b87-9afb-1392c0d5d876/tags HTTP/1.1" status: 200 len: 218 time: 0.0536902
2026-07-09 15:48:40.681 9 INFO neutron.db.ovn_revision_numbers_db [None req-66cef4e2-5ab9-4ff3-9efb-ae9eb195ed5f f62aab1f637f4e9795cd3f215f651b23 e97c5f998cff4c0eb6ef4c0a2de545cf - - default default] Successfully bumped revision number for resource e4e22451-9219-4a09-8b70-c19cf341bc39 (type: security_groups) to 1
2026-07-09 15:48:40.698 9 INFO neutron.db.ovn_revision_numbers_db [None req-66cef4e2-5ab9-4ff3-9efb-ae9eb195ed5f f62aab1f637f4e9795cd3f215f651b23 e97c5f998cff4c0eb6ef4c0a2de545cf - - default default] Successfully bumped revision number for resource 05d63594-ccf6-44df-97ce-6de1c59a2a24 (type: security_group_rules) to 0
2026-07-09 15:48:40.711 9 INFO neutron.db.ovn_revision_numbers_db [None req-66cef4e2-5ab9-4ff3-9efb-ae9eb195ed5f f62aab1f637f4e9795cd3f215f651b23 e97c5f998cff4c0eb6ef4c0a2de545cf - - default default] Successfully bumped revision number for resource 441bbff5-a208-452b-b5f2-8d353204ee4c (type: security_group_rules) to 0
2026-07-09 15:48:40.733 9 INFO neutron.wsgi [None req-66cef4e2-5ab9-4ff3-9efb-ae9eb195ed5f f62aab1f637f4e9795cd3f215f651b23 e97c5f998cff4c0eb6ef4c0a2de545cf - - default default] 10.0.0.179 "POST /v2.0/security-groups HTTP/1.1" status: 201 len: 1801 time: 0.4512298
2026-07-09 15:48:40.742 10 WARNING neutron_lib.context [None req-e1169ec8-4e8c-4a61-ae71-5c74db03ce32 f62aab1f637f4e9795cd3f215f651b23 e97c5f998cff4c0eb6ef4c0a2de545cf - - default default] Method 'is_advsvc' is deprecated since 2023.2 release (neutron-lib 3.8.0) and will be removed once support for the old RBAC API policies will be removed from Neutron. Please use method 'is_service_role' instead.
2026-07-09 15:48:40.755 10 INFO neutron.wsgi [None req-f69a6aa3-7d1c-468a-9e3c-58e76be7402b 63ff3411826c4e78afb82d0798e5a349 687a62fda6484e8f9d730a954c1c45e6 - - default default] 10.0.0.179 "PUT /v2.0/networks/79bc20a0-b455-4b87-9afb-1392c0d5d876/tags/green HTTP/1.1" status: 201 len: 201 time: 0.0781410
2026-07-09 15:48:40.802 9 INFO neutron.wsgi [None req-2f245b55-0569-4a38-bf47-11653fd691cb 63ff3411826c4e78afb82d0798e5a349 687a62fda6484e8f9d730a954c1c45e6 - - default default] 10.0.0.179 "GET /v2.0/networks/79bc20a0-b455-4b87-9afb-1392c0d5d876/tags HTTP/1.1" status: 200 len: 227 time: 0.0419002
2026-07-09 15:48:40.852 10 INFO neutron.wsgi [None req-798e1bde-a9f0-4e64-b05b-71968efbaa24 63ff3411826c4e78afb82d0798e5a349 687a62fda6484e8f9d730a954c1c45e6 - - default default] 10.0.0.179 "PUT /v2.0/networks/79bc20a0-b455-4b87-9afb-1392c0d5d876/tags/red HTTP/1.1" status: 201 len: 201 time: 0.0450506
2026-07-09 15:48:40.931 10 INFO neutron.wsgi [None req-0b80ac71-e2f0-4e73-ad78-27c8e241e58d 63ff3411826c4e78afb82d0798e5a349 687a62fda6484e8f9d730a954c1c45e6 - - default default] 10.0.0.179 "GET /v2.0/networks/79bc20a0-b455-4b87-9afb-1392c0d5d876/tags HTTP/1.1" status: 200 len: 227 time: 0.0757034
2026-07-09 15:48:40.948 10 INFO neutron.db.ovn_revision_numbers_db [None req-e1169ec8-4e8c-4a61-ae71-5c74db03ce32 f62aab1f637f4e9795cd3f215f651b23 e97c5f998cff4c0eb6ef4c0a2de545cf - - default default] Successfully bumped revision number for resource d454c05e-17f8-46d4-bbe4-624be101c82c (type: security_groups) to 1
2026-07-09 15:48:40.961 10 INFO neutron.db.ovn_revision_numbers_db [None req-e1169ec8-4e8c-4a61-ae71-5c74db03ce32 f62aab1f637f4e9795cd3f215f651b23 e97c5f998cff4c0eb6ef4c0a2de545cf - - default default] Successfully bumped revision number for resource 9027f983-72f6-41ed-b868-1443ae1eee4f (type: security_group_rules) to 0
2026-07-09 15:48:40.973 10 INFO neutron.db.ovn_revision_numbers_db [None req-e1169ec8-4e8c-4a61-ae71-5c74db03ce32 f62aab1f637f4e9795cd3f215f651b23 e97c5f998cff4c0eb6ef4c0a2de545cf - - default default] Successfully bumped revision number for resource d0eb7f16-5167-488f-bbe7-3d15e98034d7 (type: security_group_rules) to 0
2026-07-09 15:48:40.989 9 INFO neutron.wsgi [None req-289668af-9cb5-4771-8339-bb2d8e2e1ae0 63ff3411826c4e78afb82d0798e5a349 687a62fda6484e8f9d730a954c1c45e6 - - default default] 10.0.0.179 "PUT /v2.0/networks/79bc20a0-b455-4b87-9afb-1392c0d5d876/tags/black.or.white HTTP/1.1" status: 201 len: 201 time: 0.0511315
2026-07-09 15:48:40.993 10 INFO neutron.wsgi [None req-e1169ec8-4e8c-4a61-ae71-5c74db03ce32 f62aab1f637f4e9795cd3f215f651b23 e97c5f998cff4c0eb6ef4c0a2de545cf - - default default] 10.0.0.179 "POST /v2.0/security-groups HTTP/1.1" status: 201 len: 1801 time: 0.2554939
2026-07-09 15:48:41.003 10 WARNING neutron_lib.context [None req-27e37a6b-50f5-41da-b9f9-1b2df39178ae f62aab1f637f4e9795cd3f215f651b23 e97c5f998cff4c0eb6ef4c0a2de545cf - - default default] Method 'is_advsvc' is deprecated since 2023.2 release (neutron-lib 3.8.0) and will be removed once support for the old RBAC API policies will be removed from Neutron. Please use method 'is_service_role' instead.
2026-07-09 15:48:41.031 9 INFO neutron.wsgi [None req-30785839-ba0f-428e-9deb-ccc710c6253c 63ff3411826c4e78afb82d0798e5a349 687a62fda6484e8f9d730a954c1c45e6 - - default default] 10.0.0.179 "GET /v2.0/networks/79bc20a0-b455-4b87-9afb-1392c0d5d876/tags HTTP/1.1" status: 200 len: 245 time: 0.0389068
2026-07-09 15:48:41.084 9 INFO neutron.wsgi [None req-5600159b-8bcf-40cb-8b30-f7618e3b5733 63ff3411826c4e78afb82d0798e5a349 687a62fda6484e8f9d730a954c1c45e6 - - default default] 10.0.0.179 "PUT /v2.0/networks/79bc20a0-b455-4b87-9afb-1392c0d5d876/tags HTTP/1.1" status: 200 len: 230 time: 0.0481739
2026-07-09 15:48:41.117 10 INFO neutron.db.ovn_revision_numbers_db [None req-27e37a6b-50f5-41da-b9f9-1b2df39178ae f62aab1f637f4e9795cd3f215f651b23 e97c5f998cff4c0eb6ef4c0a2de545cf - - default default] Successfully bumped revision number for resource 43fa3bfd-84e8-45e3-a266-e7362d9592ba (type: security_groups) to 1
2026-07-09 15:48:41.131 10 INFO neutron.db.ovn_revision_numbers_db [None req-27e37a6b-50f5-41da-b9f9-1b2df39178ae f62aab1f637f4e9795cd3f215f651b23 e97c5f998cff4c0eb6ef4c0a2de545cf - - default default] Successfully bumped revision number for resource 808738d4-f130-4d15-a122-17125968b30a (type: security_group_rules) to 0
2026-07-09 15:48:41.137 9 INFO neutron.wsgi [None req-f2ff3809-0e25-477b-88c9-a026bb24f000 63ff3411826c4e78afb82d0798e5a349 687a62fda6484e8f9d730a954c1c45e6 - - default default] 10.0.0.179 "GET /v2.0/networks/79bc20a0-b455-4b87-9afb-1392c0d5d876/tags HTTP/1.1" status: 200 len: 230 time: 0.0480590
2026-07-09 15:48:41.154 10 INFO neutron.db.ovn_revision_numbers_db [None req-27e37a6b-50f5-41da-b9f9-1b2df39178ae f62aab1f637f4e9795cd3f215f651b23 e97c5f998cff4c0eb6ef4c0a2de545cf - - default default] Successfully bumped revision number for resource fcbf518d-3b4e-46cb-b1a6-179c5aace5a6 (type: security_group_rules) to 0
2026-07-09 15:48:41.188 10 INFO neutron.wsgi [None req-27e37a6b-50f5-41da-b9f9-1b2df39178ae f62aab1f637f4e9795cd3f215f651b23 e97c5f998cff4c0eb6ef4c0a2de545cf - - default default] 10.0.0.179 "POST /v2.0/security-groups HTTP/1.1" status: 201 len: 1801 time: 0.1906936
2026-07-09 15:48:41.196 10 INFO neutron.wsgi [None req-4096fd83-2c1c-4506-9026-772582144a6d 63ff3411826c4e78afb82d0798e5a349 687a62fda6484e8f9d730a954c1c45e6 - - default default] 10.0.0.179 "GET /v2.0/networks/79bc20a0-b455-4b87-9afb-1392c0d5d876/tags/red HTTP/1.1" status: 204 len: 168 time: 0.0547190
2026-07-09 15:48:41.204 9 WARNING neutron_lib.context [None req-08d07012-af12-42f4-bced-5667c580f30d f62aab1f637f4e9795cd3f215f651b23 e97c5f998cff4c0eb6ef4c0a2de545cf - - default default] Method 'is_advsvc' is deprecated since 2023.2 release (neutron-lib 3.8.0) and will be removed once support for the old RBAC API policies will be removed from Neutron. Please use method 'is_service_role' instead.
2026-07-09 15:48:41.239 10 INFO neutron.api.v2.resource [None req-eff15c29-4094-4323-a1ab-a26aef66ea66 63ff3411826c4e78afb82d0798e5a349 687a62fda6484e8f9d730a954c1c45e6 - - default default] show failed (client error): The resource could not be found.
2026-07-09 15:48:41.240 10 INFO neutron.wsgi [None req-eff15c29-4094-4323-a1ab-a26aef66ea66 63ff3411826c4e78afb82d0798e5a349 687a62fda6484e8f9d730a954c1c45e6 - - default default] 10.0.0.179 "GET /v2.0/networks/79bc20a0-b455-4b87-9afb-1392c0d5d876/tags/green HTTP/1.1" status: 404 len: 299 time: 0.0392978
2026-07-09 15:48:41.316 9 INFO neutron.db.ovn_revision_numbers_db [None req-08d07012-af12-42f4-bced-5667c580f30d f62aab1f637f4e9795cd3f215f651b23 e97c5f998cff4c0eb6ef4c0a2de545cf - - default default] Successfully bumped revision number for resource f28f6ba5-8af3-4117-a84b-f0c719b73974 (type: security_groups) to 1
2026-07-09 15:48:41.317 10 INFO neutron.wsgi [None req-7c15468e-4b49-43a8-ae5f-ad2d29fd18e1 63ff3411826c4e78afb82d0798e5a349 687a62fda6484e8f9d730a954c1c45e6 - - default default] 10.0.0.179 "DELETE /v2.0/networks/79bc20a0-b455-4b87-9afb-1392c0d5d876/tags/red HTTP/1.1" status: 204 len: 168 time: 0.0716956
2026-07-09 15:48:41.341 9 INFO neutron.db.ovn_revision_numbers_db [None req-08d07012-af12-42f4-bced-5667c580f30d f62aab1f637f4e9795cd3f215f651b23 e97c5f998cff4c0eb6ef4c0a2de545cf - - default default] Successfully bumped revision number for resource 6ca36520-2a71-42ab-9da3-7fe31f85c585 (type: security_group_rules) to 0
2026-07-09 15:48:41.357 9 INFO neutron.db.ovn_revision_numbers_db [None req-08d07012-af12-42f4-bced-5667c580f30d f62aab1f637f4e9795cd3f215f651b23 e97c5f998cff4c0eb6ef4c0a2de545cf - - default default] Successfully bumped revision number for resource 86b067c9-a41f-4bce-9391-7098459a6af2 (type: security_group_rules) to 0
2026-07-09 15:48:41.363 10 INFO neutron.wsgi [None req-d6511fbe-f5ac-4736-bb3d-d201abaefef8 63ff3411826c4e78afb82d0798e5a349 687a62fda6484e8f9d730a954c1c45e6 - - default default] 10.0.0.179 "GET /v2.0/networks/79bc20a0-b455-4b87-9afb-1392c0d5d876/tags HTTP/1.1" status: 200 len: 223 time: 0.0414219
2026-07-09 15:48:41.383 9 INFO neutron.wsgi [None req-08d07012-af12-42f4-bced-5667c580f30d f62aab1f637f4e9795cd3f215f651b23 e97c5f998cff4c0eb6ef4c0a2de545cf - - default default] 10.0.0.179 "POST /v2.0/security-groups HTTP/1.1" status: 201 len: 1801 time: 0.1853123
2026-07-09 15:48:41.397 9 WARNING neutron_lib.context [None req-9585f1d8-4351-4c5b-af80-8a3b4154be7b f62aab1f637f4e9795cd3f215f651b23 e97c5f998cff4c0eb6ef4c0a2de545cf - - default default] Method 'is_advsvc' is deprecated since 2023.2 release (neutron-lib 3.8.0) and will be removed once support for the old RBAC API policies will be removed from Neutron. Please use method 'is_service_role' instead.
2026-07-09 15:48:41.409 10 INFO neutron.api.v2.resource [None req-65c5a34e-7ec0-46d7-97ce-510e6800789b 63ff3411826c4e78afb82d0798e5a349 687a62fda6484e8f9d730a954c1c45e6 - - default default] delete failed (client error): The resource could not be found.
2026-07-09 15:48:41.410 10 INFO neutron.wsgi [None req-65c5a34e-7ec0-46d7-97ce-510e6800789b 63ff3411826c4e78afb82d0798e5a349 687a62fda6484e8f9d730a954c1c45e6 - - default default] 10.0.0.179 "DELETE /v2.0/networks/79bc20a0-b455-4b87-9afb-1392c0d5d876/tags/green HTTP/1.1" status: 404 len: 299 time: 0.0435436
2026-07-09 15:48:41.478 9 INFO neutron.wsgi [None req-872cc95c-9e24-4e9f-8881-c5eceee3b4d4 63ff3411826c4e78afb82d0798e5a349 687a62fda6484e8f9d730a954c1c45e6 - - default default] 10.0.0.179 "DELETE /v2.0/networks/79bc20a0-b455-4b87-9afb-1392c0d5d876/tags HTTP/1.1" status: 204 len: 168 time: 0.0629413
2026-07-09 15:48:41.546 9 INFO neutron.wsgi [None req-7ed61846-173a-4d07-a74c-dab355dd0c1e 63ff3411826c4e78afb82d0798e5a349 687a62fda6484e8f9d730a954c1c45e6 - - default default] 10.0.0.179 "GET /v2.0/networks/79bc20a0-b455-4b87-9afb-1392c0d5d876/tags HTTP/1.1" status: 200 len: 205 time: 0.0622463
2026-07-09 15:48:41.580 9 INFO neutron.db.ovn_revision_numbers_db [None req-9585f1d8-4351-4c5b-af80-8a3b4154be7b f62aab1f637f4e9795cd3f215f651b23 e97c5f998cff4c0eb6ef4c0a2de545cf - - default default] Successfully bumped revision number for resource 18fb3bcf-f08c-4efa-a6f6-fed7f8a99b62 (type: security_groups) to 1
2026-07-09 15:48:41.595 9 INFO neutron.db.ovn_revision_numbers_db [None req-9585f1d8-4351-4c5b-af80-8a3b4154be7b f62aab1f637f4e9795cd3f215f651b23 e97c5f998cff4c0eb6ef4c0a2de545cf - - default default] Successfully bumped revision number for resource cc2d4794-7e7f-4cad-98d2-d0f97d06b644 (type: security_group_rules) to 0
2026-07-09 15:48:41.612 9 INFO neutron.db.ovn_revision_numbers_db [None req-9585f1d8-4351-4c5b-af80-8a3b4154be7b f62aab1f637f4e9795cd3f215f651b23 e97c5f998cff4c0eb6ef4c0a2de545cf - - default default] Successfully bumped revision number for resource ee5ed474-4634-4a0e-bff9-b88a83ca3a67 (type: security_group_rules) to 0
2026-07-09 15:48:41.631 9 INFO neutron.wsgi [None req-9585f1d8-4351-4c5b-af80-8a3b4154be7b f62aab1f637f4e9795cd3f215f651b23 e97c5f998cff4c0eb6ef4c0a2de545cf - - default default] 10.0.0.179 "POST /v2.0/security-groups HTTP/1.1" status: 201 len: 1801 time: 0.2398212
2026-07-09 15:48:41.670 9 INFO neutron.wsgi [None req-616207eb-c12c-4f63-b672-bd1811d4b55a f62aab1f637f4e9795cd3f215f651b23 e97c5f998cff4c0eb6ef4c0a2de545cf - - default default] 10.0.0.179 "PUT /v2.0/security-groups/e4e22451-9219-4a09-8b70-c19cf341bc39/tags HTTP/1.1" status: 200 len: 210 time: 0.0345159
2026-07-09 15:48:41.718 9 INFO neutron.wsgi [None req-8835254b-af88-4d13-8c08-5e2831906295 f62aab1f637f4e9795cd3f215f651b23 e97c5f998cff4c0eb6ef4c0a2de545cf - - default default] 10.0.0.179 "PUT /v2.0/security-groups/d454c05e-17f8-46d4-bbe4-624be101c82c/tags HTTP/1.1" status: 200 len: 218 time: 0.0420170
2026-07-09 15:48:41.752 9 INFO neutron.wsgi [None req-c8a3398f-a8bf-4278-8099-e51f286f4ca6 f62aab1f637f4e9795cd3f215f651b23 e97c5f998cff4c0eb6ef4c0a2de545cf - - default default] 10.0.0.179 "PUT /v2.0/security-groups/43fa3bfd-84e8-45e3-a266-e7362d9592ba/tags HTTP/1.1" status: 200 len: 227 time: 0.0306907
2026-07-09 15:48:41.785 9 INFO neutron.wsgi [None req-a92a3fef-85ca-4d5d-acdc-81571d78012b f62aab1f637f4e9795cd3f215f651b23 e97c5f998cff4c0eb6ef4c0a2de545cf - - default default] 10.0.0.179 "PUT /v2.0/security-groups/f28f6ba5-8af3-4117-a84b-f0c719b73974/tags HTTP/1.1" status: 200 len: 212 time: 0.0275264
2026-07-09 15:48:41.837 10 INFO neutron.wsgi [None req-8db5f050-68f0-42c1-8d7e-625bc29a08f5 f62aab1f637f4e9795cd3f215f651b23 e97c5f998cff4c0eb6ef4c0a2de545cf - - default default] 10.0.0.179 "GET /v2.0/security-groups?tags=red HTTP/1.1" status: 200 len: 4999 time: 0.0459881
2026-07-09 15:48:41.903 10 INFO neutron.wsgi [None req-e20a90ec-c831-4255-8ac1-6219360c8d52 f62aab1f637f4e9795cd3f215f651b23 e97c5f998cff4c0eb6ef4c0a2de545cf - - default default] 10.0.0.179 "GET /v2.0/security-groups?tags=red%2Cblue HTTP/1.1" status: 200 len: 3413 time: 0.0602617
2026-07-09 15:48:41.957 9 INFO neutron.wsgi [None req-631c6696-df52-46a6-830d-c6f846293efa f62aab1f637f4e9795cd3f215f651b23 e97c5f998cff4c0eb6ef4c0a2de545cf - - default default] 10.0.0.179 "GET /v2.0/security-groups?tags-any=blue HTTP/1.1" status: 200 len: 3413 time: 0.0488806
2026-07-09 15:48:41.976 10 INFO neutron.services.segments.plugin [-] Segment fd682db0-4792-4474-ace1-a453d996cbf7 resource provider aggregate not found
2026-07-09 15:48:41.982 10 INFO neutron.services.segments.plugin [-] Segment fd682db0-4792-4474-ace1-a453d996cbf7 resource provider aggregate not found
2026-07-09 15:48:42.001 9 INFO neutron.wsgi [None req-0c7adfb6-1e94-4661-9d6c-b6df7eaf2154 f62aab1f637f4e9795cd3f215f651b23 e97c5f998cff4c0eb6ef4c0a2de545cf - - default default] 10.0.0.179 "GET /v2.0/security-groups?tags-any=red%2Cblue HTTP/1.1" status: 200 len: 4999 time: 0.0393999
2026-07-09 15:48:42.001 10 INFO neutron.services.segments.plugin [-] Segment fd682db0-4792-4474-ace1-a453d996cbf7 resource provider not found; error: Placement Client Error (4xx): {"errors": [{"status": 404, "title": "Not Found", "detail": "The resource could not be found.\n\n No resource provider with uuid fd682db0-4792-4474-ace1-a453d996cbf7 found for delete ", "request_id": "req-52720db7-2bfd-4c7f-9f35-ee524d0196c5"}]}
2026-07-09 15:48:42.002 10 INFO neutron.services.segments.plugin [-] Segment fd682db0-4792-4474-ace1-a453d996cbf7 resource provider not found; error: Placement Client Error (4xx): {"errors": [{"status": 404, "title": "Not Found", "detail": "The resource could not be found.\n\n No resource provider with uuid fd682db0-4792-4474-ace1-a453d996cbf7 found for delete ", "request_id": "req-6f57aa94-f29e-4656-ad06-424adf4bd054"}]}
2026-07-09 15:48:42.007 10 INFO neutron.wsgi [None req-0a8bbd10-562d-4613-86bd-bbc21a2d498d 63ff3411826c4e78afb82d0798e5a349 687a62fda6484e8f9d730a954c1c45e6 - - default default] 10.0.0.179 "DELETE /v2.0/networks/79bc20a0-b455-4b87-9afb-1392c0d5d876 HTTP/1.1" status: 204 len: 168 time: 0.4543877
2026-07-09 15:48:42.052 9 INFO neutron.wsgi [None req-acee5b2c-175b-4489-9c2b-69ac5afa0ee6 f62aab1f637f4e9795cd3f215f651b23 e97c5f998cff4c0eb6ef4c0a2de545cf - - default default] 10.0.0.179 "GET /v2.0/security-groups?not-tags=red HTTP/1.1" status: 200 len: 6289 time: 0.0449784
2026-07-09 15:48:42.120 9 INFO neutron.wsgi [None req-a6463f4c-b98c-4ad1-88c5-48a0884aaa74 f62aab1f637f4e9795cd3f215f651b23 e97c5f998cff4c0eb6ef4c0a2de545cf - - default default] 10.0.0.179 "GET /v2.0/security-groups?not-tags=red%2Cblue HTTP/1.1" status: 200 len: 7875 time: 0.0627506
2026-07-09 15:48:42.176 10 INFO neutron.wsgi [None req-81fdbb14-91fc-43ec-9164-9aa28e641384 f62aab1f637f4e9795cd3f215f651b23 e97c5f998cff4c0eb6ef4c0a2de545cf - - default default] 10.0.0.179 "GET /v2.0/security-groups?not-tags-any=blue HTTP/1.1" status: 200 len: 7875 time: 0.0499272
2026-07-09 15:48:42.224 10 INFO neutron.wsgi [None req-f7da9c9c-c00d-4c88-b188-8c3833fdfec4 f62aab1f637f4e9795cd3f215f651b23 e97c5f998cff4c0eb6ef4c0a2de545cf - - default default] 10.0.0.179 "GET /v2.0/security-groups?not-tags-any=red%2Cblue HTTP/1.1" status: 200 len: 6289 time: 0.0443873
2026-07-09 15:48:42.340 10 INFO neutron.wsgi [None req-cf856ef7-7165-436d-9c7e-db2c50a50cbd f62aab1f637f4e9795cd3f215f651b23 e97c5f998cff4c0eb6ef4c0a2de545cf - - default default] 10.0.0.179 "DELETE /v2.0/security-groups/e4e22451-9219-4a09-8b70-c19cf341bc39 HTTP/1.1" status: 204 len: 168 time: 0.1072421
2026-07-09 15:48:42.474 10 INFO neutron.wsgi [None req-15a0bac2-be2a-412b-9c3d-39584f4ecb3d f62aab1f637f4e9795cd3f215f651b23 e97c5f998cff4c0eb6ef4c0a2de545cf - - default default] 10.0.0.179 "DELETE /v2.0/security-groups/d454c05e-17f8-46d4-bbe4-624be101c82c HTTP/1.1" status: 204 len: 168 time: 0.1294386
2026-07-09 15:48:42.599 10 INFO neutron.wsgi [None req-0dc5e399-63a0-43ed-a23a-82dab9c0218d f62aab1f637f4e9795cd3f215f651b23 e97c5f998cff4c0eb6ef4c0a2de545cf - - default default] 10.0.0.179 "DELETE /v2.0/security-groups/43fa3bfd-84e8-45e3-a266-e7362d9592ba HTTP/1.1" status: 204 len: 168 time: 0.1193638
2026-07-09 15:48:42.721 10 INFO neutron.wsgi [None req-b94b7193-d9d0-4723-8652-c3a7b992be5b f62aab1f637f4e9795cd3f215f651b23 e97c5f998cff4c0eb6ef4c0a2de545cf - - default default] 10.0.0.179 "DELETE /v2.0/security-groups/f28f6ba5-8af3-4117-a84b-f0c719b73974 HTTP/1.1" status: 204 len: 168 time: 0.1174693
2026-07-09 15:48:42.842 10 INFO neutron.wsgi [None req-5c605308-a9a5-4bae-8b5c-a3f9a3c4e4b1 f62aab1f637f4e9795cd3f215f651b23 e97c5f998cff4c0eb6ef4c0a2de545cf - - default default] 10.0.0.179 "DELETE /v2.0/security-groups/18fb3bcf-f08c-4efa-a6f6-fed7f8a99b62 HTTP/1.1" status: 204 len: 168 time: 0.1169515
2026-07-09 15:48:42.964 9 INFO neutron.db.ovn_revision_numbers_db [None req-a4dd6806-e75b-4b6e-89f9-c87f4ad4de36 c78bf3b8cf62431b8a411c2bb640c804 0c88b9fafbe24245a405c8b3e038ea2d - - default default] Successfully bumped revision number for resource 99595bba-1bc2-4222-9c61-2af3d9313d18 (type: security_groups) to 1
2026-07-09 15:48:42.977 9 INFO neutron.db.ovn_revision_numbers_db [None req-a4dd6806-e75b-4b6e-89f9-c87f4ad4de36 c78bf3b8cf62431b8a411c2bb640c804 0c88b9fafbe24245a405c8b3e038ea2d - - default default] Successfully bumped revision number for resource 0159ee84-fc86-410a-9f1b-d05db83dab71 (type: security_group_rules) to 0
2026-07-09 15:48:42.987 9 INFO neutron.db.ovn_revision_numbers_db [None req-a4dd6806-e75b-4b6e-89f9-c87f4ad4de36 c78bf3b8cf62431b8a411c2bb640c804 0c88b9fafbe24245a405c8b3e038ea2d - - default default] Successfully bumped revision number for resource 7de0e35d-499b-4fe2-93b8-d8999c1bb87e (type: security_group_rules) to 0
2026-07-09 15:48:43.004 9 INFO neutron.db.ovn_revision_numbers_db [None req-a4dd6806-e75b-4b6e-89f9-c87f4ad4de36 c78bf3b8cf62431b8a411c2bb640c804 0c88b9fafbe24245a405c8b3e038ea2d - - default default] Successfully bumped revision number for resource a1159e3d-6929-4e3d-a28b-ec0a5a29fca5 (type: security_group_rules) to 0
2026-07-09 15:48:43.016 9 INFO neutron.db.ovn_revision_numbers_db [None req-a4dd6806-e75b-4b6e-89f9-c87f4ad4de36 c78bf3b8cf62431b8a411c2bb640c804 0c88b9fafbe24245a405c8b3e038ea2d - - default default] Successfully bumped revision number for resource ba507d15-3051-4e7f-b25c-8383ea82e9b3 (type: security_group_rules) to 0
2026-07-09 15:48:43.038 9 INFO neutron.wsgi [None req-a4dd6806-e75b-4b6e-89f9-c87f4ad4de36 c78bf3b8cf62431b8a411c2bb640c804 0c88b9fafbe24245a405c8b3e038ea2d - - default default] 10.0.0.179 "GET /v2.0/security-groups?tenant_id=8496c63ca2be4148af1930a9464f4b46&name=default HTTP/1.1" status: 200 len: 3124 time: 0.2915957
2026-07-09 15:48:43.258 10 INFO neutron.wsgi [None req-e16695a5-8afa-4eae-a6c5-d2a4a75e3c01 c78bf3b8cf62431b8a411c2bb640c804 0c88b9fafbe24245a405c8b3e038ea2d - - default default] 10.0.0.179 "DELETE /v2.0/security-groups/99595bba-1bc2-4222-9c61-2af3d9313d18 HTTP/1.1" status: 204 len: 168 time: 0.2143703
2026-07-09 15:48:43.450 10 INFO neutron.wsgi [None req-6d8d003c-c8f0-41d5-a21e-29e700d51bc8 c78bf3b8cf62431b8a411c2bb640c804 0c88b9fafbe24245a405c8b3e038ea2d - - default default] 10.0.0.179 "GET /v2.0/security-groups?tenant_id=687a62fda6484e8f9d730a954c1c45e6&name=default HTTP/1.1" status: 200 len: 3120 time: 0.0381241
2026-07-09 15:48:43.696 10 INFO neutron.wsgi [None req-d60cf737-f633-4a50-8ff9-2c2559ff9842 c78bf3b8cf62431b8a411c2bb640c804 0c88b9fafbe24245a405c8b3e038ea2d - - default default] 10.0.0.179 "DELETE /v2.0/security-groups/a633e45b-70d2-479f-8408-b515eed1071a HTTP/1.1" status: 204 len: 168 time: 0.2286351
2026-07-09 15:48:44.007 9 INFO neutron.db.ovn_revision_numbers_db [None req-d310e587-9b07-4e8d-bf2d-b8cc15be9863 c78bf3b8cf62431b8a411c2bb640c804 0c88b9fafbe24245a405c8b3e038ea2d - - default default] Successfully bumped revision number for resource c36b35ee-5f57-4d7f-975f-9cdd862bee72 (type: security_groups) to 1
2026-07-09 15:48:44.020 9 INFO neutron.db.ovn_revision_numbers_db [None req-d310e587-9b07-4e8d-bf2d-b8cc15be9863 c78bf3b8cf62431b8a411c2bb640c804 0c88b9fafbe24245a405c8b3e038ea2d - - default default] Successfully bumped revision number for resource 0ba80f8d-1e80-4698-9bea-4475c12cb3ab (type: security_group_rules) to 0
2026-07-09 15:48:44.033 9 INFO neutron.db.ovn_revision_numbers_db [None req-d310e587-9b07-4e8d-bf2d-b8cc15be9863 c78bf3b8cf62431b8a411c2bb640c804 0c88b9fafbe24245a405c8b3e038ea2d - - default default] Successfully bumped revision number for resource 0c322cc5-231c-4e24-ac6e-2d7029a14a62 (type: security_group_rules) to 0
2026-07-09 15:48:44.045 9 INFO neutron.db.ovn_revision_numbers_db [None req-d310e587-9b07-4e8d-bf2d-b8cc15be9863 c78bf3b8cf62431b8a411c2bb640c804 0c88b9fafbe24245a405c8b3e038ea2d - - default default] Successfully bumped revision number for resource 1e0b79a1-73d2-423d-a1be-5c4ad28593a1 (type: security_group_rules) to 0
2026-07-09 15:48:44.058 9 INFO neutron.db.ovn_revision_numbers_db [None req-d310e587-9b07-4e8d-bf2d-b8cc15be9863 c78bf3b8cf62431b8a411c2bb640c804 0c88b9fafbe24245a405c8b3e038ea2d - - default default] Successfully bumped revision number for resource 645ee143-c81f-4d84-a686-7e7f38a4c229 (type: security_group_rules) to 0
2026-07-09 15:48:44.078 9 INFO neutron.wsgi [None req-d310e587-9b07-4e8d-bf2d-b8cc15be9863 c78bf3b8cf62431b8a411c2bb640c804 0c88b9fafbe24245a405c8b3e038ea2d - - default default] 10.0.0.179 "GET /v2.0/security-groups?tenant_id=fd25526c34b048f28259cffe10c24605&name=default HTTP/1.1" status: 200 len: 3124 time: 0.4161398
2026-07-09 15:48:44.299 10 INFO neutron.wsgi [None req-6b08dd82-1214-416f-847b-1ee944de7145 c78bf3b8cf62431b8a411c2bb640c804 0c88b9fafbe24245a405c8b3e038ea2d - - default default] 10.0.0.179 "DELETE /v2.0/security-groups/c36b35ee-5f57-4d7f-975f-9cdd862bee72 HTTP/1.1" status: 204 len: 168 time: 0.2123890
2026-07-09 15:48:44.534 10 INFO neutron.db.ovn_revision_numbers_db [None req-b100c559-200c-4e60-b84d-447682f4e616 c78bf3b8cf62431b8a411c2bb640c804 0c88b9fafbe24245a405c8b3e038ea2d - - default default] Successfully bumped revision number for resource db18aa01-93ca-45ad-94d2-7cf9fc96aad3 (type: security_groups) to 1
2026-07-09 15:48:44.547 10 INFO neutron.db.ovn_revision_numbers_db [None req-b100c559-200c-4e60-b84d-447682f4e616 c78bf3b8cf62431b8a411c2bb640c804 0c88b9fafbe24245a405c8b3e038ea2d - - default default] Successfully bumped revision number for resource 5069259c-ef87-4ee4-a0b1-9406f87f78c4 (type: security_group_rules) to 0
2026-07-09 15:48:44.562 10 INFO neutron.db.ovn_revision_numbers_db [None req-b100c559-200c-4e60-b84d-447682f4e616 c78bf3b8cf62431b8a411c2bb640c804 0c88b9fafbe24245a405c8b3e038ea2d - - default default] Successfully bumped revision number for resource 73a5ccef-42d6-4cfb-9a10-96f0fbb1a31a (type: security_group_rules) to 0
2026-07-09 15:48:44.580 10 INFO neutron.db.ovn_revision_numbers_db [None req-b100c559-200c-4e60-b84d-447682f4e616 c78bf3b8cf62431b8a411c2bb640c804 0c88b9fafbe24245a405c8b3e038ea2d - - default default] Successfully bumped revision number for resource 76c29584-2210-4e08-87e9-ddd7ef01563a (type: security_group_rules) to 0
2026-07-09 15:48:44.592 10 INFO neutron.db.ovn_revision_numbers_db [None req-b100c559-200c-4e60-b84d-447682f4e616 c78bf3b8cf62431b8a411c2bb640c804 0c88b9fafbe24245a405c8b3e038ea2d - - default default] Successfully bumped revision number for resource 99218e5f-311b-4a41-af0f-5750410aa33a (type: security_group_rules) to 0
2026-07-09 15:48:44.613 10 INFO neutron.wsgi [None req-b100c559-200c-4e60-b84d-447682f4e616 c78bf3b8cf62431b8a411c2bb640c804 0c88b9fafbe24245a405c8b3e038ea2d - - default default] 10.0.0.179 "GET /v2.0/security-groups?tenant_id=df1c12af6f9448b9ad3cdd3ba4e9ba8d&name=default HTTP/1.1" status: 200 len: 3124 time: 0.2073002
2026-07-09 15:48:44.840 10 INFO neutron.wsgi [None req-835dab3f-77d7-4dea-bbf3-e082342fd298 c78bf3b8cf62431b8a411c2bb640c804 0c88b9fafbe24245a405c8b3e038ea2d - - default default] 10.0.0.179 "DELETE /v2.0/security-groups/db18aa01-93ca-45ad-94d2-7cf9fc96aad3 HTTP/1.1" status: 204 len: 168 time: 0.2226214
2026-07-09 15:48:44.974 10 INFO neutron.wsgi [-] 10.0.0.209 "GET / HTTP/1.1" status: 200 len: 247 time: 0.0019374
2026-07-09 15:48:44.974 9 INFO neutron.wsgi [-] 10.0.0.209 "GET / HTTP/1.1" status: 200 len: 247 time: 0.0021608
2026-07-09 15:48:44.987 10 INFO neutron.wsgi [None req-1722020e-ba58-4ac6-8748-83c0270ddb03 c78bf3b8cf62431b8a411c2bb640c804 0c88b9fafbe24245a405c8b3e038ea2d - - default default] 10.0.0.179 "GET /v2.0/security-groups?tenant_id=e97c5f998cff4c0eb6ef4c0a2de545cf&name=default HTTP/1.1" status: 200 len: 3120 time: 0.0464101
2026-07-09 15:48:45.240 10 INFO neutron.wsgi [None req-fed39165-e506-4e79-8559-4d0d09216301 c78bf3b8cf62431b8a411c2bb640c804 0c88b9fafbe24245a405c8b3e038ea2d - - default default] 10.0.0.179 "DELETE /v2.0/security-groups/b7cfafb2-6748-46d0-b7c7-8a5c8915c0e9 HTTP/1.1" status: 204 len: 168 time: 0.2469754
2026-07-09 15:48:47.313 10 WARNING neutron_lib.context [None req-d4da4b01-98f8-4852-8439-f2f25783c29e d5ea0decbfb84edabaf82d80cc59f85e 8b031d6cb51540518d5e095f4fc873c1 - - default default] Method 'is_advsvc' is deprecated since 2023.2 release (neutron-lib 3.8.0) and will be removed once support for the old RBAC API policies will be removed from Neutron. Please use method 'is_service_role' instead.
2026-07-09 15:48:47.471 10 INFO neutron.db.ovn_revision_numbers_db [None req-d4da4b01-98f8-4852-8439-f2f25783c29e d5ea0decbfb84edabaf82d80cc59f85e 8b031d6cb51540518d5e095f4fc873c1 - - default default] Successfully bumped revision number for resource 5a611202-4b4d-423d-b655-165225c28097 (type: security_groups) to 1
2026-07-09 15:48:47.492 10 INFO neutron.db.ovn_revision_numbers_db [None req-d4da4b01-98f8-4852-8439-f2f25783c29e d5ea0decbfb84edabaf82d80cc59f85e 8b031d6cb51540518d5e095f4fc873c1 - - default default] Successfully bumped revision number for resource 24ff9439-ae1c-493f-8323-6f3ee29ede0e (type: security_group_rules) to 0
2026-07-09 15:48:47.518 10 INFO neutron.db.ovn_revision_numbers_db [None req-d4da4b01-98f8-4852-8439-f2f25783c29e d5ea0decbfb84edabaf82d80cc59f85e 8b031d6cb51540518d5e095f4fc873c1 - - default default] Successfully bumped revision number for resource 72ccdb88-92ed-4926-8353-d6ef1a6bb61d (type: security_group_rules) to 0
2026-07-09 15:48:47.534 10 INFO neutron.db.ovn_revision_numbers_db [None req-d4da4b01-98f8-4852-8439-f2f25783c29e d5ea0decbfb84edabaf82d80cc59f85e 8b031d6cb51540518d5e095f4fc873c1 - - default default] Successfully bumped revision number for resource bb97ff18-e803-453c-9593-b174c92b3397 (type: security_group_rules) to 0
2026-07-09 15:48:47.548 10 INFO neutron.db.ovn_revision_numbers_db [None req-d4da4b01-98f8-4852-8439-f2f25783c29e d5ea0decbfb84edabaf82d80cc59f85e 8b031d6cb51540518d5e095f4fc873c1 - - default default] Successfully bumped revision number for resource fef1f3bc-a765-431d-82ae-f99b1349c54b (type: security_group_rules) to 0
2026-07-09 15:48:47.614 10 INFO neutron.db.segments_db [None req-d4da4b01-98f8-4852-8439-f2f25783c29e d5ea0decbfb84edabaf82d80cc59f85e 8b031d6cb51540518d5e095f4fc873c1 - - default default] Added segment 13a94e6f-dc77-4cf0-bb83-0817207092f9 of type geneve for network 9c7c3f42-80b5-4af9-9143-ddfff13d537e
2026-07-09 15:48:47.739 10 INFO neutron.db.ovn_revision_numbers_db [None req-b9aa40f2-f37f-4438-a1ba-431ebbab80cb c78bf3b8cf62431b8a411c2bb640c804 0c88b9fafbe24245a405c8b3e038ea2d - - default default] Successfully bumped revision number for resource 3bed138f-ff72-4de0-9019-b1f918a45d44 (type: security_groups) to 1
2026-07-09 15:48:47.766 10 INFO neutron.db.ovn_revision_numbers_db [None req-b9aa40f2-f37f-4438-a1ba-431ebbab80cb c78bf3b8cf62431b8a411c2bb640c804 0c88b9fafbe24245a405c8b3e038ea2d - - default default] Successfully bumped revision number for resource 78674f9c-c1b5-4b2a-92e2-a857aac4fcb4 (type: security_group_rules) to 0
2026-07-09 15:48:47.786 10 INFO neutron.db.ovn_revision_numbers_db [None req-d4da4b01-98f8-4852-8439-f2f25783c29e d5ea0decbfb84edabaf82d80cc59f85e 8b031d6cb51540518d5e095f4fc873c1 - - default default] Successfully bumped revision number for resource 9c7c3f42-80b5-4af9-9143-ddfff13d537e (type: networks) to 1
2026-07-09 15:48:47.791 10 INFO neutron.db.ovn_revision_numbers_db [None req-b9aa40f2-f37f-4438-a1ba-431ebbab80cb c78bf3b8cf62431b8a411c2bb640c804 0c88b9fafbe24245a405c8b3e038ea2d - - default default] Successfully bumped revision number for resource afec2966-a908-4ef0-aee6-9cef5aa4cbe4 (type: security_group_rules) to 0
2026-07-09 15:48:47.822 10 INFO neutron.db.ovn_revision_numbers_db [None req-b9aa40f2-f37f-4438-a1ba-431ebbab80cb c78bf3b8cf62431b8a411c2bb640c804 0c88b9fafbe24245a405c8b3e038ea2d - - default default] Successfully bumped revision number for resource d3c357d4-8981-4fb2-b708-a456420dbac5 (type: security_group_rules) to 0
2026-07-09 15:48:47.846 10 INFO neutron.db.ovn_revision_numbers_db [None req-b9aa40f2-f37f-4438-a1ba-431ebbab80cb c78bf3b8cf62431b8a411c2bb640c804 0c88b9fafbe24245a405c8b3e038ea2d - - default default] Successfully bumped revision number for resource fe5ae9e8-697c-4239-9ff6-7e86a91229e7 (type: security_group_rules) to 0
2026-07-09 15:48:47.882 10 INFO neutron.wsgi [None req-b9aa40f2-f37f-4438-a1ba-431ebbab80cb c78bf3b8cf62431b8a411c2bb640c804 0c88b9fafbe24245a405c8b3e038ea2d - - default default] 10.0.0.179 "GET /v2.0/security-groups?tenant_id=b40a65e8b9064e778558fb1ebdeb0679&name=default HTTP/1.1" status: 200 len: 3124 time: 0.3510180
2026-07-09 15:48:48.005 10 WARNING neutron.scheduler.dhcp_agent_scheduler [None req-d4da4b01-98f8-4852-8439-f2f25783c29e d5ea0decbfb84edabaf82d80cc59f85e 8b031d6cb51540518d5e095f4fc873c1 - - default default] No more DHCP agents
2026-07-09 15:48:48.007 10 WARNING neutron.api.rpc.agentnotifiers.dhcp_rpc_agent_api [None req-d4da4b01-98f8-4852-8439-f2f25783c29e d5ea0decbfb84edabaf82d80cc59f85e 8b031d6cb51540518d5e095f4fc873c1 - - default default] Unable to schedule network 9c7c3f42-80b5-4af9-9143-ddfff13d537e: no agents available; will retry on subsequent port and subnet creation events.
2026-07-09 15:48:48.092 10 INFO neutron.db.ovn_revision_numbers_db [None req-d4da4b01-98f8-4852-8439-f2f25783c29e d5ea0decbfb84edabaf82d80cc59f85e 8b031d6cb51540518d5e095f4fc873c1 - - default default] Successfully bumped revision number for resource 5b34a3b0-1e71-40e4-8445-ce82e41cc5c7 (type: ports) to 1
2026-07-09 15:48:48.123 10 INFO neutron.wsgi [None req-d4da4b01-98f8-4852-8439-f2f25783c29e d5ea0decbfb84edabaf82d80cc59f85e 8b031d6cb51540518d5e095f4fc873c1 - - default default] 10.0.0.179 "POST /v2.0/networks HTTP/1.1" status: 201 len: 831 time: 1.0166531
2026-07-09 15:48:48.132 10 WARNING neutron_lib.context [None req-b6c405f3-d68f-482a-b8f7-c90f489dc3bc d5ea0decbfb84edabaf82d80cc59f85e 8b031d6cb51540518d5e095f4fc873c1 - - default default] Method 'is_advsvc' is deprecated since 2023.2 release (neutron-lib 3.8.0) and will be removed once support for the old RBAC API policies will be removed from Neutron. Please use method 'is_service_role' instead.
2026-07-09 15:48:48.147 9 INFO neutron.wsgi [None req-ecdb2e8a-c171-4429-99c5-a351c9225f1e c78bf3b8cf62431b8a411c2bb640c804 0c88b9fafbe24245a405c8b3e038ea2d - - default default] 10.0.0.179 "DELETE /v2.0/security-groups/3bed138f-ff72-4de0-9019-b1f918a45d44 HTTP/1.1" status: 204 len: 168 time: 0.2584138
2026-07-09 15:48:48.591 9 WARNING neutron_lib.context [None req-6bbdeafe-9ee7-4f97-b329-1a4cc723ba59 966d13dff324445b90c30464c4cc5027 b00e4b75b86f46bc9d1842d7bd4eb855 - - default default] Method 'is_advsvc' is deprecated since 2023.2 release (neutron-lib 3.8.0) and will be removed once support for the old RBAC API policies will be removed from Neutron. Please use method 'is_service_role' instead.
2026-07-09 15:48:48.651 10 WARNING neutron.scheduler.dhcp_agent_scheduler [None req-b6c405f3-d68f-482a-b8f7-c90f489dc3bc d5ea0decbfb84edabaf82d80cc59f85e 8b031d6cb51540518d5e095f4fc873c1 - - default default] No more DHCP agents
2026-07-09 15:48:48.654 10 WARNING neutron.api.rpc.agentnotifiers.dhcp_rpc_agent_api [None req-b6c405f3-d68f-482a-b8f7-c90f489dc3bc d5ea0decbfb84edabaf82d80cc59f85e 8b031d6cb51540518d5e095f4fc873c1 - - default default] Unable to schedule network 9c7c3f42-80b5-4af9-9143-ddfff13d537e: no agents available; will retry on subsequent port and subnet creation events.
2026-07-09 15:48:48.733 9 INFO neutron.db.ovn_revision_numbers_db [None req-6bbdeafe-9ee7-4f97-b329-1a4cc723ba59 966d13dff324445b90c30464c4cc5027 b00e4b75b86f46bc9d1842d7bd4eb855 - - default default] Successfully bumped revision number for resource 1970e19d-5766-41c5-b9e9-d068330c6bd4 (type: security_groups) to 1
2026-07-09 15:48:48.741 10 INFO neutron.db.ovn_revision_numbers_db [None req-b6c405f3-d68f-482a-b8f7-c90f489dc3bc d5ea0decbfb84edabaf82d80cc59f85e 8b031d6cb51540518d5e095f4fc873c1 - - default default] Successfully bumped revision number for resource 1b8401a6-d086-4adf-9924-9a2eb7ca34ef (type: ports) to 1
2026-07-09 15:48:48.749 9 INFO neutron.db.ovn_revision_numbers_db [None req-6bbdeafe-9ee7-4f97-b329-1a4cc723ba59 966d13dff324445b90c30464c4cc5027 b00e4b75b86f46bc9d1842d7bd4eb855 - - default default] Successfully bumped revision number for resource 186143ca-210e-4b43-b46c-911b65714afe (type: security_group_rules) to 0
2026-07-09 15:48:48.764 9 INFO neutron.db.ovn_revision_numbers_db [None req-6bbdeafe-9ee7-4f97-b329-1a4cc723ba59 966d13dff324445b90c30464c4cc5027 b00e4b75b86f46bc9d1842d7bd4eb855 - - default default] Successfully bumped revision number for resource bb5eca54-b5db-45b2-a59f-73b70f4d24f1 (type: security_group_rules) to 0
2026-07-09 15:48:48.770 10 INFO neutron.wsgi [None req-b6c405f3-d68f-482a-b8f7-c90f489dc3bc d5ea0decbfb84edabaf82d80cc59f85e 8b031d6cb51540518d5e095f4fc873c1 - - default default] 10.0.0.179 "POST /v2.0/ports HTTP/1.1" status: 201 len: 942 time: 0.6424208
2026-07-09 15:48:48.778 9 INFO neutron.db.ovn_revision_numbers_db [None req-6bbdeafe-9ee7-4f97-b329-1a4cc723ba59 966d13dff324445b90c30464c4cc5027 b00e4b75b86f46bc9d1842d7bd4eb855 - - default default] Successfully bumped revision number for resource cdf29d61-780f-47b8-bd0a-a4f27fc95655 (type: security_group_rules) to 0 /var/lib/openstack/lib/python3.10/site-packages/pycadf/identifier.py:71: UserWarning: Invalid uuid: neutron. To ensure interoperability, identifiers should be a valid uuid. warnings.warn(('Invalid uuid: %s. To ensure interoperability, '
2026-07-09 15:48:48.795 9 INFO neutron.db.ovn_revision_numbers_db [None req-6bbdeafe-9ee7-4f97-b329-1a4cc723ba59 966d13dff324445b90c30464c4cc5027 b00e4b75b86f46bc9d1842d7bd4eb855 - - default default] Successfully bumped revision number for resource f4034e3e-853f-49e9-bfef-ed5a6f72822b (type: security_group_rules) to 0
2026-07-09 15:48:48.845 10 INFO neutron.wsgi [None req-2d4901ab-d321-4f9c-bb98-e2127697b301 d5ea0decbfb84edabaf82d80cc59f85e 8b031d6cb51540518d5e095f4fc873c1 - - default default] 10.0.0.179 "PUT /v2.0/ports/1b8401a6-d086-4adf-9924-9a2eb7ca34ef/tags HTTP/1.1" status: 200 len: 218 time: 0.0690179
2026-07-09 15:48:48.849 9 INFO neutron.db.segments_db [None req-6bbdeafe-9ee7-4f97-b329-1a4cc723ba59 966d13dff324445b90c30464c4cc5027 b00e4b75b86f46bc9d1842d7bd4eb855 - - default default] Added segment 6be04bcc-55ff-417c-98a2-15f396430b1c of type geneve for network d8a0c70d-258e-4d88-9229-a08e6fc098e2
2026-07-09 15:48:48.888 10 INFO neutron.wsgi [None req-f3624ede-341b-428c-8051-29d15eb325f2 d5ea0decbfb84edabaf82d80cc59f85e 8b031d6cb51540518d5e095f4fc873c1 - - default default] 10.0.0.179 "GET /v2.0/ports/1b8401a6-d086-4adf-9924-9a2eb7ca34ef/tags HTTP/1.1" status: 200 len: 218 time: 0.0379996
2026-07-09 15:48:48.940 10 INFO neutron.wsgi [None req-66c6a28a-9704-454e-8f64-3efdc2d15058 d5ea0decbfb84edabaf82d80cc59f85e 8b031d6cb51540518d5e095f4fc873c1 - - default default] 10.0.0.179 "PUT /v2.0/ports/1b8401a6-d086-4adf-9924-9a2eb7ca34ef/tags/green HTTP/1.1" status: 201 len: 201 time: 0.0454874
