2026-07-09 15:45:58.411 9 INFO neutron.db.ovn_revision_numbers_db [None req-79278666-7d1e-49d8-947d-ba4f524f06d6 eb475a334d8a4f9d92174e8c4fa94e02 8ae128b83e124445a399a0965f1c7ceb - - default default] Successfully bumped revision number for resource 45eddfca-9d4f-4de1-980c-ebb019a40b61 (type: ports) to 1
2026-07-09 15:45:58.452 9 INFO neutron.wsgi [None req-79278666-7d1e-49d8-947d-ba4f524f06d6 eb475a334d8a4f9d92174e8c4fa94e02 8ae128b83e124445a399a0965f1c7ceb - - default default] 10.0.0.179 "POST /v2.0/networks HTTP/1.1" status: 201 len: 853 time: 1.3403084
2026-07-09 15:45:58.469 10 WARNING neutron_lib.context [None req-6ea19db7-cf89-4b35-bc04-7b76b770aebe eb475a334d8a4f9d92174e8c4fa94e02 8ae128b83e124445a399a0965f1c7ceb - - default default] Method 'is_advsvc' is deprecated since 2023.2 release (neutron-lib 3.8.0) and will be removed once support for the old RBAC API policies will be removed from Neutron. Please use method 'is_service_role' instead.
2026-07-09 15:45:58.482 9 WARNING neutron.scheduler.dhcp_agent_scheduler [None req-8514b6b4-274a-4212-b078-6e5ccf79679e c78bf3b8cf62431b8a411c2bb640c804 0c88b9fafbe24245a405c8b3e038ea2d - - default default] No more DHCP agents
2026-07-09 15:45:58.486 9 WARNING neutron.api.rpc.agentnotifiers.dhcp_rpc_agent_api [None req-8514b6b4-274a-4212-b078-6e5ccf79679e c78bf3b8cf62431b8a411c2bb640c804 0c88b9fafbe24245a405c8b3e038ea2d - - default default] Unable to schedule network b5f0e48d-d94d-49ef-81cd-7c3a69c8128f: no agents available; will retry on subsequent port and subnet creation events.
2026-07-09 15:45:58.612 10 INFO neutron.db.segments_db [None req-6ea19db7-cf89-4b35-bc04-7b76b770aebe eb475a334d8a4f9d92174e8c4fa94e02 8ae128b83e124445a399a0965f1c7ceb - - default default] Added segment e0f84bca-cecd-487f-b40b-65fafd16a3ca of type geneve for network 82395760-2923-4e6d-8855-be6d5468f6ba
2026-07-09 15:45:58.620 10 INFO neutron.services.segments.plugin [-] Segment b657ca06-e64d-444f-92fd-051d3f3e6e1f resource provider aggregate not found
2026-07-09 15:45:58.623 10 INFO neutron.services.segments.plugin [-] Segment b657ca06-e64d-444f-92fd-051d3f3e6e1f resource provider aggregate not found
2026-07-09 15:45:58.643 10 INFO neutron.services.segments.plugin [-] Segment b657ca06-e64d-444f-92fd-051d3f3e6e1f resource provider not found; error: Placement Client Error (4xx): {"errors": [{"status": 404, "title": "Not Found", "detail": "The resource could not be found.\n\n No resource provider with uuid b657ca06-e64d-444f-92fd-051d3f3e6e1f found for delete ", "request_id": "req-184461eb-85d1-45c2-9c84-2bf72c477440"}]}
2026-07-09 15:45:58.653 10 INFO neutron.services.segments.plugin [-] Segment b657ca06-e64d-444f-92fd-051d3f3e6e1f resource provider not found; error: Placement Client Error (4xx): {"errors": [{"status": 404, "title": "Not Found", "detail": "The resource could not be found.\n\n No resource provider with uuid b657ca06-e64d-444f-92fd-051d3f3e6e1f found for delete ", "request_id": "req-c0c45f7e-6aa6-4c48-9989-eefa304251a7"}]}
2026-07-09 15:45:58.701 10 INFO neutron.wsgi [None req-2a43a44b-e46c-4a43-8c88-80070e85867b c78bf3b8cf62431b8a411c2bb640c804 0c88b9fafbe24245a405c8b3e038ea2d - - default default] 10.0.0.179 "DELETE /v2.0/security-groups/a93ef21d-4f70-41cc-9f3b-f66d12a65de8 HTTP/1.1" status: 204 len: 168 time: 0.3251884
2026-07-09 15:45:58.738 9 INFO neutron.db.ovn_revision_numbers_db [None req-31b6d86d-ce18-4700-a0f2-d27671e12a23 - - - - - -] Successfully bumped revision number for resource 56fabdf8-616c-4377-8651-7d4bd76280f3 (type: ports) to 4
2026-07-09 15:45:58.783 10 INFO neutron.db.ovn_revision_numbers_db [None req-6ea19db7-cf89-4b35-bc04-7b76b770aebe eb475a334d8a4f9d92174e8c4fa94e02 8ae128b83e124445a399a0965f1c7ceb - - default default] Successfully bumped revision number for resource 82395760-2923-4e6d-8855-be6d5468f6ba (type: networks) to 1
2026-07-09 15:45:58.987 10 INFO neutron.db.ovn_revision_numbers_db [None req-fab9865d-2ebb-4eef-b071-b84d3c8f8dfa c78bf3b8cf62431b8a411c2bb640c804 0c88b9fafbe24245a405c8b3e038ea2d - - default default] Successfully bumped revision number for resource 313c73bb-e634-4042-9c94-c0c5bea4b1d9 (type: security_groups) to 1
2026-07-09 15:45:58.989 10 WARNING neutron.scheduler.dhcp_agent_scheduler [None req-6ea19db7-cf89-4b35-bc04-7b76b770aebe eb475a334d8a4f9d92174e8c4fa94e02 8ae128b83e124445a399a0965f1c7ceb - - default default] No more DHCP agents
2026-07-09 15:45:58.993 10 WARNING neutron.api.rpc.agentnotifiers.dhcp_rpc_agent_api [None req-6ea19db7-cf89-4b35-bc04-7b76b770aebe eb475a334d8a4f9d92174e8c4fa94e02 8ae128b83e124445a399a0965f1c7ceb - - default default] Unable to schedule network 82395760-2923-4e6d-8855-be6d5468f6ba: no agents available; will retry on subsequent port and subnet creation events.
2026-07-09 15:45:59.011 10 INFO neutron.db.ovn_revision_numbers_db [None req-fab9865d-2ebb-4eef-b071-b84d3c8f8dfa c78bf3b8cf62431b8a411c2bb640c804 0c88b9fafbe24245a405c8b3e038ea2d - - default default] Successfully bumped revision number for resource 3683aa87-fd49-4efb-8c1c-50a39915fcee (type: security_group_rules) to 0
2026-07-09 15:45:59.034 10 INFO neutron.db.ovn_revision_numbers_db [None req-fab9865d-2ebb-4eef-b071-b84d3c8f8dfa c78bf3b8cf62431b8a411c2bb640c804 0c88b9fafbe24245a405c8b3e038ea2d - - default default] Successfully bumped revision number for resource 453fe4aa-08ab-4f35-b274-a733318f5ecd (type: security_group_rules) to 0
2026-07-09 15:45:59.049 10 INFO neutron.db.ovn_revision_numbers_db [None req-fab9865d-2ebb-4eef-b071-b84d3c8f8dfa c78bf3b8cf62431b8a411c2bb640c804 0c88b9fafbe24245a405c8b3e038ea2d - - default default] Successfully bumped revision number for resource 694c0c03-341d-43e5-8051-c85a71215b45 (type: security_group_rules) to 0
2026-07-09 15:45:59.071 10 INFO neutron.db.ovn_revision_numbers_db [None req-fab9865d-2ebb-4eef-b071-b84d3c8f8dfa c78bf3b8cf62431b8a411c2bb640c804 0c88b9fafbe24245a405c8b3e038ea2d - - default default] Successfully bumped revision number for resource 988fe478-1e26-44a2-ae01-0df7c0e45ddf (type: security_group_rules) to 0
2026-07-09 15:45:59.082 10 INFO neutron.db.ovn_revision_numbers_db [None req-6ea19db7-cf89-4b35-bc04-7b76b770aebe eb475a334d8a4f9d92174e8c4fa94e02 8ae128b83e124445a399a0965f1c7ceb - - default default] Successfully bumped revision number for resource 7cf9e29f-a426-4a1d-9049-e7d347ddaebd (type: ports) to 1
2026-07-09 15:45:59.092 10 INFO neutron.wsgi [None req-fab9865d-2ebb-4eef-b071-b84d3c8f8dfa c78bf3b8cf62431b8a411c2bb640c804 0c88b9fafbe24245a405c8b3e038ea2d - - default default] 10.0.0.179 "GET /v2.0/security-groups?tenant_id=5cbbc84d17bf469f9040cad25db1da38&name=default HTTP/1.1" status: 200 len: 3120 time: 0.2957416
2026-07-09 15:45:59.115 10 INFO neutron.wsgi [None req-6ea19db7-cf89-4b35-bc04-7b76b770aebe eb475a334d8a4f9d92174e8c4fa94e02 8ae128b83e124445a399a0965f1c7ceb - - default default] 10.0.0.179 "POST /v2.0/networks HTTP/1.1" status: 201 len: 852 time: 0.6546347
2026-07-09 15:45:59.125 10 WARNING neutron_lib.context [None req-ec6bb1cb-acb5-4282-8287-37002b1c940b eb475a334d8a4f9d92174e8c4fa94e02 8ae128b83e124445a399a0965f1c7ceb - - default default] Method 'is_advsvc' is deprecated since 2023.2 release (neutron-lib 3.8.0) and will be removed once support for the old RBAC API policies will be removed from Neutron. Please use method 'is_service_role' instead.
2026-07-09 15:45:59.166 10 WARNING neutron_lib.context [None req-ec6bb1cb-acb5-4282-8287-37002b1c940b eb475a334d8a4f9d92174e8c4fa94e02 8ae128b83e124445a399a0965f1c7ceb - - default default] Method 'is_advsvc' is deprecated since 2023.2 release (neutron-lib 3.8.0) and will be removed once support for the old RBAC API policies will be removed from Neutron. Please use method 'is_service_role' instead.
2026-07-09 15:45:59.361 9 INFO neutron.db.ovn_revision_numbers_db [None req-2e4dec20-51cf-4ab6-a7ab-78d6097ca8de - - - - - -] Successfully bumped revision number for resource 9f69adc9-a46b-4d70-b933-015d4ab03b6a (type: ports) to 2
2026-07-09 15:45:59.376 10 INFO neutron.wsgi [None req-55c50e98-04e2-4439-a957-bbedebf347e4 c78bf3b8cf62431b8a411c2bb640c804 0c88b9fafbe24245a405c8b3e038ea2d - - default default] 10.0.0.179 "DELETE /v2.0/security-groups/313c73bb-e634-4042-9c94-c0c5bea4b1d9 HTTP/1.1" status: 204 len: 168 time: 0.2769911
2026-07-09 15:45:59.528 9 INFO neutron.db.ovn_revision_numbers_db [None req-31b6d86d-ce18-4700-a0f2-d27671e12a23 - - - - - -] Successfully bumped revision number for resource 56fabdf8-616c-4377-8651-7d4bd76280f3 (type: router_ports) to 4
2026-07-09 15:45:59.566 9 ERROR ovsdbapp.backend.ovs_idl.command [None req-2e4dec20-51cf-4ab6-a7ab-78d6097ca8de - - - - - -] Error executing command (DbGetCommand): ovsdbapp.backend.ovs_idl.idlutils.RowNotFound: Cannot find Logical_Router_Port with name=lrp-9f69adc9-a46b-4d70-b933-015d4ab03b6a
2026-07-09 15:45:59.566 9 ERROR ovsdbapp.backend.ovs_idl.command
Traceback (most recent call last):
2026-07-09 15:45:59.566 9 ERROR ovsdbapp.backend.ovs_idl.command
File "/var/lib/openstack/lib/python3.10/site-packages/ovsdbapp/backend/ovs_idl/command.py", line 47, in execute
2026-07-09 15:45:59.566 9 ERROR ovsdbapp.backend.ovs_idl.command self.run_idl(None)
2026-07-09 15:45:59.566 9 ERROR ovsdbapp.backend.ovs_idl.command
File "/var/lib/openstack/lib/python3.10/site-packages/ovsdbapp/backend/ovs_idl/command.py", line 235, in run_idl
2026-07-09 15:45:59.566 9 ERROR ovsdbapp.backend.ovs_idl.command record = self.api.lookup(self.table, self.record)
2026-07-09 15:45:59.566 9 ERROR ovsdbapp.backend.ovs_idl.command
File "/var/lib/openstack/lib/python3.10/site-packages/ovsdbapp/backend/ovs_idl/__init__.py", line 184, in lookup
2026-07-09 15:45:59.566 9 ERROR ovsdbapp.backend.ovs_idl.command return self._lookup(table, record)
2026-07-09 15:45:59.566 9 ERROR ovsdbapp.backend.ovs_idl.command
File "/var/lib/openstack/lib/python3.10/site-packages/ovsdbapp/backend/ovs_idl/__init__.py", line 235, in _lookup
2026-07-09 15:45:59.566 9 ERROR ovsdbapp.backend.ovs_idl.command row = idlutils.row_by_value(self, rl.table, rl.column, record)
2026-07-09 15:45:59.566 9 ERROR ovsdbapp.backend.ovs_idl.command
File "/var/lib/openstack/lib/python3.10/site-packages/ovsdbapp/backend/ovs_idl/idlutils.py", line 114, in row_by_value
2026-07-09 15:45:59.566 9 ERROR ovsdbapp.backend.ovs_idl.command raise RowNotFound(table=table, col=column, match=match)
2026-07-09 15:45:59.566 9 ERROR ovsdbapp.backend.ovs_idl.command ovsdbapp.backend.ovs_idl.idlutils.RowNotFound: Cannot find Logical_Router_Port with name=lrp-9f69adc9-a46b-4d70-b933-015d4ab03b6a
2026-07-09 15:45:59.566 9 ERROR ovsdbapp.backend.ovs_idl.command 
2026-07-09 15:45:59.567 9 ERROR neutron_lib.callbacks.manager [None req-2e4dec20-51cf-4ab6-a7ab-78d6097ca8de - - - - - -] Error during notification for neutron.services.ovn_l3.plugin.OVNL3RouterPlugin._port_update-8774175596262 port, after_update: ovsdbapp.backend.ovs_idl.idlutils.RowNotFound: Cannot find Logical_Router_Port with name=lrp-9f69adc9-a46b-4d70-b933-015d4ab03b6a
2026-07-09 15:45:59.567 9 ERROR neutron_lib.callbacks.manager
Traceback (most recent call last):
2026-07-09 15:45:59.567 9 ERROR neutron_lib.callbacks.manager
File "/var/lib/openstack/lib/python3.10/site-packages/neutron_lib/callbacks/manager.py", line 189, in _notify_loop
2026-07-09 15:45:59.567 9 ERROR neutron_lib.callbacks.manager callback.method(resource, event, trigger, payload=payload)
2026-07-09 15:45:59.567 9 ERROR neutron_lib.callbacks.manager
File "/var/lib/openstack/lib/python3.10/site-packages/neutron/services/ovn_l3/plugin.py", line 391, in _port_update
2026-07-09 15:45:59.567 9 ERROR neutron_lib.callbacks.manager l3plugin._ovn_client.update_router_port(context,
2026-07-09 15:45:59.567 9 ERROR neutron_lib.callbacks.manager
File "/var/lib/openstack/lib/python3.10/site-packages/neutron/plugins/ml2/drivers/ovn/mech_driver/ovsdb/ovn_client.py", line 1878, in update_router_port
2026-07-09 15:45:59.567 9 ERROR neutron_lib.callbacks.manager self._update_lrouter_port(context, port, if_exists=if_exists,
2026-07-09 15:45:59.567 9 ERROR neutron_lib.callbacks.manager
File "/var/lib/openstack/lib/python3.10/site-packages/neutron/plugins/ml2/drivers/ovn/mech_driver/ovsdb/ovn_client.py", line 1855, in _update_lrouter_port
2026-07-09 15:45:59.567 9 ERROR neutron_lib.callbacks.manager external_ids = self._nb_idl.db_get(
2026-07-09 15:45:59.567 9 ERROR neutron_lib.callbacks.manager
File "/var/lib/openstack/lib/python3.10/site-packages/ovsdbapp/backend/ovs_idl/command.py", line 47, in execute
2026-07-09 15:45:59.567 9 ERROR neutron_lib.callbacks.manager self.run_idl(None)
2026-07-09 15:45:59.567 9 ERROR neutron_lib.callbacks.manager
File "/var/lib/openstack/lib/python3.10/site-packages/ovsdbapp/backend/ovs_idl/command.py", line 235, in run_idl
2026-07-09 15:45:59.567 9 ERROR neutron_lib.callbacks.manager record = self.api.lookup(self.table, self.record)
2026-07-09 15:45:59.567 9 ERROR neutron_lib.callbacks.manager
File "/var/lib/openstack/lib/python3.10/site-packages/ovsdbapp/backend/ovs_idl/__init__.py", line 184, in lookup
2026-07-09 15:45:59.567 9 ERROR neutron_lib.callbacks.manager return self._lookup(table, record)
2026-07-09 15:45:59.567 9 ERROR neutron_lib.callbacks.manager
File "/var/lib/openstack/lib/python3.10/site-packages/ovsdbapp/backend/ovs_idl/__init__.py", line 235, in _lookup
2026-07-09 15:45:59.567 9 ERROR neutron_lib.callbacks.manager row = idlutils.row_by_value(self, rl.table, rl.column, record)
2026-07-09 15:45:59.567 9 ERROR neutron_lib.callbacks.manager
File "/var/lib/openstack/lib/python3.10/site-packages/ovsdbapp/backend/ovs_idl/idlutils.py", line 114, in row_by_value
2026-07-09 15:45:59.567 9 ERROR neutron_lib.callbacks.manager raise RowNotFound(table=table, col=column, match=match)
2026-07-09 15:45:59.567 9 ERROR neutron_lib.callbacks.manager ovsdbapp.backend.ovs_idl.idlutils.RowNotFound: Cannot find Logical_Router_Port with name=lrp-9f69adc9-a46b-4d70-b933-015d4ab03b6a
2026-07-09 15:45:59.567 9 ERROR neutron_lib.callbacks.manager 
2026-07-09 15:45:59.578 10 WARNING neutron.scheduler.dhcp_agent_scheduler [None req-ec6bb1cb-acb5-4282-8287-37002b1c940b eb475a334d8a4f9d92174e8c4fa94e02 8ae128b83e124445a399a0965f1c7ceb - - default default] No more DHCP agents
2026-07-09 15:45:59.579 10 WARNING neutron.api.rpc.agentnotifiers.dhcp_rpc_agent_api [None req-ec6bb1cb-acb5-4282-8287-37002b1c940b eb475a334d8a4f9d92174e8c4fa94e02 8ae128b83e124445a399a0965f1c7ceb - - default default] Unable to schedule network 0ea2519e-8cbb-40ab-a59a-419467e7bc82: no agents available; will retry on subsequent port and subnet creation events.
2026-07-09 15:45:59.650 10 INFO neutron.db.ovn_revision_numbers_db [None req-ec6bb1cb-acb5-4282-8287-37002b1c940b eb475a334d8a4f9d92174e8c4fa94e02 8ae128b83e124445a399a0965f1c7ceb - - default default] Successfully bumped revision number for resource 4aaed75f-abef-4e1a-9eda-3f277f3e701a (type: ports) to 1
2026-07-09 15:45:59.675 10 WARNING neutron.scheduler.dhcp_agent_scheduler [None req-ec6bb1cb-acb5-4282-8287-37002b1c940b eb475a334d8a4f9d92174e8c4fa94e02 8ae128b83e124445a399a0965f1c7ceb - - default default] No more DHCP agents
2026-07-09 15:45:59.677 10 WARNING neutron.api.rpc.agentnotifiers.dhcp_rpc_agent_api [None req-ec6bb1cb-acb5-4282-8287-37002b1c940b eb475a334d8a4f9d92174e8c4fa94e02 8ae128b83e124445a399a0965f1c7ceb - - default default] Unable to schedule network 82395760-2923-4e6d-8855-be6d5468f6ba: no agents available; will retry on subsequent port and subnet creation events.
2026-07-09 15:45:59.715 9 INFO neutron.db.ovn_revision_numbers_db [None req-8514b6b4-274a-4212-b078-6e5ccf79679e c78bf3b8cf62431b8a411c2bb640c804 0c88b9fafbe24245a405c8b3e038ea2d - - default default] Successfully bumped revision number for resource 9f69adc9-a46b-4d70-b933-015d4ab03b6a (type: router_ports) to 1
2026-07-09 15:45:59.720 9 INFO neutron.wsgi [None req-8514b6b4-274a-4212-b078-6e5ccf79679e c78bf3b8cf62431b8a411c2bb640c804 0c88b9fafbe24245a405c8b3e038ea2d - - default default] 10.0.0.179 "PUT /v2.0/routers/f6c1c837-801a-411d-9708-9f85f1f741f3/add_router_interface HTTP/1.1" status: 200 len: 503 time: 4.1722748
2026-07-09 15:45:59.792 10 INFO neutron.db.ovn_revision_numbers_db [None req-ec6bb1cb-acb5-4282-8287-37002b1c940b eb475a334d8a4f9d92174e8c4fa94e02 8ae128b83e124445a399a0965f1c7ceb - - default default] Successfully bumped revision number for resource f3d5550d-9917-4efc-a8ec-bc427ede5a6a (type: ports) to 1
2026-07-09 15:45:59.832 10 INFO neutron.wsgi [None req-ec6bb1cb-acb5-4282-8287-37002b1c940b eb475a334d8a4f9d92174e8c4fa94e02 8ae128b83e124445a399a0965f1c7ceb - - default default] 10.0.0.179 "POST /v2.0/ports HTTP/1.1" status: 201 len: 1706 time: 0.7122605 /var/lib/openstack/lib/python3.10/site-packages/pycadf/identifier.py:71: UserWarning: Invalid uuid: neutron. To ensure interoperability, identifiers should be a valid uuid. warnings.warn(('Invalid uuid: %s. To ensure interoperability, '
2026-07-09 15:45:59.974 10 INFO neutron.wsgi [-] 10.0.0.209 "GET / HTTP/1.1" status: 200 len: 247 time: 0.0017438
2026-07-09 15:45:59.974 9 INFO neutron.wsgi [-] 10.0.0.209 "GET / HTTP/1.1" status: 200 len: 247 time: 0.0023761
2026-07-09 15:45:59.988 10 INFO neutron.wsgi [None req-ec296dc0-cde3-4501-943d-57e26f762bf3 eb475a334d8a4f9d92174e8c4fa94e02 8ae128b83e124445a399a0965f1c7ceb - - default default] 10.0.0.179 "GET /v2.0/ports HTTP/1.1" status: 200 len: 3213 time: 0.1509788
2026-07-09 15:46:00.112 9 INFO neutron.wsgi [req-f9289b8e-672b-40dc-b80d-2298ca12517e req-167d1f35-0a7f-45cd-9811-0f3320d38280 8caa1cefbac64035be53ea7af634bb0b 2c60b5677ce44a48941e1ceeebcb308d - - f65e1348a7e24e37bc17be0b2a4862e0 f65e1348a7e24e37bc17be0b2a4862e0] 10.0.0.177 "GET /v2.0/ports?device_id=a4804472-cfd2-4b0c-96e9-6c1b472b6a4f HTTP/1.1" status: 200 len: 1413 time: 0.1997049
2026-07-09 15:46:00.152 9 INFO neutron.wsgi [req-f9289b8e-672b-40dc-b80d-2298ca12517e req-3fea410b-2479-416c-95cc-1c8a714aae5b 8caa1cefbac64035be53ea7af634bb0b 2c60b5677ce44a48941e1ceeebcb308d - - f65e1348a7e24e37bc17be0b2a4862e0 f65e1348a7e24e37bc17be0b2a4862e0] 10.0.0.177 "GET /v2.0/security-groups?id=5fe1fc2d-3f1b-4455-bc1f-1175c2a96fee&fields=id&fields=name HTTP/1.1" status: 200 len: 312 time: 0.0341763
2026-07-09 15:46:00.194 10 WARNING neutron_lib.context [None req-a4a84861-7c87-44f5-904d-b9ae72bf1481 af36ba15ccd449d1bd10f7893b6f6e34 8cf422aec8264b27b02c1a9b173fa8b0 - - default default] Method 'is_advsvc' is deprecated since 2023.2 release (neutron-lib 3.8.0) and will be removed once support for the old RBAC API policies will be removed from Neutron. Please use method 'is_service_role' instead.
2026-07-09 15:46:00.272 10 INFO neutron.wsgi [None req-357f9522-f764-4acd-8a60-f7a6aef550ce eb475a334d8a4f9d92174e8c4fa94e02 8ae128b83e124445a399a0965f1c7ceb - - default default] 10.0.0.179 "DELETE /v2.0/ports/4aaed75f-abef-4e1a-9eda-3f277f3e701a HTTP/1.1" status: 204 len: 168 time: 0.2784402
2026-07-09 15:46:00.343 10 INFO neutron.db.ovn_revision_numbers_db [None req-a4a84861-7c87-44f5-904d-b9ae72bf1481 af36ba15ccd449d1bd10f7893b6f6e34 8cf422aec8264b27b02c1a9b173fa8b0 - - default default] Successfully bumped revision number for resource a035d4bb-8d80-4e39-b1a4-823a34929349 (type: security_groups) to 1
2026-07-09 15:46:00.356 10 INFO neutron.db.ovn_revision_numbers_db [None req-a4a84861-7c87-44f5-904d-b9ae72bf1481 af36ba15ccd449d1bd10f7893b6f6e34 8cf422aec8264b27b02c1a9b173fa8b0 - - default default] Successfully bumped revision number for resource 53f30a8e-e816-4c77-86da-7ef63398cee0 (type: security_group_rules) to 0
2026-07-09 15:46:00.370 10 INFO neutron.db.ovn_revision_numbers_db [None req-a4a84861-7c87-44f5-904d-b9ae72bf1481 af36ba15ccd449d1bd10f7893b6f6e34 8cf422aec8264b27b02c1a9b173fa8b0 - - default default] Successfully bumped revision number for resource 92584a85-e16b-4cb1-9668-51005a55531a (type: security_group_rules) to 0
2026-07-09 15:46:00.397 10 INFO neutron.wsgi [None req-a4a84861-7c87-44f5-904d-b9ae72bf1481 af36ba15ccd449d1bd10f7893b6f6e34 8cf422aec8264b27b02c1a9b173fa8b0 - - default default] 10.0.0.179 "POST /v2.0/security-groups HTTP/1.1" status: 201 len: 1860 time: 0.2096853
2026-07-09 15:46:00.411 10 WARNING neutron_lib.context [None req-e8fc25e2-4920-45e3-9934-4d221af5deea af36ba15ccd449d1bd10f7893b6f6e34 8cf422aec8264b27b02c1a9b173fa8b0 - - default default] Method 'is_advsvc' is deprecated since 2023.2 release (neutron-lib 3.8.0) and will be removed once support for the old RBAC API policies will be removed from Neutron. Please use method 'is_service_role' instead.
2026-07-09 15:46:00.578 10 INFO neutron.db.ovn_revision_numbers_db [None req-e8fc25e2-4920-45e3-9934-4d221af5deea af36ba15ccd449d1bd10f7893b6f6e34 8cf422aec8264b27b02c1a9b173fa8b0 - - default default] Successfully bumped revision number for resource 5ec4445c-bd9b-4992-ae82-4a09f020320c (type: security_group_rules) to 0
2026-07-09 15:46:00.601 10 INFO neutron.wsgi [None req-e8fc25e2-4920-45e3-9934-4d221af5deea af36ba15ccd449d1bd10f7893b6f6e34 8cf422aec8264b27b02c1a9b173fa8b0 - - default default] 10.0.0.179 "POST /v2.0/security-group-rules HTTP/1.1" status: 201 len: 796 time: 0.1963038
2026-07-09 15:46:00.612 10 WARNING neutron_lib.context [None req-3fb24db1-50c2-4aec-9154-1656a976b83b af36ba15ccd449d1bd10f7893b6f6e34 8cf422aec8264b27b02c1a9b173fa8b0 - - default default] Method 'is_advsvc' is deprecated since 2023.2 release (neutron-lib 3.8.0) and will be removed once support for the old RBAC API policies will be removed from Neutron. Please use method 'is_service_role' instead.
2026-07-09 15:46:00.675 9 INFO neutron.wsgi [None req-ce20ffc3-3f97-4221-8feb-01e0c1069f3a eb475a334d8a4f9d92174e8c4fa94e02 8ae128b83e124445a399a0965f1c7ceb - - default default] 10.0.0.179 "DELETE /v2.0/ports/f3d5550d-9917-4efc-a8ec-bc427ede5a6a HTTP/1.1" status: 204 len: 168 time: 0.4003854
2026-07-09 15:46:00.722 10 INFO neutron.wsgi [None req-8b787df6-9ae3-4fee-834c-de6fe2780bb1 eb475a334d8a4f9d92174e8c4fa94e02 8ae128b83e124445a399a0965f1c7ceb - - default default] 10.0.0.179 "GET /v2.0/ports HTTP/1.1" status: 200 len: 1718 time: 0.0428984
2026-07-09 15:46:00.734 9 WARNING neutron_lib.context [None req-7a593dcc-4246-44a1-b84e-ea27ecb70856 eb475a334d8a4f9d92174e8c4fa94e02 8ae128b83e124445a399a0965f1c7ceb - - default default] Method 'is_advsvc' is deprecated since 2023.2 release (neutron-lib 3.8.0) and will be removed once support for the old RBAC API policies will be removed from Neutron. Please use method 'is_service_role' instead.
2026-07-09 15:46:00.761 10 INFO neutron.db.ovn_revision_numbers_db [None req-3fb24db1-50c2-4aec-9154-1656a976b83b af36ba15ccd449d1bd10f7893b6f6e34 8cf422aec8264b27b02c1a9b173fa8b0 - - default default] Successfully bumped revision number for resource 3982df4a-0963-4c75-a7ef-66760e8b687f (type: security_group_rules) to 0
2026-07-09 15:46:00.785 10 INFO neutron.wsgi [None req-3fb24db1-50c2-4aec-9154-1656a976b83b af36ba15ccd449d1bd10f7893b6f6e34 8cf422aec8264b27b02c1a9b173fa8b0 - - default default] 10.0.0.179 "POST /v2.0/security-group-rules HTTP/1.1" status: 201 len: 801 time: 0.1784322
2026-07-09 15:46:00.794 10 WARNING neutron_lib.context [None req-ad2d0ff6-634f-4663-8d50-06a00a7272c2 af36ba15ccd449d1bd10f7893b6f6e34 8cf422aec8264b27b02c1a9b173fa8b0 - - default default] Method 'is_advsvc' is deprecated since 2023.2 release (neutron-lib 3.8.0) and will be removed once support for the old RBAC API policies will be removed from Neutron. Please use method 'is_service_role' instead.
2026-07-09 15:46:00.820 9 INFO neutron.db.segments_db [None req-7a593dcc-4246-44a1-b84e-ea27ecb70856 eb475a334d8a4f9d92174e8c4fa94e02 8ae128b83e124445a399a0965f1c7ceb - - default default] Added segment 241ef4c2-7ed3-4568-9bd5-578ff6a6ae6d of type geneve for network 75e38f92-25fb-4eb9-940a-9c2a78d26351
2026-07-09 15:46:00.982 9 INFO neutron.db.ovn_revision_numbers_db [None req-7a593dcc-4246-44a1-b84e-ea27ecb70856 eb475a334d8a4f9d92174e8c4fa94e02 8ae128b83e124445a399a0965f1c7ceb - - default default] Successfully bumped revision number for resource 75e38f92-25fb-4eb9-940a-9c2a78d26351 (type: networks) to 1
2026-07-09 15:46:01.059 10 WARNING neutron.scheduler.dhcp_agent_scheduler [None req-ad2d0ff6-634f-4663-8d50-06a00a7272c2 af36ba15ccd449d1bd10f7893b6f6e34 8cf422aec8264b27b02c1a9b173fa8b0 - - default default] No more DHCP agents
2026-07-09 15:46:01.061 10 WARNING neutron.api.rpc.agentnotifiers.dhcp_rpc_agent_api [None req-ad2d0ff6-634f-4663-8d50-06a00a7272c2 af36ba15ccd449d1bd10f7893b6f6e34 8cf422aec8264b27b02c1a9b173fa8b0 - - default default] Unable to schedule network dabe752b-f81b-4229-a172-744a88652769: no agents available; will retry on subsequent port and subnet creation events.
2026-07-09 15:46:01.166 9 WARNING neutron.scheduler.dhcp_agent_scheduler [None req-7a593dcc-4246-44a1-b84e-ea27ecb70856 eb475a334d8a4f9d92174e8c4fa94e02 8ae128b83e124445a399a0965f1c7ceb - - default default] No more DHCP agents
2026-07-09 15:46:01.168 9 WARNING neutron.api.rpc.agentnotifiers.dhcp_rpc_agent_api [None req-7a593dcc-4246-44a1-b84e-ea27ecb70856 eb475a334d8a4f9d92174e8c4fa94e02 8ae128b83e124445a399a0965f1c7ceb - - default default] Unable to schedule network 75e38f92-25fb-4eb9-940a-9c2a78d26351: no agents available; will retry on subsequent port and subnet creation events.
2026-07-09 15:46:01.251 9 INFO neutron.db.ovn_revision_numbers_db [None req-7a593dcc-4246-44a1-b84e-ea27ecb70856 eb475a334d8a4f9d92174e8c4fa94e02 8ae128b83e124445a399a0965f1c7ceb - - default default] Successfully bumped revision number for resource 1287fe84-e648-48c4-807a-c0518020ed00 (type: ports) to 1
2026-07-09 15:46:01.275 9 INFO neutron.wsgi [None req-7a593dcc-4246-44a1-b84e-ea27ecb70856 eb475a334d8a4f9d92174e8c4fa94e02 8ae128b83e124445a399a0965f1c7ceb - - default default] 10.0.0.179 "POST /v2.0/networks HTTP/1.1" status: 201 len: 852 time: 0.5466280
2026-07-09 15:46:01.283 10 WARNING neutron_lib.context [None req-1545a4fb-e928-48f7-91ac-c5da6506d62d eb475a334d8a4f9d92174e8c4fa94e02 8ae128b83e124445a399a0965f1c7ceb - - default default] Method 'is_advsvc' is deprecated since 2023.2 release (neutron-lib 3.8.0) and will be removed once support for the old RBAC API policies will be removed from Neutron. Please use method 'is_service_role' instead.
2026-07-09 15:46:01.410 10 INFO neutron.db.segments_db [None req-1545a4fb-e928-48f7-91ac-c5da6506d62d eb475a334d8a4f9d92174e8c4fa94e02 8ae128b83e124445a399a0965f1c7ceb - - default default] Added segment 69e993e3-6dd3-453e-bf05-e3e3a62d3d0b of type geneve for network 0c352ade-def6-4d5e-94b1-3f92f98ac485
2026-07-09 15:46:01.420 10 INFO neutron.wsgi [None req-ad2d0ff6-634f-4663-8d50-06a00a7272c2 af36ba15ccd449d1bd10f7893b6f6e34 8cf422aec8264b27b02c1a9b173fa8b0 - - default default] 10.0.0.179 "POST /v2.0/floatingips HTTP/1.1" status: 201 len: 751 time: 0.6301179
2026-07-09 15:46:01.553 10 INFO neutron.db.ovn_revision_numbers_db [None req-1545a4fb-e928-48f7-91ac-c5da6506d62d eb475a334d8a4f9d92174e8c4fa94e02 8ae128b83e124445a399a0965f1c7ceb - - default default] Successfully bumped revision number for resource 0c352ade-def6-4d5e-94b1-3f92f98ac485 (type: networks) to 1
2026-07-09 15:46:01.760 10 WARNING neutron.scheduler.dhcp_agent_scheduler [None req-1545a4fb-e928-48f7-91ac-c5da6506d62d eb475a334d8a4f9d92174e8c4fa94e02 8ae128b83e124445a399a0965f1c7ceb - - default default] No more DHCP agents
2026-07-09 15:46:01.763 10 WARNING neutron.api.rpc.agentnotifiers.dhcp_rpc_agent_api [None req-1545a4fb-e928-48f7-91ac-c5da6506d62d eb475a334d8a4f9d92174e8c4fa94e02 8ae128b83e124445a399a0965f1c7ceb - - default default] Unable to schedule network 0c352ade-def6-4d5e-94b1-3f92f98ac485: no agents available; will retry on subsequent port and subnet creation events.
2026-07-09 15:46:01.801 9 INFO neutron.wsgi [req-9af9bbe6-f943-4d03-b754-ba4fb2ed0ecb req-5977e8e2-a4e9-40ef-9320-57ebaa3d4bf6 4e8d1aa019e242f0b4d6ee6c3b406e3e bf6b094293f546e5852f5112785aec96 - - default default] 10.0.0.152 "GET /v2.0/ports?device_id=a4804472-cfd2-4b0c-96e9-6c1b472b6a4f HTTP/1.1" status: 200 len: 1174 time: 0.1045995
2026-07-09 15:46:01.856 10 INFO neutron.db.ovn_revision_numbers_db [None req-1545a4fb-e928-48f7-91ac-c5da6506d62d eb475a334d8a4f9d92174e8c4fa94e02 8ae128b83e124445a399a0965f1c7ceb - - default default] Successfully bumped revision number for resource 7d042454-1ccb-46bf-89f6-14d4b515f776 (type: ports) to 1
2026-07-09 15:46:01.862 9 INFO neutron.wsgi [req-9af9bbe6-f943-4d03-b754-ba4fb2ed0ecb req-902c198b-e1e7-49ce-a056-dcfd3c244bf8 4e8d1aa019e242f0b4d6ee6c3b406e3e bf6b094293f546e5852f5112785aec96 - - default default] 10.0.0.152 "GET /v2.0/security-groups?id=5fe1fc2d-3f1b-4455-bc1f-1175c2a96fee&fields=id&fields=name HTTP/1.1" status: 200 len: 312 time: 0.0526769
2026-07-09 15:46:01.880 10 INFO neutron.wsgi [None req-1545a4fb-e928-48f7-91ac-c5da6506d62d eb475a334d8a4f9d92174e8c4fa94e02 8ae128b83e124445a399a0965f1c7ceb - - default default] 10.0.0.179 "POST /v2.0/networks HTTP/1.1" status: 201 len: 853 time: 0.6006758
2026-07-09 15:46:01.890 10 INFO neutron.wsgi [req-c85d94d4-e76a-4628-963e-2028a07dba22 req-b10b037a-8173-474d-8887-8b3ba06be87f af36ba15ccd449d1bd10f7893b6f6e34 8cf422aec8264b27b02c1a9b173fa8b0 - - default default] 10.0.0.152 "GET /v2.0/security-groups?name=tempest-securitygroup--304805899&fields=id&tenant_id=8cf422aec8264b27b02c1a9b173fa8b0 HTTP/1.1" status: 200 len: 267 time: 0.0397813
2026-07-09 15:46:01.957 10 INFO neutron.wsgi [req-c85d94d4-e76a-4628-963e-2028a07dba22 req-f8fa8949-a7f1-4580-a8e3-5626520f23b6 af36ba15ccd449d1bd10f7893b6f6e34 8cf422aec8264b27b02c1a9b173fa8b0 - - default default] 10.0.0.152 "GET /v2.0/networks?id=b5f0e48d-d94d-49ef-81cd-7c3a69c8128f HTTP/1.1" status: 200 len: 874 time: 0.0632284
2026-07-09 15:46:01.961 9 INFO neutron.wsgi [req-e28cab64-ff72-492d-b0af-407e4b25f1be req-63ef98c3-1ca0-4ebb-a69c-d57517f80bd4 4e8d1aa019e242f0b4d6ee6c3b406e3e bf6b094293f546e5852f5112785aec96 - - default default] 10.0.0.152 "GET /v2.0/ports?device_id=a4804472-cfd2-4b0c-96e9-6c1b472b6a4f HTTP/1.1" status: 200 len: 1174 time: 0.0438886
2026-07-09 15:46:01.978 10 INFO neutron.wsgi [req-c85d94d4-e76a-4628-963e-2028a07dba22 req-4bf5cdd2-5c11-4e87-8079-b821b0503a6e af36ba15ccd449d1bd10f7893b6f6e34 8cf422aec8264b27b02c1a9b173fa8b0 - - default default] 10.0.0.152 "GET /v2.0/quotas/8cf422aec8264b27b02c1a9b173fa8b0 HTTP/1.1" status: 200 len: 491 time: 0.0157411
2026-07-09 15:46:02.016 9 INFO neutron.wsgi [req-e28cab64-ff72-492d-b0af-407e4b25f1be req-a67dca02-ae6c-48ec-aae4-fd7312dc8ac0 4e8d1aa019e242f0b4d6ee6c3b406e3e bf6b094293f546e5852f5112785aec96 - - default default] 10.0.0.152 "GET /v2.0/security-groups?id=5fe1fc2d-3f1b-4455-bc1f-1175c2a96fee&fields=id&fields=name HTTP/1.1" status: 200 len: 312 time: 0.0485377
2026-07-09 15:46:02.241 10 INFO neutron.wsgi [req-c85d94d4-e76a-4628-963e-2028a07dba22 req-3b0d51bc-428e-4477-8fbf-8907508dc3fa af36ba15ccd449d1bd10f7893b6f6e34 8cf422aec8264b27b02c1a9b173fa8b0 - - default default] 10.0.0.152 "GET /v2.0/ports?tenant_id=8cf422aec8264b27b02c1a9b173fa8b0&fields=id HTTP/1.1" status: 200 len: 302 time: 0.2585642
2026-07-09 15:46:02.329 10 INFO neutron.wsgi [req-c85d94d4-e76a-4628-963e-2028a07dba22 req-930339c3-19c9-4c5b-acb3-eb1c6bb34716 8caa1cefbac64035be53ea7af634bb0b 2c60b5677ce44a48941e1ceeebcb308d - - f65e1348a7e24e37bc17be0b2a4862e0 f65e1348a7e24e37bc17be0b2a4862e0] 10.0.0.152 "GET /v2.0/networks/b5f0e48d-d94d-49ef-81cd-7c3a69c8128f?fields=segments HTTP/1.1" status: 200 len: 212 time: 0.0742595
2026-07-09 15:46:02.345 9 WARNING neutron_lib.context [None req-f032a074-b372-43ad-a6e5-3eee1e9fe7ca eb475a334d8a4f9d92174e8c4fa94e02 8ae128b83e124445a399a0965f1c7ceb - - default default] Method 'is_advsvc' is deprecated since 2023.2 release (neutron-lib 3.8.0) and will be removed once support for the old RBAC API policies will be removed from Neutron. Please use method 'is_service_role' instead.
2026-07-09 15:46:02.357 9 INFO neutron.wsgi [req-8ac6db91-89a9-407d-a419-f5c67757a1cf req-754b9769-a17a-4664-a3c7-c67d213572e1 4e8d1aa019e242f0b4d6ee6c3b406e3e bf6b094293f546e5852f5112785aec96 - - default default] 10.0.0.152 "GET /v2.0/ports?device_id=a4804472-cfd2-4b0c-96e9-6c1b472b6a4f HTTP/1.1" status: 200 len: 1174 time: 0.0633438
2026-07-09 15:46:02.409 10 INFO neutron.wsgi [req-c85d94d4-e76a-4628-963e-2028a07dba22 req-ca8f9030-05bb-429a-b933-66a9850456f1 8caa1cefbac64035be53ea7af634bb0b 2c60b5677ce44a48941e1ceeebcb308d - - f65e1348a7e24e37bc17be0b2a4862e0 f65e1348a7e24e37bc17be0b2a4862e0] 10.0.0.152 "GET /v2.0/networks/b5f0e48d-d94d-49ef-81cd-7c3a69c8128f?fields=provider%3Aphysical_network&fields=provider%3Anetwork_type HTTP/1.1" status: 200 len: 277 time: 0.0721104
2026-07-09 15:46:02.428 9 INFO neutron.wsgi [req-16b6a211-192a-4265-8c5e-f074d5b17821 req-2c4db765-854d-4d77-a5fe-1d3c0e1e0ac3 8caa1cefbac64035be53ea7af634bb0b 2c60b5677ce44a48941e1ceeebcb308d - - f65e1348a7e24e37bc17be0b2a4862e0 f65e1348a7e24e37bc17be0b2a4862e0] 199.19.213.166 "GET /v2.0/ports?tenant_id=bf6b094293f546e5852f5112785aec96&device_id=a4804472-cfd2-4b0c-96e9-6c1b472b6a4f HTTP/1.1" status: 200 len: 1413 time: 0.0779505
2026-07-09 15:46:02.436 9 WARNING neutron_lib.context [None req-f032a074-b372-43ad-a6e5-3eee1e9fe7ca eb475a334d8a4f9d92174e8c4fa94e02 8ae128b83e124445a399a0965f1c7ceb - - default default] Method 'is_advsvc' is deprecated since 2023.2 release (neutron-lib 3.8.0) and will be removed once support for the old RBAC API policies will be removed from Neutron. Please use method 'is_service_role' instead.
2026-07-09 15:46:02.481 9 INFO neutron.wsgi [req-8ac6db91-89a9-407d-a419-f5c67757a1cf req-680bfcc2-596d-4dba-b3d0-20e49a1ca189 4e8d1aa019e242f0b4d6ee6c3b406e3e bf6b094293f546e5852f5112785aec96 - - default default] 10.0.0.152 "GET /v2.0/security-groups?id=5fe1fc2d-3f1b-4455-bc1f-1175c2a96fee&fields=id&fields=name HTTP/1.1" status: 200 len: 312 time: 0.1128836
2026-07-09 15:46:02.718 9 INFO neutron.wsgi [req-da774362-a11a-428d-9cd8-096c0ba13c97 req-7c754b1d-3e4e-4ff7-9a47-d420af179466 af36ba15ccd449d1bd10f7893b6f6e34 8cf422aec8264b27b02c1a9b173fa8b0 - - default default] 10.0.0.152 "GET /v2.0/ports?device_id=67abdad2-e9ff-41a8-b22b-0a7861c873ea HTTP/1.1" status: 200 len: 210 time: 0.0288033
2026-07-09 15:46:02.732 9 INFO neutron.wsgi [req-16b6a211-192a-4265-8c5e-f074d5b17821 req-850da21e-79d3-4db8-9127-ab609af6e2e1 8caa1cefbac64035be53ea7af634bb0b 2c60b5677ce44a48941e1ceeebcb308d - - f65e1348a7e24e37bc17be0b2a4862e0 f65e1348a7e24e37bc17be0b2a4862e0] 199.19.213.166 "GET /v2.0/networks?id=008df9d4-dabe-4d85-b3e9-9dc890948d78 HTTP/1.1" status: 200 len: 973 time: 0.2995546
2026-07-09 15:46:02.796 9 INFO neutron.wsgi [req-16b6a211-192a-4265-8c5e-f074d5b17821 req-444321b4-6273-4aaf-95b6-9eedd33b0150 8caa1cefbac64035be53ea7af634bb0b 2c60b5677ce44a48941e1ceeebcb308d - - f65e1348a7e24e37bc17be0b2a4862e0 f65e1348a7e24e37bc17be0b2a4862e0] 199.19.213.166 "GET /v2.0/floatingips?fixed_ip_address=10.100.0.11&port_id=efe26d78-1fe5-44d8-b32c-d76d48123cc3 HTTP/1.1" status: 200 len: 1060 time: 0.0591674
2026-07-09 15:46:02.850 9 INFO neutron.wsgi [req-16b6a211-192a-4265-8c5e-f074d5b17821 req-4d6c82aa-06c2-4161-a915-cb74d73d28e4 8caa1cefbac64035be53ea7af634bb0b 2c60b5677ce44a48941e1ceeebcb308d - - f65e1348a7e24e37bc17be0b2a4862e0 f65e1348a7e24e37bc17be0b2a4862e0] 199.19.213.166 "GET /v2.0/subnets?id=7e6dc71f-540d-4154-98f5-ee9d674e7f73 HTTP/1.1" status: 200 len: 868 time: 0.0401378
2026-07-09 15:46:02.888 9 INFO neutron.wsgi [req-16b6a211-192a-4265-8c5e-f074d5b17821 req-a2b26f01-fcb5-41dd-8f7c-dcd0dd10d746 8caa1cefbac64035be53ea7af634bb0b 2c60b5677ce44a48941e1ceeebcb308d - - f65e1348a7e24e37bc17be0b2a4862e0 f65e1348a7e24e37bc17be0b2a4862e0] 199.19.213.166 "GET /v2.0/ports?network_id=008df9d4-dabe-4d85-b3e9-9dc890948d78&device_owner=network%3Adhcp HTTP/1.1" status: 200 len: 210 time: 0.0209794
2026-07-09 15:46:02.979 9 INFO neutron.wsgi [req-16b6a211-192a-4265-8c5e-f074d5b17821 req-93dcb887-454f-4ad3-847c-2125873a93e9 8caa1cefbac64035be53ea7af634bb0b 2c60b5677ce44a48941e1ceeebcb308d - - f65e1348a7e24e37bc17be0b2a4862e0 f65e1348a7e24e37bc17be0b2a4862e0] 199.19.213.166 "GET /v2.0/networks/008df9d4-dabe-4d85-b3e9-9dc890948d78?fields=segments HTTP/1.1" status: 200 len: 212 time: 0.0784972
2026-07-09 15:46:03.065 9 INFO neutron.wsgi [req-16b6a211-192a-4265-8c5e-f074d5b17821 req-f31a3c2a-7016-4648-8056-6c10c1e0fb7a 8caa1cefbac64035be53ea7af634bb0b 2c60b5677ce44a48941e1ceeebcb308d - - f65e1348a7e24e37bc17be0b2a4862e0 f65e1348a7e24e37bc17be0b2a4862e0] 199.19.213.166 "GET /v2.0/networks/008df9d4-dabe-4d85-b3e9-9dc890948d78?fields=provider%3Aphysical_network&fields=provider%3Anetwork_type HTTP/1.1" status: 200 len: 277 time: 0.0782273
2026-07-09 15:46:03.150 9 WARNING neutron.scheduler.dhcp_agent_scheduler [None req-f032a074-b372-43ad-a6e5-3eee1e9fe7ca eb475a334d8a4f9d92174e8c4fa94e02 8ae128b83e124445a399a0965f1c7ceb - - default default] No more DHCP agents
2026-07-09 15:46:03.153 9 WARNING neutron.api.rpc.agentnotifiers.dhcp_rpc_agent_api [None req-f032a074-b372-43ad-a6e5-3eee1e9fe7ca eb475a334d8a4f9d92174e8c4fa94e02 8ae128b83e124445a399a0965f1c7ceb - - default default] Unable to schedule network 75e38f92-25fb-4eb9-940a-9c2a78d26351: no agents available; will retry on subsequent port and subnet creation events.
2026-07-09 15:46:03.183 9 INFO neutron.db.ovn_revision_numbers_db [None req-f032a074-b372-43ad-a6e5-3eee1e9fe7ca eb475a334d8a4f9d92174e8c4fa94e02 8ae128b83e124445a399a0965f1c7ceb - - default default] Successfully bumped revision number for resource 44034dd6-aa9a-446d-9181-28def176539f (type: subnets) to 0
2026-07-09 15:46:03.207 9 WARNING neutron.scheduler.dhcp_agent_scheduler [None req-f032a074-b372-43ad-a6e5-3eee1e9fe7ca eb475a334d8a4f9d92174e8c4fa94e02 8ae128b83e124445a399a0965f1c7ceb - - default default] No more DHCP agents
2026-07-09 15:46:03.224 9 WARNING neutron.api.rpc.agentnotifiers.dhcp_rpc_agent_api [None req-f032a074-b372-43ad-a6e5-3eee1e9fe7ca eb475a334d8a4f9d92174e8c4fa94e02 8ae128b83e124445a399a0965f1c7ceb - - default default] Unable to schedule network 0c352ade-def6-4d5e-94b1-3f92f98ac485: no agents available; will retry on subsequent port and subnet creation events.
2026-07-09 15:46:03.273 10 INFO neutron.plugins.ml2.drivers.ovn.mech_driver.mech_driver [None req-a1bfd37f-beae-42a1-bd64-8458ef0c0da0 - - - - - -] OVN reports status down for port: efe26d78-1fe5-44d8-b32c-d76d48123cc3
2026-07-09 15:46:03.326 9 INFO neutron.db.ovn_revision_numbers_db [None req-f032a074-b372-43ad-a6e5-3eee1e9fe7ca eb475a334d8a4f9d92174e8c4fa94e02 8ae128b83e124445a399a0965f1c7ceb - - default default] Successfully bumped revision number for resource 0cded7ca-11ae-4159-8687-d19238141a14 (type: subnets) to 0
2026-07-09 15:46:03.355 9 INFO neutron.wsgi [None req-f032a074-b372-43ad-a6e5-3eee1e9fe7ca eb475a334d8a4f9d92174e8c4fa94e02 8ae128b83e124445a399a0965f1c7ceb - - default default] 10.0.0.179 "POST /v2.0/subnets HTTP/1.1" status: 201 len: 1476 time: 1.0170317
2026-07-09 15:46:03.362 9 INFO neutron.wsgi [req-c85d94d4-e76a-4628-963e-2028a07dba22 req-4f05186b-c251-44b3-aefa-1387cb539e77 af36ba15ccd449d1bd10f7893b6f6e34 8cf422aec8264b27b02c1a9b173fa8b0 - - default default] 199.19.213.166 "GET /v2.0/networks?id=b5f0e48d-d94d-49ef-81cd-7c3a69c8128f HTTP/1.1" status: 200 len: 874 time: 0.1583445
2026-07-09 15:46:03.441 9 INFO neutron.wsgi [None req-1f76e20c-a0c5-4ae0-b6fb-64761685041b eb475a334d8a4f9d92174e8c4fa94e02 8ae128b83e124445a399a0965f1c7ceb - - default default] 10.0.0.179 "GET /v2.0/subnets HTTP/1.1" status: 200 len: 2084 time: 0.0791528
2026-07-09 15:46:03.442 10 INFO neutron.notifiers.nova [-] Nova event matching ['req-29546622-e0a6-4c97-98fb-ee4d76549d0b'] response: {'server_uuid': 'a4804472-cfd2-4b0c-96e9-6c1b472b6a4f', 'name': 'network-vif-unplugged', 'status': 'completed', 'tag': 'efe26d78-1fe5-44d8-b32c-d76d48123cc3', 'code': 200}
2026-07-09 15:46:03.475 9 INFO neutron.wsgi [req-c85d94d4-e76a-4628-963e-2028a07dba22 req-8616d7d7-7ce1-4ea2-aab7-c37524b02999 af36ba15ccd449d1bd10f7893b6f6e34 8cf422aec8264b27b02c1a9b173fa8b0 - - default default] 199.19.213.166 "GET /v2.0/security-groups?fields=id&fields=name&tenant_id=8cf422aec8264b27b02c1a9b173fa8b0 HTTP/1.1" status: 200 len: 379 time: 0.0910826
2026-07-09 15:46:03.503 9 WARNING neutron_lib.context [req-c85d94d4-e76a-4628-963e-2028a07dba22 req-c3fcbbeb-d3a3-4f87-8bdd-d1dad590d0ac af36ba15ccd449d1bd10f7893b6f6e34 8cf422aec8264b27b02c1a9b173fa8b0 - - default default] Method 'is_advsvc' is deprecated since 2023.2 release (neutron-lib 3.8.0) and will be removed once support for the old RBAC API policies will be removed from Neutron. Please use method 'is_service_role' instead.
2026-07-09 15:46:03.592 9 INFO neutron.wsgi [req-d484ac97-d24b-4ddc-b874-a7c7cad7d8e1 req-a8399f39-7445-41b0-ac6b-ade1f18a8ac4 4e8d1aa019e242f0b4d6ee6c3b406e3e bf6b094293f546e5852f5112785aec96 - - default default] 10.0.0.152 "GET /v2.0/ports?device_id=a4804472-cfd2-4b0c-96e9-6c1b472b6a4f HTTP/1.1" status: 200 len: 1172 time: 0.0451608
2026-07-09 15:46:03.643 9 INFO neutron.wsgi [req-d484ac97-d24b-4ddc-b874-a7c7cad7d8e1 req-d726ee75-e4ff-42f4-b17e-9056300c9980 4e8d1aa019e242f0b4d6ee6c3b406e3e bf6b094293f546e5852f5112785aec96 - - default default] 10.0.0.152 "GET /v2.0/security-groups?id=5fe1fc2d-3f1b-4455-bc1f-1175c2a96fee&fields=id&fields=name HTTP/1.1" status: 200 len: 312 time: 0.0419111
2026-07-09 15:46:03.714 10 INFO neutron.db.ovn_revision_numbers_db [None req-a1bfd37f-beae-42a1-bd64-8458ef0c0da0 - - - - - -] Successfully bumped revision number for resource efe26d78-1fe5-44d8-b32c-d76d48123cc3 (type: ports) to 5
2026-07-09 15:46:03.722 10 INFO neutron.db.ovn_revision_numbers_db [None req-db8dcf7f-933a-42ac-bbc5-e9e1f3058ad2 c78bf3b8cf62431b8a411c2bb640c804 0c88b9fafbe24245a405c8b3e038ea2d - - default default] Successfully bumped revision number for resource 74c7128d-e093-4848-9770-ec439590e26e (type: security_groups) to 1
2026-07-09 15:46:03.746 10 INFO neutron.db.ovn_revision_numbers_db [None req-db8dcf7f-933a-42ac-bbc5-e9e1f3058ad2 c78bf3b8cf62431b8a411c2bb640c804 0c88b9fafbe24245a405c8b3e038ea2d - - default default] Successfully bumped revision number for resource 3d613c8f-bd87-448e-be7d-0a5fb4be894e (type: security_group_rules) to 0
2026-07-09 15:46:03.759 10 INFO neutron.wsgi [None req-3d200973-e4f1-4136-98b1-f2c9578f1d14 eb475a334d8a4f9d92174e8c4fa94e02 8ae128b83e124445a399a0965f1c7ceb - - default default] 10.0.0.179 "DELETE /v2.0/subnets/44034dd6-aa9a-446d-9181-28def176539f HTTP/1.1" status: 204 len: 168 time: 0.3035986
2026-07-09 15:46:03.785 10 INFO neutron.db.ovn_revision_numbers_db [None req-db8dcf7f-933a-42ac-bbc5-e9e1f3058ad2 c78bf3b8cf62431b8a411c2bb640c804 0c88b9fafbe24245a405c8b3e038ea2d - - default default] Successfully bumped revision number for resource d99fe25b-446b-430e-a610-d1c456929ee8 (type: security_group_rules) to 0 /var/lib/openstack/lib/python3.10/site-packages/pycadf/identifier.py:71: UserWarning: Invalid uuid: neutron. To ensure interoperability, identifiers should be a valid uuid. warnings.warn(('Invalid uuid: %s. To ensure interoperability, '
2026-07-09 15:46:03.822 10 INFO neutron.db.ovn_revision_numbers_db [None req-db8dcf7f-933a-42ac-bbc5-e9e1f3058ad2 c78bf3b8cf62431b8a411c2bb640c804 0c88b9fafbe24245a405c8b3e038ea2d - - default default] Successfully bumped revision number for resource f06a2145-0da8-4545-b6e6-858f1eb4d09f (type: security_group_rules) to 0
2026-07-09 15:46:03.826 10 INFO neutron.wsgi [req-80698216-ef31-4f58-831c-c897a70442fc req-d1860c65-700a-401e-b23b-39123942e4bc af36ba15ccd449d1bd10f7893b6f6e34 8cf422aec8264b27b02c1a9b173fa8b0 - - default default] 10.0.0.152 "GET /v2.0/ports?device_id=67abdad2-e9ff-41a8-b22b-0a7861c873ea HTTP/1.1" status: 200 len: 210 time: 0.0316186
2026-07-09 15:46:03.845 10 INFO neutron.db.ovn_revision_numbers_db [None req-db8dcf7f-933a-42ac-bbc5-e9e1f3058ad2 c78bf3b8cf62431b8a411c2bb640c804 0c88b9fafbe24245a405c8b3e038ea2d - - default default] Successfully bumped revision number for resource f2a9b137-bd49-4c0c-9e41-422f978263e8 (type: security_group_rules) to 0
2026-07-09 15:46:03.877 10 INFO neutron.wsgi [None req-db8dcf7f-933a-42ac-bbc5-e9e1f3058ad2 c78bf3b8cf62431b8a411c2bb640c804 0c88b9fafbe24245a405c8b3e038ea2d - - default default] 10.0.0.179 "GET /v2.0/security-groups?tenant_id=89572ffbe3d84e5bba5f210a7260ad0c&name=default HTTP/1.1" status: 200 len: 3120 time: 0.6300244
2026-07-09 15:46:03.916 9 WARNING neutron.scheduler.dhcp_agent_scheduler [req-c85d94d4-e76a-4628-963e-2028a07dba22 req-c3fcbbeb-d3a3-4f87-8bdd-d1dad590d0ac af36ba15ccd449d1bd10f7893b6f6e34 8cf422aec8264b27b02c1a9b173fa8b0 - - default default] No more DHCP agents
2026-07-09 15:46:03.918 9 WARNING neutron.api.rpc.agentnotifiers.dhcp_rpc_agent_api [req-c85d94d4-e76a-4628-963e-2028a07dba22 req-c3fcbbeb-d3a3-4f87-8bdd-d1dad590d0ac af36ba15ccd449d1bd10f7893b6f6e34 8cf422aec8264b27b02c1a9b173fa8b0 - - default default] Unable to schedule network b5f0e48d-d94d-49ef-81cd-7c3a69c8128f: no agents available; will retry on subsequent port and subnet creation events.
2026-07-09 15:46:03.985 10 INFO neutron.plugins.ml2.drivers.ovn.mech_driver.mech_driver [None req-a1bfd37f-beae-42a1-bd64-8458ef0c0da0 - - - - - -] OVN reports status up for port: efe26d78-1fe5-44d8-b32c-d76d48123cc3
2026-07-09 15:46:04.009 10 INFO neutron.plugins.ml2.plugin [None req-a1bfd37f-beae-42a1-bd64-8458ef0c0da0 - - - - - -] Attempt 1 to provision port efe26d78-1fe5-44d8-b32c-d76d48123cc3
2026-07-09 15:46:04.082 10 INFO neutron.wsgi [None req-58a006ed-782b-4663-90c6-d10b39124a5d eb475a334d8a4f9d92174e8c4fa94e02 8ae128b83e124445a399a0965f1c7ceb - - default default] 10.0.0.179 "DELETE /v2.0/subnets/0cded7ca-11ae-4159-8687-d19238141a14 HTTP/1.1" status: 204 len: 168 time: 0.3162632
2026-07-09 15:46:04.116 9 INFO neutron.db.ovn_revision_numbers_db [req-c85d94d4-e76a-4628-963e-2028a07dba22 req-c3fcbbeb-d3a3-4f87-8bdd-d1dad590d0ac af36ba15ccd449d1bd10f7893b6f6e34 8cf422aec8264b27b02c1a9b173fa8b0 - - default default] Successfully bumped revision number for resource 30fe99e0-c108-4d7e-b47e-b970aeb7a918 (type: ports) to 1
2026-07-09 15:46:04.139 9 INFO neutron.wsgi [req-c85d94d4-e76a-4628-963e-2028a07dba22 req-c3fcbbeb-d3a3-4f87-8bdd-d1dad590d0ac af36ba15ccd449d1bd10f7893b6f6e34 8cf422aec8264b27b02c1a9b173fa8b0 - - default default] 199.19.213.166 "POST /v2.0/ports HTTP/1.1" status: 201 len: 1158 time: 0.6458914
2026-07-09 15:46:04.147 10 INFO neutron.wsgi [None req-3da974bc-7d6e-42f0-a4ab-de520a5316f0 eb475a334d8a4f9d92174e8c4fa94e02 8ae128b83e124445a399a0965f1c7ceb - - default default] 10.0.0.179 "GET /v2.0/subnets HTTP/1.1" status: 200 len: 820 time: 0.0577693 /var/lib/openstack/lib/python3.10/site-packages/pycadf/identifier.py:71: UserWarning: Invalid uuid: neutron. To ensure interoperability, identifiers should be a valid uuid. warnings.warn(('Invalid uuid: %s. To ensure interoperability, '
2026-07-09 15:46:04.293 10 INFO neutron.wsgi [None req-c945eb81-72ac-4890-ba4f-889294c23dba c78bf3b8cf62431b8a411c2bb640c804 0c88b9fafbe24245a405c8b3e038ea2d - - default default] 10.0.0.179 "DELETE /v2.0/security-groups/74c7128d-e093-4848-9770-ec439590e26e HTTP/1.1" status: 204 len: 168 time: 0.4091949
2026-07-09 15:46:04.451 10 INFO neutron.db.ovn_revision_numbers_db [None req-a1bfd37f-beae-42a1-bd64-8458ef0c0da0 - - - - - -] Successfully bumped revision number for resource efe26d78-1fe5-44d8-b32c-d76d48123cc3 (type: ports) to 6
2026-07-09 15:46:04.573 9 INFO neutron.db.ovn_revision_numbers_db [None req-d4410b53-c66b-4026-8115-e99b1f77b8e2 c78bf3b8cf62431b8a411c2bb640c804 0c88b9fafbe24245a405c8b3e038ea2d - - default default] Successfully bumped revision number for resource c55d62e4-4a88-4f78-97ff-f66f08dd1996 (type: security_groups) to 1
2026-07-09 15:46:04.600 9 INFO neutron.db.ovn_revision_numbers_db [None req-d4410b53-c66b-4026-8115-e99b1f77b8e2 c78bf3b8cf62431b8a411c2bb640c804 0c88b9fafbe24245a405c8b3e038ea2d - - default default] Successfully bumped revision number for resource 3711b137-3aa8-47b1-93a8-92600d403e83 (type: security_group_rules) to 0
2026-07-09 15:46:04.619 9 INFO neutron.db.ovn_revision_numbers_db [None req-d4410b53-c66b-4026-8115-e99b1f77b8e2 c78bf3b8cf62431b8a411c2bb640c804 0c88b9fafbe24245a405c8b3e038ea2d - - default default] Successfully bumped revision number for resource 72aa0038-bc73-4fbc-92d8-b2b28f9d92eb (type: security_group_rules) to 0
2026-07-09 15:46:04.635 10 INFO neutron.services.segments.plugin [-] Segment 69e993e3-6dd3-453e-bf05-e3e3a62d3d0b resource provider aggregate not found
2026-07-09 15:46:04.636 9 INFO neutron.db.ovn_revision_numbers_db [None req-d4410b53-c66b-4026-8115-e99b1f77b8e2 c78bf3b8cf62431b8a411c2bb640c804 0c88b9fafbe24245a405c8b3e038ea2d - - default default] Successfully bumped revision number for resource c57e97a7-c730-42b6-8480-badc617e8dad (type: security_group_rules) to 0
2026-07-09 15:46:04.636 9 INFO neutron.db.ovn_revision_numbers_db [req-c85d94d4-e76a-4628-963e-2028a07dba22 req-1762130e-9826-466d-be52-595ed1c68492 8caa1cefbac64035be53ea7af634bb0b 2c60b5677ce44a48941e1ceeebcb308d - - f65e1348a7e24e37bc17be0b2a4862e0 f65e1348a7e24e37bc17be0b2a4862e0] Successfully bumped revision number for resource 30fe99e0-c108-4d7e-b47e-b970aeb7a918 (type: ports) to 2
2026-07-09 15:46:04.640 10 INFO neutron.services.segments.plugin [-] Segment 69e993e3-6dd3-453e-bf05-e3e3a62d3d0b resource provider aggregate not found
2026-07-09 15:46:04.648 10 INFO neutron.services.segments.plugin [-] Segment 69e993e3-6dd3-453e-bf05-e3e3a62d3d0b resource provider not found; error: Placement Client Error (4xx): {"errors": [{"status": 404, "title": "Not Found", "detail": "The resource could not be found.\n\n No resource provider with uuid 69e993e3-6dd3-453e-bf05-e3e3a62d3d0b found for delete ", "request_id": "req-8abf7e67-e28e-4ca9-80d4-312a94ab385d"}]}
