2026-07-09 15:48:04.769 10 WARNING neutron.api.rpc.agentnotifiers.dhcp_rpc_agent_api [None req-9363d9fe-8101-426b-ab10-c0a01c4eb633 5b84b071e8f44528b84c5e573288dd54 97008428a5d04aad9788bb4e58edf252 - - default default] Unable to schedule network 6aa2d24b-911c-44f3-98db-40ba9b0a09c2: no agents available; will retry on subsequent port and subnet creation events.
2026-07-09 15:48:04.784 9 INFO neutron.wsgi [None req-bcfd0872-ab5a-4fd2-9120-d0b71b6594bd 975bad6c39554109a9db302f56d7aa67 2f9787f1f5a64ce5916b9685054f5106 - - default default] 10.0.0.179 "GET /v2.0/security-groups HTTP/1.1" status: 200 len: 3120 time: 0.0419376
2026-07-09 15:48:04.798 9 INFO neutron.api.v2.resource [None req-274ca253-10c7-4424-b304-2652e6b72eb2 975bad6c39554109a9db302f56d7aa67 2f9787f1f5a64ce5916b9685054f5106 - - default default] delete failed (client error): The resource could not be found.
2026-07-09 15:48:04.799 9 INFO neutron.wsgi [None req-274ca253-10c7-4424-b304-2652e6b72eb2 975bad6c39554109a9db302f56d7aa67 2f9787f1f5a64ce5916b9685054f5106 - - default default] 10.0.0.179 "DELETE /v2.0/security-groups/91b620d3-2792-47c4-9e33-9dea1d548b20 HTTP/1.1" status: 404 len: 347 time: 0.0105629
2026-07-09 15:48:04.810 9 WARNING neutron_lib.context [None req-368132d4-5345-4e6e-b8fc-85d3b1c136d8 975bad6c39554109a9db302f56d7aa67 2f9787f1f5a64ce5916b9685054f5106 - - default default] Method 'is_advsvc' is deprecated since 2023.2 release (neutron-lib 3.8.0) and will be removed once support for the old RBAC API policies will be removed from Neutron. Please use method 'is_service_role' instead.
2026-07-09 15:48:04.888 10 INFO neutron.db.ovn_revision_numbers_db [None req-9363d9fe-8101-426b-ab10-c0a01c4eb633 5b84b071e8f44528b84c5e573288dd54 97008428a5d04aad9788bb4e58edf252 - - default default] Successfully bumped revision number for resource d58a60ee-b39d-4488-9608-896fe08e618d (type: ports) to 1
2026-07-09 15:48:04.944 9 INFO neutron.db.ovn_revision_numbers_db [None req-368132d4-5345-4e6e-b8fc-85d3b1c136d8 975bad6c39554109a9db302f56d7aa67 2f9787f1f5a64ce5916b9685054f5106 - - default default] Successfully bumped revision number for resource 13900402-a208-4ae0-b5f1-928cf6c5eb32 (type: security_groups) to 1
2026-07-09 15:48:04.945 10 INFO neutron.wsgi [None req-9363d9fe-8101-426b-ab10-c0a01c4eb633 5b84b071e8f44528b84c5e573288dd54 97008428a5d04aad9788bb4e58edf252 - - default default] 10.0.0.179 "POST /v2.0/networks HTTP/1.1" status: 201 len: 830 time: 0.7241726
2026-07-09 15:48:04.956 10 INFO neutron.services.segments.plugin [-] Segment f4327767-da64-43b3-8c73-7877fcceb7e8 resource provider aggregate not found
2026-07-09 15:48:04.957 9 WARNING neutron_lib.context [None req-aacc40d2-fd20-41aa-bfc9-2feac793d78b 5b84b071e8f44528b84c5e573288dd54 97008428a5d04aad9788bb4e58edf252 - - default default] Method 'is_advsvc' is deprecated since 2023.2 release (neutron-lib 3.8.0) and will be removed once support for the old RBAC API policies will be removed from Neutron. Please use method 'is_service_role' instead.
2026-07-09 15:48:04.961 10 INFO neutron.services.segments.plugin [-] Segment f4327767-da64-43b3-8c73-7877fcceb7e8 resource provider aggregate not found
2026-07-09 15:48:04.968 9 INFO neutron.db.ovn_revision_numbers_db [None req-368132d4-5345-4e6e-b8fc-85d3b1c136d8 975bad6c39554109a9db302f56d7aa67 2f9787f1f5a64ce5916b9685054f5106 - - default default] Successfully bumped revision number for resource 6155d577-604c-4d1c-b0f2-21d17cec4f4f (type: security_group_rules) to 0
2026-07-09 15:48:04.976 10 INFO neutron.wsgi [None req-9ad61982-1233-4769-9efb-0cef698ff96f c78bf3b8cf62431b8a411c2bb640c804 0c88b9fafbe24245a405c8b3e038ea2d - - default default] 10.0.0.179 "DELETE /v2.0/networks/d3dab79e-6524-45c6-9302-eabd2c0b2c70 HTTP/1.1" status: 204 len: 168 time: 0.5879564
2026-07-09 15:48:04.977 10 INFO neutron.services.segments.plugin [-] Segment f4327767-da64-43b3-8c73-7877fcceb7e8 resource provider not found; error: Placement Client Error (4xx): {"errors": [{"status": 404, "title": "Not Found", "detail": "The resource could not be found.\n\n No resource provider with uuid f4327767-da64-43b3-8c73-7877fcceb7e8 found for delete ", "request_id": "req-0187c294-dd88-4806-8189-02dcf3264835"}]}
2026-07-09 15:48:04.979 10 INFO neutron.services.segments.plugin [-] Segment f4327767-da64-43b3-8c73-7877fcceb7e8 resource provider not found; error: Placement Client Error (4xx): {"errors": [{"status": 404, "title": "Not Found", "detail": "The resource could not be found.\n\n No resource provider with uuid f4327767-da64-43b3-8c73-7877fcceb7e8 found for delete ", "request_id": "req-7275eaef-d5e3-4e7d-895f-8ee5fece1a49"}]}
2026-07-09 15:48:04.995 9 INFO neutron.db.ovn_revision_numbers_db [None req-368132d4-5345-4e6e-b8fc-85d3b1c136d8 975bad6c39554109a9db302f56d7aa67 2f9787f1f5a64ce5916b9685054f5106 - - default default] Successfully bumped revision number for resource fa743af9-da63-4d60-902d-40eec758bb84 (type: security_group_rules) to 0
2026-07-09 15:48:05.017 9 INFO neutron.wsgi [None req-368132d4-5345-4e6e-b8fc-85d3b1c136d8 975bad6c39554109a9db302f56d7aa67 2f9787f1f5a64ce5916b9685054f5106 - - default default] 10.0.0.179 "POST /v2.0/security-groups HTTP/1.1" status: 201 len: 1825 time: 0.2116694
2026-07-09 15:48:05.027 10 WARNING neutron_lib.context [None req-92ee419b-430f-4359-8221-64fe88231492 975bad6c39554109a9db302f56d7aa67 2f9787f1f5a64ce5916b9685054f5106 - - default default] Method 'is_advsvc' is deprecated since 2023.2 release (neutron-lib 3.8.0) and will be removed once support for the old RBAC API policies will be removed from Neutron. Please use method 'is_service_role' instead.
2026-07-09 15:48:05.164 10 INFO neutron.db.ovn_revision_numbers_db [None req-92ee419b-430f-4359-8221-64fe88231492 975bad6c39554109a9db302f56d7aa67 2f9787f1f5a64ce5916b9685054f5106 - - default default] Successfully bumped revision number for resource 3dfa7158-a1f7-4980-acd5-4ad6387b8602 (type: security_group_rules) to 0
2026-07-09 15:48:05.191 10 INFO neutron.wsgi [None req-92ee419b-430f-4359-8221-64fe88231492 975bad6c39554109a9db302f56d7aa67 2f9787f1f5a64ce5916b9685054f5106 - - default default] 10.0.0.179 "POST /v2.0/security-group-rules HTTP/1.1" status: 201 len: 800 time: 0.1708152
2026-07-09 15:48:05.210 9 WARNING neutron.scheduler.dhcp_agent_scheduler [None req-aacc40d2-fd20-41aa-bfc9-2feac793d78b 5b84b071e8f44528b84c5e573288dd54 97008428a5d04aad9788bb4e58edf252 - - default default] No more DHCP agents
2026-07-09 15:48:05.213 9 WARNING neutron.api.rpc.agentnotifiers.dhcp_rpc_agent_api [None req-aacc40d2-fd20-41aa-bfc9-2feac793d78b 5b84b071e8f44528b84c5e573288dd54 97008428a5d04aad9788bb4e58edf252 - - default default] Unable to schedule network 6aa2d24b-911c-44f3-98db-40ba9b0a09c2: no agents available; will retry on subsequent port and subnet creation events.
2026-07-09 15:48:05.215 10 INFO neutron.wsgi [None req-41cc5331-eb85-4456-b758-7a38092491c2 975bad6c39554109a9db302f56d7aa67 2f9787f1f5a64ce5916b9685054f5106 - - default default] 10.0.0.179 "GET /v2.0/security-group-rules/3dfa7158-a1f7-4980-acd5-4ad6387b8602 HTTP/1.1" status: 200 len: 795 time: 0.0181372
2026-07-09 15:48:05.295 9 INFO neutron.db.ovn_revision_numbers_db [None req-aacc40d2-fd20-41aa-bfc9-2feac793d78b 5b84b071e8f44528b84c5e573288dd54 97008428a5d04aad9788bb4e58edf252 - - default default] Successfully bumped revision number for resource a7f03932-8d1d-4085-889c-8bcd2939d4a3 (type: ports) to 1
2026-07-09 15:48:05.305 10 INFO neutron.wsgi [None req-7175cc09-5207-40d9-88a6-dc0fee4b6ade 975bad6c39554109a9db302f56d7aa67 2f9787f1f5a64ce5916b9685054f5106 - - default default] 10.0.0.179 "GET /v2.0/security-group-rules HTTP/1.1" status: 200 len: 4333 time: 0.0851984 /var/lib/openstack/lib/python3.10/site-packages/pycadf/identifier.py:71: UserWarning: Invalid uuid: neutron. To ensure interoperability, identifiers should be a valid uuid. warnings.warn(('Invalid uuid: %s. To ensure interoperability, '
2026-07-09 15:48:05.318 10 INFO neutron.wsgi [None req-94481436-b759-448c-b567-e2d6f4855d25 c78bf3b8cf62431b8a411c2bb640c804 0c88b9fafbe24245a405c8b3e038ea2d - - default default] 10.0.0.179 "GET /v2.0/security-groups?tenant_id=4b36384f06744cbfa8ddf4629f418f06&name=default HTTP/1.1" status: 200 len: 3120 time: 0.0453103
2026-07-09 15:48:05.325 9 INFO neutron.wsgi [None req-aacc40d2-fd20-41aa-bfc9-2feac793d78b 5b84b071e8f44528b84c5e573288dd54 97008428a5d04aad9788bb4e58edf252 - - default default] 10.0.0.179 "POST /v2.0/ports HTTP/1.1" status: 201 len: 942 time: 0.3748558
2026-07-09 15:48:05.377 9 INFO neutron.wsgi [None req-85724d01-c1c4-42a6-8efd-a931badde057 5b84b071e8f44528b84c5e573288dd54 97008428a5d04aad9788bb4e58edf252 - - default default] 10.0.0.179 "PUT /v2.0/ports/7d383bed-1c93-4924-bc1e-684f4e31ee7f/tags HTTP/1.1" status: 200 len: 210 time: 0.0457833
2026-07-09 15:48:05.438 9 INFO neutron.wsgi [None req-23c99dde-3e9d-46ed-a3a9-aca41d2f40a1 5b84b071e8f44528b84c5e573288dd54 97008428a5d04aad9788bb4e58edf252 - - default default] 10.0.0.179 "PUT /v2.0/ports/ef459ffa-f11e-469f-a458-3abac681fa85/tags HTTP/1.1" status: 200 len: 218 time: 0.0552986
2026-07-09 15:48:05.514 9 INFO neutron.wsgi [None req-04d4bd60-2b5a-4b6b-a8c6-f5455e1ac431 975bad6c39554109a9db302f56d7aa67 2f9787f1f5a64ce5916b9685054f5106 - - default default] 10.0.0.179 "DELETE /v2.0/security-group-rules/3dfa7158-a1f7-4980-acd5-4ad6387b8602 HTTP/1.1" status: 204 len: 168 time: 0.2041311
2026-07-09 15:48:05.522 10 INFO neutron.wsgi [None req-e31bb4c6-b7a8-432e-a88d-113e7f6f993e c78bf3b8cf62431b8a411c2bb640c804 0c88b9fafbe24245a405c8b3e038ea2d - - default default] 10.0.0.179 "DELETE /v2.0/security-groups/f0d25f36-a6b2-4661-9c1a-489b28bd4646 HTTP/1.1" status: 204 len: 168 time: 0.1993613
2026-07-09 15:48:05.531 9 INFO neutron.wsgi [None req-a67b8c65-755d-44cd-887f-f58e7df75ac0 5b84b071e8f44528b84c5e573288dd54 97008428a5d04aad9788bb4e58edf252 - - default default] 10.0.0.179 "PUT /v2.0/ports/ef263250-8c27-4917-8ec3-fd0aa4502496/tags HTTP/1.1" status: 200 len: 227 time: 0.0870118
2026-07-09 15:48:05.582 10 INFO neutron.wsgi [None req-8551bee9-ceab-4e13-ae63-8ae44d3e1070 5b84b071e8f44528b84c5e573288dd54 97008428a5d04aad9788bb4e58edf252 - - default default] 10.0.0.179 "PUT /v2.0/ports/34ea2b9f-b076-4ab1-898d-37780ee98935/tags HTTP/1.1" status: 200 len: 212 time: 0.0461650
2026-07-09 15:48:05.598 9 INFO neutron.wsgi [None req-d07e081a-d5fb-42e6-9892-5c189eb891dc 975bad6c39554109a9db302f56d7aa67 2f9787f1f5a64ce5916b9685054f5106 - - default default] 10.0.0.179 "GET /v2.0/security-group-rules HTTP/1.1" status: 200 len: 3755 time: 0.0791116
2026-07-09 15:48:05.608 9 WARNING neutron_lib.context [None req-f9466b79-09a2-4121-b9ca-d0b2dc91d428 975bad6c39554109a9db302f56d7aa67 2f9787f1f5a64ce5916b9685054f5106 - - default default] Method 'is_advsvc' is deprecated since 2023.2 release (neutron-lib 3.8.0) and will be removed once support for the old RBAC API policies will be removed from Neutron. Please use method 'is_service_role' instead.
2026-07-09 15:48:05.729 9 INFO neutron.wsgi [None req-6c1ec9ec-b070-4ae5-a32f-41500784b452 c78bf3b8cf62431b8a411c2bb640c804 0c88b9fafbe24245a405c8b3e038ea2d - - default default] 10.0.0.179 "GET /v2.0/security-groups?tenant_id=cb92fb26943c4347a0c4f632d03a09f3&name=default HTTP/1.1" status: 200 len: 3120 time: 0.0487280
2026-07-09 15:48:05.771 10 INFO neutron.wsgi [None req-da3263a3-46e8-4658-9af8-15d512566eb0 5b84b071e8f44528b84c5e573288dd54 97008428a5d04aad9788bb4e58edf252 - - default default] 10.0.0.179 "GET /v2.0/ports?tags=red HTTP/1.1" status: 200 len: 2448 time: 0.1852269
2026-07-09 15:48:05.772 9 INFO neutron.db.ovn_revision_numbers_db [None req-f9466b79-09a2-4121-b9ca-d0b2dc91d428 975bad6c39554109a9db302f56d7aa67 2f9787f1f5a64ce5916b9685054f5106 - - default default] Successfully bumped revision number for resource 5284ccaa-a107-4831-afcf-3d5cc184113d (type: security_group_rules) to 0
2026-07-09 15:48:05.799 9 INFO neutron.wsgi [None req-f9466b79-09a2-4121-b9ca-d0b2dc91d428 975bad6c39554109a9db302f56d7aa67 2f9787f1f5a64ce5916b9685054f5106 - - default default] 10.0.0.179 "POST /v2.0/security-group-rules HTTP/1.1" status: 201 len: 800 time: 0.1960204
2026-07-09 15:48:05.829 9 INFO neutron.wsgi [None req-ce004c93-b4ff-4288-a363-50a8ced69ac7 975bad6c39554109a9db302f56d7aa67 2f9787f1f5a64ce5916b9685054f5106 - - default default] 10.0.0.179 "GET /v2.0/security-group-rules/5284ccaa-a107-4831-afcf-3d5cc184113d HTTP/1.1" status: 200 len: 795 time: 0.0251427
2026-07-09 15:48:05.845 10 INFO neutron.wsgi [None req-8ccb5e8b-7850-4353-86c7-56f35ce64416 5b84b071e8f44528b84c5e573288dd54 97008428a5d04aad9788bb4e58edf252 - - default default] 10.0.0.179 "GET /v2.0/ports?tags=red%2Cblue HTTP/1.1" status: 200 len: 1708 time: 0.0689840
2026-07-09 15:48:05.904 10 INFO neutron.wsgi [None req-c326bdce-a857-4396-a408-1cfc1fc28a07 5b84b071e8f44528b84c5e573288dd54 97008428a5d04aad9788bb4e58edf252 - - default default] 10.0.0.179 "GET /v2.0/ports?tags-any=blue HTTP/1.1" status: 200 len: 1708 time: 0.0536690
2026-07-09 15:48:05.926 9 INFO neutron.wsgi [None req-9ae637d7-d7d7-46e3-9e8c-f1cd492a18da 975bad6c39554109a9db302f56d7aa67 2f9787f1f5a64ce5916b9685054f5106 - - default default] 10.0.0.179 "GET /v2.0/security-group-rules HTTP/1.1" status: 200 len: 4333 time: 0.0902891
2026-07-09 15:48:05.964 10 INFO neutron.wsgi [None req-7b15a104-3fb7-4507-9e6c-eb2de8b827d4 5b84b071e8f44528b84c5e573288dd54 97008428a5d04aad9788bb4e58edf252 - - default default] 10.0.0.179 "GET /v2.0/ports?tags-any=red%2Cblue HTTP/1.1" status: 200 len: 2448 time: 0.0542886
2026-07-09 15:48:06.006 9 INFO neutron.wsgi [None req-c8bc0551-4b4f-4ab0-8858-667e048d23dc c78bf3b8cf62431b8a411c2bb640c804 0c88b9fafbe24245a405c8b3e038ea2d - - default default] 10.0.0.179 "DELETE /v2.0/security-groups/6da8511a-dad6-4969-9f61-ea02adbf94e5 HTTP/1.1" status: 204 len: 168 time: 0.2738636
2026-07-09 15:48:06.052 9 INFO neutron.wsgi [None req-28d66742-a3aa-48ec-9d0e-0524212eb9ae 975bad6c39554109a9db302f56d7aa67 2f9787f1f5a64ce5916b9685054f5106 - - default default] 10.0.0.179 "DELETE /v2.0/security-group-rules/5284ccaa-a107-4831-afcf-3d5cc184113d HTTP/1.1" status: 204 len: 168 time: 0.1227548
2026-07-09 15:48:06.119 9 INFO neutron.wsgi [None req-3b789fcd-4e7f-4402-8e3e-4881cabb23d1 975bad6c39554109a9db302f56d7aa67 2f9787f1f5a64ce5916b9685054f5106 - - default default] 10.0.0.179 "GET /v2.0/security-group-rules HTTP/1.1" status: 200 len: 3755 time: 0.0600433
2026-07-09 15:48:06.125 9 WARNING neutron_lib.context [None req-d8954439-60c6-481d-93a6-44599a0dc6c4 975bad6c39554109a9db302f56d7aa67 2f9787f1f5a64ce5916b9685054f5106 - - default default] Method 'is_advsvc' is deprecated since 2023.2 release (neutron-lib 3.8.0) and will be removed once support for the old RBAC API policies will be removed from Neutron. Please use method 'is_service_role' instead.
2026-07-09 15:48:06.127 10 INFO neutron.wsgi [None req-18590b63-e95a-4870-b374-e88d4eb149d5 5b84b071e8f44528b84c5e573288dd54 97008428a5d04aad9788bb4e58edf252 - - default default] 10.0.0.179 "GET /v2.0/ports?not-tags=red HTTP/1.1" status: 200 len: 5463 time: 0.1594996
2026-07-09 15:48:06.227 10 INFO neutron.wsgi [None req-9dc922fd-f488-4292-a23e-f0c2b450ddfa 5b84b071e8f44528b84c5e573288dd54 97008428a5d04aad9788bb4e58edf252 - - default default] 10.0.0.179 "GET /v2.0/ports?not-tags=red%2Cblue HTTP/1.1" status: 200 len: 6203 time: 0.0957575
2026-07-09 15:48:06.231 9 INFO neutron.db.ovn_revision_numbers_db [None req-d8954439-60c6-481d-93a6-44599a0dc6c4 975bad6c39554109a9db302f56d7aa67 2f9787f1f5a64ce5916b9685054f5106 - - default default] Successfully bumped revision number for resource 6defdf76-ae68-4762-b4dc-1d4ef104c75a (type: security_group_rules) to 0
2026-07-09 15:48:06.256 9 INFO neutron.wsgi [None req-d8954439-60c6-481d-93a6-44599a0dc6c4 975bad6c39554109a9db302f56d7aa67 2f9787f1f5a64ce5916b9685054f5106 - - default default] 10.0.0.179 "POST /v2.0/security-group-rules HTTP/1.1" status: 201 len: 801 time: 0.1340168
2026-07-09 15:48:06.275 9 INFO neutron.wsgi [None req-b536a34d-57a5-4b75-b1ef-7dd441f6d00b 975bad6c39554109a9db302f56d7aa67 2f9787f1f5a64ce5916b9685054f5106 - - default default] 10.0.0.179 "GET /v2.0/security-group-rules/6defdf76-ae68-4762-b4dc-1d4ef104c75a HTTP/1.1" status: 200 len: 796 time: 0.0157068
2026-07-09 15:48:06.307 10 INFO neutron.wsgi [None req-3a991e22-ebda-467c-acbe-2b9bd3b96fc0 5b84b071e8f44528b84c5e573288dd54 97008428a5d04aad9788bb4e58edf252 - - default default] 10.0.0.179 "GET /v2.0/ports?not-tags-any=blue HTTP/1.1" status: 200 len: 6203 time: 0.0762036
2026-07-09 15:48:06.343 9 INFO neutron.wsgi [None req-b91c4cf7-6864-40ee-8c27-f0d6127d6e72 975bad6c39554109a9db302f56d7aa67 2f9787f1f5a64ce5916b9685054f5106 - - default default] 10.0.0.179 "GET /v2.0/security-group-rules HTTP/1.1" status: 200 len: 4334 time: 0.0651608
2026-07-09 15:48:06.367 10 INFO neutron.wsgi [None req-b8eacbda-c49c-4ef5-b436-a6eb7d68176a 5b84b071e8f44528b84c5e573288dd54 97008428a5d04aad9788bb4e58edf252 - - default default] 10.0.0.179 "GET /v2.0/ports?not-tags-any=red%2Cblue HTTP/1.1" status: 200 len: 5463 time: 0.0545979
2026-07-09 15:48:06.516 9 INFO neutron.wsgi [None req-5dfca471-891a-4d7c-b7c3-d21aa6f10986 975bad6c39554109a9db302f56d7aa67 2f9787f1f5a64ce5916b9685054f5106 - - default default] 10.0.0.179 "DELETE /v2.0/security-group-rules/6defdf76-ae68-4762-b4dc-1d4ef104c75a HTTP/1.1" status: 204 len: 168 time: 0.1685417
2026-07-09 15:48:06.622 9 INFO neutron.wsgi [None req-a570412f-ad53-4b2d-997b-5f085436106f 975bad6c39554109a9db302f56d7aa67 2f9787f1f5a64ce5916b9685054f5106 - - default default] 10.0.0.179 "GET /v2.0/security-group-rules HTTP/1.1" status: 200 len: 3755 time: 0.1014581
2026-07-09 15:48:06.707 9 INFO neutron.wsgi [None req-50ed3f57-2963-46f2-b96e-524dfc95664f 5b84b071e8f44528b84c5e573288dd54 97008428a5d04aad9788bb4e58edf252 - - default default] 10.0.0.179 "DELETE /v2.0/ports/7d383bed-1c93-4924-bc1e-684f4e31ee7f HTTP/1.1" status: 204 len: 168 time: 0.3335738
2026-07-09 15:48:06.747 10 INFO neutron.wsgi [None req-9284e519-e9df-45bc-9809-2478d6af5b5d 975bad6c39554109a9db302f56d7aa67 2f9787f1f5a64ce5916b9685054f5106 - - default default] 10.0.0.179 "DELETE /v2.0/security-groups/13900402-a208-4ae0-b5f1-928cf6c5eb32 HTTP/1.1" status: 204 len: 168 time: 0.1199796
2026-07-09 15:48:06.797 10 INFO neutron.wsgi [None req-b455f764-a172-4530-a111-cb6dfdb710b6 975bad6c39554109a9db302f56d7aa67 2f9787f1f5a64ce5916b9685054f5106 - - default default] 10.0.0.179 "GET /v2.0/security-groups HTTP/1.1" status: 200 len: 3120 time: 0.0454168
2026-07-09 15:48:06.851 10 INFO neutron.wsgi [None req-2eb73a31-367a-4e46-81bb-f5345ee0775f 975bad6c39554109a9db302f56d7aa67 2f9787f1f5a64ce5916b9685054f5106 - - default default] 10.0.0.179 "GET /v2.0/security-groups HTTP/1.1" status: 200 len: 3120 time: 0.0476267
2026-07-09 15:48:06.988 9 INFO neutron.wsgi [None req-02f93d97-12e3-48c4-9788-45c4183aa0b8 5b84b071e8f44528b84c5e573288dd54 97008428a5d04aad9788bb4e58edf252 - - default default] 10.0.0.179 "DELETE /v2.0/ports/ef459ffa-f11e-469f-a458-3abac681fa85 HTTP/1.1" status: 204 len: 168 time: 0.2751973
2026-07-09 15:48:07.248 10 INFO neutron.wsgi [None req-5a321854-863a-4e37-af89-2cb91071da5f 5b84b071e8f44528b84c5e573288dd54 97008428a5d04aad9788bb4e58edf252 - - default default] 10.0.0.179 "DELETE /v2.0/ports/ef263250-8c27-4917-8ec3-fd0aa4502496 HTTP/1.1" status: 204 len: 168 time: 0.2555115
2026-07-09 15:48:07.510 10 INFO neutron.wsgi [None req-4108b7ba-1868-444b-948c-c9d41e3dbc49 5b84b071e8f44528b84c5e573288dd54 97008428a5d04aad9788bb4e58edf252 - - default default] 10.0.0.179 "DELETE /v2.0/ports/34ea2b9f-b076-4ab1-898d-37780ee98935 HTTP/1.1" status: 204 len: 168 time: 0.2582593
2026-07-09 15:48:07.579 9 INFO neutron.wsgi [None req-b03bfb62-f279-473b-aad0-63875a3cb6b1 c78bf3b8cf62431b8a411c2bb640c804 0c88b9fafbe24245a405c8b3e038ea2d - - default default] 10.0.0.179 "GET /v2.0/security-groups?tenant_id=2f9787f1f5a64ce5916b9685054f5106&name=default HTTP/1.1" status: 200 len: 3120 time: 0.2816815
2026-07-09 15:48:07.818 10 INFO neutron.wsgi [None req-0b1e029b-515a-422c-b6e4-c28e1ba382a6 c78bf3b8cf62431b8a411c2bb640c804 0c88b9fafbe24245a405c8b3e038ea2d - - default default] 10.0.0.179 "DELETE /v2.0/security-groups/7e8c94c5-f62f-4b16-a40a-afaeb7f30565 HTTP/1.1" status: 204 len: 168 time: 0.2328894
2026-07-09 15:48:07.825 9 INFO neutron.wsgi [None req-70549fe1-bf98-4b1a-ab1e-4d9bf709bffb 5b84b071e8f44528b84c5e573288dd54 97008428a5d04aad9788bb4e58edf252 - - default default] 10.0.0.179 "DELETE /v2.0/ports/a7f03932-8d1d-4085-889c-8bcd2939d4a3 HTTP/1.1" status: 204 len: 168 time: 0.3116016
2026-07-09 15:48:08.382 9 INFO neutron.services.segments.plugin [-] Segment 7fe76764-6e31-4bbe-9e40-e3a5ed528643 resource provider aggregate not found
2026-07-09 15:48:08.386 9 INFO neutron.services.segments.plugin [-] Segment 7fe76764-6e31-4bbe-9e40-e3a5ed528643 resource provider aggregate not found
2026-07-09 15:48:08.400 9 INFO neutron.services.segments.plugin [-] Segment 7fe76764-6e31-4bbe-9e40-e3a5ed528643 resource provider not found; error: Placement Client Error (4xx): {"errors": [{"status": 404, "title": "Not Found", "detail": "The resource could not be found.\n\n No resource provider with uuid 7fe76764-6e31-4bbe-9e40-e3a5ed528643 found for delete ", "request_id": "req-1c69410b-1010-4396-94a8-40c5f2ded65e"}]}
2026-07-09 15:48:08.407 9 INFO neutron.services.segments.plugin [-] Segment 7fe76764-6e31-4bbe-9e40-e3a5ed528643 resource provider not found; error: Placement Client Error (4xx): {"errors": [{"status": 404, "title": "Not Found", "detail": "The resource could not be found.\n\n No resource provider with uuid 7fe76764-6e31-4bbe-9e40-e3a5ed528643 found for delete ", "request_id": "req-1cc18c9d-5c39-42aa-abd8-834ce682a777"}]}
2026-07-09 15:48:08.424 9 INFO neutron.wsgi [None req-b67523d2-3914-4966-a613-e7e9928ed601 5b84b071e8f44528b84c5e573288dd54 97008428a5d04aad9788bb4e58edf252 - - default default] 10.0.0.179 "DELETE /v2.0/networks/7bbcfdbe-0fd0-4d98-9a1a-3355ce20cd94 HTTP/1.1" status: 204 len: 168 time: 0.5937295
2026-07-09 15:48:08.799 10 INFO neutron.services.segments.plugin [-] Segment 57ca4eba-5c22-4cae-b625-5d209946c2e8 resource provider aggregate not found
2026-07-09 15:48:08.805 10 INFO neutron.services.segments.plugin [-] Segment 57ca4eba-5c22-4cae-b625-5d209946c2e8 resource provider aggregate not found
2026-07-09 15:48:08.810 10 INFO neutron.services.segments.plugin [-] Segment 57ca4eba-5c22-4cae-b625-5d209946c2e8 resource provider not found; error: Placement Client Error (4xx): {"errors": [{"status": 404, "title": "Not Found", "detail": "The resource could not be found.\n\n No resource provider with uuid 57ca4eba-5c22-4cae-b625-5d209946c2e8 found for delete ", "request_id": "req-9b2dab10-efc7-4070-9e2e-4500fe10e14f"}]}
2026-07-09 15:48:08.820 10 INFO neutron.services.segments.plugin [-] Segment 57ca4eba-5c22-4cae-b625-5d209946c2e8 resource provider not found; error: Placement Client Error (4xx): {"errors": [{"status": 404, "title": "Not Found", "detail": "The resource could not be found.\n\n No resource provider with uuid 57ca4eba-5c22-4cae-b625-5d209946c2e8 found for delete ", "request_id": "req-4bcddbd9-ae7c-4bef-9506-dd654d7cb432"}]}
2026-07-09 15:48:08.840 10 INFO neutron.wsgi [None req-a5cea59d-664f-46ec-8ce5-4a954e5797d5 5b84b071e8f44528b84c5e573288dd54 97008428a5d04aad9788bb4e58edf252 - - default default] 10.0.0.179 "DELETE /v2.0/networks/a41e9961-1941-4847-8494-723853aa91b1 HTTP/1.1" status: 204 len: 168 time: 0.4096606
2026-07-09 15:48:09.211 9 INFO neutron.wsgi [None req-675a0e68-2e54-4e28-a1f9-76f1035b22af 5b84b071e8f44528b84c5e573288dd54 97008428a5d04aad9788bb4e58edf252 - - default default] 10.0.0.179 "DELETE /v2.0/networks/2a5dbd43-3684-422b-9840-21bc622250d4 HTTP/1.1" status: 204 len: 168 time: 0.3661976
2026-07-09 15:48:09.623 10 INFO neutron.wsgi [None req-f1fea910-beca-4d0f-9673-c964302de771 5b84b071e8f44528b84c5e573288dd54 97008428a5d04aad9788bb4e58edf252 - - default default] 10.0.0.179 "DELETE /v2.0/networks/04e418bf-6e61-4347-bee1-3bb9aa3b5c4d HTTP/1.1" status: 204 len: 168 time: 0.4057283
2026-07-09 15:48:10.018 9 INFO neutron.wsgi [None req-688da73a-3733-4cc5-b221-b56eb969e399 5b84b071e8f44528b84c5e573288dd54 97008428a5d04aad9788bb4e58edf252 - - default default] 10.0.0.179 "DELETE /v2.0/networks/6aa2d24b-911c-44f3-98db-40ba9b0a09c2 HTTP/1.1" status: 204 len: 168 time: 0.3893766
2026-07-09 15:48:10.161 10 WARNING neutron_lib.context [None req-b5a22c34-b15f-48d8-aa99-d8b0d86ac363 55abe7e3aefe40658f042c76c2c34afd 23bbdb187aa947f2867960b0d4d758cc - - default default] Method 'is_advsvc' is deprecated since 2023.2 release (neutron-lib 3.8.0) and will be removed once support for the old RBAC API policies will be removed from Neutron. Please use method 'is_service_role' instead.
2026-07-09 15:48:10.363 10 INFO neutron.db.ovn_revision_numbers_db [None req-792f1930-839c-4e0e-8df5-1609896ecdaf c78bf3b8cf62431b8a411c2bb640c804 0c88b9fafbe24245a405c8b3e038ea2d - - default default] Successfully bumped revision number for resource a287896f-0d70-4a70-abb5-de944b6500d4 (type: security_groups) to 1
2026-07-09 15:48:10.384 10 INFO neutron.db.ovn_revision_numbers_db [None req-792f1930-839c-4e0e-8df5-1609896ecdaf c78bf3b8cf62431b8a411c2bb640c804 0c88b9fafbe24245a405c8b3e038ea2d - - default default] Successfully bumped revision number for resource 67be5772-3dee-4051-a0c5-6579bfd33d9c (type: security_group_rules) to 0
2026-07-09 15:48:10.426 10 INFO neutron.db.ovn_revision_numbers_db [None req-792f1930-839c-4e0e-8df5-1609896ecdaf c78bf3b8cf62431b8a411c2bb640c804 0c88b9fafbe24245a405c8b3e038ea2d - - default default] Successfully bumped revision number for resource a1c2a080-cbd0-49e1-ba1b-0e6f7c6348c5 (type: security_group_rules) to 0
2026-07-09 15:48:10.431 9 INFO neutron.services.segments.plugin [-] Segment 2bab5989-6ebc-4feb-9f57-db78d55bb2cc resource provider aggregate not found
2026-07-09 15:48:10.438 9 INFO neutron.services.segments.plugin [-] Segment 2bab5989-6ebc-4feb-9f57-db78d55bb2cc resource provider aggregate not found
2026-07-09 15:48:10.445 9 INFO neutron.services.segments.plugin [-] Segment 2bab5989-6ebc-4feb-9f57-db78d55bb2cc resource provider not found; error: Placement Client Error (4xx): {"errors": [{"status": 404, "title": "Not Found", "detail": "The resource could not be found.\n\n No resource provider with uuid 2bab5989-6ebc-4feb-9f57-db78d55bb2cc found for delete ", "request_id": "req-7ba26d5c-5050-4db6-917d-acdbb9b33989"}]}
2026-07-09 15:48:10.456 9 INFO neutron.services.segments.plugin [-] Segment 2bab5989-6ebc-4feb-9f57-db78d55bb2cc resource provider not found; error: Placement Client Error (4xx): {"errors": [{"status": 404, "title": "Not Found", "detail": "The resource could not be found.\n\n No resource provider with uuid 2bab5989-6ebc-4feb-9f57-db78d55bb2cc found for delete ", "request_id": "req-eb5aaeb3-690d-45f4-959b-cf7c0c87de63"}]}
2026-07-09 15:48:10.461 9 INFO neutron.services.segments.plugin [-] Segment 4bbbcde0-e310-4d2f-9cec-bf55f5aec4f9 resource provider aggregate not found
2026-07-09 15:48:10.469 9 INFO neutron.services.segments.plugin [-] Segment 4bbbcde0-e310-4d2f-9cec-bf55f5aec4f9 resource provider aggregate not found
2026-07-09 15:48:10.476 9 INFO neutron.services.segments.plugin [-] Segment 4bbbcde0-e310-4d2f-9cec-bf55f5aec4f9 resource provider not found; error: Placement Client Error (4xx): {"errors": [{"status": 404, "title": "Not Found", "detail": "The resource could not be found.\n\n No resource provider with uuid 4bbbcde0-e310-4d2f-9cec-bf55f5aec4f9 found for delete ", "request_id": "req-8618c105-b645-48cf-8830-9a5854178373"}]}
2026-07-09 15:48:10.481 9 INFO neutron.services.segments.plugin [-] Segment 4bbbcde0-e310-4d2f-9cec-bf55f5aec4f9 resource provider not found; error: Placement Client Error (4xx): {"errors": [{"status": 404, "title": "Not Found", "detail": "The resource could not be found.\n\n No resource provider with uuid 4bbbcde0-e310-4d2f-9cec-bf55f5aec4f9 found for delete ", "request_id": "req-803d7125-7fcd-4909-b831-e0eb28a92448"}]}
2026-07-09 15:48:10.721 10 INFO neutron.db.ovn_revision_numbers_db [None req-792f1930-839c-4e0e-8df5-1609896ecdaf c78bf3b8cf62431b8a411c2bb640c804 0c88b9fafbe24245a405c8b3e038ea2d - - default default] Successfully bumped revision number for resource cd44227e-6868-4643-9a92-e2d1f7fedec7 (type: security_group_rules) to 0
2026-07-09 15:48:10.751 10 INFO neutron.db.ovn_revision_numbers_db [None req-792f1930-839c-4e0e-8df5-1609896ecdaf c78bf3b8cf62431b8a411c2bb640c804 0c88b9fafbe24245a405c8b3e038ea2d - - default default] Successfully bumped revision number for resource e4c814be-cd80-4cea-b486-ad413681bb7d (type: security_group_rules) to 0
2026-07-09 15:48:10.786 10 INFO neutron.wsgi [None req-792f1930-839c-4e0e-8df5-1609896ecdaf c78bf3b8cf62431b8a411c2bb640c804 0c88b9fafbe24245a405c8b3e038ea2d - - default default] 10.0.0.179 "GET /v2.0/security-groups?tenant_id=0495d10a42974cd7a99411ce442b3709&name=default HTTP/1.1" status: 200 len: 3120 time: 0.7697053
2026-07-09 15:48:10.810 10 WARNING neutron.scheduler.dhcp_agent_scheduler [None req-b5a22c34-b15f-48d8-aa99-d8b0d86ac363 55abe7e3aefe40658f042c76c2c34afd 23bbdb187aa947f2867960b0d4d758cc - - default default] No more DHCP agents
2026-07-09 15:48:10.818 10 WARNING neutron.api.rpc.agentnotifiers.dhcp_rpc_agent_api [None req-b5a22c34-b15f-48d8-aa99-d8b0d86ac363 55abe7e3aefe40658f042c76c2c34afd 23bbdb187aa947f2867960b0d4d758cc - - default default] Unable to schedule network dabe752b-f81b-4229-a172-744a88652769: no agents available; will retry on subsequent port and subnet creation events.
2026-07-09 15:48:10.832 10 INFO neutron.services.segments.plugin [-] Segment 9352cffb-7f50-4e3c-bb8d-d8de58385233 resource provider aggregate not found
2026-07-09 15:48:10.843 10 INFO neutron.services.segments.plugin [-] Segment 9352cffb-7f50-4e3c-bb8d-d8de58385233 resource provider aggregate not found
2026-07-09 15:48:10.848 10 INFO neutron.services.segments.plugin [-] Segment 9352cffb-7f50-4e3c-bb8d-d8de58385233 resource provider not found; error: Placement Client Error (4xx): {"errors": [{"status": 404, "title": "Not Found", "detail": "The resource could not be found.\n\n No resource provider with uuid 9352cffb-7f50-4e3c-bb8d-d8de58385233 found for delete ", "request_id": "req-ccc833c6-10cb-48d4-a19d-fb679b1c6f62"}]}
2026-07-09 15:48:10.859 10 INFO neutron.services.segments.plugin [-] Segment 9352cffb-7f50-4e3c-bb8d-d8de58385233 resource provider not found; error: Placement Client Error (4xx): {"errors": [{"status": 404, "title": "Not Found", "detail": "The resource could not be found.\n\n No resource provider with uuid 9352cffb-7f50-4e3c-bb8d-d8de58385233 found for delete ", "request_id": "req-059110f3-6731-4f9a-adac-6d2b885d84be"}]}
2026-07-09 15:48:10.992 9 INFO neutron.wsgi [None req-c4206049-9097-497a-b7cb-374aee844012 c78bf3b8cf62431b8a411c2bb640c804 0c88b9fafbe24245a405c8b3e038ea2d - - default default] 10.0.0.179 "DELETE /v2.0/security-groups/a287896f-0d70-4a70-abb5-de944b6500d4 HTTP/1.1" status: 204 len: 168 time: 0.1994052
2026-07-09 15:48:11.123 10 INFO neutron.wsgi [None req-b5a22c34-b15f-48d8-aa99-d8b0d86ac363 55abe7e3aefe40658f042c76c2c34afd 23bbdb187aa947f2867960b0d4d758cc - - default default] 10.0.0.179 "POST /v2.0/floatingips HTTP/1.1" status: 201 len: 751 time: 1.0565045
2026-07-09 15:48:11.130 9 WARNING neutron_lib.context [None req-2a33b937-6294-4187-8056-5339e3cc983a 55abe7e3aefe40658f042c76c2c34afd 23bbdb187aa947f2867960b0d4d758cc - - default default] Method 'is_advsvc' is deprecated since 2023.2 release (neutron-lib 3.8.0) and will be removed once support for the old RBAC API policies will be removed from Neutron. Please use method 'is_service_role' instead.
2026-07-09 15:48:11.162 9 INFO neutron.db.ovn_revision_numbers_db [None req-6094fe83-553f-4d5e-ade5-412ea8446f24 c78bf3b8cf62431b8a411c2bb640c804 0c88b9fafbe24245a405c8b3e038ea2d - - default default] Successfully bumped revision number for resource ec3acdc3-f58b-4b64-a282-5633dd4efd40 (type: security_groups) to 1
2026-07-09 15:48:11.188 9 INFO neutron.db.ovn_revision_numbers_db [None req-6094fe83-553f-4d5e-ade5-412ea8446f24 c78bf3b8cf62431b8a411c2bb640c804 0c88b9fafbe24245a405c8b3e038ea2d - - default default] Successfully bumped revision number for resource 34447d94-2931-40f3-86ca-0bbd044d5830 (type: security_group_rules) to 0
2026-07-09 15:48:11.206 9 INFO neutron.db.ovn_revision_numbers_db [None req-6094fe83-553f-4d5e-ade5-412ea8446f24 c78bf3b8cf62431b8a411c2bb640c804 0c88b9fafbe24245a405c8b3e038ea2d - - default default] Successfully bumped revision number for resource 349db4c4-463e-4af1-ad29-cbe13ced7c84 (type: security_group_rules) to 0
2026-07-09 15:48:11.226 9 INFO neutron.db.ovn_revision_numbers_db [None req-6094fe83-553f-4d5e-ade5-412ea8446f24 c78bf3b8cf62431b8a411c2bb640c804 0c88b9fafbe24245a405c8b3e038ea2d - - default default] Successfully bumped revision number for resource 78227737-a7c9-4039-9a36-657fc224b633 (type: security_group_rules) to 0
2026-07-09 15:48:11.249 9 INFO neutron.db.ovn_revision_numbers_db [None req-6094fe83-553f-4d5e-ade5-412ea8446f24 c78bf3b8cf62431b8a411c2bb640c804 0c88b9fafbe24245a405c8b3e038ea2d - - default default] Successfully bumped revision number for resource 98b45d5c-9f71-4e60-af62-35f6daaa2dd5 (type: security_group_rules) to 0
2026-07-09 15:48:11.277 9 INFO neutron.wsgi [None req-6094fe83-553f-4d5e-ade5-412ea8446f24 c78bf3b8cf62431b8a411c2bb640c804 0c88b9fafbe24245a405c8b3e038ea2d - - default default] 10.0.0.179 "GET /v2.0/security-groups?tenant_id=20978a58cd7e47d38a2794a4890e63c3&name=default HTTP/1.1" status: 200 len: 3120 time: 0.3772302
2026-07-09 15:48:11.388 9 WARNING neutron.scheduler.dhcp_agent_scheduler [None req-2a33b937-6294-4187-8056-5339e3cc983a 55abe7e3aefe40658f042c76c2c34afd 23bbdb187aa947f2867960b0d4d758cc - - default default] No more DHCP agents
2026-07-09 15:48:11.392 9 WARNING neutron.api.rpc.agentnotifiers.dhcp_rpc_agent_api [None req-2a33b937-6294-4187-8056-5339e3cc983a 55abe7e3aefe40658f042c76c2c34afd 23bbdb187aa947f2867960b0d4d758cc - - default default] Unable to schedule network dabe752b-f81b-4229-a172-744a88652769: no agents available; will retry on subsequent port and subnet creation events.
2026-07-09 15:48:11.535 10 INFO neutron.wsgi [None req-e4696786-01e7-4c1d-9463-06435cf47c0c c78bf3b8cf62431b8a411c2bb640c804 0c88b9fafbe24245a405c8b3e038ea2d - - default default] 10.0.0.179 "DELETE /v2.0/security-groups/ec3acdc3-f58b-4b64-a282-5633dd4efd40 HTTP/1.1" status: 204 len: 168 time: 0.2525594
2026-07-09 15:48:11.656 10 INFO neutron.wsgi [None req-3d43bdf4-74e5-4645-95ef-bd9fb1a2021f c78bf3b8cf62431b8a411c2bb640c804 0c88b9fafbe24245a405c8b3e038ea2d - - default default] 10.0.0.179 "GET /v2.0/security-groups?tenant_id=97008428a5d04aad9788bb4e58edf252&name=default HTTP/1.1" status: 200 len: 3120 time: 0.0408905
2026-07-09 15:48:11.718 9 INFO neutron.wsgi [None req-2a33b937-6294-4187-8056-5339e3cc983a 55abe7e3aefe40658f042c76c2c34afd 23bbdb187aa947f2867960b0d4d758cc - - default default] 10.0.0.179 "POST /v2.0/floatingips HTTP/1.1" status: 201 len: 751 time: 0.5916374
2026-07-09 15:48:11.729 9 WARNING neutron_lib.context [None req-7f7263af-4e87-4274-b76b-90e04cddcb85 55abe7e3aefe40658f042c76c2c34afd 23bbdb187aa947f2867960b0d4d758cc - - default default] Method 'is_advsvc' is deprecated since 2023.2 release (neutron-lib 3.8.0) and will be removed once support for the old RBAC API policies will be removed from Neutron. Please use method 'is_service_role' instead.
2026-07-09 15:48:11.854 10 INFO neutron.wsgi [None req-9a83d18d-7493-4de6-baa0-c7ef8ece71db c78bf3b8cf62431b8a411c2bb640c804 0c88b9fafbe24245a405c8b3e038ea2d - - default default] 10.0.0.179 "DELETE /v2.0/security-groups/36987a14-972a-43c4-a6a6-19ee01eda91d HTTP/1.1" status: 204 len: 168 time: 0.1951735
2026-07-09 15:48:12.002 9 WARNING neutron.scheduler.dhcp_agent_scheduler [None req-7f7263af-4e87-4274-b76b-90e04cddcb85 55abe7e3aefe40658f042c76c2c34afd 23bbdb187aa947f2867960b0d4d758cc - - default default] No more DHCP agents
2026-07-09 15:48:12.004 9 WARNING neutron.api.rpc.agentnotifiers.dhcp_rpc_agent_api [None req-7f7263af-4e87-4274-b76b-90e04cddcb85 55abe7e3aefe40658f042c76c2c34afd 23bbdb187aa947f2867960b0d4d758cc - - default default] Unable to schedule network dabe752b-f81b-4229-a172-744a88652769: no agents available; will retry on subsequent port and subnet creation events.
2026-07-09 15:48:12.070 10 INFO neutron.db.ovn_revision_numbers_db [None req-bdb8dfde-05d7-4389-9782-b8ee46d12de4 c78bf3b8cf62431b8a411c2bb640c804 0c88b9fafbe24245a405c8b3e038ea2d - - default default] Successfully bumped revision number for resource 47f9dc72-0b2d-4592-8fd3-0af1786ebbc5 (type: security_groups) to 1
2026-07-09 15:48:12.084 10 INFO neutron.db.ovn_revision_numbers_db [None req-bdb8dfde-05d7-4389-9782-b8ee46d12de4 c78bf3b8cf62431b8a411c2bb640c804 0c88b9fafbe24245a405c8b3e038ea2d - - default default] Successfully bumped revision number for resource ae2f51fc-c51c-4434-96e2-695c02257d5c (type: security_group_rules) to 0
2026-07-09 15:48:12.099 10 INFO neutron.db.ovn_revision_numbers_db [None req-bdb8dfde-05d7-4389-9782-b8ee46d12de4 c78bf3b8cf62431b8a411c2bb640c804 0c88b9fafbe24245a405c8b3e038ea2d - - default default] Successfully bumped revision number for resource cf761ab8-d238-4568-8b3f-089822dbbbee (type: security_group_rules) to 0
2026-07-09 15:48:12.116 10 INFO neutron.db.ovn_revision_numbers_db [None req-bdb8dfde-05d7-4389-9782-b8ee46d12de4 c78bf3b8cf62431b8a411c2bb640c804 0c88b9fafbe24245a405c8b3e038ea2d - - default default] Successfully bumped revision number for resource e2bb603c-91a4-44b0-8578-2112a447d40c (type: security_group_rules) to 0
2026-07-09 15:48:12.131 10 INFO neutron.db.ovn_revision_numbers_db [None req-bdb8dfde-05d7-4389-9782-b8ee46d12de4 c78bf3b8cf62431b8a411c2bb640c804 0c88b9fafbe24245a405c8b3e038ea2d - - default default] Successfully bumped revision number for resource e7afb75b-fff5-4f5c-965a-1c1a1d5431c2 (type: security_group_rules) to 0
2026-07-09 15:48:12.151 10 INFO neutron.wsgi [None req-bdb8dfde-05d7-4389-9782-b8ee46d12de4 c78bf3b8cf62431b8a411c2bb640c804 0c88b9fafbe24245a405c8b3e038ea2d - - default default] 10.0.0.179 "GET /v2.0/security-groups?tenant_id=cba4c539908d44f1ac473bdc5155f76b&name=default HTTP/1.1" status: 200 len: 3120 time: 0.2082503
2026-07-09 15:48:12.313 9 INFO neutron.wsgi [None req-7f7263af-4e87-4274-b76b-90e04cddcb85 55abe7e3aefe40658f042c76c2c34afd 23bbdb187aa947f2867960b0d4d758cc - - default default] 10.0.0.179 "POST /v2.0/floatingips HTTP/1.1" status: 201 len: 751 time: 0.5892785
2026-07-09 15:48:12.322 10 WARNING neutron_lib.context [None req-e579d844-e413-4ed5-b0dd-5a7af0d83181 55abe7e3aefe40658f042c76c2c34afd 23bbdb187aa947f2867960b0d4d758cc - - default default] Method 'is_advsvc' is deprecated since 2023.2 release (neutron-lib 3.8.0) and will be removed once support for the old RBAC API policies will be removed from Neutron. Please use method 'is_service_role' instead.
2026-07-09 15:48:12.423 10 INFO neutron.wsgi [None req-07d5b42d-e0a0-4af6-8a40-3dc5635021c6 c78bf3b8cf62431b8a411c2bb640c804 0c88b9fafbe24245a405c8b3e038ea2d - - default default] 10.0.0.179 "DELETE /v2.0/security-groups/47f9dc72-0b2d-4592-8fd3-0af1786ebbc5 HTTP/1.1" status: 204 len: 168 time: 0.2659578
2026-07-09 15:48:12.638 10 WARNING neutron.scheduler.dhcp_agent_scheduler [None req-e579d844-e413-4ed5-b0dd-5a7af0d83181 55abe7e3aefe40658f042c76c2c34afd 23bbdb187aa947f2867960b0d4d758cc - - default default] No more DHCP agents
2026-07-09 15:48:12.650 10 WARNING neutron.api.rpc.agentnotifiers.dhcp_rpc_agent_api [None req-e579d844-e413-4ed5-b0dd-5a7af0d83181 55abe7e3aefe40658f042c76c2c34afd 23bbdb187aa947f2867960b0d4d758cc - - default default] Unable to schedule network dabe752b-f81b-4229-a172-744a88652769: no agents available; will retry on subsequent port and subnet creation events.
2026-07-09 15:48:12.960 10 INFO neutron.wsgi [None req-e579d844-e413-4ed5-b0dd-5a7af0d83181 55abe7e3aefe40658f042c76c2c34afd 23bbdb187aa947f2867960b0d4d758cc - - default default] 10.0.0.179 "POST /v2.0/floatingips HTTP/1.1" status: 201 len: 751 time: 0.6421616
2026-07-09 15:48:12.967 10 WARNING neutron_lib.context [None req-52e97253-d133-45a7-a250-5c3be00522ab 55abe7e3aefe40658f042c76c2c34afd 23bbdb187aa947f2867960b0d4d758cc - - default default] Method 'is_advsvc' is deprecated since 2023.2 release (neutron-lib 3.8.0) and will be removed once support for the old RBAC API policies will be removed from Neutron. Please use method 'is_service_role' instead.
2026-07-09 15:48:13.038 9 INFO neutron.db.ovn_revision_numbers_db [None req-416e01ab-6b59-4d00-b03e-33db05de3801 c78bf3b8cf62431b8a411c2bb640c804 0c88b9fafbe24245a405c8b3e038ea2d - - default default] Successfully bumped revision number for resource 49691a8b-62a0-4f46-87b5-4713e424ee58 (type: security_groups) to 1
2026-07-09 15:48:13.050 9 INFO neutron.db.ovn_revision_numbers_db [None req-416e01ab-6b59-4d00-b03e-33db05de3801 c78bf3b8cf62431b8a411c2bb640c804 0c88b9fafbe24245a405c8b3e038ea2d - - default default] Successfully bumped revision number for resource 23c68947-4e90-4131-b577-128f60786197 (type: security_group_rules) to 0
2026-07-09 15:48:13.063 9 INFO neutron.db.ovn_revision_numbers_db [None req-416e01ab-6b59-4d00-b03e-33db05de3801 c78bf3b8cf62431b8a411c2bb640c804 0c88b9fafbe24245a405c8b3e038ea2d - - default default] Successfully bumped revision number for resource 30ec2dfe-5092-4c6b-9ce4-36caf5c98ef0 (type: security_group_rules) to 0
2026-07-09 15:48:13.075 9 INFO neutron.db.ovn_revision_numbers_db [None req-416e01ab-6b59-4d00-b03e-33db05de3801 c78bf3b8cf62431b8a411c2bb640c804 0c88b9fafbe24245a405c8b3e038ea2d - - default default] Successfully bumped revision number for resource 73895e40-5686-4718-b498-b31e4aa56626 (type: security_group_rules) to 0
2026-07-09 15:48:13.088 9 INFO neutron.db.ovn_revision_numbers_db [None req-416e01ab-6b59-4d00-b03e-33db05de3801 c78bf3b8cf62431b8a411c2bb640c804 0c88b9fafbe24245a405c8b3e038ea2d - - default default] Successfully bumped revision number for resource b0a5636c-0f71-438c-96cc-9cc2a74a9df8 (type: security_group_rules) to 0
2026-07-09 15:48:13.141 9 INFO neutron.db.segments_db [None req-416e01ab-6b59-4d00-b03e-33db05de3801 c78bf3b8cf62431b8a411c2bb640c804 0c88b9fafbe24245a405c8b3e038ea2d - - default default] Added segment dc743e0a-6036-42d7-9ca6-e24dd84d1e1f of type geneve for network 0e0aa8b8-42eb-4d42-9b09-48ca8898b6c9
2026-07-09 15:48:13.196 10 WARNING neutron.scheduler.dhcp_agent_scheduler [None req-52e97253-d133-45a7-a250-5c3be00522ab 55abe7e3aefe40658f042c76c2c34afd 23bbdb187aa947f2867960b0d4d758cc - - default default] No more DHCP agents
2026-07-09 15:48:13.198 10 WARNING neutron.api.rpc.agentnotifiers.dhcp_rpc_agent_api [None req-52e97253-d133-45a7-a250-5c3be00522ab 55abe7e3aefe40658f042c76c2c34afd 23bbdb187aa947f2867960b0d4d758cc - - default default] Unable to schedule network dabe752b-f81b-4229-a172-744a88652769: no agents available; will retry on subsequent port and subnet creation events.
2026-07-09 15:48:13.275 9 INFO neutron.db.ovn_revision_numbers_db [None req-416e01ab-6b59-4d00-b03e-33db05de3801 c78bf3b8cf62431b8a411c2bb640c804 0c88b9fafbe24245a405c8b3e038ea2d - - default default] Successfully bumped revision number for resource 0e0aa8b8-42eb-4d42-9b09-48ca8898b6c9 (type: networks) to 1
2026-07-09 15:48:13.470 10 INFO neutron.wsgi [None req-52e97253-d133-45a7-a250-5c3be00522ab 55abe7e3aefe40658f042c76c2c34afd 23bbdb187aa947f2867960b0d4d758cc - - default default] 10.0.0.179 "POST /v2.0/floatingips HTTP/1.1" status: 201 len: 751 time: 0.5059597
2026-07-09 15:48:13.470 9 WARNING neutron.scheduler.dhcp_agent_scheduler [None req-416e01ab-6b59-4d00-b03e-33db05de3801 c78bf3b8cf62431b8a411c2bb640c804 0c88b9fafbe24245a405c8b3e038ea2d - - default default] No more DHCP agents
2026-07-09 15:48:13.473 9 WARNING neutron.api.rpc.agentnotifiers.dhcp_rpc_agent_api [None req-416e01ab-6b59-4d00-b03e-33db05de3801 c78bf3b8cf62431b8a411c2bb640c804 0c88b9fafbe24245a405c8b3e038ea2d - - default default] Unable to schedule network 0e0aa8b8-42eb-4d42-9b09-48ca8898b6c9: no agents available; will retry on subsequent port and subnet creation events.
2026-07-09 15:48:13.524 10 INFO neutron.wsgi [None req-d92e7609-4dad-4ae7-849c-7390801094f3 55abe7e3aefe40658f042c76c2c34afd 23bbdb187aa947f2867960b0d4d758cc - - default default] 10.0.0.179 "PUT /v2.0/floatingips/dd899916-2978-4be5-9085-f13ad4ec050e/tags HTTP/1.1" status: 200 len: 210 time: 0.0490699
2026-07-09 15:48:13.568 9 INFO neutron.db.ovn_revision_numbers_db [None req-416e01ab-6b59-4d00-b03e-33db05de3801 c78bf3b8cf62431b8a411c2bb640c804 0c88b9fafbe24245a405c8b3e038ea2d - - default default] Successfully bumped revision number for resource 82877b65-8e43-4a78-b11f-5c725ff97887 (type: ports) to 1
2026-07-09 15:48:13.569 10 INFO neutron.wsgi [None req-391d3ea6-fd89-4b11-a4ac-313ee49b525f 55abe7e3aefe40658f042c76c2c34afd 23bbdb187aa947f2867960b0d4d758cc - - default default] 10.0.0.179 "PUT /v2.0/floatingips/fcdf8b4a-ce5d-4902-8fa8-a364281698b7/tags HTTP/1.1" status: 200 len: 218 time: 0.0407362
2026-07-09 15:48:13.623 9 INFO neutron.wsgi [None req-416e01ab-6b59-4d00-b03e-33db05de3801 c78bf3b8cf62431b8a411c2bb640c804 0c88b9fafbe24245a405c8b3e038ea2d - - default default] 10.0.0.179 "POST /v2.0/networks HTTP/1.1" status: 201 len: 943 time: 0.8927627
2026-07-09 15:48:13.635 9 INFO neutron.wsgi [None req-1f32b5f3-0ba2-4285-adeb-7a50af7c4acb 55abe7e3aefe40658f042c76c2c34afd 23bbdb187aa947f2867960b0d4d758cc - - default default] 10.0.0.179 "PUT /v2.0/floatingips/aa35efd5-0eb3-4ec5-ab2a-441757642347/tags HTTP/1.1" status: 200 len: 227 time: 0.0619936
2026-07-09 15:48:13.681 9 INFO neutron.wsgi [None req-9ff18525-7de7-478c-99c7-6010bafbbb1a 55abe7e3aefe40658f042c76c2c34afd 23bbdb187aa947f2867960b0d4d758cc - - default default] 10.0.0.179 "PUT /v2.0/floatingips/8452267a-2a53-40e7-bc12-9561ec042223/tags HTTP/1.1" status: 200 len: 212 time: 0.0397401
2026-07-09 15:48:13.732 9 INFO neutron.wsgi [None req-ab0b8ae4-e0ca-4f57-9d26-d5715fd91a33 55abe7e3aefe40658f042c76c2c34afd 23bbdb187aa947f2867960b0d4d758cc - - default default] 10.0.0.179 "GET /v2.0/floatingips?tags=red HTTP/1.1" status: 200 len: 1866 time: 0.0453923
2026-07-09 15:48:13.779 9 INFO neutron.wsgi [None req-90b1bf1c-6735-476b-858a-2133c131949c 55abe7e3aefe40658f042c76c2c34afd 23bbdb187aa947f2867960b0d4d758cc - - default default] 10.0.0.179 "GET /v2.0/floatingips?tags=red%2Cblue HTTP/1.1" status: 200 len: 1323 time: 0.0414672
2026-07-09 15:48:13.797 10 WARNING neutron.scheduler.dhcp_agent_scheduler [None req-bf327922-d2d8-4fab-a4ef-50cdac054ac8 c78bf3b8cf62431b8a411c2bb640c804 0c88b9fafbe24245a405c8b3e038ea2d - - default default] No more DHCP agents
2026-07-09 15:48:13.798 10 WARNING neutron.api.rpc.agentnotifiers.dhcp_rpc_agent_api [None req-bf327922-d2d8-4fab-a4ef-50cdac054ac8 c78bf3b8cf62431b8a411c2bb640c804 0c88b9fafbe24245a405c8b3e038ea2d - - default default] Unable to schedule network 0e0aa8b8-42eb-4d42-9b09-48ca8898b6c9: no agents available; will retry on subsequent port and subnet creation events.
2026-07-09 15:48:13.838 9 INFO neutron.wsgi [None req-4750aca1-7da0-4a78-b82a-b45b9eff162f 55abe7e3aefe40658f042c76c2c34afd 23bbdb187aa947f2867960b0d4d758cc - - default default] 10.0.0.179 "GET /v2.0/floatingips?tags-any=blue HTTP/1.1" status: 200 len: 1323 time: 0.0509634
2026-07-09 15:48:13.879 9 INFO neutron.wsgi [None req-6abf1fa9-5f08-45b3-8d48-14ac440f0426 55abe7e3aefe40658f042c76c2c34afd 23bbdb187aa947f2867960b0d4d758cc - - default default] 10.0.0.179 "GET /v2.0/floatingips?tags-any=red%2Cblue HTTP/1.1" status: 200 len: 1866 time: 0.0344009
2026-07-09 15:48:13.928 9 INFO neutron.wsgi [None req-6498a8a6-8b27-4651-bb5c-e47c43229f23 55abe7e3aefe40658f042c76c2c34afd 23bbdb187aa947f2867960b0d4d758cc - - default default] 10.0.0.179 "GET /v2.0/floatingips?not-tags=red HTTP/1.1" status: 200 len: 1295 time: 0.0430603
2026-07-09 15:48:13.980 9 INFO neutron.wsgi [None req-6b33f680-1c26-47a3-8ca1-a1145b1ba2a6 55abe7e3aefe40658f042c76c2c34afd 23bbdb187aa947f2867960b0d4d758cc - - default default] 10.0.0.179 "GET /v2.0/floatingips?not-tags=red%2Cblue HTTP/1.1" status: 200 len: 1838 time: 0.0473890
2026-07-09 15:48:14.019 9 INFO neutron.wsgi [None req-a1fd778d-a244-497a-894d-4b3b873cd1fe 55abe7e3aefe40658f042c76c2c34afd 23bbdb187aa947f2867960b0d4d758cc - - default default] 10.0.0.179 "GET /v2.0/floatingips?not-tags-any=blue HTTP/1.1" status: 200 len: 1838 time: 0.0337031
2026-07-09 15:48:14.063 9 INFO neutron.wsgi [None req-4a01e5ea-7df4-4af2-9da7-fe78fcf434c7 55abe7e3aefe40658f042c76c2c34afd 23bbdb187aa947f2867960b0d4d758cc - - default default] 10.0.0.179 "GET /v2.0/floatingips?not-tags-any=red%2Cblue HTTP/1.1" status: 200 len: 1295 time: 0.0377989
2026-07-09 15:48:14.304 10 INFO neutron.db.ovn_revision_numbers_db [None req-bf327922-d2d8-4fab-a4ef-50cdac054ac8 c78bf3b8cf62431b8a411c2bb640c804 0c88b9fafbe24245a405c8b3e038ea2d - - default default] Successfully bumped revision number for resource 82877b65-8e43-4a78-b11f-5c725ff97887 (type: ports) to 2
2026-07-09 15:48:14.333 10 INFO neutron.db.ovn_revision_numbers_db [None req-bf327922-d2d8-4fab-a4ef-50cdac054ac8 c78bf3b8cf62431b8a411c2bb640c804 0c88b9fafbe24245a405c8b3e038ea2d - - default default] Successfully bumped revision number for resource e0412a1b-a71b-4a7a-8ac7-bdfb4c6a72dd (type: subnets) to 0
2026-07-09 15:48:14.352 10 INFO neutron.wsgi [None req-bf327922-d2d8-4fab-a4ef-50cdac054ac8 c78bf3b8cf62431b8a411c2bb640c804 0c88b9fafbe24245a405c8b3e038ea2d - - default default] 10.0.0.179 "POST /v2.0/subnets HTTP/1.1" status: 201 len: 863 time: 0.7226968
2026-07-09 15:48:14.386 9 INFO neutron.wsgi [None req-b20dd4ec-8954-48aa-bf60-d4cad5559e81 55abe7e3aefe40658f042c76c2c34afd 23bbdb187aa947f2867960b0d4d758cc - - default default] 10.0.0.179 "DELETE /v2.0/floatingips/dd899916-2978-4be5-9085-f13ad4ec050e HTTP/1.1" status: 204 len: 168 time: 0.3178582
