2026-07-09 15:44:50.945 9 INFO neutron.wsgi [None req-3bc4e061-47c8-4613-8a9c-78a5fcb5c3e8 c78bf3b8cf62431b8a411c2bb640c804 0c88b9fafbe24245a405c8b3e038ea2d - - default default] 10.0.0.188 "GET /v2.0/subnets HTTP/1.1" status: 200 len: 1437 time: 0.0874338
2026-07-09 15:44:50.957 9 INFO neutron.wsgi [None req-a249272d-2697-4a60-a9a4-f2b37e392412 c78bf3b8cf62431b8a411c2bb640c804 0c88b9fafbe24245a405c8b3e038ea2d - - default default] 10.0.0.188 "GET /v2.0/subnetpools HTTP/1.1" status: 200 len: 193 time: 0.0106156
2026-07-09 15:44:51.019 9 INFO neutron.wsgi [None req-b776bdcf-6e3e-48d3-8880-4fb4e7546c67 c78bf3b8cf62431b8a411c2bb640c804 0c88b9fafbe24245a405c8b3e038ea2d - - default default] 10.0.0.188 "GET /v2.0/networks HTTP/1.1" status: 200 len: 2350 time: 0.0602031
2026-07-09 15:44:51.081 9 INFO neutron.wsgi [None req-cb817913-a9a2-4a43-9904-9353b3b6e29f c78bf3b8cf62431b8a411c2bb640c804 0c88b9fafbe24245a405c8b3e038ea2d - - default default] 10.0.0.188 "GET /v2.0/ports HTTP/1.1" status: 200 len: 5347 time: 0.0602429
2026-07-09 15:44:51.104 9 INFO neutron.wsgi [None req-d2c7d87a-b72f-48c9-b67b-6efaeb34a324 c78bf3b8cf62431b8a411c2bb640c804 0c88b9fafbe24245a405c8b3e038ea2d - - default default] 10.0.0.188 "GET /v2.0/floatingips HTTP/1.1" status: 200 len: 193 time: 0.0183728
2026-07-09 15:44:51.160 9 INFO neutron.wsgi [None req-cf5ac990-1a2a-46c8-8512-e5d7f67fc5cc c78bf3b8cf62431b8a411c2bb640c804 0c88b9fafbe24245a405c8b3e038ea2d - - default default] 10.0.0.188 "GET /v2.0/security-groups HTTP/1.1" status: 200 len: 17574 time: 0.0536690
2026-07-09 15:44:51.187 9 INFO neutron.wsgi [None req-73a3b41d-1745-4ebc-918a-c8c0864a4fa8 c78bf3b8cf62431b8a411c2bb640c804 0c88b9fafbe24245a405c8b3e038ea2d - - default default] 10.0.0.188 "GET /v2.0/network-ip-availabilities HTTP/1.1" status: 200 len: 1280 time: 0.0159686
2026-07-09 15:44:51.236 9 INFO neutron.wsgi [None req-f896933d-207c-4775-8db5-d6864668a1a2 c78bf3b8cf62431b8a411c2bb640c804 0c88b9fafbe24245a405c8b3e038ea2d - - default default] 10.0.0.188 "GET /v2.0/agents HTTP/1.1" status: 200 len: 1390 time: 0.0481400
2026-07-09 15:44:51.266 9 INFO neutron.wsgi [None req-712c82ca-baad-4fb2-81bc-b079ad934b8a c78bf3b8cf62431b8a411c2bb640c804 0c88b9fafbe24245a405c8b3e038ea2d - - default default] 10.0.0.188 "GET /v2.0/subnets HTTP/1.1" status: 200 len: 1437 time: 0.0284688
2026-07-09 15:44:51.289 9 INFO neutron.wsgi [None req-4efcc29b-6cfc-415b-a9f4-2e61540912f8 c78bf3b8cf62431b8a411c2bb640c804 0c88b9fafbe24245a405c8b3e038ea2d - - default default] 10.0.0.188 "GET /v2.0/routers HTTP/1.1" status: 200 len: 189 time: 0.0218220
2026-07-09 15:44:51.301 9 INFO neutron.wsgi [None req-a3f31794-fa4a-4d84-bf22-a41758292e92 c78bf3b8cf62431b8a411c2bb640c804 0c88b9fafbe24245a405c8b3e038ea2d - - default default] 10.0.0.188 "GET /v2.0/agents?binary=ovn-controller HTTP/1.1" status: 200 len: 591 time: 0.0111847
2026-07-09 15:44:54.073 9 INFO neutron.db.ovn_revision_numbers_db [None req-719b23e7-1b4b-4873-8ad6-3fc1dab7adca c78bf3b8cf62431b8a411c2bb640c804 0c88b9fafbe24245a405c8b3e038ea2d - - default default] Successfully bumped revision number for resource 1f4e8ee2-6895-4f91-86a1-dfbf194be74c (type: security_groups) to 1
2026-07-09 15:44:54.090 9 INFO neutron.db.ovn_revision_numbers_db [None req-719b23e7-1b4b-4873-8ad6-3fc1dab7adca c78bf3b8cf62431b8a411c2bb640c804 0c88b9fafbe24245a405c8b3e038ea2d - - default default] Successfully bumped revision number for resource 2727f8c3-27be-43cd-9d2f-c20707801015 (type: security_group_rules) to 0
2026-07-09 15:44:54.109 9 INFO neutron.db.ovn_revision_numbers_db [None req-719b23e7-1b4b-4873-8ad6-3fc1dab7adca c78bf3b8cf62431b8a411c2bb640c804 0c88b9fafbe24245a405c8b3e038ea2d - - default default] Successfully bumped revision number for resource 2bee5f02-1233-4dd4-852d-6e64ce8dcf11 (type: security_group_rules) to 0
2026-07-09 15:44:54.113 9 INFO neutron.db.ovn_revision_numbers_db [None req-5da0a5bc-25dd-4810-b2b7-e0e403d75aa6 c78bf3b8cf62431b8a411c2bb640c804 0c88b9fafbe24245a405c8b3e038ea2d - - default default] Successfully bumped revision number for resource a40ecfc3-77ab-47d4-8e9f-e764fb296416 (type: security_groups) to 1
2026-07-09 15:44:54.131 9 INFO neutron.db.ovn_revision_numbers_db [None req-719b23e7-1b4b-4873-8ad6-3fc1dab7adca c78bf3b8cf62431b8a411c2bb640c804 0c88b9fafbe24245a405c8b3e038ea2d - - default default] Successfully bumped revision number for resource 52c53160-8e79-4e73-81e7-3ed67b315ab2 (type: security_group_rules) to 0
2026-07-09 15:44:54.136 9 INFO neutron.db.ovn_revision_numbers_db [None req-5da0a5bc-25dd-4810-b2b7-e0e403d75aa6 c78bf3b8cf62431b8a411c2bb640c804 0c88b9fafbe24245a405c8b3e038ea2d - - default default] Successfully bumped revision number for resource 303e938d-7ec6-4e79-8466-a79611de8da2 (type: security_group_rules) to 0
2026-07-09 15:44:54.144 10 INFO neutron.db.ovn_revision_numbers_db [None req-9e7c5329-f35e-4590-a510-1ffe929a44b5 c78bf3b8cf62431b8a411c2bb640c804 0c88b9fafbe24245a405c8b3e038ea2d - - default default] Successfully bumped revision number for resource 90222c4d-ad46-4606-9bcc-26e11ca0d147 (type: security_groups) to 1
2026-07-09 15:44:54.144 9 INFO neutron.db.ovn_revision_numbers_db [None req-719b23e7-1b4b-4873-8ad6-3fc1dab7adca c78bf3b8cf62431b8a411c2bb640c804 0c88b9fafbe24245a405c8b3e038ea2d - - default default] Successfully bumped revision number for resource f6430761-bf29-483a-9622-823f8c6f6452 (type: security_group_rules) to 0
2026-07-09 15:44:54.152 9 INFO neutron.db.ovn_revision_numbers_db [None req-5da0a5bc-25dd-4810-b2b7-e0e403d75aa6 c78bf3b8cf62431b8a411c2bb640c804 0c88b9fafbe24245a405c8b3e038ea2d - - default default] Successfully bumped revision number for resource 3ca2193e-e82c-412d-8791-0062119fd19e (type: security_group_rules) to 0
2026-07-09 15:44:54.157 10 INFO neutron.db.ovn_revision_numbers_db [None req-9e7c5329-f35e-4590-a510-1ffe929a44b5 c78bf3b8cf62431b8a411c2bb640c804 0c88b9fafbe24245a405c8b3e038ea2d - - default default] Successfully bumped revision number for resource 3525eb9f-bd45-43b5-b439-719ed4808339 (type: security_group_rules) to 0
2026-07-09 15:44:54.169 9 INFO neutron.db.ovn_revision_numbers_db [None req-5da0a5bc-25dd-4810-b2b7-e0e403d75aa6 c78bf3b8cf62431b8a411c2bb640c804 0c88b9fafbe24245a405c8b3e038ea2d - - default default] Successfully bumped revision number for resource 4f8afe88-f19b-4ac4-aa25-3cee2ac06997 (type: security_group_rules) to 0
2026-07-09 15:44:54.170 10 INFO neutron.db.ovn_revision_numbers_db [None req-9e7c5329-f35e-4590-a510-1ffe929a44b5 c78bf3b8cf62431b8a411c2bb640c804 0c88b9fafbe24245a405c8b3e038ea2d - - default default] Successfully bumped revision number for resource 9a71d9ea-c704-492b-a16b-98662f28eac7 (type: security_group_rules) to 0
2026-07-09 15:44:54.183 9 INFO neutron.db.ovn_revision_numbers_db [None req-5da0a5bc-25dd-4810-b2b7-e0e403d75aa6 c78bf3b8cf62431b8a411c2bb640c804 0c88b9fafbe24245a405c8b3e038ea2d - - default default] Successfully bumped revision number for resource 544b4988-b836-4871-b762-57a062ab4d32 (type: security_group_rules) to 0
2026-07-09 15:44:54.184 10 INFO neutron.db.ovn_revision_numbers_db [None req-9e7c5329-f35e-4590-a510-1ffe929a44b5 c78bf3b8cf62431b8a411c2bb640c804 0c88b9fafbe24245a405c8b3e038ea2d - - default default] Successfully bumped revision number for resource b54317d9-9b7b-4f0e-beb6-292499760408 (type: security_group_rules) to 0
2026-07-09 15:44:54.200 10 INFO neutron.db.ovn_revision_numbers_db [None req-9e7c5329-f35e-4590-a510-1ffe929a44b5 c78bf3b8cf62431b8a411c2bb640c804 0c88b9fafbe24245a405c8b3e038ea2d - - default default] Successfully bumped revision number for resource bc2bafe5-c911-4c24-92e9-5768df67b2c7 (type: security_group_rules) to 0
2026-07-09 15:44:54.206 9 INFO neutron.db.segments_db [None req-719b23e7-1b4b-4873-8ad6-3fc1dab7adca c78bf3b8cf62431b8a411c2bb640c804 0c88b9fafbe24245a405c8b3e038ea2d - - default default] Added segment a20976fc-4af3-4692-8d20-6b0b5526d067 of type geneve for network 66abae22-cab8-4a87-b2bf-85495f7776b9
2026-07-09 15:44:54.240 9 INFO neutron.db.segments_db [None req-5da0a5bc-25dd-4810-b2b7-e0e403d75aa6 c78bf3b8cf62431b8a411c2bb640c804 0c88b9fafbe24245a405c8b3e038ea2d - - default default] Added segment 0df326f0-4c7c-4fac-839f-b5e14b941495 of type geneve for network 6be1c284-bcc8-48ec-82c1-3c17b54c627b
2026-07-09 15:44:54.270 10 INFO neutron.db.segments_db [None req-9e7c5329-f35e-4590-a510-1ffe929a44b5 c78bf3b8cf62431b8a411c2bb640c804 0c88b9fafbe24245a405c8b3e038ea2d - - default default] Added segment a3e27c92-7217-400d-8027-bb3e4d1a26fc of type geneve for network 70f47bbe-9823-43b4-8357-886cb5b29b46
2026-07-09 15:44:54.449 9 INFO neutron.db.ovn_revision_numbers_db [None req-719b23e7-1b4b-4873-8ad6-3fc1dab7adca c78bf3b8cf62431b8a411c2bb640c804 0c88b9fafbe24245a405c8b3e038ea2d - - default default] Successfully bumped revision number for resource 66abae22-cab8-4a87-b2bf-85495f7776b9 (type: networks) to 1
2026-07-09 15:44:54.492 10 INFO neutron.db.ovn_revision_numbers_db [None req-9e7c5329-f35e-4590-a510-1ffe929a44b5 c78bf3b8cf62431b8a411c2bb640c804 0c88b9fafbe24245a405c8b3e038ea2d - - default default] Successfully bumped revision number for resource 70f47bbe-9823-43b4-8357-886cb5b29b46 (type: networks) to 1
2026-07-09 15:44:54.522 9 INFO neutron.db.ovn_revision_numbers_db [None req-5da0a5bc-25dd-4810-b2b7-e0e403d75aa6 c78bf3b8cf62431b8a411c2bb640c804 0c88b9fafbe24245a405c8b3e038ea2d - - default default] Successfully bumped revision number for resource 6be1c284-bcc8-48ec-82c1-3c17b54c627b (type: networks) to 1
2026-07-09 15:44:54.693 9 WARNING neutron.scheduler.dhcp_agent_scheduler [None req-719b23e7-1b4b-4873-8ad6-3fc1dab7adca c78bf3b8cf62431b8a411c2bb640c804 0c88b9fafbe24245a405c8b3e038ea2d - - default default] No more DHCP agents
2026-07-09 15:44:54.696 9 WARNING neutron.api.rpc.agentnotifiers.dhcp_rpc_agent_api [None req-719b23e7-1b4b-4873-8ad6-3fc1dab7adca c78bf3b8cf62431b8a411c2bb640c804 0c88b9fafbe24245a405c8b3e038ea2d - - default default] Unable to schedule network 66abae22-cab8-4a87-b2bf-85495f7776b9: no agents available; will retry on subsequent port and subnet creation events.
2026-07-09 15:44:54.702 10 WARNING neutron.scheduler.dhcp_agent_scheduler [None req-9e7c5329-f35e-4590-a510-1ffe929a44b5 c78bf3b8cf62431b8a411c2bb640c804 0c88b9fafbe24245a405c8b3e038ea2d - - default default] No more DHCP agents
2026-07-09 15:44:54.705 10 WARNING neutron.api.rpc.agentnotifiers.dhcp_rpc_agent_api [None req-9e7c5329-f35e-4590-a510-1ffe929a44b5 c78bf3b8cf62431b8a411c2bb640c804 0c88b9fafbe24245a405c8b3e038ea2d - - default default] Unable to schedule network 70f47bbe-9823-43b4-8357-886cb5b29b46: no agents available; will retry on subsequent port and subnet creation events.
2026-07-09 15:44:54.793 9 WARNING neutron.scheduler.dhcp_agent_scheduler [None req-5da0a5bc-25dd-4810-b2b7-e0e403d75aa6 c78bf3b8cf62431b8a411c2bb640c804 0c88b9fafbe24245a405c8b3e038ea2d - - default default] No more DHCP agents
2026-07-09 15:44:54.801 9 WARNING neutron.api.rpc.agentnotifiers.dhcp_rpc_agent_api [None req-5da0a5bc-25dd-4810-b2b7-e0e403d75aa6 c78bf3b8cf62431b8a411c2bb640c804 0c88b9fafbe24245a405c8b3e038ea2d - - default default] Unable to schedule network 6be1c284-bcc8-48ec-82c1-3c17b54c627b: no agents available; will retry on subsequent port and subnet creation events.
2026-07-09 15:44:54.817 10 INFO neutron.db.ovn_revision_numbers_db [None req-9e7c5329-f35e-4590-a510-1ffe929a44b5 c78bf3b8cf62431b8a411c2bb640c804 0c88b9fafbe24245a405c8b3e038ea2d - - default default] Successfully bumped revision number for resource 1b221b72-aeb1-463c-a141-a3d95f82e912 (type: ports) to 1
2026-07-09 15:44:54.844 10 INFO neutron.wsgi [None req-9e7c5329-f35e-4590-a510-1ffe929a44b5 c78bf3b8cf62431b8a411c2bb640c804 0c88b9fafbe24245a405c8b3e038ea2d - - default default] 10.0.0.179 "POST /v2.0/networks HTTP/1.1" status: 201 len: 949 time: 0.9926872
2026-07-09 15:44:54.859 9 INFO neutron.db.ovn_revision_numbers_db [None req-719b23e7-1b4b-4873-8ad6-3fc1dab7adca c78bf3b8cf62431b8a411c2bb640c804 0c88b9fafbe24245a405c8b3e038ea2d - - default default] Successfully bumped revision number for resource d244b0ec-1e0f-44af-b774-36066c803489 (type: ports) to 1
2026-07-09 15:44:54.888 9 INFO neutron.db.ovn_revision_numbers_db [None req-45495ccd-6a70-4f86-9028-5536ca97570b c78bf3b8cf62431b8a411c2bb640c804 0c88b9fafbe24245a405c8b3e038ea2d - - default default] Successfully bumped revision number for resource 37135fc1-c73d-415f-9266-af878ec69410 (type: security_groups) to 1
2026-07-09 15:44:54.898 9 INFO neutron.wsgi [None req-719b23e7-1b4b-4873-8ad6-3fc1dab7adca c78bf3b8cf62431b8a411c2bb640c804 0c88b9fafbe24245a405c8b3e038ea2d - - default default] 10.0.0.179 "POST /v2.0/networks HTTP/1.1" status: 201 len: 950 time: 1.0492561
2026-07-09 15:44:54.912 9 INFO neutron.db.ovn_revision_numbers_db [None req-45495ccd-6a70-4f86-9028-5536ca97570b c78bf3b8cf62431b8a411c2bb640c804 0c88b9fafbe24245a405c8b3e038ea2d - - default default] Successfully bumped revision number for resource 1ad61469-6724-49c9-bfa6-e80f1cb2ab70 (type: security_group_rules) to 0
2026-07-09 15:44:54.920 9 INFO neutron.db.ovn_revision_numbers_db [None req-5da0a5bc-25dd-4810-b2b7-e0e403d75aa6 c78bf3b8cf62431b8a411c2bb640c804 0c88b9fafbe24245a405c8b3e038ea2d - - default default] Successfully bumped revision number for resource 9c88ec98-4416-4979-b54d-aba2c86c8f71 (type: ports) to 1
2026-07-09 15:44:54.932 9 INFO neutron.db.ovn_revision_numbers_db [None req-45495ccd-6a70-4f86-9028-5536ca97570b c78bf3b8cf62431b8a411c2bb640c804 0c88b9fafbe24245a405c8b3e038ea2d - - default default] Successfully bumped revision number for resource 59fdf0f3-dcc5-4393-9ca0-efd9bec85305 (type: security_group_rules) to 0
2026-07-09 15:44:54.949 9 INFO neutron.wsgi [None req-5da0a5bc-25dd-4810-b2b7-e0e403d75aa6 c78bf3b8cf62431b8a411c2bb640c804 0c88b9fafbe24245a405c8b3e038ea2d - - default default] 10.0.0.179 "POST /v2.0/networks HTTP/1.1" status: 201 len: 953 time: 1.0840013
2026-07-09 15:44:54.951 9 INFO neutron.db.ovn_revision_numbers_db [None req-45495ccd-6a70-4f86-9028-5536ca97570b c78bf3b8cf62431b8a411c2bb640c804 0c88b9fafbe24245a405c8b3e038ea2d - - default default] Successfully bumped revision number for resource 70c137a6-5e0b-479c-b3db-e7a762710b25 (type: security_group_rules) to 0
2026-07-09 15:44:54.977 9 INFO neutron.db.ovn_revision_numbers_db [None req-45495ccd-6a70-4f86-9028-5536ca97570b c78bf3b8cf62431b8a411c2bb640c804 0c88b9fafbe24245a405c8b3e038ea2d - - default default] Successfully bumped revision number for resource ff9d343b-f9da-4917-a92a-d2b7ea5a3e38 (type: security_group_rules) to 0
2026-07-09 15:44:55.014 9 INFO neutron.wsgi [None req-45495ccd-6a70-4f86-9028-5536ca97570b c78bf3b8cf62431b8a411c2bb640c804 0c88b9fafbe24245a405c8b3e038ea2d - - default default] 10.0.0.179 "GET /v2.0/security-groups?tenant_id=a5a810756f7c4c11a269ac567b66441a&name=default HTTP/1.1" status: 200 len: 3116 time: 0.4463561
2026-07-09 15:44:55.077 10 WARNING neutron.scheduler.dhcp_agent_scheduler [None req-35c92bf2-206a-4759-9002-7194ecb5519f c78bf3b8cf62431b8a411c2bb640c804 0c88b9fafbe24245a405c8b3e038ea2d - - default default] No more DHCP agents
2026-07-09 15:44:55.084 10 WARNING neutron.api.rpc.agentnotifiers.dhcp_rpc_agent_api [None req-35c92bf2-206a-4759-9002-7194ecb5519f c78bf3b8cf62431b8a411c2bb640c804 0c88b9fafbe24245a405c8b3e038ea2d - - default default] Unable to schedule network 70f47bbe-9823-43b4-8357-886cb5b29b46: no agents available; will retry on subsequent port and subnet creation events.
2026-07-09 15:44:55.098 9 WARNING neutron.scheduler.dhcp_agent_scheduler [None req-bbb28552-a2e2-458d-b99e-371742def617 c78bf3b8cf62431b8a411c2bb640c804 0c88b9fafbe24245a405c8b3e038ea2d - - default default] No more DHCP agents
2026-07-09 15:44:55.100 9 WARNING neutron.api.rpc.agentnotifiers.dhcp_rpc_agent_api [None req-bbb28552-a2e2-458d-b99e-371742def617 c78bf3b8cf62431b8a411c2bb640c804 0c88b9fafbe24245a405c8b3e038ea2d - - default default] Unable to schedule network 6be1c284-bcc8-48ec-82c1-3c17b54c627b: no agents available; will retry on subsequent port and subnet creation events.
2026-07-09 15:44:55.168 10 WARNING neutron.scheduler.dhcp_agent_scheduler [None req-d47a506f-dac5-42f5-be79-52695a3e1f08 c78bf3b8cf62431b8a411c2bb640c804 0c88b9fafbe24245a405c8b3e038ea2d - - default default] No more DHCP agents
2026-07-09 15:44:55.172 10 WARNING neutron.api.rpc.agentnotifiers.dhcp_rpc_agent_api [None req-d47a506f-dac5-42f5-be79-52695a3e1f08 c78bf3b8cf62431b8a411c2bb640c804 0c88b9fafbe24245a405c8b3e038ea2d - - default default] Unable to schedule network 66abae22-cab8-4a87-b2bf-85495f7776b9: no agents available; will retry on subsequent port and subnet creation events.
2026-07-09 15:44:55.569 10 INFO neutron.wsgi [None req-b831d424-edea-42df-9c38-2ae208e3124f c78bf3b8cf62431b8a411c2bb640c804 0c88b9fafbe24245a405c8b3e038ea2d - - default default] 10.0.0.179 "DELETE /v2.0/security-groups/37135fc1-c73d-415f-9266-af878ec69410 HTTP/1.1" status: 204 len: 168 time: 0.5484793
2026-07-09 15:44:55.586 9 INFO neutron.db.ovn_revision_numbers_db [None req-bbb28552-a2e2-458d-b99e-371742def617 c78bf3b8cf62431b8a411c2bb640c804 0c88b9fafbe24245a405c8b3e038ea2d - - default default] Successfully bumped revision number for resource 9c88ec98-4416-4979-b54d-aba2c86c8f71 (type: ports) to 2
2026-07-09 15:44:55.684 9 INFO neutron.db.ovn_revision_numbers_db [None req-bbb28552-a2e2-458d-b99e-371742def617 c78bf3b8cf62431b8a411c2bb640c804 0c88b9fafbe24245a405c8b3e038ea2d - - default default] Successfully bumped revision number for resource 5bd5de47-e624-4665-9d33-47097939dadd (type: subnets) to 0
2026-07-09 15:44:55.700 9 INFO neutron.wsgi [None req-bbb28552-a2e2-458d-b99e-371742def617 c78bf3b8cf62431b8a411c2bb640c804 0c88b9fafbe24245a405c8b3e038ea2d - - default default] 10.0.0.179 "POST /v2.0/subnets HTTP/1.1" status: 201 len: 873 time: 0.7468984
2026-07-09 15:44:55.888 10 INFO neutron.db.ovn_revision_numbers_db [None req-35c92bf2-206a-4759-9002-7194ecb5519f c78bf3b8cf62431b8a411c2bb640c804 0c88b9fafbe24245a405c8b3e038ea2d - - default default] Successfully bumped revision number for resource 1b221b72-aeb1-463c-a141-a3d95f82e912 (type: ports) to 2
2026-07-09 15:44:55.950 10 INFO neutron.db.ovn_revision_numbers_db [None req-35c92bf2-206a-4759-9002-7194ecb5519f c78bf3b8cf62431b8a411c2bb640c804 0c88b9fafbe24245a405c8b3e038ea2d - - default default] Successfully bumped revision number for resource 34df6f58-d849-4330-9c87-774f0020fa02 (type: subnets) to 0
2026-07-09 15:44:55.966 10 INFO neutron.wsgi [None req-35c92bf2-206a-4759-9002-7194ecb5519f c78bf3b8cf62431b8a411c2bb640c804 0c88b9fafbe24245a405c8b3e038ea2d - - default default] 10.0.0.179 "POST /v2.0/subnets HTTP/1.1" status: 201 len: 870 time: 1.1169031
2026-07-09 15:44:55.970 10 INFO neutron.db.ovn_revision_numbers_db [None req-d47a506f-dac5-42f5-be79-52695a3e1f08 c78bf3b8cf62431b8a411c2bb640c804 0c88b9fafbe24245a405c8b3e038ea2d - - default default] Successfully bumped revision number for resource d244b0ec-1e0f-44af-b774-36066c803489 (type: ports) to 2
2026-07-09 15:44:56.014 10 INFO neutron.db.ovn_revision_numbers_db [None req-d47a506f-dac5-42f5-be79-52695a3e1f08 c78bf3b8cf62431b8a411c2bb640c804 0c88b9fafbe24245a405c8b3e038ea2d - - default default] Successfully bumped revision number for resource 45c0b26a-423e-4d34-b9c5-82362f04e081 (type: subnets) to 0
2026-07-09 15:44:56.047 10 INFO neutron.wsgi [None req-d47a506f-dac5-42f5-be79-52695a3e1f08 c78bf3b8cf62431b8a411c2bb640c804 0c88b9fafbe24245a405c8b3e038ea2d - - default default] 10.0.0.179 "POST /v2.0/subnets HTTP/1.1" status: 201 len: 870 time: 1.1436789
2026-07-09 15:44:56.296 9 WARNING neutron.scheduler.dhcp_agent_scheduler [None req-2947ce3c-c6b2-4953-97ac-8562f664f030 c78bf3b8cf62431b8a411c2bb640c804 0c88b9fafbe24245a405c8b3e038ea2d - - default default] No more DHCP agents
2026-07-09 15:44:56.297 9 WARNING neutron.api.rpc.agentnotifiers.dhcp_rpc_agent_api [None req-2947ce3c-c6b2-4953-97ac-8562f664f030 c78bf3b8cf62431b8a411c2bb640c804 0c88b9fafbe24245a405c8b3e038ea2d - - default default] Unable to schedule network dabe752b-f81b-4229-a172-744a88652769: no agents available; will retry on subsequent port and subnet creation events.
2026-07-09 15:44:56.433 9 INFO neutron.db.ovn_revision_numbers_db [None req-2947ce3c-c6b2-4953-97ac-8562f664f030 c78bf3b8cf62431b8a411c2bb640c804 0c88b9fafbe24245a405c8b3e038ea2d - - default default] Successfully bumped revision number for resource e5798d2a-a2dc-4579-baf9-5bc0d191e7e5 (type: ports) to 1
2026-07-09 15:44:56.739 10 WARNING neutron.scheduler.dhcp_agent_scheduler [None req-5c762e9b-ab63-4c37-abdf-e9ddb07c77b1 c78bf3b8cf62431b8a411c2bb640c804 0c88b9fafbe24245a405c8b3e038ea2d - - default default] No more DHCP agents
2026-07-09 15:44:56.741 10 WARNING neutron.api.rpc.agentnotifiers.dhcp_rpc_agent_api [None req-5c762e9b-ab63-4c37-abdf-e9ddb07c77b1 c78bf3b8cf62431b8a411c2bb640c804 0c88b9fafbe24245a405c8b3e038ea2d - - default default] Unable to schedule network dabe752b-f81b-4229-a172-744a88652769: no agents available; will retry on subsequent port and subnet creation events.
2026-07-09 15:44:56.797 10 WARNING neutron.scheduler.dhcp_agent_scheduler [None req-666bc8fe-ec22-4141-832a-01d4c8e76f81 c78bf3b8cf62431b8a411c2bb640c804 0c88b9fafbe24245a405c8b3e038ea2d - - default default] No more DHCP agents
2026-07-09 15:44:56.802 10 WARNING neutron.api.rpc.agentnotifiers.dhcp_rpc_agent_api [None req-666bc8fe-ec22-4141-832a-01d4c8e76f81 c78bf3b8cf62431b8a411c2bb640c804 0c88b9fafbe24245a405c8b3e038ea2d - - default default] Unable to schedule network dabe752b-f81b-4229-a172-744a88652769: no agents available; will retry on subsequent port and subnet creation events.
2026-07-09 15:44:56.867 9 INFO neutron.plugins.ml2.drivers.ovn.mech_driver.ovsdb.extensions.qos [None req-2947ce3c-c6b2-4953-97ac-8562f664f030 c78bf3b8cf62431b8a411c2bb640c804 0c88b9fafbe24245a405c8b3e038ea2d - - default default] Starting OVNClientQosExtension
2026-07-09 15:44:56.922 10 INFO neutron.db.ovn_revision_numbers_db [None req-5c762e9b-ab63-4c37-abdf-e9ddb07c77b1 c78bf3b8cf62431b8a411c2bb640c804 0c88b9fafbe24245a405c8b3e038ea2d - - default default] Successfully bumped revision number for resource 92778d64-2b79-4f6a-b60a-52bfd6bbdf58 (type: ports) to 1
2026-07-09 15:44:57.060 10 INFO neutron.db.ovn_revision_numbers_db [None req-666bc8fe-ec22-4141-832a-01d4c8e76f81 c78bf3b8cf62431b8a411c2bb640c804 0c88b9fafbe24245a405c8b3e038ea2d - - default default] Successfully bumped revision number for resource 333e0db2-242b-43a7-b103-6895ad902a6b (type: ports) to 1
2026-07-09 15:44:57.204 9 INFO neutron.plugins.ml2.drivers.ovn.mech_driver.ovsdb.commands [None req-2547871d-7a71-4e60-b186-ddcf6fa72fdc - - - - - -] Schedule LRP lrp-e5798d2a-a2dc-4579-baf9-5bc0d191e7e5 on gateway ab433a26-6b70-4a38-a65b-12016bde0894 with priority 1
2026-07-09 15:44:57.217 9 INFO neutron.plugins.ml2.drivers.ovn.mech_driver.mech_driver [-] OVN reports status up for port: e5798d2a-a2dc-4579-baf9-5bc0d191e7e5
2026-07-09 15:44:57.241 9 INFO neutron.plugins.ml2.drivers.ovn.mech_driver.ovsdb.ovsdb_monitor [-] Router fa333168-3ab6-4227-889c-c4ac281d894b is bound to host instance
2026-07-09 15:44:57.243 9 INFO neutron.plugins.ml2.plugin [None req-2e4dec20-51cf-4ab6-a7ab-78d6097ca8de - - - - - -] Attempt 1 to provision port e5798d2a-a2dc-4579-baf9-5bc0d191e7e5
2026-07-09 15:44:57.300 9 INFO neutron.db.ovn_revision_numbers_db [None req-2947ce3c-c6b2-4953-97ac-8562f664f030 c78bf3b8cf62431b8a411c2bb640c804 0c88b9fafbe24245a405c8b3e038ea2d - - default default] Successfully bumped revision number for resource e5798d2a-a2dc-4579-baf9-5bc0d191e7e5 (type: router_ports) to 1
2026-07-09 15:44:57.437 9 INFO neutron.db.ovn_revision_numbers_db [None req-2947ce3c-c6b2-4953-97ac-8562f664f030 c78bf3b8cf62431b8a411c2bb640c804 0c88b9fafbe24245a405c8b3e038ea2d - - default default] Successfully bumped revision number for resource fa333168-3ab6-4227-889c-c4ac281d894b (type: routers) to 2
2026-07-09 15:44:57.458 9 INFO neutron.wsgi [None req-2947ce3c-c6b2-4953-97ac-8562f664f030 c78bf3b8cf62431b8a411c2bb640c804 0c88b9fafbe24245a405c8b3e038ea2d - - default default] 10.0.0.179 "POST /v2.0/routers HTTP/1.1" status: 201 len: 1175 time: 1.7515554
2026-07-09 15:44:57.514 10 INFO neutron.plugins.ml2.drivers.ovn.mech_driver.ovsdb.extensions.qos [None req-5c762e9b-ab63-4c37-abdf-e9ddb07c77b1 c78bf3b8cf62431b8a411c2bb640c804 0c88b9fafbe24245a405c8b3e038ea2d - - default default] Starting OVNClientQosExtension
2026-07-09 15:44:58.058 10 INFO neutron.db.ovn_revision_numbers_db [None req-95392a73-d466-47e7-8236-0dd60aed1aa3 c78bf3b8cf62431b8a411c2bb640c804 0c88b9fafbe24245a405c8b3e038ea2d - - default default] Successfully bumped revision number for resource 72619ec7-ce50-4c96-963a-90260f5b0ba2 (type: security_groups) to 1
2026-07-09 15:44:58.086 10 INFO neutron.db.ovn_revision_numbers_db [None req-95392a73-d466-47e7-8236-0dd60aed1aa3 c78bf3b8cf62431b8a411c2bb640c804 0c88b9fafbe24245a405c8b3e038ea2d - - default default] Successfully bumped revision number for resource 2a9cab2e-2aa1-46ab-a689-e83995846c29 (type: security_group_rules) to 0
2026-07-09 15:44:58.115 9 INFO neutron.db.ovn_revision_numbers_db [None req-31b6d86d-ce18-4700-a0f2-d27671e12a23 - - - - - -] Successfully bumped revision number for resource e5798d2a-a2dc-4579-baf9-5bc0d191e7e5 (type: ports) to 1
2026-07-09 15:44:58.138 10 INFO neutron.db.ovn_revision_numbers_db [None req-95392a73-d466-47e7-8236-0dd60aed1aa3 c78bf3b8cf62431b8a411c2bb640c804 0c88b9fafbe24245a405c8b3e038ea2d - - default default] Successfully bumped revision number for resource 80ed6676-35ee-4663-bde8-89fe7e67ecd3 (type: security_group_rules) to 0
2026-07-09 15:44:58.190 10 INFO neutron.db.ovn_revision_numbers_db [None req-95392a73-d466-47e7-8236-0dd60aed1aa3 c78bf3b8cf62431b8a411c2bb640c804 0c88b9fafbe24245a405c8b3e038ea2d - - default default] Successfully bumped revision number for resource 8dd2a871-a23d-4d28-8179-dcebab25a3d3 (type: security_group_rules) to 0
2026-07-09 15:44:58.236 10 INFO neutron.db.ovn_revision_numbers_db [None req-95392a73-d466-47e7-8236-0dd60aed1aa3 c78bf3b8cf62431b8a411c2bb640c804 0c88b9fafbe24245a405c8b3e038ea2d - - default default] Successfully bumped revision number for resource ec205ed8-89de-4556-9cf7-d931cb7026a9 (type: security_group_rules) to 0
2026-07-09 15:44:58.335 10 INFO neutron.db.segments_db [None req-95392a73-d466-47e7-8236-0dd60aed1aa3 c78bf3b8cf62431b8a411c2bb640c804 0c88b9fafbe24245a405c8b3e038ea2d - - default default] Added segment 72ec57c4-531f-47b6-b34b-3616ff0a698d of type geneve for network e991aa08-b671-4817-a14a-b29cad9dd1ac
2026-07-09 15:44:58.353 10 INFO neutron.plugins.ml2.drivers.ovn.mech_driver.ovsdb.commands [None req-4013180d-ee6e-464e-92d1-884a3531d238 - - - - - -] Schedule LRP lrp-333e0db2-242b-43a7-b103-6895ad902a6b on gateway ab433a26-6b70-4a38-a65b-12016bde0894 with priority 1
2026-07-09 15:44:58.403 10 INFO neutron.plugins.ml2.drivers.ovn.mech_driver.ovsdb.commands [None req-4013180d-ee6e-464e-92d1-884a3531d238 - - - - - -] Schedule LRP lrp-92778d64-2b79-4f6a-b60a-52bfd6bbdf58 on gateway ab433a26-6b70-4a38-a65b-12016bde0894 with priority 1
2026-07-09 15:44:58.424 10 INFO neutron.plugins.ml2.drivers.ovn.mech_driver.mech_driver [None req-a1bfd37f-beae-42a1-bd64-8458ef0c0da0 - - - - - -] OVN reports status up for port: 92778d64-2b79-4f6a-b60a-52bfd6bbdf58
2026-07-09 15:44:58.477 10 INFO neutron.plugins.ml2.plugin [None req-a1bfd37f-beae-42a1-bd64-8458ef0c0da0 - - - - - -] Attempt 1 to provision port 92778d64-2b79-4f6a-b60a-52bfd6bbdf58
2026-07-09 15:44:58.483 10 INFO neutron.db.ovn_revision_numbers_db [None req-666bc8fe-ec22-4141-832a-01d4c8e76f81 c78bf3b8cf62431b8a411c2bb640c804 0c88b9fafbe24245a405c8b3e038ea2d - - default default] Successfully bumped revision number for resource 333e0db2-242b-43a7-b103-6895ad902a6b (type: router_ports) to 1
2026-07-09 15:44:58.504 9 INFO neutron.db.ovn_revision_numbers_db [None req-31b6d86d-ce18-4700-a0f2-d27671e12a23 - - - - - -] Successfully bumped revision number for resource e5798d2a-a2dc-4579-baf9-5bc0d191e7e5 (type: router_ports) to 3
2026-07-09 15:44:58.621 10 INFO neutron.db.ovn_revision_numbers_db [None req-5c762e9b-ab63-4c37-abdf-e9ddb07c77b1 c78bf3b8cf62431b8a411c2bb640c804 0c88b9fafbe24245a405c8b3e038ea2d - - default default] Successfully bumped revision number for resource 92778d64-2b79-4f6a-b60a-52bfd6bbdf58 (type: router_ports) to 1
2026-07-09 15:44:58.712 9 INFO neutron.db.ovn_revision_numbers_db [None req-31b6d86d-ce18-4700-a0f2-d27671e12a23 - - - - - -] Successfully bumped revision number for resource e5798d2a-a2dc-4579-baf9-5bc0d191e7e5 (type: ports) to 2
2026-07-09 15:44:58.845 10 INFO neutron.db.ovn_revision_numbers_db [None req-666bc8fe-ec22-4141-832a-01d4c8e76f81 c78bf3b8cf62431b8a411c2bb640c804 0c88b9fafbe24245a405c8b3e038ea2d - - default default] Successfully bumped revision number for resource b21b8bae-82e5-48b5-a687-039f5588298b (type: routers) to 2
2026-07-09 15:44:58.855 10 INFO neutron.db.ovn_revision_numbers_db [None req-95392a73-d466-47e7-8236-0dd60aed1aa3 c78bf3b8cf62431b8a411c2bb640c804 0c88b9fafbe24245a405c8b3e038ea2d - - default default] Successfully bumped revision number for resource e991aa08-b671-4817-a14a-b29cad9dd1ac (type: networks) to 1
2026-07-09 15:44:58.859 10 INFO neutron.db.ovn_revision_numbers_db [None req-5c762e9b-ab63-4c37-abdf-e9ddb07c77b1 c78bf3b8cf62431b8a411c2bb640c804 0c88b9fafbe24245a405c8b3e038ea2d - - default default] Successfully bumped revision number for resource efb6bbff-d125-41eb-9c42-0f355e95ec6c (type: routers) to 2
2026-07-09 15:44:58.889 10 INFO neutron.wsgi [None req-666bc8fe-ec22-4141-832a-01d4c8e76f81 c78bf3b8cf62431b8a411c2bb640c804 0c88b9fafbe24245a405c8b3e038ea2d - - default default] 10.0.0.179 "POST /v2.0/routers HTTP/1.1" status: 201 len: 1172 time: 2.8305407
2026-07-09 15:44:58.910 10 INFO neutron.wsgi [None req-5c762e9b-ab63-4c37-abdf-e9ddb07c77b1 c78bf3b8cf62431b8a411c2bb640c804 0c88b9fafbe24245a405c8b3e038ea2d - - default default] 10.0.0.179 "POST /v2.0/routers HTTP/1.1" status: 201 len: 1172 time: 2.9382579
2026-07-09 15:44:58.958 10 WARNING neutron.scheduler.dhcp_agent_scheduler [None req-e98f0c54-8608-4341-86ba-fd40ede49646 c78bf3b8cf62431b8a411c2bb640c804 0c88b9fafbe24245a405c8b3e038ea2d - - default default] No more DHCP agents
2026-07-09 15:44:58.966 10 WARNING neutron.api.rpc.agentnotifiers.dhcp_rpc_agent_api [None req-e98f0c54-8608-4341-86ba-fd40ede49646 c78bf3b8cf62431b8a411c2bb640c804 0c88b9fafbe24245a405c8b3e038ea2d - - default default] Unable to schedule network 6be1c284-bcc8-48ec-82c1-3c17b54c627b: no agents available; will retry on subsequent port and subnet creation events.
2026-07-09 15:44:59.151 9 INFO neutron.db.ovn_revision_numbers_db [None req-31b6d86d-ce18-4700-a0f2-d27671e12a23 - - - - - -] Successfully bumped revision number for resource e5798d2a-a2dc-4579-baf9-5bc0d191e7e5 (type: ports) to 4
2026-07-09 15:44:59.391 10 WARNING neutron.scheduler.dhcp_agent_scheduler [None req-95392a73-d466-47e7-8236-0dd60aed1aa3 c78bf3b8cf62431b8a411c2bb640c804 0c88b9fafbe24245a405c8b3e038ea2d - - default default] No more DHCP agents
2026-07-09 15:44:59.391 9 INFO neutron.db.ovn_revision_numbers_db [None req-31b6d86d-ce18-4700-a0f2-d27671e12a23 - - - - - -] Successfully bumped revision number for resource e5798d2a-a2dc-4579-baf9-5bc0d191e7e5 (type: router_ports) to 4
2026-07-09 15:44:59.401 10 WARNING neutron.api.rpc.agentnotifiers.dhcp_rpc_agent_api [None req-95392a73-d466-47e7-8236-0dd60aed1aa3 c78bf3b8cf62431b8a411c2bb640c804 0c88b9fafbe24245a405c8b3e038ea2d - - default default] Unable to schedule network e991aa08-b671-4817-a14a-b29cad9dd1ac: no agents available; will retry on subsequent port and subnet creation events.
2026-07-09 15:44:59.414 10 INFO neutron.db.ovn_revision_numbers_db [None req-e98f0c54-8608-4341-86ba-fd40ede49646 c78bf3b8cf62431b8a411c2bb640c804 0c88b9fafbe24245a405c8b3e038ea2d - - default default] Successfully bumped revision number for resource 4209f5a5-47bd-4fc1-ba71-d374b409560a (type: ports) to 1
2026-07-09 15:44:59.414 9 INFO neutron.plugins.ml2.drivers.ovn.mech_driver.ovsdb.ovsdb_monitor [None req-31b6d86d-ce18-4700-a0f2-d27671e12a23 - - - - - -] Router b21b8bae-82e5-48b5-a687-039f5588298b is bound to host instance
2026-07-09 15:44:59.597 10 INFO neutron.db.ovn_revision_numbers_db [None req-95392a73-d466-47e7-8236-0dd60aed1aa3 c78bf3b8cf62431b8a411c2bb640c804 0c88b9fafbe24245a405c8b3e038ea2d - - default default] Successfully bumped revision number for resource 74469974-a62e-405e-8639-c95bd90a4b4f (type: ports) to 1
2026-07-09 15:44:59.672 10 INFO neutron.wsgi [None req-95392a73-d466-47e7-8236-0dd60aed1aa3 c78bf3b8cf62431b8a411c2bb640c804 0c88b9fafbe24245a405c8b3e038ea2d - - default default] 10.0.0.179 "POST /v2.0/networks HTTP/1.1" status: 201 len: 940 time: 2.2994635
2026-07-09 15:44:59.950 9 WARNING neutron.scheduler.dhcp_agent_scheduler [None req-33a0aac0-86b6-4271-a54f-256d46e37148 c78bf3b8cf62431b8a411c2bb640c804 0c88b9fafbe24245a405c8b3e038ea2d - - default default] No more DHCP agents
2026-07-09 15:44:59.954 9 WARNING neutron.api.rpc.agentnotifiers.dhcp_rpc_agent_api [None req-33a0aac0-86b6-4271-a54f-256d46e37148 c78bf3b8cf62431b8a411c2bb640c804 0c88b9fafbe24245a405c8b3e038ea2d - - default default] Unable to schedule network e991aa08-b671-4817-a14a-b29cad9dd1ac: no agents available; will retry on subsequent port and subnet creation events.
2026-07-09 15:44:59.972 9 INFO neutron.wsgi [-] 10.0.0.209 "GET / HTTP/1.1" status: 200 len: 247 time: 0.0012636
2026-07-09 15:44:59.974 9 INFO neutron.wsgi [-] 10.0.0.209 "GET / HTTP/1.1" status: 200 len: 247 time: 0.0009627
2026-07-09 15:45:00.048 10 WARNING neutron.scheduler.dhcp_agent_scheduler [None req-d6e4f39a-c8ac-4695-b96e-5aad080c0f81 c78bf3b8cf62431b8a411c2bb640c804 0c88b9fafbe24245a405c8b3e038ea2d - - default default] No more DHCP agents
2026-07-09 15:45:00.052 10 WARNING neutron.api.rpc.agentnotifiers.dhcp_rpc_agent_api [None req-d6e4f39a-c8ac-4695-b96e-5aad080c0f81 c78bf3b8cf62431b8a411c2bb640c804 0c88b9fafbe24245a405c8b3e038ea2d - - default default] Unable to schedule network 70f47bbe-9823-43b4-8357-886cb5b29b46: no agents available; will retry on subsequent port and subnet creation events.
2026-07-09 15:45:00.066 10 WARNING neutron.scheduler.dhcp_agent_scheduler [None req-751180db-1563-4135-b1d8-1e2691d61be7 c78bf3b8cf62431b8a411c2bb640c804 0c88b9fafbe24245a405c8b3e038ea2d - - default default] No more DHCP agents
2026-07-09 15:45:00.077 10 WARNING neutron.api.rpc.agentnotifiers.dhcp_rpc_agent_api [None req-751180db-1563-4135-b1d8-1e2691d61be7 c78bf3b8cf62431b8a411c2bb640c804 0c88b9fafbe24245a405c8b3e038ea2d - - default default] Unable to schedule network 66abae22-cab8-4a87-b2bf-85495f7776b9: no agents available; will retry on subsequent port and subnet creation events.
2026-07-09 15:45:00.192 9 INFO neutron.plugins.ml2.drivers.ovn.mech_driver.mech_driver [None req-2e4dec20-51cf-4ab6-a7ab-78d6097ca8de - - - - - -] OVN reports status up for port: 333e0db2-242b-43a7-b103-6895ad902a6b
2026-07-09 15:45:00.215 9 INFO neutron.plugins.ml2.plugin [None req-2e4dec20-51cf-4ab6-a7ab-78d6097ca8de - - - - - -] Attempt 1 to provision port 333e0db2-242b-43a7-b103-6895ad902a6b
2026-07-09 15:45:00.390 9 INFO neutron.db.ovn_revision_numbers_db [None req-31b6d86d-ce18-4700-a0f2-d27671e12a23 - - - - - -] Successfully bumped revision number for resource 333e0db2-242b-43a7-b103-6895ad902a6b (type: ports) to 1
2026-07-09 15:45:00.423 10 INFO neutron.db.ovn_revision_numbers_db [None req-d6e4f39a-c8ac-4695-b96e-5aad080c0f81 c78bf3b8cf62431b8a411c2bb640c804 0c88b9fafbe24245a405c8b3e038ea2d - - default default] Successfully bumped revision number for resource 3188d501-162a-4207-bb95-a44831ca7861 (type: ports) to 1
2026-07-09 15:45:00.424 10 INFO neutron.db.ovn_revision_numbers_db [None req-751180db-1563-4135-b1d8-1e2691d61be7 c78bf3b8cf62431b8a411c2bb640c804 0c88b9fafbe24245a405c8b3e038ea2d - - default default] Successfully bumped revision number for resource 4396c8ab-9e58-4206-a455-7cf3afe2daed (type: ports) to 1
2026-07-09 15:45:00.479 10 ERROR ovsdbapp.backend.ovs_idl.command [None req-e98f0c54-8608-4341-86ba-fd40ede49646 c78bf3b8cf62431b8a411c2bb640c804 0c88b9fafbe24245a405c8b3e038ea2d - - default default] Error executing command (DbGetCommand): ovsdbapp.backend.ovs_idl.idlutils.RowNotFound: Cannot find Logical_Router_Port with name=lrp-4209f5a5-47bd-4fc1-ba71-d374b409560a
2026-07-09 15:45:00.479 10 ERROR ovsdbapp.backend.ovs_idl.command
Traceback (most recent call last):
2026-07-09 15:45:00.479 10 ERROR ovsdbapp.backend.ovs_idl.command
File "/var/lib/openstack/lib/python3.10/site-packages/ovsdbapp/backend/ovs_idl/command.py", line 47, in execute
2026-07-09 15:45:00.479 10 ERROR ovsdbapp.backend.ovs_idl.command self.run_idl(None)
2026-07-09 15:45:00.479 10 ERROR ovsdbapp.backend.ovs_idl.command
File "/var/lib/openstack/lib/python3.10/site-packages/ovsdbapp/backend/ovs_idl/command.py", line 235, in run_idl
2026-07-09 15:45:00.479 10 ERROR ovsdbapp.backend.ovs_idl.command record = self.api.lookup(self.table, self.record)
2026-07-09 15:45:00.479 10 ERROR ovsdbapp.backend.ovs_idl.command
File "/var/lib/openstack/lib/python3.10/site-packages/ovsdbapp/backend/ovs_idl/__init__.py", line 184, in lookup
2026-07-09 15:45:00.479 10 ERROR ovsdbapp.backend.ovs_idl.command return self._lookup(table, record)
2026-07-09 15:45:00.479 10 ERROR ovsdbapp.backend.ovs_idl.command
File "/var/lib/openstack/lib/python3.10/site-packages/ovsdbapp/backend/ovs_idl/__init__.py", line 235, in _lookup
2026-07-09 15:45:00.479 10 ERROR ovsdbapp.backend.ovs_idl.command row = idlutils.row_by_value(self, rl.table, rl.column, record)
2026-07-09 15:45:00.479 10 ERROR ovsdbapp.backend.ovs_idl.command
File "/var/lib/openstack/lib/python3.10/site-packages/ovsdbapp/backend/ovs_idl/idlutils.py", line 114, in row_by_value
2026-07-09 15:45:00.479 10 ERROR ovsdbapp.backend.ovs_idl.command raise RowNotFound(table=table, col=column, match=match)
2026-07-09 15:45:00.479 10 ERROR ovsdbapp.backend.ovs_idl.command ovsdbapp.backend.ovs_idl.idlutils.RowNotFound: Cannot find Logical_Router_Port with name=lrp-4209f5a5-47bd-4fc1-ba71-d374b409560a
2026-07-09 15:45:00.479 10 ERROR ovsdbapp.backend.ovs_idl.command 
2026-07-09 15:45:00.479 10 ERROR neutron_lib.callbacks.manager [None req-e98f0c54-8608-4341-86ba-fd40ede49646 c78bf3b8cf62431b8a411c2bb640c804 0c88b9fafbe24245a405c8b3e038ea2d - - default default] Error during notification for neutron.services.ovn_l3.plugin.OVNL3RouterPlugin._port_update-8774175596262 port, after_update: ovsdbapp.backend.ovs_idl.idlutils.RowNotFound: Cannot find Logical_Router_Port with name=lrp-4209f5a5-47bd-4fc1-ba71-d374b409560a
2026-07-09 15:45:00.479 10 ERROR neutron_lib.callbacks.manager
Traceback (most recent call last):
2026-07-09 15:45:00.479 10 ERROR neutron_lib.callbacks.manager
File "/var/lib/openstack/lib/python3.10/site-packages/neutron_lib/callbacks/manager.py", line 189, in _notify_loop
2026-07-09 15:45:00.479 10 ERROR neutron_lib.callbacks.manager callback.method(resource, event, trigger, payload=payload)
2026-07-09 15:45:00.479 10 ERROR neutron_lib.callbacks.manager
File "/var/lib/openstack/lib/python3.10/site-packages/neutron/services/ovn_l3/plugin.py", line 391, in _port_update
2026-07-09 15:45:00.479 10 ERROR neutron_lib.callbacks.manager l3plugin._ovn_client.update_router_port(context,
2026-07-09 15:45:00.479 10 ERROR neutron_lib.callbacks.manager
File "/var/lib/openstack/lib/python3.10/site-packages/neutron/plugins/ml2/drivers/ovn/mech_driver/ovsdb/ovn_client.py", line 1878, in update_router_port
2026-07-09 15:45:00.479 10 ERROR neutron_lib.callbacks.manager self._update_lrouter_port(context, port, if_exists=if_exists,
2026-07-09 15:45:00.479 10 ERROR neutron_lib.callbacks.manager
File "/var/lib/openstack/lib/python3.10/site-packages/neutron/plugins/ml2/drivers/ovn/mech_driver/ovsdb/ovn_client.py", line 1855, in _update_lrouter_port
2026-07-09 15:45:00.479 10 ERROR neutron_lib.callbacks.manager external_ids = self._nb_idl.db_get(
2026-07-09 15:45:00.479 10 ERROR neutron_lib.callbacks.manager
File "/var/lib/openstack/lib/python3.10/site-packages/ovsdbapp/backend/ovs_idl/command.py", line 47, in execute
2026-07-09 15:45:00.479 10 ERROR neutron_lib.callbacks.manager self.run_idl(None)
2026-07-09 15:45:00.479 10 ERROR neutron_lib.callbacks.manager
File "/var/lib/openstack/lib/python3.10/site-packages/ovsdbapp/backend/ovs_idl/command.py", line 235, in run_idl
2026-07-09 15:45:00.479 10 ERROR neutron_lib.callbacks.manager record = self.api.lookup(self.table, self.record)
2026-07-09 15:45:00.479 10 ERROR neutron_lib.callbacks.manager
File "/var/lib/openstack/lib/python3.10/site-packages/ovsdbapp/backend/ovs_idl/__init__.py", line 184, in lookup
2026-07-09 15:45:00.479 10 ERROR neutron_lib.callbacks.manager return self._lookup(table, record)
2026-07-09 15:45:00.479 10 ERROR neutron_lib.callbacks.manager
File "/var/lib/openstack/lib/python3.10/site-packages/ovsdbapp/backend/ovs_idl/__init__.py", line 235, in _lookup
2026-07-09 15:45:00.479 10 ERROR neutron_lib.callbacks.manager row = idlutils.row_by_value(self, rl.table, rl.column, record)
2026-07-09 15:45:00.479 10 ERROR neutron_lib.callbacks.manager
File "/var/lib/openstack/lib/python3.10/site-packages/ovsdbapp/backend/ovs_idl/idlutils.py", line 114, in row_by_value
2026-07-09 15:45:00.479 10 ERROR neutron_lib.callbacks.manager raise RowNotFound(table=table, col=column, match=match)
2026-07-09 15:45:00.479 10 ERROR neutron_lib.callbacks.manager ovsdbapp.backend.ovs_idl.idlutils.RowNotFound: Cannot find Logical_Router_Port with name=lrp-4209f5a5-47bd-4fc1-ba71-d374b409560a
2026-07-09 15:45:00.479 10 ERROR neutron_lib.callbacks.manager 
2026-07-09 15:45:00.760 9 INFO neutron.plugins.ml2.drivers.ovn.mech_driver.mech_driver [None req-2e4dec20-51cf-4ab6-a7ab-78d6097ca8de - - - - - -] OVN reports status up for port: 4209f5a5-47bd-4fc1-ba71-d374b409560a
2026-07-09 15:45:00.773 9 INFO neutron.plugins.ml2.plugin [None req-2e4dec20-51cf-4ab6-a7ab-78d6097ca8de - - - - - -] Attempt 1 to provision port 4209f5a5-47bd-4fc1-ba71-d374b409560a
2026-07-09 15:45:00.810 10 INFO neutron.db.ovn_revision_numbers_db [None req-e98f0c54-8608-4341-86ba-fd40ede49646 c78bf3b8cf62431b8a411c2bb640c804 0c88b9fafbe24245a405c8b3e038ea2d - - default default] Successfully bumped revision number for resource 4209f5a5-47bd-4fc1-ba71-d374b409560a (type: ports) to 1
2026-07-09 15:45:00.937 9 INFO neutron.db.ovn_revision_numbers_db [None req-33a0aac0-86b6-4271-a54f-256d46e37148 c78bf3b8cf62431b8a411c2bb640c804 0c88b9fafbe24245a405c8b3e038ea2d - - default default] Successfully bumped revision number for resource 74469974-a62e-405e-8639-c95bd90a4b4f (type: ports) to 2
2026-07-09 15:45:01.047 10 WARNING neutron.scheduler.dhcp_agent_scheduler [None req-e98f0c54-8608-4341-86ba-fd40ede49646 c78bf3b8cf62431b8a411c2bb640c804 0c88b9fafbe24245a405c8b3e038ea2d - - default default] No more DHCP agents
2026-07-09 15:45:01.052 10 WARNING neutron.api.rpc.agentnotifiers.dhcp_rpc_agent_api [None req-e98f0c54-8608-4341-86ba-fd40ede49646 c78bf3b8cf62431b8a411c2bb640c804 0c88b9fafbe24245a405c8b3e038ea2d - - default default] Unable to schedule network 6be1c284-bcc8-48ec-82c1-3c17b54c627b: no agents available; will retry on subsequent port and subnet creation events.
2026-07-09 15:45:01.096 9 INFO neutron.db.ovn_revision_numbers_db [None req-33a0aac0-86b6-4271-a54f-256d46e37148 c78bf3b8cf62431b8a411c2bb640c804 0c88b9fafbe24245a405c8b3e038ea2d - - default default] Successfully bumped revision number for resource e31e61c5-c057-4af5-8018-bbeaf9f9d1ce (type: subnets) to 0
2026-07-09 15:45:01.100 9 INFO neutron.db.ovn_revision_numbers_db [None req-31b6d86d-ce18-4700-a0f2-d27671e12a23 - - - - - -] Successfully bumped revision number for resource 333e0db2-242b-43a7-b103-6895ad902a6b (type: router_ports) to 3
2026-07-09 15:45:01.128 9 INFO neutron.wsgi [None req-33a0aac0-86b6-4271-a54f-256d46e37148 c78bf3b8cf62431b8a411c2bb640c804 0c88b9fafbe24245a405c8b3e038ea2d - - default default] 10.0.0.179 "POST /v2.0/subnets HTTP/1.1" status: 201 len: 860 time: 1.4427178
2026-07-09 15:45:01.400 9 INFO neutron.db.ovn_revision_numbers_db [None req-31b6d86d-ce18-4700-a0f2-d27671e12a23 - - - - - -] Successfully bumped revision number for resource 333e0db2-242b-43a7-b103-6895ad902a6b (type: ports) to 2
2026-07-09 15:45:01.474 9 INFO neutron.db.ovn_revision_numbers_db [None req-2e4dec20-51cf-4ab6-a7ab-78d6097ca8de - - - - - -] Successfully bumped revision number for resource 4209f5a5-47bd-4fc1-ba71-d374b409560a (type: ports) to 2
2026-07-09 15:45:01.607 10 ERROR ovsdbapp.backend.ovs_idl.command [None req-751180db-1563-4135-b1d8-1e2691d61be7 c78bf3b8cf62431b8a411c2bb640c804 0c88b9fafbe24245a405c8b3e038ea2d - - default default] Error executing command (DbGetCommand): ovsdbapp.backend.ovs_idl.idlutils.RowNotFound: Cannot find Logical_Router_Port with name=lrp-4396c8ab-9e58-4206-a455-7cf3afe2daed
2026-07-09 15:45:01.607 10 ERROR ovsdbapp.backend.ovs_idl.command
Traceback (most recent call last):
2026-07-09 15:45:01.607 10 ERROR ovsdbapp.backend.ovs_idl.command
File "/var/lib/openstack/lib/python3.10/site-packages/ovsdbapp/backend/ovs_idl/command.py", line 47, in execute
2026-07-09 15:45:01.607 10 ERROR ovsdbapp.backend.ovs_idl.command self.run_idl(None)
2026-07-09 15:45:01.607 10 ERROR ovsdbapp.backend.ovs_idl.command
File "/var/lib/openstack/lib/python3.10/site-packages/ovsdbapp/backend/ovs_idl/command.py", line 235, in run_idl
2026-07-09 15:45:01.607 10 ERROR ovsdbapp.backend.ovs_idl.command record = self.api.lookup(self.table, self.record)
2026-07-09 15:45:01.607 10 ERROR ovsdbapp.backend.ovs_idl.command
File "/var/lib/openstack/lib/python3.10/site-packages/ovsdbapp/backend/ovs_idl/__init__.py", line 184, in lookup
2026-07-09 15:45:01.607 10 ERROR ovsdbapp.backend.ovs_idl.command return self._lookup(table, record)
2026-07-09 15:45:01.607 10 ERROR ovsdbapp.backend.ovs_idl.command
File "/var/lib/openstack/lib/python3.10/site-packages/ovsdbapp/backend/ovs_idl/__init__.py", line 235, in _lookup
2026-07-09 15:45:01.607 10 ERROR ovsdbapp.backend.ovs_idl.command row = idlutils.row_by_value(self, rl.table, rl.column, record)
2026-07-09 15:45:01.607 10 ERROR ovsdbapp.backend.ovs_idl.command
File "/var/lib/openstack/lib/python3.10/site-packages/ovsdbapp/backend/ovs_idl/idlutils.py", line 114, in row_by_value
2026-07-09 15:45:01.607 10 ERROR ovsdbapp.backend.ovs_idl.command raise RowNotFound(table=table, col=column, match=match)
2026-07-09 15:45:01.607 10 ERROR ovsdbapp.backend.ovs_idl.command ovsdbapp.backend.ovs_idl.idlutils.RowNotFound: Cannot find Logical_Router_Port with name=lrp-4396c8ab-9e58-4206-a455-7cf3afe2daed
2026-07-09 15:45:01.607 10 ERROR ovsdbapp.backend.ovs_idl.command 
2026-07-09 15:45:01.608 10 ERROR neutron_lib.callbacks.manager [None req-751180db-1563-4135-b1d8-1e2691d61be7 c78bf3b8cf62431b8a411c2bb640c804 0c88b9fafbe24245a405c8b3e038ea2d - - default default] Error during notification for neutron.services.ovn_l3.plugin.OVNL3RouterPlugin._port_update-8774175596262 port, after_update: ovsdbapp.backend.ovs_idl.idlutils.RowNotFound: Cannot find Logical_Router_Port with name=lrp-4396c8ab-9e58-4206-a455-7cf3afe2daed
2026-07-09 15:45:01.608 10 ERROR neutron_lib.callbacks.manager
Traceback (most recent call last):
2026-07-09 15:45:01.608 10 ERROR neutron_lib.callbacks.manager
File "/var/lib/openstack/lib/python3.10/site-packages/neutron_lib/callbacks/manager.py", line 189, in _notify_loop
2026-07-09 15:45:01.608 10 ERROR neutron_lib.callbacks.manager callback.method(resource, event, trigger, payload=payload)
2026-07-09 15:45:01.608 10 ERROR neutron_lib.callbacks.manager
File "/var/lib/openstack/lib/python3.10/site-packages/neutron/services/ovn_l3/plugin.py", line 391, in _port_update
2026-07-09 15:45:01.608 10 ERROR neutron_lib.callbacks.manager l3plugin._ovn_client.update_router_port(context,
2026-07-09 15:45:01.608 10 ERROR neutron_lib.callbacks.manager
File "/var/lib/openstack/lib/python3.10/site-packages/neutron/plugins/ml2/drivers/ovn/mech_driver/ovsdb/ovn_client.py", line 1878, in update_router_port
2026-07-09 15:45:01.608 10 ERROR neutron_lib.callbacks.manager self._update_lrouter_port(context, port, if_exists=if_exists,
2026-07-09 15:45:01.608 10 ERROR neutron_lib.callbacks.manager
File "/var/lib/openstack/lib/python3.10/site-packages/neutron/plugins/ml2/drivers/ovn/mech_driver/ovsdb/ovn_client.py", line 1855, in _update_lrouter_port
2026-07-09 15:45:01.608 10 ERROR neutron_lib.callbacks.manager external_ids = self._nb_idl.db_get(
2026-07-09 15:45:01.608 10 ERROR neutron_lib.callbacks.manager
File "/var/lib/openstack/lib/python3.10/site-packages/ovsdbapp/backend/ovs_idl/command.py", line 47, in execute
2026-07-09 15:45:01.608 10 ERROR neutron_lib.callbacks.manager self.run_idl(None)
2026-07-09 15:45:01.608 10 ERROR neutron_lib.callbacks.manager
File "/var/lib/openstack/lib/python3.10/site-packages/ovsdbapp/backend/ovs_idl/command.py", line 235, in run_idl
2026-07-09 15:45:01.608 10 ERROR neutron_lib.callbacks.manager record = self.api.lookup(self.table, self.record)
2026-07-09 15:45:01.608 10 ERROR neutron_lib.callbacks.manager
File "/var/lib/openstack/lib/python3.10/site-packages/ovsdbapp/backend/ovs_idl/__init__.py", line 184, in lookup
2026-07-09 15:45:01.608 10 ERROR neutron_lib.callbacks.manager return self._lookup(table, record)
2026-07-09 15:45:01.608 10 ERROR neutron_lib.callbacks.manager
File "/var/lib/openstack/lib/python3.10/site-packages/ovsdbapp/backend/ovs_idl/__init__.py", line 235, in _lookup
2026-07-09 15:45:01.608 10 ERROR neutron_lib.callbacks.manager row = idlutils.row_by_value(self, rl.table, rl.column, record)
2026-07-09 15:45:01.608 10 ERROR neutron_lib.callbacks.manager
File "/var/lib/openstack/lib/python3.10/site-packages/ovsdbapp/backend/ovs_idl/idlutils.py", line 114, in row_by_value
2026-07-09 15:45:01.608 10 ERROR neutron_lib.callbacks.manager raise RowNotFound(table=table, col=column, match=match)
