Jun 29 15:28:38.399772 np0000183482 nova-conductor[110835]: DEBUG cotyledon.oslo_config_glue [-] vnc.vencrypt_client_cert = None {{(pid=110835) log_opt_values /opt/stack/data/venv/lib/python3.12/site-packages/oslo_config/cfg.py:3253}}
Jun 29 15:28:38.399772 np0000183482 nova-conductor[110835]: DEBUG cotyledon.oslo_config_glue [-] vnc.vencrypt_client_key = None {{(pid=110835) log_opt_values /opt/stack/data/venv/lib/python3.12/site-packages/oslo_config/cfg.py:3253}}
Jun 29 15:28:38.399990 np0000183482 nova-conductor[110835]: DEBUG cotyledon.oslo_config_glue [-] workarounds.disable_compute_service_check_for_ffu = False {{(pid=110835) log_opt_values /opt/stack/data/venv/lib/python3.12/site-packages/oslo_config/cfg.py:3253}}
Jun 29 15:28:38.399990 np0000183482 nova-conductor[110835]: DEBUG cotyledon.oslo_config_glue [-] workarounds.disable_deep_image_inspection = False {{(pid=110835) log_opt_values /opt/stack/data/venv/lib/python3.12/site-packages/oslo_config/cfg.py:3253}}
Jun 29 15:28:38.399990 np0000183482 nova-conductor[110835]: DEBUG cotyledon.oslo_config_glue [-] workarounds.disable_fallback_pcpu_query = False {{(pid=110835) log_opt_values /opt/stack/data/venv/lib/python3.12/site-packages/oslo_config/cfg.py:3253}}
Jun 29 15:28:38.399990 np0000183482 nova-conductor[110835]: DEBUG cotyledon.oslo_config_glue [-] workarounds.disable_group_policy_check_upcall = False {{(pid=110835) log_opt_values /opt/stack/data/venv/lib/python3.12/site-packages/oslo_config/cfg.py:3253}}
Jun 29 15:28:38.399990 np0000183482 nova-conductor[110835]: DEBUG cotyledon.oslo_config_glue [-] workarounds.disable_libvirt_livesnapshot = False {{(pid=110835) log_opt_values /opt/stack/data/venv/lib/python3.12/site-packages/oslo_config/cfg.py:3253}}
Jun 29 15:28:38.399990 np0000183482 nova-conductor[110835]: DEBUG cotyledon.oslo_config_glue [-] workarounds.disable_rootwrap = False {{(pid=110835) log_opt_values /opt/stack/data/venv/lib/python3.12/site-packages/oslo_config/cfg.py:3253}}
Jun 29 15:28:38.399990 np0000183482 nova-conductor[110835]: DEBUG cotyledon.oslo_config_glue [-] workarounds.enable_numa_live_migration = False {{(pid=110835) log_opt_values /opt/stack/data/venv/lib/python3.12/site-packages/oslo_config/cfg.py:3253}}
Jun 29 15:28:38.399990 np0000183482 nova-conductor[110835]: DEBUG cotyledon.oslo_config_glue [-] workarounds.enable_qemu_monitor_announce_self = False {{(pid=110835) log_opt_values /opt/stack/data/venv/lib/python3.12/site-packages/oslo_config/cfg.py:3253}}
Jun 29 15:28:38.399990 np0000183482 nova-conductor[110835]: DEBUG cotyledon.oslo_config_glue [-] workarounds.ensure_libvirt_rbd_instance_dir_cleanup = False {{(pid=110835) log_opt_values /opt/stack/data/venv/lib/python3.12/site-packages/oslo_config/cfg.py:3253}}
Jun 29 15:28:38.400251 np0000183482 nova-conductor[110835]: DEBUG cotyledon.oslo_config_glue [-] workarounds.handle_virt_lifecycle_events = True {{(pid=110835) log_opt_values /opt/stack/data/venv/lib/python3.12/site-packages/oslo_config/cfg.py:3253}}
Jun 29 15:28:38.400251 np0000183482 nova-conductor[110835]: DEBUG cotyledon.oslo_config_glue [-] workarounds.libvirt_disable_apic = False {{(pid=110835) log_opt_values /opt/stack/data/venv/lib/python3.12/site-packages/oslo_config/cfg.py:3253}}
Jun 29 15:28:38.400251 np0000183482 nova-conductor[110835]: DEBUG cotyledon.oslo_config_glue [-] workarounds.never_download_image_if_on_rbd = False {{(pid=110835) log_opt_values /opt/stack/data/venv/lib/python3.12/site-packages/oslo_config/cfg.py:3253}}
Jun 29 15:28:38.400251 np0000183482 nova-conductor[110835]: DEBUG cotyledon.oslo_config_glue [-] workarounds.qemu_monitor_announce_self_count = 3 {{(pid=110835) log_opt_values /opt/stack/data/venv/lib/python3.12/site-packages/oslo_config/cfg.py:3253}}
Jun 29 15:28:38.400251 np0000183482 nova-conductor[110835]: DEBUG cotyledon.oslo_config_glue [-] workarounds.qemu_monitor_announce_self_interval = 1 {{(pid=110835) log_opt_values /opt/stack/data/venv/lib/python3.12/site-packages/oslo_config/cfg.py:3253}}
Jun 29 15:28:38.400251 np0000183482 nova-conductor[110835]: DEBUG cotyledon.oslo_config_glue [-] workarounds.reserve_disk_resource_for_image_cache = False {{(pid=110835) log_opt_values /opt/stack/data/venv/lib/python3.12/site-packages/oslo_config/cfg.py:3253}}
Jun 29 15:28:38.400251 np0000183482 nova-conductor[110835]: DEBUG cotyledon.oslo_config_glue [-] workarounds.skip_cpu_compare_at_startup = False {{(pid=110835) log_opt_values /opt/stack/data/venv/lib/python3.12/site-packages/oslo_config/cfg.py:3253}}
Jun 29 15:28:38.400251 np0000183482 nova-conductor[110835]: DEBUG cotyledon.oslo_config_glue [-] workarounds.skip_cpu_compare_on_dest = False {{(pid=110835) log_opt_values /opt/stack/data/venv/lib/python3.12/site-packages/oslo_config/cfg.py:3253}}
Jun 29 15:28:38.400463 np0000183482 nova-conductor[110829]: INFO dbcounter [None req-f2efc303-f49d-4a52-b486-a055790f9b95 None None] Registered counter for database nova_cell0
Jun 29 15:28:38.400489 np0000183482 nova-conductor[110835]: DEBUG cotyledon.oslo_config_glue [-] workarounds.skip_hypervisor_version_check_on_lm = False {{(pid=110835) log_opt_values /opt/stack/data/venv/lib/python3.12/site-packages/oslo_config/cfg.py:3253}}
Jun 29 15:28:38.400489 np0000183482 nova-conductor[110835]: DEBUG cotyledon.oslo_config_glue [-] workarounds.skip_reserve_in_use_ironic_nodes = False {{(pid=110835) log_opt_values /opt/stack/data/venv/lib/python3.12/site-packages/oslo_config/cfg.py:3253}}
Jun 29 15:28:38.400489 np0000183482 nova-conductor[110835]: DEBUG cotyledon.oslo_config_glue [-] workarounds.unified_limits_count_pcpu_as_vcpu = False {{(pid=110835) log_opt_values /opt/stack/data/venv/lib/python3.12/site-packages/oslo_config/cfg.py:3253}}
Jun 29 15:28:38.400489 np0000183482 nova-conductor[110835]: DEBUG cotyledon.oslo_config_glue [-] workarounds.wait_for_vif_plugged_event_during_hard_reboot = [] {{(pid=110835) log_opt_values /opt/stack/data/venv/lib/python3.12/site-packages/oslo_config/cfg.py:3253}}
Jun 29 15:28:38.400489 np0000183482 nova-conductor[110835]: DEBUG cotyledon.oslo_config_glue [-] wsgi.api_paste_config = /etc/nova/api-paste.ini {{(pid=110835) log_opt_values /opt/stack/data/venv/lib/python3.12/site-packages/oslo_config/cfg.py:3253}}
Jun 29 15:28:38.400489 np0000183482 nova-conductor[110835]: DEBUG cotyledon.oslo_config_glue [-] wsgi.secure_proxy_ssl_header = None {{(pid=110835) log_opt_values /opt/stack/data/venv/lib/python3.12/site-packages/oslo_config/cfg.py:3253}}
Jun 29 15:28:38.400489 np0000183482 nova-conductor[110835]: DEBUG cotyledon.oslo_config_glue [-] zvm.ca_file = None {{(pid=110835) log_opt_values /opt/stack/data/venv/lib/python3.12/site-packages/oslo_config/cfg.py:3253}}
Jun 29 15:28:38.400489 np0000183482 nova-conductor[110835]: DEBUG cotyledon.oslo_config_glue [-] zvm.cloud_connector_url = None {{(pid=110835) log_opt_values /opt/stack/data/venv/lib/python3.12/site-packages/oslo_config/cfg.py:3253}}
Jun 29 15:28:38.400489 np0000183482 nova-conductor[110835]: DEBUG cotyledon.oslo_config_glue [-] zvm.image_tmp_path = /opt/stack/data/nova/images {{(pid=110835) log_opt_values /opt/stack/data/venv/lib/python3.12/site-packages/oslo_config/cfg.py:3253}}
Jun 29 15:28:38.400704 np0000183482 nova-conductor[110835]: DEBUG cotyledon.oslo_config_glue [-] zvm.reachable_timeout = 300 {{(pid=110835) log_opt_values /opt/stack/data/venv/lib/python3.12/site-packages/oslo_config/cfg.py:3253}}
Jun 29 15:28:38.400704 np0000183482 nova-conductor[110835]: DEBUG cotyledon.oslo_config_glue [-] oslo_versionedobjects.fatal_exception_format_errors = False {{(pid=110835) log_opt_values /opt/stack/data/venv/lib/python3.12/site-packages/oslo_config/cfg.py:3253}}
Jun 29 15:28:38.400704 np0000183482 nova-conductor[110835]: DEBUG cotyledon.oslo_config_glue [-] oslo_middleware.http_basic_auth_user_file = /etc/htpasswd {{(pid=110835) log_opt_values /opt/stack/data/venv/lib/python3.12/site-packages/oslo_config/cfg.py:3253}}
Jun 29 15:28:38.400704 np0000183482 nova-conductor[110835]: DEBUG cotyledon.oslo_config_glue [-] profiler.connection_string = messaging:// {{(pid=110835) log_opt_values /opt/stack/data/venv/lib/python3.12/site-packages/oslo_config/cfg.py:3253}}
Jun 29 15:28:38.400704 np0000183482 nova-conductor[110835]: DEBUG cotyledon.oslo_config_glue [-] profiler.enabled = False {{(pid=110835) log_opt_values /opt/stack/data/venv/lib/python3.12/site-packages/oslo_config/cfg.py:3253}}
Jun 29 15:28:38.400704 np0000183482 nova-conductor[110835]: DEBUG cotyledon.oslo_config_glue [-] profiler.es_doc_type = notification {{(pid=110835) log_opt_values /opt/stack/data/venv/lib/python3.12/site-packages/oslo_config/cfg.py:3253}}
Jun 29 15:28:38.400704 np0000183482 nova-conductor[110835]: DEBUG cotyledon.oslo_config_glue [-] profiler.es_scroll_size = 10000 {{(pid=110835) log_opt_values /opt/stack/data/venv/lib/python3.12/site-packages/oslo_config/cfg.py:3253}}
Jun 29 15:28:38.400704 np0000183482 nova-conductor[110835]: DEBUG cotyledon.oslo_config_glue [-] profiler.es_scroll_time = 2m {{(pid=110835) log_opt_values /opt/stack/data/venv/lib/python3.12/site-packages/oslo_config/cfg.py:3253}}
Jun 29 15:28:38.400704 np0000183482 nova-conductor[110835]: DEBUG cotyledon.oslo_config_glue [-] profiler.filter_error_trace = False {{(pid=110835) log_opt_values /opt/stack/data/venv/lib/python3.12/site-packages/oslo_config/cfg.py:3253}}
Jun 29 15:28:38.400919 np0000183482 nova-conductor[110835]: DEBUG cotyledon.oslo_config_glue [-] profiler.hmac_keys = **** {{(pid=110835) log_opt_values /opt/stack/data/venv/lib/python3.12/site-packages/oslo_config/cfg.py:3253}}
Jun 29 15:28:38.400919 np0000183482 nova-conductor[110835]: DEBUG cotyledon.oslo_config_glue [-] profiler.sentinel_service_name = mymaster {{(pid=110835) log_opt_values /opt/stack/data/venv/lib/python3.12/site-packages/oslo_config/cfg.py:3253}}
Jun 29 15:28:38.400919 np0000183482 nova-conductor[110835]: DEBUG cotyledon.oslo_config_glue [-] profiler.socket_timeout = 0.1 {{(pid=110835) log_opt_values /opt/stack/data/venv/lib/python3.12/site-packages/oslo_config/cfg.py:3253}}
Jun 29 15:28:38.400919 np0000183482 nova-conductor[110835]: DEBUG cotyledon.oslo_config_glue [-] profiler.trace_requests = False {{(pid=110835) log_opt_values /opt/stack/data/venv/lib/python3.12/site-packages/oslo_config/cfg.py:3253}}
Jun 29 15:28:38.400919 np0000183482 nova-conductor[110835]: DEBUG cotyledon.oslo_config_glue [-] profiler.trace_sqlalchemy = False {{(pid=110835) log_opt_values /opt/stack/data/venv/lib/python3.12/site-packages/oslo_config/cfg.py:3253}}
Jun 29 15:28:38.400919 np0000183482 nova-conductor[110835]: DEBUG cotyledon.oslo_config_glue [-] profiler_jaeger.process_tags = {} {{(pid=110835) log_opt_values /opt/stack/data/venv/lib/python3.12/site-packages/oslo_config/cfg.py:3253}}
Jun 29 15:28:38.400919 np0000183482 nova-conductor[110835]: DEBUG cotyledon.oslo_config_glue [-] profiler_jaeger.service_name_prefix = None {{(pid=110835) log_opt_values /opt/stack/data/venv/lib/python3.12/site-packages/oslo_config/cfg.py:3253}}
Jun 29 15:28:38.400919 np0000183482 nova-conductor[110835]: DEBUG cotyledon.oslo_config_glue [-] profiler_otlp.service_name_prefix = None {{(pid=110835) log_opt_values /opt/stack/data/venv/lib/python3.12/site-packages/oslo_config/cfg.py:3253}}
Jun 29 15:28:38.400919 np0000183482 nova-conductor[110835]: DEBUG cotyledon.oslo_config_glue [-] oslo_messaging_rabbit.amqp_auto_delete = False {{(pid=110835) log_opt_values /opt/stack/data/venv/lib/python3.12/site-packages/oslo_config/cfg.py:3253}}
Jun 29 15:28:38.401146 np0000183482 nova-conductor[110835]: DEBUG cotyledon.oslo_config_glue [-] oslo_messaging_rabbit.amqp_durable_queues = False {{(pid=110835) log_opt_values /opt/stack/data/venv/lib/python3.12/site-packages/oslo_config/cfg.py:3253}}
Jun 29 15:28:38.401146 np0000183482 nova-conductor[110835]: DEBUG cotyledon.oslo_config_glue [-] oslo_messaging_rabbit.conn_pool_min_size = 2 {{(pid=110835) log_opt_values /opt/stack/data/venv/lib/python3.12/site-packages/oslo_config/cfg.py:3253}}
Jun 29 15:28:38.401146 np0000183482 nova-conductor[110835]: DEBUG cotyledon.oslo_config_glue [-] oslo_messaging_rabbit.conn_pool_ttl = 1200 {{(pid=110835) log_opt_values /opt/stack/data/venv/lib/python3.12/site-packages/oslo_config/cfg.py:3253}}
Jun 29 15:28:38.401146 np0000183482 nova-conductor[110835]: DEBUG cotyledon.oslo_config_glue [-] oslo_messaging_rabbit.direct_mandatory_flag = True {{(pid=110835) log_opt_values /opt/stack/data/venv/lib/python3.12/site-packages/oslo_config/cfg.py:3253}}
Jun 29 15:28:38.401146 np0000183482 nova-conductor[110835]: DEBUG cotyledon.oslo_config_glue [-] oslo_messaging_rabbit.enable_cancel_on_failover = False {{(pid=110835) log_opt_values /opt/stack/data/venv/lib/python3.12/site-packages/oslo_config/cfg.py:3253}}
Jun 29 15:28:38.401146 np0000183482 nova-conductor[110835]: DEBUG cotyledon.oslo_config_glue [-] oslo_messaging_rabbit.heartbeat_rate = 3 {{(pid=110835) log_opt_values /opt/stack/data/venv/lib/python3.12/site-packages/oslo_config/cfg.py:3253}}
Jun 29 15:28:38.401146 np0000183482 nova-conductor[110835]: DEBUG cotyledon.oslo_config_glue [-] oslo_messaging_rabbit.heartbeat_timeout_threshold = 60 {{(pid=110835) log_opt_values /opt/stack/data/venv/lib/python3.12/site-packages/oslo_config/cfg.py:3253}}
Jun 29 15:28:38.401146 np0000183482 nova-conductor[110835]: DEBUG cotyledon.oslo_config_glue [-] oslo_messaging_rabbit.hostname = np0000183482 {{(pid=110835) log_opt_values /opt/stack/data/venv/lib/python3.12/site-packages/oslo_config/cfg.py:3253}}
Jun 29 15:28:38.401146 np0000183482 nova-conductor[110835]: DEBUG cotyledon.oslo_config_glue [-] oslo_messaging_rabbit.kombu_compression = None {{(pid=110835) log_opt_values /opt/stack/data/venv/lib/python3.12/site-packages/oslo_config/cfg.py:3253}}
Jun 29 15:28:38.401435 np0000183482 nova-conductor[110835]: DEBUG cotyledon.oslo_config_glue [-] oslo_messaging_rabbit.kombu_failover_strategy = round-robin {{(pid=110835) log_opt_values /opt/stack/data/venv/lib/python3.12/site-packages/oslo_config/cfg.py:3253}}
Jun 29 15:28:38.401435 np0000183482 nova-conductor[110835]: DEBUG cotyledon.oslo_config_glue [-] oslo_messaging_rabbit.kombu_missing_consumer_retry_timeout = 60 {{(pid=110835) log_opt_values /opt/stack/data/venv/lib/python3.12/site-packages/oslo_config/cfg.py:3253}}
Jun 29 15:28:38.401435 np0000183482 nova-conductor[110835]: DEBUG cotyledon.oslo_config_glue [-] oslo_messaging_rabbit.kombu_reconnect_delay = 1.0 {{(pid=110835) log_opt_values /opt/stack/data/venv/lib/python3.12/site-packages/oslo_config/cfg.py:3253}}
Jun 29 15:28:38.401435 np0000183482 nova-conductor[110835]: DEBUG cotyledon.oslo_config_glue [-] oslo_messaging_rabbit.kombu_reconnect_splay = 0.0 {{(pid=110835) log_opt_values /opt/stack/data/venv/lib/python3.12/site-packages/oslo_config/cfg.py:3253}}
Jun 29 15:28:38.401435 np0000183482 nova-conductor[110835]: DEBUG cotyledon.oslo_config_glue [-] oslo_messaging_rabbit.processname = nova-conductor {{(pid=110835) log_opt_values /opt/stack/data/venv/lib/python3.12/site-packages/oslo_config/cfg.py:3253}}
Jun 29 15:28:38.401435 np0000183482 nova-conductor[110835]: DEBUG cotyledon.oslo_config_glue [-] oslo_messaging_rabbit.rabbit_ha_queues = False {{(pid=110835) log_opt_values /opt/stack/data/venv/lib/python3.12/site-packages/oslo_config/cfg.py:3253}}
Jun 29 15:28:38.401435 np0000183482 nova-conductor[110835]: DEBUG cotyledon.oslo_config_glue [-] oslo_messaging_rabbit.rabbit_interval_max = 30 {{(pid=110835) log_opt_values /opt/stack/data/venv/lib/python3.12/site-packages/oslo_config/cfg.py:3253}}
Jun 29 15:28:38.401435 np0000183482 nova-conductor[110835]: DEBUG cotyledon.oslo_config_glue [-] oslo_messaging_rabbit.rabbit_login_method = AMQPLAIN {{(pid=110835) log_opt_values /opt/stack/data/venv/lib/python3.12/site-packages/oslo_config/cfg.py:3253}}
Jun 29 15:28:38.401625 np0000183482 nova-conductor[110835]: DEBUG cotyledon.oslo_config_glue [-] oslo_messaging_rabbit.rabbit_qos_prefetch_count = 0 {{(pid=110835) log_opt_values /opt/stack/data/venv/lib/python3.12/site-packages/oslo_config/cfg.py:3253}}
Jun 29 15:28:38.401625 np0000183482 nova-conductor[110835]: DEBUG cotyledon.oslo_config_glue [-] oslo_messaging_rabbit.rabbit_quorum_delivery_limit = 0 {{(pid=110835) log_opt_values /opt/stack/data/venv/lib/python3.12/site-packages/oslo_config/cfg.py:3253}}
Jun 29 15:28:38.401625 np0000183482 nova-conductor[110835]: DEBUG cotyledon.oslo_config_glue [-] oslo_messaging_rabbit.rabbit_quorum_max_memory_bytes = 0 {{(pid=110835) log_opt_values /opt/stack/data/venv/lib/python3.12/site-packages/oslo_config/cfg.py:3253}}
Jun 29 15:28:38.401625 np0000183482 nova-conductor[110835]: DEBUG cotyledon.oslo_config_glue [-] oslo_messaging_rabbit.rabbit_quorum_max_memory_length = 0 {{(pid=110835) log_opt_values /opt/stack/data/venv/lib/python3.12/site-packages/oslo_config/cfg.py:3253}}
Jun 29 15:28:38.401625 np0000183482 nova-conductor[110835]: DEBUG cotyledon.oslo_config_glue [-] oslo_messaging_rabbit.rabbit_quorum_queue = False {{(pid=110835) log_opt_values /opt/stack/data/venv/lib/python3.12/site-packages/oslo_config/cfg.py:3253}}
Jun 29 15:28:38.401625 np0000183482 nova-conductor[110835]: DEBUG cotyledon.oslo_config_glue [-] oslo_messaging_rabbit.rabbit_retry_backoff = 2 {{(pid=110835) log_opt_values /opt/stack/data/venv/lib/python3.12/site-packages/oslo_config/cfg.py:3253}}
Jun 29 15:28:38.401625 np0000183482 nova-conductor[110835]: DEBUG cotyledon.oslo_config_glue [-] oslo_messaging_rabbit.rabbit_retry_interval = 1 {{(pid=110835) log_opt_values /opt/stack/data/venv/lib/python3.12/site-packages/oslo_config/cfg.py:3253}}
Jun 29 15:28:38.401625 np0000183482 nova-conductor[110835]: DEBUG cotyledon.oslo_config_glue [-] oslo_messaging_rabbit.rabbit_stream_fanout = False {{(pid=110835) log_opt_values /opt/stack/data/venv/lib/python3.12/site-packages/oslo_config/cfg.py:3253}}
Jun 29 15:28:38.401812 np0000183482 nova-conductor[110835]: DEBUG cotyledon.oslo_config_glue [-] oslo_messaging_rabbit.rabbit_transient_queues_ttl = 1800 {{(pid=110835) log_opt_values /opt/stack/data/venv/lib/python3.12/site-packages/oslo_config/cfg.py:3253}}
Jun 29 15:28:38.401812 np0000183482 nova-conductor[110835]: DEBUG cotyledon.oslo_config_glue [-] oslo_messaging_rabbit.rabbit_transient_quorum_queue = False {{(pid=110835) log_opt_values /opt/stack/data/venv/lib/python3.12/site-packages/oslo_config/cfg.py:3253}}
Jun 29 15:28:38.401812 np0000183482 nova-conductor[110835]: DEBUG cotyledon.oslo_config_glue [-] oslo_messaging_rabbit.rpc_conn_pool_size = 30 {{(pid=110835) log_opt_values /opt/stack/data/venv/lib/python3.12/site-packages/oslo_config/cfg.py:3253}}
Jun 29 15:28:38.401812 np0000183482 nova-conductor[110835]: DEBUG cotyledon.oslo_config_glue [-] oslo_messaging_rabbit.ssl = False {{(pid=110835) log_opt_values /opt/stack/data/venv/lib/python3.12/site-packages/oslo_config/cfg.py:3253}}
Jun 29 15:28:38.401812 np0000183482 nova-conductor[110835]: DEBUG cotyledon.oslo_config_glue [-] oslo_messaging_rabbit.ssl_ca_file = {{(pid=110835) log_opt_values /opt/stack/data/venv/lib/python3.12/site-packages/oslo_config/cfg.py:3253}}
Jun 29 15:28:38.401812 np0000183482 nova-conductor[110835]: DEBUG cotyledon.oslo_config_glue [-] oslo_messaging_rabbit.ssl_cert_file = {{(pid=110835) log_opt_values /opt/stack/data/venv/lib/python3.12/site-packages/oslo_config/cfg.py:3253}}
Jun 29 15:28:38.401812 np0000183482 nova-conductor[110835]: DEBUG cotyledon.oslo_config_glue [-] oslo_messaging_rabbit.ssl_enforce_fips_mode = False {{(pid=110835) log_opt_values /opt/stack/data/venv/lib/python3.12/site-packages/oslo_config/cfg.py:3253}}
Jun 29 15:28:38.401812 np0000183482 nova-conductor[110835]: DEBUG cotyledon.oslo_config_glue [-] oslo_messaging_rabbit.ssl_enforce_hostname_verification = True {{(pid=110835) log_opt_values /opt/stack/data/venv/lib/python3.12/site-packages/oslo_config/cfg.py:3253}}
Jun 29 15:28:38.401812 np0000183482 nova-conductor[110835]: DEBUG cotyledon.oslo_config_glue [-] oslo_messaging_rabbit.ssl_key_file = {{(pid=110835) log_opt_values /opt/stack/data/venv/lib/python3.12/site-packages/oslo_config/cfg.py:3253}}
Jun 29 15:28:38.402017 np0000183482 nova-conductor[110835]: DEBUG cotyledon.oslo_config_glue [-] oslo_messaging_rabbit.ssl_version = {{(pid=110835) log_opt_values /opt/stack/data/venv/lib/python3.12/site-packages/oslo_config/cfg.py:3253}}
Jun 29 15:28:38.402017 np0000183482 nova-conductor[110835]: DEBUG cotyledon.oslo_config_glue [-] oslo_messaging_rabbit.use_queue_manager = False {{(pid=110835) log_opt_values /opt/stack/data/venv/lib/python3.12/site-packages/oslo_config/cfg.py:3253}}
Jun 29 15:28:38.402017 np0000183482 nova-conductor[110835]: DEBUG cotyledon.oslo_config_glue [-] oslo_messaging_notifications.driver = ['messagingv2'] {{(pid=110835) log_opt_values /opt/stack/data/venv/lib/python3.12/site-packages/oslo_config/cfg.py:3253}}
Jun 29 15:28:38.402017 np0000183482 nova-conductor[110835]: DEBUG cotyledon.oslo_config_glue [-] oslo_messaging_notifications.retry = -1 {{(pid=110835) log_opt_values /opt/stack/data/venv/lib/python3.12/site-packages/oslo_config/cfg.py:3253}}
Jun 29 15:28:38.402017 np0000183482 nova-conductor[110835]: DEBUG cotyledon.oslo_config_glue [-] oslo_messaging_notifications.topics = ['notifications'] {{(pid=110835) log_opt_values /opt/stack/data/venv/lib/python3.12/site-packages/oslo_config/cfg.py:3253}}
Jun 29 15:28:38.402017 np0000183482 nova-conductor[110835]: DEBUG cotyledon.oslo_config_glue [-] oslo_messaging_notifications.transport_url = **** {{(pid=110835) log_opt_values /opt/stack/data/venv/lib/python3.12/site-packages/oslo_config/cfg.py:3253}}
Jun 29 15:28:38.402017 np0000183482 nova-conductor[110835]: DEBUG cotyledon.oslo_config_glue [-] oslo_limit.auth_section = None {{(pid=110835) log_opt_values /opt/stack/data/venv/lib/python3.12/site-packages/oslo_config/cfg.py:3253}}
Jun 29 15:28:38.402017 np0000183482 nova-conductor[110835]: DEBUG cotyledon.oslo_config_glue [-] oslo_limit.auth_type = None {{(pid=110835) log_opt_values /opt/stack/data/venv/lib/python3.12/site-packages/oslo_config/cfg.py:3253}}
Jun 29 15:28:38.402017 np0000183482 nova-conductor[110835]: DEBUG cotyledon.oslo_config_glue [-] oslo_limit.cafile = None {{(pid=110835) log_opt_values /opt/stack/data/venv/lib/python3.12/site-packages/oslo_config/cfg.py:3253}}
Jun 29 15:28:38.402226 np0000183482 nova-conductor[110835]: DEBUG cotyledon.oslo_config_glue [-] oslo_limit.certfile = None {{(pid=110835) log_opt_values /opt/stack/data/venv/lib/python3.12/site-packages/oslo_config/cfg.py:3253}}
Jun 29 15:28:38.402226 np0000183482 nova-conductor[110835]: DEBUG cotyledon.oslo_config_glue [-] oslo_limit.collect_timing = False {{(pid=110835) log_opt_values /opt/stack/data/venv/lib/python3.12/site-packages/oslo_config/cfg.py:3253}}
Jun 29 15:28:38.402226 np0000183482 nova-conductor[110835]: DEBUG cotyledon.oslo_config_glue [-] oslo_limit.connect_retries = None {{(pid=110835) log_opt_values /opt/stack/data/venv/lib/python3.12/site-packages/oslo_config/cfg.py:3253}}
Jun 29 15:28:38.402226 np0000183482 nova-conductor[110835]: DEBUG cotyledon.oslo_config_glue [-] oslo_limit.connect_retry_delay = None {{(pid=110835) log_opt_values /opt/stack/data/venv/lib/python3.12/site-packages/oslo_config/cfg.py:3253}}
Jun 29 15:28:38.402226 np0000183482 nova-conductor[110835]: DEBUG cotyledon.oslo_config_glue [-] oslo_limit.endpoint_id = None {{(pid=110835) log_opt_values /opt/stack/data/venv/lib/python3.12/site-packages/oslo_config/cfg.py:3253}}
Jun 29 15:28:38.402226 np0000183482 nova-conductor[110835]: DEBUG cotyledon.oslo_config_glue [-] oslo_limit.endpoint_interface = public {{(pid=110835) log_opt_values /opt/stack/data/venv/lib/python3.12/site-packages/oslo_config/cfg.py:3253}}
Jun 29 15:28:38.402226 np0000183482 nova-conductor[110835]: DEBUG cotyledon.oslo_config_glue [-] oslo_limit.endpoint_override = None {{(pid=110835) log_opt_values /opt/stack/data/venv/lib/python3.12/site-packages/oslo_config/cfg.py:3253}}
Jun 29 15:28:38.402226 np0000183482 nova-conductor[110835]: DEBUG cotyledon.oslo_config_glue [-] oslo_limit.endpoint_region_name = None {{(pid=110835) log_opt_values /opt/stack/data/venv/lib/python3.12/site-packages/oslo_config/cfg.py:3253}}
Jun 29 15:28:38.402226 np0000183482 nova-conductor[110835]: DEBUG cotyledon.oslo_config_glue [-] oslo_limit.endpoint_service_name = None {{(pid=110835) log_opt_values /opt/stack/data/venv/lib/python3.12/site-packages/oslo_config/cfg.py:3253}}
Jun 29 15:28:38.402449 np0000183482 nova-conductor[110835]: DEBUG cotyledon.oslo_config_glue [-] oslo_limit.endpoint_service_type = None {{(pid=110835) log_opt_values /opt/stack/data/venv/lib/python3.12/site-packages/oslo_config/cfg.py:3253}}
Jun 29 15:28:38.402449 np0000183482 nova-conductor[110835]: DEBUG cotyledon.oslo_config_glue [-] oslo_limit.insecure = False {{(pid=110835) log_opt_values /opt/stack/data/venv/lib/python3.12/site-packages/oslo_config/cfg.py:3253}}
Jun 29 15:28:38.402449 np0000183482 nova-conductor[110835]: DEBUG cotyledon.oslo_config_glue [-] oslo_limit.keyfile = None {{(pid=110835) log_opt_values /opt/stack/data/venv/lib/python3.12/site-packages/oslo_config/cfg.py:3253}}
Jun 29 15:28:38.402449 np0000183482 nova-conductor[110835]: DEBUG cotyledon.oslo_config_glue [-] oslo_limit.max_version = None {{(pid=110835) log_opt_values /opt/stack/data/venv/lib/python3.12/site-packages/oslo_config/cfg.py:3253}}
Jun 29 15:28:38.402449 np0000183482 nova-conductor[110835]: DEBUG cotyledon.oslo_config_glue [-] oslo_limit.min_version = None {{(pid=110835) log_opt_values /opt/stack/data/venv/lib/python3.12/site-packages/oslo_config/cfg.py:3253}}
Jun 29 15:28:38.402449 np0000183482 nova-conductor[110835]: DEBUG cotyledon.oslo_config_glue [-] oslo_limit.region_name = None {{(pid=110835) log_opt_values /opt/stack/data/venv/lib/python3.12/site-packages/oslo_config/cfg.py:3253}}
Jun 29 15:28:38.402449 np0000183482 nova-conductor[110835]: DEBUG cotyledon.oslo_config_glue [-] oslo_limit.retriable_status_codes = None {{(pid=110835) log_opt_values /opt/stack/data/venv/lib/python3.12/site-packages/oslo_config/cfg.py:3253}}
Jun 29 15:28:38.402449 np0000183482 nova-conductor[110835]: DEBUG cotyledon.oslo_config_glue [-] oslo_limit.service_name = None {{(pid=110835) log_opt_values /opt/stack/data/venv/lib/python3.12/site-packages/oslo_config/cfg.py:3253}}
Jun 29 15:28:38.402449 np0000183482 nova-conductor[110835]: DEBUG cotyledon.oslo_config_glue [-] oslo_limit.service_type = None {{(pid=110835) log_opt_values /opt/stack/data/venv/lib/python3.12/site-packages/oslo_config/cfg.py:3253}}
Jun 29 15:28:38.402668 np0000183482 nova-conductor[110835]: DEBUG cotyledon.oslo_config_glue [-] oslo_limit.split_loggers = False {{(pid=110835) log_opt_values /opt/stack/data/venv/lib/python3.12/site-packages/oslo_config/cfg.py:3253}}
Jun 29 15:28:38.402668 np0000183482 nova-conductor[110835]: DEBUG cotyledon.oslo_config_glue [-] oslo_limit.status_code_retries = None {{(pid=110835) log_opt_values /opt/stack/data/venv/lib/python3.12/site-packages/oslo_config/cfg.py:3253}}
Jun 29 15:28:38.402668 np0000183482 nova-conductor[110835]: DEBUG cotyledon.oslo_config_glue [-] oslo_limit.status_code_retry_delay = None {{(pid=110835) log_opt_values /opt/stack/data/venv/lib/python3.12/site-packages/oslo_config/cfg.py:3253}}
Jun 29 15:28:38.402668 np0000183482 nova-conductor[110835]: DEBUG cotyledon.oslo_config_glue [-] oslo_limit.timeout = None {{(pid=110835) log_opt_values /opt/stack/data/venv/lib/python3.12/site-packages/oslo_config/cfg.py:3253}}
Jun 29 15:28:38.402668 np0000183482 nova-conductor[110835]: DEBUG cotyledon.oslo_config_glue [-] oslo_limit.valid_interfaces = None {{(pid=110835) log_opt_values /opt/stack/data/venv/lib/python3.12/site-packages/oslo_config/cfg.py:3253}}
Jun 29 15:28:38.402668 np0000183482 nova-conductor[110835]: DEBUG cotyledon.oslo_config_glue [-] oslo_limit.version = None {{(pid=110835) log_opt_values /opt/stack/data/venv/lib/python3.12/site-packages/oslo_config/cfg.py:3253}}
Jun 29 15:28:38.402668 np0000183482 nova-conductor[110835]: DEBUG cotyledon.oslo_config_glue [-] oslo_reports.file_event_handler = None {{(pid=110835) log_opt_values /opt/stack/data/venv/lib/python3.12/site-packages/oslo_config/cfg.py:3253}}
Jun 29 15:28:38.402668 np0000183482 nova-conductor[110835]: DEBUG cotyledon.oslo_config_glue [-] oslo_reports.file_event_handler_interval = 1 {{(pid=110835) log_opt_values /opt/stack/data/venv/lib/python3.12/site-packages/oslo_config/cfg.py:3253}}
Jun 29 15:28:38.402668 np0000183482 nova-conductor[110835]: DEBUG cotyledon.oslo_config_glue [-] oslo_reports.log_dir = None {{(pid=110835) log_opt_values /opt/stack/data/venv/lib/python3.12/site-packages/oslo_config/cfg.py:3253}}
Jun 29 15:28:38.402886 np0000183482 nova-conductor[110835]: DEBUG cotyledon.oslo_config_glue [-] ******************************************************************************** {{(pid=110835) log_opt_values /opt/stack/data/venv/lib/python3.12/site-packages/oslo_config/cfg.py:3260}}
Jun 29 15:28:38.402886 np0000183482 nova-conductor[110835]: DEBUG cotyledon._service_worker [-] Run service ServiceWrapper(3) [110835] {{(pid=110835) wait_forever /opt/stack/data/venv/lib/python3.12/site-packages/cotyledon/_service_worker.py:218}}
Jun 29 15:28:38.402886 np0000183482 nova-conductor[110835]: INFO nova.service [-] Starting conductor node (version 33.1.0)
Jun 29 15:28:38.402886 np0000183482 nova-conductor[110835]: INFO dbcounter [None req-c2af0fa4-c924-4820-874d-d15093dbe854 None None] Registered counter for database nova_cell0
Jun 29 15:28:38.402984 np0000183482 nova-conductor[110810]: DEBUG oslo_db.sqlalchemy.engines [None req-88badc8a-9ba6-49f0-934f-f86f00f438a5 None None] MySQL server mode set to STRICT_TRANS_TABLES,STRICT_ALL_TABLES,NO_ZERO_IN_DATE,NO_ZERO_DATE,ERROR_FOR_DIVISION_BY_ZERO,TRADITIONAL,NO_ENGINE_SUBSTITUTION {{(pid=110810) _check_effective_sql_mode /opt/stack/data/venv/lib/python3.12/site-packages/oslo_db/sqlalchemy/engines.py:325}}
Jun 29 15:28:38.402984 np0000183482 nova-conductor[110810]: DEBUG dbcounter [-] [110810] Writer thread running {{(pid=110810) stat_writer /opt/stack/data/venv/lib/python3.12/site-packages/dbcounter.py:102}}
Jun 29 15:28:38.403052 np0000183482 nova-conductor[110829]: DEBUG oslo_db.sqlalchemy.engines [None req-f2efc303-f49d-4a52-b486-a055790f9b95 None None] MySQL server mode set to STRICT_TRANS_TABLES,STRICT_ALL_TABLES,NO_ZERO_IN_DATE,NO_ZERO_DATE,ERROR_FOR_DIVISION_BY_ZERO,TRADITIONAL,NO_ENGINE_SUBSTITUTION {{(pid=110829) _check_effective_sql_mode /opt/stack/data/venv/lib/python3.12/site-packages/oslo_db/sqlalchemy/engines.py:325}}
Jun 29 15:28:38.403052 np0000183482 nova-conductor[110829]: DEBUG dbcounter [-] [110829] Writer thread running {{(pid=110829) stat_writer /opt/stack/data/venv/lib/python3.12/site-packages/dbcounter.py:102}}
Jun 29 15:28:38.403115 np0000183482 nova-conductor[110835]: DEBUG oslo_db.sqlalchemy.engines [None req-c2af0fa4-c924-4820-874d-d15093dbe854 None None] MySQL server mode set to STRICT_TRANS_TABLES,STRICT_ALL_TABLES,NO_ZERO_IN_DATE,NO_ZERO_DATE,ERROR_FOR_DIVISION_BY_ZERO,TRADITIONAL,NO_ENGINE_SUBSTITUTION {{(pid=110835) _check_effective_sql_mode /opt/stack/data/venv/lib/python3.12/site-packages/oslo_db/sqlalchemy/engines.py:325}}
Jun 29 15:28:38.406637 np0000183482 nova-conductor[110817]: DEBUG oslo_db.sqlalchemy.engines [None req-079ca609-d991-441f-9898-fefd3248e9ea None None] MySQL server mode set to STRICT_TRANS_TABLES,STRICT_ALL_TABLES,NO_ZERO_IN_DATE,NO_ZERO_DATE,ERROR_FOR_DIVISION_BY_ZERO,TRADITIONAL,NO_ENGINE_SUBSTITUTION {{(pid=110817) _check_effective_sql_mode /opt/stack/data/venv/lib/python3.12/site-packages/oslo_db/sqlalchemy/engines.py:325}}
Jun 29 15:28:38.411724 np0000183482 nova-conductor[110835]: DEBUG dbcounter [-] [110835] Writer thread running {{(pid=110835) stat_writer /opt/stack/data/venv/lib/python3.12/site-packages/dbcounter.py:102}}
Jun 29 15:28:38.418745 np0000183482 nova-conductor[110817]: DEBUG dbcounter [-] [110817] Writer thread running {{(pid=110817) stat_writer /opt/stack/data/venv/lib/python3.12/site-packages/dbcounter.py:102}}
Jun 29 15:28:39.465269 np0000183482 nova-conductor[110810]: DEBUG nova.service [None req-88badc8a-9ba6-49f0-934f-f86f00f438a5 None None] Creating RPC server for service: nova-conductor on topic: conductor {{(pid=110810) start /opt/stack/nova/nova/service.py:196}}
Jun 29 15:28:39.501132 np0000183482 nova-conductor[110810]: DEBUG nova.service [None req-88badc8a-9ba6-49f0-934f-f86f00f438a5 None None] Join ServiceGroup membership for this service conductor {{(pid=110810) start /opt/stack/nova/nova/service.py:222}}
Jun 29 15:28:39.501547 np0000183482 nova-conductor[110810]: DEBUG nova.servicegroup.drivers.db [None req-88badc8a-9ba6-49f0-934f-f86f00f438a5 None None] DB_Driver: join new ServiceGroup member np0000183482 to the conductor group, service = {{(pid=110810) join /opt/stack/nova/nova/servicegroup/drivers/db.py:44}}
Jun 29 15:28:40.237440 np0000183482 nova-conductor[110835]: DEBUG nova.service [None req-c2af0fa4-c924-4820-874d-d15093dbe854 None None] Creating RPC server for service: nova-conductor on topic: conductor {{(pid=110835) start /opt/stack/nova/nova/service.py:196}}
Jun 29 15:28:40.238011 np0000183482 nova-conductor[110829]: DEBUG nova.service [None req-f2efc303-f49d-4a52-b486-a055790f9b95 None None] Creating RPC server for service: nova-conductor on topic: conductor {{(pid=110829) start /opt/stack/nova/nova/service.py:196}}
Jun 29 15:28:40.265760 np0000183482 nova-conductor[110835]: DEBUG nova.service [None req-c2af0fa4-c924-4820-874d-d15093dbe854 None None] Join ServiceGroup membership for this service conductor {{(pid=110835) start /opt/stack/nova/nova/service.py:222}}
Jun 29 15:28:40.277734 np0000183482 nova-conductor[110835]: DEBUG nova.servicegroup.drivers.db [None req-c2af0fa4-c924-4820-874d-d15093dbe854 None None] DB_Driver: join new ServiceGroup member np0000183482 to the conductor group, service = {{(pid=110835) join /opt/stack/nova/nova/servicegroup/drivers/db.py:44}}
Jun 29 15:28:40.277846 np0000183482 nova-conductor[110829]: DEBUG nova.service [None req-f2efc303-f49d-4a52-b486-a055790f9b95 None None] Join ServiceGroup membership for this service conductor {{(pid=110829) start /opt/stack/nova/nova/service.py:222}}
Jun 29 15:28:40.277846 np0000183482 nova-conductor[110829]: DEBUG nova.servicegroup.drivers.db [None req-f2efc303-f49d-4a52-b486-a055790f9b95 None None] DB_Driver: join new ServiceGroup member np0000183482 to the conductor group, service = {{(pid=110829) join /opt/stack/nova/nova/servicegroup/drivers/db.py:44}}
Jun 29 15:28:40.319308 np0000183482 nova-conductor[110817]: DEBUG nova.service [None req-079ca609-d991-441f-9898-fefd3248e9ea None None] Creating RPC server for service: nova-conductor on topic: conductor {{(pid=110817) start /opt/stack/nova/nova/service.py:196}}
Jun 29 15:28:40.342084 np0000183482 nova-conductor[110817]: DEBUG nova.service [None req-079ca609-d991-441f-9898-fefd3248e9ea None None] Join ServiceGroup membership for this service conductor {{(pid=110817) start /opt/stack/nova/nova/service.py:222}}
Jun 29 15:28:40.342456 np0000183482 nova-conductor[110817]: DEBUG nova.servicegroup.drivers.db [None req-079ca609-d991-441f-9898-fefd3248e9ea None None] DB_Driver: join new ServiceGroup member np0000183482 to the conductor group, service = {{(pid=110817) join /opt/stack/nova/nova/servicegroup/drivers/db.py:44}}
Jun 29 15:28:43.269043 np0000183482 nova-conductor[110829]: DEBUG oslo.service.backend._threading.loopingcall [None req-a376237f-ed33-4a77-9d23-e2e23bd9636e None None] Dynamic interval looping call 'nova.service.Service.periodic_tasks' sleeping for 60.00 seconds {{(pid=110829) _run_loop /opt/stack/data/venv/lib/python3.12/site-packages/oslo_service/backend/_threading/loopingcall.py:125}}
Jun 29 15:28:44.641746 np0000183482 nova-conductor[110810]: DEBUG oslo.service.backend._threading.loopingcall [-] Fixed interval looping call 'nova.servicegroup.drivers.db.DbDriver._report_state' sleeping for 119.86 seconds {{(pid=110810) _run_loop /opt/stack/data/venv/lib/python3.12/site-packages/oslo_service/backend/_threading/loopingcall.py:125}}
Jun 29 15:28:45.279306 np0000183482 nova-conductor[110835]: DEBUG oslo.service.backend._threading.loopingcall [-] Fixed interval looping call 'nova.servicegroup.drivers.db.DbDriver._report_state' sleeping for 119.99 seconds {{(pid=110835) _run_loop /opt/stack/data/venv/lib/python3.12/site-packages/oslo_service/backend/_threading/loopingcall.py:125}}
Jun 29 15:28:45.280076 np0000183482 nova-conductor[110829]: DEBUG oslo.service.backend._threading.loopingcall [-] Fixed interval looping call 'nova.servicegroup.drivers.db.DbDriver._report_state' sleeping for 119.99 seconds {{(pid=110829) _run_loop /opt/stack/data/venv/lib/python3.12/site-packages/oslo_service/backend/_threading/loopingcall.py:125}}
Jun 29 15:28:45.353589 np0000183482 nova-conductor[110817]: DEBUG oslo.service.backend._threading.loopingcall [-] Fixed interval looping call 'nova.servicegroup.drivers.db.DbDriver._report_state' sleeping for 119.99 seconds {{(pid=110817) _run_loop /opt/stack/data/venv/lib/python3.12/site-packages/oslo_service/backend/_threading/loopingcall.py:125}}
Jun 29 15:28:46.940280 np0000183482 nova-conductor[110121]: DEBUG dbcounter [-] [110121] Writing DB stats nova_api:SELECT=1 {{(pid=110121) stat_writer /opt/stack/data/venv/lib/python3.12/site-packages/dbcounter.py:115}}
Jun 29 15:28:47.082975 np0000183482 nova-conductor[110121]: DEBUG dbcounter [-] [110121] Writing DB stats nova_cell0:SELECT=1 {{(pid=110121) stat_writer /opt/stack/data/venv/lib/python3.12/site-packages/dbcounter.py:115}}
Jun 29 15:28:47.091389 np0000183482 nova-conductor[110121]: DEBUG dbcounter [-] [110121] Writing DB stats nova_cell1:SELECT=1 {{(pid=110121) stat_writer /opt/stack/data/venv/lib/python3.12/site-packages/dbcounter.py:115}}
Jun 29 15:28:51.345908 np0000183482 nova-conductor[110817]: DEBUG oslo.service.backend._threading.loopingcall [None req-483fbca8-a374-4d30-802f-a551f1ae53ee None None] Dynamic interval looping call 'nova.service.Service.periodic_tasks' sleeping for 60.00 seconds {{(pid=110817) _run_loop /opt/stack/data/venv/lib/python3.12/site-packages/oslo_service/backend/_threading/loopingcall.py:125}}
Jun 29 15:28:54.515395 np0000183482 nova-conductor[110810]: DEBUG dbcounter [-] [110810] Writing DB stats nova_cell0:SELECT=4,nova_cell0:INSERT=1,nova_cell0:UPDATE=1 {{(pid=110810) stat_writer /opt/stack/data/venv/lib/python3.12/site-packages/dbcounter.py:115}}
Jun 29 15:28:55.276445 np0000183482 nova-conductor[110835]: DEBUG dbcounter [-] [110835] Writing DB stats nova_cell0:SELECT=5,nova_cell0:INSERT=1 {{(pid=110835) stat_writer /opt/stack/data/venv/lib/python3.12/site-packages/dbcounter.py:115}}
Jun 29 15:28:55.276973 np0000183482 nova-conductor[110829]: DEBUG dbcounter [-] [110829] Writing DB stats nova_cell0:SELECT=5,nova_cell0:INSERT=1 {{(pid=110829) stat_writer /opt/stack/data/venv/lib/python3.12/site-packages/dbcounter.py:115}}
Jun 29 15:28:55.381661 np0000183482 nova-conductor[110817]: DEBUG dbcounter [-] [110817] Writing DB stats nova_cell0:SELECT=5,nova_cell0:INSERT=1 {{(pid=110817) stat_writer /opt/stack/data/venv/lib/python3.12/site-packages/dbcounter.py:115}}
Jun 29 15:29:30.269392 np0000183482 nova-conductor[110835]: DEBUG oslo.service.backend._threading.loopingcall [None req-bc55c15e-2181-44c8-9dea-ac9cddd8b579 None None] Dynamic interval looping call 'nova.service.Service.periodic_tasks' sleeping for 60.00 seconds {{(pid=110835) _run_loop /opt/stack/data/venv/lib/python3.12/site-packages/oslo_service/backend/_threading/loopingcall.py:125}}
Jun 29 15:29:32.504486 np0000183482 nova-conductor[110810]: DEBUG oslo.service.backend._threading.loopingcall [None req-a6f0a926-cdeb-4162-9e04-a58fc2e638af None None] Dynamic interval looping call 'nova.service.Service.periodic_tasks' sleeping for 60.00 seconds {{(pid=110810) _run_loop /opt/stack/data/venv/lib/python3.12/site-packages/oslo_service/backend/_threading/loopingcall.py:125}}
Jun 29 15:29:43.269894 np0000183482 nova-conductor[110829]: DEBUG oslo.service.backend._threading.loopingcall [None req-a376237f-ed33-4a77-9d23-e2e23bd9636e None None] Dynamic interval looping call 'nova.service.Service.periodic_tasks' sleeping for 60.00 seconds {{(pid=110829) _run_loop /opt/stack/data/venv/lib/python3.12/site-packages/oslo_service/backend/_threading/loopingcall.py:125}}
Jun 29 15:29:51.346849 np0000183482 nova-conductor[110817]: DEBUG oslo.service.backend._threading.loopingcall [None req-483fbca8-a374-4d30-802f-a551f1ae53ee None None] Dynamic interval looping call 'nova.service.Service.periodic_tasks' sleeping for 60.00 seconds {{(pid=110817) _run_loop /opt/stack/data/venv/lib/python3.12/site-packages/oslo_service/backend/_threading/loopingcall.py:125}}
Jun 29 15:30:30.271645 np0000183482 nova-conductor[110835]: DEBUG oslo.service.backend._threading.loopingcall [None req-bc55c15e-2181-44c8-9dea-ac9cddd8b579 None None] Dynamic interval looping call 'nova.service.Service.periodic_tasks' sleeping for 60.00 seconds {{(pid=110835) _run_loop /opt/stack/data/venv/lib/python3.12/site-packages/oslo_service/backend/_threading/loopingcall.py:125}}
Jun 29 15:30:32.505237 np0000183482 nova-conductor[110810]: DEBUG oslo.service.backend._threading.loopingcall [None req-a6f0a926-cdeb-4162-9e04-a58fc2e638af None None] Dynamic interval looping call 'nova.service.Service.periodic_tasks' sleeping for 60.00 seconds {{(pid=110810) _run_loop /opt/stack/data/venv/lib/python3.12/site-packages/oslo_service/backend/_threading/loopingcall.py:125}}
Jun 29 15:30:43.270753 np0000183482 nova-conductor[110829]: DEBUG oslo.service.backend._threading.loopingcall [None req-a376237f-ed33-4a77-9d23-e2e23bd9636e None None] Dynamic interval looping call 'nova.service.Service.periodic_tasks' sleeping for 60.00 seconds {{(pid=110829) _run_loop /opt/stack/data/venv/lib/python3.12/site-packages/oslo_service/backend/_threading/loopingcall.py:125}}
Jun 29 15:30:44.515299 np0000183482 nova-conductor[110810]: DEBUG oslo.service.backend._threading.loopingcall [-] Fixed interval looping call 'nova.servicegroup.drivers.db.DbDriver._report_state' sleeping for 119.99 seconds {{(pid=110810) _run_loop /opt/stack/data/venv/lib/python3.12/site-packages/oslo_service/backend/_threading/loopingcall.py:125}}
Jun 29 15:30:45.279022 np0000183482 nova-conductor[110829]: DEBUG oslo.service.backend._threading.loopingcall [-] Fixed interval looping call 'nova.servicegroup.drivers.db.DbDriver._report_state' sleeping for 119.99 seconds {{(pid=110829) _run_loop /opt/stack/data/venv/lib/python3.12/site-packages/oslo_service/backend/_threading/loopingcall.py:125}}
Jun 29 15:30:45.280716 np0000183482 nova-conductor[110835]: DEBUG oslo.service.backend._threading.loopingcall [-] Fixed interval looping call 'nova.servicegroup.drivers.db.DbDriver._report_state' sleeping for 119.99 seconds {{(pid=110835) _run_loop /opt/stack/data/venv/lib/python3.12/site-packages/oslo_service/backend/_threading/loopingcall.py:125}}
Jun 29 15:30:45.352669 np0000183482 nova-conductor[110817]: DEBUG oslo.service.backend._threading.loopingcall [-] Fixed interval looping call 'nova.servicegroup.drivers.db.DbDriver._report_state' sleeping for 119.99 seconds {{(pid=110817) _run_loop /opt/stack/data/venv/lib/python3.12/site-packages/oslo_service/backend/_threading/loopingcall.py:125}}
Jun 29 15:30:51.347695 np0000183482 nova-conductor[110817]: DEBUG oslo.service.backend._threading.loopingcall [None req-483fbca8-a374-4d30-802f-a551f1ae53ee None None] Dynamic interval looping call 'nova.service.Service.periodic_tasks' sleeping for 60.00 seconds {{(pid=110817) _run_loop /opt/stack/data/venv/lib/python3.12/site-packages/oslo_service/backend/_threading/loopingcall.py:125}}
Jun 29 15:30:54.507838 np0000183482 nova-conductor[110810]: DEBUG dbcounter [-] [110810] Writing DB stats nova_cell0:SELECT=1,nova_cell0:UPDATE=1 {{(pid=110810) stat_writer /opt/stack/data/venv/lib/python3.12/site-packages/dbcounter.py:115}}
Jun 29 15:30:55.271756 np0000183482 nova-conductor[110829]: DEBUG dbcounter [-] [110829] Writing DB stats nova_cell0:SELECT=1 {{(pid=110829) stat_writer /opt/stack/data/venv/lib/python3.12/site-packages/dbcounter.py:115}}
Jun 29 15:30:55.273745 np0000183482 nova-conductor[110835]: DEBUG dbcounter [-] [110835] Writing DB stats nova_cell0:SELECT=1 {{(pid=110835) stat_writer /opt/stack/data/venv/lib/python3.12/site-packages/dbcounter.py:115}}
Jun 29 15:30:55.347587 np0000183482 nova-conductor[110817]: DEBUG dbcounter [-] [110817] Writing DB stats nova_cell0:SELECT=1 {{(pid=110817) stat_writer /opt/stack/data/venv/lib/python3.12/site-packages/dbcounter.py:115}}
Jun 29 15:31:30.271728 np0000183482 nova-conductor[110835]: DEBUG oslo.service.backend._threading.loopingcall [None req-bc55c15e-2181-44c8-9dea-ac9cddd8b579 None None] Dynamic interval looping call 'nova.service.Service.periodic_tasks' sleeping for 60.00 seconds {{(pid=110835) _run_loop /opt/stack/data/venv/lib/python3.12/site-packages/oslo_service/backend/_threading/loopingcall.py:125}}
Jun 29 15:31:32.506129 np0000183482 nova-conductor[110810]: DEBUG oslo.service.backend._threading.loopingcall [None req-a6f0a926-cdeb-4162-9e04-a58fc2e638af None None] Dynamic interval looping call 'nova.service.Service.periodic_tasks' sleeping for 60.00 seconds {{(pid=110810) _run_loop /opt/stack/data/venv/lib/python3.12/site-packages/oslo_service/backend/_threading/loopingcall.py:125}}
Jun 29 15:31:43.271652 np0000183482 nova-conductor[110829]: DEBUG oslo.service.backend._threading.loopingcall [None req-a376237f-ed33-4a77-9d23-e2e23bd9636e None None] Dynamic interval looping call 'nova.service.Service.periodic_tasks' sleeping for 60.00 seconds {{(pid=110829) _run_loop /opt/stack/data/venv/lib/python3.12/site-packages/oslo_service/backend/_threading/loopingcall.py:125}}
Jun 29 15:31:51.348498 np0000183482 nova-conductor[110817]: DEBUG oslo.service.backend._threading.loopingcall [None req-483fbca8-a374-4d30-802f-a551f1ae53ee None None] Dynamic interval looping call 'nova.service.Service.periodic_tasks' sleeping for 60.00 seconds {{(pid=110817) _run_loop /opt/stack/data/venv/lib/python3.12/site-packages/oslo_service/backend/_threading/loopingcall.py:125}}
Jun 29 15:32:30.272835 np0000183482 nova-conductor[110835]: DEBUG oslo.service.backend._threading.loopingcall [None req-bc55c15e-2181-44c8-9dea-ac9cddd8b579 None None] Dynamic interval looping call 'nova.service.Service.periodic_tasks' sleeping for 60.00 seconds {{(pid=110835) _run_loop /opt/stack/data/venv/lib/python3.12/site-packages/oslo_service/backend/_threading/loopingcall.py:125}}
Jun 29 15:32:32.506871 np0000183482 nova-conductor[110810]: DEBUG oslo.service.backend._threading.loopingcall [None req-a6f0a926-cdeb-4162-9e04-a58fc2e638af None None] Dynamic interval looping call 'nova.service.Service.periodic_tasks' sleeping for 60.00 seconds {{(pid=110810) _run_loop /opt/stack/data/venv/lib/python3.12/site-packages/oslo_service/backend/_threading/loopingcall.py:125}}
Jun 29 15:32:43.272444 np0000183482 nova-conductor[110829]: DEBUG oslo.service.backend._threading.loopingcall [None req-a376237f-ed33-4a77-9d23-e2e23bd9636e None None] Dynamic interval looping call 'nova.service.Service.periodic_tasks' sleeping for 60.00 seconds {{(pid=110829) _run_loop /opt/stack/data/venv/lib/python3.12/site-packages/oslo_service/backend/_threading/loopingcall.py:125}}
Jun 29 15:32:44.519053 np0000183482 nova-conductor[110810]: DEBUG oslo.service.backend._threading.loopingcall [-] Fixed interval looping call 'nova.servicegroup.drivers.db.DbDriver._report_state' sleeping for 119.99 seconds {{(pid=110810) _run_loop /opt/stack/data/venv/lib/python3.12/site-packages/oslo_service/backend/_threading/loopingcall.py:125}}
Jun 29 15:32:45.275775 np0000183482 nova-conductor[110829]: DEBUG oslo.service.backend._threading.loopingcall [-] Fixed interval looping call 'nova.servicegroup.drivers.db.DbDriver._report_state' sleeping for 119.99 seconds {{(pid=110829) _run_loop /opt/stack/data/venv/lib/python3.12/site-packages/oslo_service/backend/_threading/loopingcall.py:125}}
Jun 29 15:32:45.277533 np0000183482 nova-conductor[110835]: DEBUG oslo.service.backend._threading.loopingcall [-] Fixed interval looping call 'nova.servicegroup.drivers.db.DbDriver._report_state' sleeping for 119.99 seconds {{(pid=110835) _run_loop /opt/stack/data/venv/lib/python3.12/site-packages/oslo_service/backend/_threading/loopingcall.py:125}}
Jun 29 15:32:45.346967 np0000183482 nova-conductor[110817]: DEBUG oslo.service.backend._threading.loopingcall [-] Fixed interval looping call 'nova.servicegroup.drivers.db.DbDriver._report_state' sleeping for 120.00 seconds {{(pid=110817) _run_loop /opt/stack/data/venv/lib/python3.12/site-packages/oslo_service/backend/_threading/loopingcall.py:125}}
Jun 29 15:32:51.349215 np0000183482 nova-conductor[110817]: DEBUG oslo.service.backend._threading.loopingcall [None req-483fbca8-a374-4d30-802f-a551f1ae53ee None None] Dynamic interval looping call 'nova.service.Service.periodic_tasks' sleeping for 60.00 seconds {{(pid=110817) _run_loop /opt/stack/data/venv/lib/python3.12/site-packages/oslo_service/backend/_threading/loopingcall.py:125}}
Jun 29 15:32:54.509720 np0000183482 nova-conductor[110810]: DEBUG dbcounter [-] [110810] Writing DB stats nova_cell0:SELECT=1,nova_cell0:UPDATE=1 {{(pid=110810) stat_writer /opt/stack/data/venv/lib/python3.12/site-packages/dbcounter.py:115}}
Jun 29 15:32:55.272624 np0000183482 nova-conductor[110829]: DEBUG dbcounter [-] [110829] Writing DB stats nova_cell0:SELECT=1 {{(pid=110829) stat_writer /opt/stack/data/venv/lib/python3.12/site-packages/dbcounter.py:115}}
Jun 29 15:32:55.273823 np0000183482 nova-conductor[110835]: DEBUG dbcounter [-] [110835] Writing DB stats nova_cell0:SELECT=1 {{(pid=110835) stat_writer /opt/stack/data/venv/lib/python3.12/site-packages/dbcounter.py:115}}
