Aug 11 05:51:56.819747 np0000188431 devstack@n-api.service[99096]: DEBUG dbcounter [-] [99096] Writing DB stats nova_cell1:SELECT=1 {{(pid=99096) stat_writer /opt/stack/data/venv/lib/python3.12/site-packages/dbcounter.py:115}}
Aug 11 05:51:56.864782 np0000188431 devstack@n-api.service[99096]: DEBUG dbcounter [-] [99096] Writing DB stats nova_api:SELECT=2 {{(pid=99096) stat_writer /opt/stack/data/venv/lib/python3.12/site-packages/dbcounter.py:115}}
Aug 11 05:52:21.042814 np0000188431 devstack@n-api.service[99099]: DEBUG nova.api.openstack.wsgi [None req-4ec8b2e5-6e1e-49e4-a111-141317c83d32 admin admin] Calling method '>' {{(pid=99099) _process_stack /opt/stack/nova/nova/api/openstack/wsgi.py:551}}
Aug 11 05:52:21.045436 np0000188431 devstack@n-api.service[99099]: INFO nova.api.openstack.requestlog [None req-4ec8b2e5-6e1e-49e4-a111-141317c83d32 admin admin] 199.204.45.109 "GET /compute/v2.1" status: 200 len: 393 microversion: 2.1 time: 0.002874
Aug 11 05:52:21.045613 np0000188431 devstack@n-api.service[99099]: [pid: 99099|app: 0|req: 15/61] 199.204.45.109 () {62 vars in 1063 bytes} [Tue Aug 11 05:52:21 2026] GET /compute/v2.1 => generated 393 bytes in 3 msecs (HTTP/1.1 200) 9 headers in 357 bytes (1 switches on core 0)
Aug 11 05:52:21.080082 np0000188431 devstack@n-api.service[99098]: DEBUG nova.api.openstack.wsgi [None req-37ed2e8b-eea6-410a-9a85-92f389c32c4d admin admin] Calling method '>' {{(pid=99098) _process_stack /opt/stack/nova/nova/api/openstack/wsgi.py:551}}
Aug 11 05:52:21.085148 np0000188431 devstack@n-api.service[99098]: INFO nova.api.openstack.requestlog [None req-37ed2e8b-eea6-410a-9a85-92f389c32c4d admin admin] 199.204.45.109 "GET /compute/v2.1/" status: 200 len: 393 microversion: 2.1 time: 0.005552
Aug 11 05:52:21.085378 np0000188431 devstack@n-api.service[99098]: [pid: 99098|app: 0|req: 16/62] 199.204.45.109 () {62 vars in 1066 bytes} [Tue Aug 11 05:52:21 2026] GET /compute/v2.1/ => generated 393 bytes in 6 msecs (HTTP/1.1 200) 9 headers in 357 bytes (1 switches on core 0)
Aug 11 05:52:21.125485 np0000188431 devstack@n-api.service[99097]: DEBUG nova.api.openstack.wsgi [None req-3a7456a6-f3b6-4e42-99c7-0783e63752e5 demo demo] Calling method '>' {{(pid=99097) _process_stack /opt/stack/nova/nova/api/openstack/wsgi.py:551}}
Aug 11 05:52:21.152340 np0000188431 devstack@n-api.service[99097]: INFO nova.api.openstack.requestlog [None req-3a7456a6-f3b6-4e42-99c7-0783e63752e5 demo demo] 199.204.45.109 "GET /compute/v2.1/flavors/detail?is_public=None" status: 200 len: 5262 microversion: 2.61 time: 0.030104
Aug 11 05:52:21.152608 np0000188431 devstack@n-api.service[99097]: [pid: 99097|app: 0|req: 16/63] 199.204.45.109 () {68 vars in 1424 bytes} [Tue Aug 11 05:52:21 2026] GET /compute/v2.1/flavors/detail?is_public=None => generated 5262 bytes in 31 msecs (HTTP/1.1 200) 9 headers in 360 bytes (1 switches on core 0)
Aug 11 05:52:21.208335 np0000188431 devstack@n-api.service[99096]: DEBUG nova.api.openstack.wsgi [None req-49acaed3-6661-498e-8bb6-e03e970438c7 demo demo] Calling method '>' {{(pid=99096) _process_stack /opt/stack/nova/nova/api/openstack/wsgi.py:551}}
Aug 11 05:52:21.233427 np0000188431 devstack@n-api.service[99096]: INFO nova.api.openstack.requestlog [None req-49acaed3-6661-498e-8bb6-e03e970438c7 demo demo] 199.204.45.109 "GET /compute/v2.1/flavors/detail?is_public=None" status: 200 len: 5262 microversion: 2.61 time: 0.028417
Aug 11 05:52:21.233666 np0000188431 devstack@n-api.service[99096]: [pid: 99096|app: 0|req: 17/64] 199.204.45.109 () {68 vars in 1424 bytes} [Tue Aug 11 05:52:21 2026] GET /compute/v2.1/flavors/detail?is_public=None => generated 5262 bytes in 29 msecs (HTTP/1.1 200) 9 headers in 360 bytes (1 switches on core 0)
Aug 11 05:52:21.524329 np0000188431 devstack@n-api.service[99099]: DEBUG nova.api.openstack.wsgi [None req-4ec8b2e5-6e1e-49e4-a111-141317c83d32 admin admin] Calling method '>' {{(pid=99099) _process_stack /opt/stack/nova/nova/api/openstack/wsgi.py:551}}
Aug 11 05:52:21.529965 np0000188431 devstack@n-api.service[99099]: INFO nova.api.openstack.requestlog [None req-4ec8b2e5-6e1e-49e4-a111-141317c83d32 admin admin] 199.204.45.109 "GET /compute/v2.1" status: 200 len: 393 microversion: 2.1 time: 0.006012
Aug 11 05:52:21.530345 np0000188431 devstack@n-api.service[99099]: [pid: 99099|app: 0|req: 16/65] 199.204.45.109 () {62 vars in 1063 bytes} [Tue Aug 11 05:52:21 2026] GET /compute/v2.1 => generated 393 bytes in 7 msecs (HTTP/1.1 200) 9 headers in 357 bytes (1 switches on core 0)
Aug 11 05:52:21.568685 np0000188431 devstack@n-api.service[99098]: DEBUG nova.api.openstack.wsgi [None req-37ed2e8b-eea6-410a-9a85-92f389c32c4d admin admin] Calling method '>' {{(pid=99098) _process_stack /opt/stack/nova/nova/api/openstack/wsgi.py:551}}
Aug 11 05:52:21.574996 np0000188431 devstack@n-api.service[99098]: INFO nova.api.openstack.requestlog [None req-37ed2e8b-eea6-410a-9a85-92f389c32c4d admin admin] 199.204.45.109 "GET /compute/v2.1/" status: 200 len: 393 microversion: 2.1 time: 0.006862
Aug 11 05:52:21.575475 np0000188431 devstack@n-api.service[99098]: [pid: 99098|app: 0|req: 17/66] 199.204.45.109 () {62 vars in 1066 bytes} [Tue Aug 11 05:52:21 2026] GET /compute/v2.1/ => generated 393 bytes in 8 msecs (HTTP/1.1 200) 9 headers in 357 bytes (1 switches on core 0)
Aug 11 05:52:21.616601 np0000188431 devstack@n-api.service[99097]: DEBUG nova.api.openstack.wsgi [None req-6dd4b981-33cf-446f-96e2-31c5cff0ca43 demo demo] Calling method '>' {{(pid=99097) _process_stack /opt/stack/nova/nova/api/openstack/wsgi.py:551}}
Aug 11 05:52:21.637183 np0000188431 devstack@n-api.service[99097]: INFO nova.api.openstack.requestlog [None req-6dd4b981-33cf-446f-96e2-31c5cff0ca43 demo demo] 199.204.45.109 "GET /compute/v2.1/flavors/detail?is_public=None" status: 200 len: 5262 microversion: 2.61 time: 0.024070
Aug 11 05:52:21.637449 np0000188431 devstack@n-api.service[99097]: [pid: 99097|app: 0|req: 17/67] 199.204.45.109 () {68 vars in 1424 bytes} [Tue Aug 11 05:52:21 2026] GET /compute/v2.1/flavors/detail?is_public=None => generated 5262 bytes in 25 msecs (HTTP/1.1 200) 9 headers in 360 bytes (1 switches on core 0)
Aug 11 05:52:21.688296 np0000188431 devstack@n-api.service[99096]: DEBUG nova.api.openstack.wsgi [None req-7e5de370-2118-4971-91fa-d3bf7d9b22e7 demo demo] Calling method '>' {{(pid=99096) _process_stack /opt/stack/nova/nova/api/openstack/wsgi.py:551}}
Aug 11 05:52:21.709990 np0000188431 devstack@n-api.service[99096]: INFO nova.api.openstack.requestlog [None req-7e5de370-2118-4971-91fa-d3bf7d9b22e7 demo demo] 199.204.45.109 "GET /compute/v2.1/flavors/detail?is_public=None" status: 200 len: 5262 microversion: 2.61 time: 0.025182
Aug 11 05:52:21.710338 np0000188431 devstack@n-api.service[99096]: [pid: 99096|app: 0|req: 18/68] 199.204.45.109 () {68 vars in 1424 bytes} [Tue Aug 11 05:52:21 2026] GET /compute/v2.1/flavors/detail?is_public=None => generated 5262 bytes in 26 msecs (HTTP/1.1 200) 9 headers in 360 bytes (1 switches on core 0)
Aug 11 05:52:25.658567 np0000188431 devstack@n-api.service[99099]: DEBUG nova.api.openstack.wsgi [None req-4ec8b2e5-6e1e-49e4-a111-141317c83d32 admin admin] Calling method '>' {{(pid=99099) _process_stack /opt/stack/nova/nova/api/openstack/wsgi.py:551}}
Aug 11 05:52:25.664595 np0000188431 devstack@n-api.service[99099]: INFO nova.api.openstack.requestlog [None req-4ec8b2e5-6e1e-49e4-a111-141317c83d32 admin admin] 199.204.45.109 "GET /compute/v2.1" status: 200 len: 393 microversion: 2.1 time: 0.006531
Aug 11 05:52:25.664995 np0000188431 devstack@n-api.service[99099]: [pid: 99099|app: 0|req: 17/69] 199.204.45.109 () {62 vars in 1063 bytes} [Tue Aug 11 05:52:25 2026] GET /compute/v2.1 => generated 393 bytes in 7 msecs (HTTP/1.1 200) 9 headers in 357 bytes (1 switches on core 0)
Aug 11 05:52:25.702171 np0000188431 devstack@n-api.service[99098]: DEBUG nova.api.openstack.wsgi [None req-37ed2e8b-eea6-410a-9a85-92f389c32c4d admin admin] Calling method '>' {{(pid=99098) _process_stack /opt/stack/nova/nova/api/openstack/wsgi.py:551}}
Aug 11 05:52:25.708319 np0000188431 devstack@n-api.service[99098]: INFO nova.api.openstack.requestlog [None req-37ed2e8b-eea6-410a-9a85-92f389c32c4d admin admin] 199.204.45.109 "GET /compute/v2.1/" status: 200 len: 393 microversion: 2.1 time: 0.006554
Aug 11 05:52:25.708712 np0000188431 devstack@n-api.service[99098]: [pid: 99098|app: 0|req: 18/70] 199.204.45.109 () {62 vars in 1066 bytes} [Tue Aug 11 05:52:25 2026] GET /compute/v2.1/ => generated 393 bytes in 7 msecs (HTTP/1.1 200) 9 headers in 357 bytes (1 switches on core 0)
Aug 11 05:52:25.748753 np0000188431 devstack@n-api.service[99097]: DEBUG nova.api.openstack.wsgi [None req-c84bc5d4-95b8-43f1-9eb5-b10ff0698c14 demo demo] Calling method '>' {{(pid=99097) _process_stack /opt/stack/nova/nova/api/openstack/wsgi.py:551}}
Aug 11 05:52:25.770770 np0000188431 devstack@n-api.service[99097]: INFO nova.api.openstack.requestlog [None req-c84bc5d4-95b8-43f1-9eb5-b10ff0698c14 demo demo] 199.204.45.109 "GET /compute/v2.1/flavors/detail?is_public=None" status: 200 len: 5262 microversion: 2.61 time: 0.025448
Aug 11 05:52:25.771020 np0000188431 devstack@n-api.service[99097]: [pid: 99097|app: 0|req: 18/71] 199.204.45.109 () {68 vars in 1424 bytes} [Tue Aug 11 05:52:25 2026] GET /compute/v2.1/flavors/detail?is_public=None => generated 5262 bytes in 26 msecs (HTTP/1.1 200) 9 headers in 360 bytes (1 switches on core 0)
Aug 11 05:52:25.818789 np0000188431 devstack@n-api.service[99096]: DEBUG nova.api.openstack.wsgi [None req-4932aba2-2992-48f7-85e5-f1968b5a8220 demo demo] Calling method '>' {{(pid=99096) _process_stack /opt/stack/nova/nova/api/openstack/wsgi.py:551}}
Aug 11 05:52:25.855402 np0000188431 devstack@n-api.service[99096]: INFO nova.api.openstack.requestlog [None req-4932aba2-2992-48f7-85e5-f1968b5a8220 demo demo] 199.204.45.109 "GET /compute/v2.1/flavors/detail?is_public=None" status: 200 len: 5262 microversion: 2.61 time: 0.021307
Aug 11 05:52:25.855402 np0000188431 devstack@n-api.service[99096]: [pid: 99096|app: 0|req: 19/72] 199.204.45.109 () {68 vars in 1424 bytes} [Tue Aug 11 05:52:25 2026] GET /compute/v2.1/flavors/detail?is_public=None => generated 5262 bytes in 22 msecs (HTTP/1.1 200) 9 headers in 360 bytes (1 switches on core 0)
Aug 11 05:52:25.974483 np0000188431 devstack@n-api.service[99099]: DEBUG nova.api.openstack.wsgi [None req-4ec8b2e5-6e1e-49e4-a111-141317c83d32 admin admin] Calling method '>' {{(pid=99099) _process_stack /opt/stack/nova/nova/api/openstack/wsgi.py:551}}
Aug 11 05:52:25.979796 np0000188431 devstack@n-api.service[99099]: INFO nova.api.openstack.requestlog [None req-4ec8b2e5-6e1e-49e4-a111-141317c83d32 admin admin] 199.204.45.109 "GET /compute/v2.1" status: 200 len: 393 microversion: 2.1 time: 0.005758
Aug 11 05:52:25.980239 np0000188431 devstack@n-api.service[99099]: [pid: 99099|app: 0|req: 18/73] 199.204.45.109 () {62 vars in 1063 bytes} [Tue Aug 11 05:52:25 2026] GET /compute/v2.1 => generated 393 bytes in 7 msecs (HTTP/1.1 200) 9 headers in 357 bytes (1 switches on core 0)
Aug 11 05:52:26.017722 np0000188431 devstack@n-api.service[99098]: DEBUG nova.api.openstack.wsgi [None req-37ed2e8b-eea6-410a-9a85-92f389c32c4d admin admin] Calling method '>' {{(pid=99098) _process_stack /opt/stack/nova/nova/api/openstack/wsgi.py:551}}
Aug 11 05:52:26.022523 np0000188431 devstack@n-api.service[99098]: INFO nova.api.openstack.requestlog [None req-37ed2e8b-eea6-410a-9a85-92f389c32c4d admin admin] 199.204.45.109 "GET /compute/v2.1/" status: 200 len: 393 microversion: 2.1 time: 0.005396
Aug 11 05:52:26.022751 np0000188431 devstack@n-api.service[99098]: [pid: 99098|app: 0|req: 19/74] 199.204.45.109 () {62 vars in 1066 bytes} [Tue Aug 11 05:52:26 2026] GET /compute/v2.1/ => generated 393 bytes in 6 msecs (HTTP/1.1 200) 9 headers in 357 bytes (1 switches on core 0)
Aug 11 05:52:26.061559 np0000188431 devstack@n-api.service[99097]: DEBUG nova.api.openstack.wsgi [None req-44a50d9e-efcf-496f-be81-7c0bb79727b3 demo demo] Calling method '>' {{(pid=99097) _process_stack /opt/stack/nova/nova/api/openstack/wsgi.py:551}}
Aug 11 05:52:26.081132 np0000188431 devstack@n-api.service[99097]: INFO nova.api.openstack.requestlog [None req-44a50d9e-efcf-496f-be81-7c0bb79727b3 demo demo] 199.204.45.109 "GET /compute/v2.1/flavors/detail?is_public=None" status: 200 len: 5262 microversion: 2.61 time: 0.023149
Aug 11 05:52:26.081461 np0000188431 devstack@n-api.service[99097]: [pid: 99097|app: 0|req: 19/75] 199.204.45.109 () {68 vars in 1424 bytes} [Tue Aug 11 05:52:26 2026] GET /compute/v2.1/flavors/detail?is_public=None => generated 5262 bytes in 24 msecs (HTTP/1.1 200) 9 headers in 360 bytes (1 switches on core 0)
Aug 11 05:52:26.133761 np0000188431 devstack@n-api.service[99096]: DEBUG nova.api.openstack.wsgi [None req-846d608f-ceba-4249-9d39-ca1f8dc6b7b3 demo demo] Calling method '>' {{(pid=99096) _process_stack /opt/stack/nova/nova/api/openstack/wsgi.py:551}}
Aug 11 05:52:26.163446 np0000188431 devstack@n-api.service[99096]: INFO nova.api.openstack.requestlog [None req-846d608f-ceba-4249-9d39-ca1f8dc6b7b3 demo demo] 199.204.45.109 "GET /compute/v2.1/flavors/detail?is_public=None" status: 200 len: 5262 microversion: 2.61 time: 0.032891
Aug 11 05:52:26.163741 np0000188431 devstack@n-api.service[99096]: [pid: 99096|app: 0|req: 20/76] 199.204.45.109 () {68 vars in 1424 bytes} [Tue Aug 11 05:52:26 2026] GET /compute/v2.1/flavors/detail?is_public=None => generated 5262 bytes in 34 msecs (HTTP/1.1 200) 9 headers in 360 bytes (1 switches on core 0)
Aug 11 05:52:29.822795 np0000188431 devstack@n-api.service[99099]: DEBUG nova.api.openstack.wsgi [None req-4ec8b2e5-6e1e-49e4-a111-141317c83d32 admin admin] Calling method '>' {{(pid=99099) _process_stack /opt/stack/nova/nova/api/openstack/wsgi.py:551}}
Aug 11 05:52:29.830207 np0000188431 devstack@n-api.service[99099]: INFO nova.api.openstack.requestlog [None req-4ec8b2e5-6e1e-49e4-a111-141317c83d32 admin admin] 199.204.45.109 "GET /compute/v2.1" status: 200 len: 393 microversion: 2.1 time: 0.007945
Aug 11 05:52:29.830505 np0000188431 devstack@n-api.service[99099]: [pid: 99099|app: 0|req: 19/77] 199.204.45.109 () {62 vars in 1074 bytes} [Tue Aug 11 05:52:29 2026] GET /compute/v2.1 => generated 393 bytes in 9 msecs (HTTP/1.1 200) 9 headers in 357 bytes (1 switches on core 0)
Aug 11 05:52:29.868625 np0000188431 devstack@n-api.service[99098]: DEBUG nova.api.openstack.wsgi [None req-37ed2e8b-eea6-410a-9a85-92f389c32c4d admin admin] Calling method '>' {{(pid=99098) _process_stack /opt/stack/nova/nova/api/openstack/wsgi.py:551}}
Aug 11 05:52:29.874844 np0000188431 devstack@n-api.service[99098]: INFO nova.api.openstack.requestlog [None req-37ed2e8b-eea6-410a-9a85-92f389c32c4d admin admin] 199.204.45.109 "GET /compute/v2.1/" status: 200 len: 393 microversion: 2.1 time: 0.006623
Aug 11 05:52:29.875484 np0000188431 devstack@n-api.service[99098]: [pid: 99098|app: 0|req: 20/78] 199.204.45.109 () {62 vars in 1077 bytes} [Tue Aug 11 05:52:29 2026] GET /compute/v2.1/ => generated 393 bytes in 8 msecs (HTTP/1.1 200) 9 headers in 357 bytes (1 switches on core 0)
Aug 11 05:52:29.917578 np0000188431 devstack@n-api.service[99097]: DEBUG nova.api.openstack.wsgi [None req-6ba84df3-cc01-4b35-9527-78289256cb93 demo demo] Calling method '>' {{(pid=99097) _process_stack /opt/stack/nova/nova/api/openstack/wsgi.py:551}}
Aug 11 05:52:29.941067 np0000188431 devstack@n-api.service[99097]: INFO nova.api.openstack.requestlog [None req-6ba84df3-cc01-4b35-9527-78289256cb93 demo demo] 199.204.45.109 "GET /compute/v2.1/os-server-groups" status: 200 len: 21 microversion: 2.64 time: 0.025056
Aug 11 05:52:29.941347 np0000188431 devstack@n-api.service[99097]: [pid: 99097|app: 0|req: 20/79] 199.204.45.109 () {68 vars in 1412 bytes} [Tue Aug 11 05:52:29 2026] GET /compute/v2.1/os-server-groups => generated 21 bytes in 26 msecs (HTTP/1.1 200) 9 headers in 358 bytes (1 switches on core 0)
Aug 11 05:52:29.980101 np0000188431 devstack@n-api.service[99096]: DEBUG nova.api.openstack.wsgi [None req-846d608f-ceba-4249-9d39-ca1f8dc6b7b3 demo demo] Calling method '>' {{(pid=99096) _process_stack /opt/stack/nova/nova/api/openstack/wsgi.py:551}}
Aug 11 05:52:29.982815 np0000188431 devstack@n-api.service[99096]: INFO nova.api.openstack.requestlog [None req-846d608f-ceba-4249-9d39-ca1f8dc6b7b3 demo demo] 199.204.45.109 "GET /compute/v2.1" status: 200 len: 393 microversion: 2.1 time: 0.003057
Aug 11 05:52:29.983057 np0000188431 devstack@n-api.service[99096]: [pid: 99096|app: 0|req: 21/80] 199.204.45.109 () {62 vars in 1074 bytes} [Tue Aug 11 05:52:29 2026] GET /compute/v2.1 => generated 393 bytes in 3 msecs (HTTP/1.1 200) 9 headers in 357 bytes (1 switches on core 0)
Aug 11 05:52:30.020984 np0000188431 devstack@n-api.service[99099]: DEBUG nova.api.openstack.wsgi [None req-4ec8b2e5-6e1e-49e4-a111-141317c83d32 admin admin] Calling method '>' {{(pid=99099) _process_stack /opt/stack/nova/nova/api/openstack/wsgi.py:551}}
Aug 11 05:52:30.028046 np0000188431 devstack@n-api.service[99099]: INFO nova.api.openstack.requestlog [None req-4ec8b2e5-6e1e-49e4-a111-141317c83d32 admin admin] 199.204.45.109 "GET /compute/v2.1/" status: 200 len: 393 microversion: 2.1 time: 0.007704
Aug 11 05:52:30.028338 np0000188431 devstack@n-api.service[99099]: [pid: 99099|app: 0|req: 20/81] 199.204.45.109 () {62 vars in 1077 bytes} [Tue Aug 11 05:52:30 2026] GET /compute/v2.1/ => generated 393 bytes in 9 msecs (HTTP/1.1 200) 9 headers in 357 bytes (1 switches on core 0)
Aug 11 05:52:30.068274 np0000188431 devstack@n-api.service[99098]: DEBUG nova.api.openstack.wsgi [None req-46d913d8-3adc-4429-9f88-6b71b9df5f0c demo demo] Action: 'create', calling method: >, body: {"server_group": {"name": "kube-51ii4", "policy": "soft-anti-affinity"}} {{(pid=99098) _process_stack /opt/stack/nova/nova/api/openstack/wsgi.py:549}}
Aug 11 05:52:30.091103 np0000188431 devstack@n-api.service[99098]: DEBUG nova.quota [None req-46d913d8-3adc-4429-9f88-6b71b9df5f0c demo demo] Getting quotas for project b2e25e9001154f01b52d94bd98876605. Resources: {'server_groups'} {{(pid=99098) _get_quotas /opt/stack/nova/nova/quota.py:389}}
Aug 11 05:52:30.094491 np0000188431 devstack@n-api.service[99098]: DEBUG nova.quota [None req-46d913d8-3adc-4429-9f88-6b71b9df5f0c demo demo] Getting quotas for user 5a0a5f11c53f406ebbe5775ecab44e05 and project b2e25e9001154f01b52d94bd98876605. Resources: {'server_groups'} {{(pid=99098) _get_quotas /opt/stack/nova/nova/quota.py:379}}
Aug 11 05:52:30.146564 np0000188431 devstack@n-api.service[99098]: DEBUG nova.quota [None req-46d913d8-3adc-4429-9f88-6b71b9df5f0c demo demo] Getting quotas for project b2e25e9001154f01b52d94bd98876605. Resources: {'server_groups'} {{(pid=99098) _get_quotas /opt/stack/nova/nova/quota.py:389}}
Aug 11 05:52:30.148754 np0000188431 devstack@n-api.service[99098]: DEBUG nova.quota [None req-46d913d8-3adc-4429-9f88-6b71b9df5f0c demo demo] Getting quotas for user 5a0a5f11c53f406ebbe5775ecab44e05 and project b2e25e9001154f01b52d94bd98876605. Resources: {'server_groups'} {{(pid=99098) _get_quotas /opt/stack/nova/nova/quota.py:379}}
Aug 11 05:52:30.157302 np0000188431 devstack@n-api.service[99098]: INFO nova.api.openstack.requestlog [None req-46d913d8-3adc-4429-9f88-6b71b9df5f0c demo demo] 199.204.45.109 "POST /compute/v2.1/os-server-groups" status: 200 len: 243 microversion: 2.64 time: 0.092860
Aug 11 05:52:30.157673 np0000188431 devstack@n-api.service[99098]: [pid: 99098|app: 0|req: 21/82] 199.204.45.109 () {72 vars in 1452 bytes} [Tue Aug 11 05:52:30 2026] POST /compute/v2.1/os-server-groups => generated 243 bytes in 94 msecs (HTTP/1.1 200) 9 headers in 359 bytes (1 switches on core 0)
Aug 11 05:52:30.204877 np0000188431 devstack@n-api.service[99097]: DEBUG nova.api.openstack.wsgi [None req-6ba84df3-cc01-4b35-9527-78289256cb93 demo demo] Calling method '>' {{(pid=99097) _process_stack /opt/stack/nova/nova/api/openstack/wsgi.py:551}}
Aug 11 05:52:30.210730 np0000188431 devstack@n-api.service[99097]: INFO nova.api.openstack.requestlog [None req-6ba84df3-cc01-4b35-9527-78289256cb93 demo demo] 199.204.45.109 "GET /compute/v2.1" status: 200 len: 393 microversion: 2.1 time: 0.006287
Aug 11 05:52:30.211142 np0000188431 devstack@n-api.service[99097]: [pid: 99097|app: 0|req: 21/83] 199.204.45.109 () {62 vars in 1074 bytes} [Tue Aug 11 05:52:30 2026] GET /compute/v2.1 => generated 393 bytes in 7 msecs (HTTP/1.1 200) 9 headers in 357 bytes (1 switches on core 0)
Aug 11 05:52:30.243144 np0000188431 devstack@n-api.service[99096]: DEBUG nova.api.openstack.wsgi [None req-846d608f-ceba-4249-9d39-ca1f8dc6b7b3 demo demo] Calling method '>' {{(pid=99096) _process_stack /opt/stack/nova/nova/api/openstack/wsgi.py:551}}
Aug 11 05:52:30.247331 np0000188431 devstack@n-api.service[99096]: INFO nova.api.openstack.requestlog [None req-846d608f-ceba-4249-9d39-ca1f8dc6b7b3 demo demo] 199.204.45.109 "GET /compute/v2.1/" status: 200 len: 393 microversion: 2.1 time: 0.004723
Aug 11 05:52:30.247548 np0000188431 devstack@n-api.service[99096]: [pid: 99096|app: 0|req: 22/84] 199.204.45.109 () {62 vars in 1077 bytes} [Tue Aug 11 05:52:30 2026] GET /compute/v2.1/ => generated 393 bytes in 5 msecs (HTTP/1.1 200) 9 headers in 357 bytes (1 switches on core 0)
Aug 11 05:52:30.284834 np0000188431 devstack@n-api.service[99099]: DEBUG nova.api.openstack.wsgi [None req-c669d460-c913-4218-827b-91cff181fd07 demo demo] Calling method '>' {{(pid=99099) _process_stack /opt/stack/nova/nova/api/openstack/wsgi.py:551}}
Aug 11 05:52:30.306410 np0000188431 devstack@n-api.service[99099]: INFO nova.api.openstack.requestlog [None req-c669d460-c913-4218-827b-91cff181fd07 demo demo] 199.204.45.109 "GET /compute/v2.1/os-server-groups" status: 200 len: 246 microversion: 2.64 time: 0.025829
Aug 11 05:52:30.306854 np0000188431 devstack@n-api.service[99099]: [pid: 99099|app: 0|req: 21/85] 199.204.45.109 () {68 vars in 1412 bytes} [Tue Aug 11 05:52:30 2026] GET /compute/v2.1/os-server-groups => generated 246 bytes in 26 msecs (HTTP/1.1 200) 9 headers in 359 bytes (1 switches on core 0)
Aug 11 05:52:30.343180 np0000188431 devstack@n-api.service[99098]: DEBUG nova.api.openstack.wsgi [None req-46d913d8-3adc-4429-9f88-6b71b9df5f0c demo demo] Calling method '>' {{(pid=99098) _process_stack /opt/stack/nova/nova/api/openstack/wsgi.py:551}}
Aug 11 05:52:30.349300 np0000188431 devstack@n-api.service[99098]: INFO nova.api.openstack.requestlog [None req-46d913d8-3adc-4429-9f88-6b71b9df5f0c demo demo] 199.204.45.109 "GET /compute/v2.1" status: 200 len: 393 microversion: 2.1 time: 0.006458
Aug 11 05:52:30.349718 np0000188431 devstack@n-api.service[99098]: [pid: 99098|app: 0|req: 22/86] 199.204.45.109 () {62 vars in 1074 bytes} [Tue Aug 11 05:52:30 2026] GET /compute/v2.1 => generated 393 bytes in 8 msecs (HTTP/1.1 200) 9 headers in 357 bytes (1 switches on core 0)
Aug 11 05:52:30.386917 np0000188431 devstack@n-api.service[99097]: DEBUG nova.api.openstack.wsgi [None req-6ba84df3-cc01-4b35-9527-78289256cb93 demo demo] Calling method '>' {{(pid=99097) _process_stack /opt/stack/nova/nova/api/openstack/wsgi.py:551}}
Aug 11 05:52:30.392962 np0000188431 devstack@n-api.service[99097]: INFO nova.api.openstack.requestlog [None req-6ba84df3-cc01-4b35-9527-78289256cb93 demo demo] 199.204.45.109 "GET /compute/v2.1/" status: 200 len: 393 microversion: 2.1 time: 0.006277
Aug 11 05:52:30.393403 np0000188431 devstack@n-api.service[99097]: [pid: 99097|app: 0|req: 22/87] 199.204.45.109 () {62 vars in 1077 bytes} [Tue Aug 11 05:52:30 2026] GET /compute/v2.1/ => generated 393 bytes in 7 msecs (HTTP/1.1 200) 9 headers in 357 bytes (1 switches on core 0)
Aug 11 05:52:30.429742 np0000188431 devstack@n-api.service[99096]: DEBUG nova.api.openstack.wsgi [None req-257b6477-3968-4a4a-bac4-cc437b594dfd demo demo] Action: 'create', calling method: >, body: {"server_group": {"name": "kube-51ii4-default-worker", "policy": "soft-anti-affinity"}} {{(pid=99096) _process_stack /opt/stack/nova/nova/api/openstack/wsgi.py:549}}
Aug 11 05:52:30.457987 np0000188431 devstack@n-api.service[99096]: DEBUG nova.quota [None req-257b6477-3968-4a4a-bac4-cc437b594dfd demo demo] Getting quotas for project b2e25e9001154f01b52d94bd98876605. Resources: {'server_groups'} {{(pid=99096) _get_quotas /opt/stack/nova/nova/quota.py:389}}
Aug 11 05:52:30.460968 np0000188431 devstack@n-api.service[99096]: DEBUG nova.quota [None req-257b6477-3968-4a4a-bac4-cc437b594dfd demo demo] Getting quotas for user 5a0a5f11c53f406ebbe5775ecab44e05 and project b2e25e9001154f01b52d94bd98876605. Resources: {'server_groups'} {{(pid=99096) _get_quotas /opt/stack/nova/nova/quota.py:379}}
Aug 11 05:52:30.512641 np0000188431 devstack@n-api.service[99096]: DEBUG nova.quota [None req-257b6477-3968-4a4a-bac4-cc437b594dfd demo demo] Getting quotas for project b2e25e9001154f01b52d94bd98876605. Resources: {'server_groups'} {{(pid=99096) _get_quotas /opt/stack/nova/nova/quota.py:389}}
Aug 11 05:52:30.514740 np0000188431 devstack@n-api.service[99096]: DEBUG nova.quota [None req-257b6477-3968-4a4a-bac4-cc437b594dfd demo demo] Getting quotas for user 5a0a5f11c53f406ebbe5775ecab44e05 and project b2e25e9001154f01b52d94bd98876605. Resources: {'server_groups'} {{(pid=99096) _get_quotas /opt/stack/nova/nova/quota.py:379}}
Aug 11 05:52:30.522677 np0000188431 devstack@n-api.service[99096]: INFO nova.api.openstack.requestlog [None req-257b6477-3968-4a4a-bac4-cc437b594dfd demo demo] 199.204.45.109 "POST /compute/v2.1/os-server-groups" status: 200 len: 258 microversion: 2.64 time: 0.096558
Aug 11 05:52:30.523153 np0000188431 devstack@n-api.service[99096]: [pid: 99096|app: 0|req: 23/88] 199.204.45.109 () {72 vars in 1452 bytes} [Tue Aug 11 05:52:30 2026] POST /compute/v2.1/os-server-groups => generated 258 bytes in 97 msecs (HTTP/1.1 200) 9 headers in 359 bytes (1 switches on core 0)
Aug 11 05:52:33.599398 np0000188431 devstack@n-api.service[99099]: DEBUG nova.api.openstack.wsgi [None req-c669d460-c913-4218-827b-91cff181fd07 demo demo] Calling method '>' {{(pid=99099) _process_stack /opt/stack/nova/nova/api/openstack/wsgi.py:551}}
Aug 11 05:52:33.604766 np0000188431 devstack@n-api.service[99099]: INFO nova.api.openstack.requestlog [None req-c669d460-c913-4218-827b-91cff181fd07 demo demo] 199.204.45.109 "GET /compute/v2.1" status: 200 len: 393 microversion: 2.1 time: 0.005797
Aug 11 05:52:33.605436 np0000188431 devstack@n-api.service[99099]: [pid: 99099|app: 0|req: 22/89] 199.204.45.109 () {62 vars in 1074 bytes} [Tue Aug 11 05:52:33 2026] GET /compute/v2.1 => generated 393 bytes in 7 msecs (HTTP/1.1 200) 9 headers in 357 bytes (1 switches on core 0)
Aug 11 05:52:33.635454 np0000188431 devstack@n-api.service[99098]: DEBUG nova.api.openstack.wsgi [None req-46d913d8-3adc-4429-9f88-6b71b9df5f0c demo demo] Calling method '>' {{(pid=99098) _process_stack /opt/stack/nova/nova/api/openstack/wsgi.py:551}}
Aug 11 05:52:33.641750 np0000188431 devstack@n-api.service[99098]: INFO nova.api.openstack.requestlog [None req-46d913d8-3adc-4429-9f88-6b71b9df5f0c demo demo] 199.204.45.109 "GET /compute/v2.1/" status: 200 len: 393 microversion: 2.1 time: 0.006788
Aug 11 05:52:33.642143 np0000188431 devstack@n-api.service[99098]: [pid: 99098|app: 0|req: 23/90] 199.204.45.109 () {62 vars in 1077 bytes} [Tue Aug 11 05:52:33 2026] GET /compute/v2.1/ => generated 393 bytes in 8 msecs (HTTP/1.1 200) 9 headers in 357 bytes (1 switches on core 0)
Aug 11 05:52:33.681031 np0000188431 devstack@n-api.service[99097]: DEBUG nova.api.openstack.wsgi [None req-812449fa-a31e-455e-90a4-98037400b857 demo demo] Calling method '>' {{(pid=99097) _process_stack /opt/stack/nova/nova/api/openstack/wsgi.py:551}}
Aug 11 05:52:33.704643 np0000188431 devstack@n-api.service[99097]: INFO nova.api.openstack.requestlog [None req-812449fa-a31e-455e-90a4-98037400b857 demo demo] 199.204.45.109 "GET /compute/v2.1/flavors/detail?is_public=None" status: 200 len: 5262 microversion: 2.61 time: 0.027250
Aug 11 05:52:33.704892 np0000188431 devstack@n-api.service[99097]: [pid: 99097|app: 0|req: 23/91] 199.204.45.109 () {68 vars in 1435 bytes} [Tue Aug 11 05:52:33 2026] GET /compute/v2.1/flavors/detail?is_public=None => generated 5262 bytes in 28 msecs (HTTP/1.1 200) 9 headers in 360 bytes (1 switches on core 0)
Aug 11 05:52:33.748847 np0000188431 devstack@n-api.service[99096]: DEBUG nova.api.openstack.wsgi [None req-455347ca-2faa-4a60-8f97-42a5175ac32b demo demo] Calling method '>' {{(pid=99096) _process_stack /opt/stack/nova/nova/api/openstack/wsgi.py:551}}
Aug 11 05:52:33.770296 np0000188431 devstack@n-api.service[99096]: INFO nova.api.openstack.requestlog [None req-455347ca-2faa-4a60-8f97-42a5175ac32b demo demo] 199.204.45.109 "GET /compute/v2.1/flavors/detail?is_public=None" status: 200 len: 5262 microversion: 2.61 time: 0.024997
Aug 11 05:52:33.770532 np0000188431 devstack@n-api.service[99096]: [pid: 99096|app: 0|req: 24/92] 199.204.45.109 () {68 vars in 1435 bytes} [Tue Aug 11 05:52:33 2026] GET /compute/v2.1/flavors/detail?is_public=None => generated 5262 bytes in 26 msecs (HTTP/1.1 200) 9 headers in 360 bytes (1 switches on core 0)
Aug 11 05:52:33.916364 np0000188431 devstack@n-api.service[99099]: DEBUG nova.api.openstack.wsgi [None req-c669d460-c913-4218-827b-91cff181fd07 demo demo] Calling method '>' {{(pid=99099) _process_stack /opt/stack/nova/nova/api/openstack/wsgi.py:551}}
Aug 11 05:52:33.921199 np0000188431 devstack@n-api.service[99099]: INFO nova.api.openstack.requestlog [None req-c669d460-c913-4218-827b-91cff181fd07 demo demo] 199.204.45.109 "GET /compute/v2.1" status: 200 len: 393 microversion: 2.1 time: 0.005264
Aug 11 05:52:33.921457 np0000188431 devstack@n-api.service[99099]: [pid: 99099|app: 0|req: 23/93] 199.204.45.109 () {62 vars in 1074 bytes} [Tue Aug 11 05:52:33 2026] GET /compute/v2.1 => generated 393 bytes in 6 msecs (HTTP/1.1 200) 9 headers in 357 bytes (1 switches on core 0)
Aug 11 05:52:33.957042 np0000188431 devstack@n-api.service[99098]: DEBUG nova.api.openstack.wsgi [None req-46d913d8-3adc-4429-9f88-6b71b9df5f0c demo demo] Calling method '>' {{(pid=99098) _process_stack /opt/stack/nova/nova/api/openstack/wsgi.py:551}}
Aug 11 05:52:33.963250 np0000188431 devstack@n-api.service[99098]: INFO nova.api.openstack.requestlog [None req-46d913d8-3adc-4429-9f88-6b71b9df5f0c demo demo] 199.204.45.109 "GET /compute/v2.1/" status: 200 len: 393 microversion: 2.1 time: 0.006752
Aug 11 05:52:33.963507 np0000188431 devstack@n-api.service[99098]: [pid: 99098|app: 0|req: 24/94] 199.204.45.109 () {62 vars in 1077 bytes} [Tue Aug 11 05:52:33 2026] GET /compute/v2.1/ => generated 393 bytes in 8 msecs (HTTP/1.1 200) 9 headers in 357 bytes (1 switches on core 0)
Aug 11 05:52:34.002155 np0000188431 devstack@n-api.service[99097]: DEBUG nova.api.openstack.wsgi [None req-f9c0650f-193c-4453-aac7-3c29121f2a6f demo demo] Calling method '>' {{(pid=99097) _process_stack /opt/stack/nova/nova/api/openstack/wsgi.py:551}}
Aug 11 05:52:34.021999 np0000188431 devstack@n-api.service[99097]: INFO nova.api.openstack.requestlog [None req-f9c0650f-193c-4453-aac7-3c29121f2a6f demo demo] 199.204.45.109 "GET /compute/v2.1/flavors/detail?is_public=None" status: 200 len: 5262 microversion: 2.61 time: 0.023568
Aug 11 05:52:34.022164 np0000188431 devstack@n-api.service[99097]: [pid: 99097|app: 0|req: 24/95] 199.204.45.109 () {68 vars in 1435 bytes} [Tue Aug 11 05:52:33 2026] GET /compute/v2.1/flavors/detail?is_public=None => generated 5262 bytes in 24 msecs (HTTP/1.1 200) 9 headers in 360 bytes (1 switches on core 0)
Aug 11 05:52:40.152059 np0000188431 devstack@n-api.service[99098]: DEBUG dbcounter [-] [99098] Writing DB stats nova_cell0:SELECT=4 {{(pid=99098) stat_writer /opt/stack/data/venv/lib/python3.12/site-packages/dbcounter.py:115}}
Aug 11 05:52:40.155483 np0000188431 devstack@n-api.service[99098]: DEBUG dbcounter [-] [99098] Writing DB stats nova_api:SELECT=14,nova_api:INSERT=2 {{(pid=99098) stat_writer /opt/stack/data/venv/lib/python3.12/site-packages/dbcounter.py:115}}
Aug 11 05:52:40.303714 np0000188431 devstack@n-api.service[99099]: DEBUG dbcounter [-] [99099] Writing DB stats nova_api:SELECT=2 {{(pid=99099) stat_writer /opt/stack/data/venv/lib/python3.12/site-packages/dbcounter.py:115}}
Aug 11 05:52:40.518495 np0000188431 devstack@n-api.service[99096]: DEBUG dbcounter [-] [99096] Writing DB stats nova_cell0:SELECT=4 {{(pid=99096) stat_writer /opt/stack/data/venv/lib/python3.12/site-packages/dbcounter.py:115}}
Aug 11 05:52:43.754491 np0000188431 devstack@n-api.service[99096]: DEBUG dbcounter [-] [99096] Writing DB stats nova_api:SELECT=19,nova_api:INSERT=2 {{(pid=99096) stat_writer /opt/stack/data/venv/lib/python3.12/site-packages/dbcounter.py:115}}
Aug 11 05:52:44.009334 np0000188431 devstack@n-api.service[99097]: DEBUG dbcounter [-] [99097] Writing DB stats nova_api:SELECT=8 {{(pid=99097) stat_writer /opt/stack/data/venv/lib/python3.12/site-packages/dbcounter.py:115}}
Aug 11 05:52:55.994242 np0000188431 devstack@n-api.service[99096]: DEBUG nova.api.openstack.wsgi [None req-455347ca-2faa-4a60-8f97-42a5175ac32b demo demo] Calling method '>' {{(pid=99096) _process_stack /opt/stack/nova/nova/api/openstack/wsgi.py:551}}
Aug 11 05:52:55.998138 np0000188431 devstack@n-api.service[99096]: INFO nova.api.openstack.requestlog [None req-455347ca-2faa-4a60-8f97-42a5175ac32b demo demo] 172.18.0.2 "GET /compute/v2.1/" status: 200 len: 393 microversion: 2.1 time: 0.004452
Aug 11 05:52:55.998363 np0000188431 devstack@n-api.service[99096]: [pid: 99096|app: 0|req: 25/96] 199.204.45.109 () {64 vars in 1272 bytes} [Tue Aug 11 05:52:55 2026] GET /compute/v2.1/ => generated 393 bytes in 5 msecs (HTTP/1.1 200) 9 headers in 357 bytes (1 switches on core 0)
Aug 11 05:52:56.007745 np0000188431 devstack@n-api.service[99099]: DEBUG nova.api.openstack.wsgi [None req-54422409-5d40-41df-94b4-bdf2162ba24a demo demo] Calling method '>' {{(pid=99099) _process_stack /opt/stack/nova/nova/api/openstack/wsgi.py:551}}
Aug 11 05:52:56.010148 np0000188431 devstack@n-api.service[99099]: DEBUG oslo_concurrency.lockutils [None req-54422409-5d40-41df-94b4-bdf2162ba24a demo demo] Acquiring lock "00000000-0000-0000-0000-000000000000" by "nova.context.set_target_cell..get_or_set_cached_cell_and_set_connections" {{(pid=99099) inner /opt/stack/data/venv/lib/python3.12/site-packages/oslo_concurrency/lockutils.py:512}}
Aug 11 05:52:56.010373 np0000188431 devstack@n-api.service[99099]: DEBUG oslo_concurrency.lockutils [None req-54422409-5d40-41df-94b4-bdf2162ba24a demo demo] Lock "00000000-0000-0000-0000-000000000000" acquired by "nova.context.set_target_cell..get_or_set_cached_cell_and_set_connections" :: waited 0.000s {{(pid=99099) inner /opt/stack/data/venv/lib/python3.12/site-packages/oslo_concurrency/lockutils.py:525}}
Aug 11 05:52:56.010529 np0000188431 devstack@n-api.service[99099]: DEBUG oslo_concurrency.lockutils [None req-54422409-5d40-41df-94b4-bdf2162ba24a demo demo] Lock "00000000-0000-0000-0000-000000000000" "released" by "nova.context.set_target_cell..get_or_set_cached_cell_and_set_connections" :: held 0.000s {{(pid=99099) inner /opt/stack/data/venv/lib/python3.12/site-packages/oslo_concurrency/lockutils.py:544}}
Aug 11 05:52:56.011700 np0000188431 devstack@n-api.service[99099]: DEBUG oslo_concurrency.lockutils [None req-54422409-5d40-41df-94b4-bdf2162ba24a demo demo] Acquiring lock "7e3f0410-474c-41dd-9163-36d2c4e490a1" by "nova.context.set_target_cell..get_or_set_cached_cell_and_set_connections" {{(pid=99099) inner /opt/stack/data/venv/lib/python3.12/site-packages/oslo_concurrency/lockutils.py:512}}
Aug 11 05:52:56.011895 np0000188431 devstack@n-api.service[99099]: DEBUG oslo_concurrency.lockutils [None req-54422409-5d40-41df-94b4-bdf2162ba24a demo demo] Lock "7e3f0410-474c-41dd-9163-36d2c4e490a1" acquired by "nova.context.set_target_cell..get_or_set_cached_cell_and_set_connections" :: waited 0.000s {{(pid=99099) inner /opt/stack/data/venv/lib/python3.12/site-packages/oslo_concurrency/lockutils.py:525}}
Aug 11 05:52:56.012107 np0000188431 devstack@n-api.service[99099]: DEBUG oslo_concurrency.lockutils [None req-54422409-5d40-41df-94b4-bdf2162ba24a demo demo] Lock "7e3f0410-474c-41dd-9163-36d2c4e490a1" "released" by "nova.context.set_target_cell..get_or_set_cached_cell_and_set_connections" :: held 0.000s {{(pid=99099) inner /opt/stack/data/venv/lib/python3.12/site-packages/oslo_concurrency/lockutils.py:544}}
Aug 11 05:52:56.080823 np0000188431 devstack@n-api.service[99099]: INFO nova.api.openstack.requestlog [None req-54422409-5d40-41df-94b4-bdf2162ba24a demo demo] 172.18.0.2 "GET /compute/v2.1/os-availability-zone" status: 200 len: 97 microversion: 2.38 time: 0.074930
Aug 11 05:52:56.081776 np0000188431 devstack@n-api.service[99099]: [pid: 99099|app: 0|req: 24/97] 199.204.45.109 () {68 vars in 1415 bytes} [Tue Aug 11 05:52:56 2026] GET /compute/v2.1/os-availability-zone => generated 97 bytes in 76 msecs (HTTP/1.1 200) 9 headers in 358 bytes (1 switches on core 0)
Aug 11 05:52:56.924910 np0000188431 devstack@n-api.service[99098]: DEBUG nova.api.openstack.wsgi [None req-46d913d8-3adc-4429-9f88-6b71b9df5f0c demo demo] Calling method '>' {{(pid=99098) _process_stack /opt/stack/nova/nova/api/openstack/wsgi.py:551}}
Aug 11 05:52:56.930379 np0000188431 devstack@n-api.service[99098]: INFO nova.api.openstack.requestlog [None req-46d913d8-3adc-4429-9f88-6b71b9df5f0c demo demo] 172.18.0.2 "GET /compute/v2.1/" status: 200 len: 393 microversion: 2.1 time: 0.005728
Aug 11 05:52:56.930741 np0000188431 devstack@n-api.service[99098]: [pid: 99098|app: 0|req: 25/98] 199.204.45.109 () {64 vars in 1272 bytes} [Tue Aug 11 05:52:56 2026] GET /compute/v2.1/ => generated 393 bytes in 7 msecs (HTTP/1.1 200) 9 headers in 357 bytes (1 switches on core 0)
Aug 11 05:52:56.940196 np0000188431 devstack@n-api.service[99097]: DEBUG nova.api.openstack.wsgi [None req-ca2f21dc-a700-4fb8-a98e-b0fe2f58a2e5 demo demo] Calling method '>' {{(pid=99097) _process_stack /opt/stack/nova/nova/api/openstack/wsgi.py:551}}
Aug 11 05:52:56.943911 np0000188431 devstack@n-api.service[99097]: DEBUG oslo_concurrency.lockutils [None req-ca2f21dc-a700-4fb8-a98e-b0fe2f58a2e5 demo demo] Acquiring lock "00000000-0000-0000-0000-000000000000" by "nova.context.set_target_cell..get_or_set_cached_cell_and_set_connections" {{(pid=99097) inner /opt/stack/data/venv/lib/python3.12/site-packages/oslo_concurrency/lockutils.py:512}}
Aug 11 05:52:56.944141 np0000188431 devstack@n-api.service[99097]: DEBUG oslo_concurrency.lockutils [None req-ca2f21dc-a700-4fb8-a98e-b0fe2f58a2e5 demo demo] Lock "00000000-0000-0000-0000-000000000000" acquired by "nova.context.set_target_cell..get_or_set_cached_cell_and_set_connections" :: waited 0.000s {{(pid=99097) inner /opt/stack/data/venv/lib/python3.12/site-packages/oslo_concurrency/lockutils.py:525}}
Aug 11 05:52:56.944313 np0000188431 devstack@n-api.service[99097]: DEBUG oslo_concurrency.lockutils [None req-ca2f21dc-a700-4fb8-a98e-b0fe2f58a2e5 demo demo] Lock "00000000-0000-0000-0000-000000000000" "released" by "nova.context.set_target_cell..get_or_set_cached_cell_and_set_connections" :: held 0.000s {{(pid=99097) inner /opt/stack/data/venv/lib/python3.12/site-packages/oslo_concurrency/lockutils.py:544}}
Aug 11 05:52:56.945282 np0000188431 devstack@n-api.service[99097]: DEBUG oslo_concurrency.lockutils [None req-ca2f21dc-a700-4fb8-a98e-b0fe2f58a2e5 demo demo] Acquiring lock "7e3f0410-474c-41dd-9163-36d2c4e490a1" by "nova.context.set_target_cell..get_or_set_cached_cell_and_set_connections" {{(pid=99097) inner /opt/stack/data/venv/lib/python3.12/site-packages/oslo_concurrency/lockutils.py:512}}
Aug 11 05:52:56.945475 np0000188431 devstack@n-api.service[99097]: DEBUG oslo_concurrency.lockutils [None req-ca2f21dc-a700-4fb8-a98e-b0fe2f58a2e5 demo demo] Lock "7e3f0410-474c-41dd-9163-36d2c4e490a1" acquired by "nova.context.set_target_cell..get_or_set_cached_cell_and_set_connections" :: waited 0.000s {{(pid=99097) inner /opt/stack/data/venv/lib/python3.12/site-packages/oslo_concurrency/lockutils.py:525}}
Aug 11 05:52:56.945638 np0000188431 devstack@n-api.service[99097]: DEBUG oslo_concurrency.lockutils [None req-ca2f21dc-a700-4fb8-a98e-b0fe2f58a2e5 demo demo] Lock "7e3f0410-474c-41dd-9163-36d2c4e490a1" "released" by "nova.context.set_target_cell..get_or_set_cached_cell_and_set_connections" :: held 0.000s {{(pid=99097) inner /opt/stack/data/venv/lib/python3.12/site-packages/oslo_concurrency/lockutils.py:544}}
Aug 11 05:52:57.006332 np0000188431 devstack@n-api.service[99097]: INFO nova.api.openstack.requestlog [None req-ca2f21dc-a700-4fb8-a98e-b0fe2f58a2e5 demo demo] 172.18.0.2 "GET /compute/v2.1/os-availability-zone" status: 200 len: 97 microversion: 2.38 time: 0.069519
Aug 11 05:52:57.007187 np0000188431 devstack@n-api.service[99097]: [pid: 99097|app: 0|req: 25/99] 199.204.45.109 () {68 vars in 1415 bytes} [Tue Aug 11 05:52:56 2026] GET /compute/v2.1/os-availability-zone => generated 97 bytes in 71 msecs (HTTP/1.1 200) 9 headers in 358 bytes (2 switches on core 0)
Aug 11 05:52:57.652682 np0000188431 devstack@n-api.service[99096]: DEBUG nova.api.openstack.wsgi [None req-455347ca-2faa-4a60-8f97-42a5175ac32b demo demo] Calling method '>' {{(pid=99096) _process_stack /opt/stack/nova/nova/api/openstack/wsgi.py:551}}
Aug 11 05:52:57.659090 np0000188431 devstack@n-api.service[99096]: INFO nova.api.openstack.requestlog [None req-455347ca-2faa-4a60-8f97-42a5175ac32b demo demo] 172.18.0.2 "GET /compute/v2.1/" status: 200 len: 393 microversion: 2.1 time: 0.007631
Aug 11 05:52:57.659194 np0000188431 devstack@n-api.service[99096]: [pid: 99096|app: 0|req: 26/100] 199.204.45.109 () {64 vars in 1272 bytes} [Tue Aug 11 05:52:57 2026] GET /compute/v2.1/ => generated 393 bytes in 8 msecs (HTTP/1.1 200) 9 headers in 357 bytes (1 switches on core 0)
Aug 11 05:52:57.672973 np0000188431 devstack@n-api.service[99099]: DEBUG nova.api.openstack.wsgi [None req-e9c5426f-6ebd-4a12-b8d4-5a087a4bff0c demo demo] Calling method '>' {{(pid=99099) _process_stack /opt/stack/nova/nova/api/openstack/wsgi.py:551}}
Aug 11 05:52:57.674664 np0000188431 devstack@n-api.service[99099]: DEBUG oslo_concurrency.lockutils [None req-e9c5426f-6ebd-4a12-b8d4-5a087a4bff0c demo demo] Acquiring lock "00000000-0000-0000-0000-000000000000" by "nova.context.set_target_cell..get_or_set_cached_cell_and_set_connections" {{(pid=99099) inner /opt/stack/data/venv/lib/python3.12/site-packages/oslo_concurrency/lockutils.py:512}}
Aug 11 05:52:57.674899 np0000188431 devstack@n-api.service[99099]: DEBUG oslo_concurrency.lockutils [None req-e9c5426f-6ebd-4a12-b8d4-5a087a4bff0c demo demo] Lock "00000000-0000-0000-0000-000000000000" acquired by "nova.context.set_target_cell..get_or_set_cached_cell_and_set_connections" :: waited 0.000s {{(pid=99099) inner /opt/stack/data/venv/lib/python3.12/site-packages/oslo_concurrency/lockutils.py:525}}
Aug 11 05:52:57.675135 np0000188431 devstack@n-api.service[99099]: DEBUG oslo_concurrency.lockutils [None req-e9c5426f-6ebd-4a12-b8d4-5a087a4bff0c demo demo] Lock "00000000-0000-0000-0000-000000000000" "released" by "nova.context.set_target_cell..get_or_set_cached_cell_and_set_connections" :: held 0.000s {{(pid=99099) inner /opt/stack/data/venv/lib/python3.12/site-packages/oslo_concurrency/lockutils.py:544}}
Aug 11 05:52:57.676363 np0000188431 devstack@n-api.service[99099]: DEBUG oslo_concurrency.lockutils [None req-e9c5426f-6ebd-4a12-b8d4-5a087a4bff0c demo demo] Acquiring lock "7e3f0410-474c-41dd-9163-36d2c4e490a1" by "nova.context.set_target_cell..get_or_set_cached_cell_and_set_connections" {{(pid=99099) inner /opt/stack/data/venv/lib/python3.12/site-packages/oslo_concurrency/lockutils.py:512}}
Aug 11 05:52:57.678251 np0000188431 devstack@n-api.service[99099]: DEBUG oslo_concurrency.lockutils [None req-e9c5426f-6ebd-4a12-b8d4-5a087a4bff0c demo demo] Lock "7e3f0410-474c-41dd-9163-36d2c4e490a1" acquired by "nova.context.set_target_cell..get_or_set_cached_cell_and_set_connections" :: waited 0.002s {{(pid=99099) inner /opt/stack/data/venv/lib/python3.12/site-packages/oslo_concurrency/lockutils.py:525}}
Aug 11 05:52:57.678462 np0000188431 devstack@n-api.service[99099]: DEBUG oslo_concurrency.lockutils [None req-e9c5426f-6ebd-4a12-b8d4-5a087a4bff0c demo demo] Lock "7e3f0410-474c-41dd-9163-36d2c4e490a1" "released" by "nova.context.set_target_cell..get_or_set_cached_cell_and_set_connections" :: held 0.000s {{(pid=99099) inner /opt/stack/data/venv/lib/python3.12/site-packages/oslo_concurrency/lockutils.py:544}}
Aug 11 05:52:57.703123 np0000188431 devstack@n-api.service[99099]: INFO nova.api.openstack.requestlog [None req-e9c5426f-6ebd-4a12-b8d4-5a087a4bff0c demo demo] 172.18.0.2 "GET /compute/v2.1/os-availability-zone" status: 200 len: 97 microversion: 2.38 time: 0.037225
Aug 11 05:52:57.704068 np0000188431 devstack@n-api.service[99099]: [pid: 99099|app: 0|req: 25/101] 199.204.45.109 () {68 vars in 1415 bytes} [Tue Aug 11 05:52:57 2026] GET /compute/v2.1/os-availability-zone => generated 97 bytes in 38 msecs (HTTP/1.1 200) 9 headers in 358 bytes (1 switches on core 0)
Aug 11 05:53:02.774991 np0000188431 devstack@n-api.service[99098]: DEBUG nova.api.openstack.wsgi [None req-46d913d8-3adc-4429-9f88-6b71b9df5f0c demo demo] Calling method '>' {{(pid=99098) _process_stack /opt/stack/nova/nova/api/openstack/wsgi.py:551}}
Aug 11 05:53:02.780617 np0000188431 devstack@n-api.service[99098]: INFO nova.api.openstack.requestlog [None req-46d913d8-3adc-4429-9f88-6b71b9df5f0c demo demo] 172.18.0.2 "GET /compute/v2.1/" status: 200 len: 393 microversion: 2.1 time: 0.006994
Aug 11 05:53:02.781055 np0000188431 devstack@n-api.service[99098]: [pid: 99098|app: 0|req: 26/102] 199.204.45.109 () {64 vars in 1272 bytes} [Tue Aug 11 05:53:02 2026] GET /compute/v2.1/ => generated 393 bytes in 8 msecs (HTTP/1.1 200) 9 headers in 357 bytes (1 switches on core 0)
Aug 11 05:53:02.790801 np0000188431 devstack@n-api.service[99097]: DEBUG nova.api.openstack.wsgi [None req-1c67d8ed-1f2f-401a-8ef8-dd55c14dedd3 demo demo] Calling method '>' {{(pid=99097) _process_stack /opt/stack/nova/nova/api/openstack/wsgi.py:551}}
Aug 11 05:53:02.808524 np0000188431 devstack@n-api.service[99097]: INFO nova.api.openstack.requestlog [None req-1c67d8ed-1f2f-401a-8ef8-dd55c14dedd3 demo demo] 172.18.0.2 "GET /compute/v2.1/flavors/detail" status: 200 len: 4022 microversion: 2.38 time: 0.022300
Aug 11 05:53:02.808779 np0000188431 devstack@n-api.service[99097]: [pid: 99097|app: 0|req: 26/103] 199.204.45.109 () {68 vars in 1397 bytes} [Tue Aug 11 05:53:02 2026] GET /compute/v2.1/flavors/detail => generated 4022 bytes in 23 msecs (HTTP/1.1 200) 9 headers in 360 bytes (1 switches on core 0)
Aug 11 05:53:02.860963 np0000188431 devstack@n-api.service[99096]: DEBUG nova.api.openstack.wsgi [None req-455347ca-2faa-4a60-8f97-42a5175ac32b demo demo] Calling method '>' {{(pid=99096) _process_stack /opt/stack/nova/nova/api/openstack/wsgi.py:551}}
Aug 11 05:53:02.868371 np0000188431 devstack@n-api.service[99096]: INFO nova.api.openstack.requestlog [None req-455347ca-2faa-4a60-8f97-42a5175ac32b demo demo] 172.18.0.2 "GET /compute/v2.1/" status: 200 len: 393 microversion: 2.1 time: 0.007980
Aug 11 05:53:02.868897 np0000188431 devstack@n-api.service[99096]: [pid: 99096|app: 0|req: 27/104] 199.204.45.109 () {64 vars in 1272 bytes} [Tue Aug 11 05:53:02 2026] GET /compute/v2.1/ => generated 393 bytes in 8 msecs (HTTP/1.1 200) 9 headers in 357 bytes (1 switches on core 0)
Aug 11 05:53:02.878818 np0000188431 devstack@n-api.service[99099]: DEBUG nova.api.openstack.wsgi [None req-6bebadea-d44e-4067-a846-b2cd312b7d68 demo demo] Calling method '>' {{(pid=99099) _process_stack /opt/stack/nova/nova/api/openstack/wsgi.py:551}}
Aug 11 05:53:02.909087 np0000188431 devstack@n-api.service[99099]: INFO nova.api.openstack.requestlog [None req-6bebadea-d44e-4067-a846-b2cd312b7d68 demo demo] 172.18.0.2 "GET /compute/v2.1/flavors/detail" status: 200 len: 4022 microversion: 2.38 time: 0.034591
Aug 11 05:53:02.909446 np0000188431 devstack@n-api.service[99099]: [pid: 99099|app: 0|req: 26/105] 199.204.45.109 () {68 vars in 1397 bytes} [Tue Aug 11 05:53:02 2026] GET /compute/v2.1/flavors/detail => generated 4022 bytes in 36 msecs (HTTP/1.1 200) 9 headers in 360 bytes (1 switches on core 0)
Aug 11 05:53:03.594180 np0000188431 devstack@n-api.service[99098]: DEBUG nova.api.openstack.wsgi [None req-46d913d8-3adc-4429-9f88-6b71b9df5f0c demo demo] Calling method '>' {{(pid=99098) _process_stack /opt/stack/nova/nova/api/openstack/wsgi.py:551}}
Aug 11 05:53:03.597734 np0000188431 devstack@n-api.service[99098]: INFO nova.api.openstack.requestlog [None req-46d913d8-3adc-4429-9f88-6b71b9df5f0c demo demo] 172.18.0.2 "GET /compute/v2.1/" status: 200 len: 393 microversion: 2.1 time: 0.003855
Aug 11 05:53:03.597960 np0000188431 devstack@n-api.service[99098]: [pid: 99098|app: 0|req: 27/106] 199.204.45.109 () {64 vars in 1272 bytes} [Tue Aug 11 05:53:03 2026] GET /compute/v2.1/ => generated 393 bytes in 4 msecs (HTTP/1.1 200) 9 headers in 357 bytes (1 switches on core 0)
Aug 11 05:53:03.614151 np0000188431 devstack@n-api.service[99097]: DEBUG nova.api.openstack.wsgi [None req-b7d4b3f4-3895-4914-83ce-2461fc91f6f4 demo demo] Calling method '>' {{(pid=99097) _process_stack /opt/stack/nova/nova/api/openstack/wsgi.py:551}}
Aug 11 05:53:03.619873 np0000188431 devstack@n-api.service[99097]: DEBUG nova.policy [None req-b7d4b3f4-3895-4914-83ce-2461fc91f6f4 demo demo] Policy check for os_compute_api:servers:allow_all_filters failed with credentials {'is_admin': False, 'user_id': '5a0a5f11c53f406ebbe5775ecab44e05', 'user_domain_id': 'default', 'system_scope': None, 'domain_id': None, 'project_id': 'b2e25e9001154f01b52d94bd98876605', 'project_domain_id': 'default', 'roles': ['load-balancer_member', 'member', 'anotherrole', 'reader'], 'is_admin_project': True, 'service_user_id': None, 'service_user_domain_id': None, 'service_project_id': None, 'service_project_domain_id': None, 'service_roles': []} {{(pid=99097) authorize /opt/stack/nova/nova/policy.py:202}}
