+ COMMAND=start + start + for KEYSTONE_WSGI_SCRIPT in keystone-wsgi-public ++ type -p keystone-wsgi-public + cp -a /var/lib/openstack/bin/keystone-wsgi-public /var/www/cgi-bin/keystone/ + '[' -f /etc/apache2/envvars ']' + source /etc/apache2/envvars ++ unset HOME ++ '[' '' '!=' '' ']' ++ SUFFIX= ++ export APACHE_RUN_USER=www-data ++ APACHE_RUN_USER=www-data ++ export APACHE_RUN_GROUP=www-data ++ APACHE_RUN_GROUP=www-data ++ export APACHE_PID_FILE=/var/run/apache2/apache2.pid ++ APACHE_PID_FILE=/var/run/apache2/apache2.pid ++ export APACHE_RUN_DIR=/var/run/apache2 ++ APACHE_RUN_DIR=/var/run/apache2 ++ export APACHE_LOCK_DIR=/var/lock/apache2 ++ APACHE_LOCK_DIR=/var/lock/apache2 ++ export APACHE_LOG_DIR=/var/log/apache2 ++ APACHE_LOG_DIR=/var/log/apache2 ++ export LANG=C ++ LANG=C ++ export LANG + '[' -f /var/run/apache2/apache2.pid ']' + exec apache2 -DFOREGROUND AH00558: apache2: Could not reliably determine the server's fully qualified domain name, using 10.0.0.117. Set the 'ServerName' directive globally to suppress this message AH00558: apache2: Could not reliably determine the server's fully qualified domain name, using 10.0.0.117. Set the 'ServerName' directive globally to suppress this message
[Thu Jul 02 19:57:34.327322 2026] [mpm_event:notice] [pid 1:tid 140527706380160] AH00489: Apache/2.4.58 (Ubuntu) mod_wsgi/5.0.0 Python/3.12 configured -- resuming normal operations
[Thu Jul 02 19:57:34.327453 2026] [core:notice] [pid 1:tid 140527706380160] AH00094: Command line: 'apache2 -D FOREGROUND'
[Thu Jul 02 19:58:25.406467 2026] [wsgi:error] [pid 11:tid 140527068559040] /var/lib/openstack/lib/python3.12/site-packages/oslo_utils/importutils.py:77: EventletDeprecationWarning:
[Thu Jul 02 19:58:25.406508 2026] [wsgi:error] [pid 11:tid 140527068559040] Eventlet is deprecated. It is currently being maintained in bugfix mode, and
[Thu Jul 02 19:58:25.406511 2026] [wsgi:error] [pid 11:tid 140527068559040] we strongly recommend against using it for new projects.
[Thu Jul 02 19:58:25.406512 2026] [wsgi:error] [pid 11:tid 140527068559040]
[Thu Jul 02 19:58:25.406513 2026] [wsgi:error] [pid 11:tid 140527068559040] If you are already using Eventlet, we recommend migrating to a different
[Thu Jul 02 19:58:25.406514 2026] [wsgi:error] [pid 11:tid 140527068559040] framework. For more detail see
[Thu Jul 02 19:58:25.406516 2026] [wsgi:error] [pid 11:tid 140527068559040] https://eventlet.readthedocs.io/en/latest/asyncio/migration.html
[Thu Jul 02 19:58:25.406517 2026] [wsgi:error] [pid 11:tid 140527068559040]
[Thu Jul 02 19:58:25.406518 2026] [wsgi:error] [pid 11:tid 140527068559040] __import__(import_str)
[Thu Jul 02 19:58:25.413199 2026] [wsgi:error] [pid 9:tid 140527068559040] /var/lib/openstack/lib/python3.12/site-packages/oslo_utils/importutils.py:77: EventletDeprecationWarning:
[Thu Jul 02 19:58:25.413233 2026] [wsgi:error] [pid 9:tid 140527068559040] Eventlet is deprecated. It is currently being maintained in bugfix mode, and
[Thu Jul 02 19:58:25.413235 2026] [wsgi:error] [pid 9:tid 140527068559040] we strongly recommend against using it for new projects.
[Thu Jul 02 19:58:25.413237 2026] [wsgi:error] [pid 9:tid 140527068559040]
[Thu Jul 02 19:58:25.413238 2026] [wsgi:error] [pid 9:tid 140527068559040] If you are already using Eventlet, we recommend migrating to a different
[Thu Jul 02 19:58:25.413239 2026] [wsgi:error] [pid 9:tid 140527068559040] framework. For more detail see
[Thu Jul 02 19:58:25.413240 2026] [wsgi:error] [pid 9:tid 140527068559040] https://eventlet.readthedocs.io/en/latest/asyncio/migration.html
[Thu Jul 02 19:58:25.413241 2026] [wsgi:error] [pid 9:tid 140527068559040]
[Thu Jul 02 19:58:25.413242 2026] [wsgi:error] [pid 9:tid 140527068559040] __import__(import_str) 10.0.0.22 - - [02/Jul/2026:19:58:24 +0000] "GET /v3/ HTTP/1.1" 200 250 10.0.0.22 - - [02/Jul/2026:19:58:24 +0000] "GET /v3/ HTTP/1.1" 200 250
[Thu Jul 02 19:58:38.856094 2026] [wsgi:error] [pid 12:tid 140527068559040] /var/lib/openstack/lib/python3.12/site-packages/oslo_utils/importutils.py:77: EventletDeprecationWarning:
[Thu Jul 02 19:58:38.856133 2026] [wsgi:error] [pid 12:tid 140527068559040] Eventlet is deprecated. It is currently being maintained in bugfix mode, and
[Thu Jul 02 19:58:38.856135 2026] [wsgi:error] [pid 12:tid 140527068559040] we strongly recommend against using it for new projects.
[Thu Jul 02 19:58:38.856136 2026] [wsgi:error] [pid 12:tid 140527068559040]
[Thu Jul 02 19:58:38.856137 2026] [wsgi:error] [pid 12:tid 140527068559040] If you are already using Eventlet, we recommend migrating to a different
[Thu Jul 02 19:58:38.856138 2026] [wsgi:error] [pid 12:tid 140527068559040] framework. For more detail see
[Thu Jul 02 19:58:38.856139 2026] [wsgi:error] [pid 12:tid 140527068559040] https://eventlet.readthedocs.io/en/latest/asyncio/migration.html
[Thu Jul 02 19:58:38.856140 2026] [wsgi:error] [pid 12:tid 140527068559040]
[Thu Jul 02 19:58:38.856141 2026] [wsgi:error] [pid 12:tid 140527068559040] __import__(import_str) 10.0.0.241 - - [02/Jul/2026:19:58:38 +0000] "GET / HTTP/1.1" 300 295
[Thu Jul 02 19:58:44.079125 2026] [wsgi:error] [pid 10:tid 140527068559040] /var/lib/openstack/lib/python3.12/site-packages/oslo_utils/importutils.py:77: EventletDeprecationWarning:
[Thu Jul 02 19:58:44.079165 2026] [wsgi:error] [pid 10:tid 140527068559040] Eventlet is deprecated. It is currently being maintained in bugfix mode, and
[Thu Jul 02 19:58:44.079167 2026] [wsgi:error] [pid 10:tid 140527068559040] we strongly recommend against using it for new projects.
[Thu Jul 02 19:58:44.079168 2026] [wsgi:error] [pid 10:tid 140527068559040]
[Thu Jul 02 19:58:44.079169 2026] [wsgi:error] [pid 10:tid 140527068559040] If you are already using Eventlet, we recommend migrating to a different
[Thu Jul 02 19:58:44.079170 2026] [wsgi:error] [pid 10:tid 140527068559040] framework. For more detail see
[Thu Jul 02 19:58:44.079172 2026] [wsgi:error] [pid 10:tid 140527068559040] https://eventlet.readthedocs.io/en/latest/asyncio/migration.html
[Thu Jul 02 19:58:44.079173 2026] [wsgi:error] [pid 10:tid 140527068559040]
[Thu Jul 02 19:58:44.079174 2026] [wsgi:error] [pid 10:tid 140527068559040] __import__(import_str)
[Thu Jul 02 19:58:48.758249 2026] [wsgi:error] [pid 10:tid 140527068559040] [remote 10.0.0.241:42902] 2026-07-02 19:58:48.754 10 WARNING keystone.identity.core [None req-0f71ce34-42e6-4b20-9035-4006c1bd8282 - - - - - -] Invalid domain name (atmosphere) found in config file name: keystone.exception.DomainNotFound: Could not find domain: atmosphere.
[Thu Jul 02 19:58:48.813615 2026] [wsgi:error] [pid 10:tid 140527068559040] [remote 10.0.0.241:42902] 2026-07-02 19:58:48.813 10 WARNING keystone.common.password_hashing [None req-0f71ce34-42e6-4b20-9035-4006c1bd8282 - - - - - -] Truncating password to algorithm specific maximum length 72 characters.
[Thu Jul 02 19:58:49.095873 2026] [wsgi:error] [pid 10:tid 140527068559040] [remote 10.0.0.241:42902] 2026-07-02 19:58:49.095 10 WARNING keystone.common.fernet_utils [None req-0f71ce34-42e6-4b20-9035-4006c1bd8282 - - - - - -] key_repository is world readable: /etc/keystone/fernet-keys/ 10.0.0.241 - - [02/Jul/2026:19:58:43 +0000] "POST /v3/auth/tokens HTTP/1.1" 201 1359
[Thu Jul 02 19:58:49.457651 2026] [wsgi:error] [pid 9:tid 140527068559040] [remote 10.0.0.241:42902] 2026-07-02 19:58:49.454 9 WARNING keystone.identity.core [None req-e6024a90-e66b-41ab-80b4-4d50edc24f9f - - - - - -] Invalid domain name (atmosphere) found in config file name: keystone.exception.DomainNotFound: Could not find domain: atmosphere. 10.0.0.241 - - [02/Jul/2026:19:58:49 +0000] "POST /v3/domains HTTP/1.1" 201 261 10.0.0.181 - - [02/Jul/2026:19:59:00 +0000] "GET / HTTP/1.1" 300 295
[Thu Jul 02 19:59:00.601705 2026] [wsgi:error] [pid 12:tid 140527068559040] [remote 10.0.0.181:59730] 2026-07-02 19:59:00.600 12 WARNING keystone.common.password_hashing [None req-a6e0bfb9-8761-405c-b47c-2e1628ba738f - - - - - -] Truncating password to algorithm specific maximum length 72 characters.
[Thu Jul 02 19:59:00.877425 2026] [wsgi:error] [pid 12:tid 140527068559040] [remote 10.0.0.181:59730] 2026-07-02 19:59:00.876 12 WARNING keystone.common.fernet_utils [None req-a6e0bfb9-8761-405c-b47c-2e1628ba738f - - - - - -] key_repository is world readable: /etc/keystone/fernet-keys/ 10.0.0.181 - - [02/Jul/2026:19:59:00 +0000] "POST /v3/auth/tokens HTTP/1.1" 201 1359 10.0.0.181 - - [02/Jul/2026:19:59:01 +0000] "GET /v3/roles/admin HTTP/1.1" 404 83
[Thu Jul 02 19:59:01.145156 2026] [wsgi:error] [pid 9:tid 140527068559040] [remote 10.0.0.181:59730] 2026-07-02 19:59:01.144 9 WARNING keystone.common.rbac_enforcer.enforcer [None req-a5f7bcb7-fc86-47d1-9346-e7337d0f3a1d ab57d317b529402f8aeb71a5473b6927 24b3740b218d4e10aee1bbd2d4ad8977 - - default default] Deprecated policy rules found. Use oslopolicy-policy-generator and oslopolicy-policy-upgrade to detect and resolve deprecated policies in your configuration. 10.0.0.181 - - [02/Jul/2026:19:59:01 +0000] "GET /v3/roles?name=admin HTTP/1.1" 200 389
[Thu Jul 02 19:59:01.643629 2026] [wsgi:error] [pid 11:tid 140527068559040] [remote 10.0.0.181:59730] 2026-07-02 19:59:01.643 11 WARNING keystone.common.rbac_enforcer.enforcer [None req-fa5a88dc-2469-4e92-afe2-f45371a52895 ab57d317b529402f8aeb71a5473b6927 24b3740b218d4e10aee1bbd2d4ad8977 - - default default] Deprecated policy rules found. Use oslopolicy-policy-generator and oslopolicy-policy-upgrade to detect and resolve deprecated policies in your configuration. 10.0.0.181 - - [02/Jul/2026:19:59:01 +0000] "GET /v3/users/admin-RegionOne HTTP/1.1" 404 93
[Thu Jul 02 19:59:01.961783 2026] [wsgi:error] [pid 12:tid 140527068559040] [remote 10.0.0.181:59730] 2026-07-02 19:59:01.961 12 WARNING keystone.common.rbac_enforcer.enforcer [None req-fc7d1514-354b-4569-b4c6-ab6cce723cba ab57d317b529402f8aeb71a5473b6927 24b3740b218d4e10aee1bbd2d4ad8977 - - default default] Deprecated policy rules found. Use oslopolicy-policy-generator and oslopolicy-policy-upgrade to detect and resolve deprecated policies in your configuration. 10.0.0.181 - - [02/Jul/2026:19:59:01 +0000] "GET /v3/users?name=admin-RegionOne HTTP/1.1" 200 422
[Thu Jul 02 19:59:02.122309 2026] [wsgi:error] [pid 10:tid 140527068559040] [remote 10.0.0.181:59730] 2026-07-02 19:59:02.122 10 WARNING keystone.common.rbac_enforcer.enforcer [None req-a6008594-8b40-4006-8f90-f63ef398bdd9 ab57d317b529402f8aeb71a5473b6927 24b3740b218d4e10aee1bbd2d4ad8977 - - default default] Deprecated policy rules found. Use oslopolicy-policy-generator and oslopolicy-policy-upgrade to detect and resolve deprecated policies in your configuration. 10.0.0.181 - - [02/Jul/2026:19:59:02 +0000] "GET /v3/domains/default HTTP/1.1" 200 224 10.0.0.181 - - [02/Jul/2026:19:59:02 +0000] "PUT /v3/domains/default/users/ab57d317b529402f8aeb71a5473b6927/roles/3a7009735aa44a82a0e47571c6efd70a HTTP/1.1" 204 - 10.0.0.22 - - [02/Jul/2026:19:59:12 +0000] "GET / HTTP/1.1" 300 280 10.0.0.22 - - [02/Jul/2026:19:59:13 +0000] "GET /v3 HTTP/1.1" 200 265
[Thu Jul 02 19:59:13.615597 2026] [wsgi:error] [pid 10:tid 140527068559040] [remote 10.0.0.22:43584] 2026-07-02 19:59:13.615 10 WARNING keystone.common.password_hashing [None req-24b6427c-cd37-4c3b-8de8-27aae14c350c - - - - - -] Truncating password to algorithm specific maximum length 72 characters.
[Thu Jul 02 19:59:13.894100 2026] [wsgi:error] [pid 10:tid 140527068559040] [remote 10.0.0.22:43584] 2026-07-02 19:59:13.893 10 WARNING keystone.common.fernet_utils [None req-24b6427c-cd37-4c3b-8de8-27aae14c350c - - - - - -] key_repository is world readable: /etc/keystone/fernet-keys/ 10.0.0.22 - - [02/Jul/2026:19:59:13 +0000] "POST /v3/auth/tokens HTTP/1.1" 201 1359 10.0.0.22 - - [02/Jul/2026:19:59:13 +0000] "GET / HTTP/1.1" 300 280 10.0.0.22 - - [02/Jul/2026:19:59:13 +0000] "GET /v3/domains/atmosphere HTTP/1.1" 404 90 10.0.0.22 - - [02/Jul/2026:19:59:14 +0000] "GET /v3/domains?name=atmosphere HTTP/1.1" 200 368 10.0.0.22 - - [02/Jul/2026:19:59:14 +0000] "GET /v3/domains/84e5614c1ac4413ca2dfa5117299f58e HTTP/1.1" 200 246 10.0.0.22 - - [02/Jul/2026:19:59:14 +0000] "GET /v3 HTTP/1.1" 200 265
[Thu Jul 02 19:59:14.992880 2026] [wsgi:error] [pid 11:tid 140527068559040] [remote 10.0.0.22:43584] 2026-07-02 19:59:14.992 11 WARNING keystone.common.password_hashing [None req-b1c2e8bd-e212-4cba-9987-7a93e9da1f11 - - - - - -] Truncating password to algorithm specific maximum length 72 characters.
[Thu Jul 02 19:59:15.270175 2026] [wsgi:error] [pid 11:tid 140527068559040] [remote 10.0.0.22:43584] 2026-07-02 19:59:15.269 11 WARNING keystone.common.fernet_utils [None req-b1c2e8bd-e212-4cba-9987-7a93e9da1f11 - - - - - -] key_repository is world readable: /etc/keystone/fernet-keys/ 10.0.0.22 - - [02/Jul/2026:19:59:14 +0000] "POST /v3/auth/tokens HTTP/1.1" 201 1359 10.0.0.22 - - [02/Jul/2026:19:59:15 +0000] "GET / HTTP/1.1" 300 280 10.0.0.22 - - [02/Jul/2026:19:59:15 +0000] "GET /v3/OS-FEDERATION/identity_providers/atmosphere HTTP/1.1" 404 101 10.0.0.22 - - [02/Jul/2026:19:59:15 +0000] "GET /v3/OS-FEDERATION/identity_providers HTTP/1.1" 200 155 10.0.0.22 - - [02/Jul/2026:19:59:15 +0000] "PUT /v3/OS-FEDERATION/identity_providers/atmosphere HTTP/1.1" 201 340 10.0.0.22 - - [02/Jul/2026:19:59:16 +0000] "GET /v3 HTTP/1.1" 200 265
[Thu Jul 02 19:59:16.148868 2026] [wsgi:error] [pid 10:tid 140527068559040] [remote 10.0.0.22:43584] 2026-07-02 19:59:16.148 10 WARNING keystone.common.password_hashing [None req-0842abfe-e95f-47bf-bbf4-fd8731d3eda1 - - - - - -] Truncating password to algorithm specific maximum length 72 characters.
[Thu Jul 02 19:59:16.423421 2026] [wsgi:error] [pid 10:tid 140527068559040] [remote 10.0.0.22:43584] 2026-07-02 19:59:16.423 10 WARNING keystone.common.fernet_utils [None req-0842abfe-e95f-47bf-bbf4-fd8731d3eda1 - - - - - -] key_repository is world readable: /etc/keystone/fernet-keys/ 10.0.0.22 - - [02/Jul/2026:19:59:16 +0000] "POST /v3/auth/tokens HTTP/1.1" 201 1359 10.0.0.22 - - [02/Jul/2026:19:59:16 +0000] "GET / HTTP/1.1" 300 280 10.0.0.22 - - [02/Jul/2026:19:59:16 +0000] "GET /v3/OS-FEDERATION/mappings/atmosphere-openid HTTP/1.1" 404 98 10.0.0.22 - - [02/Jul/2026:19:59:16 +0000] "GET /v3/OS-FEDERATION/mappings HTTP/1.1" 200 135 10.0.0.22 - - [02/Jul/2026:19:59:16 +0000] "PUT /v3/OS-FEDERATION/mappings/atmosphere-openid HTTP/1.1" 201 356 10.0.0.22 - - [02/Jul/2026:19:59:17 +0000] "GET /v3 HTTP/1.1" 200 265
[Thu Jul 02 19:59:17.231110 2026] [wsgi:error] [pid 11:tid 140527068559040] [remote 10.0.0.22:43584] 2026-07-02 19:59:17.230 11 WARNING keystone.common.password_hashing [None req-b2c5f75b-83d3-4654-b910-4063db296619 - - - - - -] Truncating password to algorithm specific maximum length 72 characters.
[Thu Jul 02 19:59:17.503208 2026] [wsgi:error] [pid 11:tid 140527068559040] [remote 10.0.0.22:43584] 2026-07-02 19:59:17.503 11 WARNING keystone.common.fernet_utils [None req-b2c5f75b-83d3-4654-b910-4063db296619 - - - - - -] key_repository is world readable: /etc/keystone/fernet-keys/ 10.0.0.22 - - [02/Jul/2026:19:59:17 +0000] "POST /v3/auth/tokens HTTP/1.1" 201 1359 10.0.0.22 - - [02/Jul/2026:19:59:17 +0000] "GET / HTTP/1.1" 300 280 10.0.0.22 - - [02/Jul/2026:19:59:17 +0000] "GET /v3/OS-FEDERATION/identity_providers/atmosphere/protocols/openid?idp_id=atmosphere HTTP/1.1" 404 131 10.0.0.22 - - [02/Jul/2026:19:59:17 +0000] "GET /v3/OS-FEDERATION/identity_providers/atmosphere/protocols HTTP/1.1" 200 167 10.0.0.22 - - [02/Jul/2026:19:59:17 +0000] "PUT /v3/OS-FEDERATION/identity_providers/atmosphere/protocols/openid HTTP/1.1" 201 222 10.0.0.22 - - [02/Jul/2026:19:59:24 +0000] "GET /v3/ HTTP/1.1" 200 250 10.0.0.22 - - [02/Jul/2026:19:59:24 +0000] "GET /v3/ HTTP/1.1" 200 250 10.0.0.22 - - [02/Jul/2026:20:00:24 +0000] "GET /v3/ HTTP/1.1" 200 250 10.0.0.22 - - [02/Jul/2026:20:00:24 +0000] "GET /v3/ HTTP/1.1" 200 250 10.0.0.102 - - [02/Jul/2026:20:00:43 +0000] "GET / HTTP/1.1" 300 295
[Thu Jul 02 20:00:43.130372 2026] [wsgi:error] [pid 10:tid 140527068559040] [remote 10.0.0.102:38466] 2026-07-02 20:00:43.130 10 WARNING keystone.common.password_hashing [None req-ca1e9256-2569-4809-b3b7-1288f255219a - - - - - -] Truncating password to algorithm specific maximum length 72 characters.
[Thu Jul 02 20:00:43.418941 2026] [wsgi:error] [pid 10:tid 140527068559040] [remote 10.0.0.102:38466] 2026-07-02 20:00:43.418 10 WARNING keystone.common.fernet_utils [None req-ca1e9256-2569-4809-b3b7-1288f255219a - - - - - -] key_repository is world readable: /etc/keystone/fernet-keys/ 10.0.0.102 - - [02/Jul/2026:20:00:43 +0000] "POST /v3/auth/tokens HTTP/1.1" 201 1359 10.0.0.102 - - [02/Jul/2026:20:00:43 +0000] "GET /v3/services HTTP/1.1" 200 355 10.0.0.102 - - [02/Jul/2026:20:00:47 +0000] "GET / HTTP/1.1" 300 295
[Thu Jul 02 20:00:47.111173 2026] [wsgi:error] [pid 12:tid 140527068559040] [remote 10.0.0.102:41170] 2026-07-02 20:00:47.110 12 WARNING keystone.common.password_hashing [None req-097e0b04-0056-4225-bd52-40beccdb55c5 - - - - - -] Truncating password to algorithm specific maximum length 72 characters.
[Thu Jul 02 20:00:47.386403 2026] [wsgi:error] [pid 12:tid 140527068559040] [remote 10.0.0.102:41170] 2026-07-02 20:00:47.386 12 WARNING keystone.common.fernet_utils [None req-097e0b04-0056-4225-bd52-40beccdb55c5 - - - - - -] key_repository is world readable: /etc/keystone/fernet-keys/ 10.0.0.102 - - [02/Jul/2026:20:00:47 +0000] "POST /v3/auth/tokens HTTP/1.1" 201 1359 10.0.0.102 - - [02/Jul/2026:20:00:47 +0000] "GET /v3/services HTTP/1.1" 200 355 10.0.0.102 - - [02/Jul/2026:20:00:50 +0000] "GET / HTTP/1.1" 300 295
[Thu Jul 02 20:00:50.985361 2026] [wsgi:error] [pid 11:tid 140527068559040] [remote 10.0.0.102:41172] 2026-07-02 20:00:50.985 11 WARNING keystone.common.password_hashing [None req-85d9eef0-89e5-47b5-b1fa-cd3b3f390e3c - - - - - -] Truncating password to algorithm specific maximum length 72 characters.
[Thu Jul 02 20:00:51.256383 2026] [wsgi:error] [pid 11:tid 140527068559040] [remote 10.0.0.102:41172] 2026-07-02 20:00:51.256 11 WARNING keystone.common.fernet_utils [None req-85d9eef0-89e5-47b5-b1fa-cd3b3f390e3c - - - - - -] key_repository is world readable: /etc/keystone/fernet-keys/ 10.0.0.102 - - [02/Jul/2026:20:00:50 +0000] "POST /v3/auth/tokens HTTP/1.1" 201 1359 10.0.0.102 - - [02/Jul/2026:20:00:51 +0000] "GET /v3/services HTTP/1.1" 200 355 10.0.0.102 - - [02/Jul/2026:20:00:54 +0000] "GET / HTTP/1.1" 300 295
[Thu Jul 02 20:00:54.909055 2026] [wsgi:error] [pid 9:tid 140527068559040] [remote 10.0.0.102:41560] 2026-07-02 20:00:54.908 9 WARNING keystone.common.password_hashing [None req-5405bf77-640f-459d-84c3-2800dca6083c - - - - - -] Truncating password to algorithm specific maximum length 72 characters.
[Thu Jul 02 20:00:55.190348 2026] [wsgi:error] [pid 9:tid 140527068559040] [remote 10.0.0.102:41560] 2026-07-02 20:00:55.190 9 WARNING keystone.common.fernet_utils [None req-5405bf77-640f-459d-84c3-2800dca6083c - - - - - -] key_repository is world readable: /etc/keystone/fernet-keys/ 10.0.0.102 - - [02/Jul/2026:20:00:54 +0000] "POST /v3/auth/tokens HTTP/1.1" 201 1359 10.0.0.102 - - [02/Jul/2026:20:00:55 +0000] "POST /v3/services HTTP/1.1" 201 296 10.0.0.153 - - [02/Jul/2026:20:01:05 +0000] "GET / HTTP/1.1" 300 295
[Thu Jul 02 20:01:05.355820 2026] [wsgi:error] [pid 10:tid 140527068559040] [remote 10.0.0.153:57154] 2026-07-02 20:01:05.355 10 WARNING keystone.common.password_hashing [None req-0409d801-14e5-40f2-b7e7-0e5030c8ca69 - - - - - -] Truncating password to algorithm specific maximum length 72 characters. 10.0.0.153 - - [02/Jul/2026:20:01:05 +0000] "GET / HTTP/1.1" 300 295
[Thu Jul 02 20:01:05.460798 2026] [wsgi:error] [pid 11:tid 140527068559040] [remote 10.0.0.153:57160] 2026-07-02 20:01:05.460 11 WARNING keystone.common.password_hashing [None req-de65990f-9134-4897-a060-238c649ef97c - - - - - -] Truncating password to algorithm specific maximum length 72 characters.
[Thu Jul 02 20:01:05.658572 2026] [wsgi:error] [pid 10:tid 140527068559040] [remote 10.0.0.153:57154] 2026-07-02 20:01:05.658 10 WARNING keystone.common.fernet_utils [None req-0409d801-14e5-40f2-b7e7-0e5030c8ca69 - - - - - -] key_repository is world readable: /etc/keystone/fernet-keys/ 10.0.0.153 - - [02/Jul/2026:20:01:05 +0000] "POST /v3/auth/tokens HTTP/1.1" 201 1463
[Thu Jul 02 20:01:05.734472 2026] [wsgi:error] [pid 11:tid 140527068559040] [remote 10.0.0.153:57160] 2026-07-02 20:01:05.734 11 WARNING keystone.common.fernet_utils [None req-de65990f-9134-4897-a060-238c649ef97c - - - - - -] key_repository is world readable: /etc/keystone/fernet-keys/ 10.0.0.153 - - [02/Jul/2026:20:01:05 +0000] "POST /v3/auth/tokens HTTP/1.1" 201 1463 10.0.0.153 - - [02/Jul/2026:20:01:05 +0000] "GET / HTTP/1.1" 300 295 10.0.0.153 - - [02/Jul/2026:20:01:05 +0000] "GET /v3/services HTTP/1.1" 200 639
[Thu Jul 02 20:01:05.824762 2026] [wsgi:error] [pid 10:tid 140527068559040] [remote 10.0.0.153:57172] 2026-07-02 20:01:05.824 10 WARNING keystone.common.password_hashing [None req-6213e94f-c9fa-44b2-82a9-6e3565a7fee4 - - - - - -] Truncating password to algorithm specific maximum length 72 characters. 10.0.0.153 - - [02/Jul/2026:20:01:05 +0000] "GET /v3/services HTTP/1.1" 200 639
[Thu Jul 02 20:01:06.095215 2026] [wsgi:error] [pid 10:tid 140527068559040] [remote 10.0.0.153:57172] 2026-07-02 20:01:06.095 10 WARNING keystone.common.fernet_utils [None req-6213e94f-c9fa-44b2-82a9-6e3565a7fee4 - - - - - -] key_repository is world readable: /etc/keystone/fernet-keys/ 10.0.0.153 - - [02/Jul/2026:20:01:05 +0000] "POST /v3/auth/tokens HTTP/1.1" 201 1463 10.0.0.153 - - [02/Jul/2026:20:01:06 +0000] "GET /v3/services HTTP/1.1" 200 639 10.0.0.153 - - [02/Jul/2026:20:01:07 +0000] "GET / HTTP/1.1" 300 295
[Thu Jul 02 20:01:07.385789 2026] [wsgi:error] [pid 11:tid 140527068559040] [remote 10.0.0.153:57186] 2026-07-02 20:01:07.385 11 WARNING keystone.common.password_hashing [None req-2f56cb5e-a2ff-4862-83f5-c1885d06ca05 - - - - - -] Truncating password to algorithm specific maximum length 72 characters.
[Thu Jul 02 20:01:07.664379 2026] [wsgi:error] [pid 11:tid 140527068559040] [remote 10.0.0.153:57186] 2026-07-02 20:01:07.664 11 WARNING keystone.common.fernet_utils [None req-2f56cb5e-a2ff-4862-83f5-c1885d06ca05 - - - - - -] key_repository is world readable: /etc/keystone/fernet-keys/ 10.0.0.153 - - [02/Jul/2026:20:01:07 +0000] "POST /v3/auth/tokens HTTP/1.1" 201 1463 10.0.0.153 - - [02/Jul/2026:20:01:07 +0000] "GET / HTTP/1.1" 300 295
[Thu Jul 02 20:01:07.763015 2026] [wsgi:error] [pid 9:tid 140527068559040] [remote 10.0.0.153:57190] 2026-07-02 20:01:07.762 9 WARNING keystone.common.password_hashing [None req-3431ac02-fff8-4b8f-a5a0-79c52a9f287b - - - - - -] Truncating password to algorithm specific maximum length 72 characters. 10.0.0.153 - - [02/Jul/2026:20:01:07 +0000] "GET /v3/endpoints HTTP/1.1" 200 1226 10.0.0.153 - - [02/Jul/2026:20:01:07 +0000] "GET /v3/services/927869cdf1a0475fa2a58e3e9b7cad19 HTTP/1.1" 200 233 10.0.0.153 - - [02/Jul/2026:20:01:07 +0000] "GET / HTTP/1.1" 300 295
[Thu Jul 02 20:01:07.851367 2026] [wsgi:error] [pid 11:tid 140527068559040] [remote 10.0.0.153:57200] 2026-07-02 20:01:07.851 11 WARNING keystone.common.password_hashing [None req-15c58fc0-a836-4337-8e11-5a02d7d77596 - - - - - -] Truncating password to algorithm specific maximum length 72 characters. 10.0.0.153 - - [02/Jul/2026:20:01:07 +0000] "GET /v3/services/927869cdf1a0475fa2a58e3e9b7cad19 HTTP/1.1" 200 233 10.0.0.153 - - [02/Jul/2026:20:01:07 +0000] "GET /v3/services/927869cdf1a0475fa2a58e3e9b7cad19 HTTP/1.1" 200 233
[Thu Jul 02 20:01:08.050708 2026] [wsgi:error] [pid 9:tid 140527068559040] [remote 10.0.0.153:57190] 2026-07-02 20:01:08.050 9 WARNING keystone.common.fernet_utils [None req-3431ac02-fff8-4b8f-a5a0-79c52a9f287b - - - - - -] key_repository is world readable: /etc/keystone/fernet-keys/ 10.0.0.153 - - [02/Jul/2026:20:01:07 +0000] "POST /v3/auth/tokens HTTP/1.1" 201 1463
[Thu Jul 02 20:01:08.124329 2026] [wsgi:error] [pid 11:tid 140527068559040] [remote 10.0.0.153:57200] 2026-07-02 20:01:08.124 11 WARNING keystone.common.fernet_utils [None req-15c58fc0-a836-4337-8e11-5a02d7d77596 - - - - - -] key_repository is world readable: /etc/keystone/fernet-keys/ 10.0.0.153 - - [02/Jul/2026:20:01:07 +0000] "POST /v3/auth/tokens HTTP/1.1" 201 1463 10.0.0.153 - - [02/Jul/2026:20:01:08 +0000] "GET /v3/endpoints HTTP/1.1" 200 1226 10.0.0.153 - - [02/Jul/2026:20:01:08 +0000] "GET /v3/endpoints HTTP/1.1" 200 1226 10.0.0.153 - - [02/Jul/2026:20:01:08 +0000] "GET /v3/services/927869cdf1a0475fa2a58e3e9b7cad19 HTTP/1.1" 200 233 10.0.0.153 - - [02/Jul/2026:20:01:08 +0000] "GET /v3/services/927869cdf1a0475fa2a58e3e9b7cad19 HTTP/1.1" 200 233 10.0.0.153 - - [02/Jul/2026:20:01:08 +0000] "GET /v3/services/927869cdf1a0475fa2a58e3e9b7cad19 HTTP/1.1" 200 233 10.0.0.153 - - [02/Jul/2026:20:01:08 +0000] "GET /v3/services/927869cdf1a0475fa2a58e3e9b7cad19 HTTP/1.1" 200 233 10.0.0.153 - - [02/Jul/2026:20:01:08 +0000] "GET /v3/services/927869cdf1a0475fa2a58e3e9b7cad19 HTTP/1.1" 200 233 10.0.0.153 - - [02/Jul/2026:20:01:08 +0000] "GET /v3/services/927869cdf1a0475fa2a58e3e9b7cad19 HTTP/1.1" 200 233 10.0.0.153 - - [02/Jul/2026:20:01:09 +0000] "GET / HTTP/1.1" 300 295
[Thu Jul 02 20:01:09.459233 2026] [wsgi:error] [pid 12:tid 140527068559040] [remote 10.0.0.153:57216] 2026-07-02 20:01:09.458 12 WARNING keystone.common.password_hashing [None req-fd4214c1-df90-4100-9f03-c3f210f91731 - - - - - -] Truncating password to algorithm specific maximum length 72 characters.
[Thu Jul 02 20:01:09.750736 2026] [wsgi:error] [pid 12:tid 140527068559040] [remote 10.0.0.153:57216] 2026-07-02 20:01:09.750 12 WARNING keystone.common.fernet_utils [None req-fd4214c1-df90-4100-9f03-c3f210f91731 - - - - - -] key_repository is world readable: /etc/keystone/fernet-keys/ 10.0.0.153 - - [02/Jul/2026:20:01:09 +0000] "POST /v3/auth/tokens HTTP/1.1" 201 1463 10.0.0.153 - - [02/Jul/2026:20:01:09 +0000] "GET / HTTP/1.1" 300 295
[Thu Jul 02 20:01:09.782851 2026] [wsgi:error] [pid 11:tid 140527068559040] [remote 10.0.0.153:57230] 2026-07-02 20:01:09.782 11 WARNING keystone.common.password_hashing [None req-d66466dc-8cf0-44fa-b6b6-814835aae053 - - - - - -] Truncating password to algorithm specific maximum length 72 characters. 10.0.0.153 - - [02/Jul/2026:20:01:09 +0000] "GET / HTTP/1.1" 300 295 10.0.0.153 - - [02/Jul/2026:20:01:09 +0000] "GET /v3/services/e9f66f36f22e447682f9446696462817 HTTP/1.1" 200 296
[Thu Jul 02 20:01:09.927485 2026] [wsgi:error] [pid 9:tid 140527068559040] [remote 10.0.0.153:57234] 2026-07-02 20:01:09.927 9 WARNING keystone.common.password_hashing [None req-516b7d8c-4cac-44bc-ad44-7e3b00646e8f - - - - - -] Truncating password to algorithm specific maximum length 72 characters. 10.0.0.153 - - [02/Jul/2026:20:01:09 +0000] "GET /v3/regions/RegionOne HTTP/1.1" 200 173
[Thu Jul 02 20:01:10.081709 2026] [wsgi:error] [pid 11:tid 140527068559040] [remote 10.0.0.153:57230] 2026-07-02 20:01:10.081 11 WARNING keystone.common.fernet_utils [None req-d66466dc-8cf0-44fa-b6b6-814835aae053 - - - - - -] key_repository is world readable: /etc/keystone/fernet-keys/ 10.0.0.153 - - [02/Jul/2026:20:01:09 +0000] "POST /v3/auth/tokens HTTP/1.1" 201 1463
[Thu Jul 02 20:01:10.209467 2026] [wsgi:error] [pid 9:tid 140527068559040] [remote 10.0.0.153:57234] 2026-07-02 20:01:10.209 9 WARNING keystone.common.fernet_utils [None req-516b7d8c-4cac-44bc-ad44-7e3b00646e8f - - - - - -] key_repository is world readable: /etc/keystone/fernet-keys/ 10.0.0.153 - - [02/Jul/2026:20:01:09 +0000] "POST /v3/auth/tokens HTTP/1.1" 201 1463 10.0.0.153 - - [02/Jul/2026:20:01:10 +0000] "GET /v3/services/e9f66f36f22e447682f9446696462817 HTTP/1.1" 200 296 10.0.0.153 - - [02/Jul/2026:20:01:10 +0000] "GET /v3/regions/RegionOne HTTP/1.1" 200 173 10.0.0.153 - - [02/Jul/2026:20:01:09 +0000] "POST /v3/endpoints HTTP/1.1" 201 383 10.0.0.153 - - [02/Jul/2026:20:01:10 +0000] "POST /v3/endpoints HTTP/1.1" 201 380 10.0.0.153 - - [02/Jul/2026:20:01:10 +0000] "GET /v3/services/e9f66f36f22e447682f9446696462817 HTTP/1.1" 200 296 10.0.0.153 - - [02/Jul/2026:20:01:10 +0000] "GET /v3/regions/RegionOne HTTP/1.1" 200 173 10.0.0.153 - - [02/Jul/2026:20:01:10 +0000] "POST /v3/endpoints HTTP/1.1" 201 369 10.0.0.153 - - [02/Jul/2026:20:01:11 +0000] "GET / HTTP/1.1" 300 295
[Thu Jul 02 20:01:11.785247 2026] [wsgi:error] [pid 12:tid 140527068559040] [remote 10.0.0.153:57236] 2026-07-02 20:01:11.784 12 WARNING keystone.common.password_hashing [None req-67ffee0c-6713-4d61-bb1e-a2cf1bbfca14 - - - - - -] Truncating password to algorithm specific maximum length 72 characters. 10.0.0.153 - - [02/Jul/2026:20:01:11 +0000] "GET / HTTP/1.1" 300 295
[Thu Jul 02 20:01:11.865256 2026] [wsgi:error] [pid 10:tid 140527068559040] [remote 10.0.0.153:57250] 2026-07-02 20:01:11.865 10 WARNING keystone.common.password_hashing [None req-83406d65-1e8c-4921-8fe9-7cb3d47c3d72 - - - - - -] Truncating password to algorithm specific maximum length 72 characters. 10.0.0.153 - - [02/Jul/2026:20:01:12 +0000] "GET / HTTP/1.1" 300 295
[Thu Jul 02 20:01:12.077989 2026] [wsgi:error] [pid 11:tid 140527068559040] [remote 10.0.0.153:57264] 2026-07-02 20:01:12.077 11 WARNING keystone.common.password_hashing [None req-c1bdb636-d890-41f0-9efd-8bc285fbabe7 - - - - - -] Truncating password to algorithm specific maximum length 72 characters.
[Thu Jul 02 20:01:12.096485 2026] [wsgi:error] [pid 12:tid 140527068559040] [remote 10.0.0.153:57236] 2026-07-02 20:01:12.096 12 WARNING keystone.common.fernet_utils [None req-67ffee0c-6713-4d61-bb1e-a2cf1bbfca14 - - - - - -] key_repository is world readable: /etc/keystone/fernet-keys/ 10.0.0.153 - - [02/Jul/2026:20:01:11 +0000] "POST /v3/auth/tokens HTTP/1.1" 201 1990
[Thu Jul 02 20:01:12.138172 2026] [wsgi:error] [pid 10:tid 140527068559040] [remote 10.0.0.153:57250] 2026-07-02 20:01:12.138 10 WARNING keystone.common.fernet_utils [None req-83406d65-1e8c-4921-8fe9-7cb3d47c3d72 - - - - - -] key_repository is world readable: /etc/keystone/fernet-keys/ 10.0.0.153 - - [02/Jul/2026:20:01:11 +0000] "POST /v3/auth/tokens HTTP/1.1" 201 1990 10.0.0.153 - - [02/Jul/2026:20:01:12 +0000] "GET /v3/endpoints/9af0e4066241402b9e9f19bede3aa5f1 HTTP/1.1" 200 383 10.0.0.153 - - [02/Jul/2026:20:01:12 +0000] "GET /v3/endpoints/c76471e5c78e4fccb22fe0915c934ad3 HTTP/1.1" 200 380 10.0.0.153 - - [02/Jul/2026:20:01:12 +0000] "GET /v3/services/e9f66f36f22e447682f9446696462817 HTTP/1.1" 200 296 10.0.0.153 - - [02/Jul/2026:20:01:12 +0000] "GET /v3/services/e9f66f36f22e447682f9446696462817 HTTP/1.1" 200 296
[Thu Jul 02 20:01:12.366739 2026] [wsgi:error] [pid 11:tid 140527068559040] [remote 10.0.0.153:57264] 2026-07-02 20:01:12.366 11 WARNING keystone.common.fernet_utils [None req-c1bdb636-d890-41f0-9efd-8bc285fbabe7 - - - - - -] key_repository is world readable: /etc/keystone/fernet-keys/ 10.0.0.153 - - [02/Jul/2026:20:01:12 +0000] "POST /v3/auth/tokens HTTP/1.1" 201 1990 10.0.0.153 - - [02/Jul/2026:20:01:12 +0000] "GET /v3/endpoints/cc5679752b7448c7bf1e3a1aebd9e9e3 HTTP/1.1" 200 369 10.0.0.153 - - [02/Jul/2026:20:01:12 +0000] "GET /v3/services/e9f66f36f22e447682f9446696462817 HTTP/1.1" 200 296 10.0.0.22 - - [02/Jul/2026:20:01:24 +0000] "GET /v3/ HTTP/1.1" 200 250 10.0.0.22 - - [02/Jul/2026:20:01:24 +0000] "GET /v3/ HTTP/1.1" 200 250 10.0.0.231 - - [02/Jul/2026:20:01:26 +0000] "GET / HTTP/1.1" 300 295
[Thu Jul 02 20:01:26.250902 2026] [wsgi:error] [pid 10:tid 140527068559040] [remote 10.0.0.231:45588] 2026-07-02 20:01:26.250 10 WARNING keystone.common.password_hashing [None req-b6133995-66fd-4343-8b18-d268f16f0687 - - - - - -] Truncating password to algorithm specific maximum length 72 characters.
[Thu Jul 02 20:01:26.525831 2026] [wsgi:error] [pid 10:tid 140527068559040] [remote 10.0.0.231:45588] 2026-07-02 20:01:26.525 10 WARNING keystone.common.fernet_utils [None req-b6133995-66fd-4343-8b18-d268f16f0687 - - - - - -] key_repository is world readable: /etc/keystone/fernet-keys/ 10.0.0.231 - - [02/Jul/2026:20:01:26 +0000] "POST /v3/auth/tokens HTTP/1.1" 201 1990 10.0.0.231 - - [02/Jul/2026:20:01:26 +0000] "POST /v3/domains HTTP/1.1" 201 284 10.0.0.231 - - [02/Jul/2026:20:01:28 +0000] "GET / HTTP/1.1" 300 295
[Thu Jul 02 20:01:28.299730 2026] [wsgi:error] [pid 12:tid 140527068559040] [remote 10.0.0.231:45590] 2026-07-02 20:01:28.299 12 WARNING keystone.common.password_hashing [None req-cf5223da-d8bd-4a2c-9574-74c6d21c1bc6 - - - - - -] Truncating password to algorithm specific maximum length 72 characters.
[Thu Jul 02 20:01:28.611329 2026] [wsgi:error] [pid 12:tid 140527068559040] [remote 10.0.0.231:45590] 2026-07-02 20:01:28.611 12 WARNING keystone.common.fernet_utils [None req-cf5223da-d8bd-4a2c-9574-74c6d21c1bc6 - - - - - -] key_repository is world readable: /etc/keystone/fernet-keys/ 10.0.0.231 - - [02/Jul/2026:20:01:28 +0000] "POST /v3/auth/tokens HTTP/1.1" 201 1990
[Thu Jul 02 20:01:28.782409 2026] [wsgi:error] [pid 10:tid 140527068559040] [remote 10.0.0.231:45590] 2026-07-02 20:01:28.766 10 ERROR keystone.server.flask.application [None req-ecff7037-fd09-4e47-b170-44c8c47c28f5 ab57d317b529402f8aeb71a5473b6927 24b3740b218d4e10aee1bbd2d4ad8977 - - default default] Conflict occurred attempting to store project - it is not permitted to have two projects acting as domains with the same name: service.: keystone.exception.Conflict: Conflict occurred attempting to store project - it is not permitted to have two projects acting as domains with the same name: service.
[Thu Jul 02 20:01:28.782435 2026] [wsgi:error] [pid 10:tid 140527068559040] [remote 10.0.0.231:45590] 2026-07-02 20:01:28.766 10 ERROR keystone.server.flask.application
Traceback (most recent call last):
[Thu Jul 02 20:01:28.782438 2026] [wsgi:error] [pid 10:tid 140527068559040] [remote 10.0.0.231:45590] 2026-07-02 20:01:28.766 10 ERROR keystone.server.flask.application
File "/var/lib/openstack/lib/python3.12/site-packages/sqlalchemy/engine/base.py", line 1969, in _exec_single_context
[Thu Jul 02 20:01:28.782440 2026] [wsgi:error] [pid 10:tid 140527068559040] [remote 10.0.0.231:45590] 2026-07-02 20:01:28.766 10 ERROR keystone.server.flask.application self.dialect.do_execute(
[Thu Jul 02 20:01:28.782442 2026] [wsgi:error] [pid 10:tid 140527068559040] [remote 10.0.0.231:45590] 2026-07-02 20:01:28.766 10 ERROR keystone.server.flask.application
File "/var/lib/openstack/lib/python3.12/site-packages/sqlalchemy/engine/default.py", line 952, in do_execute
[Thu Jul 02 20:01:28.782445 2026] [wsgi:error] [pid 10:tid 140527068559040] [remote 10.0.0.231:45590] 2026-07-02 20:01:28.766 10 ERROR keystone.server.flask.application cursor.execute(statement, parameters)
[Thu Jul 02 20:01:28.782447 2026] [wsgi:error] [pid 10:tid 140527068559040] [remote 10.0.0.231:45590] 2026-07-02 20:01:28.766 10 ERROR keystone.server.flask.application
File "/var/lib/openstack/lib/python3.12/site-packages/pymysql/cursors.py", line 159, in execute
[Thu Jul 02 20:01:28.782449 2026] [wsgi:error] [pid 10:tid 140527068559040] [remote 10.0.0.231:45590] 2026-07-02 20:01:28.766 10 ERROR keystone.server.flask.application result = self._query(query)
[Thu Jul 02 20:01:28.782450 2026] [wsgi:error] [pid 10:tid 140527068559040] [remote 10.0.0.231:45590] 2026-07-02 20:01:28.766 10 ERROR keystone.server.flask.application ^^^^^^^^^^^^^^^^^^
[Thu Jul 02 20:01:28.782452 2026] [wsgi:error] [pid 10:tid 140527068559040] [remote 10.0.0.231:45590] 2026-07-02 20:01:28.766 10 ERROR keystone.server.flask.application
File "/var/lib/openstack/lib/python3.12/site-packages/pymysql/cursors.py", line 330, in _query
[Thu Jul 02 20:01:28.782454 2026] [wsgi:error] [pid 10:tid 140527068559040] [remote 10.0.0.231:45590] 2026-07-02 20:01:28.766 10 ERROR keystone.server.flask.application conn.query(q)
[Thu Jul 02 20:01:28.782456 2026] [wsgi:error] [pid 10:tid 140527068559040] [remote 10.0.0.231:45590] 2026-07-02 20:01:28.766 10 ERROR keystone.server.flask.application
File "/var/lib/openstack/lib/python3.12/site-packages/pymysql/connections.py", line 582, in query
[Thu Jul 02 20:01:28.782458 2026] [wsgi:error] [pid 10:tid 140527068559040] [remote 10.0.0.231:45590] 2026-07-02 20:01:28.766 10 ERROR keystone.server.flask.application self._affected_rows = self._read_query_result(unbuffered=unbuffered)
[Thu Jul 02 20:01:28.782461 2026] [wsgi:error] [pid 10:tid 140527068559040] [remote 10.0.0.231:45590] 2026-07-02 20:01:28.766 10 ERROR keystone.server.flask.application ^^^^^^^^^^^^^^^^^^^^^^^^^^^^^^^^^^^^^^^^^^^^^^
[Thu Jul 02 20:01:28.782463 2026] [wsgi:error] [pid 10:tid 140527068559040] [remote 10.0.0.231:45590] 2026-07-02 20:01:28.766 10 ERROR keystone.server.flask.application
File "/var/lib/openstack/lib/python3.12/site-packages/pymysql/connections.py", line 847, in _read_query_result
[Thu Jul 02 20:01:28.782465 2026] [wsgi:error] [pid 10:tid 140527068559040] [remote 10.0.0.231:45590] 2026-07-02 20:01:28.766 10 ERROR keystone.server.flask.application result.read()
[Thu Jul 02 20:01:28.782469 2026] [wsgi:error] [pid 10:tid 140527068559040] [remote 10.0.0.231:45590] 2026-07-02 20:01:28.766 10 ERROR keystone.server.flask.application
File "/var/lib/openstack/lib/python3.12/site-packages/pymysql/connections.py", line 1245, in read
[Thu Jul 02 20:01:28.782471 2026] [wsgi:error] [pid 10:tid 140527068559040] [remote 10.0.0.231:45590] 2026-07-02 20:01:28.766 10 ERROR keystone.server.flask.application first_packet = self.connection._read_packet()
[Thu Jul 02 20:01:28.782473 2026] [wsgi:error] [pid 10:tid 140527068559040] [remote 10.0.0.231:45590] 2026-07-02 20:01:28.766 10 ERROR keystone.server.flask.application ^^^^^^^^^^^^^^^^^^^^^^^^^^^^^^
[Thu Jul 02 20:01:28.782474 2026] [wsgi:error] [pid 10:tid 140527068559040] [remote 10.0.0.231:45590] 2026-07-02 20:01:28.766 10 ERROR keystone.server.flask.application
File "/var/lib/openstack/lib/python3.12/site-packages/pymysql/connections.py", line 803, in _read_packet
[Thu Jul 02 20:01:28.782476 2026] [wsgi:error] [pid 10:tid 140527068559040] [remote 10.0.0.231:45590] 2026-07-02 20:01:28.766 10 ERROR keystone.server.flask.application packet.raise_for_error()
[Thu Jul 02 20:01:28.782485 2026] [wsgi:error] [pid 10:tid 140527068559040] [remote 10.0.0.231:45590] 2026-07-02 20:01:28.766 10 ERROR keystone.server.flask.application
File "/var/lib/openstack/lib/python3.12/site-packages/pymysql/protocol.py", line 219, in raise_for_error
[Thu Jul 02 20:01:28.782487 2026] [wsgi:error] [pid 10:tid 140527068559040] [remote 10.0.0.231:45590] 2026-07-02 20:01:28.766 10 ERROR keystone.server.flask.application err.raise_mysql_exception(self._data)
[Thu Jul 02 20:01:28.782489 2026] [wsgi:error] [pid 10:tid 140527068559040] [remote 10.0.0.231:45590] 2026-07-02 20:01:28.766 10 ERROR keystone.server.flask.application
File "/var/lib/openstack/lib/python3.12/site-packages/pymysql/err.py", line 154, in raise_mysql_exception
[Thu Jul 02 20:01:28.782492 2026] [wsgi:error] [pid 10:tid 140527068559040] [remote 10.0.0.231:45590] 2026-07-02 20:01:28.766 10 ERROR keystone.server.flask.application raise errorclass(errno, errval, sqlstate=sqlstate)
[Thu Jul 02 20:01:28.782494 2026] [wsgi:error] [pid 10:tid 140527068559040] [remote 10.0.0.231:45590] 2026-07-02 20:01:28.766 10 ERROR keystone.server.flask.application pymysql.err.IntegrityError: (1062, "Duplicate entry '<>-service' for key 'project.ixu_project_name_domain_id'")
[Thu Jul 02 20:01:28.782496 2026] [wsgi:error] [pid 10:tid 140527068559040] [remote 10.0.0.231:45590] 2026-07-02 20:01:28.766 10 ERROR keystone.server.flask.application
[Thu Jul 02 20:01:28.782498 2026] [wsgi:error] [pid 10:tid 140527068559040] [remote 10.0.0.231:45590] 2026-07-02 20:01:28.766 10 ERROR keystone.server.flask.application The above exception was the direct cause of the following exception:
[Thu Jul 02 20:01:28.782500 2026] [wsgi:error] [pid 10:tid 140527068559040] [remote 10.0.0.231:45590] 2026-07-02 20:01:28.766 10 ERROR keystone.server.flask.application
[Thu Jul 02 20:01:28.782502 2026] [wsgi:error] [pid 10:tid 140527068559040] [remote 10.0.0.231:45590] 2026-07-02 20:01:28.766 10 ERROR keystone.server.flask.application
Traceback (most recent call last):
[Thu Jul 02 20:01:28.782505 2026] [wsgi:error] [pid 10:tid 140527068559040] [remote 10.0.0.231:45590] 2026-07-02 20:01:28.766 10 ERROR keystone.server.flask.application
File "/var/lib/openstack/lib/python3.12/site-packages/keystone/common/sql/core.py", line 575, in wrapper
[Thu Jul 02 20:01:28.782508 2026] [wsgi:error] [pid 10:tid 140527068559040] [remote 10.0.0.231:45590] 2026-07-02 20:01:28.766 10 ERROR keystone.server.flask.application return method(*args, **kwargs)
[Thu Jul 02 20:01:28.782511 2026] [wsgi:error] [pid 10:tid 140527068559040] [remote 10.0.0.231:45590] 2026-07-02 20:01:28.766 10 ERROR keystone.server.flask.application ^^^^^^^^^^^^^^^^^^^^^^^
[Thu Jul 02 20:01:28.782514 2026] [wsgi:error] [pid 10:tid 140527068559040] [remote 10.0.0.231:45590] 2026-07-02 20:01:28.766 10 ERROR keystone.server.flask.application
File "/var/lib/openstack/lib/python3.12/site-packages/keystone/resource/backends/sql.py", line 278, in create_project
[Thu Jul 02 20:01:28.782516 2026] [wsgi:error] [pid 10:tid 140527068559040] [remote 10.0.0.231:45590] 2026-07-02 20:01:28.766 10 ERROR keystone.server.flask.application with sql.session_for_write() as session:
[Thu Jul 02 20:01:28.782519 2026] [wsgi:error] [pid 10:tid 140527068559040] [remote 10.0.0.231:45590] 2026-07-02 20:01:28.766 10 ERROR keystone.server.flask.application
File "/usr/lib/python3.12/contextlib.py", line 144, in __exit__
[Thu Jul 02 20:01:28.782522 2026] [wsgi:error] [pid 10:tid 140527068559040] [remote 10.0.0.231:45590] 2026-07-02 20:01:28.766 10 ERROR keystone.server.flask.application next(self.gen)
[Thu Jul 02 20:01:28.782524 2026] [wsgi:error] [pid 10:tid 140527068559040] [remote 10.0.0.231:45590] 2026-07-02 20:01:28.766 10 ERROR keystone.server.flask.application
File "/var/lib/openstack/lib/python3.12/site-packages/oslo_db/sqlalchemy/enginefacade.py", line 1175, in _transaction_scope
[Thu Jul 02 20:01:28.782527 2026] [wsgi:error] [pid 10:tid 140527068559040] [remote 10.0.0.231:45590] 2026-07-02 20:01:28.766 10 ERROR keystone.server.flask.application with current._produce_block(
[Thu Jul 02 20:01:28.782529 2026] [wsgi:error] [pid 10:tid 140527068559040] [remote 10.0.0.231:45590] 2026-07-02 20:01:28.766 10 ERROR keystone.server.flask.application
File "/usr/lib/python3.12/contextlib.py", line 144, in __exit__
[Thu Jul 02 20:01:28.782532 2026] [wsgi:error] [pid 10:tid 140527068559040] [remote 10.0.0.231:45590] 2026-07-02 20:01:28.766 10 ERROR keystone.server.flask.application next(self.gen)
[Thu Jul 02 20:01:28.782535 2026] [wsgi:error] [pid 10:tid 140527068559040] [remote 10.0.0.231:45590] 2026-07-02 20:01:28.766 10 ERROR keystone.server.flask.application
File "/var/lib/openstack/lib/python3.12/site-packages/oslo_db/sqlalchemy/enginefacade.py", line 837, in _session
[Thu Jul 02 20:01:28.782539 2026] [wsgi:error] [pid 10:tid 140527068559040] [remote 10.0.0.231:45590] 2026-07-02 20:01:28.766 10 ERROR keystone.server.flask.application with excutils.save_and_reraise_exception():
[Thu Jul 02 20:01:28.782542 2026] [wsgi:error] [pid 10:tid 140527068559040] [remote 10.0.0.231:45590] 2026-07-02 20:01:28.766 10 ERROR keystone.server.flask.application
File "/var/lib/openstack/lib/python3.12/site-packages/oslo_utils/excutils.py", line 266, in __exit__
[Thu Jul 02 20:01:28.782546 2026] [wsgi:error] [pid 10:tid 140527068559040] [remote 10.0.0.231:45590] 2026-07-02 20:01:28.766 10 ERROR keystone.server.flask.application self.force_reraise()
[Thu Jul 02 20:01:28.782549 2026] [wsgi:error] [pid 10:tid 140527068559040] [remote 10.0.0.231:45590] 2026-07-02 20:01:28.766 10 ERROR keystone.server.flask.application
File "/var/lib/openstack/lib/python3.12/site-packages/oslo_utils/excutils.py", line 232, in force_reraise
[Thu Jul 02 20:01:28.782552 2026] [wsgi:error] [pid 10:tid 140527068559040] [remote 10.0.0.231:45590] 2026-07-02 20:01:28.766 10 ERROR keystone.server.flask.application raise self.value
[Thu Jul 02 20:01:28.782556 2026] [wsgi:error] [pid 10:tid 140527068559040] [remote 10.0.0.231:45590] 2026-07-02 20:01:28.766 10 ERROR keystone.server.flask.application
File "/var/lib/openstack/lib/python3.12/site-packages/oslo_db/sqlalchemy/enginefacade.py", line 835, in _session
[Thu Jul 02 20:01:28.782559 2026] [wsgi:error] [pid 10:tid 140527068559040] [remote 10.0.0.231:45590] 2026-07-02 20:01:28.766 10 ERROR keystone.server.flask.application self._end_session_transaction(self.session)
[Thu Jul 02 20:01:28.782561 2026] [wsgi:error] [pid 10:tid 140527068559040] [remote 10.0.0.231:45590] 2026-07-02 20:01:28.766 10 ERROR keystone.server.flask.application
File "/var/lib/openstack/lib/python3.12/site-packages/oslo_db/sqlalchemy/enginefacade.py", line 748, in _end_session_transaction
[Thu Jul 02 20:01:28.782564 2026] [wsgi:error] [pid 10:tid 140527068559040] [remote 10.0.0.231:45590] 2026-07-02 20:01:28.766 10 ERROR keystone.server.flask.application session.commit()
[Thu Jul 02 20:01:28.782566 2026] [wsgi:error] [pid 10:tid 140527068559040] [remote 10.0.0.231:45590] 2026-07-02 20:01:28.766 10 ERROR keystone.server.flask.application
File "/var/lib/openstack/lib/python3.12/site-packages/sqlalchemy/orm/session.py", line 2034, in commit
[Thu Jul 02 20:01:28.782569 2026] [wsgi:error] [pid 10:tid 140527068559040] [remote 10.0.0.231:45590] 2026-07-02 20:01:28.766 10 ERROR keystone.server.flask.application trans.commit(_to_root=True)
[Thu Jul 02 20:01:28.782571 2026] [wsgi:error] [pid 10:tid 140527068559040] [remote 10.0.0.231:45590] 2026-07-02 20:01:28.766 10 ERROR keystone.server.flask.application File "", line 2, in commit
[Thu Jul 02 20:01:28.782574 2026] [wsgi:error] [pid 10:tid 140527068559040] [remote 10.0.0.231:45590] 2026-07-02 20:01:28.766 10 ERROR keystone.server.flask.application
File "/var/lib/openstack/lib/python3.12/site-packages/sqlalchemy/orm/state_changes.py", line 137, in _go
[Thu Jul 02 20:01:28.782577 2026] [wsgi:error] [pid 10:tid 140527068559040] [remote 10.0.0.231:45590] 2026-07-02 20:01:28.766 10 ERROR keystone.server.flask.application ret_value = fn(self, *arg, **kw)
[Thu Jul 02 20:01:28.782579 2026] [wsgi:error] [pid 10:tid 140527068559040] [remote 10.0.0.231:45590] 2026-07-02 20:01:28.766 10 ERROR keystone.server.flask.application ^^^^^^^^^^^^^^^^^^^^
[Thu Jul 02 20:01:28.782581 2026] [wsgi:error] [pid 10:tid 140527068559040] [remote 10.0.0.231:45590] 2026-07-02 20:01:28.766 10 ERROR keystone.server.flask.application
File "/var/lib/openstack/lib/python3.12/site-packages/sqlalchemy/orm/session.py", line 1315, in commit
[Thu Jul 02 20:01:28.782584 2026] [wsgi:error] [pid 10:tid 140527068559040] [remote 10.0.0.231:45590] 2026-07-02 20:01:28.766 10 ERROR keystone.server.flask.application self._prepare_impl()
[Thu Jul 02 20:01:28.782587 2026] [wsgi:error] [pid 10:tid 140527068559040] [remote 10.0.0.231:45590] 2026-07-02 20:01:28.766 10 ERROR keystone.server.flask.application File "", line 2, in _prepare_impl
[Thu Jul 02 20:01:28.782590 2026] [wsgi:error] [pid 10:tid 140527068559040] [remote 10.0.0.231:45590] 2026-07-02 20:01:28.766 10 ERROR keystone.server.flask.application
File "/var/lib/openstack/lib/python3.12/site-packages/sqlalchemy/orm/state_changes.py", line 137, in _go
[Thu Jul 02 20:01:28.782593 2026] [wsgi:error] [pid 10:tid 140527068559040] [remote 10.0.0.231:45590] 2026-07-02 20:01:28.766 10 ERROR keystone.server.flask.application ret_value = fn(self, *arg, **kw)
[Thu Jul 02 20:01:28.782595 2026] [wsgi:error] [pid 10:tid 140527068559040] [remote 10.0.0.231:45590] 2026-07-02 20:01:28.766 10 ERROR keystone.server.flask.application ^^^^^^^^^^^^^^^^^^^^
[Thu Jul 02 20:01:28.782597 2026] [wsgi:error] [pid 10:tid 140527068559040] [remote 10.0.0.231:45590] 2026-07-02 20:01:28.766 10 ERROR keystone.server.flask.application
File "/var/lib/openstack/lib/python3.12/site-packages/sqlalchemy/orm/session.py", line 1290, in _prepare_impl
[Thu Jul 02 20:01:28.782601 2026] [wsgi:error] [pid 10:tid 140527068559040] [remote 10.0.0.231:45590] 2026-07-02 20:01:28.766 10 ERROR keystone.server.flask.application self.session.flush()
[Thu Jul 02 20:01:28.782604 2026] [wsgi:error] [pid 10:tid 140527068559040] [remote 10.0.0.231:45590] 2026-07-02 20:01:28.766 10 ERROR keystone.server.flask.application
File "/var/lib/openstack/lib/python3.12/site-packages/sqlalchemy/orm/session.py", line 4352, in flush
[Thu Jul 02 20:01:28.782607 2026] [wsgi:error] [pid 10:tid 140527068559040] [remote 10.0.0.231:45590] 2026-07-02 20:01:28.766 10 ERROR keystone.server.flask.application self._flush(objects)
[Thu Jul 02 20:01:28.782610 2026] [wsgi:error] [pid 10:tid 140527068559040] [remote 10.0.0.231:45590] 2026-07-02 20:01:28.766 10 ERROR keystone.server.flask.application
File "/var/lib/openstack/lib/python3.12/site-packages/sqlalchemy/orm/session.py", line 4487, in _flush
[Thu Jul 02 20:01:28.782613 2026] [wsgi:error] [pid 10:tid 140527068559040] [remote 10.0.0.231:45590] 2026-07-02 20:01:28.766 10 ERROR keystone.server.flask.application with util.safe_reraise():
[Thu Jul 02 20:01:28.782616 2026] [wsgi:error] [pid 10:tid 140527068559040] [remote 10.0.0.231:45590] 2026-07-02 20:01:28.766 10 ERROR keystone.server.flask.application
File "/var/lib/openstack/lib/python3.12/site-packages/sqlalchemy/util/langhelpers.py", line 122, in __exit__
[Thu Jul 02 20:01:28.782619 2026] [wsgi:error] [pid 10:tid 140527068559040] [remote 10.0.0.231:45590] 2026-07-02 20:01:28.766 10 ERROR keystone.server.flask.application raise exc_value.with_traceback(exc_tb)
[Thu Jul 02 20:01:28.782622 2026] [wsgi:error] [pid 10:tid 140527068559040] [remote 10.0.0.231:45590] 2026-07-02 20:01:28.766 10 ERROR keystone.server.flask.application
File "/var/lib/openstack/lib/python3.12/site-packages/sqlalchemy/orm/session.py", line 4448, in _flush
[Thu Jul 02 20:01:28.782626 2026] [wsgi:error] [pid 10:tid 140527068559040] [remote 10.0.0.231:45590] 2026-07-02 20:01:28.766 10 ERROR keystone.server.flask.application flush_context.execute()
