Aug 31 07:25:50.418885 np0000191520 devstack@neutron-api.service[101706]: DEBUG futurist.periodics [-] Submitting periodic callback 'neutron.plugins.ml2.drivers.ovn.mech_driver.ovsdb.maintenance.HashRingHealthCheckPeriodics.touch_hash_ring_node' {{(pid=101706) _process_scheduled /opt/stack/data/venv/lib/python3.12/site-packages/futurist/periodics.py:784}}
Aug 31 07:25:50.419557 np0000191520 devstack@neutron-api.service[101706]: DEBUG neutron.plugins.ml2.drivers.ovn.mech_driver.ovsdb.maintenance [-] Touching Hash Ring node "20b28a2c71775183bbe6d1b5a6af3cb3" from periodic health check thread {{(pid=101706) touch_hash_ring_node /opt/stack/neutron/neutron/plugins/ml2/drivers/ovn/mech_driver/ovsdb/maintenance.py:1532}}
Aug 31 07:25:59.472462 np0000191520 devstack@neutron-api.service[101705]: DEBUG dbcounter [-] [101705] Writing DB stats neutron:UPDATE=1,neutron:SELECT=1 {{(pid=101705) stat_writer /opt/stack/data/venv/lib/python3.12/site-packages/dbcounter.py:115}}
Aug 31 07:26:00.364030 np0000191520 devstack@neutron-api.service[101708]: DEBUG dbcounter [-] [101708] Writing DB stats neutron:UPDATE=1,neutron:SELECT=1 {{(pid=101708) stat_writer /opt/stack/data/venv/lib/python3.12/site-packages/dbcounter.py:115}}
Aug 31 07:26:00.411499 np0000191520 devstack@neutron-api.service[101707]: DEBUG dbcounter [-] [101707] Writing DB stats neutron:UPDATE=1,neutron:SELECT=1 {{(pid=101707) stat_writer /opt/stack/data/venv/lib/python3.12/site-packages/dbcounter.py:115}}
Aug 31 07:26:00.431768 np0000191520 devstack@neutron-api.service[101706]: DEBUG dbcounter [-] [101706] Writing DB stats neutron:UPDATE=1,neutron:SELECT=1 {{(pid=101706) stat_writer /opt/stack/data/venv/lib/python3.12/site-packages/dbcounter.py:115}}
Aug 31 07:26:04.459096 np0000191520 devstack@neutron-api.service[101705]: DEBUG futurist.periodics [-] Submitting periodic callback 'neutron.plugins.ml2.drivers.ovn.mech_driver.ovsdb.maintenance.HashRingHealthCheckPeriodics.touch_hash_ring_node' {{(pid=101705) _process_scheduled /opt/stack/data/venv/lib/python3.12/site-packages/futurist/periodics.py:784}}
Aug 31 07:26:04.459742 np0000191520 devstack@neutron-api.service[101705]: DEBUG neutron.plugins.ml2.drivers.ovn.mech_driver.ovsdb.maintenance [-] Touching Hash Ring node "a959f143c92e5b6c9b3f4f9ac4f0c7f9" from periodic health check thread {{(pid=101705) touch_hash_ring_node /opt/stack/neutron/neutron/plugins/ml2/drivers/ovn/mech_driver/ovsdb/maintenance.py:1532}}
Aug 31 07:26:05.350647 np0000191520 devstack@neutron-api.service[101708]: DEBUG futurist.periodics [-] Submitting periodic callback 'neutron.plugins.ml2.drivers.ovn.mech_driver.ovsdb.maintenance.HashRingHealthCheckPeriodics.touch_hash_ring_node' {{(pid=101708) _process_scheduled /opt/stack/data/venv/lib/python3.12/site-packages/futurist/periodics.py:784}}
Aug 31 07:26:05.351393 np0000191520 devstack@neutron-api.service[101708]: DEBUG neutron.plugins.ml2.drivers.ovn.mech_driver.ovsdb.maintenance [-] Touching Hash Ring node "ff5169a8d6ed5d61a7429f9e4ddb2e71" from periodic health check thread {{(pid=101708) touch_hash_ring_node /opt/stack/neutron/neutron/plugins/ml2/drivers/ovn/mech_driver/ovsdb/maintenance.py:1532}}
Aug 31 07:26:05.399432 np0000191520 devstack@neutron-api.service[101707]: DEBUG futurist.periodics [-] Submitting periodic callback 'neutron.plugins.ml2.drivers.ovn.mech_driver.ovsdb.maintenance.HashRingHealthCheckPeriodics.touch_hash_ring_node' {{(pid=101707) _process_scheduled /opt/stack/data/venv/lib/python3.12/site-packages/futurist/periodics.py:784}}
Aug 31 07:26:05.400085 np0000191520 devstack@neutron-api.service[101707]: DEBUG neutron.plugins.ml2.drivers.ovn.mech_driver.ovsdb.maintenance [-] Touching Hash Ring node "0bebf1eff582566b8ea2a5abe51445c6" from periodic health check thread {{(pid=101707) touch_hash_ring_node /opt/stack/neutron/neutron/plugins/ml2/drivers/ovn/mech_driver/ovsdb/maintenance.py:1532}}
Aug 31 07:26:05.419692 np0000191520 devstack@neutron-api.service[101706]: DEBUG futurist.periodics [-] Submitting periodic callback 'neutron.plugins.ml2.drivers.ovn.mech_driver.ovsdb.maintenance.HashRingHealthCheckPeriodics.touch_hash_ring_node' {{(pid=101706) _process_scheduled /opt/stack/data/venv/lib/python3.12/site-packages/futurist/periodics.py:784}}
Aug 31 07:26:05.420723 np0000191520 devstack@neutron-api.service[101706]: DEBUG neutron.plugins.ml2.drivers.ovn.mech_driver.ovsdb.maintenance [-] Touching Hash Ring node "20b28a2c71775183bbe6d1b5a6af3cb3" from periodic health check thread {{(pid=101706) touch_hash_ring_node /opt/stack/neutron/neutron/plugins/ml2/drivers/ovn/mech_driver/ovsdb/maintenance.py:1532}}
Aug 31 07:26:14.473010 np0000191520 devstack@neutron-api.service[101705]: DEBUG dbcounter [-] [101705] Writing DB stats neutron:UPDATE=1,neutron:SELECT=1 {{(pid=101705) stat_writer /opt/stack/data/venv/lib/python3.12/site-packages/dbcounter.py:115}}
Aug 31 07:26:15.366672 np0000191520 devstack@neutron-api.service[101708]: DEBUG dbcounter [-] [101708] Writing DB stats neutron:UPDATE=1,neutron:SELECT=1 {{(pid=101708) stat_writer /opt/stack/data/venv/lib/python3.12/site-packages/dbcounter.py:115}}
Aug 31 07:26:15.412608 np0000191520 devstack@neutron-api.service[101707]: DEBUG dbcounter [-] [101707] Writing DB stats neutron:UPDATE=1,neutron:SELECT=1 {{(pid=101707) stat_writer /opt/stack/data/venv/lib/python3.12/site-packages/dbcounter.py:115}}
Aug 31 07:26:15.443332 np0000191520 devstack@neutron-api.service[101706]: DEBUG dbcounter [-] [101706] Writing DB stats neutron:UPDATE=1,neutron:SELECT=1 {{(pid=101706) stat_writer /opt/stack/data/venv/lib/python3.12/site-packages/dbcounter.py:115}}
Aug 31 07:26:19.459809 np0000191520 devstack@neutron-api.service[101705]: DEBUG futurist.periodics [-] Submitting periodic callback 'neutron.plugins.ml2.drivers.ovn.mech_driver.ovsdb.maintenance.HashRingHealthCheckPeriodics.touch_hash_ring_node' {{(pid=101705) _process_scheduled /opt/stack/data/venv/lib/python3.12/site-packages/futurist/periodics.py:784}}
Aug 31 07:26:19.460459 np0000191520 devstack@neutron-api.service[101705]: DEBUG neutron.plugins.ml2.drivers.ovn.mech_driver.ovsdb.maintenance [-] Touching Hash Ring node "a959f143c92e5b6c9b3f4f9ac4f0c7f9" from periodic health check thread {{(pid=101705) touch_hash_ring_node /opt/stack/neutron/neutron/plugins/ml2/drivers/ovn/mech_driver/ovsdb/maintenance.py:1532}}
Aug 31 07:26:20.351394 np0000191520 devstack@neutron-api.service[101708]: DEBUG futurist.periodics [-] Submitting periodic callback 'neutron.plugins.ml2.drivers.ovn.mech_driver.ovsdb.maintenance.HashRingHealthCheckPeriodics.touch_hash_ring_node' {{(pid=101708) _process_scheduled /opt/stack/data/venv/lib/python3.12/site-packages/futurist/periodics.py:784}}
Aug 31 07:26:20.351718 np0000191520 devstack@neutron-api.service[101708]: DEBUG neutron.plugins.ml2.drivers.ovn.mech_driver.ovsdb.maintenance [-] Touching Hash Ring node "ff5169a8d6ed5d61a7429f9e4ddb2e71" from periodic health check thread {{(pid=101708) touch_hash_ring_node /opt/stack/neutron/neutron/plugins/ml2/drivers/ovn/mech_driver/ovsdb/maintenance.py:1532}}
Aug 31 07:26:20.400160 np0000191520 devstack@neutron-api.service[101707]: DEBUG futurist.periodics [-] Submitting periodic callback 'neutron.plugins.ml2.drivers.ovn.mech_driver.ovsdb.maintenance.HashRingHealthCheckPeriodics.touch_hash_ring_node' {{(pid=101707) _process_scheduled /opt/stack/data/venv/lib/python3.12/site-packages/futurist/periodics.py:784}}
Aug 31 07:26:20.401012 np0000191520 devstack@neutron-api.service[101707]: DEBUG neutron.plugins.ml2.drivers.ovn.mech_driver.ovsdb.maintenance [-] Touching Hash Ring node "0bebf1eff582566b8ea2a5abe51445c6" from periodic health check thread {{(pid=101707) touch_hash_ring_node /opt/stack/neutron/neutron/plugins/ml2/drivers/ovn/mech_driver/ovsdb/maintenance.py:1532}}
Aug 31 07:26:20.420498 np0000191520 devstack@neutron-api.service[101706]: DEBUG futurist.periodics [-] Submitting periodic callback 'neutron.plugins.ml2.drivers.ovn.mech_driver.ovsdb.maintenance.HashRingHealthCheckPeriodics.touch_hash_ring_node' {{(pid=101706) _process_scheduled /opt/stack/data/venv/lib/python3.12/site-packages/futurist/periodics.py:784}}
Aug 31 07:26:20.421065 np0000191520 devstack@neutron-api.service[101706]: DEBUG neutron.plugins.ml2.drivers.ovn.mech_driver.ovsdb.maintenance [-] Touching Hash Ring node "20b28a2c71775183bbe6d1b5a6af3cb3" from periodic health check thread {{(pid=101706) touch_hash_ring_node /opt/stack/neutron/neutron/plugins/ml2/drivers/ovn/mech_driver/ovsdb/maintenance.py:1532}}
Aug 31 07:26:29.473373 np0000191520 devstack@neutron-api.service[101705]: DEBUG dbcounter [-] [101705] Writing DB stats neutron:UPDATE=1,neutron:SELECT=1 {{(pid=101705) stat_writer /opt/stack/data/venv/lib/python3.12/site-packages/dbcounter.py:115}}
Aug 31 07:26:30.364285 np0000191520 devstack@neutron-api.service[101708]: DEBUG dbcounter [-] [101708] Writing DB stats neutron:UPDATE=1,neutron:SELECT=1 {{(pid=101708) stat_writer /opt/stack/data/venv/lib/python3.12/site-packages/dbcounter.py:115}}
Aug 31 07:26:30.413877 np0000191520 devstack@neutron-api.service[101707]: DEBUG dbcounter [-] [101707] Writing DB stats neutron:UPDATE=1,neutron:SELECT=1 {{(pid=101707) stat_writer /opt/stack/data/venv/lib/python3.12/site-packages/dbcounter.py:115}}
Aug 31 07:26:30.433416 np0000191520 devstack@neutron-api.service[101706]: DEBUG dbcounter [-] [101706] Writing DB stats neutron:UPDATE=1,neutron:SELECT=1 {{(pid=101706) stat_writer /opt/stack/data/venv/lib/python3.12/site-packages/dbcounter.py:115}}
Aug 31 07:26:34.460636 np0000191520 devstack@neutron-api.service[101705]: DEBUG futurist.periodics [-] Submitting periodic callback 'neutron.plugins.ml2.drivers.ovn.mech_driver.ovsdb.maintenance.HashRingHealthCheckPeriodics.touch_hash_ring_node' {{(pid=101705) _process_scheduled /opt/stack/data/venv/lib/python3.12/site-packages/futurist/periodics.py:784}}
Aug 31 07:26:34.461343 np0000191520 devstack@neutron-api.service[101705]: DEBUG neutron.plugins.ml2.drivers.ovn.mech_driver.ovsdb.maintenance [-] Touching Hash Ring node "a959f143c92e5b6c9b3f4f9ac4f0c7f9" from periodic health check thread {{(pid=101705) touch_hash_ring_node /opt/stack/neutron/neutron/plugins/ml2/drivers/ovn/mech_driver/ovsdb/maintenance.py:1532}}
Aug 31 07:26:35.352231 np0000191520 devstack@neutron-api.service[101708]: DEBUG futurist.periodics [-] Submitting periodic callback 'neutron.plugins.ml2.drivers.ovn.mech_driver.ovsdb.maintenance.HashRingHealthCheckPeriodics.touch_hash_ring_node' {{(pid=101708) _process_scheduled /opt/stack/data/venv/lib/python3.12/site-packages/futurist/periodics.py:784}}
Aug 31 07:26:35.353039 np0000191520 devstack@neutron-api.service[101708]: DEBUG neutron.plugins.ml2.drivers.ovn.mech_driver.ovsdb.maintenance [-] Touching Hash Ring node "ff5169a8d6ed5d61a7429f9e4ddb2e71" from periodic health check thread {{(pid=101708) touch_hash_ring_node /opt/stack/neutron/neutron/plugins/ml2/drivers/ovn/mech_driver/ovsdb/maintenance.py:1532}}
Aug 31 07:26:35.401343 np0000191520 devstack@neutron-api.service[101707]: DEBUG futurist.periodics [-] Submitting periodic callback 'neutron.plugins.ml2.drivers.ovn.mech_driver.ovsdb.maintenance.HashRingHealthCheckPeriodics.touch_hash_ring_node' {{(pid=101707) _process_scheduled /opt/stack/data/venv/lib/python3.12/site-packages/futurist/periodics.py:784}}
Aug 31 07:26:35.401999 np0000191520 devstack@neutron-api.service[101707]: DEBUG neutron.plugins.ml2.drivers.ovn.mech_driver.ovsdb.maintenance [-] Touching Hash Ring node "0bebf1eff582566b8ea2a5abe51445c6" from periodic health check thread {{(pid=101707) touch_hash_ring_node /opt/stack/neutron/neutron/plugins/ml2/drivers/ovn/mech_driver/ovsdb/maintenance.py:1532}}
Aug 31 07:26:35.421468 np0000191520 devstack@neutron-api.service[101706]: DEBUG futurist.periodics [-] Submitting periodic callback 'neutron.plugins.ml2.drivers.ovn.mech_driver.ovsdb.maintenance.HashRingHealthCheckPeriodics.touch_hash_ring_node' {{(pid=101706) _process_scheduled /opt/stack/data/venv/lib/python3.12/site-packages/futurist/periodics.py:784}}
Aug 31 07:26:35.422063 np0000191520 devstack@neutron-api.service[101706]: DEBUG neutron.plugins.ml2.drivers.ovn.mech_driver.ovsdb.maintenance [-] Touching Hash Ring node "20b28a2c71775183bbe6d1b5a6af3cb3" from periodic health check thread {{(pid=101706) touch_hash_ring_node /opt/stack/neutron/neutron/plugins/ml2/drivers/ovn/mech_driver/ovsdb/maintenance.py:1532}}
Aug 31 07:26:38.381107 np0000191520 devstack@neutron-api.service[101708]: INFO neutron.pecan_wsgi.hooks.translation [None req-d3e47b5e-f443-4998-9842-58492dd5033d admin admin] GET failed (client error): The resource could not be found.
Aug 31 07:26:38.382539 np0000191520 devstack@neutron-api.service[101708]: [pid: 101708|app: 0|req: 23/91] 162.253.55.82 () {64 vars in 1327 bytes} [Mon Aug 31 07:26:38 2026] GET /networking/v2.0/networks/admin_net => generated 111 bytes in 17 msecs (HTTP/1.1 404) 4 headers in 164 bytes (1 switches on core 0)
Aug 31 07:26:38.426236 np0000191520 devstack@neutron-api.service[101706]: [pid: 101706|app: 0|req: 23/92] 162.253.55.82 () {64 vars in 1339 bytes} [Mon Aug 31 07:26:38 2026] GET /networking/v2.0/networks?name=admin_net => generated 15 bytes in 35 msecs (HTTP/1.1 200) 4 headers in 156 bytes (2 switches on core 0)
Aug 31 07:26:38.709567 np0000191520 devstack@neutron-api.service[101707]: DEBUG neutron.api.v2.base [None req-fe9dc197-c28b-4229-ae36-de1fa9e8c4dd admin admin] Request body: {'network': {'name': 'admin_net', 'admin_state_up': True, 'project_id': '342b83b8dcbc4f598421363c2e844e0e'}} {{(pid=101707) prepare_request_body /opt/stack/neutron/neutron/api/v2/base.py:727}}
Aug 31 07:26:38.732506 np0000191520 devstack@neutron-api.service[101707]: DEBUG neutron.pecan_wsgi.hooks.quota_enforcement [None req-fe9dc197-c28b-4229-ae36-de1fa9e8c4dd admin admin] Made reservation on behalf of 342b83b8dcbc4f598421363c2e844e0e for: {'network': 1} {{(pid=101707) before /opt/stack/neutron/neutron/pecan_wsgi/hooks/quota_enforcement.py:66}}
Aug 31 07:26:38.737506 np0000191520 devstack@neutron-api.service[101707]: DEBUG neutron_lib.callbacks.manager [None req-fe9dc197-c28b-4229-ae36-de1fa9e8c4dd admin admin] Publish callbacks ['neutron.plugins.ml2.plugin.SecurityGroupDbMixin._ensure_default_security_group_handler-85088'] for network (None), before_create {{(pid=101707) _notify_loop /opt/stack/data/venv/lib/python3.12/site-packages/neutron_lib/callbacks/manager.py:184}}
Aug 31 07:26:38.746260 np0000191520 devstack@neutron-api.service[101707]: DEBUG neutron_lib.callbacks.manager [None req-fe9dc197-c28b-4229-ae36-de1fa9e8c4dd admin admin] Publish callbacks [] for security_group (None), before_create {{(pid=101707) _notify_loop /opt/stack/data/venv/lib/python3.12/site-packages/neutron_lib/callbacks/manager.py:184}}
Aug 31 07:26:38.828033 np0000191520 devstack@neutron-api.service[101707]: DEBUG neutron_lib.callbacks.manager [None req-fe9dc197-c28b-4229-ae36-de1fa9e8c4dd admin admin] Publish callbacks ['neutron.plugins.ml2.drivers.ovn.mech_driver.mech_driver.OVNMechanismDriver._create_security_group_precommit-32195883'] for security_group (800fe94f-aaf8-4714-b0f2-478f25f8fa58), precommit_create {{(pid=101707) _notify_loop /opt/stack/data/venv/lib/python3.12/site-packages/neutron_lib/callbacks/manager.py:184}}
Aug 31 07:26:38.828327 np0000191520 devstack@neutron-api.service[101707]: DEBUG neutron.db.ovn_revision_numbers_db [None req-fe9dc197-c28b-4229-ae36-de1fa9e8c4dd admin admin] create_initial_revision uuid=800fe94f-aaf8-4714-b0f2-478f25f8fa58, type=security_groups, rev=-1 {{(pid=101707) create_initial_revision /opt/stack/neutron/neutron/db/ovn_revision_numbers_db.py:98}}
Aug 31 07:26:38.829554 np0000191520 devstack@neutron-api.service[101707]: DEBUG neutron.db.ovn_revision_numbers_db [None req-fe9dc197-c28b-4229-ae36-de1fa9e8c4dd admin admin] create_initial_revision uuid=3634a19f-3b6e-454e-8312-4c3c2bd67b41, type=security_group_rules, rev=-1 {{(pid=101707) create_initial_revision /opt/stack/neutron/neutron/db/ovn_revision_numbers_db.py:98}}
Aug 31 07:26:38.830713 np0000191520 devstack@neutron-api.service[101707]: DEBUG neutron.db.ovn_revision_numbers_db [None req-fe9dc197-c28b-4229-ae36-de1fa9e8c4dd admin admin] create_initial_revision uuid=70efc940-72f0-4101-8ada-0c80961c4601, type=security_group_rules, rev=-1 {{(pid=101707) create_initial_revision /opt/stack/neutron/neutron/db/ovn_revision_numbers_db.py:98}}
Aug 31 07:26:38.831863 np0000191520 devstack@neutron-api.service[101707]: DEBUG neutron.db.ovn_revision_numbers_db [None req-fe9dc197-c28b-4229-ae36-de1fa9e8c4dd admin admin] create_initial_revision uuid=99b289c1-1446-406d-8b32-2d63d9239d43, type=security_group_rules, rev=-1 {{(pid=101707) create_initial_revision /opt/stack/neutron/neutron/db/ovn_revision_numbers_db.py:98}}
Aug 31 07:26:38.832931 np0000191520 devstack@neutron-api.service[101707]: DEBUG neutron.db.ovn_revision_numbers_db [None req-fe9dc197-c28b-4229-ae36-de1fa9e8c4dd admin admin] create_initial_revision uuid=e4ea1bb5-6f9d-4406-8ce3-7c552e850208, type=security_group_rules, rev=-1 {{(pid=101707) create_initial_revision /opt/stack/neutron/neutron/db/ovn_revision_numbers_db.py:98}}
Aug 31 07:26:38.840854 np0000191520 devstack@neutron-api.service[101707]: DEBUG neutron_lib.callbacks.manager [None req-fe9dc197-c28b-4229-ae36-de1fa9e8c4dd admin admin] Publish callbacks ['neutron.plugins.ml2.drivers.ovn.mech_driver.mech_driver.OVNMechanismDriver._create_security_group-32195873', 'neutron.plugins.ml2.ovo_rpc._ObjectChangeHandler.handle_event-32378810'] for security_group (800fe94f-aaf8-4714-b0f2-478f25f8fa58), after_create {{(pid=101707) _notify_loop /opt/stack/data/venv/lib/python3.12/site-packages/neutron_lib/callbacks/manager.py:184}}
Aug 31 07:26:38.842318 np0000191520 devstack@neutron-api.service[101707]: DEBUG ovsdbapp.backend.ovs_idl.transaction [None req-65c57caa-8853-4e19-9043-dcf933ac28ca None None] Running txn 35b81252 n=1 command(idx=0): PgAddCommand(_result=None, name=pg_800fe94f_aaf8_4714_b0f2_478f25f8fa58, may_exist=False, columns={'acls': [], 'external_ids': {'neutron:security_group_id': '800fe94f-aaf8-4714-b0f2-478f25f8fa58'}}) {{(pid=101707) do_commit /opt/stack/data/venv/lib/python3.12/site-packages/ovsdbapp/backend/ovs_idl/transaction.py:91}}
Aug 31 07:26:38.842992 np0000191520 devstack@neutron-api.service[101707]: DEBUG ovsdbapp.backend.ovs_idl.transaction [None req-65c57caa-8853-4e19-9043-dcf933ac28ca None None] Running txn 35b81252 n=1 command(idx=1): PgAclAddCommand(_result=None, entity=pg_800fe94f_aaf8_4714_b0f2_478f25f8fa58, direction=to-lport, priority=1002, match=outport == @pg_800fe94f_aaf8_4714_b0f2_478f25f8fa58 && ip6 && ip6.src == $pg_800fe94f_aaf8_4714_b0f2_478f25f8fa58_ip6, action=allow-related, log=False, may_exist=True, severity=[], name=[], meter=[], external_ids={'neutron:security_group_rule_id': '3634a19f-3b6e-454e-8312-4c3c2bd67b41'}) {{(pid=101707) do_commit /opt/stack/data/venv/lib/python3.12/site-packages/ovsdbapp/backend/ovs_idl/transaction.py:91}}
Aug 31 07:26:38.843693 np0000191520 devstack@neutron-api.service[101707]: DEBUG ovsdbapp.backend.ovs_idl.transaction [None req-65c57caa-8853-4e19-9043-dcf933ac28ca None None] Running txn 35b81252 n=1 command(idx=2): PgAclAddCommand(_result=None, entity=pg_800fe94f_aaf8_4714_b0f2_478f25f8fa58, direction=to-lport, priority=1002, match=outport == @pg_800fe94f_aaf8_4714_b0f2_478f25f8fa58 && ip4 && ip4.src == $pg_800fe94f_aaf8_4714_b0f2_478f25f8fa58_ip4, action=allow-related, log=False, may_exist=True, severity=[], name=[], meter=[], external_ids={'neutron:security_group_rule_id': '70efc940-72f0-4101-8ada-0c80961c4601'}) {{(pid=101707) do_commit /opt/stack/data/venv/lib/python3.12/site-packages/ovsdbapp/backend/ovs_idl/transaction.py:91}}
Aug 31 07:26:38.844380 np0000191520 devstack@neutron-api.service[101707]: DEBUG ovsdbapp.backend.ovs_idl.transaction [None req-65c57caa-8853-4e19-9043-dcf933ac28ca None None] Running txn 35b81252 n=1 command(idx=3): PgAclAddCommand(_result=None, entity=pg_800fe94f_aaf8_4714_b0f2_478f25f8fa58, direction=from-lport, priority=1002, match=inport == @pg_800fe94f_aaf8_4714_b0f2_478f25f8fa58 && ip4, action=allow-related, log=False, may_exist=True, severity=[], name=[], meter=[], external_ids={'neutron:security_group_rule_id': '99b289c1-1446-406d-8b32-2d63d9239d43'}) {{(pid=101707) do_commit /opt/stack/data/venv/lib/python3.12/site-packages/ovsdbapp/backend/ovs_idl/transaction.py:91}}
Aug 31 07:26:38.844963 np0000191520 devstack@neutron-api.service[101707]: DEBUG ovsdbapp.backend.ovs_idl.transaction [None req-65c57caa-8853-4e19-9043-dcf933ac28ca None None] Running txn 35b81252 n=1 command(idx=4): PgAclAddCommand(_result=None, entity=pg_800fe94f_aaf8_4714_b0f2_478f25f8fa58, direction=from-lport, priority=1002, match=inport == @pg_800fe94f_aaf8_4714_b0f2_478f25f8fa58 && ip6, action=allow-related, log=False, may_exist=True, severity=[], name=[], meter=[], external_ids={'neutron:security_group_rule_id': 'e4ea1bb5-6f9d-4406-8ce3-7c552e850208'}) {{(pid=101707) do_commit /opt/stack/data/venv/lib/python3.12/site-packages/ovsdbapp/backend/ovs_idl/transaction.py:91}}
Aug 31 07:26:38.866148 np0000191520 devstack@neutron-api.service[101708]: DEBUG neutron.common.ovn.hash_ring_manager [None req-5fe5a811-b950-4781-b0be-22da8fc48940 None None] Hash Ring loaded. 4 active nodes. 0 offline nodes {{(pid=101708) _load_hash_ring /opt/stack/neutron/neutron/common/ovn/hash_ring_manager.py:110}}
Aug 31 07:26:38.867441 np0000191520 devstack@neutron-api.service[101707]: DEBUG neutron.common.ovn.hash_ring_manager [None req-65c57caa-8853-4e19-9043-dcf933ac28ca None None] Hash Ring loaded. 4 active nodes. 0 offline nodes {{(pid=101707) _load_hash_ring /opt/stack/neutron/neutron/common/ovn/hash_ring_manager.py:110}}
Aug 31 07:26:38.869005 np0000191520 devstack@neutron-api.service[101707]: DEBUG ovsdbapp.backend.ovs_idl.transaction [None req-65c57caa-8853-4e19-9043-dcf933ac28ca None None] txn 35b81252 succeeded {{(pid=101707) do_commit /opt/stack/data/venv/lib/python3.12/site-packages/ovsdbapp/backend/ovs_idl/transaction.py:137}}
Aug 31 07:26:38.870353 np0000191520 devstack@neutron-api.service[101706]: DEBUG neutron.common.ovn.hash_ring_manager [None req-8ecdb821-6bdc-4a35-a493-d234663e5569 None None] Hash Ring loaded. 4 active nodes. 0 offline nodes {{(pid=101706) _load_hash_ring /opt/stack/neutron/neutron/common/ovn/hash_ring_manager.py:110}}
Aug 31 07:26:38.870791 np0000191520 devstack@neutron-api.service[101706]: DEBUG neutron.plugins.ml2.drivers.ovn.mech_driver.ovsdb.ovsdb_monitor [None req-8ecdb821-6bdc-4a35-a493-d234663e5569 None None] Hash Ring: Node 20b28a2c71775183bbe6d1b5a6af3cb3 (host: np0000191520) handling event "create" for row 542d252e-0d96-4213-9496-a9f32c9bedb0 (table: ACL) {{(pid=101706) notify /opt/stack/neutron/neutron/plugins/ml2/drivers/ovn/mech_driver/ovsdb/ovsdb_monitor.py:1099}}
Aug 31 07:26:38.871303 np0000191520 devstack@neutron-api.service[101706]: DEBUG neutron.plugins.ml2.drivers.ovn.mech_driver.ovsdb.ovsdb_monitor [None req-8ecdb821-6bdc-4a35-a493-d234663e5569 None None] Hash Ring: Node 20b28a2c71775183bbe6d1b5a6af3cb3 (host: np0000191520) handling event "create" for row aa2aa589-1f83-4507-a2d6-026bc2172451 (table: ACL) {{(pid=101706) notify /opt/stack/neutron/neutron/plugins/ml2/drivers/ovn/mech_driver/ovsdb/ovsdb_monitor.py:1099}}
Aug 31 07:26:38.872943 np0000191520 devstack@neutron-api.service[101705]: DEBUG neutron.common.ovn.hash_ring_manager [None req-b991bb5a-a9a6-44a6-81b7-b50037705940 None None] Hash Ring loaded. 4 active nodes. 0 offline nodes {{(pid=101705) _load_hash_ring /opt/stack/neutron/neutron/common/ovn/hash_ring_manager.py:110}}
Aug 31 07:26:38.873591 np0000191520 devstack@neutron-api.service[101705]: DEBUG neutron.plugins.ml2.drivers.ovn.mech_driver.ovsdb.ovsdb_monitor [None req-b991bb5a-a9a6-44a6-81b7-b50037705940 None None] Hash Ring: Node a959f143c92e5b6c9b3f4f9ac4f0c7f9 (host: np0000191520) handling event "create" for row 88a60fa2-4c1e-4c30-b2dc-dbe385a248cb (table: ACL) {{(pid=101705) notify /opt/stack/neutron/neutron/plugins/ml2/drivers/ovn/mech_driver/ovsdb/ovsdb_monitor.py:1099}}
Aug 31 07:26:38.874042 np0000191520 devstack@neutron-api.service[101705]: DEBUG neutron.plugins.ml2.drivers.ovn.mech_driver.ovsdb.ovsdb_monitor [None req-b991bb5a-a9a6-44a6-81b7-b50037705940 None None] Hash Ring: Node a959f143c92e5b6c9b3f4f9ac4f0c7f9 (host: np0000191520) handling event "create" for row d8d6231f-8b6b-44e6-83e4-2a1f93b9f65a (table: ACL) {{(pid=101705) notify /opt/stack/neutron/neutron/plugins/ml2/drivers/ovn/mech_driver/ovsdb/ovsdb_monitor.py:1099}}
Aug 31 07:26:38.874450 np0000191520 devstack@neutron-api.service[101705]: DEBUG neutron.plugins.ml2.drivers.ovn.mech_driver.ovsdb.ovsdb_monitor [None req-b991bb5a-a9a6-44a6-81b7-b50037705940 None None] Hash Ring: Node a959f143c92e5b6c9b3f4f9ac4f0c7f9 (host: np0000191520) handling event "create" for row 2746e5c8-6a47-42e5-807c-1e077aa29024 (table: Port_Group) {{(pid=101705) notify /opt/stack/neutron/neutron/plugins/ml2/drivers/ovn/mech_driver/ovsdb/ovsdb_monitor.py:1099}}
Aug 31 07:26:38.891331 np0000191520 devstack@neutron-api.service[101707]: INFO neutron.db.ovn_revision_numbers_db [None req-fe9dc197-c28b-4229-ae36-de1fa9e8c4dd admin admin] Successfully bumped revision number for resource 800fe94f-aaf8-4714-b0f2-478f25f8fa58 (type: security_groups) to 1
Aug 31 07:26:38.908980 np0000191520 devstack@neutron-api.service[101707]: INFO neutron.db.ovn_revision_numbers_db [None req-fe9dc197-c28b-4229-ae36-de1fa9e8c4dd admin admin] Successfully bumped revision number for resource 3634a19f-3b6e-454e-8312-4c3c2bd67b41 (type: security_group_rules) to 0
Aug 31 07:26:38.924601 np0000191520 devstack@neutron-api.service[101707]: INFO neutron.db.ovn_revision_numbers_db [None req-fe9dc197-c28b-4229-ae36-de1fa9e8c4dd admin admin] Successfully bumped revision number for resource 70efc940-72f0-4101-8ada-0c80961c4601 (type: security_group_rules) to 0
Aug 31 07:26:38.939101 np0000191520 devstack@neutron-api.service[101707]: INFO neutron.db.ovn_revision_numbers_db [None req-fe9dc197-c28b-4229-ae36-de1fa9e8c4dd admin admin] Successfully bumped revision number for resource 99b289c1-1446-406d-8b32-2d63d9239d43 (type: security_group_rules) to 0
Aug 31 07:26:38.952135 np0000191520 devstack@neutron-api.service[101707]: INFO neutron.db.ovn_revision_numbers_db [None req-fe9dc197-c28b-4229-ae36-de1fa9e8c4dd admin admin] Successfully bumped revision number for resource e4ea1bb5-6f9d-4406-8ce3-7c552e850208 (type: security_group_rules) to 0
Aug 31 07:26:38.974647 np0000191520 devstack@neutron-api.service[101707]: DEBUG neutron.api.rpc.handlers.resources_rpc [None req-fe9dc197-c28b-4229-ae36-de1fa9e8c4dd admin admin] Pushing event updated for resources: {'SecurityGroup': ['ID=800fe94f-aaf8-4714-b0f2-478f25f8fa58,revision_number=1']} {{(pid=101707) push /opt/stack/neutron/neutron/api/rpc/handlers/resources_rpc.py:237}}
Aug 31 07:26:38.980181 np0000191520 devstack@neutron-api.service[101707]: DEBUG ovsdbapp.backend.ovs_idl.transaction [None req-65c57caa-8853-4e19-9043-dcf933ac28ca None None] Running txn 7b7c40d8 n=1 command(idx=0): CheckLivenessCommand(_result=None) {{(pid=101707) do_commit /opt/stack/data/venv/lib/python3.12/site-packages/ovsdbapp/backend/ovs_idl/transaction.py:91}}
Aug 31 07:26:38.985640 np0000191520 devstack@neutron-api.service[101707]: DEBUG neutron.plugins.ml2.drivers.ovn.mech_driver.ovsdb.ovsdb_monitor [None req-65c57caa-8853-4e19-9043-dcf933ac28ca None None] Hash Ring: Node 0bebf1eff582566b8ea2a5abe51445c6 (host: np0000191520) handling event "update" for row 309eab94-7915-4b6d-9766-bd252d82d11a (table: NB_Global) {{(pid=101707) notify /opt/stack/neutron/neutron/plugins/ml2/drivers/ovn/mech_driver/ovsdb/ovsdb_monitor.py:1099}}
Aug 31 07:26:38.985640 np0000191520 devstack@neutron-api.service[101707]: DEBUG ovsdbapp.backend.ovs_idl.transaction [None req-65c57caa-8853-4e19-9043-dcf933ac28ca None None] txn 7b7c40d8 succeeded {{(pid=101707) do_commit /opt/stack/data/venv/lib/python3.12/site-packages/ovsdbapp/backend/ovs_idl/transaction.py:137}}
Aug 31 07:26:38.987217 np0000191520 devstack@neutron-api.service[101707]: DEBUG neutron.api.rpc.callbacks.version_manager [None req-fe9dc197-c28b-4229-ae36-de1fa9e8c4dd admin admin] Tracked resource versions report:
Aug 31 07:26:38.987217 np0000191520 devstack@neutron-api.service[101707]: pushed versions:
Aug 31 07:26:38.987217 np0000191520 devstack@neutron-api.service[101707]: { 'AddressGroup': {'1.2'},
Aug 31 07:26:38.987217 np0000191520 devstack@neutron-api.service[101707]: 'Agent': {'1.1'},
Aug 31 07:26:38.987217 np0000191520 devstack@neutron-api.service[101707]: 'ConntrackHelper': {'1.0'},
Aug 31 07:26:38.987217 np0000191520 devstack@neutron-api.service[101707]: 'LocalIPAssociation': {'1.0'},
Aug 31 07:26:38.987217 np0000191520 devstack@neutron-api.service[101707]: 'Log': {'1.0'},
Aug 31 07:26:38.987217 np0000191520 devstack@neutron-api.service[101707]: 'NDPProxy': {'1.0'},
Aug 31 07:26:38.987217 np0000191520 devstack@neutron-api.service[101707]: 'Network': {'1.3'},
Aug 31 07:26:38.987217 np0000191520 devstack@neutron-api.service[101707]: 'Port': {'1.11'},
Aug 31 07:26:38.987217 np0000191520 devstack@neutron-api.service[101707]: 'PortForwarding': {'1.3'},
Aug 31 07:26:38.987217 np0000191520 devstack@neutron-api.service[101707]: 'QosPolicy': {'1.10'},
Aug 31 07:26:38.987217 np0000191520 devstack@neutron-api.service[101707]: 'SecurityGroup': {'1.6'},
Aug 31 07:26:38.987217 np0000191520 devstack@neutron-api.service[101707]: 'SecurityGroupRule': {'1.3'},
Aug 31 07:26:38.987217 np0000191520 devstack@neutron-api.service[101707]: 'SubPort': {'1.0'},
Aug 31 07:26:38.987217 np0000191520 devstack@neutron-api.service[101707]: 'Subnet': {'1.2'},
Aug 31 07:26:38.987217 np0000191520 devstack@neutron-api.service[101707]: 'Trunk': {'1.1'}}
Aug 31 07:26:38.987217 np0000191520 devstack@neutron-api.service[101707]: consumer versions:
Aug 31 07:26:38.987217 np0000191520 devstack@neutron-api.service[101707]: { OVN Controller Gateway agent@np0000191520: {},
Aug 31 07:26:38.987217 np0000191520 devstack@neutron-api.service[101707]: OVN Neutron agent@np0000191520: {}}
Aug 31 07:26:38.987217 np0000191520 devstack@neutron-api.service[101707]: {{(pid=101707) report /opt/stack/neutron/neutron/api/rpc/callbacks/version_manager.py:183}}
Aug 31 07:26:38.989941 np0000191520 devstack@neutron-api.service[101705]: DEBUG ovsdbapp.backend.ovs_idl.event [None req-0034bd3b-6a8e-462b-9665-31e31b0f27f7 None None] Matched UPDATE: ChassisAgentWriteEvent(events=('create', 'update'), table='Chassis_Private', conditions=None, old_conditions=None), priority=20 to row=Chassis_Private(uuid=7daf1cbd-93fc-494d-aef2-91c83690efff, chassis=d89beb41-2d89-49c0-afd1-8ce9e1ff0694, external_ids={'neutron:ovn-bridge': 'br-int', 'neutron:ovn-neutron-agent-id': '4488768a-adf3-50a9-9bb1-ed7cecccbf88', 'neutron:ovn-neutron-agent-sb-cfg': '2'}, name='1fcce95b-68a0-474e-b24c-9dc76a0130d4', nb_cfg=3, nb_cfg_timestamp=1788161198983) old=Chassis_Private(uuid=7daf1cbd-93fc-494d-aef2-91c83690efff, nb_cfg=2, nb_cfg_timestamp=1788161113609) {{(pid=101705) matches /opt/stack/data/venv/lib/python3.12/site-packages/ovsdbapp/backend/ovs_idl/event.py:55}}
Aug 31 07:26:38.992280 np0000191520 devstack@neutron-api.service[101707]: DEBUG ovsdbapp.backend.ovs_idl.event [None req-dfd077a8-23c4-464a-8b10-7ff0cb75d0a5 None None] Matched UPDATE: ChassisAgentWriteEvent(events=('create', 'update'), table='Chassis_Private', conditions=None, old_conditions=None), priority=20 to row=Chassis_Private(uuid=7daf1cbd-93fc-494d-aef2-91c83690efff, chassis=d89beb41-2d89-49c0-afd1-8ce9e1ff0694, external_ids={'neutron:ovn-bridge': 'br-int', 'neutron:ovn-neutron-agent-id': '4488768a-adf3-50a9-9bb1-ed7cecccbf88', 'neutron:ovn-neutron-agent-sb-cfg': '2'}, name='1fcce95b-68a0-474e-b24c-9dc76a0130d4', nb_cfg=3, nb_cfg_timestamp=1788161198983) old=Chassis_Private(uuid=7daf1cbd-93fc-494d-aef2-91c83690efff, nb_cfg=2, nb_cfg_timestamp=1788161113609) {{(pid=101707) matches /opt/stack/data/venv/lib/python3.12/site-packages/ovsdbapp/backend/ovs_idl/event.py:55}}
Aug 31 07:26:38.992990 np0000191520 devstack@neutron-api.service[101706]: DEBUG ovsdbapp.backend.ovs_idl.event [None req-a9c1fc28-a247-4d6b-a04b-50f0b1850246 None None] Matched UPDATE: ChassisAgentWriteEvent(events=('create', 'update'), table='Chassis_Private', conditions=None, old_conditions=None), priority=20 to row=Chassis_Private(uuid=7daf1cbd-93fc-494d-aef2-91c83690efff, chassis=d89beb41-2d89-49c0-afd1-8ce9e1ff0694, external_ids={'neutron:ovn-bridge': 'br-int', 'neutron:ovn-neutron-agent-id': '4488768a-adf3-50a9-9bb1-ed7cecccbf88', 'neutron:ovn-neutron-agent-sb-cfg': '2'}, name='1fcce95b-68a0-474e-b24c-9dc76a0130d4', nb_cfg=3, nb_cfg_timestamp=1788161198983) old=Chassis_Private(uuid=7daf1cbd-93fc-494d-aef2-91c83690efff, nb_cfg=2, nb_cfg_timestamp=1788161113609) {{(pid=101706) matches /opt/stack/data/venv/lib/python3.12/site-packages/ovsdbapp/backend/ovs_idl/event.py:55}}
Aug 31 07:26:38.993683 np0000191520 devstack@neutron-api.service[101708]: DEBUG ovsdbapp.backend.ovs_idl.event [None req-221ca4e9-7975-4abd-a490-d43838e989c3 None None] Matched UPDATE: ChassisAgentWriteEvent(events=('create', 'update'), table='Chassis_Private', conditions=None, old_conditions=None), priority=20 to row=Chassis_Private(uuid=7daf1cbd-93fc-494d-aef2-91c83690efff, chassis=d89beb41-2d89-49c0-afd1-8ce9e1ff0694, external_ids={'neutron:ovn-bridge': 'br-int', 'neutron:ovn-neutron-agent-id': '4488768a-adf3-50a9-9bb1-ed7cecccbf88', 'neutron:ovn-neutron-agent-sb-cfg': '2'}, name='1fcce95b-68a0-474e-b24c-9dc76a0130d4', nb_cfg=3, nb_cfg_timestamp=1788161198983) old=Chassis_Private(uuid=7daf1cbd-93fc-494d-aef2-91c83690efff, nb_cfg=2, nb_cfg_timestamp=1788161113609) {{(pid=101708) matches /opt/stack/data/venv/lib/python3.12/site-packages/ovsdbapp/backend/ovs_idl/event.py:55}}
Aug 31 07:26:38.997143 np0000191520 devstack@neutron-api.service[101707]: DEBUG neutron.plugins.ml2.drivers.ovn.mech_driver.ovsdb.ovsdb_monitor [None req-65c57caa-8853-4e19-9043-dcf933ac28ca None None] Hash Ring: Node 0bebf1eff582566b8ea2a5abe51445c6 (host: np0000191520) handling event "update" for row 309eab94-7915-4b6d-9766-bd252d82d11a (table: NB_Global) {{(pid=101707) notify /opt/stack/neutron/neutron/plugins/ml2/drivers/ovn/mech_driver/ovsdb/ovsdb_monitor.py:1099}}
Aug 31 07:26:39.001620 np0000191520 devstack@neutron-api.service[101707]: DEBUG neutron.plugins.ml2.drivers.ovn.mech_driver.ovsdb.ovsdb_monitor [None req-65c57caa-8853-4e19-9043-dcf933ac28ca None None] Hash Ring: Node 0bebf1eff582566b8ea2a5abe51445c6 (host: np0000191520) handling event "update" for row 309eab94-7915-4b6d-9766-bd252d82d11a (table: NB_Global) {{(pid=101707) notify /opt/stack/neutron/neutron/plugins/ml2/drivers/ovn/mech_driver/ovsdb/ovsdb_monitor.py:1099}}
Aug 31 07:26:39.002881 np0000191520 devstack@neutron-api.service[101707]: DEBUG neutron.plugins.ml2.drivers.ovn.mech_driver.ovsdb.ovsdb_monitor [None req-65c57caa-8853-4e19-9043-dcf933ac28ca None None] Hash Ring: Node 0bebf1eff582566b8ea2a5abe51445c6 (host: np0000191520) handling event "update" for row 309eab94-7915-4b6d-9766-bd252d82d11a (table: NB_Global) {{(pid=101707) notify /opt/stack/neutron/neutron/plugins/ml2/drivers/ovn/mech_driver/ovsdb/ovsdb_monitor.py:1099}}
Aug 31 07:26:39.003414 np0000191520 devstack@neutron-api.service[101705]: DEBUG neutron.common.ovn.hash_ring_manager [None req-0034bd3b-6a8e-462b-9665-31e31b0f27f7 None None] Hash Ring loaded. 4 active nodes. 0 offline nodes {{(pid=101705) _load_hash_ring /opt/stack/neutron/neutron/common/ovn/hash_ring_manager.py:110}}
Aug 31 07:26:39.007448 np0000191520 devstack@neutron-api.service[101707]: DEBUG neutron.common.ovn.hash_ring_manager [None req-dfd077a8-23c4-464a-8b10-7ff0cb75d0a5 None None] Hash Ring loaded. 4 active nodes. 0 offline nodes {{(pid=101707) _load_hash_ring /opt/stack/neutron/neutron/common/ovn/hash_ring_manager.py:110}}
Aug 31 07:26:39.010406 np0000191520 devstack@neutron-api.service[101706]: DEBUG neutron.common.ovn.hash_ring_manager [None req-a9c1fc28-a247-4d6b-a04b-50f0b1850246 None None] Hash Ring loaded. 4 active nodes. 0 offline nodes {{(pid=101706) _load_hash_ring /opt/stack/neutron/neutron/common/ovn/hash_ring_manager.py:110}}
Aug 31 07:26:39.010781 np0000191520 devstack@neutron-api.service[101706]: DEBUG neutron.plugins.ml2.drivers.ovn.mech_driver.ovsdb.ovsdb_monitor [None req-a9c1fc28-a247-4d6b-a04b-50f0b1850246 None None] Hash Ring: Node 20b28a2c71775183bbe6d1b5a6af3cb3 (host: np0000191520) handling event "update" for row 7daf1cbd-93fc-494d-aef2-91c83690efff (table: Chassis_Private) {{(pid=101706) notify /opt/stack/neutron/neutron/plugins/ml2/drivers/ovn/mech_driver/ovsdb/ovsdb_monitor.py:1099}}
Aug 31 07:26:39.011784 np0000191520 devstack@neutron-api.service[101708]: DEBUG neutron.common.ovn.hash_ring_manager [None req-221ca4e9-7975-4abd-a490-d43838e989c3 None None] Hash Ring loaded. 4 active nodes. 0 offline nodes {{(pid=101708) _load_hash_ring /opt/stack/neutron/neutron/common/ovn/hash_ring_manager.py:110}}
Aug 31 07:26:39.051234 np0000191520 devstack@neutron-api.service[101707]: DEBUG neutron.plugins.ml2.drivers.helpers [None req-fe9dc197-c28b-4229-ae36-de1fa9e8c4dd admin admin] geneve segment allocate from pool success with {'geneve_vni': 56112} {{(pid=101707) allocate_partially_specified_segment /opt/stack/neutron/neutron/plugins/ml2/drivers/helpers.py:142}}
Aug 31 07:26:39.063250 np0000191520 devstack@neutron-api.service[101707]: DEBUG neutron_lib.callbacks.manager [None req-fe9dc197-c28b-4229-ae36-de1fa9e8c4dd admin admin] Publish callbacks ['neutron.services.segments.db._add_segment_host_mapping_for_segment-8570490209844', 'neutron.plugins.ml2.plugin.Ml2Plugin._handle_segment_change-485712'] for segment (667d4996-4029-4020-bce6-ca303a91f2f4), precommit_create {{(pid=101707) _notify_loop /opt/stack/data/venv/lib/python3.12/site-packages/neutron_lib/callbacks/manager.py:184}}
Aug 31 07:26:39.063466 np0000191520 devstack@neutron-api.service[101707]: INFO neutron.db.segments_db [None req-fe9dc197-c28b-4229-ae36-de1fa9e8c4dd admin admin] Added segment 667d4996-4029-4020-bce6-ca303a91f2f4 of type geneve for network f5cb558c-bfe7-447b-af13-3b9585f43b20
Aug 31 07:26:39.081137 np0000191520 devstack@neutron-api.service[101707]: DEBUG neutron_lib.callbacks.manager [None req-fe9dc197-c28b-4229-ae36-de1fa9e8c4dd admin admin] Publish callbacks ['neutron.services.auto_allocate.db._ensure_external_network_default_value_callback-8570488437080'] for network (f5cb558c-bfe7-447b-af13-3b9585f43b20), precommit_create {{(pid=101707) _notify_loop /opt/stack/data/venv/lib/python3.12/site-packages/neutron_lib/callbacks/manager.py:184}}
Aug 31 07:26:39.095120 np0000191520 devstack@neutron-api.service[101707]: DEBUG neutron.plugins.ml2.drivers.ovn.mech_driver.mech_driver [None req-fe9dc197-c28b-4229-ae36-de1fa9e8c4dd admin admin] Validating network segment with type geneve, segmentation ID 56112, physical network None {{(pid=101707) _validate_network_segments /opt/stack/neutron/neutron/plugins/ml2/drivers/ovn/mech_driver/mech_driver.py:624}}
Aug 31 07:26:39.095322 np0000191520 devstack@neutron-api.service[101707]: DEBUG neutron.db.ovn_revision_numbers_db [None req-fe9dc197-c28b-4229-ae36-de1fa9e8c4dd admin admin] create_initial_revision uuid=f5cb558c-bfe7-447b-af13-3b9585f43b20, type=networks, rev=-1 {{(pid=101707) create_initial_revision /opt/stack/neutron/neutron/db/ovn_revision_numbers_db.py:98}}
Aug 31 07:26:39.105726 np0000191520 devstack@neutron-api.service[101707]: DEBUG neutron_lib.callbacks.manager [None req-fe9dc197-c28b-4229-ae36-de1fa9e8c4dd admin admin] Publish callbacks ['neutron.plugins.ml2.ovo_rpc._ObjectChangeHandler.handle_event-32378815'] for network (f5cb558c-bfe7-447b-af13-3b9585f43b20), after_create {{(pid=101707) _notify_loop /opt/stack/data/venv/lib/python3.12/site-packages/neutron_lib/callbacks/manager.py:184}}
Aug 31 07:26:39.126264 np0000191520 devstack@neutron-api.service[101707]: DEBUG neutron.api.rpc.handlers.resources_rpc [None req-fe9dc197-c28b-4229-ae36-de1fa9e8c4dd admin admin] Pushing event updated for resources: {'Network': ['ID=f5cb558c-bfe7-447b-af13-3b9585f43b20,revision_number=1']} {{(pid=101707) push /opt/stack/neutron/neutron/api/rpc/handlers/resources_rpc.py:237}}
Aug 31 07:26:39.136809 np0000191520 devstack@neutron-api.service[101707]: DEBUG ovsdbapp.backend.ovs_idl.transaction [None req-65c57caa-8853-4e19-9043-dcf933ac28ca None None] Running txn 114e62cf n=1 command(idx=0): AddNetworkCommand(_result=None, network_uuid=f5cb558c-bfe7-447b-af13-3b9585f43b20, may_exist=True, columns={'external_ids': {'neutron:network_name': 'admin_net', 'neutron:mtu': '1372', 'neutron:revision_number': '1', 'neutron:availability_zone_hints': '', 'neutron:provnet-network-type': 'geneve'}, 'other_config': {'mcast_snoop': 'false', 'mcast_flood_unregistered': 'false', 'vlan-passthru': 'false'}}) {{(pid=101707) do_commit /opt/stack/data/venv/lib/python3.12/site-packages/ovsdbapp/backend/ovs_idl/transaction.py:91}}
Aug 31 07:26:39.141613 np0000191520 devstack@neutron-api.service[101707]: DEBUG ovsdbapp.backend.ovs_idl.transaction [None req-65c57caa-8853-4e19-9043-dcf933ac28ca None None] txn 114e62cf succeeded {{(pid=101707) do_commit /opt/stack/data/venv/lib/python3.12/site-packages/ovsdbapp/backend/ovs_idl/transaction.py:137}}
Aug 31 07:26:39.143361 np0000191520 devstack@neutron-api.service[101705]: DEBUG neutron.plugins.ml2.drivers.ovn.mech_driver.ovsdb.ovsdb_monitor [None req-b991bb5a-a9a6-44a6-81b7-b50037705940 None None] Hash Ring: Node a959f143c92e5b6c9b3f4f9ac4f0c7f9 (host: np0000191520) handling event "create" for row f5cb558c-bfe7-447b-af13-3b9585f43b20 (table: Logical_Switch) {{(pid=101705) notify /opt/stack/neutron/neutron/plugins/ml2/drivers/ovn/mech_driver/ovsdb/ovsdb_monitor.py:1099}}
Aug 31 07:26:39.150550 np0000191520 devstack@neutron-api.service[101706]: DEBUG neutron.plugins.ml2.drivers.ovn.mech_driver.ovsdb.ovsdb_monitor [None req-a9c1fc28-a247-4d6b-a04b-50f0b1850246 None None] Hash Ring: Node 20b28a2c71775183bbe6d1b5a6af3cb3 (host: np0000191520) handling event "create" for row c4a75516-6898-4901-9f18-89508e895056 (table: Datapath_Binding) {{(pid=101706) notify /opt/stack/neutron/neutron/plugins/ml2/drivers/ovn/mech_driver/ovsdb/ovsdb_monitor.py:1099}}
Aug 31 07:26:39.174016 np0000191520 devstack@neutron-api.service[101707]: INFO neutron.db.ovn_revision_numbers_db [None req-fe9dc197-c28b-4229-ae36-de1fa9e8c4dd admin admin] Successfully bumped revision number for resource f5cb558c-bfe7-447b-af13-3b9585f43b20 (type: networks) to 1
Aug 31 07:26:39.187861 np0000191520 devstack@neutron-api.service[101707]: DEBUG neutron_lib.callbacks.manager [None req-fe9dc197-c28b-4229-ae36-de1fa9e8c4dd admin admin] Publish callbacks ['neutron.plugins.ml2.plugin.SecurityGroupDbMixin._ensure_default_security_group_handler-85088'] for port (None), before_create {{(pid=101707) _notify_loop /opt/stack/data/venv/lib/python3.12/site-packages/neutron_lib/callbacks/manager.py:184}}
Aug 31 07:26:39.258582 np0000191520 devstack@neutron-api.service[101707]: DEBUG neutron_lib.callbacks.manager [None req-fe9dc197-c28b-4229-ae36-de1fa9e8c4dd admin admin] Publish callbacks ['neutron.plugins.ml2.drivers.ovn.mech_driver.mech_driver.OVNMechanismDriver._validate_allowed_address_pairs-32195763'] for allowed_address_pair (50f7bd3f-dd7b-4491-9217-ec90fd1178f8), before_create {{(pid=101707) _notify_loop /opt/stack/data/venv/lib/python3.12/site-packages/neutron_lib/callbacks/manager.py:184}}
Aug 31 07:26:39.259120 np0000191520 devstack@neutron-api.service[101707]: DEBUG neutron_lib.callbacks.manager [None req-fe9dc197-c28b-4229-ae36-de1fa9e8c4dd admin admin] Publish callbacks [] for port (50f7bd3f-dd7b-4491-9217-ec90fd1178f8), precommit_create {{(pid=101707) _notify_loop /opt/stack/data/venv/lib/python3.12/site-packages/neutron_lib/callbacks/manager.py:184}}
Aug 31 07:26:39.259285 np0000191520 devstack@neutron-api.service[101707]: DEBUG neutron.plugins.ml2.drivers.ovn.mech_driver.mech_driver [None req-fe9dc197-c28b-4229-ae36-de1fa9e8c4dd admin admin] No provisioning block for port 50f7bd3f-dd7b-4491-9217-ec90fd1178f8 since it does not have a host {{(pid=101707) _is_port_provisioning_required /opt/stack/neutron/neutron/plugins/ml2/drivers/ovn/mech_driver/mech_driver.py:877}}
Aug 31 07:26:39.259396 np0000191520 devstack@neutron-api.service[101707]: DEBUG neutron.db.ovn_revision_numbers_db [None req-fe9dc197-c28b-4229-ae36-de1fa9e8c4dd admin admin] create_initial_revision uuid=50f7bd3f-dd7b-4491-9217-ec90fd1178f8, type=ports, rev=-1 {{(pid=101707) create_initial_revision /opt/stack/neutron/neutron/db/ovn_revision_numbers_db.py:98}}
Aug 31 07:26:39.289104 np0000191520 devstack@neutron-api.service[101707]: DEBUG neutron_lib.callbacks.manager [None req-fe9dc197-c28b-4229-ae36-de1fa9e8c4dd admin admin] Publish callbacks ['neutron.plugins.ml2.ovo_rpc._ObjectChangeHandler.handle_event-32378798'] for port (50f7bd3f-dd7b-4491-9217-ec90fd1178f8), after_create {{(pid=101707) _notify_loop /opt/stack/data/venv/lib/python3.12/site-packages/neutron_lib/callbacks/manager.py:184}}
Aug 31 07:26:39.317458 np0000191520 devstack@neutron-api.service[101707]: DEBUG neutron.api.rpc.handlers.resources_rpc [None req-fe9dc197-c28b-4229-ae36-de1fa9e8c4dd admin admin] Pushing event updated for resources: {'Port': ['ID=50f7bd3f-dd7b-4491-9217-ec90fd1178f8,revision_number=1']} {{(pid=101707) push /opt/stack/neutron/neutron/api/rpc/handlers/resources_rpc.py:237}}
Aug 31 07:26:39.323361 np0000191520 devstack@neutron-api.service[101707]: DEBUG neutron.plugins.ml2.drivers.ovn.mech_driver.ovsdb.commands [None req-fe9dc197-c28b-4229-ae36-de1fa9e8c4dd admin admin] Converting tag [] to a tag_request {{(pid=101707) _tag_column_to_tag_request /opt/stack/neutron/neutron/plugins/ml2/drivers/ovn/mech_driver/ovsdb/commands.py:227}}
Aug 31 07:26:39.323970 np0000191520 devstack@neutron-api.service[101707]: DEBUG ovsdbapp.backend.ovs_idl.transaction [None req-65c57caa-8853-4e19-9043-dcf933ac28ca None None] Running txn bc4efcb9 n=1 command(idx=0): AddLSwitchPortCommand(_result=None, lport=50f7bd3f-dd7b-4491-9217-ec90fd1178f8, lswitch=neutron-f5cb558c-bfe7-447b-af13-3b9585f43b20, may_exist=True, network_uuid=f5cb558c-bfe7-447b-af13-3b9585f43b20, columns={'addresses': ['fa:16:3e:71:2a:5d'], 'external_ids': {'neutron:port_name': '', 'neutron:device_id': 'ovnmeta-f5cb558c-bfe7-447b-af13-3b9585f43b20', 'neutron:project_id': '342b83b8dcbc4f598421363c2e844e0e', 'neutron:cidrs': '', 'neutron:device_owner': 'network:distributed', 'neutron:subnet_pool_addr_scope4': '', 'neutron:subnet_pool_addr_scope6': '', 'neutron:network_name': 'neutron-f5cb558c-bfe7-447b-af13-3b9585f43b20', 'neutron:security_group_ids': '', 'neutron:revision_number': '1', 'neutron:vnic_type': 'normal', 'neutron:port_capabilities': '', 'neutron:mtu': '1372'}, 'parent_name': [], 'enabled': True, 'options': {}, 'type': 'localport', 'port_security': [], 'dhcpv4_options': [], 'dhcpv6_options': [], 'tag_request': []}) {{(pid=101707) do_commit /opt/stack/data/venv/lib/python3.12/site-packages/ovsdbapp/backend/ovs_idl/transaction.py:91}}
Aug 31 07:26:39.324531 np0000191520 devstack@neutron-api.service[101707]: DEBUG ovsdbapp.backend.ovs_idl.transaction [None req-65c57caa-8853-4e19-9043-dcf933ac28ca None None] Running txn bc4efcb9 n=1 command(idx=1): QoSDelCommand(_result=None, switch=neutron-f5cb558c-bfe7-447b-af13-3b9585f43b20, conditions=[('direction', '=', 'to-lport'), ('priority', '=', 2002), ('match', '=', 'outport == "50f7bd3f-dd7b-4491-9217-ec90fd1178f8"')], if_exists=True) {{(pid=101707) do_commit /opt/stack/data/venv/lib/python3.12/site-packages/ovsdbapp/backend/ovs_idl/transaction.py:91}}
Aug 31 07:26:39.324744 np0000191520 devstack@neutron-api.service[101707]: DEBUG ovsdbapp.backend.ovs_idl.transaction [None req-65c57caa-8853-4e19-9043-dcf933ac28ca None None] Running txn bc4efcb9 n=1 command(idx=2): QoSDelCommand(_result=None, switch=neutron-f5cb558c-bfe7-447b-af13-3b9585f43b20, conditions=[('direction', '=', 'from-lport'), ('priority', '=', 2002), ('match', '=', 'inport == "50f7bd3f-dd7b-4491-9217-ec90fd1178f8"')], if_exists=True) {{(pid=101707) do_commit /opt/stack/data/venv/lib/python3.12/site-packages/ovsdbapp/backend/ovs_idl/transaction.py:91}}
Aug 31 07:26:39.329114 np0000191520 devstack@neutron-api.service[101707]: DEBUG ovsdbapp.backend.ovs_idl.transaction [None req-65c57caa-8853-4e19-9043-dcf933ac28ca None None] txn bc4efcb9 succeeded {{(pid=101707) do_commit /opt/stack/data/venv/lib/python3.12/site-packages/ovsdbapp/backend/ovs_idl/transaction.py:137}}
Aug 31 07:26:39.333095 np0000191520 devstack@neutron-api.service[101705]: DEBUG neutron.plugins.ml2.drivers.ovn.mech_driver.ovsdb.ovsdb_monitor [None req-b991bb5a-a9a6-44a6-81b7-b50037705940 None None] Hash Ring: Node a959f143c92e5b6c9b3f4f9ac4f0c7f9 (host: np0000191520) handling event "update" for row f5cb558c-bfe7-447b-af13-3b9585f43b20 (table: Logical_Switch) {{(pid=101705) notify /opt/stack/neutron/neutron/plugins/ml2/drivers/ovn/mech_driver/ovsdb/ovsdb_monitor.py:1099}}
Aug 31 07:26:39.333566 np0000191520 devstack@neutron-api.service[101705]: DEBUG neutron.plugins.ml2.drivers.ovn.mech_driver.ovsdb.ovsdb_monitor [None req-b991bb5a-a9a6-44a6-81b7-b50037705940 None None] Hash Ring: Node a959f143c92e5b6c9b3f4f9ac4f0c7f9 (host: np0000191520) handling event "create" for row fbd81032-3715-4baf-b71b-cb6339585e5c (table: Logical_Switch_Port) {{(pid=101705) notify /opt/stack/neutron/neutron/plugins/ml2/drivers/ovn/mech_driver/ovsdb/ovsdb_monitor.py:1099}}
