Aug 31 07:22:44.731881 np0000191520 devstack@neutron-api.service[101705]: DEBUG ovsdbapp.backend.ovs_idl.event [-] Matched UPDATE: ChassisOVNAgentWriteEvent(events=('create', 'update'), table='Chassis_Private', conditions=None, old_conditions=None), priority=20 to row=Chassis_Private(uuid=7daf1cbd-93fc-494d-aef2-91c83690efff, chassis=d89beb41-2d89-49c0-afd1-8ce9e1ff0694, external_ids={'neutron:ovn-bridge': 'br-int', 'neutron:ovn-neutron-agent-id': '4488768a-adf3-50a9-9bb1-ed7cecccbf88', 'neutron:ovn-neutron-agent-sb-cfg': '1'}, name='1fcce95b-68a0-474e-b24c-9dc76a0130d4', nb_cfg=1, nb_cfg_timestamp=1788160964706) old=Chassis_Private(uuid=7daf1cbd-93fc-494d-aef2-91c83690efff, external_ids={'neutron:ovn-bridge': 'br-int', 'neutron:ovn-neutron-agent-id': '4488768a-adf3-50a9-9bb1-ed7cecccbf88', 'neutron:ovn-neutron-agent-sb-cfg': '0'}) {{(pid=101705) matches /opt/stack/data/venv/lib/python3.12/site-packages/ovsdbapp/backend/ovs_idl/event.py:55}}
Aug 31 07:22:44.732222 np0000191520 devstack@neutron-api.service[101708]: DEBUG ovsdbapp.backend.ovs_idl.event [-] Matched UPDATE: ChassisOVNAgentWriteEvent(events=('create', 'update'), table='Chassis_Private', conditions=None, old_conditions=None), priority=20 to row=Chassis_Private(uuid=7daf1cbd-93fc-494d-aef2-91c83690efff, chassis=d89beb41-2d89-49c0-afd1-8ce9e1ff0694, external_ids={'neutron:ovn-bridge': 'br-int', 'neutron:ovn-neutron-agent-id': '4488768a-adf3-50a9-9bb1-ed7cecccbf88', 'neutron:ovn-neutron-agent-sb-cfg': '1'}, name='1fcce95b-68a0-474e-b24c-9dc76a0130d4', nb_cfg=1, nb_cfg_timestamp=1788160964706) old=Chassis_Private(uuid=7daf1cbd-93fc-494d-aef2-91c83690efff, external_ids={'neutron:ovn-bridge': 'br-int', 'neutron:ovn-neutron-agent-id': '4488768a-adf3-50a9-9bb1-ed7cecccbf88', 'neutron:ovn-neutron-agent-sb-cfg': '0'}) {{(pid=101708) matches /opt/stack/data/venv/lib/python3.12/site-packages/ovsdbapp/backend/ovs_idl/event.py:55}}
Aug 31 07:22:44.732718 np0000191520 devstack@neutron-api.service[101705]: DEBUG neutron.plugins.ml2.drivers.ovn.mech_driver.ovsdb.ovsdb_monitor [-] Hash Ring: Node a959f143c92e5b6c9b3f4f9ac4f0c7f9 (host: np0000191520) handling event "update" for row 7daf1cbd-93fc-494d-aef2-91c83690efff (table: Chassis_Private) {{(pid=101705) notify /opt/stack/neutron/neutron/plugins/ml2/drivers/ovn/mech_driver/ovsdb/ovsdb_monitor.py:1099}}
Aug 31 07:22:44.733427 np0000191520 devstack@neutron-api.service[101706]: DEBUG ovsdbapp.backend.ovs_idl.event [-] Matched UPDATE: ChassisOVNAgentWriteEvent(events=('create', 'update'), table='Chassis_Private', conditions=None, old_conditions=None), priority=20 to row=Chassis_Private(uuid=7daf1cbd-93fc-494d-aef2-91c83690efff, chassis=d89beb41-2d89-49c0-afd1-8ce9e1ff0694, external_ids={'neutron:ovn-bridge': 'br-int', 'neutron:ovn-neutron-agent-id': '4488768a-adf3-50a9-9bb1-ed7cecccbf88', 'neutron:ovn-neutron-agent-sb-cfg': '1'}, name='1fcce95b-68a0-474e-b24c-9dc76a0130d4', nb_cfg=1, nb_cfg_timestamp=1788160964706) old=Chassis_Private(uuid=7daf1cbd-93fc-494d-aef2-91c83690efff, external_ids={'neutron:ovn-bridge': 'br-int', 'neutron:ovn-neutron-agent-id': '4488768a-adf3-50a9-9bb1-ed7cecccbf88', 'neutron:ovn-neutron-agent-sb-cfg': '0'}) {{(pid=101706) matches /opt/stack/data/venv/lib/python3.12/site-packages/ovsdbapp/backend/ovs_idl/event.py:55}}
Aug 31 07:22:44.734440 np0000191520 devstack@neutron-api.service[101706]: DEBUG neutron.plugins.ml2.drivers.ovn.mech_driver.ovsdb.ovsdb_monitor [-] Hash Ring: Node 20b28a2c71775183bbe6d1b5a6af3cb3 (host: np0000191520) handling event "update" for row 7daf1cbd-93fc-494d-aef2-91c83690efff (table: Chassis_Private) {{(pid=101706) notify /opt/stack/neutron/neutron/plugins/ml2/drivers/ovn/mech_driver/ovsdb/ovsdb_monitor.py:1099}}
Aug 31 07:22:44.735842 np0000191520 devstack@neutron-api.service[101707]: DEBUG ovsdbapp.backend.ovs_idl.event [-] Matched UPDATE: ChassisOVNAgentWriteEvent(events=('create', 'update'), table='Chassis_Private', conditions=None, old_conditions=None), priority=20 to row=Chassis_Private(uuid=7daf1cbd-93fc-494d-aef2-91c83690efff, chassis=d89beb41-2d89-49c0-afd1-8ce9e1ff0694, external_ids={'neutron:ovn-bridge': 'br-int', 'neutron:ovn-neutron-agent-id': '4488768a-adf3-50a9-9bb1-ed7cecccbf88', 'neutron:ovn-neutron-agent-sb-cfg': '1'}, name='1fcce95b-68a0-474e-b24c-9dc76a0130d4', nb_cfg=1, nb_cfg_timestamp=1788160964706) old=Chassis_Private(uuid=7daf1cbd-93fc-494d-aef2-91c83690efff, external_ids={'neutron:ovn-bridge': 'br-int', 'neutron:ovn-neutron-agent-id': '4488768a-adf3-50a9-9bb1-ed7cecccbf88', 'neutron:ovn-neutron-agent-sb-cfg': '0'}) {{(pid=101707) matches /opt/stack/data/venv/lib/python3.12/site-packages/ovsdbapp/backend/ovs_idl/event.py:55}}
Aug 31 07:22:44.803311 np0000191520 devstack@neutron-api.service[101707]: DEBUG neutron.plugins.ml2.drivers.helpers [None req-412f94c2-04f4-4e79-bc80-a1fe13c708e9 admin admin] geneve segment allocate from pool success with {'geneve_vni': 32152} {{(pid=101707) allocate_partially_specified_segment /opt/stack/neutron/neutron/plugins/ml2/drivers/helpers.py:142}}
Aug 31 07:22:44.816957 np0000191520 devstack@neutron-api.service[101707]: DEBUG neutron_lib.callbacks.manager [None req-412f94c2-04f4-4e79-bc80-a1fe13c708e9 admin admin] Publish callbacks ['neutron.services.segments.db._add_segment_host_mapping_for_segment-8570490209844', 'neutron.plugins.ml2.plugin.Ml2Plugin._handle_segment_change-485712'] for segment (6c3c9cf2-1536-40d3-9a8a-40d817be1cdc), precommit_create {{(pid=101707) _notify_loop /opt/stack/data/venv/lib/python3.12/site-packages/neutron_lib/callbacks/manager.py:184}}
Aug 31 07:22:44.817162 np0000191520 devstack@neutron-api.service[101707]: INFO neutron.db.segments_db [None req-412f94c2-04f4-4e79-bc80-a1fe13c708e9 admin admin] Added segment 6c3c9cf2-1536-40d3-9a8a-40d817be1cdc of type geneve for network 6ad9d9fd-9f8d-433b-9adc-149a964cc2f6
Aug 31 07:22:44.865561 np0000191520 devstack@neutron-api.service[101707]: DEBUG neutron_lib.callbacks.manager [None req-412f94c2-04f4-4e79-bc80-a1fe13c708e9 admin admin] Publish callbacks ['neutron.services.auto_allocate.db._ensure_external_network_default_value_callback-8570488437080'] for network (6ad9d9fd-9f8d-433b-9adc-149a964cc2f6), precommit_create {{(pid=101707) _notify_loop /opt/stack/data/venv/lib/python3.12/site-packages/neutron_lib/callbacks/manager.py:184}}
Aug 31 07:22:44.882786 np0000191520 devstack@neutron-api.service[101707]: DEBUG neutron.plugins.ml2.drivers.ovn.mech_driver.mech_driver [None req-412f94c2-04f4-4e79-bc80-a1fe13c708e9 admin admin] Validating network segment with type geneve, segmentation ID 32152, physical network None {{(pid=101707) _validate_network_segments /opt/stack/neutron/neutron/plugins/ml2/drivers/ovn/mech_driver/mech_driver.py:624}}
Aug 31 07:22:44.882952 np0000191520 devstack@neutron-api.service[101707]: DEBUG neutron.db.ovn_revision_numbers_db [None req-412f94c2-04f4-4e79-bc80-a1fe13c708e9 admin admin] create_initial_revision uuid=6ad9d9fd-9f8d-433b-9adc-149a964cc2f6, type=networks, rev=-1 {{(pid=101707) create_initial_revision /opt/stack/neutron/neutron/db/ovn_revision_numbers_db.py:98}}
Aug 31 07:22:44.900648 np0000191520 devstack@neutron-api.service[101707]: DEBUG neutron_lib.callbacks.manager [None req-412f94c2-04f4-4e79-bc80-a1fe13c708e9 admin admin] Publish callbacks ['neutron.plugins.ml2.ovo_rpc._ObjectChangeHandler.handle_event-32378815'] for network (6ad9d9fd-9f8d-433b-9adc-149a964cc2f6), after_create {{(pid=101707) _notify_loop /opt/stack/data/venv/lib/python3.12/site-packages/neutron_lib/callbacks/manager.py:184}}
Aug 31 07:22:44.945141 np0000191520 devstack@neutron-api.service[101707]: DEBUG neutron.api.rpc.handlers.resources_rpc [None req-412f94c2-04f4-4e79-bc80-a1fe13c708e9 admin admin] Pushing event updated for resources: {'Network': ['ID=6ad9d9fd-9f8d-433b-9adc-149a964cc2f6,revision_number=1']} {{(pid=101707) push /opt/stack/neutron/neutron/api/rpc/handlers/resources_rpc.py:237}}
Aug 31 07:22:44.954878 np0000191520 devstack@neutron-api.service[101707]: DEBUG ovsdbapp.backend.ovs_idl.transaction [-] Running txn 19b3b6f3 n=1 command(idx=0): AddNetworkCommand(_result=None, network_uuid=6ad9d9fd-9f8d-433b-9adc-149a964cc2f6, may_exist=True, columns={'external_ids': {'neutron:network_name': 'private', 'neutron:mtu': '1372', 'neutron:revision_number': '1', 'neutron:availability_zone_hints': '', 'neutron:provnet-network-type': 'geneve'}, 'other_config': {'mcast_snoop': 'false', 'mcast_flood_unregistered': 'false', 'vlan-passthru': 'false'}}) {{(pid=101707) do_commit /opt/stack/data/venv/lib/python3.12/site-packages/ovsdbapp/backend/ovs_idl/transaction.py:91}}
Aug 31 07:22:44.955389 np0000191520 devstack@neutron-api.service[101707]: DEBUG neutron.common.ovn.utils [-] OVS persist_uuid supported=True {{(pid=101707) ovs_persist_uuid_supported /opt/stack/neutron/neutron/common/ovn/utils.py:1565}}
Aug 31 07:22:44.957884 np0000191520 devstack@neutron-api.service[101707]: DEBUG ovsdbapp.backend.ovs_idl.transaction [-] txn 19b3b6f3 succeeded {{(pid=101707) do_commit /opt/stack/data/venv/lib/python3.12/site-packages/ovsdbapp/backend/ovs_idl/transaction.py:137}}
Aug 31 07:22:44.959403 np0000191520 devstack@neutron-api.service[101705]: DEBUG neutron.plugins.ml2.drivers.ovn.mech_driver.ovsdb.ovsdb_monitor [-] Hash Ring: Node a959f143c92e5b6c9b3f4f9ac4f0c7f9 (host: np0000191520) handling event "create" for row 6ad9d9fd-9f8d-433b-9adc-149a964cc2f6 (table: Logical_Switch) {{(pid=101705) notify /opt/stack/neutron/neutron/plugins/ml2/drivers/ovn/mech_driver/ovsdb/ovsdb_monitor.py:1099}}
Aug 31 07:22:44.959861 np0000191520 devstack@neutron-api.service[101708]: DEBUG neutron.plugins.ml2.drivers.ovn.mech_driver.ovsdb.ovsdb_monitor [-] Hash Ring: Node ff5169a8d6ed5d61a7429f9e4ddb2e71 (host: np0000191520) handling event "create" for row 6ad9d9fd-9f8d-433b-9adc-149a964cc2f6 (table: Logical_Switch) {{(pid=101708) notify /opt/stack/neutron/neutron/plugins/ml2/drivers/ovn/mech_driver/ovsdb/ovsdb_monitor.py:1099}}
Aug 31 07:22:44.969389 np0000191520 devstack@neutron-api.service[101705]: DEBUG neutron.plugins.ml2.drivers.ovn.mech_driver.ovsdb.ovsdb_monitor [-] Hash Ring: Node a959f143c92e5b6c9b3f4f9ac4f0c7f9 (host: np0000191520) handling event "create" for row d63aa6ac-91b3-4a62-bb7d-c088321ea76b (table: Datapath_Binding) {{(pid=101705) notify /opt/stack/neutron/neutron/plugins/ml2/drivers/ovn/mech_driver/ovsdb/ovsdb_monitor.py:1099}}
Aug 31 07:22:44.997119 np0000191520 devstack@neutron-api.service[101707]: INFO neutron.db.ovn_revision_numbers_db [None req-412f94c2-04f4-4e79-bc80-a1fe13c708e9 admin admin] Successfully bumped revision number for resource 6ad9d9fd-9f8d-433b-9adc-149a964cc2f6 (type: networks) to 1
Aug 31 07:22:45.065489 np0000191520 devstack@neutron-api.service[101707]: DEBUG neutron_lib.callbacks.manager [None req-412f94c2-04f4-4e79-bc80-a1fe13c708e9 admin admin] Publish callbacks ['neutron.plugins.ml2.plugin.SecurityGroupDbMixin._ensure_default_security_group_handler-85088'] for port (None), before_create {{(pid=101707) _notify_loop /opt/stack/data/venv/lib/python3.12/site-packages/neutron_lib/callbacks/manager.py:184}}
Aug 31 07:22:45.161705 np0000191520 devstack@neutron-api.service[101707]: DEBUG neutron_lib.callbacks.manager [None req-412f94c2-04f4-4e79-bc80-a1fe13c708e9 admin admin] Publish callbacks ['neutron.plugins.ml2.drivers.ovn.mech_driver.mech_driver.OVNMechanismDriver._validate_allowed_address_pairs-32195763'] for allowed_address_pair (21c9654d-fffe-4d84-b494-8bc031f10b11), before_create {{(pid=101707) _notify_loop /opt/stack/data/venv/lib/python3.12/site-packages/neutron_lib/callbacks/manager.py:184}}
Aug 31 07:22:45.162491 np0000191520 devstack@neutron-api.service[101707]: DEBUG neutron_lib.callbacks.manager [None req-412f94c2-04f4-4e79-bc80-a1fe13c708e9 admin admin] Publish callbacks [] for port (21c9654d-fffe-4d84-b494-8bc031f10b11), precommit_create {{(pid=101707) _notify_loop /opt/stack/data/venv/lib/python3.12/site-packages/neutron_lib/callbacks/manager.py:184}}
Aug 31 07:22:45.162627 np0000191520 devstack@neutron-api.service[101707]: DEBUG neutron.plugins.ml2.drivers.ovn.mech_driver.mech_driver [None req-412f94c2-04f4-4e79-bc80-a1fe13c708e9 admin admin] No provisioning block for port 21c9654d-fffe-4d84-b494-8bc031f10b11 since it does not have a host {{(pid=101707) _is_port_provisioning_required /opt/stack/neutron/neutron/plugins/ml2/drivers/ovn/mech_driver/mech_driver.py:877}}
Aug 31 07:22:45.162841 np0000191520 devstack@neutron-api.service[101707]: DEBUG neutron.db.ovn_revision_numbers_db [None req-412f94c2-04f4-4e79-bc80-a1fe13c708e9 admin admin] create_initial_revision uuid=21c9654d-fffe-4d84-b494-8bc031f10b11, type=ports, rev=-1 {{(pid=101707) create_initial_revision /opt/stack/neutron/neutron/db/ovn_revision_numbers_db.py:98}}
Aug 31 07:22:45.419089 np0000191520 devstack@neutron-api.service[101707]: DEBUG neutron_lib.callbacks.manager [None req-412f94c2-04f4-4e79-bc80-a1fe13c708e9 admin admin] Publish callbacks ['neutron.plugins.ml2.ovo_rpc._ObjectChangeHandler.handle_event-32378798'] for port (21c9654d-fffe-4d84-b494-8bc031f10b11), after_create {{(pid=101707) _notify_loop /opt/stack/data/venv/lib/python3.12/site-packages/neutron_lib/callbacks/manager.py:184}}
Aug 31 07:22:45.472834 np0000191520 devstack@neutron-api.service[101707]: DEBUG neutron.api.rpc.handlers.resources_rpc [None req-412f94c2-04f4-4e79-bc80-a1fe13c708e9 admin admin] Pushing event updated for resources: {'Port': ['ID=21c9654d-fffe-4d84-b494-8bc031f10b11,revision_number=1']} {{(pid=101707) push /opt/stack/neutron/neutron/api/rpc/handlers/resources_rpc.py:237}}
Aug 31 07:22:45.509138 np0000191520 devstack@neutron-api.service[101707]: DEBUG neutron.plugins.ml2.drivers.ovn.mech_driver.ovsdb.commands [None req-412f94c2-04f4-4e79-bc80-a1fe13c708e9 admin admin] Converting tag [] to a tag_request {{(pid=101707) _tag_column_to_tag_request /opt/stack/neutron/neutron/plugins/ml2/drivers/ovn/mech_driver/ovsdb/commands.py:227}}
Aug 31 07:22:45.509952 np0000191520 devstack@neutron-api.service[101707]: DEBUG ovsdbapp.backend.ovs_idl.transaction [-] Running txn f9f31c6d n=1 command(idx=0): AddLSwitchPortCommand(_result=None, lport=21c9654d-fffe-4d84-b494-8bc031f10b11, lswitch=neutron-6ad9d9fd-9f8d-433b-9adc-149a964cc2f6, may_exist=True, network_uuid=6ad9d9fd-9f8d-433b-9adc-149a964cc2f6, columns={'addresses': ['fa:16:3e:33:ae:4e'], 'external_ids': {'neutron:port_name': '', 'neutron:device_id': 'ovnmeta-6ad9d9fd-9f8d-433b-9adc-149a964cc2f6', 'neutron:project_id': '6aba188e88f4470683bc70f4fa26a4c4', 'neutron:cidrs': '', 'neutron:device_owner': 'network:distributed', 'neutron:subnet_pool_addr_scope4': '', 'neutron:subnet_pool_addr_scope6': '', 'neutron:network_name': 'neutron-6ad9d9fd-9f8d-433b-9adc-149a964cc2f6', 'neutron:security_group_ids': '', 'neutron:revision_number': '1', 'neutron:vnic_type': 'normal', 'neutron:port_capabilities': '', 'neutron:mtu': '1372'}, 'parent_name': [], 'enabled': True, 'options': {}, 'type': 'localport', 'port_security': [], 'dhcpv4_options': [], 'dhcpv6_options': [], 'tag_request': []}) {{(pid=101707) do_commit /opt/stack/data/venv/lib/python3.12/site-packages/ovsdbapp/backend/ovs_idl/transaction.py:91}}
Aug 31 07:22:45.510436 np0000191520 devstack@neutron-api.service[101707]: DEBUG ovsdbapp.backend.ovs_idl.transaction [-] Running txn f9f31c6d n=1 command(idx=1): QoSDelCommand(_result=None, switch=neutron-6ad9d9fd-9f8d-433b-9adc-149a964cc2f6, conditions=[('direction', '=', 'to-lport'), ('priority', '=', 2002), ('match', '=', 'outport == "21c9654d-fffe-4d84-b494-8bc031f10b11"')], if_exists=True) {{(pid=101707) do_commit /opt/stack/data/venv/lib/python3.12/site-packages/ovsdbapp/backend/ovs_idl/transaction.py:91}}
Aug 31 07:22:45.510615 np0000191520 devstack@neutron-api.service[101707]: DEBUG ovsdbapp.backend.ovs_idl.transaction [-] Running txn f9f31c6d n=1 command(idx=2): QoSDelCommand(_result=None, switch=neutron-6ad9d9fd-9f8d-433b-9adc-149a964cc2f6, conditions=[('direction', '=', 'from-lport'), ('priority', '=', 2002), ('match', '=', 'inport == "21c9654d-fffe-4d84-b494-8bc031f10b11"')], if_exists=True) {{(pid=101707) do_commit /opt/stack/data/venv/lib/python3.12/site-packages/ovsdbapp/backend/ovs_idl/transaction.py:91}}
Aug 31 07:22:45.513421 np0000191520 devstack@neutron-api.service[101707]: DEBUG neutron.plugins.ml2.drivers.ovn.mech_driver.ovsdb.ovsdb_monitor [-] Hash Ring: Node 0bebf1eff582566b8ea2a5abe51445c6 (host: np0000191520) handling event "create" for row 4ec7b328-0c66-4b29-aab7-80ad024dc304 (table: Logical_Switch_Port) {{(pid=101707) notify /opt/stack/neutron/neutron/plugins/ml2/drivers/ovn/mech_driver/ovsdb/ovsdb_monitor.py:1099}}
Aug 31 07:22:45.514758 np0000191520 devstack@neutron-api.service[101707]: DEBUG ovsdbapp.backend.ovs_idl.event [-] Matched CREATE: LogicalSwitchPortCreateEvent(events=('create',), table='Logical_Switch_Port', conditions=[], old_conditions=None), priority=20 to row=Logical_Switch_Port(uuid=4ec7b328-0c66-4b29-aab7-80ad024dc304, addresses=['fa:16:3e:33:ae:4e'], dhcpv4_options=[], dhcpv6_options=[], dynamic_addresses=[], enabled=True, external_ids={'neutron:cidrs': '', 'neutron:device_id': 'ovnmeta-6ad9d9fd-9f8d-433b-9adc-149a964cc2f6', 'neutron:device_owner': 'network:distributed', 'neutron:mtu': '1372', 'neutron:network_name': 'neutron-6ad9d9fd-9f8d-433b-9adc-149a964cc2f6', 'neutron:port_capabilities': '', 'neutron:port_name': '', 'neutron:project_id': '6aba188e88f4470683bc70f4fa26a4c4', 'neutron:revision_number': '1', 'neutron:security_group_ids': '', 'neutron:subnet_pool_addr_scope4': '', 'neutron:subnet_pool_addr_scope6': '', 'neutron:vnic_type': 'normal'}, ha_chassis_group=[], mirror_rules=[], name='21c9654d-fffe-4d84-b494-8bc031f10b11', options={}, parent_name=[], port_security=[], tag=[], tag_request=[], type='localport', up=[]) old= {{(pid=101707) matches /opt/stack/data/venv/lib/python3.12/site-packages/ovsdbapp/backend/ovs_idl/event.py:55}}
Aug 31 07:22:45.516200 np0000191520 devstack@neutron-api.service[101707]: INFO neutron.plugins.ml2.drivers.ovn.mech_driver.mech_driver [-] OVN reports status down for port: 21c9654d-fffe-4d84-b494-8bc031f10b11
Aug 31 07:22:45.516350 np0000191520 devstack@neutron-api.service[101705]: DEBUG neutron.plugins.ml2.drivers.ovn.mech_driver.ovsdb.ovsdb_monitor [-] Hash Ring: Node a959f143c92e5b6c9b3f4f9ac4f0c7f9 (host: np0000191520) handling event "update" for row 6ad9d9fd-9f8d-433b-9adc-149a964cc2f6 (table: Logical_Switch) {{(pid=101705) notify /opt/stack/neutron/neutron/plugins/ml2/drivers/ovn/mech_driver/ovsdb/ovsdb_monitor.py:1099}}
Aug 31 07:22:45.516710 np0000191520 devstack@neutron-api.service[101705]: DEBUG neutron.plugins.ml2.drivers.ovn.mech_driver.ovsdb.ovsdb_monitor [-] Hash Ring: Node a959f143c92e5b6c9b3f4f9ac4f0c7f9 (host: np0000191520) handling event "create" for row 4ec7b328-0c66-4b29-aab7-80ad024dc304 (table: Logical_Switch_Port) {{(pid=101705) notify /opt/stack/neutron/neutron/plugins/ml2/drivers/ovn/mech_driver/ovsdb/ovsdb_monitor.py:1099}}
Aug 31 07:22:45.517515 np0000191520 devstack@neutron-api.service[101708]: DEBUG neutron.plugins.ml2.drivers.ovn.mech_driver.ovsdb.ovsdb_monitor [-] Hash Ring: Node ff5169a8d6ed5d61a7429f9e4ddb2e71 (host: np0000191520) handling event "update" for row 6ad9d9fd-9f8d-433b-9adc-149a964cc2f6 (table: Logical_Switch) {{(pid=101708) notify /opt/stack/neutron/neutron/plugins/ml2/drivers/ovn/mech_driver/ovsdb/ovsdb_monitor.py:1099}}
Aug 31 07:22:45.518377 np0000191520 devstack@neutron-api.service[101707]: DEBUG ovsdbapp.backend.ovs_idl.transaction [-] txn f9f31c6d succeeded {{(pid=101707) do_commit /opt/stack/data/venv/lib/python3.12/site-packages/ovsdbapp/backend/ovs_idl/transaction.py:137}}
Aug 31 07:22:45.519694 np0000191520 devstack@neutron-api.service[101705]: DEBUG ovsdbapp.backend.ovs_idl.event [-] Matched CREATE: LogicalSwitchPortCreateEvent(events=('create',), table='Logical_Switch_Port', conditions=[], old_conditions=None), priority=20 to row=Logical_Switch_Port(uuid=4ec7b328-0c66-4b29-aab7-80ad024dc304, addresses=['fa:16:3e:33:ae:4e'], dhcpv4_options=[], dhcpv6_options=[], dynamic_addresses=[], enabled=True, external_ids={'neutron:cidrs': '', 'neutron:device_id': 'ovnmeta-6ad9d9fd-9f8d-433b-9adc-149a964cc2f6', 'neutron:device_owner': 'network:distributed', 'neutron:mtu': '1372', 'neutron:network_name': 'neutron-6ad9d9fd-9f8d-433b-9adc-149a964cc2f6', 'neutron:port_capabilities': '', 'neutron:port_name': '', 'neutron:project_id': '6aba188e88f4470683bc70f4fa26a4c4', 'neutron:revision_number': '1', 'neutron:security_group_ids': '', 'neutron:subnet_pool_addr_scope4': '', 'neutron:subnet_pool_addr_scope6': '', 'neutron:vnic_type': 'normal'}, ha_chassis_group=[], mirror_rules=[], name='21c9654d-fffe-4d84-b494-8bc031f10b11', options={}, parent_name=[], port_security=[], tag=[], tag_request=[], type='localport', up=[]) old= {{(pid=101705) matches /opt/stack/data/venv/lib/python3.12/site-packages/ovsdbapp/backend/ovs_idl/event.py:55}}
Aug 31 07:22:45.523465 np0000191520 devstack@neutron-api.service[101708]: DEBUG neutron.plugins.ml2.drivers.ovn.mech_driver.ovsdb.ovsdb_monitor [-] Hash Ring: Node ff5169a8d6ed5d61a7429f9e4ddb2e71 (host: np0000191520) handling event "create" for row e45303a1-e79f-487e-9c93-b3c49ae675ab (table: Port_Binding) {{(pid=101708) notify /opt/stack/neutron/neutron/plugins/ml2/drivers/ovn/mech_driver/ovsdb/ovsdb_monitor.py:1099}}
Aug 31 07:22:45.523782 np0000191520 devstack@neutron-api.service[101705]: INFO neutron.plugins.ml2.drivers.ovn.mech_driver.mech_driver [-] OVN reports status down for port: 21c9654d-fffe-4d84-b494-8bc031f10b11
Aug 31 07:22:45.524643 np0000191520 devstack@neutron-api.service[101705]: DEBUG neutron.plugins.ml2.drivers.ovn.mech_driver.ovsdb.ovsdb_monitor [-] Hash Ring: Node a959f143c92e5b6c9b3f4f9ac4f0c7f9 (host: np0000191520) handling event "update" for row 4ec7b328-0c66-4b29-aab7-80ad024dc304 (table: Logical_Switch_Port) {{(pid=101705) notify /opt/stack/neutron/neutron/plugins/ml2/drivers/ovn/mech_driver/ovsdb/ovsdb_monitor.py:1099}}
Aug 31 07:22:45.526290 np0000191520 devstack@neutron-api.service[101705]: DEBUG neutron.plugins.ml2.drivers.ovn.mech_driver.ovsdb.ovsdb_monitor [-] Hash Ring: Node a959f143c92e5b6c9b3f4f9ac4f0c7f9 (host: np0000191520) handling event "create" for row e45303a1-e79f-487e-9c93-b3c49ae675ab (table: Port_Binding) {{(pid=101705) notify /opt/stack/neutron/neutron/plugins/ml2/drivers/ovn/mech_driver/ovsdb/ovsdb_monitor.py:1099}}
Aug 31 07:22:45.541391 np0000191520 devstack@neutron-api.service[101707]: DEBUG neutron.plugins.ml2.drivers.ovn.mech_driver.ovsdb.ovsdb_monitor [-] Hash Ring: Node 0bebf1eff582566b8ea2a5abe51445c6 (host: np0000191520) handling event "update" for row 4ec7b328-0c66-4b29-aab7-80ad024dc304 (table: Logical_Switch_Port) {{(pid=101707) notify /opt/stack/neutron/neutron/plugins/ml2/drivers/ovn/mech_driver/ovsdb/ovsdb_monitor.py:1099}}
Aug 31 07:22:45.571847 np0000191520 devstack@neutron-api.service[101707]: INFO neutron.db.ovn_revision_numbers_db [None req-412f94c2-04f4-4e79-bc80-a1fe13c708e9 admin admin] Successfully bumped revision number for resource 21c9654d-fffe-4d84-b494-8bc031f10b11 (type: ports) to 1
Aug 31 07:22:45.580700 np0000191520 devstack@neutron-api.service[101707]: DEBUG neutron.pecan_wsgi.hooks.policy_enforcement [None req-412f94c2-04f4-4e79-bc80-a1fe13c708e9 admin admin] Attributes excluded by policy engine: ['standard_attr_id'] {{(pid=101707) _exclude_attributes_by_policy /opt/stack/neutron/neutron/pecan_wsgi/hooks/policy_enforcement.py:259}}
Aug 31 07:22:45.581004 np0000191520 devstack@neutron-api.service[101707]: DEBUG neutron_lib.callbacks.manager [None req-412f94c2-04f4-4e79-bc80-a1fe13c708e9 admin admin] Publish callbacks [] for network (None), before_response {{(pid=101707) _notify_loop /opt/stack/data/venv/lib/python3.12/site-packages/neutron_lib/callbacks/manager.py:184}}
Aug 31 07:22:45.598843 np0000191520 devstack@neutron-api.service[101707]: [pid: 101707|app: 0|req: 1/5] 162.253.55.82 () {68 vars in 1350 bytes} [Mon Aug 31 07:22:44 2026] POST /networking/v2.0/networks => generated 681 bytes in 1591 msecs (HTTP/1.1 201) 4 headers in 162 bytes (1 switches on core 0)
Aug 31 07:22:45.626201 np0000191520 devstack@neutron-api.service[101705]: DEBUG neutron.db.provisioning_blocks [None req-f154fe7b-c2ce-49f6-8c68-08dec2afe64f None None] Transition to ACTIVE for port object 21c9654d-fffe-4d84-b494-8bc031f10b11 will not be triggered until provisioned by entity L2. {{(pid=101705) add_provisioning_component /opt/stack/neutron/neutron/db/provisioning_blocks.py:74}}
Aug 31 07:22:45.677689 np0000191520 devstack@neutron-api.service[101707]: DEBUG neutron.db.provisioning_blocks [None req-cbdcdb97-161c-4b0a-98f8-68fdb66eee57 None None] Ignored duplicate provisioning block setup for port 21c9654d-fffe-4d84-b494-8bc031f10b11 by entity L2. {{(pid=101707) add_provisioning_component /opt/stack/neutron/neutron/db/provisioning_blocks.py:69}}
Aug 31 07:22:45.682166 np0000191520 devstack@neutron-api.service[101705]: DEBUG neutron.plugins.ml2.plugin [None req-f154fe7b-c2ce-49f6-8c68-08dec2afe64f None None] Current status of the port 21c9654d-fffe-4d84-b494-8bc031f10b11 is: DOWN; New status is: DOWN {{(pid=101705) _update_individual_port_db_status /opt/stack/neutron/neutron/plugins/ml2/plugin.py:2473}}
Aug 31 07:22:45.684157 np0000191520 devstack@neutron-api.service[101705]: DEBUG ovsdbapp.backend.ovs_idl.transaction [-] Running txn 0f4c95b6 n=1 command(idx=0): DbRemoveCommand(_result=None, table=Logical_Switch_Port, record=21c9654d-fffe-4d84-b494-8bc031f10b11, column=external_ids, values=('neutron:host_id',), keyvalues={}, if_exists=True) {{(pid=101705) do_commit /opt/stack/data/venv/lib/python3.12/site-packages/ovsdbapp/backend/ovs_idl/transaction.py:91}}
Aug 31 07:22:45.686658 np0000191520 devstack@neutron-api.service[101705]: DEBUG ovsdbapp.backend.ovs_idl.transaction [-] txn 0f4c95b6 succeeded {{(pid=101705) do_commit /opt/stack/data/venv/lib/python3.12/site-packages/ovsdbapp/backend/ovs_idl/transaction.py:137}}
Aug 31 07:22:45.711371 np0000191520 devstack@neutron-api.service[101707]: DEBUG neutron.plugins.ml2.plugin [None req-cbdcdb97-161c-4b0a-98f8-68fdb66eee57 None None] Current status of the port 21c9654d-fffe-4d84-b494-8bc031f10b11 is: DOWN; New status is: DOWN {{(pid=101707) _update_individual_port_db_status /opt/stack/neutron/neutron/plugins/ml2/plugin.py:2473}}
Aug 31 07:22:45.712785 np0000191520 devstack@neutron-api.service[101707]: DEBUG ovsdbapp.backend.ovs_idl.transaction [-] Running txn f5de6b7c n=1 command(idx=0): DbRemoveCommand(_result=None, table=Logical_Switch_Port, record=21c9654d-fffe-4d84-b494-8bc031f10b11, column=external_ids, values=('neutron:host_id',), keyvalues={}, if_exists=True) {{(pid=101707) do_commit /opt/stack/data/venv/lib/python3.12/site-packages/ovsdbapp/backend/ovs_idl/transaction.py:91}}
Aug 31 07:22:45.715386 np0000191520 devstack@neutron-api.service[101707]: DEBUG ovsdbapp.backend.ovs_idl.transaction [-] txn f5de6b7c succeeded {{(pid=101707) do_commit /opt/stack/data/venv/lib/python3.12/site-packages/ovsdbapp/backend/ovs_idl/transaction.py:137}}
Aug 31 07:22:46.234430 np0000191520 devstack@neutron-api.service[101705]: DEBUG neutron.policy [None req-b8bc9b1f-7137-4dc1-a1ce-4d829fa01c09 admin admin] Loaded default policies from ['neutron'] under neutron.policies entry points {{(pid=101705) register_rules /opt/stack/neutron/neutron/policy.py:65}}
Aug 31 07:22:46.335845 np0000191520 devstack@neutron-api.service[101705]: DEBUG neutron.pecan_wsgi.hooks.policy_enforcement [None req-b8bc9b1f-7137-4dc1-a1ce-4d829fa01c09 admin admin] Attributes excluded by policy engine: ['standard_attr_id'] {{(pid=101705) _exclude_attributes_by_policy /opt/stack/neutron/neutron/pecan_wsgi/hooks/policy_enforcement.py:259}}
Aug 31 07:22:46.337035 np0000191520 devstack@neutron-api.service[101705]: [pid: 101705|app: 0|req: 3/6] 162.253.55.82 () {64 vars in 1408 bytes} [Mon Aug 31 07:22:46 2026] GET /networking/v2.0/networks/6ad9d9fd-9f8d-433b-9adc-149a964cc2f6 => generated 662 bytes in 330 msecs (HTTP/1.1 200) 4 headers in 157 bytes (1 switches on core 0)
Aug 31 07:22:46.354274 np0000191520 devstack@neutron-api.service[101708]: DEBUG neutron.api.wsgi [None req-029879a7-eca9-47de-ab7b-f1790734bbda admin admin] Missing Content-Type {{(pid=101708) get_content_type /opt/stack/neutron/neutron/api/wsgi.py:80}}
Aug 31 07:22:46.369133 np0000191520 devstack@neutron-api.service[101708]: [pid: 101708|app: 0|req: 2/7] 162.253.55.82 () {64 vars in 1417 bytes} [Mon Aug 31 07:22:46 2026] GET /networking/v2.0/subnetpools/a8c63ece-1b87-47c2-88e0-2555bff0ff75 => generated 533 bytes in 19 msecs (HTTP/1.1 200) 4 headers in 157 bytes (1 switches on core 0)
Aug 31 07:22:46.390395 np0000191520 devstack@neutron-api.service[101706]: DEBUG neutron.api.v2.base [None req-13aff4c3-bbbb-4ae5-82f9-be8452bef3f9 admin admin] Request body: {'subnet': {'name': 'private-subnet', 'gateway_ip': '10.1.0.1', 'subnetpool_id': 'a8c63ece-1b87-47c2-88e0-2555bff0ff75', 'network_id': '6ad9d9fd-9f8d-433b-9adc-149a964cc2f6', 'ip_version': 4}} {{(pid=101706) prepare_request_body /opt/stack/neutron/neutron/api/v2/base.py:727}}
Aug 31 07:22:46.422466 np0000191520 devstack@neutron-api.service[101706]: DEBUG neutron.pecan_wsgi.hooks.quota_enforcement [None req-13aff4c3-bbbb-4ae5-82f9-be8452bef3f9 admin admin] Made reservation on behalf of 6aba188e88f4470683bc70f4fa26a4c4 for: {'subnet': 1} {{(pid=101706) before /opt/stack/neutron/neutron/pecan_wsgi/hooks/quota_enforcement.py:66}}
Aug 31 07:22:46.428209 np0000191520 devstack@neutron-api.service[101706]: DEBUG neutron_lib.callbacks.manager [None req-13aff4c3-bbbb-4ae5-82f9-be8452bef3f9 admin admin] Publish callbacks [] for subnet (None), before_create {{(pid=101706) _notify_loop /opt/stack/data/venv/lib/python3.12/site-packages/neutron_lib/callbacks/manager.py:184}}
Aug 31 07:22:46.639008 np0000191520 devstack@neutron-api.service[101706]: DEBUG neutron.db.ovn_revision_numbers_db [None req-13aff4c3-bbbb-4ae5-82f9-be8452bef3f9 admin admin] create_initial_revision uuid=c33d8119-9a7a-4694-9b82-bf67d34962f8, type=subnets, rev=-1 {{(pid=101706) create_initial_revision /opt/stack/neutron/neutron/db/ovn_revision_numbers_db.py:98}}
Aug 31 07:22:46.650116 np0000191520 devstack@neutron-api.service[101706]: DEBUG neutron_lib.callbacks.manager [None req-13aff4c3-bbbb-4ae5-82f9-be8452bef3f9 admin admin] Publish callbacks ['neutron.plugins.ml2.ovo_rpc._ObjectChangeHandler.handle_event-32378455'] for subnet (c33d8119-9a7a-4694-9b82-bf67d34962f8), after_create {{(pid=101706) _notify_loop /opt/stack/data/venv/lib/python3.12/site-packages/neutron_lib/callbacks/manager.py:184}}
Aug 31 07:22:46.666340 np0000191520 devstack@neutron-api.service[101706]: DEBUG neutron.api.rpc.handlers.resources_rpc [None req-13aff4c3-bbbb-4ae5-82f9-be8452bef3f9 admin admin] Pushing event updated for resources: {'Subnet': ['ID=c33d8119-9a7a-4694-9b82-bf67d34962f8,revision_number=0']} {{(pid=101706) push /opt/stack/neutron/neutron/api/rpc/handlers/resources_rpc.py:237}}
Aug 31 07:22:46.672719 np0000191520 devstack@neutron-api.service[101706]: DEBUG neutron.api.rpc.callbacks.version_manager [None req-13aff4c3-bbbb-4ae5-82f9-be8452bef3f9 admin admin] Tracked resource versions report:
Aug 31 07:22:46.672719 np0000191520 devstack@neutron-api.service[101706]: pushed versions:
Aug 31 07:22:46.672719 np0000191520 devstack@neutron-api.service[101706]: { 'AddressGroup': {'1.2'},
Aug 31 07:22:46.672719 np0000191520 devstack@neutron-api.service[101706]: 'Agent': {'1.1'},
Aug 31 07:22:46.672719 np0000191520 devstack@neutron-api.service[101706]: 'ConntrackHelper': {'1.0'},
Aug 31 07:22:46.672719 np0000191520 devstack@neutron-api.service[101706]: 'LocalIPAssociation': {'1.0'},
Aug 31 07:22:46.672719 np0000191520 devstack@neutron-api.service[101706]: 'Log': {'1.0'},
Aug 31 07:22:46.672719 np0000191520 devstack@neutron-api.service[101706]: 'NDPProxy': {'1.0'},
Aug 31 07:22:46.672719 np0000191520 devstack@neutron-api.service[101706]: 'Network': {'1.3'},
Aug 31 07:22:46.672719 np0000191520 devstack@neutron-api.service[101706]: 'Port': {'1.11'},
Aug 31 07:22:46.672719 np0000191520 devstack@neutron-api.service[101706]: 'PortForwarding': {'1.3'},
Aug 31 07:22:46.672719 np0000191520 devstack@neutron-api.service[101706]: 'QosPolicy': {'1.10'},
Aug 31 07:22:46.672719 np0000191520 devstack@neutron-api.service[101706]: 'SecurityGroup': {'1.6'},
Aug 31 07:22:46.672719 np0000191520 devstack@neutron-api.service[101706]: 'SecurityGroupRule': {'1.3'},
Aug 31 07:22:46.672719 np0000191520 devstack@neutron-api.service[101706]: 'SubPort': {'1.0'},
Aug 31 07:22:46.672719 np0000191520 devstack@neutron-api.service[101706]: 'Subnet': {'1.2'},
Aug 31 07:22:46.672719 np0000191520 devstack@neutron-api.service[101706]: 'Trunk': {'1.1'}}
Aug 31 07:22:46.672719 np0000191520 devstack@neutron-api.service[101706]: consumer versions:
Aug 31 07:22:46.672719 np0000191520 devstack@neutron-api.service[101706]: { OVN Controller Gateway agent@np0000191520: {},
Aug 31 07:22:46.672719 np0000191520 devstack@neutron-api.service[101706]: OVN Neutron agent@np0000191520: {}}
Aug 31 07:22:46.672719 np0000191520 devstack@neutron-api.service[101706]: {{(pid=101706) report /opt/stack/neutron/neutron/api/rpc/callbacks/version_manager.py:183}}
Aug 31 07:22:46.684841 np0000191520 devstack@neutron-api.service[101706]: INFO neutron.plugins.ml2.drivers.ovn.mech_driver.ovsdb.extensions.qos [None req-13aff4c3-bbbb-4ae5-82f9-be8452bef3f9 admin admin] Starting OVNClientQosExtension
Aug 31 07:22:46.684976 np0000191520 devstack@neutron-api.service[101706]: INFO neutron.plugins.ml2.drivers.ovn.mech_driver.ovsdb.extensions.placement [None req-13aff4c3-bbbb-4ae5-82f9-be8452bef3f9 admin admin] Starting OVNClientPlacementExtension
Aug 31 07:22:46.825719 np0000191520 devstack@neutron-api.service[101706]: DEBUG neutron_lib.callbacks.manager [None req-13aff4c3-bbbb-4ae5-82f9-be8452bef3f9 admin admin] Publish callbacks ['neutron.plugins.ml2.plugin.SecurityGroupDbMixin._ensure_default_security_group_handler-85088', 'neutron.services.ovn_l3.plugin.OVNL3RouterPlugin._port_update-8570488433434', 'neutron.db.l3_db.L3_NAT_dbonly_mixin._prevent_internal_ip_change_for_fip-8570489970178'] for port (21c9654d-fffe-4d84-b494-8bc031f10b11), before_update {{(pid=101706) _notify_loop /opt/stack/data/venv/lib/python3.12/site-packages/neutron_lib/callbacks/manager.py:184}}
Aug 31 07:22:47.223270 np0000191520 devstack@neutron-api.service[101706]: DEBUG neutron.db.db_base_plugin_common [None req-13aff4c3-bbbb-4ae5-82f9-be8452bef3f9 admin admin] Allocated IP 10.1.0.2 (6ad9d9fd-9f8d-433b-9adc-149a964cc2f6/c33d8119-9a7a-4694-9b82-bf67d34962f8/21c9654d-fffe-4d84-b494-8bc031f10b11) {{(pid=101706) _store_ip_allocation /opt/stack/neutron/neutron/db/db_base_plugin_common.py:131}}
Aug 31 07:22:47.329550 np0000191520 devstack@neutron-api.service[101706]: DEBUG neutron_lib.callbacks.manager [None req-13aff4c3-bbbb-4ae5-82f9-be8452bef3f9 admin admin] Publish callbacks [] for port (21c9654d-fffe-4d84-b494-8bc031f10b11), precommit_update {{(pid=101706) _notify_loop /opt/stack/data/venv/lib/python3.12/site-packages/neutron_lib/callbacks/manager.py:184}}
Aug 31 07:22:47.329749 np0000191520 devstack@neutron-api.service[101706]: DEBUG neutron.plugins.ml2.drivers.ovn.mech_driver.mech_driver [None req-13aff4c3-bbbb-4ae5-82f9-be8452bef3f9 admin admin] No provisioning block for port 21c9654d-fffe-4d84-b494-8bc031f10b11 since it does not have a host {{(pid=101706) _is_port_provisioning_required /opt/stack/neutron/neutron/plugins/ml2/drivers/ovn/mech_driver/mech_driver.py:877}}
Aug 31 07:22:47.347479 np0000191520 devstack@neutron-api.service[101706]: DEBUG neutron_lib.callbacks.manager [None req-13aff4c3-bbbb-4ae5-82f9-be8452bef3f9 admin admin] Publish callbacks ['neutron.plugins.ml2.ovo_rpc._ObjectChangeHandler.handle_event-32378459', 'neutron.services.ovn_l3.plugin.OVNL3RouterPlugin._port_update-8570488433434'] for port (21c9654d-fffe-4d84-b494-8bc031f10b11), after_update {{(pid=101706) _notify_loop /opt/stack/data/venv/lib/python3.12/site-packages/neutron_lib/callbacks/manager.py:184}}
Aug 31 07:22:47.396707 np0000191520 devstack@neutron-api.service[101706]: DEBUG neutron.api.rpc.handlers.resources_rpc [None req-13aff4c3-bbbb-4ae5-82f9-be8452bef3f9 admin admin] Pushing event updated for resources: {'Port': ['ID=21c9654d-fffe-4d84-b494-8bc031f10b11,revision_number=2']} {{(pid=101706) push /opt/stack/neutron/neutron/api/rpc/handlers/resources_rpc.py:237}}
Aug 31 07:22:47.553918 np0000191520 devstack@neutron-api.service[101706]: DEBUG neutron.plugins.ml2.drivers.ovn.mech_driver.ovsdb.commands [None req-13aff4c3-bbbb-4ae5-82f9-be8452bef3f9 admin admin] Converting tag [] to a tag_request {{(pid=101706) _tag_column_to_tag_request /opt/stack/neutron/neutron/plugins/ml2/drivers/ovn/mech_driver/ovsdb/commands.py:227}}
Aug 31 07:22:47.555312 np0000191520 devstack@neutron-api.service[101706]: DEBUG ovsdbapp.backend.ovs_idl.transaction [-] Running txn 5bd737db n=1 command(idx=0): CheckRevisionNumberCommand(_result=None, name=21c9654d-fffe-4d84-b494-8bc031f10b11, resource={'id': '21c9654d-fffe-4d84-b494-8bc031f10b11', 'name': '', 'network_id': '6ad9d9fd-9f8d-433b-9adc-149a964cc2f6', 'project_id': '6aba188e88f4470683bc70f4fa26a4c4', 'mac_address': 'fa:16:3e:33:ae:4e', 'admin_state_up': True, 'status': 'DOWN', 'device_id': 'ovnmeta-6ad9d9fd-9f8d-433b-9adc-149a964cc2f6', 'device_owner': 'network:distributed', 'standard_attr_id': 14, 'fixed_ips': [{'subnet_id': 'c33d8119-9a7a-4694-9b82-bf67d34962f8', 'ip_address': '10.1.0.2'}], 'allowed_address_pairs': [], 'extra_dhcp_opts': [], 'security_groups': [], 'description': '', 'binding:vnic_type': 'normal', 'binding:profile': {}, 'binding:host_id': '', 'binding:vif_type': 'unbound', 'binding:vif_details': {}, 'port_security_enabled': False, 'tags': [], 'created_at': '2026-08-31T07:22:45Z', 'updated_at': '2026-08-31T07:22:47Z', 'revision_number': 2, 'tenant_id': '6aba188e88f4470683bc70f4fa26a4c4', 'network': {'id': '6ad9d9fd-9f8d-433b-9adc-149a964cc2f6', 'name': 'private', 'tenant_id': '6aba188e88f4470683bc70f4fa26a4c4', 'project_id': '6aba188e88f4470683bc70f4fa26a4c4', 'admin_state_up': True, 'mtu': 1372, 'status': 'ACTIVE', 'subnets': ['c33d8119-9a7a-4694-9b82-bf67d34962f8'], 'standard_attr_id': 12, 'shared': False, 'availability_zone_hints': [], 'availability_zones': [], 'ipv4_address_scope': None, 'ipv6_address_scope': None, 'router:external': False, 'qinq': False, 'vlan_transparent': False, 'description': '', 'port_security_enabled': True, 'tags': [], 'created_at': '2026-08-31T07:22:44Z', 'updated_at': '2026-08-31T07:22:46Z', 'revision_number': 2, 'provider:network_type': 'geneve', 'provider:physical_network': None, 'provider:segmentation_id': 32152}}, resource_type=ports, if_exists=True) {{(pid=101706) do_commit /opt/stack/data/venv/lib/python3.12/site-packages/ovsdbapp/backend/ovs_idl/transaction.py:91}}
Aug 31 07:22:47.555942 np0000191520 devstack@neutron-api.service[101706]: DEBUG ovsdbapp.backend.ovs_idl.transaction [-] Running txn 5bd737db n=1 command(idx=1): AddDHCPOptionsCommand(_result=None, columns={'cidr': '10.1.0.0/26', 'options': {'server_id': '10.1.0.1', 'lease_time': '43200', 'mtu': '1372', 'router': '10.1.0.1', 'server_mac': 'fa:16:3e:60:6b:52', 'dns_server': '{127.0.0.53}', 'classless_static_route': '{169.254.169.254/32,10.1.0.2, 0.0.0.0/0,10.1.0.1}'}, 'external_ids': {'subnet_id': 'c33d8119-9a7a-4694-9b82-bf67d34962f8', 'neutron:network_id': '6ad9d9fd-9f8d-433b-9adc-149a964cc2f6', 'neutron:revision_number': '0'}}, may_exist=True, subnet_id=c33d8119-9a7a-4694-9b82-bf67d34962f8, port_id=None, new_insert=False) {{(pid=101706) do_commit /opt/stack/data/venv/lib/python3.12/site-packages/ovsdbapp/backend/ovs_idl/transaction.py:91}}
Aug 31 07:22:47.556461 np0000191520 devstack@neutron-api.service[101706]: DEBUG ovsdbapp.backend.ovs_idl.transaction [-] Running txn 5bd737db n=1 command(idx=2): SetLSwitchPortCommand(_result=None, lport=21c9654d-fffe-4d84-b494-8bc031f10b11, external_ids_update=None, columns={'external_ids': {'neutron:port_name': '', 'neutron:device_id': 'ovnmeta-6ad9d9fd-9f8d-433b-9adc-149a964cc2f6', 'neutron:project_id': '6aba188e88f4470683bc70f4fa26a4c4', 'neutron:cidrs': '10.1.0.2/26', 'neutron:device_owner': 'network:distributed', 'neutron:subnet_pool_addr_scope4': '', 'neutron:subnet_pool_addr_scope6': '', 'neutron:network_name': 'neutron-6ad9d9fd-9f8d-433b-9adc-149a964cc2f6', 'neutron:security_group_ids': '', 'neutron:revision_number': '2', 'neutron:vnic_type': 'normal', 'neutron:port_capabilities': '', 'neutron:mtu': '1372'}, 'parent_name': [], 'options': {}, 'enabled': True, 'port_security': [], 'dhcpv4_options': [], 'dhcpv6_options': [], 'type': 'localport', 'addresses': ['fa:16:3e:33:ae:4e 10.1.0.2'], 'ha_chassis_group': [], 'tag_request': []}, if_exists=False) {{(pid=101706) do_commit /opt/stack/data/venv/lib/python3.12/site-packages/ovsdbapp/backend/ovs_idl/transaction.py:91}}
Aug 31 07:22:47.557746 np0000191520 devstack@neutron-api.service[101706]: DEBUG ovsdbapp.backend.ovs_idl.transaction [-] Running txn 5bd737db n=1 command(idx=3): PgDelPortCommand(_result=None, port_group=neutron_pg_drop, lsp=['21c9654d-fffe-4d84-b494-8bc031f10b11'], if_exists=False) {{(pid=101706) do_commit /opt/stack/data/venv/lib/python3.12/site-packages/ovsdbapp/backend/ovs_idl/transaction.py:91}}
Aug 31 07:22:47.563248 np0000191520 devstack@neutron-api.service[101705]: DEBUG neutron.plugins.ml2.drivers.ovn.mech_driver.ovsdb.ovsdb_monitor [-] Hash Ring: Node a959f143c92e5b6c9b3f4f9ac4f0c7f9 (host: np0000191520) handling event "create" for row aabaf95c-d131-4226-9ddc-44d856f6ef4f (table: DHCP_Options) {{(pid=101705) notify /opt/stack/neutron/neutron/plugins/ml2/drivers/ovn/mech_driver/ovsdb/ovsdb_monitor.py:1099}}
Aug 31 07:22:47.563707 np0000191520 devstack@neutron-api.service[101706]: DEBUG ovsdbapp.backend.ovs_idl.transaction [-] txn 5bd737db succeeded {{(pid=101706) do_commit /opt/stack/data/venv/lib/python3.12/site-packages/ovsdbapp/backend/ovs_idl/transaction.py:137}}
Aug 31 07:22:47.563800 np0000191520 devstack@neutron-api.service[101705]: DEBUG neutron.plugins.ml2.drivers.ovn.mech_driver.ovsdb.ovsdb_monitor [-] Hash Ring: Node a959f143c92e5b6c9b3f4f9ac4f0c7f9 (host: np0000191520) handling event "update" for row 4ec7b328-0c66-4b29-aab7-80ad024dc304 (table: Logical_Switch_Port) {{(pid=101705) notify /opt/stack/neutron/neutron/plugins/ml2/drivers/ovn/mech_driver/ovsdb/ovsdb_monitor.py:1099}}
Aug 31 07:22:47.565827 np0000191520 devstack@neutron-api.service[101705]: DEBUG neutron.plugins.ml2.drivers.ovn.mech_driver.ovsdb.ovsdb_monitor [-] Hash Ring: Node a959f143c92e5b6c9b3f4f9ac4f0c7f9 (host: np0000191520) handling event "update" for row e45303a1-e79f-487e-9c93-b3c49ae675ab (table: Port_Binding) {{(pid=101705) notify /opt/stack/neutron/neutron/plugins/ml2/drivers/ovn/mech_driver/ovsdb/ovsdb_monitor.py:1099}}
Aug 31 07:22:47.567255 np0000191520 devstack@neutron-api.service[101707]: DEBUG neutron.plugins.ml2.drivers.ovn.mech_driver.ovsdb.ovsdb_monitor [-] Hash Ring: Node 0bebf1eff582566b8ea2a5abe51445c6 (host: np0000191520) handling event "update" for row 4ec7b328-0c66-4b29-aab7-80ad024dc304 (table: Logical_Switch_Port) {{(pid=101707) notify /opt/stack/neutron/neutron/plugins/ml2/drivers/ovn/mech_driver/ovsdb/ovsdb_monitor.py:1099}}
Aug 31 07:22:47.568359 np0000191520 devstack@neutron-api.service[101708]: DEBUG neutron.plugins.ml2.drivers.ovn.mech_driver.ovsdb.ovsdb_monitor [-] Hash Ring: Node ff5169a8d6ed5d61a7429f9e4ddb2e71 (host: np0000191520) handling event "update" for row e45303a1-e79f-487e-9c93-b3c49ae675ab (table: Port_Binding) {{(pid=101708) notify /opt/stack/neutron/neutron/plugins/ml2/drivers/ovn/mech_driver/ovsdb/ovsdb_monitor.py:1099}}
Aug 31 07:22:47.569806 np0000191520 devstack@neutron-api.service[101708]: DEBUG neutron.plugins.ml2.drivers.ovn.mech_driver.ovsdb.ovsdb_monitor [-] Hash Ring: Node ff5169a8d6ed5d61a7429f9e4ddb2e71 (host: np0000191520) handling event "create" for row aabaf95c-d131-4226-9ddc-44d856f6ef4f (table: DHCP_Options) {{(pid=101708) notify /opt/stack/neutron/neutron/plugins/ml2/drivers/ovn/mech_driver/ovsdb/ovsdb_monitor.py:1099}}
Aug 31 07:22:47.600223 np0000191520 devstack@neutron-api.service[101706]: INFO neutron.db.ovn_revision_numbers_db [None req-13aff4c3-bbbb-4ae5-82f9-be8452bef3f9 admin admin] Successfully bumped revision number for resource 21c9654d-fffe-4d84-b494-8bc031f10b11 (type: ports) to 2
Aug 31 07:22:47.609812 np0000191520 devstack@neutron-api.service[101706]: DEBUG neutron.plugins.ml2.plugin [None req-13aff4c3-bbbb-4ae5-82f9-be8452bef3f9 admin admin] In _notify_port_updated(), no bound segment for port 21c9654d-fffe-4d84-b494-8bc031f10b11 on network 6ad9d9fd-9f8d-433b-9adc-149a964cc2f6 {{(pid=101706) _notify_port_updated /opt/stack/neutron/neutron/plugins/ml2/plugin.py:1041}}
Aug 31 07:22:47.643607 np0000191520 devstack@neutron-api.service[101706]: INFO neutron.db.ovn_revision_numbers_db [None req-13aff4c3-bbbb-4ae5-82f9-be8452bef3f9 admin admin] Successfully bumped revision number for resource c33d8119-9a7a-4694-9b82-bf67d34962f8 (type: subnets) to 0
Aug 31 07:22:47.644939 np0000191520 devstack@neutron-api.service[101706]: DEBUG neutron.pecan_wsgi.hooks.policy_enforcement [None req-13aff4c3-bbbb-4ae5-82f9-be8452bef3f9 admin admin] Attributes excluded by policy engine: ['standard_attr_id', 'shared', 'network'] {{(pid=101706) _exclude_attributes_by_policy /opt/stack/neutron/neutron/pecan_wsgi/hooks/policy_enforcement.py:259}}
Aug 31 07:22:47.645252 np0000191520 devstack@neutron-api.service[101706]: DEBUG neutron_lib.callbacks.manager [None req-13aff4c3-bbbb-4ae5-82f9-be8452bef3f9 admin admin] Publish callbacks [] for subnet (None), before_response {{(pid=101706) _notify_loop /opt/stack/data/venv/lib/python3.12/site-packages/neutron_lib/callbacks/manager.py:184}}
Aug 31 07:22:47.661910 np0000191520 devstack@neutron-api.service[101706]: [pid: 101706|app: 0|req: 2/8] 162.253.55.82 () {68 vars in 1348 bytes} [Mon Aug 31 07:22:46 2026] POST /networking/v2.0/subnets => generated 666 bytes in 1277 msecs (HTTP/1.1 201) 4 headers in 162 bytes (1 switches on core 0)
Aug 31 07:22:48.151704 np0000191520 devstack@neutron-api.service[101707]: DEBUG neutron.pecan_wsgi.hooks.policy_enforcement [None req-df7c9c6d-c5b1-46f9-978d-e86c983f4e4a admin admin] Attributes excluded by policy engine: ['standard_attr_id'] {{(pid=101707) _exclude_attributes_by_policy /opt/stack/neutron/neutron/pecan_wsgi/hooks/policy_enforcement.py:259}}
Aug 31 07:22:48.152809 np0000191520 devstack@neutron-api.service[101707]: [pid: 101707|app: 0|req: 2/9] 162.253.55.82 () {64 vars in 1408 bytes} [Mon Aug 31 07:22:48 2026] GET /networking/v2.0/networks/6ad9d9fd-9f8d-433b-9adc-149a964cc2f6 => generated 700 bytes in 64 msecs (HTTP/1.1 200) 4 headers in 157 bytes (1 switches on core 0)
Aug 31 07:22:48.174219 np0000191520 devstack@neutron-api.service[101705]: DEBUG neutron.api.wsgi [None req-261d2a47-ffc3-4b70-bf33-2942c770bc7b admin admin] Missing Content-Type {{(pid=101705) get_content_type /opt/stack/neutron/neutron/api/wsgi.py:80}}
Aug 31 07:22:48.204232 np0000191520 devstack@neutron-api.service[101705]: [pid: 101705|app: 0|req: 4/10] 162.253.55.82 () {64 vars in 1417 bytes} [Mon Aug 31 07:22:48 2026] GET /networking/v2.0/subnetpools/2cb7d203-8239-47de-b4d3-9b3366e54c27 => generated 543 bytes in 36 msecs (HTTP/1.1 200) 4 headers in 157 bytes (1 switches on core 0)
Aug 31 07:22:48.230467 np0000191520 devstack@neutron-api.service[101708]: DEBUG neutron.api.v2.base [None req-ab51c520-5cc5-40db-b443-3ac73bd7c246 admin admin] Request body: {'subnet': {'name': 'ipv6-private-subnet', 'subnetpool_id': '2cb7d203-8239-47de-b4d3-9b3366e54c27', 'network_id': '6ad9d9fd-9f8d-433b-9adc-149a964cc2f6', 'ipv6_address_mode': 'slaac', 'ip_version': 6, 'ipv6_ra_mode': 'slaac'}} {{(pid=101708) prepare_request_body /opt/stack/neutron/neutron/api/v2/base.py:727}}
Aug 31 07:22:48.249181 np0000191520 devstack@neutron-api.service[101708]: DEBUG neutron.pecan_wsgi.hooks.quota_enforcement [None req-ab51c520-5cc5-40db-b443-3ac73bd7c246 admin admin] Made reservation on behalf of 6aba188e88f4470683bc70f4fa26a4c4 for: {'subnet': 1} {{(pid=101708) before /opt/stack/neutron/neutron/pecan_wsgi/hooks/quota_enforcement.py:66}}
Aug 31 07:22:48.252083 np0000191520 devstack@neutron-api.service[101708]: DEBUG neutron_lib.callbacks.manager [None req-ab51c520-5cc5-40db-b443-3ac73bd7c246 admin admin] Publish callbacks [] for subnet (None), before_create {{(pid=101708) _notify_loop /opt/stack/data/venv/lib/python3.12/site-packages/neutron_lib/callbacks/manager.py:184}}
Aug 31 07:22:48.454779 np0000191520 devstack@neutron-api.service[101708]: DEBUG neutron.db.ovn_revision_numbers_db [None req-ab51c520-5cc5-40db-b443-3ac73bd7c246 admin admin] create_initial_revision uuid=079468bf-10f4-4c9f-9903-b03065a26b56, type=subnets, rev=-1 {{(pid=101708) create_initial_revision /opt/stack/neutron/neutron/db/ovn_revision_numbers_db.py:98}}
Aug 31 07:22:48.559176 np0000191520 devstack@neutron-api.service[101708]: DEBUG neutron.objects.ports [None req-ab51c520-5cc5-40db-b443-3ac73bd7c246 admin admin] Time-cost: Fetching 1 ports in 0 security groups {{(pid=101708) get_objects /opt/stack/neutron/neutron/objects/ports.py:506}}
Aug 31 07:22:48.886629 np0000191520 devstack@neutron-api.service[101708]: DEBUG neutron_lib.callbacks.manager [None req-ab51c520-5cc5-40db-b443-3ac73bd7c246 admin admin] Publish callbacks ['neutron.plugins.ml2.plugin.SecurityGroupDbMixin._ensure_default_security_group_handler-121035', 'neutron.services.ovn_l3.plugin.OVNL3RouterPlugin._port_update-8570488385760', 'neutron.db.l3_db.L3_NAT_dbonly_mixin._prevent_internal_ip_change_for_fip-8570489975738'] for port (21c9654d-fffe-4d84-b494-8bc031f10b11), before_update {{(pid=101708) _notify_loop /opt/stack/data/venv/lib/python3.12/site-packages/neutron_lib/callbacks/manager.py:184}}
