Jun 29 06:00:57.939733 np0000183447 systemd[1]: Starting devstack@n-api-meta.service - Devstack devstack@n-api-meta.service...
Jun 29 06:00:57.946344 np0000183447 devstack@n-api-meta.service[108643]: [uWSGI] getting INI configuration from /etc/nova/nova-metadata-uwsgi.ini
Jun 29 06:00:57.950903 np0000183447 devstack@n-api-meta.service[108643]: *** Starting uWSGI 2.0.24-debian (64bit) on [Mon Jun 29 06:00:57 2026] ***
Jun 29 06:00:57.950903 np0000183447 devstack@n-api-meta.service[108643]: compiled with version: 13.2.0 on 17 April 2024 16:23:48
Jun 29 06:00:57.950903 np0000183447 devstack@n-api-meta.service[108643]: os: Linux-6.8.0-124-generic #124-Ubuntu SMP PREEMPT_DYNAMIC Tue May 26 13:00:45 UTC 2026
Jun 29 06:00:57.950903 np0000183447 devstack@n-api-meta.service[108643]: nodename: np0000183447
Jun 29 06:00:57.950903 np0000183447 devstack@n-api-meta.service[108643]: machine: x86_64
Jun 29 06:00:57.950903 np0000183447 devstack@n-api-meta.service[108643]: clock source: unix
Jun 29 06:00:57.950903 np0000183447 devstack@n-api-meta.service[108643]: pcre jit disabled
Jun 29 06:00:57.950903 np0000183447 devstack@n-api-meta.service[108643]: detected number of CPU cores: 16
Jun 29 06:00:57.950903 np0000183447 devstack@n-api-meta.service[108643]: current working directory: /
Jun 29 06:00:57.951253 np0000183447 devstack@n-api-meta.service[108643]: detected binary path: /usr/bin/uwsgi-core
Jun 29 06:00:57.951253 np0000183447 devstack@n-api-meta.service[108643]: your processes number limit is 256917
Jun 29 06:00:57.951253 np0000183447 devstack@n-api-meta.service[108643]: your memory page size is 4096 bytes
Jun 29 06:00:57.951253 np0000183447 devstack@n-api-meta.service[108643]: detected max file descriptor number: 2048
Jun 29 06:00:57.951253 np0000183447 devstack@n-api-meta.service[108643]: lock engine: pthread robust mutexes
Jun 29 06:00:57.951409 np0000183447 devstack@n-api-meta.service[108643]: thunder lock: enabled
Jun 29 06:00:57.951859 np0000183447 devstack@n-api-meta.service[108643]: uWSGI http bound on 0.0.0.0:8775 fd 5
Jun 29 06:00:57.951914 np0000183447 devstack@n-api-meta.service[108643]: uwsgi socket 0 bound to TCP address 127.0.0.1:45551 (port auto-assigned) fd 4
Jun 29 06:00:57.951952 np0000183447 devstack@n-api-meta.service[108643]: Python version: 3.12.3 (main, Mar 23 2026, 19:04:32) [GCC 13.3.0]
Jun 29 06:00:57.951990 np0000183447 devstack@n-api-meta.service[108643]: PEP 405 virtualenv detected: /opt/stack/data/venv
Jun 29 06:00:57.951990 np0000183447 devstack@n-api-meta.service[108643]: Set PythonHome to /opt/stack/data/venv
Jun 29 06:00:57.986147 np0000183447 devstack@n-api-meta.service[108643]: Python main interpreter initialized at 0x702938ea3668
Jun 29 06:00:57.986147 np0000183447 devstack@n-api-meta.service[108643]: python threads support enabled
Jun 29 06:00:57.986147 np0000183447 devstack@n-api-meta.service[108643]: your server socket listen backlog is limited to 100 connections
Jun 29 06:00:57.986147 np0000183447 devstack@n-api-meta.service[108643]: your mercy for graceful operations on workers is 80 seconds
Jun 29 06:00:57.986591 np0000183447 devstack@n-api-meta.service[108643]: mapped 671795 bytes (656 KB) for 4 cores
Jun 29 06:00:57.986723 np0000183447 devstack@n-api-meta.service[108643]: *** Operational MODE: preforking ***
Jun 29 06:00:57.986877 np0000183447 devstack@n-api-meta.service[108643]: *** uWSGI is running in multiple interpreter mode ***
Jun 29 06:00:57.986877 np0000183447 devstack@n-api-meta.service[108643]: spawned uWSGI master process (pid: 108643)
Jun 29 06:00:57.987247 np0000183447 systemd[1]: Started devstack@n-api-meta.service - Devstack devstack@n-api-meta.service.
Jun 29 06:00:57.987600 np0000183447 devstack@n-api-meta.service[108643]: spawned uWSGI worker 1 (pid: 108644, cores: 1)
Jun 29 06:00:57.988028 np0000183447 devstack@n-api-meta.service[108643]: spawned uWSGI worker 2 (pid: 108645, cores: 1)
Jun 29 06:00:57.988494 np0000183447 devstack@n-api-meta.service[108643]: spawned uWSGI worker 3 (pid: 108646, cores: 1)
Jun 29 06:00:57.988929 np0000183447 devstack@n-api-meta.service[108643]: spawned uWSGI worker 4 (pid: 108647, cores: 1)
Jun 29 06:00:57.989562 np0000183447 devstack@n-api-meta.service[108643]: spawned uWSGI http 1 (pid: 108648)
Jun 29 06:00:57.989562 np0000183447 devstack@n-api-meta.service[108643]: running "unix_signal:15 gracefully_kill_them_all" (master-start)...
Jun 29 06:00:59.628992 np0000183447 devstack@n-api-meta.service[108644]: INFO dbcounter [None req-7da22d49-92c8-4cd6-92ea-af2fff0f85a5 None None] Registered counter for database nova_api
Jun 29 06:00:59.674883 np0000183447 devstack@n-api-meta.service[108644]: DEBUG oslo_db.sqlalchemy.engines [None req-7da22d49-92c8-4cd6-92ea-af2fff0f85a5 None None] MySQL server mode set to STRICT_TRANS_TABLES,STRICT_ALL_TABLES,NO_ZERO_IN_DATE,NO_ZERO_DATE,ERROR_FOR_DIVISION_BY_ZERO,TRADITIONAL,NO_ENGINE_SUBSTITUTION {{(pid=108644) _check_effective_sql_mode /opt/stack/data/venv/lib/python3.12/site-packages/oslo_db/sqlalchemy/engines.py:325}}
Jun 29 06:00:59.708158 np0000183447 devstack@n-api-meta.service[108644]: DEBUG dbcounter [-] [108644] Writer thread running {{(pid=108644) stat_writer /opt/stack/data/venv/lib/python3.12/site-packages/dbcounter.py:102}}
Jun 29 06:00:59.710238 np0000183447 devstack@n-api-meta.service[108644]: DEBUG nova.context [None req-7da22d49-92c8-4cd6-92ea-af2fff0f85a5 None None] Found 2 cells: 00000000-0000-0000-0000-000000000000(cell0),16054487-ab81-4c6a-ac23-8a38c757014c(cell1) {{(pid=108644) load_cells /opt/stack/nova/nova/context.py:509}}
Jun 29 06:00:59.710498 np0000183447 devstack@n-api-meta.service[108644]: INFO nova.utils [None req-7da22d49-92c8-4cd6-92ea-af2fff0f85a5 None None] The cell worker thread pool MainProcess.cell_worker is initialized
Jun 29 06:00:59.711232 np0000183447 devstack@n-api-meta.service[108645]: INFO dbcounter [None req-351593ae-eb2f-483e-93fe-933fe3d92267 None None] Registered counter for database nova_api
Jun 29 06:00:59.712191 np0000183447 devstack@n-api-meta.service[108644]: DEBUG oslo_concurrency.lockutils [None req-7da22d49-92c8-4cd6-92ea-af2fff0f85a5 None None] Acquiring lock "00000000-0000-0000-0000-000000000000" by "nova.context.set_target_cell..get_or_set_cached_cell_and_set_connections" {{(pid=108644) inner /opt/stack/data/venv/lib/python3.12/site-packages/oslo_concurrency/lockutils.py:511}}
Jun 29 06:00:59.712359 np0000183447 devstack@n-api-meta.service[108644]: DEBUG oslo_concurrency.lockutils [None req-7da22d49-92c8-4cd6-92ea-af2fff0f85a5 None None] Lock "00000000-0000-0000-0000-000000000000" acquired by "nova.context.set_target_cell..get_or_set_cached_cell_and_set_connections" :: waited 0.000s {{(pid=108644) inner /opt/stack/data/venv/lib/python3.12/site-packages/oslo_concurrency/lockutils.py:524}}
Jun 29 06:00:59.712766 np0000183447 devstack@n-api-meta.service[108644]: DEBUG oslo_concurrency.lockutils [None req-7da22d49-92c8-4cd6-92ea-af2fff0f85a5 None None] Lock "00000000-0000-0000-0000-000000000000" "released" by "nova.context.set_target_cell..get_or_set_cached_cell_and_set_connections" :: held 0.000s {{(pid=108644) inner /opt/stack/data/venv/lib/python3.12/site-packages/oslo_concurrency/lockutils.py:543}}
Jun 29 06:00:59.713587 np0000183447 devstack@n-api-meta.service[108644]: DEBUG oslo_concurrency.lockutils [None req-7da22d49-92c8-4cd6-92ea-af2fff0f85a5 None None] Acquiring lock "16054487-ab81-4c6a-ac23-8a38c757014c" by "nova.context.set_target_cell..get_or_set_cached_cell_and_set_connections" {{(pid=108644) inner /opt/stack/data/venv/lib/python3.12/site-packages/oslo_concurrency/lockutils.py:511}}
Jun 29 06:00:59.713698 np0000183447 devstack@n-api-meta.service[108644]: DEBUG oslo_concurrency.lockutils [None req-7da22d49-92c8-4cd6-92ea-af2fff0f85a5 None None] Lock "16054487-ab81-4c6a-ac23-8a38c757014c" acquired by "nova.context.set_target_cell..get_or_set_cached_cell_and_set_connections" :: waited 0.000s {{(pid=108644) inner /opt/stack/data/venv/lib/python3.12/site-packages/oslo_concurrency/lockutils.py:524}}
Jun 29 06:00:59.714564 np0000183447 devstack@n-api-meta.service[108644]: DEBUG oslo_concurrency.lockutils [None req-7da22d49-92c8-4cd6-92ea-af2fff0f85a5 None None] Lock "16054487-ab81-4c6a-ac23-8a38c757014c" "released" by "nova.context.set_target_cell..get_or_set_cached_cell_and_set_connections" :: held 0.001s {{(pid=108644) inner /opt/stack/data/venv/lib/python3.12/site-packages/oslo_concurrency/lockutils.py:543}}
Jun 29 06:00:59.715727 np0000183447 devstack@n-api-meta.service[108646]: INFO dbcounter [None req-3d06a028-de4b-489d-ac88-fa156a32dadf None None] Registered counter for database nova_api
Jun 29 06:00:59.717881 np0000183447 devstack@n-api-meta.service[108644]: INFO dbcounter [None req-7da22d49-92c8-4cd6-92ea-af2fff0f85a5 None None] Registered counter for database nova_cell0
Jun 29 06:00:59.723663 np0000183447 devstack@n-api-meta.service[108644]: INFO dbcounter [None req-7da22d49-92c8-4cd6-92ea-af2fff0f85a5 None None] Registered counter for database nova_cell1
Jun 29 06:00:59.757799 np0000183447 devstack@n-api-meta.service[108645]: DEBUG oslo_db.sqlalchemy.engines [None req-351593ae-eb2f-483e-93fe-933fe3d92267 None None] MySQL server mode set to STRICT_TRANS_TABLES,STRICT_ALL_TABLES,NO_ZERO_IN_DATE,NO_ZERO_DATE,ERROR_FOR_DIVISION_BY_ZERO,TRADITIONAL,NO_ENGINE_SUBSTITUTION {{(pid=108645) _check_effective_sql_mode /opt/stack/data/venv/lib/python3.12/site-packages/oslo_db/sqlalchemy/engines.py:325}}
Jun 29 06:00:59.758142 np0000183447 devstack@n-api-meta.service[108647]: INFO dbcounter [None req-4f992bd4-38fa-4c2f-af23-2795644c91f7 None None] Registered counter for database nova_api
Jun 29 06:00:59.762129 np0000183447 devstack@n-api-meta.service[108646]: DEBUG oslo_db.sqlalchemy.engines [None req-3d06a028-de4b-489d-ac88-fa156a32dadf None None] MySQL server mode set to STRICT_TRANS_TABLES,STRICT_ALL_TABLES,NO_ZERO_IN_DATE,NO_ZERO_DATE,ERROR_FOR_DIVISION_BY_ZERO,TRADITIONAL,NO_ENGINE_SUBSTITUTION {{(pid=108646) _check_effective_sql_mode /opt/stack/data/venv/lib/python3.12/site-packages/oslo_db/sqlalchemy/engines.py:325}}
Jun 29 06:00:59.788858 np0000183447 devstack@n-api-meta.service[108644]: DEBUG oslo_db.sqlalchemy.engines [None req-7da22d49-92c8-4cd6-92ea-af2fff0f85a5 None None] MySQL server mode set to STRICT_TRANS_TABLES,STRICT_ALL_TABLES,NO_ZERO_IN_DATE,NO_ZERO_DATE,ERROR_FOR_DIVISION_BY_ZERO,TRADITIONAL,NO_ENGINE_SUBSTITUTION {{(pid=108644) _check_effective_sql_mode /opt/stack/data/venv/lib/python3.12/site-packages/oslo_db/sqlalchemy/engines.py:325}}
Jun 29 06:00:59.790999 np0000183447 devstack@n-api-meta.service[108645]: DEBUG dbcounter [-] [108645] Writer thread running {{(pid=108645) stat_writer /opt/stack/data/venv/lib/python3.12/site-packages/dbcounter.py:102}}
Jun 29 06:00:59.794644 np0000183447 devstack@n-api-meta.service[108645]: DEBUG nova.context [None req-351593ae-eb2f-483e-93fe-933fe3d92267 None None] Found 2 cells: 00000000-0000-0000-0000-000000000000(cell0),16054487-ab81-4c6a-ac23-8a38c757014c(cell1) {{(pid=108645) load_cells /opt/stack/nova/nova/context.py:509}}
Jun 29 06:00:59.794644 np0000183447 devstack@n-api-meta.service[108645]: INFO nova.utils [None req-351593ae-eb2f-483e-93fe-933fe3d92267 None None] The cell worker thread pool MainProcess.cell_worker is initialized
Jun 29 06:00:59.795087 np0000183447 devstack@n-api-meta.service[108645]: DEBUG oslo_concurrency.lockutils [None req-351593ae-eb2f-483e-93fe-933fe3d92267 None None] Acquiring lock "00000000-0000-0000-0000-000000000000" by "nova.context.set_target_cell..get_or_set_cached_cell_and_set_connections" {{(pid=108645) inner /opt/stack/data/venv/lib/python3.12/site-packages/oslo_concurrency/lockutils.py:511}}
Jun 29 06:00:59.795270 np0000183447 devstack@n-api-meta.service[108645]: DEBUG oslo_concurrency.lockutils [None req-351593ae-eb2f-483e-93fe-933fe3d92267 None None] Lock "00000000-0000-0000-0000-000000000000" acquired by "nova.context.set_target_cell..get_or_set_cached_cell_and_set_connections" :: waited 0.000s {{(pid=108645) inner /opt/stack/data/venv/lib/python3.12/site-packages/oslo_concurrency/lockutils.py:524}}
Jun 29 06:00:59.795612 np0000183447 devstack@n-api-meta.service[108645]: DEBUG oslo_concurrency.lockutils [None req-351593ae-eb2f-483e-93fe-933fe3d92267 None None] Lock "00000000-0000-0000-0000-000000000000" "released" by "nova.context.set_target_cell..get_or_set_cached_cell_and_set_connections" :: held 0.000s {{(pid=108645) inner /opt/stack/data/venv/lib/python3.12/site-packages/oslo_concurrency/lockutils.py:543}}
Jun 29 06:00:59.797870 np0000183447 devstack@n-api-meta.service[108645]: DEBUG oslo_concurrency.lockutils [None req-351593ae-eb2f-483e-93fe-933fe3d92267 None None] Acquiring lock "16054487-ab81-4c6a-ac23-8a38c757014c" by "nova.context.set_target_cell..get_or_set_cached_cell_and_set_connections" {{(pid=108645) inner /opt/stack/data/venv/lib/python3.12/site-packages/oslo_concurrency/lockutils.py:511}}
Jun 29 06:00:59.797870 np0000183447 devstack@n-api-meta.service[108645]: DEBUG oslo_concurrency.lockutils [None req-351593ae-eb2f-483e-93fe-933fe3d92267 None None] Lock "16054487-ab81-4c6a-ac23-8a38c757014c" acquired by "nova.context.set_target_cell..get_or_set_cached_cell_and_set_connections" :: waited 0.000s {{(pid=108645) inner /opt/stack/data/venv/lib/python3.12/site-packages/oslo_concurrency/lockutils.py:524}}
Jun 29 06:00:59.797870 np0000183447 devstack@n-api-meta.service[108645]: DEBUG oslo_concurrency.lockutils [None req-351593ae-eb2f-483e-93fe-933fe3d92267 None None] Lock "16054487-ab81-4c6a-ac23-8a38c757014c" "released" by "nova.context.set_target_cell..get_or_set_cached_cell_and_set_connections" :: held 0.001s {{(pid=108645) inner /opt/stack/data/venv/lib/python3.12/site-packages/oslo_concurrency/lockutils.py:543}}
Jun 29 06:00:59.798363 np0000183447 devstack@n-api-meta.service[108646]: DEBUG dbcounter [-] [108646] Writer thread running {{(pid=108646) stat_writer /opt/stack/data/venv/lib/python3.12/site-packages/dbcounter.py:102}}
Jun 29 06:00:59.800007 np0000183447 devstack@n-api-meta.service[108644]: DEBUG oslo_db.sqlalchemy.engines [None req-7da22d49-92c8-4cd6-92ea-af2fff0f85a5 None None] MySQL server mode set to STRICT_TRANS_TABLES,STRICT_ALL_TABLES,NO_ZERO_IN_DATE,NO_ZERO_DATE,ERROR_FOR_DIVISION_BY_ZERO,TRADITIONAL,NO_ENGINE_SUBSTITUTION {{(pid=108644) _check_effective_sql_mode /opt/stack/data/venv/lib/python3.12/site-packages/oslo_db/sqlalchemy/engines.py:325}}
Jun 29 06:00:59.800577 np0000183447 devstack@n-api-meta.service[108645]: INFO dbcounter [None req-351593ae-eb2f-483e-93fe-933fe3d92267 None None] Registered counter for database nova_cell0
Jun 29 06:00:59.801112 np0000183447 devstack@n-api-meta.service[108646]: DEBUG nova.context [None req-3d06a028-de4b-489d-ac88-fa156a32dadf None None] Found 2 cells: 00000000-0000-0000-0000-000000000000(cell0),16054487-ab81-4c6a-ac23-8a38c757014c(cell1) {{(pid=108646) load_cells /opt/stack/nova/nova/context.py:509}}
Jun 29 06:00:59.801369 np0000183447 devstack@n-api-meta.service[108646]: INFO nova.utils [None req-3d06a028-de4b-489d-ac88-fa156a32dadf None None] The cell worker thread pool MainProcess.cell_worker is initialized
Jun 29 06:00:59.803177 np0000183447 devstack@n-api-meta.service[108646]: DEBUG oslo_concurrency.lockutils [None req-3d06a028-de4b-489d-ac88-fa156a32dadf None None] Acquiring lock "00000000-0000-0000-0000-000000000000" by "nova.context.set_target_cell..get_or_set_cached_cell_and_set_connections" {{(pid=108646) inner /opt/stack/data/venv/lib/python3.12/site-packages/oslo_concurrency/lockutils.py:511}}
Jun 29 06:00:59.803381 np0000183447 devstack@n-api-meta.service[108646]: DEBUG oslo_concurrency.lockutils [None req-3d06a028-de4b-489d-ac88-fa156a32dadf None None] Lock "00000000-0000-0000-0000-000000000000" acquired by "nova.context.set_target_cell..get_or_set_cached_cell_and_set_connections" :: waited 0.000s {{(pid=108646) inner /opt/stack/data/venv/lib/python3.12/site-packages/oslo_concurrency/lockutils.py:524}}
Jun 29 06:00:59.803780 np0000183447 devstack@n-api-meta.service[108646]: DEBUG oslo_concurrency.lockutils [None req-3d06a028-de4b-489d-ac88-fa156a32dadf None None] Lock "00000000-0000-0000-0000-000000000000" "released" by "nova.context.set_target_cell..get_or_set_cached_cell_and_set_connections" :: held 0.000s {{(pid=108646) inner /opt/stack/data/venv/lib/python3.12/site-packages/oslo_concurrency/lockutils.py:543}}
Jun 29 06:00:59.804596 np0000183447 devstack@n-api-meta.service[108646]: DEBUG oslo_concurrency.lockutils [None req-3d06a028-de4b-489d-ac88-fa156a32dadf None None] Acquiring lock "16054487-ab81-4c6a-ac23-8a38c757014c" by "nova.context.set_target_cell..get_or_set_cached_cell_and_set_connections" {{(pid=108646) inner /opt/stack/data/venv/lib/python3.12/site-packages/oslo_concurrency/lockutils.py:511}}
Jun 29 06:00:59.804777 np0000183447 devstack@n-api-meta.service[108646]: DEBUG oslo_concurrency.lockutils [None req-3d06a028-de4b-489d-ac88-fa156a32dadf None None] Lock "16054487-ab81-4c6a-ac23-8a38c757014c" acquired by "nova.context.set_target_cell..get_or_set_cached_cell_and_set_connections" :: waited 0.000s {{(pid=108646) inner /opt/stack/data/venv/lib/python3.12/site-packages/oslo_concurrency/lockutils.py:524}}
Jun 29 06:00:59.805688 np0000183447 devstack@n-api-meta.service[108646]: DEBUG oslo_concurrency.lockutils [None req-3d06a028-de4b-489d-ac88-fa156a32dadf None None] Lock "16054487-ab81-4c6a-ac23-8a38c757014c" "released" by "nova.context.set_target_cell..get_or_set_cached_cell_and_set_connections" :: held 0.001s {{(pid=108646) inner /opt/stack/data/venv/lib/python3.12/site-packages/oslo_concurrency/lockutils.py:543}}
Jun 29 06:00:59.805800 np0000183447 devstack@n-api-meta.service[108645]: INFO dbcounter [None req-351593ae-eb2f-483e-93fe-933fe3d92267 None None] Registered counter for database nova_cell1
Jun 29 06:00:59.807246 np0000183447 devstack@n-api-meta.service[108647]: DEBUG oslo_db.sqlalchemy.engines [None req-4f992bd4-38fa-4c2f-af23-2795644c91f7 None None] MySQL server mode set to STRICT_TRANS_TABLES,STRICT_ALL_TABLES,NO_ZERO_IN_DATE,NO_ZERO_DATE,ERROR_FOR_DIVISION_BY_ZERO,TRADITIONAL,NO_ENGINE_SUBSTITUTION {{(pid=108647) _check_effective_sql_mode /opt/stack/data/venv/lib/python3.12/site-packages/oslo_db/sqlalchemy/engines.py:325}}
Jun 29 06:00:59.809315 np0000183447 devstack@n-api-meta.service[108646]: INFO dbcounter [None req-3d06a028-de4b-489d-ac88-fa156a32dadf None None] Registered counter for database nova_cell0
Jun 29 06:00:59.814920 np0000183447 devstack@n-api-meta.service[108646]: INFO dbcounter [None req-3d06a028-de4b-489d-ac88-fa156a32dadf None None] Registered counter for database nova_cell1
Jun 29 06:00:59.840841 np0000183447 devstack@n-api-meta.service[108647]: DEBUG dbcounter [-] [108647] Writer thread running {{(pid=108647) stat_writer /opt/stack/data/venv/lib/python3.12/site-packages/dbcounter.py:102}}
Jun 29 06:00:59.843026 np0000183447 devstack@n-api-meta.service[108647]: DEBUG nova.context [None req-4f992bd4-38fa-4c2f-af23-2795644c91f7 None None] Found 2 cells: 00000000-0000-0000-0000-000000000000(cell0),16054487-ab81-4c6a-ac23-8a38c757014c(cell1) {{(pid=108647) load_cells /opt/stack/nova/nova/context.py:509}}
Jun 29 06:00:59.843291 np0000183447 devstack@n-api-meta.service[108647]: INFO nova.utils [None req-4f992bd4-38fa-4c2f-af23-2795644c91f7 None None] The cell worker thread pool MainProcess.cell_worker is initialized
Jun 29 06:00:59.845204 np0000183447 devstack@n-api-meta.service[108647]: DEBUG oslo_concurrency.lockutils [None req-4f992bd4-38fa-4c2f-af23-2795644c91f7 None None] Acquiring lock "00000000-0000-0000-0000-000000000000" by "nova.context.set_target_cell..get_or_set_cached_cell_and_set_connections" {{(pid=108647) inner /opt/stack/data/venv/lib/python3.12/site-packages/oslo_concurrency/lockutils.py:511}}
Jun 29 06:00:59.845371 np0000183447 devstack@n-api-meta.service[108647]: DEBUG oslo_concurrency.lockutils [None req-4f992bd4-38fa-4c2f-af23-2795644c91f7 None None] Lock "00000000-0000-0000-0000-000000000000" acquired by "nova.context.set_target_cell..get_or_set_cached_cell_and_set_connections" :: waited 0.000s {{(pid=108647) inner /opt/stack/data/venv/lib/python3.12/site-packages/oslo_concurrency/lockutils.py:524}}
Jun 29 06:00:59.845758 np0000183447 devstack@n-api-meta.service[108647]: DEBUG oslo_concurrency.lockutils [None req-4f992bd4-38fa-4c2f-af23-2795644c91f7 None None] Lock "00000000-0000-0000-0000-000000000000" "released" by "nova.context.set_target_cell..get_or_set_cached_cell_and_set_connections" :: held 0.000s {{(pid=108647) inner /opt/stack/data/venv/lib/python3.12/site-packages/oslo_concurrency/lockutils.py:543}}
Jun 29 06:00:59.846609 np0000183447 devstack@n-api-meta.service[108647]: DEBUG oslo_concurrency.lockutils [None req-4f992bd4-38fa-4c2f-af23-2795644c91f7 None None] Acquiring lock "16054487-ab81-4c6a-ac23-8a38c757014c" by "nova.context.set_target_cell..get_or_set_cached_cell_and_set_connections" {{(pid=108647) inner /opt/stack/data/venv/lib/python3.12/site-packages/oslo_concurrency/lockutils.py:511}}
Jun 29 06:00:59.846753 np0000183447 devstack@n-api-meta.service[108647]: DEBUG oslo_concurrency.lockutils [None req-4f992bd4-38fa-4c2f-af23-2795644c91f7 None None] Lock "16054487-ab81-4c6a-ac23-8a38c757014c" acquired by "nova.context.set_target_cell..get_or_set_cached_cell_and_set_connections" :: waited 0.000s {{(pid=108647) inner /opt/stack/data/venv/lib/python3.12/site-packages/oslo_concurrency/lockutils.py:524}}
Jun 29 06:00:59.847593 np0000183447 devstack@n-api-meta.service[108647]: DEBUG oslo_concurrency.lockutils [None req-4f992bd4-38fa-4c2f-af23-2795644c91f7 None None] Lock "16054487-ab81-4c6a-ac23-8a38c757014c" "released" by "nova.context.set_target_cell..get_or_set_cached_cell_and_set_connections" :: held 0.001s {{(pid=108647) inner /opt/stack/data/venv/lib/python3.12/site-packages/oslo_concurrency/lockutils.py:543}}
Jun 29 06:00:59.851204 np0000183447 devstack@n-api-meta.service[108647]: INFO dbcounter [None req-4f992bd4-38fa-4c2f-af23-2795644c91f7 None None] Registered counter for database nova_cell0
Jun 29 06:00:59.855278 np0000183447 devstack@n-api-meta.service[108647]: INFO dbcounter [None req-4f992bd4-38fa-4c2f-af23-2795644c91f7 None None] Registered counter for database nova_cell1
Jun 29 06:00:59.865581 np0000183447 devstack@n-api-meta.service[108645]: DEBUG oslo_db.sqlalchemy.engines [None req-351593ae-eb2f-483e-93fe-933fe3d92267 None None] MySQL server mode set to STRICT_TRANS_TABLES,STRICT_ALL_TABLES,NO_ZERO_IN_DATE,NO_ZERO_DATE,ERROR_FOR_DIVISION_BY_ZERO,TRADITIONAL,NO_ENGINE_SUBSTITUTION {{(pid=108645) _check_effective_sql_mode /opt/stack/data/venv/lib/python3.12/site-packages/oslo_db/sqlalchemy/engines.py:325}}
Jun 29 06:00:59.871245 np0000183447 devstack@n-api-meta.service[108645]: DEBUG oslo_db.sqlalchemy.engines [None req-351593ae-eb2f-483e-93fe-933fe3d92267 None None] MySQL server mode set to STRICT_TRANS_TABLES,STRICT_ALL_TABLES,NO_ZERO_IN_DATE,NO_ZERO_DATE,ERROR_FOR_DIVISION_BY_ZERO,TRADITIONAL,NO_ENGINE_SUBSTITUTION {{(pid=108645) _check_effective_sql_mode /opt/stack/data/venv/lib/python3.12/site-packages/oslo_db/sqlalchemy/engines.py:325}}
Jun 29 06:00:59.875727 np0000183447 devstack@n-api-meta.service[108646]: DEBUG oslo_db.sqlalchemy.engines [None req-3d06a028-de4b-489d-ac88-fa156a32dadf None None] MySQL server mode set to STRICT_TRANS_TABLES,STRICT_ALL_TABLES,NO_ZERO_IN_DATE,NO_ZERO_DATE,ERROR_FOR_DIVISION_BY_ZERO,TRADITIONAL,NO_ENGINE_SUBSTITUTION {{(pid=108646) _check_effective_sql_mode /opt/stack/data/venv/lib/python3.12/site-packages/oslo_db/sqlalchemy/engines.py:325}}
Jun 29 06:00:59.880110 np0000183447 devstack@n-api-meta.service[108646]: DEBUG oslo_db.sqlalchemy.engines [None req-3d06a028-de4b-489d-ac88-fa156a32dadf None None] MySQL server mode set to STRICT_TRANS_TABLES,STRICT_ALL_TABLES,NO_ZERO_IN_DATE,NO_ZERO_DATE,ERROR_FOR_DIVISION_BY_ZERO,TRADITIONAL,NO_ENGINE_SUBSTITUTION {{(pid=108646) _check_effective_sql_mode /opt/stack/data/venv/lib/python3.12/site-packages/oslo_db/sqlalchemy/engines.py:325}}
Jun 29 06:00:59.886539 np0000183447 devstack@n-api-meta.service[108644]: DEBUG dbcounter [-] [108644] Writer thread running {{(pid=108644) stat_writer /opt/stack/data/venv/lib/python3.12/site-packages/dbcounter.py:102}}
Jun 29 06:00:59.896792 np0000183447 devstack@n-api-meta.service[108644]: DEBUG dbcounter [-] [108644] Writer thread running {{(pid=108644) stat_writer /opt/stack/data/venv/lib/python3.12/site-packages/dbcounter.py:102}}
Jun 29 06:00:59.900435 np0000183447 devstack@n-api-meta.service[108644]: INFO dbcounter [None req-7da22d49-92c8-4cd6-92ea-af2fff0f85a5 None None] Registered counter for database nova_cell0
Jun 29 06:00:59.910994 np0000183447 devstack@n-api-meta.service[108647]: DEBUG oslo_db.sqlalchemy.engines [None req-4f992bd4-38fa-4c2f-af23-2795644c91f7 None None] MySQL server mode set to STRICT_TRANS_TABLES,STRICT_ALL_TABLES,NO_ZERO_IN_DATE,NO_ZERO_DATE,ERROR_FOR_DIVISION_BY_ZERO,TRADITIONAL,NO_ENGINE_SUBSTITUTION {{(pid=108647) _check_effective_sql_mode /opt/stack/data/venv/lib/python3.12/site-packages/oslo_db/sqlalchemy/engines.py:325}}
Jun 29 06:00:59.917278 np0000183447 devstack@n-api-meta.service[108647]: DEBUG oslo_db.sqlalchemy.engines [None req-4f992bd4-38fa-4c2f-af23-2795644c91f7 None None] MySQL server mode set to STRICT_TRANS_TABLES,STRICT_ALL_TABLES,NO_ZERO_IN_DATE,NO_ZERO_DATE,ERROR_FOR_DIVISION_BY_ZERO,TRADITIONAL,NO_ENGINE_SUBSTITUTION {{(pid=108647) _check_effective_sql_mode /opt/stack/data/venv/lib/python3.12/site-packages/oslo_db/sqlalchemy/engines.py:325}}
Jun 29 06:00:59.951814 np0000183447 devstack@n-api-meta.service[108644]: DEBUG oslo_db.sqlalchemy.engines [None req-7da22d49-92c8-4cd6-92ea-af2fff0f85a5 None None] MySQL server mode set to STRICT_TRANS_TABLES,STRICT_ALL_TABLES,NO_ZERO_IN_DATE,NO_ZERO_DATE,ERROR_FOR_DIVISION_BY_ZERO,TRADITIONAL,NO_ENGINE_SUBSTITUTION {{(pid=108644) _check_effective_sql_mode /opt/stack/data/venv/lib/python3.12/site-packages/oslo_db/sqlalchemy/engines.py:325}}
Jun 29 06:00:59.962129 np0000183447 devstack@n-api-meta.service[108644]: DEBUG dbcounter [-] [108644] Writer thread running {{(pid=108644) stat_writer /opt/stack/data/venv/lib/python3.12/site-packages/dbcounter.py:102}}
Jun 29 06:00:59.978945 np0000183447 devstack@n-api-meta.service[108646]: DEBUG dbcounter [-] [108646] Writer thread running {{(pid=108646) stat_writer /opt/stack/data/venv/lib/python3.12/site-packages/dbcounter.py:102}}
Jun 29 06:00:59.979095 np0000183447 devstack@n-api-meta.service[108645]: DEBUG dbcounter [-] [108645] Writer thread running {{(pid=108645) stat_writer /opt/stack/data/venv/lib/python3.12/site-packages/dbcounter.py:102}}
Jun 29 06:00:59.979353 np0000183447 devstack@n-api-meta.service[108645]: DEBUG dbcounter [-] [108645] Writer thread running {{(pid=108645) stat_writer /opt/stack/data/venv/lib/python3.12/site-packages/dbcounter.py:102}}
Jun 29 06:00:59.979450 np0000183447 devstack@n-api-meta.service[108646]: DEBUG dbcounter [-] [108646] Writer thread running {{(pid=108646) stat_writer /opt/stack/data/venv/lib/python3.12/site-packages/dbcounter.py:102}}
Jun 29 06:00:59.983683 np0000183447 devstack@n-api-meta.service[108645]: INFO dbcounter [None req-351593ae-eb2f-483e-93fe-933fe3d92267 None None] Registered counter for database nova_cell0
Jun 29 06:00:59.985004 np0000183447 devstack@n-api-meta.service[108646]: INFO dbcounter [None req-3d06a028-de4b-489d-ac88-fa156a32dadf None None] Registered counter for database nova_cell0
Jun 29 06:01:00.004498 np0000183447 devstack@n-api-meta.service[108644]: WARNING nova.api.metadata.handler [None req-7da22d49-92c8-4cd6-92ea-af2fff0f85a5 None None] metadata_proxy_shared_secret is not configured, the metadata information returned by the proxy cannot be trusted
Jun 29 06:01:00.006840 np0000183447 devstack@n-api-meta.service[108644]: DEBUG nova.api.openstack.wsgi_app [None req-7da22d49-92c8-4cd6-92ea-af2fff0f85a5 None None] ******************************************************************************** {{(pid=108644) log_opt_values /opt/stack/data/venv/lib/python3.12/site-packages/oslo_config/cfg.py:3226}}
Jun 29 06:01:00.006954 np0000183447 devstack@n-api-meta.service[108644]: DEBUG nova.api.openstack.wsgi_app [None req-7da22d49-92c8-4cd6-92ea-af2fff0f85a5 None None] Configuration options gathered from: {{(pid=108644) log_opt_values /opt/stack/data/venv/lib/python3.12/site-packages/oslo_config/cfg.py:3227}}
Jun 29 06:01:00.007078 np0000183447 devstack@n-api-meta.service[108644]: DEBUG nova.api.openstack.wsgi_app [None req-7da22d49-92c8-4cd6-92ea-af2fff0f85a5 None None] command line args: [] {{(pid=108644) log_opt_values /opt/stack/data/venv/lib/python3.12/site-packages/oslo_config/cfg.py:3228}}
Jun 29 06:01:00.007233 np0000183447 devstack@n-api-meta.service[108644]: DEBUG nova.api.openstack.wsgi_app [None req-7da22d49-92c8-4cd6-92ea-af2fff0f85a5 None None] config files: ['/etc/nova/api-paste.ini', '/etc/nova/nova.conf'] {{(pid=108644) log_opt_values /opt/stack/data/venv/lib/python3.12/site-packages/oslo_config/cfg.py:3229}}
Jun 29 06:01:00.007336 np0000183447 devstack@n-api-meta.service[108644]: DEBUG nova.api.openstack.wsgi_app [None req-7da22d49-92c8-4cd6-92ea-af2fff0f85a5 None None] ================================================================================ {{(pid=108644) log_opt_values /opt/stack/data/venv/lib/python3.12/site-packages/oslo_config/cfg.py:3234}}
Jun 29 06:01:00.007505 np0000183447 devstack@n-api-meta.service[108644]: DEBUG nova.api.openstack.wsgi_app [None req-7da22d49-92c8-4cd6-92ea-af2fff0f85a5 None None] allow_resize_to_same_host = True {{(pid=108644) log_opt_values /opt/stack/data/venv/lib/python3.12/site-packages/oslo_config/cfg.py:3242}}
Jun 29 06:01:00.007646 np0000183447 devstack@n-api-meta.service[108644]: DEBUG nova.api.openstack.wsgi_app [None req-7da22d49-92c8-4cd6-92ea-af2fff0f85a5 None None] arq_binding_timeout = 300 {{(pid=108644) log_opt_values /opt/stack/data/venv/lib/python3.12/site-packages/oslo_config/cfg.py:3242}}
Jun 29 06:01:00.007777 np0000183447 devstack@n-api-meta.service[108644]: DEBUG nova.api.openstack.wsgi_app [None req-7da22d49-92c8-4cd6-92ea-af2fff0f85a5 None None] block_device_allocate_retries = 60 {{(pid=108644) log_opt_values /opt/stack/data/venv/lib/python3.12/site-packages/oslo_config/cfg.py:3242}}
Jun 29 06:01:00.007907 np0000183447 devstack@n-api-meta.service[108644]: DEBUG nova.api.openstack.wsgi_app [None req-7da22d49-92c8-4cd6-92ea-af2fff0f85a5 None None] block_device_allocate_retries_interval = 3 {{(pid=108644) log_opt_values /opt/stack/data/venv/lib/python3.12/site-packages/oslo_config/cfg.py:3242}}
Jun 29 06:01:00.008036 np0000183447 devstack@n-api-meta.service[108644]: DEBUG nova.api.openstack.wsgi_app [None req-7da22d49-92c8-4cd6-92ea-af2fff0f85a5 None None] cell_worker_thread_pool_size = 5 {{(pid=108644) log_opt_values /opt/stack/data/venv/lib/python3.12/site-packages/oslo_config/cfg.py:3242}}
Jun 29 06:01:00.008193 np0000183447 devstack@n-api-meta.service[108644]: DEBUG nova.api.openstack.wsgi_app [None req-7da22d49-92c8-4cd6-92ea-af2fff0f85a5 None None] cert = self.pem {{(pid=108644) log_opt_values /opt/stack/data/venv/lib/python3.12/site-packages/oslo_config/cfg.py:3242}}
Jun 29 06:01:00.008327 np0000183447 devstack@n-api-meta.service[108644]: DEBUG nova.api.openstack.wsgi_app [None req-7da22d49-92c8-4cd6-92ea-af2fff0f85a5 None None] compute_driver = libvirt.LibvirtDriver {{(pid=108644) log_opt_values /opt/stack/data/venv/lib/python3.12/site-packages/oslo_config/cfg.py:3242}}
Jun 29 06:01:00.008460 np0000183447 devstack@n-api-meta.service[108644]: DEBUG nova.api.openstack.wsgi_app [None req-7da22d49-92c8-4cd6-92ea-af2fff0f85a5 None None] compute_monitors = [] {{(pid=108644) log_opt_values /opt/stack/data/venv/lib/python3.12/site-packages/oslo_config/cfg.py:3242}}
Jun 29 06:01:00.008632 np0000183447 devstack@n-api-meta.service[108644]: DEBUG nova.api.openstack.wsgi_app [None req-7da22d49-92c8-4cd6-92ea-af2fff0f85a5 None None] config_dir = [] {{(pid=108644) log_opt_values /opt/stack/data/venv/lib/python3.12/site-packages/oslo_config/cfg.py:3242}}
Jun 29 06:01:00.008767 np0000183447 devstack@n-api-meta.service[108644]: DEBUG nova.api.openstack.wsgi_app [None req-7da22d49-92c8-4cd6-92ea-af2fff0f85a5 None None] config_drive_format = iso9660 {{(pid=108644) log_opt_values /opt/stack/data/venv/lib/python3.12/site-packages/oslo_config/cfg.py:3242}}
Jun 29 06:01:00.008874 np0000183447 devstack@n-api-meta.service[108644]: DEBUG nova.api.openstack.wsgi_app [None req-7da22d49-92c8-4cd6-92ea-af2fff0f85a5 None None] config_file = ['/etc/nova/api-paste.ini', '/etc/nova/nova.conf'] {{(pid=108644) log_opt_values /opt/stack/data/venv/lib/python3.12/site-packages/oslo_config/cfg.py:3242}}
Jun 29 06:01:00.008998 np0000183447 devstack@n-api-meta.service[108644]: DEBUG nova.api.openstack.wsgi_app [None req-7da22d49-92c8-4cd6-92ea-af2fff0f85a5 None None] config_source = [] {{(pid=108644) log_opt_values /opt/stack/data/venv/lib/python3.12/site-packages/oslo_config/cfg.py:3242}}
Jun 29 06:01:00.009184 np0000183447 devstack@n-api-meta.service[108644]: DEBUG nova.api.openstack.wsgi_app [None req-7da22d49-92c8-4cd6-92ea-af2fff0f85a5 None None] console_host = np0000183447 {{(pid=108644) log_opt_values /opt/stack/data/venv/lib/python3.12/site-packages/oslo_config/cfg.py:3242}}
Jun 29 06:01:00.009350 np0000183447 devstack@n-api-meta.service[108644]: DEBUG nova.api.openstack.wsgi_app [None req-7da22d49-92c8-4cd6-92ea-af2fff0f85a5 None None] control_exchange = nova {{(pid=108644) log_opt_values /opt/stack/data/venv/lib/python3.12/site-packages/oslo_config/cfg.py:3242}}
Jun 29 06:01:00.009480 np0000183447 devstack@n-api-meta.service[108644]: DEBUG nova.api.openstack.wsgi_app [None req-7da22d49-92c8-4cd6-92ea-af2fff0f85a5 None None] cpu_allocation_ratio = None {{(pid=108644) log_opt_values /opt/stack/data/venv/lib/python3.12/site-packages/oslo_config/cfg.py:3242}}
Jun 29 06:01:00.009744 np0000183447 devstack@n-api-meta.service[108644]: DEBUG nova.api.openstack.wsgi_app [None req-7da22d49-92c8-4cd6-92ea-af2fff0f85a5 None None] daemon = False {{(pid=108644) log_opt_values /opt/stack/data/venv/lib/python3.12/site-packages/oslo_config/cfg.py:3242}}
Jun 29 06:01:00.009744 np0000183447 devstack@n-api-meta.service[108644]: DEBUG nova.api.openstack.wsgi_app [None req-7da22d49-92c8-4cd6-92ea-af2fff0f85a5 None None] debug = True {{(pid=108644) log_opt_values /opt/stack/data/venv/lib/python3.12/site-packages/oslo_config/cfg.py:3242}}
Jun 29 06:01:00.009860 np0000183447 devstack@n-api-meta.service[108644]: DEBUG nova.api.openstack.wsgi_app [None req-7da22d49-92c8-4cd6-92ea-af2fff0f85a5 None None] default_access_ip_network_name = None {{(pid=108644) log_opt_values /opt/stack/data/venv/lib/python3.12/site-packages/oslo_config/cfg.py:3242}}
Jun 29 06:01:00.009949 np0000183447 devstack@n-api-meta.service[108647]: DEBUG dbcounter [-] [108647] Writer thread running {{(pid=108647) stat_writer /opt/stack/data/venv/lib/python3.12/site-packages/dbcounter.py:102}}
Jun 29 06:01:00.009982 np0000183447 devstack@n-api-meta.service[108644]: DEBUG nova.api.openstack.wsgi_app [None req-7da22d49-92c8-4cd6-92ea-af2fff0f85a5 None None] default_availability_zone = nova {{(pid=108644) log_opt_values /opt/stack/data/venv/lib/python3.12/site-packages/oslo_config/cfg.py:3242}}
Jun 29 06:01:00.010136 np0000183447 devstack@n-api-meta.service[108644]: DEBUG nova.api.openstack.wsgi_app [None req-7da22d49-92c8-4cd6-92ea-af2fff0f85a5 None None] default_ephemeral_format = ext4 {{(pid=108644) log_opt_values /opt/stack/data/venv/lib/python3.12/site-packages/oslo_config/cfg.py:3242}}
Jun 29 06:01:00.010263 np0000183447 devstack@n-api-meta.service[108644]: DEBUG nova.api.openstack.wsgi_app [None req-7da22d49-92c8-4cd6-92ea-af2fff0f85a5 None None] default_green_pool_size = 1000 {{(pid=108644) log_opt_values /opt/stack/data/venv/lib/python3.12/site-packages/oslo_config/cfg.py:3242}}
Jun 29 06:01:00.010483 np0000183447 devstack@n-api-meta.service[108644]: DEBUG nova.api.openstack.wsgi_app [None req-7da22d49-92c8-4cd6-92ea-af2fff0f85a5 None None] default_log_levels = ['amqp=WARN', 'boto=WARN', 'sqlalchemy=WARN', 'suds=INFO', 'oslo.messaging=INFO', 'oslo_messaging=INFO', 'iso8601=WARN', 'requests.packages.urllib3.connectionpool=WARN', 'urllib3.connectionpool=WARN', 'websocket=WARN', 'requests.packages.urllib3.util.retry=WARN', 'urllib3.util.retry=WARN', 'keystonemiddleware=WARN', 'routes.middleware=WARN', 'stevedore=WARN', 'taskflow=WARN', 'keystoneauth=WARN', 'oslo.cache=INFO', 'oslo_policy=INFO', 'dogpile.core.dogpile=INFO', 'glanceclient=WARN', 'oslo.privsep.daemon=INFO'] {{(pid=108644) log_opt_values /opt/stack/data/venv/lib/python3.12/site-packages/oslo_config/cfg.py:3242}}
Jun 29 06:01:00.010610 np0000183447 devstack@n-api-meta.service[108644]: DEBUG nova.api.openstack.wsgi_app [None req-7da22d49-92c8-4cd6-92ea-af2fff0f85a5 None None] default_schedule_zone = None {{(pid=108644) log_opt_values /opt/stack/data/venv/lib/python3.12/site-packages/oslo_config/cfg.py:3242}}
Jun 29 06:01:00.010740 np0000183447 devstack@n-api-meta.service[108644]: DEBUG nova.api.openstack.wsgi_app [None req-7da22d49-92c8-4cd6-92ea-af2fff0f85a5 None None] default_thread_pool_size = 10 {{(pid=108644) log_opt_values /opt/stack/data/venv/lib/python3.12/site-packages/oslo_config/cfg.py:3242}}
Jun 29 06:01:00.010865 np0000183447 devstack@n-api-meta.service[108644]: DEBUG nova.api.openstack.wsgi_app [None req-7da22d49-92c8-4cd6-92ea-af2fff0f85a5 None None] disk_allocation_ratio = None {{(pid=108644) log_opt_values /opt/stack/data/venv/lib/python3.12/site-packages/oslo_config/cfg.py:3242}}
Jun 29 06:01:00.010990 np0000183447 devstack@n-api-meta.service[108644]: DEBUG nova.api.openstack.wsgi_app [None req-7da22d49-92c8-4cd6-92ea-af2fff0f85a5 None None] enable_new_services = True {{(pid=108644) log_opt_values /opt/stack/data/venv/lib/python3.12/site-packages/oslo_config/cfg.py:3242}}
Jun 29 06:01:00.011152 np0000183447 devstack@n-api-meta.service[108644]: DEBUG nova.api.openstack.wsgi_app [None req-7da22d49-92c8-4cd6-92ea-af2fff0f85a5 None None] flat_injected = False {{(pid=108644) log_opt_values /opt/stack/data/venv/lib/python3.12/site-packages/oslo_config/cfg.py:3242}}
Jun 29 06:01:00.011280 np0000183447 devstack@n-api-meta.service[108644]: DEBUG nova.api.openstack.wsgi_app [None req-7da22d49-92c8-4cd6-92ea-af2fff0f85a5 None None] force_config_drive = False {{(pid=108644) log_opt_values /opt/stack/data/venv/lib/python3.12/site-packages/oslo_config/cfg.py:3242}}
Jun 29 06:01:00.011374 np0000183447 devstack@n-api-meta.service[108647]: DEBUG dbcounter [-] [108647] Writer thread running {{(pid=108647) stat_writer /opt/stack/data/venv/lib/python3.12/site-packages/dbcounter.py:102}}
Jun 29 06:01:00.011406 np0000183447 devstack@n-api-meta.service[108644]: DEBUG nova.api.openstack.wsgi_app [None req-7da22d49-92c8-4cd6-92ea-af2fff0f85a5 None None] force_raw_images = True {{(pid=108644) log_opt_values /opt/stack/data/venv/lib/python3.12/site-packages/oslo_config/cfg.py:3242}}
Jun 29 06:01:00.011539 np0000183447 devstack@n-api-meta.service[108644]: DEBUG nova.api.openstack.wsgi_app [None req-7da22d49-92c8-4cd6-92ea-af2fff0f85a5 None None] graceful_shutdown_timeout = 5 {{(pid=108644) log_opt_values /opt/stack/data/venv/lib/python3.12/site-packages/oslo_config/cfg.py:3242}}
Jun 29 06:01:00.011665 np0000183447 devstack@n-api-meta.service[108644]: DEBUG nova.api.openstack.wsgi_app [None req-7da22d49-92c8-4cd6-92ea-af2fff0f85a5 None None] heal_instance_info_cache_interval = -1 {{(pid=108644) log_opt_values /opt/stack/data/venv/lib/python3.12/site-packages/oslo_config/cfg.py:3242}}
Jun 29 06:01:00.011848 np0000183447 devstack@n-api-meta.service[108644]: DEBUG nova.api.openstack.wsgi_app [None req-7da22d49-92c8-4cd6-92ea-af2fff0f85a5 None None] host = np0000183447 {{(pid=108644) log_opt_values /opt/stack/data/venv/lib/python3.12/site-packages/oslo_config/cfg.py:3242}}
Jun 29 06:01:00.011984 np0000183447 devstack@n-api-meta.service[108644]: DEBUG nova.api.openstack.wsgi_app [None req-7da22d49-92c8-4cd6-92ea-af2fff0f85a5 None None] initial_cpu_allocation_ratio = 4.0 {{(pid=108644) log_opt_values /opt/stack/data/venv/lib/python3.12/site-packages/oslo_config/cfg.py:3242}}
Jun 29 06:01:00.012130 np0000183447 devstack@n-api-meta.service[108644]: DEBUG nova.api.openstack.wsgi_app [None req-7da22d49-92c8-4cd6-92ea-af2fff0f85a5 None None] initial_disk_allocation_ratio = 1.0 {{(pid=108644) log_opt_values /opt/stack/data/venv/lib/python3.12/site-packages/oslo_config/cfg.py:3242}}
Jun 29 06:01:00.012259 np0000183447 devstack@n-api-meta.service[108644]: DEBUG nova.api.openstack.wsgi_app [None req-7da22d49-92c8-4cd6-92ea-af2fff0f85a5 None None] initial_ram_allocation_ratio = 1.0 {{(pid=108644) log_opt_values /opt/stack/data/venv/lib/python3.12/site-packages/oslo_config/cfg.py:3242}}
Jun 29 06:01:00.012438 np0000183447 devstack@n-api-meta.service[108644]: DEBUG nova.api.openstack.wsgi_app [None req-7da22d49-92c8-4cd6-92ea-af2fff0f85a5 None None] injected_network_template = /opt/stack/nova/nova/virt/interfaces.template {{(pid=108644) log_opt_values /opt/stack/data/venv/lib/python3.12/site-packages/oslo_config/cfg.py:3242}}
Jun 29 06:01:00.015057 np0000183447 devstack@n-api-meta.service[108644]: DEBUG nova.api.openstack.wsgi_app [None req-7da22d49-92c8-4cd6-92ea-af2fff0f85a5 None None] instance_build_timeout = 0 {{(pid=108644) log_opt_values /opt/stack/data/venv/lib/python3.12/site-packages/oslo_config/cfg.py:3242}}
Jun 29 06:01:00.015057 np0000183447 devstack@n-api-meta.service[108644]: DEBUG nova.api.openstack.wsgi_app [None req-7da22d49-92c8-4cd6-92ea-af2fff0f85a5 None None] instance_delete_interval = 300 {{(pid=108644) log_opt_values /opt/stack/data/venv/lib/python3.12/site-packages/oslo_config/cfg.py:3242}}
Jun 29 06:01:00.015057 np0000183447 devstack@n-api-meta.service[108644]: DEBUG nova.api.openstack.wsgi_app [None req-7da22d49-92c8-4cd6-92ea-af2fff0f85a5 None None] instance_format = [instance: %(uuid)s] {{(pid=108644) log_opt_values /opt/stack/data/venv/lib/python3.12/site-packages/oslo_config/cfg.py:3242}}
Jun 29 06:01:00.015057 np0000183447 devstack@n-api-meta.service[108644]: DEBUG nova.api.openstack.wsgi_app [None req-7da22d49-92c8-4cd6-92ea-af2fff0f85a5 None None] instance_name_template = instance-%08x {{(pid=108644) log_opt_values /opt/stack/data/venv/lib/python3.12/site-packages/oslo_config/cfg.py:3242}}
Jun 29 06:01:00.015057 np0000183447 devstack@n-api-meta.service[108644]: DEBUG nova.api.openstack.wsgi_app [None req-7da22d49-92c8-4cd6-92ea-af2fff0f85a5 None None] instance_usage_audit = False {{(pid=108644) log_opt_values /opt/stack/data/venv/lib/python3.12/site-packages/oslo_config/cfg.py:3242}}
Jun 29 06:01:00.015057 np0000183447 devstack@n-api-meta.service[108644]: DEBUG nova.api.openstack.wsgi_app [None req-7da22d49-92c8-4cd6-92ea-af2fff0f85a5 None None] instance_usage_audit_period = month {{(pid=108644) log_opt_values /opt/stack/data/venv/lib/python3.12/site-packages/oslo_config/cfg.py:3242}}
Jun 29 06:01:00.015057 np0000183447 devstack@n-api-meta.service[108644]: DEBUG nova.api.openstack.wsgi_app [None req-7da22d49-92c8-4cd6-92ea-af2fff0f85a5 None None] instance_uuid_format = [instance: %(uuid)s] {{(pid=108644) log_opt_values /opt/stack/data/venv/lib/python3.12/site-packages/oslo_config/cfg.py:3242}}
Jun 29 06:01:00.015250 np0000183447 devstack@n-api-meta.service[108644]: DEBUG nova.api.openstack.wsgi_app [None req-7da22d49-92c8-4cd6-92ea-af2fff0f85a5 None None] instances_path = /opt/stack/data/nova/instances {{(pid=108644) log_opt_values /opt/stack/data/venv/lib/python3.12/site-packages/oslo_config/cfg.py:3242}}
Jun 29 06:01:00.015250 np0000183447 devstack@n-api-meta.service[108644]: DEBUG nova.api.openstack.wsgi_app [None req-7da22d49-92c8-4cd6-92ea-af2fff0f85a5 None None] internal_service_availability_zone = internal {{(pid=108644) log_opt_values /opt/stack/data/venv/lib/python3.12/site-packages/oslo_config/cfg.py:3242}}
Jun 29 06:01:00.015250 np0000183447 devstack@n-api-meta.service[108644]: DEBUG nova.api.openstack.wsgi_app [None req-7da22d49-92c8-4cd6-92ea-af2fff0f85a5 None None] key = None {{(pid=108644) log_opt_values /opt/stack/data/venv/lib/python3.12/site-packages/oslo_config/cfg.py:3242}}
Jun 29 06:01:00.015250 np0000183447 devstack@n-api-meta.service[108644]: DEBUG nova.api.openstack.wsgi_app [None req-7da22d49-92c8-4cd6-92ea-af2fff0f85a5 None None] live_migration_retry_count = 30 {{(pid=108644) log_opt_values /opt/stack/data/venv/lib/python3.12/site-packages/oslo_config/cfg.py:3242}}
Jun 29 06:01:00.015250 np0000183447 devstack@n-api-meta.service[108644]: DEBUG nova.api.openstack.wsgi_app [None req-7da22d49-92c8-4cd6-92ea-af2fff0f85a5 None None] log_color = False {{(pid=108644) log_opt_values /opt/stack/data/venv/lib/python3.12/site-packages/oslo_config/cfg.py:3242}}
Jun 29 06:01:00.015250 np0000183447 devstack@n-api-meta.service[108644]: DEBUG nova.api.openstack.wsgi_app [None req-7da22d49-92c8-4cd6-92ea-af2fff0f85a5 None None] log_config_append = None {{(pid=108644) log_opt_values /opt/stack/data/venv/lib/python3.12/site-packages/oslo_config/cfg.py:3242}}
Jun 29 06:01:00.015250 np0000183447 devstack@n-api-meta.service[108644]: DEBUG nova.api.openstack.wsgi_app [None req-7da22d49-92c8-4cd6-92ea-af2fff0f85a5 None None] log_date_format = %Y-%m-%d %H:%M:%S {{(pid=108644) log_opt_values /opt/stack/data/venv/lib/python3.12/site-packages/oslo_config/cfg.py:3242}}
Jun 29 06:01:00.015416 np0000183447 devstack@n-api-meta.service[108644]: DEBUG nova.api.openstack.wsgi_app [None req-7da22d49-92c8-4cd6-92ea-af2fff0f85a5 None None] log_dir = None {{(pid=108644) log_opt_values /opt/stack/data/venv/lib/python3.12/site-packages/oslo_config/cfg.py:3242}}
Jun 29 06:01:00.015416 np0000183447 devstack@n-api-meta.service[108644]: DEBUG nova.api.openstack.wsgi_app [None req-7da22d49-92c8-4cd6-92ea-af2fff0f85a5 None None] log_file = None {{(pid=108644) log_opt_values /opt/stack/data/venv/lib/python3.12/site-packages/oslo_config/cfg.py:3242}}
Jun 29 06:01:00.015416 np0000183447 devstack@n-api-meta.service[108644]: DEBUG nova.api.openstack.wsgi_app [None req-7da22d49-92c8-4cd6-92ea-af2fff0f85a5 None None] log_options = True {{(pid=108644) log_opt_values /opt/stack/data/venv/lib/python3.12/site-packages/oslo_config/cfg.py:3242}}
Jun 29 06:01:00.015416 np0000183447 devstack@n-api-meta.service[108644]: DEBUG nova.api.openstack.wsgi_app [None req-7da22d49-92c8-4cd6-92ea-af2fff0f85a5 None None] log_rotate_interval = 1 {{(pid=108644) log_opt_values /opt/stack/data/venv/lib/python3.12/site-packages/oslo_config/cfg.py:3242}}
Jun 29 06:01:00.015416 np0000183447 devstack@n-api-meta.service[108644]: DEBUG nova.api.openstack.wsgi_app [None req-7da22d49-92c8-4cd6-92ea-af2fff0f85a5 None None] log_rotate_interval_type = days {{(pid=108644) log_opt_values /opt/stack/data/venv/lib/python3.12/site-packages/oslo_config/cfg.py:3242}}
Jun 29 06:01:00.015416 np0000183447 devstack@n-api-meta.service[108644]: DEBUG nova.api.openstack.wsgi_app [None req-7da22d49-92c8-4cd6-92ea-af2fff0f85a5 None None] log_rotation_type = none {{(pid=108644) log_opt_values /opt/stack/data/venv/lib/python3.12/site-packages/oslo_config/cfg.py:3242}}
Jun 29 06:01:00.015550 np0000183447 devstack@n-api-meta.service[108644]: DEBUG nova.api.openstack.wsgi_app [None req-7da22d49-92c8-4cd6-92ea-af2fff0f85a5 None None] logging_context_format_string = %(color)s%(levelname)s %(name)s [%(global_request_id)s %(request_id)s %(project_name)s %(user_name)s%(color)s] %(instance)s%(color)s%(message)s {{(pid=108644) log_opt_values /opt/stack/data/venv/lib/python3.12/site-packages/oslo_config/cfg.py:3242}}
Jun 29 06:01:00.015550 np0000183447 devstack@n-api-meta.service[108644]: DEBUG nova.api.openstack.wsgi_app [None req-7da22d49-92c8-4cd6-92ea-af2fff0f85a5 None None] logging_debug_format_suffix = {{(pid=%(process)d) %(funcName)s %(pathname)s:%(lineno)d}} {{(pid=108644) log_opt_values /opt/stack/data/venv/lib/python3.12/site-packages/oslo_config/cfg.py:3242}}
Jun 29 06:01:00.015550 np0000183447 devstack@n-api-meta.service[108644]: DEBUG nova.api.openstack.wsgi_app [None req-7da22d49-92c8-4cd6-92ea-af2fff0f85a5 None None] logging_default_format_string = %(color)s%(levelname)s %(name)s [-%(color)s] %(instance)s%(color)s%(message)s {{(pid=108644) log_opt_values /opt/stack/data/venv/lib/python3.12/site-packages/oslo_config/cfg.py:3242}}
Jun 29 06:01:00.015550 np0000183447 devstack@n-api-meta.service[108644]: DEBUG nova.api.openstack.wsgi_app [None req-7da22d49-92c8-4cd6-92ea-af2fff0f85a5 None None] logging_exception_prefix = ERROR %(name)s %(instance)s {{(pid=108644) log_opt_values /opt/stack/data/venv/lib/python3.12/site-packages/oslo_config/cfg.py:3242}}
Jun 29 06:01:00.015550 np0000183447 devstack@n-api-meta.service[108644]: DEBUG nova.api.openstack.wsgi_app [None req-7da22d49-92c8-4cd6-92ea-af2fff0f85a5 None None] logging_user_identity_format = %(user)s %(project)s %(domain)s %(system_scope)s %(user_domain)s %(project_domain)s {{(pid=108644) log_opt_values /opt/stack/data/venv/lib/python3.12/site-packages/oslo_config/cfg.py:3242}}
Jun 29 06:01:00.015673 np0000183447 devstack@n-api-meta.service[108644]: DEBUG nova.api.openstack.wsgi_app [None req-7da22d49-92c8-4cd6-92ea-af2fff0f85a5 None None] long_rpc_timeout = 1800 {{(pid=108644) log_opt_values /opt/stack/data/venv/lib/python3.12/site-packages/oslo_config/cfg.py:3242}}
Jun 29 06:01:00.015808 np0000183447 devstack@n-api-meta.service[108644]: DEBUG nova.api.openstack.wsgi_app [None req-7da22d49-92c8-4cd6-92ea-af2fff0f85a5 None None] manager_shutdown_timeout = 160 {{(pid=108644) log_opt_values /opt/stack/data/venv/lib/python3.12/site-packages/oslo_config/cfg.py:3242}}
