2026-06-23 19:55:34.610 7 INFO placement.requestlog [req-8e762313-4865-449f-bced-dabacdf58c14 req-da95b772-7351-4389-b5f3-b38027598dfc dc02999271af40d98ea64f2205bd8b7c ecf05e68900f4ed18976caf6aab4b929 - - bf0d3ca889914c5a9fd7c0cd3c08b3d9 bf0d3ca889914c5a9fd7c0cd3c08b3d9] 199.204.45.216 "GET /allocations/afad427a-ba15-4ca5-8e74-cd4cc625a89b" status: 200 len: 258 microversion: 1.28 [pid: 7|app: 0|req: 545/1092] 199.204.45.216 () {34 vars in 863 bytes} [Tue Jun 23 19:55:34 2026] GET /allocations/afad427a-ba15-4ca5-8e74-cd4cc625a89b => generated 258 bytes in 15 msecs (HTTP/1.1 200) 8 headers in 296 bytes (1 switches on core 0)
2026-06-23 19:55:34.631 8 INFO placement.requestlog [req-8e762313-4865-449f-bced-dabacdf58c14 req-22859e40-88eb-4099-8a9d-2314704509e9 dc02999271af40d98ea64f2205bd8b7c ecf05e68900f4ed18976caf6aab4b929 - - bf0d3ca889914c5a9fd7c0cd3c08b3d9 bf0d3ca889914c5a9fd7c0cd3c08b3d9] 199.204.45.216 "GET /allocations/0ccaad06-dc19-4347-90b7-334dd7ea7c29" status: 200 len: 258 microversion: 1.28 [pid: 8|app: 0|req: 548/1093] 199.204.45.216 () {34 vars in 863 bytes} [Tue Jun 23 19:55:34 2026] GET /allocations/0ccaad06-dc19-4347-90b7-334dd7ea7c29 => generated 258 bytes in 11 msecs (HTTP/1.1 200) 8 headers in 296 bytes (1 switches on core 0)
2026-06-23 19:55:34.657 7 INFO placement.requestlog [req-8e762313-4865-449f-bced-dabacdf58c14 req-0baa3f46-accd-4909-98cb-d2f476f1db92 dc02999271af40d98ea64f2205bd8b7c ecf05e68900f4ed18976caf6aab4b929 - - bf0d3ca889914c5a9fd7c0cd3c08b3d9 bf0d3ca889914c5a9fd7c0cd3c08b3d9] 199.204.45.216 "GET /allocations/6c0ab8fa-ddb3-4bcf-92c4-6d0195b90583" status: 200 len: 258 microversion: 1.28 [pid: 7|app: 0|req: 546/1094] 199.204.45.216 () {34 vars in 863 bytes} [Tue Jun 23 19:55:34 2026] GET /allocations/6c0ab8fa-ddb3-4bcf-92c4-6d0195b90583 => generated 258 bytes in 18 msecs (HTTP/1.1 200) 8 headers in 296 bytes (1 switches on core 0)
2026-06-23 19:55:42.886 8 INFO placement.requestlog [None req-09674230-8d94-4903-8264-8c4d09f25336 - - - - - -] 10.0.0.222 "GET /" status: 200 len: 136 microversion: 1.0
2026-06-23 19:55:42.887 7 INFO placement.requestlog [None req-274b62ce-b3cb-40cd-8bae-718b789cfd39 - - - - - -] 10.0.0.222 "GET /" status: 200 len: 136 microversion: 1.0
2026-06-23 19:55:45.188 8 INFO placement.requestlog [req-7a7df4e4-974b-4c29-afd0-99f47ae065c7 req-6bb2343d-3136-4f60-9d21-152099becbfe dc02999271af40d98ea64f2205bd8b7c ecf05e68900f4ed18976caf6aab4b929 - - bf0d3ca889914c5a9fd7c0cd3c08b3d9 bf0d3ca889914c5a9fd7c0cd3c08b3d9] 199.204.45.216 "GET /resource_providers/f3e55505-1685-4e6d-b73e-3ec8987b94b4/allocations" status: 200 len: 353 microversion: 1.0 [pid: 8|app: 0|req: 550/1097] 199.204.45.216 () {32 vars in 857 bytes} [Tue Jun 23 19:55:45 2026] GET /resource_providers/f3e55505-1685-4e6d-b73e-3ec8987b94b4/allocations => generated 353 bytes in 16 msecs (HTTP/1.1 200) 6 headers in 224 bytes (1 switches on core 0)
2026-06-23 19:55:45.214 7 INFO placement.requestlog [req-7a7df4e4-974b-4c29-afd0-99f47ae065c7 req-a0360244-eb8b-48a1-a188-9f2ce6bd9802 dc02999271af40d98ea64f2205bd8b7c ecf05e68900f4ed18976caf6aab4b929 - - bf0d3ca889914c5a9fd7c0cd3c08b3d9 bf0d3ca889914c5a9fd7c0cd3c08b3d9] 199.204.45.216 "GET /allocations/afad427a-ba15-4ca5-8e74-cd4cc625a89b" status: 200 len: 258 microversion: 1.28 [pid: 7|app: 0|req: 548/1098] 199.204.45.216 () {34 vars in 863 bytes} [Tue Jun 23 19:55:45 2026] GET /allocations/afad427a-ba15-4ca5-8e74-cd4cc625a89b => generated 258 bytes in 17 msecs (HTTP/1.1 200) 8 headers in 296 bytes (1 switches on core 0)
2026-06-23 19:55:45.238 8 INFO placement.requestlog [req-7a7df4e4-974b-4c29-afd0-99f47ae065c7 req-ab3ccc4b-8840-4860-a0f3-5d058a6c8c63 dc02999271af40d98ea64f2205bd8b7c ecf05e68900f4ed18976caf6aab4b929 - - bf0d3ca889914c5a9fd7c0cd3c08b3d9 bf0d3ca889914c5a9fd7c0cd3c08b3d9] 199.204.45.216 "GET /allocations/0ccaad06-dc19-4347-90b7-334dd7ea7c29" status: 200 len: 258 microversion: 1.28 [pid: 8|app: 0|req: 551/1099] 199.204.45.216 () {34 vars in 863 bytes} [Tue Jun 23 19:55:45 2026] GET /allocations/0ccaad06-dc19-4347-90b7-334dd7ea7c29 => generated 258 bytes in 17 msecs (HTTP/1.1 200) 8 headers in 296 bytes (1 switches on core 0)
2026-06-23 19:55:45.261 7 INFO placement.requestlog [req-7a7df4e4-974b-4c29-afd0-99f47ae065c7 req-bd95765c-63b8-4e2e-a1d9-eca272dc6713 dc02999271af40d98ea64f2205bd8b7c ecf05e68900f4ed18976caf6aab4b929 - - bf0d3ca889914c5a9fd7c0cd3c08b3d9 bf0d3ca889914c5a9fd7c0cd3c08b3d9] 199.204.45.216 "GET /allocations/6c0ab8fa-ddb3-4bcf-92c4-6d0195b90583" status: 200 len: 258 microversion: 1.28 [pid: 7|app: 0|req: 549/1100] 199.204.45.216 () {34 vars in 863 bytes} [Tue Jun 23 19:55:45 2026] GET /allocations/6c0ab8fa-ddb3-4bcf-92c4-6d0195b90583 => generated 258 bytes in 14 msecs (HTTP/1.1 200) 8 headers in 296 bytes (1 switches on core 0)
2026-06-23 19:55:45.345 8 INFO placement.requestlog [req-7a7df4e4-974b-4c29-afd0-99f47ae065c7 req-4f24ac2e-1291-44f6-b21b-71d79782a20d dc02999271af40d98ea64f2205bd8b7c ecf05e68900f4ed18976caf6aab4b929 - - bf0d3ca889914c5a9fd7c0cd3c08b3d9 bf0d3ca889914c5a9fd7c0cd3c08b3d9] 199.204.45.216 "DELETE /allocations/afad427a-ba15-4ca5-8e74-cd4cc625a89b" status: 204 len: 0 microversion: 1.0 [pid: 8|app: 0|req: 552/1101] 199.204.45.216 () {34 vars in 841 bytes} [Tue Jun 23 19:55:45 2026] DELETE /allocations/afad427a-ba15-4ca5-8e74-cd4cc625a89b => generated 0 bytes in 30 msecs (HTTP/1.1 204) 5 headers in 198 bytes (1 switches on core 0)
2026-06-23 19:55:49.039 7 INFO placement.requestlog [None req-dec5673e-2329-4af3-a34b-702aeb5584d7 3413c2bc048f45ab840bdc28b29db3e3 ecf05e68900f4ed18976caf6aab4b929 - - bf0d3ca889914c5a9fd7c0cd3c08b3d9 bf0d3ca889914c5a9fd7c0cd3c08b3d9] 10.0.0.62 "GET /resource_providers/75081684-0625-4a6d-b8aa-1466ead29d57/aggregates" status: 404 len: 235 microversion: 1.1 [pid: 7|app: 0|req: 550/1102] 10.0.0.62 () {32 vars in 815 bytes} [Tue Jun 23 19:55:49 2026] GET /resource_providers/75081684-0625-4a6d-b8aa-1466ead29d57/aggregates => generated 235 bytes in 14 msecs (HTTP/1.1 404) 5 headers in 202 bytes (1 switches on core 0)
2026-06-23 19:55:49.041 8 INFO placement.requestlog [None req-28be3927-ebca-414e-b123-b35f9c32167e 3413c2bc048f45ab840bdc28b29db3e3 ecf05e68900f4ed18976caf6aab4b929 - - bf0d3ca889914c5a9fd7c0cd3c08b3d9 bf0d3ca889914c5a9fd7c0cd3c08b3d9] 10.0.0.62 "GET /resource_providers/75081684-0625-4a6d-b8aa-1466ead29d57/aggregates" status: 404 len: 235 microversion: 1.1 [pid: 8|app: 0|req: 553/1103] 10.0.0.62 () {32 vars in 815 bytes} [Tue Jun 23 19:55:49 2026] GET /resource_providers/75081684-0625-4a6d-b8aa-1466ead29d57/aggregates => generated 235 bytes in 14 msecs (HTTP/1.1 404) 5 headers in 202 bytes (1 switches on core 0)
2026-06-23 19:55:49.060 8 INFO placement.requestlog [None req-f9f04494-ae35-4a3e-ab49-25cdd71f7bba 3413c2bc048f45ab840bdc28b29db3e3 ecf05e68900f4ed18976caf6aab4b929 - - bf0d3ca889914c5a9fd7c0cd3c08b3d9 bf0d3ca889914c5a9fd7c0cd3c08b3d9] 10.0.0.62 "DELETE /resource_providers/75081684-0625-4a6d-b8aa-1466ead29d57" status: 404 len: 246 microversion: 1.1 [pid: 8|app: 0|req: 554/1104] 10.0.0.62 () {34 vars in 815 bytes} [Tue Jun 23 19:55:49 2026] DELETE /resource_providers/75081684-0625-4a6d-b8aa-1466ead29d57 => generated 246 bytes in 9 msecs (HTTP/1.1 404) 6 headers in 231 bytes (1 switches on core 0)
2026-06-23 19:55:49.063 7 INFO placement.requestlog [None req-accb390c-ec3f-47cf-8ed6-2a4f81ce0f68 3413c2bc048f45ab840bdc28b29db3e3 ecf05e68900f4ed18976caf6aab4b929 - - bf0d3ca889914c5a9fd7c0cd3c08b3d9 bf0d3ca889914c5a9fd7c0cd3c08b3d9] 10.0.0.62 "DELETE /resource_providers/75081684-0625-4a6d-b8aa-1466ead29d57" status: 404 len: 246 microversion: 1.1 [pid: 7|app: 0|req: 551/1105] 10.0.0.62 () {34 vars in 815 bytes} [Tue Jun 23 19:55:49 2026] DELETE /resource_providers/75081684-0625-4a6d-b8aa-1466ead29d57 => generated 246 bytes in 12 msecs (HTTP/1.1 404) 6 headers in 231 bytes (1 switches on core 0)
2026-06-23 19:55:51.081 8 INFO placement.requestlog [None req-8099c2ad-5b35-4f5e-94f1-793be4df0fc9 3413c2bc048f45ab840bdc28b29db3e3 ecf05e68900f4ed18976caf6aab4b929 - - bf0d3ca889914c5a9fd7c0cd3c08b3d9 bf0d3ca889914c5a9fd7c0cd3c08b3d9] 10.0.0.62 "GET /resource_providers/358f8c1e-c826-4452-90dc-4d477d43bb81/aggregates" status: 404 len: 235 microversion: 1.1 [pid: 8|app: 0|req: 555/1106] 10.0.0.62 () {32 vars in 815 bytes} [Tue Jun 23 19:55:51 2026] GET /resource_providers/358f8c1e-c826-4452-90dc-4d477d43bb81/aggregates => generated 235 bytes in 11 msecs (HTTP/1.1 404) 5 headers in 202 bytes (1 switches on core 0)
2026-06-23 19:55:51.085 7 INFO placement.requestlog [None req-77fe23c8-1a7f-49a6-9686-9e8c630ddaa8 3413c2bc048f45ab840bdc28b29db3e3 ecf05e68900f4ed18976caf6aab4b929 - - bf0d3ca889914c5a9fd7c0cd3c08b3d9 bf0d3ca889914c5a9fd7c0cd3c08b3d9] 10.0.0.62 "GET /resource_providers/358f8c1e-c826-4452-90dc-4d477d43bb81/aggregates" status: 404 len: 235 microversion: 1.1 [pid: 7|app: 0|req: 552/1107] 10.0.0.62 () {32 vars in 815 bytes} [Tue Jun 23 19:55:51 2026] GET /resource_providers/358f8c1e-c826-4452-90dc-4d477d43bb81/aggregates => generated 235 bytes in 11 msecs (HTTP/1.1 404) 5 headers in 202 bytes (1 switches on core 0)
2026-06-23 19:55:51.101 8 INFO placement.requestlog [None req-0511bd54-261c-42b2-886f-577b4fa4a093 3413c2bc048f45ab840bdc28b29db3e3 ecf05e68900f4ed18976caf6aab4b929 - - bf0d3ca889914c5a9fd7c0cd3c08b3d9 bf0d3ca889914c5a9fd7c0cd3c08b3d9] 10.0.0.62 "DELETE /resource_providers/358f8c1e-c826-4452-90dc-4d477d43bb81" status: 404 len: 246 microversion: 1.1 [pid: 8|app: 0|req: 556/1108] 10.0.0.62 () {34 vars in 815 bytes} [Tue Jun 23 19:55:51 2026] DELETE /resource_providers/358f8c1e-c826-4452-90dc-4d477d43bb81 => generated 246 bytes in 8 msecs (HTTP/1.1 404) 6 headers in 231 bytes (1 switches on core 0)
2026-06-23 19:55:51.105 7 INFO placement.requestlog [None req-5971d456-998e-473f-bbba-b29387f66a56 3413c2bc048f45ab840bdc28b29db3e3 ecf05e68900f4ed18976caf6aab4b929 - - bf0d3ca889914c5a9fd7c0cd3c08b3d9 bf0d3ca889914c5a9fd7c0cd3c08b3d9] 10.0.0.62 "DELETE /resource_providers/358f8c1e-c826-4452-90dc-4d477d43bb81" status: 404 len: 246 microversion: 1.1 [pid: 7|app: 0|req: 553/1109] 10.0.0.62 () {34 vars in 815 bytes} [Tue Jun 23 19:55:51 2026] DELETE /resource_providers/358f8c1e-c826-4452-90dc-4d477d43bb81 => generated 246 bytes in 10 msecs (HTTP/1.1 404) 6 headers in 231 bytes (1 switches on core 0)
2026-06-23 19:55:52.885 8 INFO placement.requestlog [None req-42cf2be6-56dd-4e23-ae23-2cb6a1a1a995 - - - - - -] 10.0.0.222 "GET /" status: 200 len: 136 microversion: 1.0
2026-06-23 19:55:52.887 7 INFO placement.requestlog [None req-15be72bf-469c-4d1f-8c7c-005996fa445f - - - - - -] 10.0.0.222 "GET /" status: 200 len: 136 microversion: 1.0
2026-06-23 19:55:53.117 8 INFO placement.requestlog [None req-d4b369e7-1f2b-4cd2-b223-b548e51723cc 3413c2bc048f45ab840bdc28b29db3e3 ecf05e68900f4ed18976caf6aab4b929 - - bf0d3ca889914c5a9fd7c0cd3c08b3d9 bf0d3ca889914c5a9fd7c0cd3c08b3d9] 10.0.0.62 "GET /resource_providers/c3ed1eaf-aa34-4aba-83f0-2c333f3d580e/aggregates" status: 404 len: 235 microversion: 1.1 [pid: 8|app: 0|req: 558/1112] 10.0.0.62 () {32 vars in 815 bytes} [Tue Jun 23 19:55:53 2026] GET /resource_providers/c3ed1eaf-aa34-4aba-83f0-2c333f3d580e/aggregates => generated 235 bytes in 9 msecs (HTTP/1.1 404) 5 headers in 202 bytes (1 switches on core 0)
2026-06-23 19:55:53.135 8 INFO placement.requestlog [None req-5e67abd6-5753-428d-9033-f666e14eaa8b 3413c2bc048f45ab840bdc28b29db3e3 ecf05e68900f4ed18976caf6aab4b929 - - bf0d3ca889914c5a9fd7c0cd3c08b3d9 bf0d3ca889914c5a9fd7c0cd3c08b3d9] 10.0.0.62 "DELETE /resource_providers/c3ed1eaf-aa34-4aba-83f0-2c333f3d580e" status: 404 len: 246 microversion: 1.1 [pid: 8|app: 0|req: 559/1113] 10.0.0.62 () {34 vars in 815 bytes} [Tue Jun 23 19:55:53 2026] DELETE /resource_providers/c3ed1eaf-aa34-4aba-83f0-2c333f3d580e => generated 246 bytes in 8 msecs (HTTP/1.1 404) 6 headers in 231 bytes (1 switches on core 0)
2026-06-23 19:55:53.137 7 INFO placement.requestlog [None req-5cd15c1f-1af3-4685-a5f0-f47ce1587ad6 3413c2bc048f45ab840bdc28b29db3e3 ecf05e68900f4ed18976caf6aab4b929 - - bf0d3ca889914c5a9fd7c0cd3c08b3d9 bf0d3ca889914c5a9fd7c0cd3c08b3d9] 10.0.0.62 "GET /resource_providers/c3ed1eaf-aa34-4aba-83f0-2c333f3d580e/aggregates" status: 404 len: 235 microversion: 1.1 [pid: 7|app: 0|req: 555/1114] 10.0.0.62 () {32 vars in 815 bytes} [Tue Jun 23 19:55:53 2026] GET /resource_providers/c3ed1eaf-aa34-4aba-83f0-2c333f3d580e/aggregates => generated 235 bytes in 10 msecs (HTTP/1.1 404) 5 headers in 202 bytes (1 switches on core 0)
2026-06-23 19:55:53.161 8 INFO placement.requestlog [None req-02e63ef6-f603-4288-bd06-604a981a9172 3413c2bc048f45ab840bdc28b29db3e3 ecf05e68900f4ed18976caf6aab4b929 - - bf0d3ca889914c5a9fd7c0cd3c08b3d9 bf0d3ca889914c5a9fd7c0cd3c08b3d9] 10.0.0.62 "GET /resource_providers/f6748b46-9e75-4f5c-9479-363579a1b494/aggregates" status: 404 len: 235 microversion: 1.1 [pid: 8|app: 0|req: 560/1115] 10.0.0.62 () {32 vars in 815 bytes} [Tue Jun 23 19:55:53 2026] GET /resource_providers/f6748b46-9e75-4f5c-9479-363579a1b494/aggregates => generated 235 bytes in 12 msecs (HTTP/1.1 404) 5 headers in 202 bytes (1 switches on core 0)
2026-06-23 19:55:53.163 7 INFO placement.requestlog [None req-2f8b5aa6-1d55-4a02-92ae-0f70d56192f3 3413c2bc048f45ab840bdc28b29db3e3 ecf05e68900f4ed18976caf6aab4b929 - - bf0d3ca889914c5a9fd7c0cd3c08b3d9 bf0d3ca889914c5a9fd7c0cd3c08b3d9] 10.0.0.62 "DELETE /resource_providers/c3ed1eaf-aa34-4aba-83f0-2c333f3d580e" status: 404 len: 246 microversion: 1.1 [pid: 7|app: 0|req: 556/1116] 10.0.0.62 () {34 vars in 815 bytes} [Tue Jun 23 19:55:53 2026] DELETE /resource_providers/c3ed1eaf-aa34-4aba-83f0-2c333f3d580e => generated 246 bytes in 14 msecs (HTTP/1.1 404) 6 headers in 231 bytes (1 switches on core 0)
2026-06-23 19:55:53.190 7 INFO placement.requestlog [None req-1a88044f-23a5-4362-9b36-a70272047a6d 3413c2bc048f45ab840bdc28b29db3e3 ecf05e68900f4ed18976caf6aab4b929 - - bf0d3ca889914c5a9fd7c0cd3c08b3d9 bf0d3ca889914c5a9fd7c0cd3c08b3d9] 10.0.0.62 "DELETE /resource_providers/f6748b46-9e75-4f5c-9479-363579a1b494" status: 404 len: 246 microversion: 1.1 [pid: 7|app: 0|req: 557/1117] 10.0.0.62 () {34 vars in 815 bytes} [Tue Jun 23 19:55:53 2026] DELETE /resource_providers/f6748b46-9e75-4f5c-9479-363579a1b494 => generated 246 bytes in 13 msecs (HTTP/1.1 404) 6 headers in 231 bytes (1 switches on core 0)
2026-06-23 19:55:53.192 8 INFO placement.requestlog [None req-bf365a30-d931-44f4-b918-e40e54373e77 3413c2bc048f45ab840bdc28b29db3e3 ecf05e68900f4ed18976caf6aab4b929 - - bf0d3ca889914c5a9fd7c0cd3c08b3d9 bf0d3ca889914c5a9fd7c0cd3c08b3d9] 10.0.0.62 "GET /resource_providers/f6748b46-9e75-4f5c-9479-363579a1b494/aggregates" status: 404 len: 235 microversion: 1.1 [pid: 8|app: 0|req: 561/1118] 10.0.0.62 () {32 vars in 815 bytes} [Tue Jun 23 19:55:53 2026] GET /resource_providers/f6748b46-9e75-4f5c-9479-363579a1b494/aggregates => generated 235 bytes in 14 msecs (HTTP/1.1 404) 5 headers in 202 bytes (1 switches on core 0)
2026-06-23 19:55:53.249 7 INFO placement.requestlog [None req-aac42d23-127f-444f-b89a-8d5a1b7b0832 3413c2bc048f45ab840bdc28b29db3e3 ecf05e68900f4ed18976caf6aab4b929 - - bf0d3ca889914c5a9fd7c0cd3c08b3d9 bf0d3ca889914c5a9fd7c0cd3c08b3d9] 10.0.0.62 "DELETE /resource_providers/f6748b46-9e75-4f5c-9479-363579a1b494" status: 404 len: 246 microversion: 1.1 [pid: 7|app: 0|req: 558/1119] 10.0.0.62 () {34 vars in 815 bytes} [Tue Jun 23 19:55:53 2026] DELETE /resource_providers/f6748b46-9e75-4f5c-9479-363579a1b494 => generated 246 bytes in 51 msecs (HTTP/1.1 404) 6 headers in 231 bytes (1 switches on core 0)
2026-06-23 19:56:02.886 8 INFO placement.requestlog [None req-eb87ea37-52c1-4e22-81cf-719733c1a52b - - - - - -] 10.0.0.222 "GET /" status: 200 len: 136 microversion: 1.0
2026-06-23 19:56:02.886 7 INFO placement.requestlog [None req-dae7f208-349f-4edb-8f00-c42eed10ea6a - - - - - -] 10.0.0.222 "GET /" status: 200 len: 136 microversion: 1.0
2026-06-23 19:56:07.003 8 INFO placement.requestlog [req-0c54718e-5814-4204-8bac-8a39f11559b0 req-c4f76619-71ab-4cdd-aaab-006c246d5d67 dc02999271af40d98ea64f2205bd8b7c ecf05e68900f4ed18976caf6aab4b929 - - bf0d3ca889914c5a9fd7c0cd3c08b3d9 bf0d3ca889914c5a9fd7c0cd3c08b3d9] 10.0.0.8 "GET /allocation_candidates?limit=1000&resources=MEMORY_MB%3A2048%2CVCPU%3A2&root_required=%21COMPUTE_STATUS_DISABLED" status: 200 len: 2178 microversion: 1.36 [pid: 8|app: 0|req: 563/1122] 10.0.0.8 () {34 vars in 984 bytes} [Tue Jun 23 19:56:06 2026] GET /allocation_candidates?limit=1000&resources=MEMORY_MB%3A2048%2CVCPU%3A2&root_required=%21COMPUTE_STATUS_DISABLED => generated 2178 bytes in 44 msecs (HTTP/1.1 200) 8 headers in 297 bytes (1 switches on core 0)
2026-06-23 19:56:07.035 7 INFO placement.requestlog [req-0c54718e-5814-4204-8bac-8a39f11559b0 req-f4fff5f2-4956-4124-86e3-a82ab1b27bae dc02999271af40d98ea64f2205bd8b7c ecf05e68900f4ed18976caf6aab4b929 - - bf0d3ca889914c5a9fd7c0cd3c08b3d9 bf0d3ca889914c5a9fd7c0cd3c08b3d9] 10.0.0.8 "GET /allocations/fbc58523-32bb-4a80-a58f-bcca338b3164" status: 200 len: 19 microversion: 1.28 [pid: 7|app: 0|req: 560/1123] 10.0.0.8 () {34 vars in 859 bytes} [Tue Jun 23 19:56:07 2026] GET /allocations/fbc58523-32bb-4a80-a58f-bcca338b3164 => generated 19 bytes in 12 msecs (HTTP/1.1 200) 8 headers in 295 bytes (1 switches on core 0)
2026-06-23 19:56:07.125 8 INFO placement.requestlog [req-0c54718e-5814-4204-8bac-8a39f11559b0 req-1dc2cd75-d48c-4aae-9209-bf258b84ee5b dc02999271af40d98ea64f2205bd8b7c ecf05e68900f4ed18976caf6aab4b929 - - bf0d3ca889914c5a9fd7c0cd3c08b3d9 bf0d3ca889914c5a9fd7c0cd3c08b3d9] 10.0.0.8 "PUT /allocations/fbc58523-32bb-4a80-a58f-bcca338b3164" status: 204 len: 0 microversion: 1.36 [pid: 8|app: 0|req: 564/1124] 10.0.0.8 () {38 vars in 912 bytes} [Tue Jun 23 19:56:07 2026] PUT /allocations/fbc58523-32bb-4a80-a58f-bcca338b3164 => generated 0 bytes in 83 msecs (HTTP/1.1 204) 5 headers in 199 bytes (1 switches on core 0)
2026-06-23 19:56:07.640 7 INFO placement.requestlog [req-0c54718e-5814-4204-8bac-8a39f11559b0 req-844faae7-5bac-49f1-9899-fb35d1ac6968 dc02999271af40d98ea64f2205bd8b7c ecf05e68900f4ed18976caf6aab4b929 - - bf0d3ca889914c5a9fd7c0cd3c08b3d9 bf0d3ca889914c5a9fd7c0cd3c08b3d9] 199.204.45.216 "GET /allocations/fbc58523-32bb-4a80-a58f-bcca338b3164" status: 200 len: 245 microversion: 1.28 [pid: 7|app: 0|req: 561/1125] 199.204.45.216 () {34 vars in 863 bytes} [Tue Jun 23 19:56:07 2026] GET /allocations/fbc58523-32bb-4a80-a58f-bcca338b3164 => generated 245 bytes in 201 msecs (HTTP/1.1 200) 8 headers in 296 bytes (1 switches on core 0)
2026-06-23 19:56:07.748 8 INFO placement.requestlog [req-0c54718e-5814-4204-8bac-8a39f11559b0 req-ad958c19-73fb-438e-9ef9-b20bc560d94e dc02999271af40d98ea64f2205bd8b7c ecf05e68900f4ed18976caf6aab4b929 - - bf0d3ca889914c5a9fd7c0cd3c08b3d9 bf0d3ca889914c5a9fd7c0cd3c08b3d9] 199.204.45.216 "GET /resource_providers?in_tree=f3e55505-1685-4e6d-b73e-3ec8987b94b4" status: 200 len: 798 microversion: 1.14 [pid: 8|app: 0|req: 565/1126] 199.204.45.216 () {34 vars in 892 bytes} [Tue Jun 23 19:56:07 2026] GET /resource_providers?in_tree=f3e55505-1685-4e6d-b73e-3ec8987b94b4 => generated 798 bytes in 18 msecs (HTTP/1.1 200) 6 headers in 225 bytes (1 switches on core 0)
2026-06-23 19:56:07.779 7 INFO placement.requestlog [req-0c54718e-5814-4204-8bac-8a39f11559b0 req-5cb18044-6013-4654-8a41-d01c1179b5c0 dc02999271af40d98ea64f2205bd8b7c ecf05e68900f4ed18976caf6aab4b929 - - bf0d3ca889914c5a9fd7c0cd3c08b3d9 bf0d3ca889914c5a9fd7c0cd3c08b3d9] 199.204.45.216 "GET /resource_providers/f3e55505-1685-4e6d-b73e-3ec8987b94b4/inventories" status: 200 len: 401 microversion: 1.0 [pid: 7|app: 0|req: 562/1127] 199.204.45.216 () {32 vars in 857 bytes} [Tue Jun 23 19:56:07 2026] GET /resource_providers/f3e55505-1685-4e6d-b73e-3ec8987b94b4/inventories => generated 401 bytes in 17 msecs (HTTP/1.1 200) 6 headers in 224 bytes (1 switches on core 0)
2026-06-23 19:56:07.800 8 INFO placement.requestlog [req-0c54718e-5814-4204-8bac-8a39f11559b0 req-43adfdc2-9a46-4d63-9c54-7cbec8083f45 dc02999271af40d98ea64f2205bd8b7c ecf05e68900f4ed18976caf6aab4b929 - - bf0d3ca889914c5a9fd7c0cd3c08b3d9 bf0d3ca889914c5a9fd7c0cd3c08b3d9] 199.204.45.216 "GET /resource_providers/f3e55505-1685-4e6d-b73e-3ec8987b94b4/aggregates" status: 200 len: 54 microversion: 1.19 [pid: 8|app: 0|req: 566/1128] 199.204.45.216 () {34 vars in 899 bytes} [Tue Jun 23 19:56:07 2026] GET /resource_providers/f3e55505-1685-4e6d-b73e-3ec8987b94b4/aggregates => generated 54 bytes in 12 msecs (HTTP/1.1 200) 8 headers in 295 bytes (1 switches on core 0)
2026-06-23 19:56:07.833 7 INFO placement.requestlog [req-0c54718e-5814-4204-8bac-8a39f11559b0 req-96a2b68b-a95d-4f80-927a-623ebe6cea14 dc02999271af40d98ea64f2205bd8b7c ecf05e68900f4ed18976caf6aab4b929 - - bf0d3ca889914c5a9fd7c0cd3c08b3d9 bf0d3ca889914c5a9fd7c0cd3c08b3d9] 199.204.45.216 "GET /resource_providers/f3e55505-1685-4e6d-b73e-3ec8987b94b4/traits" status: 200 len: 1724 microversion: 1.6 [pid: 7|app: 0|req: 563/1129] 199.204.45.216 () {34 vars in 890 bytes} [Tue Jun 23 19:56:07 2026] GET /resource_providers/f3e55505-1685-4e6d-b73e-3ec8987b94b4/traits => generated 1724 bytes in 20 msecs (HTTP/1.1 200) 6 headers in 225 bytes (1 switches on core 0)
2026-06-23 19:56:07.861 8 INFO placement.requestlog [req-0c54718e-5814-4204-8bac-8a39f11559b0 req-489ad5cf-1b4a-4124-9e9d-6ac1968c314a dc02999271af40d98ea64f2205bd8b7c ecf05e68900f4ed18976caf6aab4b929 - - bf0d3ca889914c5a9fd7c0cd3c08b3d9 bf0d3ca889914c5a9fd7c0cd3c08b3d9] 199.204.45.216 "GET /resource_providers/f3e55505-1685-4e6d-b73e-3ec8987b94b4/allocations" status: 200 len: 340 microversion: 1.0 [pid: 8|app: 0|req: 567/1130] 199.204.45.216 () {32 vars in 857 bytes} [Tue Jun 23 19:56:07 2026] GET /resource_providers/f3e55505-1685-4e6d-b73e-3ec8987b94b4/allocations => generated 340 bytes in 20 msecs (HTTP/1.1 200) 6 headers in 224 bytes (1 switches on core 0)
2026-06-23 19:56:07.881 7 INFO placement.requestlog [req-0c54718e-5814-4204-8bac-8a39f11559b0 req-a8149ed0-8ebe-48ea-894b-ae3aee67fe73 dc02999271af40d98ea64f2205bd8b7c ecf05e68900f4ed18976caf6aab4b929 - - bf0d3ca889914c5a9fd7c0cd3c08b3d9 bf0d3ca889914c5a9fd7c0cd3c08b3d9] 199.204.45.216 "GET /allocations/fbc58523-32bb-4a80-a58f-bcca338b3164" status: 200 len: 245 microversion: 1.28 [pid: 7|app: 0|req: 564/1131] 199.204.45.216 () {34 vars in 863 bytes} [Tue Jun 23 19:56:07 2026] GET /allocations/fbc58523-32bb-4a80-a58f-bcca338b3164 => generated 245 bytes in 14 msecs (HTTP/1.1 200) 8 headers in 296 bytes (1 switches on core 0)
2026-06-23 19:56:07.903 8 INFO placement.requestlog [req-0c54718e-5814-4204-8bac-8a39f11559b0 req-8a83196a-34fd-4968-967c-4be8ca2c8cfd dc02999271af40d98ea64f2205bd8b7c ecf05e68900f4ed18976caf6aab4b929 - - bf0d3ca889914c5a9fd7c0cd3c08b3d9 bf0d3ca889914c5a9fd7c0cd3c08b3d9] 199.204.45.216 "GET /allocations/0ccaad06-dc19-4347-90b7-334dd7ea7c29" status: 200 len: 258 microversion: 1.28 [pid: 8|app: 0|req: 568/1132] 199.204.45.216 () {34 vars in 863 bytes} [Tue Jun 23 19:56:07 2026] GET /allocations/0ccaad06-dc19-4347-90b7-334dd7ea7c29 => generated 258 bytes in 15 msecs (HTTP/1.1 200) 8 headers in 296 bytes (1 switches on core 0)
2026-06-23 19:56:07.923 7 INFO placement.requestlog [req-0c54718e-5814-4204-8bac-8a39f11559b0 req-61f4b7d3-b26b-48bc-8599-630afeb6a8f5 dc02999271af40d98ea64f2205bd8b7c ecf05e68900f4ed18976caf6aab4b929 - - bf0d3ca889914c5a9fd7c0cd3c08b3d9 bf0d3ca889914c5a9fd7c0cd3c08b3d9] 199.204.45.216 "GET /allocations/6c0ab8fa-ddb3-4bcf-92c4-6d0195b90583" status: 200 len: 258 microversion: 1.28 [pid: 7|app: 0|req: 565/1133] 199.204.45.216 () {34 vars in 863 bytes} [Tue Jun 23 19:56:07 2026] GET /allocations/6c0ab8fa-ddb3-4bcf-92c4-6d0195b90583 => generated 258 bytes in 13 msecs (HTTP/1.1 200) 8 headers in 296 bytes (1 switches on core 0)
2026-06-23 19:56:08.937 8 INFO placement.requestlog [req-e5cd5f15-ef19-497a-9bda-e682d4f850a8 req-b0889b7f-dab0-4535-a926-f2816d64d1d2 dc02999271af40d98ea64f2205bd8b7c ecf05e68900f4ed18976caf6aab4b929 - - bf0d3ca889914c5a9fd7c0cd3c08b3d9 bf0d3ca889914c5a9fd7c0cd3c08b3d9] 199.204.45.216 "GET /resource_providers/f3e55505-1685-4e6d-b73e-3ec8987b94b4/allocations" status: 200 len: 340 microversion: 1.0 [pid: 8|app: 0|req: 569/1134] 199.204.45.216 () {32 vars in 857 bytes} [Tue Jun 23 19:56:08 2026] GET /resource_providers/f3e55505-1685-4e6d-b73e-3ec8987b94b4/allocations => generated 340 bytes in 22 msecs (HTTP/1.1 200) 6 headers in 224 bytes (1 switches on core 0)
2026-06-23 19:56:08.960 7 INFO placement.requestlog [req-e5cd5f15-ef19-497a-9bda-e682d4f850a8 req-92d4270b-aebf-4603-9d60-e02ccc7da430 dc02999271af40d98ea64f2205bd8b7c ecf05e68900f4ed18976caf6aab4b929 - - bf0d3ca889914c5a9fd7c0cd3c08b3d9 bf0d3ca889914c5a9fd7c0cd3c08b3d9] 199.204.45.216 "GET /resource_providers/f3e55505-1685-4e6d-b73e-3ec8987b94b4/allocations" status: 200 len: 340 microversion: 1.0 [pid: 7|app: 0|req: 566/1135] 199.204.45.216 () {32 vars in 857 bytes} [Tue Jun 23 19:56:08 2026] GET /resource_providers/f3e55505-1685-4e6d-b73e-3ec8987b94b4/allocations => generated 340 bytes in 17 msecs (HTTP/1.1 200) 6 headers in 224 bytes (1 switches on core 0)
2026-06-23 19:56:08.986 8 INFO placement.requestlog [req-e5cd5f15-ef19-497a-9bda-e682d4f850a8 req-80a6b51a-7ec3-4824-9f7a-6b352f53b828 dc02999271af40d98ea64f2205bd8b7c ecf05e68900f4ed18976caf6aab4b929 - - bf0d3ca889914c5a9fd7c0cd3c08b3d9 bf0d3ca889914c5a9fd7c0cd3c08b3d9] 199.204.45.216 "GET /allocations/fbc58523-32bb-4a80-a58f-bcca338b3164" status: 200 len: 245 microversion: 1.28 [pid: 8|app: 0|req: 570/1136] 199.204.45.216 () {34 vars in 863 bytes} [Tue Jun 23 19:56:08 2026] GET /allocations/fbc58523-32bb-4a80-a58f-bcca338b3164 => generated 245 bytes in 15 msecs (HTTP/1.1 200) 8 headers in 296 bytes (1 switches on core 0)
2026-06-23 19:56:09.007 7 INFO placement.requestlog [req-e5cd5f15-ef19-497a-9bda-e682d4f850a8 req-f7069839-68e9-4866-96c5-df6bb48eda93 dc02999271af40d98ea64f2205bd8b7c ecf05e68900f4ed18976caf6aab4b929 - - bf0d3ca889914c5a9fd7c0cd3c08b3d9 bf0d3ca889914c5a9fd7c0cd3c08b3d9] 199.204.45.216 "GET /allocations/0ccaad06-dc19-4347-90b7-334dd7ea7c29" status: 200 len: 258 microversion: 1.28 [pid: 7|app: 0|req: 567/1137] 199.204.45.216 () {34 vars in 863 bytes} [Tue Jun 23 19:56:08 2026] GET /allocations/0ccaad06-dc19-4347-90b7-334dd7ea7c29 => generated 258 bytes in 14 msecs (HTTP/1.1 200) 8 headers in 296 bytes (1 switches on core 0)
2026-06-23 19:56:09.031 8 INFO placement.requestlog [req-e5cd5f15-ef19-497a-9bda-e682d4f850a8 req-6cef83e0-b98d-4b9a-987d-aedb4cfab31a dc02999271af40d98ea64f2205bd8b7c ecf05e68900f4ed18976caf6aab4b929 - - bf0d3ca889914c5a9fd7c0cd3c08b3d9 bf0d3ca889914c5a9fd7c0cd3c08b3d9] 199.204.45.216 "GET /allocations/6c0ab8fa-ddb3-4bcf-92c4-6d0195b90583" status: 200 len: 258 microversion: 1.28 [pid: 8|app: 0|req: 571/1138] 199.204.45.216 () {34 vars in 863 bytes} [Tue Jun 23 19:56:09 2026] GET /allocations/6c0ab8fa-ddb3-4bcf-92c4-6d0195b90583 => generated 258 bytes in 16 msecs (HTTP/1.1 200) 8 headers in 296 bytes (1 switches on core 0)
2026-06-23 19:56:12.791 7 INFO placement.requestlog [None req-ad7fa269-cbb8-4c9a-9528-b8f98a86383e 3413c2bc048f45ab840bdc28b29db3e3 ecf05e68900f4ed18976caf6aab4b929 - - bf0d3ca889914c5a9fd7c0cd3c08b3d9 bf0d3ca889914c5a9fd7c0cd3c08b3d9] 10.0.0.62 "GET /resource_providers/b30c854f-21bf-44a1-9641-618370d635e3/aggregates" status: 404 len: 235 microversion: 1.1 [pid: 7|app: 0|req: 568/1139] 10.0.0.62 () {32 vars in 815 bytes} [Tue Jun 23 19:56:12 2026] GET /resource_providers/b30c854f-21bf-44a1-9641-618370d635e3/aggregates => generated 235 bytes in 11 msecs (HTTP/1.1 404) 5 headers in 202 bytes (1 switches on core 0)
2026-06-23 19:56:12.793 8 INFO placement.requestlog [None req-3c7cd795-44ed-4dc8-824a-14e3126a7959 3413c2bc048f45ab840bdc28b29db3e3 ecf05e68900f4ed18976caf6aab4b929 - - bf0d3ca889914c5a9fd7c0cd3c08b3d9 bf0d3ca889914c5a9fd7c0cd3c08b3d9] 10.0.0.62 "GET /resource_providers/b30c854f-21bf-44a1-9641-618370d635e3/aggregates" status: 404 len: 235 microversion: 1.1 [pid: 8|app: 0|req: 572/1140] 10.0.0.62 () {32 vars in 815 bytes} [Tue Jun 23 19:56:12 2026] GET /resource_providers/b30c854f-21bf-44a1-9641-618370d635e3/aggregates => generated 235 bytes in 9 msecs (HTTP/1.1 404) 5 headers in 202 bytes (1 switches on core 0)
2026-06-23 19:56:12.823 8 INFO placement.requestlog [None req-aec5cd05-75d9-4f2c-8d85-1e709d498a31 3413c2bc048f45ab840bdc28b29db3e3 ecf05e68900f4ed18976caf6aab4b929 - - bf0d3ca889914c5a9fd7c0cd3c08b3d9 bf0d3ca889914c5a9fd7c0cd3c08b3d9] 10.0.0.62 "DELETE /resource_providers/b30c854f-21bf-44a1-9641-618370d635e3" status: 404 len: 246 microversion: 1.1 [pid: 8|app: 0|req: 573/1141] 10.0.0.62 () {34 vars in 815 bytes} [Tue Jun 23 19:56:12 2026] DELETE /resource_providers/b30c854f-21bf-44a1-9641-618370d635e3 => generated 246 bytes in 9 msecs (HTTP/1.1 404) 6 headers in 231 bytes (1 switches on core 0)
2026-06-23 19:56:12.828 7 INFO placement.requestlog [None req-c64c9dae-43db-4f15-a12b-1a720047f3c9 3413c2bc048f45ab840bdc28b29db3e3 ecf05e68900f4ed18976caf6aab4b929 - - bf0d3ca889914c5a9fd7c0cd3c08b3d9 bf0d3ca889914c5a9fd7c0cd3c08b3d9] 10.0.0.62 "DELETE /resource_providers/b30c854f-21bf-44a1-9641-618370d635e3" status: 404 len: 246 microversion: 1.1 [pid: 7|app: 0|req: 569/1142] 10.0.0.62 () {34 vars in 815 bytes} [Tue Jun 23 19:56:12 2026] DELETE /resource_providers/b30c854f-21bf-44a1-9641-618370d635e3 => generated 246 bytes in 13 msecs (HTTP/1.1 404) 6 headers in 231 bytes (1 switches on core 0)
2026-06-23 19:56:12.886 8 INFO placement.requestlog [None req-df6ad3c9-84d5-471c-ab14-44af6457caf7 - - - - - -] 10.0.0.222 "GET /" status: 200 len: 136 microversion: 1.0
2026-06-23 19:56:12.886 7 INFO placement.requestlog [None req-8c69aed8-3864-4051-8c4f-2872b1d6e317 - - - - - -] 10.0.0.222 "GET /" status: 200 len: 136 microversion: 1.0
2026-06-23 19:56:13.060 8 INFO placement.requestlog [None req-9bad1368-5b0a-4405-a440-e6927bbf3658 3413c2bc048f45ab840bdc28b29db3e3 ecf05e68900f4ed18976caf6aab4b929 - - bf0d3ca889914c5a9fd7c0cd3c08b3d9 bf0d3ca889914c5a9fd7c0cd3c08b3d9] 10.0.0.62 "GET /resource_providers/d9b17163-3f16-41d3-a621-a408745b712b/aggregates" status: 404 len: 235 microversion: 1.1 [pid: 8|app: 0|req: 575/1145] 10.0.0.62 () {32 vars in 815 bytes} [Tue Jun 23 19:56:13 2026] GET /resource_providers/d9b17163-3f16-41d3-a621-a408745b712b/aggregates => generated 235 bytes in 14 msecs (HTTP/1.1 404) 5 headers in 202 bytes (1 switches on core 0)
2026-06-23 19:56:13.061 7 INFO placement.requestlog [None req-89bf827e-39b9-43e2-bb80-7e10c3d89ab8 3413c2bc048f45ab840bdc28b29db3e3 ecf05e68900f4ed18976caf6aab4b929 - - bf0d3ca889914c5a9fd7c0cd3c08b3d9 bf0d3ca889914c5a9fd7c0cd3c08b3d9] 10.0.0.62 "GET /resource_providers/d9b17163-3f16-41d3-a621-a408745b712b/aggregates" status: 404 len: 235 microversion: 1.1 [pid: 7|app: 0|req: 571/1146] 10.0.0.62 () {32 vars in 815 bytes} [Tue Jun 23 19:56:13 2026] GET /resource_providers/d9b17163-3f16-41d3-a621-a408745b712b/aggregates => generated 235 bytes in 11 msecs (HTTP/1.1 404) 5 headers in 202 bytes (1 switches on core 0)
2026-06-23 19:56:13.091 7 INFO placement.requestlog [None req-e73caed8-aad5-46e6-8de1-60dca32ba2e0 3413c2bc048f45ab840bdc28b29db3e3 ecf05e68900f4ed18976caf6aab4b929 - - bf0d3ca889914c5a9fd7c0cd3c08b3d9 bf0d3ca889914c5a9fd7c0cd3c08b3d9] 10.0.0.62 "DELETE /resource_providers/d9b17163-3f16-41d3-a621-a408745b712b" status: 404 len: 246 microversion: 1.1 [pid: 7|app: 0|req: 572/1147] 10.0.0.62 () {34 vars in 815 bytes} [Tue Jun 23 19:56:13 2026] DELETE /resource_providers/d9b17163-3f16-41d3-a621-a408745b712b => generated 246 bytes in 11 msecs (HTTP/1.1 404) 6 headers in 231 bytes (1 switches on core 0)
2026-06-23 19:56:13.092 8 INFO placement.requestlog [None req-540ba73f-8bf9-4331-9fe4-a23920780316 3413c2bc048f45ab840bdc28b29db3e3 ecf05e68900f4ed18976caf6aab4b929 - - bf0d3ca889914c5a9fd7c0cd3c08b3d9 bf0d3ca889914c5a9fd7c0cd3c08b3d9] 10.0.0.62 "DELETE /resource_providers/d9b17163-3f16-41d3-a621-a408745b712b" status: 404 len: 246 microversion: 1.1 [pid: 8|app: 0|req: 576/1148] 10.0.0.62 () {34 vars in 815 bytes} [Tue Jun 23 19:56:13 2026] DELETE /resource_providers/d9b17163-3f16-41d3-a621-a408745b712b => generated 246 bytes in 12 msecs (HTTP/1.1 404) 6 headers in 231 bytes (1 switches on core 0)
2026-06-23 19:56:15.028 7 INFO placement.requestlog [None req-68c4002d-3b77-4080-92e6-d44d28b6ff81 3413c2bc048f45ab840bdc28b29db3e3 ecf05e68900f4ed18976caf6aab4b929 - - bf0d3ca889914c5a9fd7c0cd3c08b3d9 bf0d3ca889914c5a9fd7c0cd3c08b3d9] 10.0.0.62 "GET /resource_providers/40fc666b-7864-4bb0-827f-89eb4ac551e9/aggregates" status: 404 len: 235 microversion: 1.1 [pid: 7|app: 0|req: 573/1149] 10.0.0.62 () {32 vars in 815 bytes} [Tue Jun 23 19:56:15 2026] GET /resource_providers/40fc666b-7864-4bb0-827f-89eb4ac551e9/aggregates => generated 235 bytes in 10 msecs (HTTP/1.1 404) 5 headers in 202 bytes (1 switches on core 0)
2026-06-23 19:56:15.031 8 INFO placement.requestlog [None req-7906716a-4be2-42d5-82dc-d597b92931ff 3413c2bc048f45ab840bdc28b29db3e3 ecf05e68900f4ed18976caf6aab4b929 - - bf0d3ca889914c5a9fd7c0cd3c08b3d9 bf0d3ca889914c5a9fd7c0cd3c08b3d9] 10.0.0.62 "GET /resource_providers/40fc666b-7864-4bb0-827f-89eb4ac551e9/aggregates" status: 404 len: 235 microversion: 1.1 [pid: 8|app: 0|req: 577/1150] 10.0.0.62 () {32 vars in 815 bytes} [Tue Jun 23 19:56:15 2026] GET /resource_providers/40fc666b-7864-4bb0-827f-89eb4ac551e9/aggregates => generated 235 bytes in 11 msecs (HTTP/1.1 404) 5 headers in 202 bytes (1 switches on core 0)
2026-06-23 19:56:15.053 7 INFO placement.requestlog [None req-43526ff3-def8-4ea2-9f13-c4924662af38 3413c2bc048f45ab840bdc28b29db3e3 ecf05e68900f4ed18976caf6aab4b929 - - bf0d3ca889914c5a9fd7c0cd3c08b3d9 bf0d3ca889914c5a9fd7c0cd3c08b3d9] 10.0.0.62 "DELETE /resource_providers/40fc666b-7864-4bb0-827f-89eb4ac551e9" status: 404 len: 246 microversion: 1.1 [pid: 7|app: 0|req: 574/1151] 10.0.0.62 () {34 vars in 815 bytes} [Tue Jun 23 19:56:15 2026] DELETE /resource_providers/40fc666b-7864-4bb0-827f-89eb4ac551e9 => generated 246 bytes in 10 msecs (HTTP/1.1 404) 6 headers in 231 bytes (1 switches on core 0)
2026-06-23 19:56:15.054 8 INFO placement.requestlog [None req-1b690003-1e3d-43f4-bb3e-b06ccfeb4b51 3413c2bc048f45ab840bdc28b29db3e3 ecf05e68900f4ed18976caf6aab4b929 - - bf0d3ca889914c5a9fd7c0cd3c08b3d9 bf0d3ca889914c5a9fd7c0cd3c08b3d9] 10.0.0.62 "DELETE /resource_providers/40fc666b-7864-4bb0-827f-89eb4ac551e9" status: 404 len: 246 microversion: 1.1 [pid: 8|app: 0|req: 578/1152] 10.0.0.62 () {34 vars in 815 bytes} [Tue Jun 23 19:56:15 2026] DELETE /resource_providers/40fc666b-7864-4bb0-827f-89eb4ac551e9 => generated 246 bytes in 11 msecs (HTTP/1.1 404) 6 headers in 231 bytes (1 switches on core 0)
2026-06-23 19:56:15.188 8 INFO placement.requestlog [None req-736380c1-277a-4b9b-9a9c-1ad688c726e1 3413c2bc048f45ab840bdc28b29db3e3 ecf05e68900f4ed18976caf6aab4b929 - - bf0d3ca889914c5a9fd7c0cd3c08b3d9 bf0d3ca889914c5a9fd7c0cd3c08b3d9] 10.0.0.62 "GET /resource_providers/c31d0ef5-5452-4fa5-a5c1-c2042faf6bb4/aggregates" status: 404 len: 235 microversion: 1.1
2026-06-23 19:56:15.188 7 INFO placement.requestlog [None req-e3dc61dc-94b8-462d-8e2a-62e4be96f339 3413c2bc048f45ab840bdc28b29db3e3 ecf05e68900f4ed18976caf6aab4b929 - - bf0d3ca889914c5a9fd7c0cd3c08b3d9 bf0d3ca889914c5a9fd7c0cd3c08b3d9] 10.0.0.62 "GET /resource_providers/c31d0ef5-5452-4fa5-a5c1-c2042faf6bb4/aggregates" status: 404 len: 235 microversion: 1.1 [pid: 8|app: 0|req: 579/1153] 10.0.0.62 () {32 vars in 815 bytes} [Tue Jun 23 19:56:15 2026] GET /resource_providers/c31d0ef5-5452-4fa5-a5c1-c2042faf6bb4/aggregates => generated 235 bytes in 10 msecs (HTTP/1.1 404) 5 headers in 202 bytes (1 switches on core 0) [pid: 7|app: 0|req: 575/1154] 10.0.0.62 () {32 vars in 815 bytes} [Tue Jun 23 19:56:15 2026] GET /resource_providers/c31d0ef5-5452-4fa5-a5c1-c2042faf6bb4/aggregates => generated 235 bytes in 11 msecs (HTTP/1.1 404) 5 headers in 202 bytes (1 switches on core 0)
2026-06-23 19:56:15.206 8 INFO placement.requestlog [None req-f23c5046-ffcf-4cb2-99d5-1215caa8fdb5 3413c2bc048f45ab840bdc28b29db3e3 ecf05e68900f4ed18976caf6aab4b929 - - bf0d3ca889914c5a9fd7c0cd3c08b3d9 bf0d3ca889914c5a9fd7c0cd3c08b3d9] 10.0.0.62 "DELETE /resource_providers/c31d0ef5-5452-4fa5-a5c1-c2042faf6bb4" status: 404 len: 246 microversion: 1.1 [pid: 8|app: 0|req: 580/1155] 10.0.0.62 () {34 vars in 815 bytes} [Tue Jun 23 19:56:15 2026] DELETE /resource_providers/c31d0ef5-5452-4fa5-a5c1-c2042faf6bb4 => generated 246 bytes in 8 msecs (HTTP/1.1 404) 6 headers in 231 bytes (1 switches on core 0)
2026-06-23 19:56:15.211 7 INFO placement.requestlog [None req-67058a54-bf6b-480c-8e19-0310f821e040 3413c2bc048f45ab840bdc28b29db3e3 ecf05e68900f4ed18976caf6aab4b929 - - bf0d3ca889914c5a9fd7c0cd3c08b3d9 bf0d3ca889914c5a9fd7c0cd3c08b3d9] 10.0.0.62 "DELETE /resource_providers/c31d0ef5-5452-4fa5-a5c1-c2042faf6bb4" status: 404 len: 246 microversion: 1.1 [pid: 7|app: 0|req: 576/1156] 10.0.0.62 () {34 vars in 815 bytes} [Tue Jun 23 19:56:15 2026] DELETE /resource_providers/c31d0ef5-5452-4fa5-a5c1-c2042faf6bb4 => generated 246 bytes in 10 msecs (HTTP/1.1 404) 6 headers in 231 bytes (1 switches on core 0)
2026-06-23 19:56:15.218 8 INFO placement.requestlog [None req-e42a28cc-e8d4-4cb3-b187-ba37c2e2dfa2 3413c2bc048f45ab840bdc28b29db3e3 ecf05e68900f4ed18976caf6aab4b929 - - bf0d3ca889914c5a9fd7c0cd3c08b3d9 bf0d3ca889914c5a9fd7c0cd3c08b3d9] 10.0.0.62 "GET /resource_providers/d064ba5c-e3b5-4b64-9e5c-9fb2698681f9/aggregates" status: 404 len: 235 microversion: 1.1 [pid: 8|app: 0|req: 581/1157] 10.0.0.62 () {32 vars in 815 bytes} [Tue Jun 23 19:56:15 2026] GET /resource_providers/d064ba5c-e3b5-4b64-9e5c-9fb2698681f9/aggregates => generated 235 bytes in 7 msecs (HTTP/1.1 404) 5 headers in 202 bytes (1 switches on core 0)
2026-06-23 19:56:15.227 7 INFO placement.requestlog [None req-a715c532-78e3-4ace-a223-97edcd207ac7 3413c2bc048f45ab840bdc28b29db3e3 ecf05e68900f4ed18976caf6aab4b929 - - bf0d3ca889914c5a9fd7c0cd3c08b3d9 bf0d3ca889914c5a9fd7c0cd3c08b3d9] 10.0.0.62 "GET /resource_providers/d064ba5c-e3b5-4b64-9e5c-9fb2698681f9/aggregates" status: 404 len: 235 microversion: 1.1 [pid: 7|app: 0|req: 577/1158] 10.0.0.62 () {32 vars in 815 bytes} [Tue Jun 23 19:56:15 2026] GET /resource_providers/d064ba5c-e3b5-4b64-9e5c-9fb2698681f9/aggregates => generated 235 bytes in 11 msecs (HTTP/1.1 404) 5 headers in 202 bytes (1 switches on core 0)
2026-06-23 19:56:15.233 8 INFO placement.requestlog [None req-4f7e14ca-a4f7-46b8-8c47-f1951a46ad87 3413c2bc048f45ab840bdc28b29db3e3 ecf05e68900f4ed18976caf6aab4b929 - - bf0d3ca889914c5a9fd7c0cd3c08b3d9 bf0d3ca889914c5a9fd7c0cd3c08b3d9] 10.0.0.62 "DELETE /resource_providers/d064ba5c-e3b5-4b64-9e5c-9fb2698681f9" status: 404 len: 246 microversion: 1.1 [pid: 8|app: 0|req: 582/1159] 10.0.0.62 () {34 vars in 815 bytes} [Tue Jun 23 19:56:15 2026] DELETE /resource_providers/d064ba5c-e3b5-4b64-9e5c-9fb2698681f9 => generated 246 bytes in 8 msecs (HTTP/1.1 404) 6 headers in 231 bytes (1 switches on core 0)
2026-06-23 19:56:15.253 7 INFO placement.requestlog [None req-48d53c13-4a64-44fd-b761-413e72ff02ca 3413c2bc048f45ab840bdc28b29db3e3 ecf05e68900f4ed18976caf6aab4b929 - - bf0d3ca889914c5a9fd7c0cd3c08b3d9 bf0d3ca889914c5a9fd7c0cd3c08b3d9] 10.0.0.62 "DELETE /resource_providers/d064ba5c-e3b5-4b64-9e5c-9fb2698681f9" status: 404 len: 246 microversion: 1.1 [pid: 7|app: 0|req: 578/1160] 10.0.0.62 () {34 vars in 815 bytes} [Tue Jun 23 19:56:15 2026] DELETE /resource_providers/d064ba5c-e3b5-4b64-9e5c-9fb2698681f9 => generated 246 bytes in 15 msecs (HTTP/1.1 404) 6 headers in 231 bytes (1 switches on core 0)
2026-06-23 19:56:22.886 8 INFO placement.requestlog [None req-c01cef06-6163-4742-b0c4-abf3e9881686 - - - - - -] 10.0.0.222 "GET /" status: 200 len: 136 microversion: 1.0
2026-06-23 19:56:22.886 7 INFO placement.requestlog [None req-7a1d6683-6b45-4af8-a240-daf44669e672 - - - - - -] 10.0.0.222 "GET /" status: 200 len: 136 microversion: 1.0
2026-06-23 19:56:32.886 8 INFO placement.requestlog [None req-c9b6c9cc-1c95-4a7d-b895-67ad1b8cbafe - - - - - -] 10.0.0.222 "GET /" status: 200 len: 136 microversion: 1.0
2026-06-23 19:56:32.887 7 INFO placement.requestlog [None req-30d5105a-ea4d-45e5-b00c-156c1488e471 - - - - - -] 10.0.0.222 "GET /" status: 200 len: 136 microversion: 1.0
2026-06-23 19:56:40.641 8 INFO placement.requestlog [None req-43af9cf9-8ffd-4b50-a3b3-4f5d2be4ec4b 3413c2bc048f45ab840bdc28b29db3e3 ecf05e68900f4ed18976caf6aab4b929 - - bf0d3ca889914c5a9fd7c0cd3c08b3d9 bf0d3ca889914c5a9fd7c0cd3c08b3d9] 10.0.0.62 "GET /resource_providers/6ab10f46-18d4-4465-abef-16aab9536e59/aggregates" status: 404 len: 235 microversion: 1.1 [pid: 8|app: 0|req: 585/1165] 10.0.0.62 () {32 vars in 815 bytes} [Tue Jun 23 19:56:40 2026] GET /resource_providers/6ab10f46-18d4-4465-abef-16aab9536e59/aggregates => generated 235 bytes in 13 msecs (HTTP/1.1 404) 5 headers in 202 bytes (1 switches on core 0)
2026-06-23 19:56:40.645 7 INFO placement.requestlog [None req-ae82a04f-0d96-4dc9-9fa5-20eaeca23887 3413c2bc048f45ab840bdc28b29db3e3 ecf05e68900f4ed18976caf6aab4b929 - - bf0d3ca889914c5a9fd7c0cd3c08b3d9 bf0d3ca889914c5a9fd7c0cd3c08b3d9] 10.0.0.62 "GET /resource_providers/6ab10f46-18d4-4465-abef-16aab9536e59/aggregates" status: 404 len: 235 microversion: 1.1 [pid: 7|app: 0|req: 581/1166] 10.0.0.62 () {32 vars in 815 bytes} [Tue Jun 23 19:56:40 2026] GET /resource_providers/6ab10f46-18d4-4465-abef-16aab9536e59/aggregates => generated 235 bytes in 17 msecs (HTTP/1.1 404) 5 headers in 202 bytes (1 switches on core 0)
2026-06-23 19:56:40.664 8 INFO placement.requestlog [None req-1bd2ea67-ac0f-45e7-b193-f56830dc8a0c 3413c2bc048f45ab840bdc28b29db3e3 ecf05e68900f4ed18976caf6aab4b929 - - bf0d3ca889914c5a9fd7c0cd3c08b3d9 bf0d3ca889914c5a9fd7c0cd3c08b3d9] 10.0.0.62 "DELETE /resource_providers/6ab10f46-18d4-4465-abef-16aab9536e59" status: 404 len: 246 microversion: 1.1 [pid: 8|app: 0|req: 586/1167] 10.0.0.62 () {34 vars in 815 bytes} [Tue Jun 23 19:56:40 2026] DELETE /resource_providers/6ab10f46-18d4-4465-abef-16aab9536e59 => generated 246 bytes in 11 msecs (HTTP/1.1 404) 6 headers in 231 bytes (1 switches on core 0)
2026-06-23 19:56:40.674 7 INFO placement.requestlog [None req-db0e6b4a-bc90-4659-aaec-40ca58e697c6 3413c2bc048f45ab840bdc28b29db3e3 ecf05e68900f4ed18976caf6aab4b929 - - bf0d3ca889914c5a9fd7c0cd3c08b3d9 bf0d3ca889914c5a9fd7c0cd3c08b3d9] 10.0.0.62 "DELETE /resource_providers/6ab10f46-18d4-4465-abef-16aab9536e59" status: 404 len: 246 microversion: 1.1 [pid: 7|app: 0|req: 582/1168] 10.0.0.62 () {34 vars in 815 bytes} [Tue Jun 23 19:56:40 2026] DELETE /resource_providers/6ab10f46-18d4-4465-abef-16aab9536e59 => generated 246 bytes in 14 msecs (HTTP/1.1 404) 6 headers in 231 bytes (1 switches on core 0)
2026-06-23 19:56:40.889 8 INFO placement.requestlog [None req-1c902e6f-bbb0-4a2c-95ad-b303173cadb3 3413c2bc048f45ab840bdc28b29db3e3 ecf05e68900f4ed18976caf6aab4b929 - - bf0d3ca889914c5a9fd7c0cd3c08b3d9 bf0d3ca889914c5a9fd7c0cd3c08b3d9] 10.0.0.62 "GET /resource_providers/2647c367-8389-411b-9b44-131b49f098ac/aggregates" status: 404 len: 235 microversion: 1.1 [pid: 8|app: 0|req: 587/1169] 10.0.0.62 () {32 vars in 815 bytes} [Tue Jun 23 19:56:40 2026] GET /resource_providers/2647c367-8389-411b-9b44-131b49f098ac/aggregates => generated 235 bytes in 12 msecs (HTTP/1.1 404) 5 headers in 202 bytes (1 switches on core 0)
2026-06-23 19:56:40.895 7 INFO placement.requestlog [None req-f799af9f-84c6-4229-9826-2503bf12a044 3413c2bc048f45ab840bdc28b29db3e3 ecf05e68900f4ed18976caf6aab4b929 - - bf0d3ca889914c5a9fd7c0cd3c08b3d9 bf0d3ca889914c5a9fd7c0cd3c08b3d9] 10.0.0.62 "GET /resource_providers/2647c367-8389-411b-9b44-131b49f098ac/aggregates" status: 404 len: 235 microversion: 1.1 [pid: 7|app: 0|req: 583/1170] 10.0.0.62 () {32 vars in 815 bytes} [Tue Jun 23 19:56:40 2026] GET /resource_providers/2647c367-8389-411b-9b44-131b49f098ac/aggregates => generated 235 bytes in 15 msecs (HTTP/1.1 404) 5 headers in 202 bytes (1 switches on core 0)
2026-06-23 19:56:40.920 8 INFO placement.requestlog [None req-dbedc3b6-e7b9-4217-97a8-414a2f850ee1 3413c2bc048f45ab840bdc28b29db3e3 ecf05e68900f4ed18976caf6aab4b929 - - bf0d3ca889914c5a9fd7c0cd3c08b3d9 bf0d3ca889914c5a9fd7c0cd3c08b3d9] 10.0.0.62 "DELETE /resource_providers/2647c367-8389-411b-9b44-131b49f098ac" status: 404 len: 246 microversion: 1.1 [pid: 8|app: 0|req: 588/1171] 10.0.0.62 () {34 vars in 815 bytes} [Tue Jun 23 19:56:40 2026] DELETE /resource_providers/2647c367-8389-411b-9b44-131b49f098ac => generated 246 bytes in 9 msecs (HTTP/1.1 404) 6 headers in 231 bytes (1 switches on core 0)
2026-06-23 19:56:40.924 7 INFO placement.requestlog [None req-dc1ce3c3-f155-46e4-8724-df50aa77fe1c 3413c2bc048f45ab840bdc28b29db3e3 ecf05e68900f4ed18976caf6aab4b929 - - bf0d3ca889914c5a9fd7c0cd3c08b3d9 bf0d3ca889914c5a9fd7c0cd3c08b3d9] 10.0.0.62 "DELETE /resource_providers/2647c367-8389-411b-9b44-131b49f098ac" status: 404 len: 246 microversion: 1.1 [pid: 7|app: 0|req: 584/1172] 10.0.0.62 () {34 vars in 815 bytes} [Tue Jun 23 19:56:40 2026] DELETE /resource_providers/2647c367-8389-411b-9b44-131b49f098ac => generated 246 bytes in 11 msecs (HTTP/1.1 404) 6 headers in 231 bytes (1 switches on core 0)
2026-06-23 19:56:42.886 8 INFO placement.requestlog [None req-eceefd75-f7e0-4233-b312-c1921b3f3796 - - - - - -] 10.0.0.222 "GET /" status: 200 len: 136 microversion: 1.0
2026-06-23 19:56:42.886 7 INFO placement.requestlog [None req-77feb16e-1af9-42c1-b6eb-2251fc993ce8 - - - - - -] 10.0.0.222 "GET /" status: 200 len: 136 microversion: 1.0
2026-06-23 19:56:52.886 8 INFO placement.requestlog [None req-5d8d2ca8-6d9f-4e37-9c18-fed0c81aaa42 - - - - - -] 10.0.0.222 "GET /" status: 200 len: 136 microversion: 1.0
2026-06-23 19:56:52.886 7 INFO placement.requestlog [None req-a76b0021-10af-4e98-8e65-b34f4caf3296 - - - - - -] 10.0.0.222 "GET /" status: 200 len: 136 microversion: 1.0
2026-06-23 19:57:02.886 8 INFO placement.requestlog [None req-db4e2199-2c3e-477c-b476-cb4f866f64de - - - - - -] 10.0.0.222 "GET /" status: 200 len: 136 microversion: 1.0
2026-06-23 19:57:02.887 7 INFO placement.requestlog [None req-33f37bd0-b508-41fa-bd99-d3882d240ba0 - - - - - -] 10.0.0.222 "GET /" status: 200 len: 136 microversion: 1.0
2026-06-23 19:57:08.851 8 INFO placement.requestlog [req-283b9508-a1e4-44b6-838d-b6dfc0ce66ef req-bef18231-09fc-46e2-ba2d-f47f4df42d7f dc02999271af40d98ea64f2205bd8b7c ecf05e68900f4ed18976caf6aab4b929 - - bf0d3ca889914c5a9fd7c0cd3c08b3d9 bf0d3ca889914c5a9fd7c0cd3c08b3d9] 199.204.45.216 "GET /resource_providers/f3e55505-1685-4e6d-b73e-3ec8987b94b4/allocations" status: 200 len: 340 microversion: 1.0 [pid: 8|app: 0|req: 592/1179] 199.204.45.216 () {32 vars in 857 bytes} [Tue Jun 23 19:57:08 2026] GET /resource_providers/f3e55505-1685-4e6d-b73e-3ec8987b94b4/allocations => generated 340 bytes in 17 msecs (HTTP/1.1 200) 6 headers in 224 bytes (1 switches on core 0)
2026-06-23 19:57:08.889 7 INFO placement.requestlog [req-283b9508-a1e4-44b6-838d-b6dfc0ce66ef req-f2b8cad2-13e6-4d14-87eb-3fcfc62d4f7a dc02999271af40d98ea64f2205bd8b7c ecf05e68900f4ed18976caf6aab4b929 - - bf0d3ca889914c5a9fd7c0cd3c08b3d9 bf0d3ca889914c5a9fd7c0cd3c08b3d9] 199.204.45.216 "GET /resource_providers/f3e55505-1685-4e6d-b73e-3ec8987b94b4/allocations" status: 200 len: 340 microversion: 1.0 [pid: 7|app: 0|req: 588/1180] 199.204.45.216 () {32 vars in 857 bytes} [Tue Jun 23 19:57:08 2026] GET /resource_providers/f3e55505-1685-4e6d-b73e-3ec8987b94b4/allocations => generated 340 bytes in 29 msecs (HTTP/1.1 200) 6 headers in 224 bytes (1 switches on core 0)
2026-06-23 19:57:08.940 8 INFO placement.requestlog [req-283b9508-a1e4-44b6-838d-b6dfc0ce66ef req-d7db0fcc-fc1b-4322-88a7-fd985cfe644d dc02999271af40d98ea64f2205bd8b7c ecf05e68900f4ed18976caf6aab4b929 - - bf0d3ca889914c5a9fd7c0cd3c08b3d9 bf0d3ca889914c5a9fd7c0cd3c08b3d9] 199.204.45.216 "GET /allocations/fbc58523-32bb-4a80-a58f-bcca338b3164" status: 200 len: 245 microversion: 1.28 [pid: 8|app: 0|req: 593/1181] 199.204.45.216 () {34 vars in 863 bytes} [Tue Jun 23 19:57:08 2026] GET /allocations/fbc58523-32bb-4a80-a58f-bcca338b3164 => generated 245 bytes in 34 msecs (HTTP/1.1 200) 8 headers in 296 bytes (1 switches on core 0)
2026-06-23 19:57:08.961 7 INFO placement.requestlog [req-283b9508-a1e4-44b6-838d-b6dfc0ce66ef req-c9d472c7-291a-4471-b55f-51041043c3bb dc02999271af40d98ea64f2205bd8b7c ecf05e68900f4ed18976caf6aab4b929 - - bf0d3ca889914c5a9fd7c0cd3c08b3d9 bf0d3ca889914c5a9fd7c0cd3c08b3d9] 199.204.45.216 "GET /allocations/0ccaad06-dc19-4347-90b7-334dd7ea7c29" status: 200 len: 258 microversion: 1.28 [pid: 7|app: 0|req: 589/1182] 199.204.45.216 () {34 vars in 863 bytes} [Tue Jun 23 19:57:08 2026] GET /allocations/0ccaad06-dc19-4347-90b7-334dd7ea7c29 => generated 258 bytes in 15 msecs (HTTP/1.1 200) 8 headers in 296 bytes (1 switches on core 0)
2026-06-23 19:57:08.986 8 INFO placement.requestlog [req-283b9508-a1e4-44b6-838d-b6dfc0ce66ef req-081037e8-dd1a-4cf3-97ab-0dbd32893a0f dc02999271af40d98ea64f2205bd8b7c ecf05e68900f4ed18976caf6aab4b929 - - bf0d3ca889914c5a9fd7c0cd3c08b3d9 bf0d3ca889914c5a9fd7c0cd3c08b3d9] 199.204.45.216 "GET /allocations/6c0ab8fa-ddb3-4bcf-92c4-6d0195b90583" status: 200 len: 258 microversion: 1.28 [pid: 8|app: 0|req: 594/1183] 199.204.45.216 () {34 vars in 863 bytes} [Tue Jun 23 19:57:08 2026] GET /allocations/6c0ab8fa-ddb3-4bcf-92c4-6d0195b90583 => generated 258 bytes in 15 msecs (HTTP/1.1 200) 8 headers in 296 bytes (1 switches on core 0)
2026-06-23 19:57:12.886 7 INFO placement.requestlog [None req-f3ea5046-7244-47bc-b071-e69fc436738a - - - - - -] 10.0.0.222 "GET /" status: 200 len: 136 microversion: 1.0
2026-06-23 19:57:12.886 8 INFO placement.requestlog [None req-42a0d1cf-19f9-46eb-b8e8-58839419dead - - - - - -] 10.0.0.222 "GET /" status: 200 len: 136 microversion: 1.0
2026-06-23 19:57:22.886 7 INFO placement.requestlog [None req-41cd7942-9ab3-464e-8133-9ac0c9f42abb - - - - - -] 10.0.0.222 "GET /" status: 200 len: 136 microversion: 1.0
