Jun 29 06:02:02.826256 np0000183449 nova-scheduler[109035]: DEBUG cotyledon.oslo_config_glue [-] workarounds.disable_group_policy_check_upcall = False {{(pid=109035) log_opt_values /opt/stack/data/venv/lib/python3.12/site-packages/oslo_config/cfg.py:3253}}
Jun 29 06:02:02.826256 np0000183449 nova-scheduler[109035]: DEBUG cotyledon.oslo_config_glue [-] workarounds.disable_libvirt_livesnapshot = False {{(pid=109035) log_opt_values /opt/stack/data/venv/lib/python3.12/site-packages/oslo_config/cfg.py:3253}}
Jun 29 06:02:02.826256 np0000183449 nova-scheduler[109035]: DEBUG cotyledon.oslo_config_glue [-] workarounds.disable_rootwrap = False {{(pid=109035) log_opt_values /opt/stack/data/venv/lib/python3.12/site-packages/oslo_config/cfg.py:3253}}
Jun 29 06:02:02.826256 np0000183449 nova-scheduler[109035]: DEBUG cotyledon.oslo_config_glue [-] workarounds.enable_numa_live_migration = False {{(pid=109035) log_opt_values /opt/stack/data/venv/lib/python3.12/site-packages/oslo_config/cfg.py:3253}}
Jun 29 06:02:02.826256 np0000183449 nova-scheduler[109035]: DEBUG cotyledon.oslo_config_glue [-] workarounds.enable_qemu_monitor_announce_self = False {{(pid=109035) log_opt_values /opt/stack/data/venv/lib/python3.12/site-packages/oslo_config/cfg.py:3253}}
Jun 29 06:02:02.826256 np0000183449 nova-scheduler[109035]: DEBUG cotyledon.oslo_config_glue [-] workarounds.ensure_libvirt_rbd_instance_dir_cleanup = False {{(pid=109035) log_opt_values /opt/stack/data/venv/lib/python3.12/site-packages/oslo_config/cfg.py:3253}}
Jun 29 06:02:02.826469 np0000183449 nova-scheduler[109035]: DEBUG cotyledon.oslo_config_glue [-] workarounds.handle_virt_lifecycle_events = True {{(pid=109035) log_opt_values /opt/stack/data/venv/lib/python3.12/site-packages/oslo_config/cfg.py:3253}}
Jun 29 06:02:02.826469 np0000183449 nova-scheduler[109035]: DEBUG cotyledon.oslo_config_glue [-] workarounds.libvirt_disable_apic = False {{(pid=109035) log_opt_values /opt/stack/data/venv/lib/python3.12/site-packages/oslo_config/cfg.py:3253}}
Jun 29 06:02:02.826469 np0000183449 nova-scheduler[109035]: DEBUG cotyledon.oslo_config_glue [-] workarounds.never_download_image_if_on_rbd = False {{(pid=109035) log_opt_values /opt/stack/data/venv/lib/python3.12/site-packages/oslo_config/cfg.py:3253}}
Jun 29 06:02:02.826469 np0000183449 nova-scheduler[109035]: DEBUG cotyledon.oslo_config_glue [-] workarounds.qemu_monitor_announce_self_count = 3 {{(pid=109035) log_opt_values /opt/stack/data/venv/lib/python3.12/site-packages/oslo_config/cfg.py:3253}}
Jun 29 06:02:02.826469 np0000183449 nova-scheduler[109035]: DEBUG cotyledon.oslo_config_glue [-] workarounds.qemu_monitor_announce_self_interval = 1 {{(pid=109035) log_opt_values /opt/stack/data/venv/lib/python3.12/site-packages/oslo_config/cfg.py:3253}}
Jun 29 06:02:02.826469 np0000183449 nova-scheduler[109035]: DEBUG cotyledon.oslo_config_glue [-] workarounds.reserve_disk_resource_for_image_cache = False {{(pid=109035) log_opt_values /opt/stack/data/venv/lib/python3.12/site-packages/oslo_config/cfg.py:3253}}
Jun 29 06:02:02.826469 np0000183449 nova-scheduler[109035]: DEBUG cotyledon.oslo_config_glue [-] workarounds.skip_cpu_compare_at_startup = False {{(pid=109035) log_opt_values /opt/stack/data/venv/lib/python3.12/site-packages/oslo_config/cfg.py:3253}}
Jun 29 06:02:02.826469 np0000183449 nova-scheduler[109035]: DEBUG cotyledon.oslo_config_glue [-] workarounds.skip_cpu_compare_on_dest = False {{(pid=109035) log_opt_values /opt/stack/data/venv/lib/python3.12/site-packages/oslo_config/cfg.py:3253}}
Jun 29 06:02:02.826469 np0000183449 nova-scheduler[109035]: DEBUG cotyledon.oslo_config_glue [-] workarounds.skip_hypervisor_version_check_on_lm = False {{(pid=109035) log_opt_values /opt/stack/data/venv/lib/python3.12/site-packages/oslo_config/cfg.py:3253}}
Jun 29 06:02:02.826728 np0000183449 nova-scheduler[109035]: DEBUG cotyledon.oslo_config_glue [-] workarounds.skip_reserve_in_use_ironic_nodes = False {{(pid=109035) log_opt_values /opt/stack/data/venv/lib/python3.12/site-packages/oslo_config/cfg.py:3253}}
Jun 29 06:02:02.826728 np0000183449 nova-scheduler[109035]: DEBUG cotyledon.oslo_config_glue [-] workarounds.unified_limits_count_pcpu_as_vcpu = False {{(pid=109035) log_opt_values /opt/stack/data/venv/lib/python3.12/site-packages/oslo_config/cfg.py:3253}}
Jun 29 06:02:02.826728 np0000183449 nova-scheduler[109035]: DEBUG cotyledon.oslo_config_glue [-] workarounds.wait_for_vif_plugged_event_during_hard_reboot = [] {{(pid=109035) log_opt_values /opt/stack/data/venv/lib/python3.12/site-packages/oslo_config/cfg.py:3253}}
Jun 29 06:02:02.826728 np0000183449 nova-scheduler[109035]: DEBUG cotyledon.oslo_config_glue [-] wsgi.api_paste_config = /etc/nova/api-paste.ini {{(pid=109035) log_opt_values /opt/stack/data/venv/lib/python3.12/site-packages/oslo_config/cfg.py:3253}}
Jun 29 06:02:02.826728 np0000183449 nova-scheduler[109035]: DEBUG cotyledon.oslo_config_glue [-] wsgi.secure_proxy_ssl_header = None {{(pid=109035) log_opt_values /opt/stack/data/venv/lib/python3.12/site-packages/oslo_config/cfg.py:3253}}
Jun 29 06:02:02.826728 np0000183449 nova-scheduler[109035]: DEBUG cotyledon.oslo_config_glue [-] zvm.ca_file = None {{(pid=109035) log_opt_values /opt/stack/data/venv/lib/python3.12/site-packages/oslo_config/cfg.py:3253}}
Jun 29 06:02:02.826728 np0000183449 nova-scheduler[109035]: DEBUG cotyledon.oslo_config_glue [-] zvm.cloud_connector_url = None {{(pid=109035) log_opt_values /opt/stack/data/venv/lib/python3.12/site-packages/oslo_config/cfg.py:3253}}
Jun 29 06:02:02.826728 np0000183449 nova-scheduler[109035]: DEBUG cotyledon.oslo_config_glue [-] zvm.image_tmp_path = /opt/stack/data/nova/images {{(pid=109035) log_opt_values /opt/stack/data/venv/lib/python3.12/site-packages/oslo_config/cfg.py:3253}}
Jun 29 06:02:02.826728 np0000183449 nova-scheduler[109035]: DEBUG cotyledon.oslo_config_glue [-] zvm.reachable_timeout = 300 {{(pid=109035) log_opt_values /opt/stack/data/venv/lib/python3.12/site-packages/oslo_config/cfg.py:3253}}
Jun 29 06:02:02.826946 np0000183449 nova-scheduler[109035]: DEBUG cotyledon.oslo_config_glue [-] oslo_versionedobjects.fatal_exception_format_errors = False {{(pid=109035) log_opt_values /opt/stack/data/venv/lib/python3.12/site-packages/oslo_config/cfg.py:3253}}
Jun 29 06:02:02.826946 np0000183449 nova-scheduler[109035]: DEBUG cotyledon.oslo_config_glue [-] oslo_middleware.http_basic_auth_user_file = /etc/htpasswd {{(pid=109035) log_opt_values /opt/stack/data/venv/lib/python3.12/site-packages/oslo_config/cfg.py:3253}}
Jun 29 06:02:02.826946 np0000183449 nova-scheduler[109035]: DEBUG cotyledon.oslo_config_glue [-] oslo_messaging_metrics.metrics_buffer_size = 1000 {{(pid=109035) log_opt_values /opt/stack/data/venv/lib/python3.12/site-packages/oslo_config/cfg.py:3253}}
Jun 29 06:02:02.826946 np0000183449 nova-scheduler[109035]: DEBUG cotyledon.oslo_config_glue [-] oslo_messaging_metrics.metrics_enabled = False {{(pid=109035) log_opt_values /opt/stack/data/venv/lib/python3.12/site-packages/oslo_config/cfg.py:3253}}
Jun 29 06:02:02.826946 np0000183449 nova-scheduler[109035]: DEBUG cotyledon.oslo_config_glue [-] oslo_messaging_metrics.metrics_process_name = {{(pid=109035) log_opt_values /opt/stack/data/venv/lib/python3.12/site-packages/oslo_config/cfg.py:3253}}
Jun 29 06:02:02.826946 np0000183449 nova-scheduler[109035]: DEBUG cotyledon.oslo_config_glue [-] oslo_messaging_metrics.metrics_socket_file = /var/tmp/metrics_collector.sock {{(pid=109035) log_opt_values /opt/stack/data/venv/lib/python3.12/site-packages/oslo_config/cfg.py:3253}}
Jun 29 06:02:02.826946 np0000183449 nova-scheduler[109035]: DEBUG cotyledon.oslo_config_glue [-] oslo_messaging_metrics.metrics_thread_stop_timeout = 10 {{(pid=109035) log_opt_values /opt/stack/data/venv/lib/python3.12/site-packages/oslo_config/cfg.py:3253}}
Jun 29 06:02:02.826946 np0000183449 nova-scheduler[109035]: DEBUG cotyledon.oslo_config_glue [-] profiler.connection_string = messaging:// {{(pid=109035) log_opt_values /opt/stack/data/venv/lib/python3.12/site-packages/oslo_config/cfg.py:3253}}
Jun 29 06:02:02.827144 np0000183449 nova-scheduler[109035]: DEBUG cotyledon.oslo_config_glue [-] profiler.enabled = False {{(pid=109035) log_opt_values /opt/stack/data/venv/lib/python3.12/site-packages/oslo_config/cfg.py:3253}}
Jun 29 06:02:02.827144 np0000183449 nova-scheduler[109035]: DEBUG cotyledon.oslo_config_glue [-] profiler.es_doc_type = notification {{(pid=109035) log_opt_values /opt/stack/data/venv/lib/python3.12/site-packages/oslo_config/cfg.py:3253}}
Jun 29 06:02:02.827144 np0000183449 nova-scheduler[109035]: DEBUG cotyledon.oslo_config_glue [-] profiler.es_scroll_size = 10000 {{(pid=109035) log_opt_values /opt/stack/data/venv/lib/python3.12/site-packages/oslo_config/cfg.py:3253}}
Jun 29 06:02:02.827144 np0000183449 nova-scheduler[109035]: DEBUG cotyledon.oslo_config_glue [-] profiler.es_scroll_time = 2m {{(pid=109035) log_opt_values /opt/stack/data/venv/lib/python3.12/site-packages/oslo_config/cfg.py:3253}}
Jun 29 06:02:02.827144 np0000183449 nova-scheduler[109035]: DEBUG cotyledon.oslo_config_glue [-] profiler.filter_error_trace = False {{(pid=109035) log_opt_values /opt/stack/data/venv/lib/python3.12/site-packages/oslo_config/cfg.py:3253}}
Jun 29 06:02:02.827144 np0000183449 nova-scheduler[109035]: DEBUG cotyledon.oslo_config_glue [-] profiler.hmac_keys = **** {{(pid=109035) log_opt_values /opt/stack/data/venv/lib/python3.12/site-packages/oslo_config/cfg.py:3253}}
Jun 29 06:02:02.827144 np0000183449 nova-scheduler[109035]: DEBUG cotyledon.oslo_config_glue [-] profiler.sentinel_service_name = mymaster {{(pid=109035) log_opt_values /opt/stack/data/venv/lib/python3.12/site-packages/oslo_config/cfg.py:3253}}
Jun 29 06:02:02.827144 np0000183449 nova-scheduler[109035]: DEBUG cotyledon.oslo_config_glue [-] profiler.socket_timeout = 0.1 {{(pid=109035) log_opt_values /opt/stack/data/venv/lib/python3.12/site-packages/oslo_config/cfg.py:3253}}
Jun 29 06:02:02.827144 np0000183449 nova-scheduler[109035]: DEBUG cotyledon.oslo_config_glue [-] profiler.trace_requests = False {{(pid=109035) log_opt_values /opt/stack/data/venv/lib/python3.12/site-packages/oslo_config/cfg.py:3253}}
Jun 29 06:02:02.827358 np0000183449 nova-scheduler[109035]: DEBUG cotyledon.oslo_config_glue [-] profiler.trace_sqlalchemy = False {{(pid=109035) log_opt_values /opt/stack/data/venv/lib/python3.12/site-packages/oslo_config/cfg.py:3253}}
Jun 29 06:02:02.827358 np0000183449 nova-scheduler[109035]: DEBUG cotyledon.oslo_config_glue [-] profiler_jaeger.process_tags = {} {{(pid=109035) log_opt_values /opt/stack/data/venv/lib/python3.12/site-packages/oslo_config/cfg.py:3253}}
Jun 29 06:02:02.827358 np0000183449 nova-scheduler[109035]: DEBUG cotyledon.oslo_config_glue [-] profiler_jaeger.service_name_prefix = None {{(pid=109035) log_opt_values /opt/stack/data/venv/lib/python3.12/site-packages/oslo_config/cfg.py:3253}}
Jun 29 06:02:02.827358 np0000183449 nova-scheduler[109035]: DEBUG cotyledon.oslo_config_glue [-] profiler_otlp.service_name_prefix = None {{(pid=109035) log_opt_values /opt/stack/data/venv/lib/python3.12/site-packages/oslo_config/cfg.py:3253}}
Jun 29 06:02:02.827358 np0000183449 nova-scheduler[109035]: DEBUG cotyledon.oslo_config_glue [-] oslo_messaging_rabbit.amqp_auto_delete = False {{(pid=109035) log_opt_values /opt/stack/data/venv/lib/python3.12/site-packages/oslo_config/cfg.py:3253}}
Jun 29 06:02:02.827358 np0000183449 nova-scheduler[109035]: DEBUG cotyledon.oslo_config_glue [-] oslo_messaging_rabbit.amqp_durable_queues = False {{(pid=109035) log_opt_values /opt/stack/data/venv/lib/python3.12/site-packages/oslo_config/cfg.py:3253}}
Jun 29 06:02:02.827358 np0000183449 nova-scheduler[109035]: DEBUG cotyledon.oslo_config_glue [-] oslo_messaging_rabbit.conn_pool_min_size = 2 {{(pid=109035) log_opt_values /opt/stack/data/venv/lib/python3.12/site-packages/oslo_config/cfg.py:3253}}
Jun 29 06:02:02.827358 np0000183449 nova-scheduler[109035]: DEBUG cotyledon.oslo_config_glue [-] oslo_messaging_rabbit.conn_pool_ttl = 1200 {{(pid=109035) log_opt_values /opt/stack/data/venv/lib/python3.12/site-packages/oslo_config/cfg.py:3253}}
Jun 29 06:02:02.827358 np0000183449 nova-scheduler[109035]: DEBUG cotyledon.oslo_config_glue [-] oslo_messaging_rabbit.direct_mandatory_flag = True {{(pid=109035) log_opt_values /opt/stack/data/venv/lib/python3.12/site-packages/oslo_config/cfg.py:3253}}
Jun 29 06:02:02.827595 np0000183449 nova-scheduler[109035]: DEBUG cotyledon.oslo_config_glue [-] oslo_messaging_rabbit.enable_cancel_on_failover = False {{(pid=109035) log_opt_values /opt/stack/data/venv/lib/python3.12/site-packages/oslo_config/cfg.py:3253}}
Jun 29 06:02:02.827595 np0000183449 nova-scheduler[109035]: DEBUG cotyledon.oslo_config_glue [-] oslo_messaging_rabbit.heartbeat_rate = 3 {{(pid=109035) log_opt_values /opt/stack/data/venv/lib/python3.12/site-packages/oslo_config/cfg.py:3253}}
Jun 29 06:02:02.827595 np0000183449 nova-scheduler[109035]: DEBUG cotyledon.oslo_config_glue [-] oslo_messaging_rabbit.heartbeat_timeout_threshold = 60 {{(pid=109035) log_opt_values /opt/stack/data/venv/lib/python3.12/site-packages/oslo_config/cfg.py:3253}}
Jun 29 06:02:02.827595 np0000183449 nova-scheduler[109035]: DEBUG cotyledon.oslo_config_glue [-] oslo_messaging_rabbit.hostname = np0000183449 {{(pid=109035) log_opt_values /opt/stack/data/venv/lib/python3.12/site-packages/oslo_config/cfg.py:3253}}
Jun 29 06:02:02.827595 np0000183449 nova-scheduler[109035]: DEBUG cotyledon.oslo_config_glue [-] oslo_messaging_rabbit.kombu_compression = None {{(pid=109035) log_opt_values /opt/stack/data/venv/lib/python3.12/site-packages/oslo_config/cfg.py:3253}}
Jun 29 06:02:02.827595 np0000183449 nova-scheduler[109035]: DEBUG cotyledon.oslo_config_glue [-] oslo_messaging_rabbit.kombu_failover_strategy = round-robin {{(pid=109035) log_opt_values /opt/stack/data/venv/lib/python3.12/site-packages/oslo_config/cfg.py:3253}}
Jun 29 06:02:02.827595 np0000183449 nova-scheduler[109035]: DEBUG cotyledon.oslo_config_glue [-] oslo_messaging_rabbit.kombu_missing_consumer_retry_timeout = 60 {{(pid=109035) log_opt_values /opt/stack/data/venv/lib/python3.12/site-packages/oslo_config/cfg.py:3253}}
Jun 29 06:02:02.827595 np0000183449 nova-scheduler[109035]: DEBUG cotyledon.oslo_config_glue [-] oslo_messaging_rabbit.kombu_reconnect_delay = 1.0 {{(pid=109035) log_opt_values /opt/stack/data/venv/lib/python3.12/site-packages/oslo_config/cfg.py:3253}}
Jun 29 06:02:02.828038 np0000183449 nova-scheduler[109035]: DEBUG cotyledon.oslo_config_glue [-] oslo_messaging_rabbit.kombu_reconnect_splay = 0.0 {{(pid=109035) log_opt_values /opt/stack/data/venv/lib/python3.12/site-packages/oslo_config/cfg.py:3253}}
Jun 29 06:02:02.828038 np0000183449 nova-scheduler[109035]: DEBUG cotyledon.oslo_config_glue [-] oslo_messaging_rabbit.processname = nova-scheduler {{(pid=109035) log_opt_values /opt/stack/data/venv/lib/python3.12/site-packages/oslo_config/cfg.py:3253}}
Jun 29 06:02:02.828038 np0000183449 nova-scheduler[109035]: DEBUG cotyledon.oslo_config_glue [-] oslo_messaging_rabbit.rabbit_ha_queues = False {{(pid=109035) log_opt_values /opt/stack/data/venv/lib/python3.12/site-packages/oslo_config/cfg.py:3253}}
Jun 29 06:02:02.828038 np0000183449 nova-scheduler[109035]: DEBUG cotyledon.oslo_config_glue [-] oslo_messaging_rabbit.rabbit_interval_max = 30 {{(pid=109035) log_opt_values /opt/stack/data/venv/lib/python3.12/site-packages/oslo_config/cfg.py:3253}}
Jun 29 06:02:02.828038 np0000183449 nova-scheduler[109035]: DEBUG cotyledon.oslo_config_glue [-] oslo_messaging_rabbit.rabbit_login_method = AMQPLAIN {{(pid=109035) log_opt_values /opt/stack/data/venv/lib/python3.12/site-packages/oslo_config/cfg.py:3253}}
Jun 29 06:02:02.828038 np0000183449 nova-scheduler[109035]: DEBUG cotyledon.oslo_config_glue [-] oslo_messaging_rabbit.rabbit_qos_prefetch_count = 0 {{(pid=109035) log_opt_values /opt/stack/data/venv/lib/python3.12/site-packages/oslo_config/cfg.py:3253}}
Jun 29 06:02:02.828038 np0000183449 nova-scheduler[109035]: DEBUG cotyledon.oslo_config_glue [-] oslo_messaging_rabbit.rabbit_quorum_delivery_limit = 0 {{(pid=109035) log_opt_values /opt/stack/data/venv/lib/python3.12/site-packages/oslo_config/cfg.py:3253}}
Jun 29 06:02:02.828038 np0000183449 nova-scheduler[109035]: DEBUG cotyledon.oslo_config_glue [-] oslo_messaging_rabbit.rabbit_quorum_max_memory_bytes = 0 {{(pid=109035) log_opt_values /opt/stack/data/venv/lib/python3.12/site-packages/oslo_config/cfg.py:3253}}
Jun 29 06:02:02.828227 np0000183449 nova-scheduler[109035]: DEBUG cotyledon.oslo_config_glue [-] oslo_messaging_rabbit.rabbit_quorum_max_memory_length = 0 {{(pid=109035) log_opt_values /opt/stack/data/venv/lib/python3.12/site-packages/oslo_config/cfg.py:3253}}
Jun 29 06:02:02.828227 np0000183449 nova-scheduler[109035]: DEBUG cotyledon.oslo_config_glue [-] oslo_messaging_rabbit.rabbit_quorum_queue = False {{(pid=109035) log_opt_values /opt/stack/data/venv/lib/python3.12/site-packages/oslo_config/cfg.py:3253}}
Jun 29 06:02:02.828227 np0000183449 nova-scheduler[109035]: DEBUG cotyledon.oslo_config_glue [-] oslo_messaging_rabbit.rabbit_retry_backoff = 2 {{(pid=109035) log_opt_values /opt/stack/data/venv/lib/python3.12/site-packages/oslo_config/cfg.py:3253}}
Jun 29 06:02:02.828227 np0000183449 nova-scheduler[109035]: DEBUG cotyledon.oslo_config_glue [-] oslo_messaging_rabbit.rabbit_retry_interval = 1 {{(pid=109035) log_opt_values /opt/stack/data/venv/lib/python3.12/site-packages/oslo_config/cfg.py:3253}}
Jun 29 06:02:02.828227 np0000183449 nova-scheduler[109035]: DEBUG cotyledon.oslo_config_glue [-] oslo_messaging_rabbit.rabbit_stream_fanout = False {{(pid=109035) log_opt_values /opt/stack/data/venv/lib/python3.12/site-packages/oslo_config/cfg.py:3253}}
Jun 29 06:02:02.828227 np0000183449 nova-scheduler[109035]: DEBUG cotyledon.oslo_config_glue [-] oslo_messaging_rabbit.rabbit_transient_queues_ttl = 1800 {{(pid=109035) log_opt_values /opt/stack/data/venv/lib/python3.12/site-packages/oslo_config/cfg.py:3253}}
Jun 29 06:02:02.828227 np0000183449 nova-scheduler[109035]: DEBUG cotyledon.oslo_config_glue [-] oslo_messaging_rabbit.rabbit_transient_quorum_queue = False {{(pid=109035) log_opt_values /opt/stack/data/venv/lib/python3.12/site-packages/oslo_config/cfg.py:3253}}
Jun 29 06:02:02.828227 np0000183449 nova-scheduler[109035]: DEBUG cotyledon.oslo_config_glue [-] oslo_messaging_rabbit.rpc_conn_pool_size = 30 {{(pid=109035) log_opt_values /opt/stack/data/venv/lib/python3.12/site-packages/oslo_config/cfg.py:3253}}
Jun 29 06:02:02.828227 np0000183449 nova-scheduler[109035]: DEBUG cotyledon.oslo_config_glue [-] oslo_messaging_rabbit.ssl = False {{(pid=109035) log_opt_values /opt/stack/data/venv/lib/python3.12/site-packages/oslo_config/cfg.py:3253}}
Jun 29 06:02:02.828428 np0000183449 nova-scheduler[109035]: DEBUG cotyledon.oslo_config_glue [-] oslo_messaging_rabbit.ssl_ca_file = {{(pid=109035) log_opt_values /opt/stack/data/venv/lib/python3.12/site-packages/oslo_config/cfg.py:3253}}
Jun 29 06:02:02.828428 np0000183449 nova-scheduler[109035]: DEBUG cotyledon.oslo_config_glue [-] oslo_messaging_rabbit.ssl_cert_file = {{(pid=109035) log_opt_values /opt/stack/data/venv/lib/python3.12/site-packages/oslo_config/cfg.py:3253}}
Jun 29 06:02:02.828428 np0000183449 nova-scheduler[109035]: DEBUG cotyledon.oslo_config_glue [-] oslo_messaging_rabbit.ssl_enforce_fips_mode = False {{(pid=109035) log_opt_values /opt/stack/data/venv/lib/python3.12/site-packages/oslo_config/cfg.py:3253}}
Jun 29 06:02:02.828428 np0000183449 nova-scheduler[109035]: DEBUG cotyledon.oslo_config_glue [-] oslo_messaging_rabbit.ssl_enforce_hostname_verification = True {{(pid=109035) log_opt_values /opt/stack/data/venv/lib/python3.12/site-packages/oslo_config/cfg.py:3253}}
Jun 29 06:02:02.828428 np0000183449 nova-scheduler[109035]: DEBUG cotyledon.oslo_config_glue [-] oslo_messaging_rabbit.ssl_key_file = {{(pid=109035) log_opt_values /opt/stack/data/venv/lib/python3.12/site-packages/oslo_config/cfg.py:3253}}
Jun 29 06:02:02.828428 np0000183449 nova-scheduler[109035]: DEBUG cotyledon.oslo_config_glue [-] oslo_messaging_rabbit.ssl_version = {{(pid=109035) log_opt_values /opt/stack/data/venv/lib/python3.12/site-packages/oslo_config/cfg.py:3253}}
Jun 29 06:02:02.828428 np0000183449 nova-scheduler[109035]: DEBUG cotyledon.oslo_config_glue [-] oslo_messaging_rabbit.use_queue_manager = False {{(pid=109035) log_opt_values /opt/stack/data/venv/lib/python3.12/site-packages/oslo_config/cfg.py:3253}}
Jun 29 06:02:02.828428 np0000183449 nova-scheduler[109035]: DEBUG cotyledon.oslo_config_glue [-] oslo_messaging_notifications.driver = ['messagingv2'] {{(pid=109035) log_opt_values /opt/stack/data/venv/lib/python3.12/site-packages/oslo_config/cfg.py:3253}}
Jun 29 06:02:02.828428 np0000183449 nova-scheduler[109035]: DEBUG cotyledon.oslo_config_glue [-] oslo_messaging_notifications.retry = -1 {{(pid=109035) log_opt_values /opt/stack/data/venv/lib/python3.12/site-packages/oslo_config/cfg.py:3253}}
Jun 29 06:02:02.828670 np0000183449 nova-scheduler[109035]: DEBUG cotyledon.oslo_config_glue [-] oslo_messaging_notifications.topics = ['notifications'] {{(pid=109035) log_opt_values /opt/stack/data/venv/lib/python3.12/site-packages/oslo_config/cfg.py:3253}}
Jun 29 06:02:02.828670 np0000183449 nova-scheduler[109035]: DEBUG cotyledon.oslo_config_glue [-] oslo_messaging_notifications.transport_url = **** {{(pid=109035) log_opt_values /opt/stack/data/venv/lib/python3.12/site-packages/oslo_config/cfg.py:3253}}
Jun 29 06:02:02.828670 np0000183449 nova-scheduler[109035]: DEBUG cotyledon.oslo_config_glue [-] oslo_limit.auth_section = None {{(pid=109035) log_opt_values /opt/stack/data/venv/lib/python3.12/site-packages/oslo_config/cfg.py:3253}}
Jun 29 06:02:02.828670 np0000183449 nova-scheduler[109035]: DEBUG cotyledon.oslo_config_glue [-] oslo_limit.auth_type = None {{(pid=109035) log_opt_values /opt/stack/data/venv/lib/python3.12/site-packages/oslo_config/cfg.py:3253}}
Jun 29 06:02:02.828670 np0000183449 nova-scheduler[109035]: DEBUG cotyledon.oslo_config_glue [-] oslo_limit.cafile = None {{(pid=109035) log_opt_values /opt/stack/data/venv/lib/python3.12/site-packages/oslo_config/cfg.py:3253}}
Jun 29 06:02:02.828670 np0000183449 nova-scheduler[109035]: DEBUG cotyledon.oslo_config_glue [-] oslo_limit.certfile = None {{(pid=109035) log_opt_values /opt/stack/data/venv/lib/python3.12/site-packages/oslo_config/cfg.py:3253}}
Jun 29 06:02:02.828670 np0000183449 nova-scheduler[109035]: DEBUG cotyledon.oslo_config_glue [-] oslo_limit.collect_timing = False {{(pid=109035) log_opt_values /opt/stack/data/venv/lib/python3.12/site-packages/oslo_config/cfg.py:3253}}
Jun 29 06:02:02.828670 np0000183449 nova-scheduler[109035]: DEBUG cotyledon.oslo_config_glue [-] oslo_limit.connect_retries = None {{(pid=109035) log_opt_values /opt/stack/data/venv/lib/python3.12/site-packages/oslo_config/cfg.py:3253}}
Jun 29 06:02:02.828670 np0000183449 nova-scheduler[109035]: DEBUG cotyledon.oslo_config_glue [-] oslo_limit.connect_retry_delay = None {{(pid=109035) log_opt_values /opt/stack/data/venv/lib/python3.12/site-packages/oslo_config/cfg.py:3253}}
Jun 29 06:02:02.828858 np0000183449 nova-scheduler[109035]: DEBUG cotyledon.oslo_config_glue [-] oslo_limit.endpoint_id = None {{(pid=109035) log_opt_values /opt/stack/data/venv/lib/python3.12/site-packages/oslo_config/cfg.py:3253}}
Jun 29 06:02:02.828858 np0000183449 nova-scheduler[109035]: DEBUG cotyledon.oslo_config_glue [-] oslo_limit.endpoint_interface = public {{(pid=109035) log_opt_values /opt/stack/data/venv/lib/python3.12/site-packages/oslo_config/cfg.py:3253}}
Jun 29 06:02:02.828858 np0000183449 nova-scheduler[109035]: DEBUG cotyledon.oslo_config_glue [-] oslo_limit.endpoint_override = None {{(pid=109035) log_opt_values /opt/stack/data/venv/lib/python3.12/site-packages/oslo_config/cfg.py:3253}}
Jun 29 06:02:02.828858 np0000183449 nova-scheduler[109035]: DEBUG cotyledon.oslo_config_glue [-] oslo_limit.endpoint_region_name = None {{(pid=109035) log_opt_values /opt/stack/data/venv/lib/python3.12/site-packages/oslo_config/cfg.py:3253}}
Jun 29 06:02:02.828858 np0000183449 nova-scheduler[109035]: DEBUG cotyledon.oslo_config_glue [-] oslo_limit.endpoint_service_name = None {{(pid=109035) log_opt_values /opt/stack/data/venv/lib/python3.12/site-packages/oslo_config/cfg.py:3253}}
Jun 29 06:02:02.828858 np0000183449 nova-scheduler[109035]: DEBUG cotyledon.oslo_config_glue [-] oslo_limit.endpoint_service_type = None {{(pid=109035) log_opt_values /opt/stack/data/venv/lib/python3.12/site-packages/oslo_config/cfg.py:3253}}
Jun 29 06:02:02.828858 np0000183449 nova-scheduler[109035]: DEBUG cotyledon.oslo_config_glue [-] oslo_limit.insecure = False {{(pid=109035) log_opt_values /opt/stack/data/venv/lib/python3.12/site-packages/oslo_config/cfg.py:3253}}
Jun 29 06:02:02.828858 np0000183449 nova-scheduler[109035]: DEBUG cotyledon.oslo_config_glue [-] oslo_limit.keyfile = None {{(pid=109035) log_opt_values /opt/stack/data/venv/lib/python3.12/site-packages/oslo_config/cfg.py:3253}}
Jun 29 06:02:02.828858 np0000183449 nova-scheduler[109035]: DEBUG cotyledon.oslo_config_glue [-] oslo_limit.max_version = None {{(pid=109035) log_opt_values /opt/stack/data/venv/lib/python3.12/site-packages/oslo_config/cfg.py:3253}}
Jun 29 06:02:02.829053 np0000183449 nova-scheduler[109035]: DEBUG cotyledon.oslo_config_glue [-] oslo_limit.min_version = None {{(pid=109035) log_opt_values /opt/stack/data/venv/lib/python3.12/site-packages/oslo_config/cfg.py:3253}}
Jun 29 06:02:02.829053 np0000183449 nova-scheduler[109035]: DEBUG cotyledon.oslo_config_glue [-] oslo_limit.region_name = None {{(pid=109035) log_opt_values /opt/stack/data/venv/lib/python3.12/site-packages/oslo_config/cfg.py:3253}}
Jun 29 06:02:02.829053 np0000183449 nova-scheduler[109035]: DEBUG cotyledon.oslo_config_glue [-] oslo_limit.retriable_status_codes = None {{(pid=109035) log_opt_values /opt/stack/data/venv/lib/python3.12/site-packages/oslo_config/cfg.py:3253}}
Jun 29 06:02:02.829053 np0000183449 nova-scheduler[109035]: DEBUG cotyledon.oslo_config_glue [-] oslo_limit.service_name = None {{(pid=109035) log_opt_values /opt/stack/data/venv/lib/python3.12/site-packages/oslo_config/cfg.py:3253}}
Jun 29 06:02:02.829053 np0000183449 nova-scheduler[109035]: DEBUG cotyledon.oslo_config_glue [-] oslo_limit.service_type = None {{(pid=109035) log_opt_values /opt/stack/data/venv/lib/python3.12/site-packages/oslo_config/cfg.py:3253}}
Jun 29 06:02:02.829053 np0000183449 nova-scheduler[109035]: DEBUG cotyledon.oslo_config_glue [-] oslo_limit.split_loggers = False {{(pid=109035) log_opt_values /opt/stack/data/venv/lib/python3.12/site-packages/oslo_config/cfg.py:3253}}
Jun 29 06:02:02.829053 np0000183449 nova-scheduler[109035]: DEBUG cotyledon.oslo_config_glue [-] oslo_limit.status_code_retries = None {{(pid=109035) log_opt_values /opt/stack/data/venv/lib/python3.12/site-packages/oslo_config/cfg.py:3253}}
Jun 29 06:02:02.829053 np0000183449 nova-scheduler[109035]: DEBUG cotyledon.oslo_config_glue [-] oslo_limit.status_code_retry_delay = None {{(pid=109035) log_opt_values /opt/stack/data/venv/lib/python3.12/site-packages/oslo_config/cfg.py:3253}}
Jun 29 06:02:02.829053 np0000183449 nova-scheduler[109035]: DEBUG cotyledon.oslo_config_glue [-] oslo_limit.timeout = None {{(pid=109035) log_opt_values /opt/stack/data/venv/lib/python3.12/site-packages/oslo_config/cfg.py:3253}}
Jun 29 06:02:02.829243 np0000183449 nova-scheduler[109035]: DEBUG cotyledon.oslo_config_glue [-] oslo_limit.valid_interfaces = None {{(pid=109035) log_opt_values /opt/stack/data/venv/lib/python3.12/site-packages/oslo_config/cfg.py:3253}}
Jun 29 06:02:02.829243 np0000183449 nova-scheduler[109035]: DEBUG cotyledon.oslo_config_glue [-] oslo_limit.version = None {{(pid=109035) log_opt_values /opt/stack/data/venv/lib/python3.12/site-packages/oslo_config/cfg.py:3253}}
Jun 29 06:02:02.829243 np0000183449 nova-scheduler[109035]: DEBUG cotyledon.oslo_config_glue [-] oslo_reports.file_event_handler = None {{(pid=109035) log_opt_values /opt/stack/data/venv/lib/python3.12/site-packages/oslo_config/cfg.py:3253}}
Jun 29 06:02:02.829243 np0000183449 nova-scheduler[109035]: DEBUG cotyledon.oslo_config_glue [-] oslo_reports.file_event_handler_interval = 1 {{(pid=109035) log_opt_values /opt/stack/data/venv/lib/python3.12/site-packages/oslo_config/cfg.py:3253}}
Jun 29 06:02:02.829243 np0000183449 nova-scheduler[109035]: DEBUG cotyledon.oslo_config_glue [-] oslo_reports.log_dir = None {{(pid=109035) log_opt_values /opt/stack/data/venv/lib/python3.12/site-packages/oslo_config/cfg.py:3253}}
Jun 29 06:02:02.829243 np0000183449 nova-scheduler[109035]: DEBUG cotyledon.oslo_config_glue [-] ******************************************************************************** {{(pid=109035) log_opt_values /opt/stack/data/venv/lib/python3.12/site-packages/oslo_config/cfg.py:3260}}
Jun 29 06:02:02.829243 np0000183449 nova-scheduler[109035]: DEBUG cotyledon._service_worker [-] Run service ServiceWrapper(3) [109035] {{(pid=109035) wait_forever /opt/stack/data/venv/lib/python3.12/site-packages/cotyledon/_service_worker.py:218}}
Jun 29 06:02:02.829243 np0000183449 nova-scheduler[109035]: INFO nova.service [-] Starting scheduler node (version 33.1.0)
Jun 29 06:02:02.829243 np0000183449 nova-scheduler[109035]: INFO dbcounter [None req-75232688-02f4-4e9c-93ab-cbf818a8b579 None None] Registered counter for database nova_cell0
Jun 29 06:02:02.829433 np0000183449 nova-scheduler[109010]: DEBUG oslo_db.sqlalchemy.engines [None req-546ed1c7-993d-4021-9ffd-2e9f8a2f35f5 None None] MySQL server mode set to STRICT_TRANS_TABLES,STRICT_ALL_TABLES,NO_ZERO_IN_DATE,NO_ZERO_DATE,ERROR_FOR_DIVISION_BY_ZERO,TRADITIONAL,NO_ENGINE_SUBSTITUTION {{(pid=109010) _check_effective_sql_mode /opt/stack/data/venv/lib/python3.12/site-packages/oslo_db/sqlalchemy/engines.py:325}}
Jun 29 06:02:02.832696 np0000183449 nova-scheduler[109016]: DEBUG oslo_db.sqlalchemy.engines [None req-4d5b7e2e-5510-4731-acb6-b15f7d57b1d5 None None] MySQL server mode set to STRICT_TRANS_TABLES,STRICT_ALL_TABLES,NO_ZERO_IN_DATE,NO_ZERO_DATE,ERROR_FOR_DIVISION_BY_ZERO,TRADITIONAL,NO_ENGINE_SUBSTITUTION {{(pid=109016) _check_effective_sql_mode /opt/stack/data/venv/lib/python3.12/site-packages/oslo_db/sqlalchemy/engines.py:325}}
Jun 29 06:02:02.840722 np0000183449 nova-scheduler[109010]: DEBUG dbcounter [-] [109010] Writer thread running {{(pid=109010) stat_writer /opt/stack/data/venv/lib/python3.12/site-packages/dbcounter.py:102}}
Jun 29 06:02:02.843972 np0000183449 nova-scheduler[109016]: DEBUG dbcounter [-] [109016] Writer thread running {{(pid=109016) stat_writer /opt/stack/data/venv/lib/python3.12/site-packages/dbcounter.py:102}}
Jun 29 06:02:02.850795 np0000183449 nova-scheduler[109023]: DEBUG oslo_db.sqlalchemy.engines [None req-eb152e91-b689-4e6a-b33d-24e6086783b1 None None] MySQL server mode set to STRICT_TRANS_TABLES,STRICT_ALL_TABLES,NO_ZERO_IN_DATE,NO_ZERO_DATE,ERROR_FOR_DIVISION_BY_ZERO,TRADITIONAL,NO_ENGINE_SUBSTITUTION {{(pid=109023) _check_effective_sql_mode /opt/stack/data/venv/lib/python3.12/site-packages/oslo_db/sqlalchemy/engines.py:325}}
Jun 29 06:02:02.860368 np0000183449 nova-scheduler[109010]: DEBUG nova.service [None req-546ed1c7-993d-4021-9ffd-2e9f8a2f35f5 None None] Creating RPC server for service: nova-scheduler on topic: scheduler {{(pid=109010) start /opt/stack/nova/nova/service.py:196}}
Jun 29 06:02:02.863103 np0000183449 nova-scheduler[109023]: DEBUG dbcounter [-] [109023] Writer thread running {{(pid=109023) stat_writer /opt/stack/data/venv/lib/python3.12/site-packages/dbcounter.py:102}}
Jun 29 06:02:02.871018 np0000183449 nova-scheduler[109016]: DEBUG nova.service [None req-4d5b7e2e-5510-4731-acb6-b15f7d57b1d5 None None] Creating RPC server for service: nova-scheduler on topic: scheduler {{(pid=109016) start /opt/stack/nova/nova/service.py:196}}
Jun 29 06:02:02.872689 np0000183449 nova-scheduler[109023]: DEBUG nova.service [None req-eb152e91-b689-4e6a-b33d-24e6086783b1 None None] Creating RPC server for service: nova-scheduler on topic: scheduler {{(pid=109023) start /opt/stack/nova/nova/service.py:196}}
Jun 29 06:02:02.872833 np0000183449 nova-scheduler[109035]: DEBUG oslo_db.sqlalchemy.engines [None req-75232688-02f4-4e9c-93ab-cbf818a8b579 None None] MySQL server mode set to STRICT_TRANS_TABLES,STRICT_ALL_TABLES,NO_ZERO_IN_DATE,NO_ZERO_DATE,ERROR_FOR_DIVISION_BY_ZERO,TRADITIONAL,NO_ENGINE_SUBSTITUTION {{(pid=109035) _check_effective_sql_mode /opt/stack/data/venv/lib/python3.12/site-packages/oslo_db/sqlalchemy/engines.py:325}}
Jun 29 06:02:02.884769 np0000183449 nova-scheduler[109035]: DEBUG dbcounter [-] [109035] Writer thread running {{(pid=109035) stat_writer /opt/stack/data/venv/lib/python3.12/site-packages/dbcounter.py:102}}
Jun 29 06:02:02.888373 np0000183449 nova-scheduler[109035]: DEBUG nova.service [None req-75232688-02f4-4e9c-93ab-cbf818a8b579 None None] Creating RPC server for service: nova-scheduler on topic: scheduler {{(pid=109035) start /opt/stack/nova/nova/service.py:196}}
Jun 29 06:02:02.892764 np0000183449 nova-scheduler[109016]: DEBUG nova.service [None req-4d5b7e2e-5510-4731-acb6-b15f7d57b1d5 None None] Join ServiceGroup membership for this service scheduler {{(pid=109016) start /opt/stack/nova/nova/service.py:222}}
Jun 29 06:02:02.892965 np0000183449 nova-scheduler[109016]: DEBUG nova.servicegroup.drivers.db [None req-4d5b7e2e-5510-4731-acb6-b15f7d57b1d5 None None] DB_Driver: join new ServiceGroup member np0000183449 to the scheduler group, service = {{(pid=109016) join /opt/stack/nova/nova/servicegroup/drivers/db.py:44}}
Jun 29 06:02:02.893390 np0000183449 nova-scheduler[109010]: DEBUG nova.service [None req-546ed1c7-993d-4021-9ffd-2e9f8a2f35f5 None None] Join ServiceGroup membership for this service scheduler {{(pid=109010) start /opt/stack/nova/nova/service.py:222}}
Jun 29 06:02:02.893947 np0000183449 nova-scheduler[109023]: DEBUG nova.service [None req-eb152e91-b689-4e6a-b33d-24e6086783b1 None None] Join ServiceGroup membership for this service scheduler {{(pid=109023) start /opt/stack/nova/nova/service.py:222}}
Jun 29 06:02:02.894015 np0000183449 nova-scheduler[109010]: DEBUG nova.servicegroup.drivers.db [None req-546ed1c7-993d-4021-9ffd-2e9f8a2f35f5 None None] DB_Driver: join new ServiceGroup member np0000183449 to the scheduler group, service = {{(pid=109010) join /opt/stack/nova/nova/servicegroup/drivers/db.py:44}}
Jun 29 06:02:02.894094 np0000183449 nova-scheduler[109023]: DEBUG nova.servicegroup.drivers.db [None req-eb152e91-b689-4e6a-b33d-24e6086783b1 None None] DB_Driver: join new ServiceGroup member np0000183449 to the scheduler group, service = {{(pid=109023) join /opt/stack/nova/nova/servicegroup/drivers/db.py:44}}
Jun 29 06:02:02.904441 np0000183449 nova-scheduler[109035]: DEBUG nova.service [None req-75232688-02f4-4e9c-93ab-cbf818a8b579 None None] Join ServiceGroup membership for this service scheduler {{(pid=109035) start /opt/stack/nova/nova/service.py:222}}
Jun 29 06:02:02.904593 np0000183449 nova-scheduler[109035]: DEBUG nova.servicegroup.drivers.db [None req-75232688-02f4-4e9c-93ab-cbf818a8b579 None None] DB_Driver: join new ServiceGroup member np0000183449 to the scheduler group, service = {{(pid=109035) join /opt/stack/nova/nova/servicegroup/drivers/db.py:44}}
Jun 29 06:02:07.916436 np0000183449 nova-scheduler[109010]: DEBUG oslo.service.backend._threading.loopingcall [-] Fixed interval looping call 'nova.servicegroup.drivers.db.DbDriver._report_state' sleeping for 119.98 seconds {{(pid=109010) _run_loop /opt/stack/data/venv/lib/python3.12/site-packages/oslo_service/backend/_threading/loopingcall.py:125}}
Jun 29 06:02:07.918470 np0000183449 nova-scheduler[109023]: DEBUG oslo.service.backend._threading.loopingcall [-] Fixed interval looping call 'nova.servicegroup.drivers.db.DbDriver._report_state' sleeping for 119.98 seconds {{(pid=109023) _run_loop /opt/stack/data/venv/lib/python3.12/site-packages/oslo_service/backend/_threading/loopingcall.py:125}}
Jun 29 06:02:07.918933 np0000183449 nova-scheduler[109016]: DEBUG oslo.service.backend._threading.loopingcall [-] Fixed interval looping call 'nova.servicegroup.drivers.db.DbDriver._report_state' sleeping for 119.98 seconds {{(pid=109016) _run_loop /opt/stack/data/venv/lib/python3.12/site-packages/oslo_service/backend/_threading/loopingcall.py:125}}
Jun 29 06:02:07.919456 np0000183449 nova-scheduler[109035]: DEBUG oslo.service.backend._threading.loopingcall [-] Fixed interval looping call 'nova.servicegroup.drivers.db.DbDriver._report_state' sleeping for 119.99 seconds {{(pid=109035) _run_loop /opt/stack/data/venv/lib/python3.12/site-packages/oslo_service/backend/_threading/loopingcall.py:125}}
Jun 29 06:02:11.375708 np0000183449 nova-scheduler[108270]: DEBUG dbcounter [-] [108270] Writing DB stats nova_api:SELECT=3 {{(pid=108270) stat_writer /opt/stack/data/venv/lib/python3.12/site-packages/dbcounter.py:115}}
Jun 29 06:02:11.527047 np0000183449 nova-scheduler[108270]: DEBUG dbcounter [-] [108270] Writing DB stats nova_cell0:SELECT=1 {{(pid=108270) stat_writer /opt/stack/data/venv/lib/python3.12/site-packages/dbcounter.py:115}}
Jun 29 06:02:11.530791 np0000183449 nova-scheduler[108270]: DEBUG dbcounter [-] [108270] Writing DB stats nova_cell1:SELECT=1 {{(pid=108270) stat_writer /opt/stack/data/venv/lib/python3.12/site-packages/dbcounter.py:115}}
Jun 29 06:02:17.907395 np0000183449 nova-scheduler[109010]: DEBUG dbcounter [-] [109010] Writing DB stats nova_cell0:SELECT=4,nova_cell0:INSERT=1,nova_cell0:UPDATE=1 {{(pid=109010) stat_writer /opt/stack/data/venv/lib/python3.12/site-packages/dbcounter.py:115}}
Jun 29 06:02:17.908905 np0000183449 nova-scheduler[109016]: DEBUG dbcounter [-] [109016] Writing DB stats nova_cell0:SELECT=5,nova_cell0:INSERT=1,nova_cell0:UPDATE=1 {{(pid=109016) stat_writer /opt/stack/data/venv/lib/python3.12/site-packages/dbcounter.py:115}}
Jun 29 06:02:17.910066 np0000183449 nova-scheduler[109023]: DEBUG dbcounter [-] [109023] Writing DB stats nova_cell0:SELECT=3,nova_cell0:UPDATE=1 {{(pid=109023) stat_writer /opt/stack/data/venv/lib/python3.12/site-packages/dbcounter.py:115}}
Jun 29 06:02:17.915669 np0000183449 nova-scheduler[109035]: DEBUG dbcounter [-] [109035] Writing DB stats nova_cell0:SELECT=3 {{(pid=109035) stat_writer /opt/stack/data/venv/lib/python3.12/site-packages/dbcounter.py:115}}
Jun 29 06:02:18.907131 np0000183449 nova-scheduler[109035]: DEBUG oslo.service.backend._threading.loopingcall [None req-bed7850f-9cfc-4b58-ae09-2bbc2b9f8e01 None None] Dynamic interval looping call 'nova.service.Service.periodic_tasks' sleeping for 60.00 seconds {{(pid=109035) _run_loop /opt/stack/data/venv/lib/python3.12/site-packages/oslo_service/backend/_threading/loopingcall.py:125}}
Jun 29 06:02:29.897588 np0000183449 nova-scheduler[109010]: DEBUG oslo.service.backend._threading.loopingcall [None req-f599c2c1-5816-4096-bace-8bed806a8ead None None] Dynamic interval looping call 'nova.service.Service.periodic_tasks' sleeping for 60.00 seconds {{(pid=109010) _run_loop /opt/stack/data/venv/lib/python3.12/site-packages/oslo_service/backend/_threading/loopingcall.py:125}}
Jun 29 06:02:47.897389 np0000183449 nova-scheduler[109023]: DEBUG oslo.service.backend._threading.loopingcall [None req-5853c83e-d23d-44b0-8693-2df9b029b905 None None] Dynamic interval looping call 'nova.service.Service.periodic_tasks' sleeping for 60.00 seconds {{(pid=109023) _run_loop /opt/stack/data/venv/lib/python3.12/site-packages/oslo_service/backend/_threading/loopingcall.py:125}}
Jun 29 06:02:59.896595 np0000183449 nova-scheduler[109016]: DEBUG oslo.service.backend._threading.loopingcall [None req-cfe104e5-b799-4f19-9b26-8a1de9d088de None None] Dynamic interval looping call 'nova.service.Service.periodic_tasks' sleeping for 60.00 seconds {{(pid=109016) _run_loop /opt/stack/data/venv/lib/python3.12/site-packages/oslo_service/backend/_threading/loopingcall.py:125}}
Jun 29 06:03:18.908039 np0000183449 nova-scheduler[109035]: DEBUG oslo.service.backend._threading.loopingcall [None req-bed7850f-9cfc-4b58-ae09-2bbc2b9f8e01 None None] Dynamic interval looping call 'nova.service.Service.periodic_tasks' sleeping for 60.00 seconds {{(pid=109035) _run_loop /opt/stack/data/venv/lib/python3.12/site-packages/oslo_service/backend/_threading/loopingcall.py:125}}
Jun 29 06:03:29.898448 np0000183449 nova-scheduler[109010]: DEBUG oslo.service.backend._threading.loopingcall [None req-f599c2c1-5816-4096-bace-8bed806a8ead None None] Dynamic interval looping call 'nova.service.Service.periodic_tasks' sleeping for 60.00 seconds {{(pid=109010) _run_loop /opt/stack/data/venv/lib/python3.12/site-packages/oslo_service/backend/_threading/loopingcall.py:125}}
Jun 29 06:03:47.898215 np0000183449 nova-scheduler[109023]: DEBUG oslo.service.backend._threading.loopingcall [None req-5853c83e-d23d-44b0-8693-2df9b029b905 None None] Dynamic interval looping call 'nova.service.Service.periodic_tasks' sleeping for 60.00 seconds {{(pid=109023) _run_loop /opt/stack/data/venv/lib/python3.12/site-packages/oslo_service/backend/_threading/loopingcall.py:125}}
Jun 29 06:03:59.897219 np0000183449 nova-scheduler[109016]: DEBUG oslo.service.backend._threading.loopingcall [None req-cfe104e5-b799-4f19-9b26-8a1de9d088de None None] Dynamic interval looping call 'nova.service.Service.periodic_tasks' sleeping for 60.00 seconds {{(pid=109016) _run_loop /opt/stack/data/venv/lib/python3.12/site-packages/oslo_service/backend/_threading/loopingcall.py:125}}
Jun 29 06:04:07.907287 np0000183449 nova-scheduler[109010]: DEBUG oslo.service.backend._threading.loopingcall [-] Fixed interval looping call 'nova.servicegroup.drivers.db.DbDriver._report_state' sleeping for 119.99 seconds {{(pid=109010) _run_loop /opt/stack/data/venv/lib/python3.12/site-packages/oslo_service/backend/_threading/loopingcall.py:125}}
Jun 29 06:04:07.908292 np0000183449 nova-scheduler[109023]: DEBUG oslo.service.backend._threading.loopingcall [-] Fixed interval looping call 'nova.servicegroup.drivers.db.DbDriver._report_state' sleeping for 119.99 seconds {{(pid=109023) _run_loop /opt/stack/data/venv/lib/python3.12/site-packages/oslo_service/backend/_threading/loopingcall.py:125}}
Jun 29 06:04:07.912601 np0000183449 nova-scheduler[109016]: DEBUG oslo.service.backend._threading.loopingcall [-] Fixed interval looping call 'nova.servicegroup.drivers.db.DbDriver._report_state' sleeping for 119.99 seconds {{(pid=109016) _run_loop /opt/stack/data/venv/lib/python3.12/site-packages/oslo_service/backend/_threading/loopingcall.py:125}}
Jun 29 06:04:07.913591 np0000183449 nova-scheduler[109035]: DEBUG oslo.service.backend._threading.loopingcall [-] Fixed interval looping call 'nova.servicegroup.drivers.db.DbDriver._report_state' sleeping for 120.00 seconds {{(pid=109035) _run_loop /opt/stack/data/venv/lib/python3.12/site-packages/oslo_service/backend/_threading/loopingcall.py:125}}
Jun 29 06:04:17.901419 np0000183449 nova-scheduler[109010]: DEBUG dbcounter [-] [109010] Writing DB stats nova_cell0:SELECT=1,nova_cell0:UPDATE=1 {{(pid=109010) stat_writer /opt/stack/data/venv/lib/python3.12/site-packages/dbcounter.py:115}}
Jun 29 06:04:17.903431 np0000183449 nova-scheduler[109023]: DEBUG dbcounter [-] [109023] Writing DB stats nova_cell0:SELECT=1,nova_cell0:UPDATE=1 {{(pid=109023) stat_writer /opt/stack/data/venv/lib/python3.12/site-packages/dbcounter.py:115}}
Jun 29 06:04:17.909214 np0000183449 nova-scheduler[109016]: DEBUG dbcounter [-] [109016] Writing DB stats nova_cell0:SELECT=1 {{(pid=109016) stat_writer /opt/stack/data/venv/lib/python3.12/site-packages/dbcounter.py:115}}
Jun 29 06:04:17.911932 np0000183449 nova-scheduler[109035]: DEBUG dbcounter [-] [109035] Writing DB stats nova_cell0:SELECT=1 {{(pid=109035) stat_writer /opt/stack/data/venv/lib/python3.12/site-packages/dbcounter.py:115}}
Jun 29 06:04:18.908607 np0000183449 nova-scheduler[109035]: DEBUG oslo.service.backend._threading.loopingcall [None req-bed7850f-9cfc-4b58-ae09-2bbc2b9f8e01 None None] Dynamic interval looping call 'nova.service.Service.periodic_tasks' sleeping for 60.00 seconds {{(pid=109035) _run_loop /opt/stack/data/venv/lib/python3.12/site-packages/oslo_service/backend/_threading/loopingcall.py:125}}
Jun 29 06:04:29.899126 np0000183449 nova-scheduler[109010]: DEBUG oslo.service.backend._threading.loopingcall [None req-f599c2c1-5816-4096-bace-8bed806a8ead None None] Dynamic interval looping call 'nova.service.Service.periodic_tasks' sleeping for 60.00 seconds {{(pid=109010) _run_loop /opt/stack/data/venv/lib/python3.12/site-packages/oslo_service/backend/_threading/loopingcall.py:125}}
Jun 29 06:04:47.899012 np0000183449 nova-scheduler[109023]: DEBUG oslo.service.backend._threading.loopingcall [None req-5853c83e-d23d-44b0-8693-2df9b029b905 None None] Dynamic interval looping call 'nova.service.Service.periodic_tasks' sleeping for 60.00 seconds {{(pid=109023) _run_loop /opt/stack/data/venv/lib/python3.12/site-packages/oslo_service/backend/_threading/loopingcall.py:125}}
Jun 29 06:04:59.897702 np0000183449 nova-scheduler[109016]: DEBUG oslo.service.backend._threading.loopingcall [None req-cfe104e5-b799-4f19-9b26-8a1de9d088de None None] Dynamic interval looping call 'nova.service.Service.periodic_tasks' sleeping for 60.00 seconds {{(pid=109016) _run_loop /opt/stack/data/venv/lib/python3.12/site-packages/oslo_service/backend/_threading/loopingcall.py:125}}
Jun 29 06:05:18.909605 np0000183449 nova-scheduler[109035]: DEBUG oslo.service.backend._threading.loopingcall [None req-bed7850f-9cfc-4b58-ae09-2bbc2b9f8e01 None None] Dynamic interval looping call 'nova.service.Service.periodic_tasks' sleeping for 60.00 seconds {{(pid=109035) _run_loop /opt/stack/data/venv/lib/python3.12/site-packages/oslo_service/backend/_threading/loopingcall.py:125}}
Jun 29 06:05:29.899995 np0000183449 nova-scheduler[109010]: DEBUG oslo.service.backend._threading.loopingcall [None req-f599c2c1-5816-4096-bace-8bed806a8ead None None] Dynamic interval looping call 'nova.service.Service.periodic_tasks' sleeping for 60.00 seconds {{(pid=109010) _run_loop /opt/stack/data/venv/lib/python3.12/site-packages/oslo_service/backend/_threading/loopingcall.py:125}}
Jun 29 06:05:47.900026 np0000183449 nova-scheduler[109023]: DEBUG oslo.service.backend._threading.loopingcall [None req-5853c83e-d23d-44b0-8693-2df9b029b905 None None] Dynamic interval looping call 'nova.service.Service.periodic_tasks' sleeping for 60.00 seconds {{(pid=109023) _run_loop /opt/stack/data/venv/lib/python3.12/site-packages/oslo_service/backend/_threading/loopingcall.py:125}}
Jun 29 06:05:59.898593 np0000183449 nova-scheduler[109016]: DEBUG oslo.service.backend._threading.loopingcall [None req-cfe104e5-b799-4f19-9b26-8a1de9d088de None None] Dynamic interval looping call 'nova.service.Service.periodic_tasks' sleeping for 60.00 seconds {{(pid=109016) _run_loop /opt/stack/data/venv/lib/python3.12/site-packages/oslo_service/backend/_threading/loopingcall.py:125}}
Jun 29 06:06:07.915093 np0000183449 nova-scheduler[109010]: DEBUG oslo.service.backend._threading.loopingcall [-] Fixed interval looping call 'nova.servicegroup.drivers.db.DbDriver._report_state' sleeping for 119.98 seconds {{(pid=109010) _run_loop /opt/stack/data/venv/lib/python3.12/site-packages/oslo_service/backend/_threading/loopingcall.py:125}}
Jun 29 06:06:07.915619 np0000183449 nova-scheduler[109023]: DEBUG oslo.service.backend._threading.loopingcall [-] Fixed interval looping call 'nova.servicegroup.drivers.db.DbDriver._report_state' sleeping for 119.98 seconds {{(pid=109023) _run_loop /opt/stack/data/venv/lib/python3.12/site-packages/oslo_service/backend/_threading/loopingcall.py:125}}
Jun 29 06:06:07.917191 np0000183449 nova-scheduler[109016]: DEBUG oslo.service.backend._threading.loopingcall [-] Fixed interval looping call 'nova.servicegroup.drivers.db.DbDriver._report_state' sleeping for 119.99 seconds {{(pid=109016) _run_loop /opt/stack/data/venv/lib/python3.12/site-packages/oslo_service/backend/_threading/loopingcall.py:125}}
Jun 29 06:06:07.919708 np0000183449 nova-scheduler[109035]: DEBUG oslo.service.backend._threading.loopingcall [-] Fixed interval looping call 'nova.servicegroup.drivers.db.DbDriver._report_state' sleeping for 120.00 seconds {{(pid=109035) _run_loop /opt/stack/data/venv/lib/python3.12/site-packages/oslo_service/backend/_threading/loopingcall.py:125}}
Jun 29 06:06:17.907705 np0000183449 nova-scheduler[109010]: DEBUG dbcounter [-] [109010] Writing DB stats nova_cell0:SELECT=1,nova_cell0:UPDATE=1 {{(pid=109010) stat_writer /opt/stack/data/venv/lib/python3.12/site-packages/dbcounter.py:115}}
Jun 29 06:06:17.912930 np0000183449 nova-scheduler[109016]: DEBUG dbcounter [-] [109016] Writing DB stats nova_cell0:SELECT=1,nova_cell0:UPDATE=1 {{(pid=109016) stat_writer /opt/stack/data/venv/lib/python3.12/site-packages/dbcounter.py:115}}
Jun 29 06:06:17.913872 np0000183449 nova-scheduler[109023]: DEBUG dbcounter [-] [109023] Writing DB stats nova_cell0:SELECT=1,nova_cell0:UPDATE=1 {{(pid=109023) stat_writer /opt/stack/data/venv/lib/python3.12/site-packages/dbcounter.py:115}}
Jun 29 06:06:17.919317 np0000183449 nova-scheduler[109035]: DEBUG dbcounter [-] [109035] Writing DB stats nova_cell0:SELECT=1 {{(pid=109035) stat_writer /opt/stack/data/venv/lib/python3.12/site-packages/dbcounter.py:115}}
Jun 29 06:06:18.910330 np0000183449 nova-scheduler[109035]: DEBUG oslo.service.backend._threading.loopingcall [None req-bed7850f-9cfc-4b58-ae09-2bbc2b9f8e01 None None] Dynamic interval looping call 'nova.service.Service.periodic_tasks' sleeping for 60.00 seconds {{(pid=109035) _run_loop /opt/stack/data/venv/lib/python3.12/site-packages/oslo_service/backend/_threading/loopingcall.py:125}}
Jun 29 06:06:25.859883 np0000183449 nova-scheduler[109010]: DEBUG nova.scheduler.manager [None req-f45c1428-168d-4434-9891-27ec378a2b6c demo demo] Starting to schedule for instances: ['00937a08-b18c-46ac-a927-f5ea9155b78e'] {{(pid=109010) select_destinations /opt/stack/nova/nova/scheduler/manager.py:209}}
