2026-06-23 19:59:11.712 8 INFO placement.requestlog [None req-ab269fa1-cff9-43c4-ad49-ac33707fbef9 fde50141808d41c19ce87ebf6edfb186 6ba1eb163a1a423e935619105b69854d - - 29b3671ba91940f1b288f5c233ba8303 29b3671ba91940f1b288f5c233ba8303] 10.0.0.12 "DELETE /resource_providers/c194a789-0aad-4f52-a11a-ecb9e89bd661" status: 404 len: 246 microversion: 1.1 [pid: 8|app: 0|req: 564/1122] 10.0.0.12 () {34 vars in 815 bytes} [Tue Jun 23 19:59:11 2026] DELETE /resource_providers/c194a789-0aad-4f52-a11a-ecb9e89bd661 => generated 246 bytes in 7 msecs (HTTP/1.1 404) 6 headers in 231 bytes (1 switches on core 0)
2026-06-23 19:59:11.721 7 INFO placement.requestlog [None req-4797ef6b-fd36-4e8a-9d40-c448235bb941 fde50141808d41c19ce87ebf6edfb186 6ba1eb163a1a423e935619105b69854d - - 29b3671ba91940f1b288f5c233ba8303 29b3671ba91940f1b288f5c233ba8303] 10.0.0.12 "DELETE /resource_providers/c194a789-0aad-4f52-a11a-ecb9e89bd661" status: 404 len: 246 microversion: 1.1 [pid: 7|app: 0|req: 559/1123] 10.0.0.12 () {34 vars in 815 bytes} [Tue Jun 23 19:59:11 2026] DELETE /resource_providers/c194a789-0aad-4f52-a11a-ecb9e89bd661 => generated 246 bytes in 15 msecs (HTTP/1.1 404) 6 headers in 231 bytes (1 switches on core 0)
2026-06-23 19:59:12.260 8 INFO placement.requestlog [None req-560accb7-6cd8-447a-8c1c-55bdf95856a8 fde50141808d41c19ce87ebf6edfb186 6ba1eb163a1a423e935619105b69854d - - 29b3671ba91940f1b288f5c233ba8303 29b3671ba91940f1b288f5c233ba8303] 10.0.0.12 "GET /resource_providers/61c1e432-8938-48fb-af7a-67b900275c8d/aggregates" status: 404 len: 235 microversion: 1.1 [pid: 8|app: 0|req: 565/1124] 10.0.0.12 () {32 vars in 815 bytes} [Tue Jun 23 19:59:12 2026] GET /resource_providers/61c1e432-8938-48fb-af7a-67b900275c8d/aggregates => generated 235 bytes in 10 msecs (HTTP/1.1 404) 5 headers in 202 bytes (1 switches on core 0)
2026-06-23 19:59:12.262 7 INFO placement.requestlog [None req-8bf1c98d-6501-47fa-986b-1ed242e988dd fde50141808d41c19ce87ebf6edfb186 6ba1eb163a1a423e935619105b69854d - - 29b3671ba91940f1b288f5c233ba8303 29b3671ba91940f1b288f5c233ba8303] 10.0.0.12 "GET /resource_providers/61c1e432-8938-48fb-af7a-67b900275c8d/aggregates" status: 404 len: 235 microversion: 1.1 [pid: 7|app: 0|req: 560/1125] 10.0.0.12 () {32 vars in 815 bytes} [Tue Jun 23 19:59:12 2026] GET /resource_providers/61c1e432-8938-48fb-af7a-67b900275c8d/aggregates => generated 235 bytes in 13 msecs (HTTP/1.1 404) 5 headers in 202 bytes (1 switches on core 0)
2026-06-23 19:59:12.299 8 INFO placement.requestlog [None req-3245e494-c180-46ba-b2b6-1fb71f6e5f26 fde50141808d41c19ce87ebf6edfb186 6ba1eb163a1a423e935619105b69854d - - 29b3671ba91940f1b288f5c233ba8303 29b3671ba91940f1b288f5c233ba8303] 10.0.0.12 "DELETE /resource_providers/61c1e432-8938-48fb-af7a-67b900275c8d" status: 404 len: 246 microversion: 1.1 [pid: 8|app: 0|req: 566/1126] 10.0.0.12 () {34 vars in 815 bytes} [Tue Jun 23 19:59:12 2026] DELETE /resource_providers/61c1e432-8938-48fb-af7a-67b900275c8d => generated 246 bytes in 14 msecs (HTTP/1.1 404) 6 headers in 231 bytes (1 switches on core 0)
2026-06-23 19:59:12.300 7 INFO placement.requestlog [None req-e273d50f-4162-41a8-ace2-3703d27ad33c fde50141808d41c19ce87ebf6edfb186 6ba1eb163a1a423e935619105b69854d - - 29b3671ba91940f1b288f5c233ba8303 29b3671ba91940f1b288f5c233ba8303] 10.0.0.12 "DELETE /resource_providers/61c1e432-8938-48fb-af7a-67b900275c8d" status: 404 len: 246 microversion: 1.1 [pid: 7|app: 0|req: 561/1127] 10.0.0.12 () {34 vars in 815 bytes} [Tue Jun 23 19:59:12 2026] DELETE /resource_providers/61c1e432-8938-48fb-af7a-67b900275c8d => generated 246 bytes in 15 msecs (HTTP/1.1 404) 6 headers in 231 bytes (1 switches on core 0)
2026-06-23 19:59:12.320 8 INFO placement.requestlog [None req-d2d597fe-cc74-4670-9371-dd88de620749 fde50141808d41c19ce87ebf6edfb186 6ba1eb163a1a423e935619105b69854d - - 29b3671ba91940f1b288f5c233ba8303 29b3671ba91940f1b288f5c233ba8303] 10.0.0.12 "GET /resource_providers/2182bf1f-34d2-4f5b-b6ef-e06b5da92e42/aggregates" status: 404 len: 235 microversion: 1.1 [pid: 8|app: 0|req: 567/1128] 10.0.0.12 () {32 vars in 815 bytes} [Tue Jun 23 19:59:12 2026] GET /resource_providers/2182bf1f-34d2-4f5b-b6ef-e06b5da92e42/aggregates => generated 235 bytes in 13 msecs (HTTP/1.1 404) 5 headers in 202 bytes (1 switches on core 0)
2026-06-23 19:59:12.328 7 INFO placement.requestlog [None req-48d40389-526c-4900-9995-9606fc071bad fde50141808d41c19ce87ebf6edfb186 6ba1eb163a1a423e935619105b69854d - - 29b3671ba91940f1b288f5c233ba8303 29b3671ba91940f1b288f5c233ba8303] 10.0.0.12 "GET /resource_providers/2182bf1f-34d2-4f5b-b6ef-e06b5da92e42/aggregates" status: 404 len: 235 microversion: 1.1 [pid: 7|app: 0|req: 562/1129] 10.0.0.12 () {32 vars in 815 bytes} [Tue Jun 23 19:59:12 2026] GET /resource_providers/2182bf1f-34d2-4f5b-b6ef-e06b5da92e42/aggregates => generated 235 bytes in 15 msecs (HTTP/1.1 404) 5 headers in 202 bytes (1 switches on core 0)
2026-06-23 19:59:12.338 8 INFO placement.requestlog [None req-7892725a-135f-4487-b623-440ee849295b fde50141808d41c19ce87ebf6edfb186 6ba1eb163a1a423e935619105b69854d - - 29b3671ba91940f1b288f5c233ba8303 29b3671ba91940f1b288f5c233ba8303] 10.0.0.12 "DELETE /resource_providers/2182bf1f-34d2-4f5b-b6ef-e06b5da92e42" status: 404 len: 246 microversion: 1.1 [pid: 8|app: 0|req: 568/1130] 10.0.0.12 () {34 vars in 815 bytes} [Tue Jun 23 19:59:12 2026] DELETE /resource_providers/2182bf1f-34d2-4f5b-b6ef-e06b5da92e42 => generated 246 bytes in 11 msecs (HTTP/1.1 404) 6 headers in 231 bytes (1 switches on core 0)
2026-06-23 19:59:12.368 7 INFO placement.requestlog [None req-67f468a8-c2e3-4507-8b1a-ece8b1d04b41 fde50141808d41c19ce87ebf6edfb186 6ba1eb163a1a423e935619105b69854d - - 29b3671ba91940f1b288f5c233ba8303 29b3671ba91940f1b288f5c233ba8303] 10.0.0.12 "DELETE /resource_providers/2182bf1f-34d2-4f5b-b6ef-e06b5da92e42" status: 404 len: 246 microversion: 1.1 [pid: 7|app: 0|req: 563/1131] 10.0.0.12 () {34 vars in 815 bytes} [Tue Jun 23 19:59:12 2026] DELETE /resource_providers/2182bf1f-34d2-4f5b-b6ef-e06b5da92e42 => generated 246 bytes in 13 msecs (HTTP/1.1 404) 6 headers in 231 bytes (1 switches on core 0)
2026-06-23 19:59:13.749 8 INFO placement.requestlog [None req-d8a5472d-c112-4552-a91c-cb96caedc9f6 fde50141808d41c19ce87ebf6edfb186 6ba1eb163a1a423e935619105b69854d - - 29b3671ba91940f1b288f5c233ba8303 29b3671ba91940f1b288f5c233ba8303] 10.0.0.12 "GET /resource_providers/fad75fa9-c63a-4ab4-b7f3-0659b0b003fc/aggregates" status: 404 len: 235 microversion: 1.1 [pid: 8|app: 0|req: 569/1132] 10.0.0.12 () {32 vars in 815 bytes} [Tue Jun 23 19:59:13 2026] GET /resource_providers/fad75fa9-c63a-4ab4-b7f3-0659b0b003fc/aggregates => generated 235 bytes in 14 msecs (HTTP/1.1 404) 5 headers in 202 bytes (1 switches on core 0)
2026-06-23 19:59:13.758 7 INFO placement.requestlog [None req-a4a3db8e-9d2e-4ba4-93d4-0c8f839b89b8 fde50141808d41c19ce87ebf6edfb186 6ba1eb163a1a423e935619105b69854d - - 29b3671ba91940f1b288f5c233ba8303 29b3671ba91940f1b288f5c233ba8303] 10.0.0.12 "GET /resource_providers/fad75fa9-c63a-4ab4-b7f3-0659b0b003fc/aggregates" status: 404 len: 235 microversion: 1.1 [pid: 7|app: 0|req: 564/1133] 10.0.0.12 () {32 vars in 815 bytes} [Tue Jun 23 19:59:13 2026] GET /resource_providers/fad75fa9-c63a-4ab4-b7f3-0659b0b003fc/aggregates => generated 235 bytes in 16 msecs (HTTP/1.1 404) 5 headers in 202 bytes (1 switches on core 0)
2026-06-23 19:59:13.762 8 INFO placement.requestlog [None req-def64d4c-91e2-4226-89a5-ee3b7e450909 fde50141808d41c19ce87ebf6edfb186 6ba1eb163a1a423e935619105b69854d - - 29b3671ba91940f1b288f5c233ba8303 29b3671ba91940f1b288f5c233ba8303] 10.0.0.12 "DELETE /resource_providers/fad75fa9-c63a-4ab4-b7f3-0659b0b003fc" status: 404 len: 246 microversion: 1.1 [pid: 8|app: 0|req: 570/1134] 10.0.0.12 () {34 vars in 815 bytes} [Tue Jun 23 19:59:13 2026] DELETE /resource_providers/fad75fa9-c63a-4ab4-b7f3-0659b0b003fc => generated 246 bytes in 8 msecs (HTTP/1.1 404) 6 headers in 231 bytes (1 switches on core 0)
2026-06-23 19:59:13.779 7 INFO placement.requestlog [None req-720b41c6-c83b-4444-9808-646f8b5d8605 fde50141808d41c19ce87ebf6edfb186 6ba1eb163a1a423e935619105b69854d - - 29b3671ba91940f1b288f5c233ba8303 29b3671ba91940f1b288f5c233ba8303] 10.0.0.12 "DELETE /resource_providers/fad75fa9-c63a-4ab4-b7f3-0659b0b003fc" status: 404 len: 246 microversion: 1.1 [pid: 7|app: 0|req: 565/1135] 10.0.0.12 () {34 vars in 815 bytes} [Tue Jun 23 19:59:13 2026] DELETE /resource_providers/fad75fa9-c63a-4ab4-b7f3-0659b0b003fc => generated 246 bytes in 14 msecs (HTTP/1.1 404) 6 headers in 231 bytes (1 switches on core 0)
2026-06-23 19:59:13.979 7 INFO placement.requestlog [None req-14d33633-afbd-462d-99a2-73fbc7454bad - - - - - -] 10.0.0.24 "GET /" status: 200 len: 136 microversion: 1.0
2026-06-23 19:59:13.979 8 INFO placement.requestlog [None req-6ae31177-dc9d-4df7-afb0-31b0c9545589 - - - - - -] 10.0.0.24 "GET /" status: 200 len: 136 microversion: 1.0
2026-06-23 19:59:14.795 7 INFO placement.requestlog [req-387fa61d-caf5-4113-b1a2-0334fe9546f8 req-208e40d2-3f3b-47d0-ac4a-25da91948655 a8474d24c8a74ef6af679bf6eefbc164 6ba1eb163a1a423e935619105b69854d - - 29b3671ba91940f1b288f5c233ba8303 29b3671ba91940f1b288f5c233ba8303] 199.19.213.221 "GET /resource_providers/9bdb8023-fc98-40bd-ab2b-fc76cc24243c/allocations" status: 200 len: 55 microversion: 1.0 [pid: 7|app: 0|req: 567/1138] 199.19.213.221 () {32 vars in 857 bytes} [Tue Jun 23 19:59:14 2026] GET /resource_providers/9bdb8023-fc98-40bd-ab2b-fc76cc24243c/allocations => generated 55 bytes in 13 msecs (HTTP/1.1 200) 6 headers in 223 bytes (1 switches on core 0)
2026-06-23 19:59:14.820 8 INFO placement.requestlog [req-387fa61d-caf5-4113-b1a2-0334fe9546f8 req-e76070aa-01a3-4e93-a454-724b175c04f0 a8474d24c8a74ef6af679bf6eefbc164 6ba1eb163a1a423e935619105b69854d - - 29b3671ba91940f1b288f5c233ba8303 29b3671ba91940f1b288f5c233ba8303] 199.19.213.221 "GET /resource_providers/9bdb8023-fc98-40bd-ab2b-fc76cc24243c/allocations" status: 200 len: 55 microversion: 1.0 [pid: 8|app: 0|req: 572/1139] 199.19.213.221 () {32 vars in 857 bytes} [Tue Jun 23 19:59:14 2026] GET /resource_providers/9bdb8023-fc98-40bd-ab2b-fc76cc24243c/allocations => generated 55 bytes in 19 msecs (HTTP/1.1 200) 6 headers in 223 bytes (1 switches on core 0)
2026-06-23 19:59:15.027 7 INFO placement.requestlog [None req-9b2969d7-bfd4-4051-9df9-ccfb5637d20f fde50141808d41c19ce87ebf6edfb186 6ba1eb163a1a423e935619105b69854d - - 29b3671ba91940f1b288f5c233ba8303 29b3671ba91940f1b288f5c233ba8303] 10.0.0.12 "GET /resource_providers/9d14752f-85f2-456a-83af-a42254024dfa/aggregates" status: 404 len: 235 microversion: 1.1 [pid: 7|app: 0|req: 568/1140] 10.0.0.12 () {32 vars in 815 bytes} [Tue Jun 23 19:59:15 2026] GET /resource_providers/9d14752f-85f2-456a-83af-a42254024dfa/aggregates => generated 235 bytes in 13 msecs (HTTP/1.1 404) 5 headers in 202 bytes (1 switches on core 0)
2026-06-23 19:59:15.034 8 INFO placement.requestlog [None req-0674a425-275c-4265-8ac4-9d3ba4384616 fde50141808d41c19ce87ebf6edfb186 6ba1eb163a1a423e935619105b69854d - - 29b3671ba91940f1b288f5c233ba8303 29b3671ba91940f1b288f5c233ba8303] 10.0.0.12 "GET /resource_providers/9d14752f-85f2-456a-83af-a42254024dfa/aggregates" status: 404 len: 235 microversion: 1.1 [pid: 8|app: 0|req: 573/1141] 10.0.0.12 () {32 vars in 815 bytes} [Tue Jun 23 19:59:15 2026] GET /resource_providers/9d14752f-85f2-456a-83af-a42254024dfa/aggregates => generated 235 bytes in 19 msecs (HTTP/1.1 404) 5 headers in 202 bytes (1 switches on core 0)
2026-06-23 19:59:15.056 7 INFO placement.requestlog [None req-27ea014b-133a-4633-873e-60d74cef9c85 fde50141808d41c19ce87ebf6edfb186 6ba1eb163a1a423e935619105b69854d - - 29b3671ba91940f1b288f5c233ba8303 29b3671ba91940f1b288f5c233ba8303] 10.0.0.12 "DELETE /resource_providers/9d14752f-85f2-456a-83af-a42254024dfa" status: 404 len: 246 microversion: 1.1 [pid: 7|app: 0|req: 569/1142] 10.0.0.12 () {34 vars in 815 bytes} [Tue Jun 23 19:59:15 2026] DELETE /resource_providers/9d14752f-85f2-456a-83af-a42254024dfa => generated 246 bytes in 12 msecs (HTTP/1.1 404) 6 headers in 231 bytes (1 switches on core 0)
2026-06-23 19:59:15.057 8 INFO placement.requestlog [None req-dd6bd510-2f58-495c-9d9d-cf07ee73bead fde50141808d41c19ce87ebf6edfb186 6ba1eb163a1a423e935619105b69854d - - 29b3671ba91940f1b288f5c233ba8303 29b3671ba91940f1b288f5c233ba8303] 10.0.0.12 "DELETE /resource_providers/9d14752f-85f2-456a-83af-a42254024dfa" status: 404 len: 246 microversion: 1.1 [pid: 8|app: 0|req: 574/1143] 10.0.0.12 () {34 vars in 815 bytes} [Tue Jun 23 19:59:15 2026] DELETE /resource_providers/9d14752f-85f2-456a-83af-a42254024dfa => generated 246 bytes in 13 msecs (HTTP/1.1 404) 6 headers in 231 bytes (1 switches on core 0)
2026-06-23 19:59:20.135 8 INFO placement.requestlog [None req-54b200b4-0383-4386-a2c3-0ab2f14e7ecf fde50141808d41c19ce87ebf6edfb186 6ba1eb163a1a423e935619105b69854d - - 29b3671ba91940f1b288f5c233ba8303 29b3671ba91940f1b288f5c233ba8303] 10.0.0.12 "GET /resource_providers/b7aaabaa-59cf-4f30-b97a-68a460425a67/aggregates" status: 404 len: 235 microversion: 1.1 [pid: 8|app: 0|req: 575/1144] 10.0.0.12 () {32 vars in 815 bytes} [Tue Jun 23 19:59:20 2026] GET /resource_providers/b7aaabaa-59cf-4f30-b97a-68a460425a67/aggregates => generated 235 bytes in 12 msecs (HTTP/1.1 404) 5 headers in 202 bytes (1 switches on core 0)
2026-06-23 19:59:20.137 7 INFO placement.requestlog [None req-d7ff6033-1a08-494a-92d7-07c29ae69c94 fde50141808d41c19ce87ebf6edfb186 6ba1eb163a1a423e935619105b69854d - - 29b3671ba91940f1b288f5c233ba8303 29b3671ba91940f1b288f5c233ba8303] 10.0.0.12 "GET /resource_providers/b7aaabaa-59cf-4f30-b97a-68a460425a67/aggregates" status: 404 len: 235 microversion: 1.1 [pid: 7|app: 0|req: 570/1145] 10.0.0.12 () {32 vars in 815 bytes} [Tue Jun 23 19:59:20 2026] GET /resource_providers/b7aaabaa-59cf-4f30-b97a-68a460425a67/aggregates => generated 235 bytes in 16 msecs (HTTP/1.1 404) 5 headers in 202 bytes (1 switches on core 0)
2026-06-23 19:59:20.164 8 INFO placement.requestlog [None req-460c6ff2-3298-432e-aa1f-ec4743dfd279 fde50141808d41c19ce87ebf6edfb186 6ba1eb163a1a423e935619105b69854d - - 29b3671ba91940f1b288f5c233ba8303 29b3671ba91940f1b288f5c233ba8303] 10.0.0.12 "DELETE /resource_providers/b7aaabaa-59cf-4f30-b97a-68a460425a67" status: 404 len: 246 microversion: 1.1 [pid: 8|app: 0|req: 576/1146] 10.0.0.12 () {34 vars in 815 bytes} [Tue Jun 23 19:59:20 2026] DELETE /resource_providers/b7aaabaa-59cf-4f30-b97a-68a460425a67 => generated 246 bytes in 12 msecs (HTTP/1.1 404) 6 headers in 231 bytes (1 switches on core 0)
2026-06-23 19:59:20.167 7 INFO placement.requestlog [None req-0a0c18e5-9d18-4d6f-a737-d8e350f227c9 fde50141808d41c19ce87ebf6edfb186 6ba1eb163a1a423e935619105b69854d - - 29b3671ba91940f1b288f5c233ba8303 29b3671ba91940f1b288f5c233ba8303] 10.0.0.12 "DELETE /resource_providers/b7aaabaa-59cf-4f30-b97a-68a460425a67" status: 404 len: 246 microversion: 1.1 [pid: 7|app: 0|req: 571/1147] 10.0.0.12 () {34 vars in 815 bytes} [Tue Jun 23 19:59:20 2026] DELETE /resource_providers/b7aaabaa-59cf-4f30-b97a-68a460425a67 => generated 246 bytes in 15 msecs (HTTP/1.1 404) 6 headers in 231 bytes (1 switches on core 0)
2026-06-23 19:59:20.899 7 INFO placement.requestlog [None req-ead37fd1-f09b-475e-bb66-7ae6700b233a fde50141808d41c19ce87ebf6edfb186 6ba1eb163a1a423e935619105b69854d - - 29b3671ba91940f1b288f5c233ba8303 29b3671ba91940f1b288f5c233ba8303] 10.0.0.12 "GET /resource_providers/b8f1d5e9-1577-4665-8a57-97786a26b44c/aggregates" status: 404 len: 235 microversion: 1.1 [pid: 7|app: 0|req: 572/1148] 10.0.0.12 () {32 vars in 815 bytes} [Tue Jun 23 19:59:20 2026] GET /resource_providers/b8f1d5e9-1577-4665-8a57-97786a26b44c/aggregates => generated 235 bytes in 13 msecs (HTTP/1.1 404) 5 headers in 202 bytes (1 switches on core 0)
2026-06-23 19:59:20.900 8 INFO placement.requestlog [None req-ea394936-6b8c-485f-9922-8fbe989b62d9 fde50141808d41c19ce87ebf6edfb186 6ba1eb163a1a423e935619105b69854d - - 29b3671ba91940f1b288f5c233ba8303 29b3671ba91940f1b288f5c233ba8303] 10.0.0.12 "GET /resource_providers/b8f1d5e9-1577-4665-8a57-97786a26b44c/aggregates" status: 404 len: 235 microversion: 1.1 [pid: 8|app: 0|req: 577/1149] 10.0.0.12 () {32 vars in 815 bytes} [Tue Jun 23 19:59:20 2026] GET /resource_providers/b8f1d5e9-1577-4665-8a57-97786a26b44c/aggregates => generated 235 bytes in 19 msecs (HTTP/1.1 404) 5 headers in 202 bytes (1 switches on core 0)
2026-06-23 19:59:20.916 7 INFO placement.requestlog [None req-8948187d-2a56-4d69-b5ab-0b38ac127d54 fde50141808d41c19ce87ebf6edfb186 6ba1eb163a1a423e935619105b69854d - - 29b3671ba91940f1b288f5c233ba8303 29b3671ba91940f1b288f5c233ba8303] 10.0.0.12 "DELETE /resource_providers/b8f1d5e9-1577-4665-8a57-97786a26b44c" status: 404 len: 246 microversion: 1.1 [pid: 7|app: 0|req: 573/1150] 10.0.0.12 () {34 vars in 815 bytes} [Tue Jun 23 19:59:20 2026] DELETE /resource_providers/b8f1d5e9-1577-4665-8a57-97786a26b44c => generated 246 bytes in 12 msecs (HTTP/1.1 404) 6 headers in 231 bytes (1 switches on core 0)
2026-06-23 19:59:20.929 8 INFO placement.requestlog [None req-c415d3cc-cbc6-475a-9ce9-ca79cefef2ab fde50141808d41c19ce87ebf6edfb186 6ba1eb163a1a423e935619105b69854d - - 29b3671ba91940f1b288f5c233ba8303 29b3671ba91940f1b288f5c233ba8303] 10.0.0.12 "DELETE /resource_providers/b8f1d5e9-1577-4665-8a57-97786a26b44c" status: 404 len: 246 microversion: 1.1 [pid: 8|app: 0|req: 578/1151] 10.0.0.12 () {34 vars in 815 bytes} [Tue Jun 23 19:59:20 2026] DELETE /resource_providers/b8f1d5e9-1577-4665-8a57-97786a26b44c => generated 246 bytes in 18 msecs (HTTP/1.1 404) 6 headers in 231 bytes (1 switches on core 0)
2026-06-23 19:59:23.980 7 INFO placement.requestlog [None req-662eeba1-89a1-4140-93ee-5f327ff1f3f8 - - - - - -] 10.0.0.24 "GET /" status: 200 len: 136 microversion: 1.0
2026-06-23 19:59:23.981 8 INFO placement.requestlog [None req-d648cbc1-f876-42e6-850f-9f8b5ae02e0f - - - - - -] 10.0.0.24 "GET /" status: 200 len: 136 microversion: 1.0
2026-06-23 19:59:27.562 7 INFO placement.requestlog [None req-cf4b0d0e-f676-4bf5-9c5c-d664cf1c2622 fde50141808d41c19ce87ebf6edfb186 6ba1eb163a1a423e935619105b69854d - - 29b3671ba91940f1b288f5c233ba8303 29b3671ba91940f1b288f5c233ba8303] 10.0.0.12 "GET /resource_providers/c6cd6dec-0920-4293-a694-06d3733503e4/aggregates" status: 404 len: 235 microversion: 1.1 [pid: 7|app: 0|req: 575/1154] 10.0.0.12 () {32 vars in 815 bytes} [Tue Jun 23 19:59:27 2026] GET /resource_providers/c6cd6dec-0920-4293-a694-06d3733503e4/aggregates => generated 235 bytes in 13 msecs (HTTP/1.1 404) 5 headers in 202 bytes (1 switches on core 0)
2026-06-23 19:59:27.564 8 INFO placement.requestlog [None req-96884416-1dc5-4d2f-837e-3d6e00b0225b fde50141808d41c19ce87ebf6edfb186 6ba1eb163a1a423e935619105b69854d - - 29b3671ba91940f1b288f5c233ba8303 29b3671ba91940f1b288f5c233ba8303] 10.0.0.12 "GET /resource_providers/c6cd6dec-0920-4293-a694-06d3733503e4/aggregates" status: 404 len: 235 microversion: 1.1 [pid: 8|app: 0|req: 580/1155] 10.0.0.12 () {32 vars in 815 bytes} [Tue Jun 23 19:59:27 2026] GET /resource_providers/c6cd6dec-0920-4293-a694-06d3733503e4/aggregates => generated 235 bytes in 15 msecs (HTTP/1.1 404) 5 headers in 202 bytes (1 switches on core 0)
2026-06-23 19:59:27.598 8 INFO placement.requestlog [None req-976170cb-a0d2-4db4-90e5-a81c1228ffcf fde50141808d41c19ce87ebf6edfb186 6ba1eb163a1a423e935619105b69854d - - 29b3671ba91940f1b288f5c233ba8303 29b3671ba91940f1b288f5c233ba8303] 10.0.0.12 "DELETE /resource_providers/c6cd6dec-0920-4293-a694-06d3733503e4" status: 404 len: 246 microversion: 1.1 [pid: 8|app: 0|req: 581/1156] 10.0.0.12 () {34 vars in 815 bytes} [Tue Jun 23 19:59:27 2026] DELETE /resource_providers/c6cd6dec-0920-4293-a694-06d3733503e4 => generated 246 bytes in 14 msecs (HTTP/1.1 404) 6 headers in 231 bytes (1 switches on core 0)
2026-06-23 19:59:27.608 7 INFO placement.requestlog [None req-d0b0c148-2813-4ad9-a648-a578c0e3fde8 fde50141808d41c19ce87ebf6edfb186 6ba1eb163a1a423e935619105b69854d - - 29b3671ba91940f1b288f5c233ba8303 29b3671ba91940f1b288f5c233ba8303] 10.0.0.12 "DELETE /resource_providers/c6cd6dec-0920-4293-a694-06d3733503e4" status: 404 len: 246 microversion: 1.1 [pid: 7|app: 0|req: 576/1157] 10.0.0.12 () {34 vars in 815 bytes} [Tue Jun 23 19:59:27 2026] DELETE /resource_providers/c6cd6dec-0920-4293-a694-06d3733503e4 => generated 246 bytes in 24 msecs (HTTP/1.1 404) 6 headers in 231 bytes (1 switches on core 0)
2026-06-23 19:59:29.628 8 INFO placement.requestlog [None req-0aad55d3-724c-4305-b6e8-76b35bb5efa9 fde50141808d41c19ce87ebf6edfb186 6ba1eb163a1a423e935619105b69854d - - 29b3671ba91940f1b288f5c233ba8303 29b3671ba91940f1b288f5c233ba8303] 10.0.0.12 "GET /resource_providers/8717e11a-1ef4-4de6-8151-59340bdb70ef/aggregates" status: 404 len: 235 microversion: 1.1 [pid: 8|app: 0|req: 582/1158] 10.0.0.12 () {32 vars in 815 bytes} [Tue Jun 23 19:59:29 2026] GET /resource_providers/8717e11a-1ef4-4de6-8151-59340bdb70ef/aggregates => generated 235 bytes in 16 msecs (HTTP/1.1 404) 5 headers in 202 bytes (1 switches on core 0)
2026-06-23 19:59:29.635 7 INFO placement.requestlog [None req-acf3d08a-08b1-4ffb-8f26-4acec71f99c3 fde50141808d41c19ce87ebf6edfb186 6ba1eb163a1a423e935619105b69854d - - 29b3671ba91940f1b288f5c233ba8303 29b3671ba91940f1b288f5c233ba8303] 10.0.0.12 "GET /resource_providers/8717e11a-1ef4-4de6-8151-59340bdb70ef/aggregates" status: 404 len: 235 microversion: 1.1 [pid: 7|app: 0|req: 577/1159] 10.0.0.12 () {32 vars in 815 bytes} [Tue Jun 23 19:59:29 2026] GET /resource_providers/8717e11a-1ef4-4de6-8151-59340bdb70ef/aggregates => generated 235 bytes in 11 msecs (HTTP/1.1 404) 5 headers in 202 bytes (1 switches on core 0)
2026-06-23 19:59:29.670 7 INFO placement.requestlog [None req-d6400760-f0f2-465d-adfd-9bade1f5857f fde50141808d41c19ce87ebf6edfb186 6ba1eb163a1a423e935619105b69854d - - 29b3671ba91940f1b288f5c233ba8303 29b3671ba91940f1b288f5c233ba8303] 10.0.0.12 "DELETE /resource_providers/8717e11a-1ef4-4de6-8151-59340bdb70ef" status: 404 len: 246 microversion: 1.1 [pid: 7|app: 0|req: 578/1160] 10.0.0.12 () {34 vars in 815 bytes} [Tue Jun 23 19:59:29 2026] DELETE /resource_providers/8717e11a-1ef4-4de6-8151-59340bdb70ef => generated 246 bytes in 13 msecs (HTTP/1.1 404) 6 headers in 231 bytes (1 switches on core 0)
2026-06-23 19:59:29.672 8 INFO placement.requestlog [None req-4f16f250-9004-4c3c-ad7c-b7a38b82cd4e fde50141808d41c19ce87ebf6edfb186 6ba1eb163a1a423e935619105b69854d - - 29b3671ba91940f1b288f5c233ba8303 29b3671ba91940f1b288f5c233ba8303] 10.0.0.12 "DELETE /resource_providers/8717e11a-1ef4-4de6-8151-59340bdb70ef" status: 404 len: 246 microversion: 1.1 [pid: 8|app: 0|req: 583/1161] 10.0.0.12 () {34 vars in 815 bytes} [Tue Jun 23 19:59:29 2026] DELETE /resource_providers/8717e11a-1ef4-4de6-8151-59340bdb70ef => generated 246 bytes in 17 msecs (HTTP/1.1 404) 6 headers in 231 bytes (1 switches on core 0)
2026-06-23 19:59:33.735 7 INFO placement.requestlog [None req-faba0d7b-38f1-4077-9460-c4dc51a3dd25 fde50141808d41c19ce87ebf6edfb186 6ba1eb163a1a423e935619105b69854d - - 29b3671ba91940f1b288f5c233ba8303 29b3671ba91940f1b288f5c233ba8303] 10.0.0.12 "GET /resource_providers/5f13661e-41b5-49a5-a504-df057998c039/aggregates" status: 404 len: 235 microversion: 1.1 [pid: 7|app: 0|req: 579/1162] 10.0.0.12 () {32 vars in 815 bytes} [Tue Jun 23 19:59:33 2026] GET /resource_providers/5f13661e-41b5-49a5-a504-df057998c039/aggregates => generated 235 bytes in 10 msecs (HTTP/1.1 404) 5 headers in 202 bytes (1 switches on core 0)
2026-06-23 19:59:33.741 8 INFO placement.requestlog [None req-0624cf77-0ee3-48fb-a208-e6c8014f4b03 fde50141808d41c19ce87ebf6edfb186 6ba1eb163a1a423e935619105b69854d - - 29b3671ba91940f1b288f5c233ba8303 29b3671ba91940f1b288f5c233ba8303] 10.0.0.12 "GET /resource_providers/5f13661e-41b5-49a5-a504-df057998c039/aggregates" status: 404 len: 235 microversion: 1.1 [pid: 8|app: 0|req: 584/1163] 10.0.0.12 () {32 vars in 815 bytes} [Tue Jun 23 19:59:33 2026] GET /resource_providers/5f13661e-41b5-49a5-a504-df057998c039/aggregates => generated 235 bytes in 16 msecs (HTTP/1.1 404) 5 headers in 202 bytes (1 switches on core 0)
2026-06-23 19:59:33.764 7 INFO placement.requestlog [None req-36ed3061-af31-4774-9e14-b69d66c172da fde50141808d41c19ce87ebf6edfb186 6ba1eb163a1a423e935619105b69854d - - 29b3671ba91940f1b288f5c233ba8303 29b3671ba91940f1b288f5c233ba8303] 10.0.0.12 "DELETE /resource_providers/5f13661e-41b5-49a5-a504-df057998c039" status: 404 len: 246 microversion: 1.1 [pid: 7|app: 0|req: 580/1164] 10.0.0.12 () {34 vars in 815 bytes} [Tue Jun 23 19:59:33 2026] DELETE /resource_providers/5f13661e-41b5-49a5-a504-df057998c039 => generated 246 bytes in 14 msecs (HTTP/1.1 404) 6 headers in 231 bytes (1 switches on core 0)
2026-06-23 19:59:33.778 8 INFO placement.requestlog [None req-e72733c2-c083-4a66-812d-4c7ceb494f22 fde50141808d41c19ce87ebf6edfb186 6ba1eb163a1a423e935619105b69854d - - 29b3671ba91940f1b288f5c233ba8303 29b3671ba91940f1b288f5c233ba8303] 10.0.0.12 "DELETE /resource_providers/5f13661e-41b5-49a5-a504-df057998c039" status: 404 len: 246 microversion: 1.1 [pid: 8|app: 0|req: 585/1165] 10.0.0.12 () {34 vars in 815 bytes} [Tue Jun 23 19:59:33 2026] DELETE /resource_providers/5f13661e-41b5-49a5-a504-df057998c039 => generated 246 bytes in 14 msecs (HTTP/1.1 404) 6 headers in 231 bytes (1 switches on core 0)
2026-06-23 19:59:33.964 7 INFO placement.requestlog [None req-6984e292-1324-44a4-b0be-486ecdd898e8 fde50141808d41c19ce87ebf6edfb186 6ba1eb163a1a423e935619105b69854d - - 29b3671ba91940f1b288f5c233ba8303 29b3671ba91940f1b288f5c233ba8303] 10.0.0.12 "GET /resource_providers/3447e1b9-2f20-4307-a0c0-33f06c895ecd/aggregates" status: 404 len: 235 microversion: 1.1 [pid: 7|app: 0|req: 581/1166] 10.0.0.12 () {32 vars in 815 bytes} [Tue Jun 23 19:59:33 2026] GET /resource_providers/3447e1b9-2f20-4307-a0c0-33f06c895ecd/aggregates => generated 235 bytes in 13 msecs (HTTP/1.1 404) 5 headers in 202 bytes (1 switches on core 0)
2026-06-23 19:59:33.978 7 INFO placement.requestlog [None req-c6bcacb5-a943-401d-af8d-2185423385c4 - - - - - -] 10.0.0.24 "GET /" status: 200 len: 136 microversion: 1.0
2026-06-23 19:59:33.980 7 INFO placement.requestlog [None req-d06320b1-b050-48c6-9197-a12640f6ca5c - - - - - -] 10.0.0.24 "GET /" status: 200 len: 136 microversion: 1.0
2026-06-23 19:59:33.981 8 INFO placement.requestlog [None req-e5277d12-98e7-414d-843a-5e3dfd1bb1fb fde50141808d41c19ce87ebf6edfb186 6ba1eb163a1a423e935619105b69854d - - 29b3671ba91940f1b288f5c233ba8303 29b3671ba91940f1b288f5c233ba8303] 10.0.0.12 "GET /resource_providers/3447e1b9-2f20-4307-a0c0-33f06c895ecd/aggregates" status: 404 len: 235 microversion: 1.1 [pid: 8|app: 0|req: 586/1169] 10.0.0.12 () {32 vars in 815 bytes} [Tue Jun 23 19:59:33 2026] GET /resource_providers/3447e1b9-2f20-4307-a0c0-33f06c895ecd/aggregates => generated 235 bytes in 19 msecs (HTTP/1.1 404) 5 headers in 202 bytes (1 switches on core 0)
2026-06-23 19:59:33.999 7 INFO placement.requestlog [None req-57f40767-02a8-4779-a6db-8395d0a090c4 fde50141808d41c19ce87ebf6edfb186 6ba1eb163a1a423e935619105b69854d - - 29b3671ba91940f1b288f5c233ba8303 29b3671ba91940f1b288f5c233ba8303] 10.0.0.12 "DELETE /resource_providers/3447e1b9-2f20-4307-a0c0-33f06c895ecd" status: 404 len: 246 microversion: 1.1 [pid: 7|app: 0|req: 584/1170] 10.0.0.12 () {34 vars in 815 bytes} [Tue Jun 23 19:59:33 2026] DELETE /resource_providers/3447e1b9-2f20-4307-a0c0-33f06c895ecd => generated 246 bytes in 12 msecs (HTTP/1.1 404) 6 headers in 231 bytes (1 switches on core 0)
2026-06-23 19:59:34.006 8 INFO placement.requestlog [None req-b6dd2eba-0fa1-480d-8ff3-109c0647fb5e fde50141808d41c19ce87ebf6edfb186 6ba1eb163a1a423e935619105b69854d - - 29b3671ba91940f1b288f5c233ba8303 29b3671ba91940f1b288f5c233ba8303] 10.0.0.12 "DELETE /resource_providers/3447e1b9-2f20-4307-a0c0-33f06c895ecd" status: 404 len: 246 microversion: 1.1 [pid: 8|app: 0|req: 587/1171] 10.0.0.12 () {34 vars in 815 bytes} [Tue Jun 23 19:59:33 2026] DELETE /resource_providers/3447e1b9-2f20-4307-a0c0-33f06c895ecd => generated 246 bytes in 12 msecs (HTTP/1.1 404) 6 headers in 231 bytes (1 switches on core 0)
2026-06-23 19:59:35.793 7 INFO placement.requestlog [None req-50f5d54f-9a72-44ef-8212-1fbcf220eec8 fde50141808d41c19ce87ebf6edfb186 6ba1eb163a1a423e935619105b69854d - - 29b3671ba91940f1b288f5c233ba8303 29b3671ba91940f1b288f5c233ba8303] 10.0.0.12 "GET /resource_providers/3e70da06-f3ea-4334-bcf4-def63205766c/aggregates" status: 404 len: 235 microversion: 1.1 [pid: 7|app: 0|req: 585/1172] 10.0.0.12 () {32 vars in 815 bytes} [Tue Jun 23 19:59:35 2026] GET /resource_providers/3e70da06-f3ea-4334-bcf4-def63205766c/aggregates => generated 235 bytes in 18 msecs (HTTP/1.1 404) 5 headers in 202 bytes (1 switches on core 0)
2026-06-23 19:59:35.817 8 INFO placement.requestlog [None req-ac9acdf6-7ac4-4a56-915f-477f4578a59b fde50141808d41c19ce87ebf6edfb186 6ba1eb163a1a423e935619105b69854d - - 29b3671ba91940f1b288f5c233ba8303 29b3671ba91940f1b288f5c233ba8303] 10.0.0.12 "GET /resource_providers/3e70da06-f3ea-4334-bcf4-def63205766c/aggregates" status: 404 len: 235 microversion: 1.1 [pid: 8|app: 0|req: 588/1173] 10.0.0.12 () {32 vars in 815 bytes} [Tue Jun 23 19:59:35 2026] GET /resource_providers/3e70da06-f3ea-4334-bcf4-def63205766c/aggregates => generated 235 bytes in 17 msecs (HTTP/1.1 404) 5 headers in 202 bytes (1 switches on core 0)
2026-06-23 19:59:35.820 7 INFO placement.requestlog [None req-969557c1-79ab-4a62-805c-3b6e2f4fcafc fde50141808d41c19ce87ebf6edfb186 6ba1eb163a1a423e935619105b69854d - - 29b3671ba91940f1b288f5c233ba8303 29b3671ba91940f1b288f5c233ba8303] 10.0.0.12 "DELETE /resource_providers/3e70da06-f3ea-4334-bcf4-def63205766c" status: 404 len: 246 microversion: 1.1 [pid: 7|app: 0|req: 586/1174] 10.0.0.12 () {34 vars in 815 bytes} [Tue Jun 23 19:59:35 2026] DELETE /resource_providers/3e70da06-f3ea-4334-bcf4-def63205766c => generated 246 bytes in 10 msecs (HTTP/1.1 404) 6 headers in 231 bytes (1 switches on core 0)
2026-06-23 19:59:35.837 8 INFO placement.requestlog [None req-9821679d-772d-4c3f-8a40-143767e7966c fde50141808d41c19ce87ebf6edfb186 6ba1eb163a1a423e935619105b69854d - - 29b3671ba91940f1b288f5c233ba8303 29b3671ba91940f1b288f5c233ba8303] 10.0.0.12 "DELETE /resource_providers/3e70da06-f3ea-4334-bcf4-def63205766c" status: 404 len: 246 microversion: 1.1 [pid: 8|app: 0|req: 589/1175] 10.0.0.12 () {34 vars in 815 bytes} [Tue Jun 23 19:59:35 2026] DELETE /resource_providers/3e70da06-f3ea-4334-bcf4-def63205766c => generated 246 bytes in 8 msecs (HTTP/1.1 404) 6 headers in 231 bytes (1 switches on core 0)
2026-06-23 19:59:35.847 7 INFO placement.requestlog [None req-de3a5230-7ad8-4b83-beae-edc066e6d698 fde50141808d41c19ce87ebf6edfb186 6ba1eb163a1a423e935619105b69854d - - 29b3671ba91940f1b288f5c233ba8303 29b3671ba91940f1b288f5c233ba8303] 10.0.0.12 "GET /resource_providers/ac066c5a-5771-497d-afd7-0f9f932b1cfb/aggregates" status: 404 len: 235 microversion: 1.1
2026-06-23 19:59:35.848 8 INFO placement.requestlog [None req-f52278e1-dffb-4343-8542-4dd21ef5a549 fde50141808d41c19ce87ebf6edfb186 6ba1eb163a1a423e935619105b69854d - - 29b3671ba91940f1b288f5c233ba8303 29b3671ba91940f1b288f5c233ba8303] 10.0.0.12 "GET /resource_providers/ac066c5a-5771-497d-afd7-0f9f932b1cfb/aggregates" status: 404 len: 235 microversion: 1.1 [pid: 8|app: 0|req: 590/1176] 10.0.0.12 () {32 vars in 815 bytes} [Tue Jun 23 19:59:35 2026] GET /resource_providers/ac066c5a-5771-497d-afd7-0f9f932b1cfb/aggregates => generated 235 bytes in 7 msecs (HTTP/1.1 404) 5 headers in 202 bytes (1 switches on core 0) [pid: 7|app: 0|req: 587/1177] 10.0.0.12 () {32 vars in 815 bytes} [Tue Jun 23 19:59:35 2026] GET /resource_providers/ac066c5a-5771-497d-afd7-0f9f932b1cfb/aggregates => generated 235 bytes in 19 msecs (HTTP/1.1 404) 5 headers in 202 bytes (1 switches on core 0)
2026-06-23 19:59:35.873 7 INFO placement.requestlog [None req-e6dc0a68-e508-44ce-a5f9-a5010bf727b6 fde50141808d41c19ce87ebf6edfb186 6ba1eb163a1a423e935619105b69854d - - 29b3671ba91940f1b288f5c233ba8303 29b3671ba91940f1b288f5c233ba8303] 10.0.0.12 "DELETE /resource_providers/ac066c5a-5771-497d-afd7-0f9f932b1cfb" status: 404 len: 246 microversion: 1.1 [pid: 7|app: 0|req: 588/1178] 10.0.0.12 () {34 vars in 815 bytes} [Tue Jun 23 19:59:35 2026] DELETE /resource_providers/ac066c5a-5771-497d-afd7-0f9f932b1cfb => generated 246 bytes in 14 msecs (HTTP/1.1 404) 6 headers in 231 bytes (1 switches on core 0)
2026-06-23 19:59:35.895 7 INFO placement.requestlog [None req-d364995c-8c7c-464e-bdc2-8a193daee168 fde50141808d41c19ce87ebf6edfb186 6ba1eb163a1a423e935619105b69854d - - 29b3671ba91940f1b288f5c233ba8303 29b3671ba91940f1b288f5c233ba8303] 10.0.0.12 "GET /resource_providers/a81d892e-6afb-4441-91a2-d56abef15d95/aggregates" status: 404 len: 235 microversion: 1.1 [pid: 7|app: 0|req: 589/1179] 10.0.0.12 () {32 vars in 815 bytes} [Tue Jun 23 19:59:35 2026] GET /resource_providers/a81d892e-6afb-4441-91a2-d56abef15d95/aggregates => generated 235 bytes in 10 msecs (HTTP/1.1 404) 5 headers in 202 bytes (1 switches on core 0)
2026-06-23 19:59:35.914 7 INFO placement.requestlog [None req-fb29e9c1-7c9f-43ad-9667-d42d2a71fdb1 fde50141808d41c19ce87ebf6edfb186 6ba1eb163a1a423e935619105b69854d - - 29b3671ba91940f1b288f5c233ba8303 29b3671ba91940f1b288f5c233ba8303] 10.0.0.12 "DELETE /resource_providers/a81d892e-6afb-4441-91a2-d56abef15d95" status: 404 len: 246 microversion: 1.1 [pid: 7|app: 0|req: 590/1180] 10.0.0.12 () {34 vars in 815 bytes} [Tue Jun 23 19:59:35 2026] DELETE /resource_providers/a81d892e-6afb-4441-91a2-d56abef15d95 => generated 246 bytes in 11 msecs (HTTP/1.1 404) 6 headers in 231 bytes (1 switches on core 0)
2026-06-23 19:59:35.936 8 INFO placement.requestlog [None req-c928572f-2212-484a-a377-5f7224567dd3 fde50141808d41c19ce87ebf6edfb186 6ba1eb163a1a423e935619105b69854d - - 29b3671ba91940f1b288f5c233ba8303 29b3671ba91940f1b288f5c233ba8303] 10.0.0.12 "DELETE /resource_providers/ac066c5a-5771-497d-afd7-0f9f932b1cfb" status: 404 len: 246 microversion: 1.1 [pid: 8|app: 0|req: 591/1181] 10.0.0.12 () {34 vars in 815 bytes} [Tue Jun 23 19:59:35 2026] DELETE /resource_providers/ac066c5a-5771-497d-afd7-0f9f932b1cfb => generated 246 bytes in 83 msecs (HTTP/1.1 404) 6 headers in 231 bytes (1 switches on core 0)
2026-06-23 19:59:35.962 7 INFO placement.requestlog [None req-4385661b-b337-4272-9bda-4c22a776b9e3 fde50141808d41c19ce87ebf6edfb186 6ba1eb163a1a423e935619105b69854d - - 29b3671ba91940f1b288f5c233ba8303 29b3671ba91940f1b288f5c233ba8303] 10.0.0.12 "GET /resource_providers/a81d892e-6afb-4441-91a2-d56abef15d95/aggregates" status: 404 len: 235 microversion: 1.1 [pid: 7|app: 0|req: 591/1182] 10.0.0.12 () {32 vars in 815 bytes} [Tue Jun 23 19:59:35 2026] GET /resource_providers/a81d892e-6afb-4441-91a2-d56abef15d95/aggregates => generated 235 bytes in 16 msecs (HTTP/1.1 404) 5 headers in 202 bytes (1 switches on core 0)
2026-06-23 19:59:35.980 8 INFO placement.requestlog [None req-84fc3f1d-8042-415c-a1c8-db2912e90251 fde50141808d41c19ce87ebf6edfb186 6ba1eb163a1a423e935619105b69854d - - 29b3671ba91940f1b288f5c233ba8303 29b3671ba91940f1b288f5c233ba8303] 10.0.0.12 "DELETE /resource_providers/a81d892e-6afb-4441-91a2-d56abef15d95" status: 404 len: 246 microversion: 1.1 [pid: 8|app: 0|req: 592/1183] 10.0.0.12 () {34 vars in 815 bytes} [Tue Jun 23 19:59:35 2026] DELETE /resource_providers/a81d892e-6afb-4441-91a2-d56abef15d95 => generated 246 bytes in 11 msecs (HTTP/1.1 404) 6 headers in 231 bytes (1 switches on core 0)
2026-06-23 19:59:36.070 7 INFO placement.requestlog [None req-e2e5fa71-9c3c-4934-ab03-f0305f6e5312 fde50141808d41c19ce87ebf6edfb186 6ba1eb163a1a423e935619105b69854d - - 29b3671ba91940f1b288f5c233ba8303 29b3671ba91940f1b288f5c233ba8303] 10.0.0.12 "GET /resource_providers/5dfb407c-7084-4b24-a172-cdb2bcbb2c6c/aggregates" status: 404 len: 235 microversion: 1.1 [pid: 7|app: 0|req: 592/1184] 10.0.0.12 () {32 vars in 815 bytes} [Tue Jun 23 19:59:36 2026] GET /resource_providers/5dfb407c-7084-4b24-a172-cdb2bcbb2c6c/aggregates => generated 235 bytes in 15 msecs (HTTP/1.1 404) 5 headers in 202 bytes (1 switches on core 0)
2026-06-23 19:59:36.073 8 INFO placement.requestlog [None req-53540728-4f93-432f-aba9-af65475fbd68 fde50141808d41c19ce87ebf6edfb186 6ba1eb163a1a423e935619105b69854d - - 29b3671ba91940f1b288f5c233ba8303 29b3671ba91940f1b288f5c233ba8303] 10.0.0.12 "GET /resource_providers/5dfb407c-7084-4b24-a172-cdb2bcbb2c6c/aggregates" status: 404 len: 235 microversion: 1.1 [pid: 8|app: 0|req: 593/1185] 10.0.0.12 () {32 vars in 815 bytes} [Tue Jun 23 19:59:36 2026] GET /resource_providers/5dfb407c-7084-4b24-a172-cdb2bcbb2c6c/aggregates => generated 235 bytes in 17 msecs (HTTP/1.1 404) 5 headers in 202 bytes (1 switches on core 0)
2026-06-23 19:59:36.102 8 INFO placement.requestlog [None req-c923f063-e606-483f-bcb5-9e1fec52c929 fde50141808d41c19ce87ebf6edfb186 6ba1eb163a1a423e935619105b69854d - - 29b3671ba91940f1b288f5c233ba8303 29b3671ba91940f1b288f5c233ba8303] 10.0.0.12 "DELETE /resource_providers/5dfb407c-7084-4b24-a172-cdb2bcbb2c6c" status: 404 len: 246 microversion: 1.1 [pid: 8|app: 0|req: 594/1186] 10.0.0.12 () {34 vars in 815 bytes} [Tue Jun 23 19:59:36 2026] DELETE /resource_providers/5dfb407c-7084-4b24-a172-cdb2bcbb2c6c => generated 246 bytes in 12 msecs (HTTP/1.1 404) 6 headers in 231 bytes (1 switches on core 0)
2026-06-23 19:59:36.103 7 INFO placement.requestlog [None req-f0a0c3e2-9265-4fff-b9bc-7c7d71371ab7 fde50141808d41c19ce87ebf6edfb186 6ba1eb163a1a423e935619105b69854d - - 29b3671ba91940f1b288f5c233ba8303 29b3671ba91940f1b288f5c233ba8303] 10.0.0.12 "DELETE /resource_providers/5dfb407c-7084-4b24-a172-cdb2bcbb2c6c" status: 404 len: 246 microversion: 1.1 [pid: 7|app: 0|req: 593/1187] 10.0.0.12 () {34 vars in 815 bytes} [Tue Jun 23 19:59:36 2026] DELETE /resource_providers/5dfb407c-7084-4b24-a172-cdb2bcbb2c6c => generated 246 bytes in 14 msecs (HTTP/1.1 404) 6 headers in 231 bytes (1 switches on core 0)
2026-06-23 19:59:43.980 8 INFO placement.requestlog [None req-069d89bc-1bc8-4d8f-84fa-465211d1c86d - - - - - -] 10.0.0.24 "GET /" status: 200 len: 136 microversion: 1.0
2026-06-23 19:59:43.980 7 INFO placement.requestlog [None req-f69572a4-d186-4dcc-abe8-792a70c66c57 - - - - - -] 10.0.0.24 "GET /" status: 200 len: 136 microversion: 1.0
2026-06-23 19:59:53.979 7 INFO placement.requestlog [None req-88cbe3d8-ac1d-4ba6-85e4-bc1447962462 - - - - - -] 10.0.0.24 "GET /" status: 200 len: 136 microversion: 1.0
2026-06-23 19:59:53.980 8 INFO placement.requestlog [None req-50f1bee3-de87-41ef-9e06-c9d82209c744 - - - - - -] 10.0.0.24 "GET /" status: 200 len: 136 microversion: 1.0
2026-06-23 20:00:03.979 7 INFO placement.requestlog [None req-2b669fcb-fadc-44a6-b53b-8fa684313b38 - - - - - -] 10.0.0.24 "GET /" status: 200 len: 136 microversion: 1.0
2026-06-23 20:00:03.981 8 INFO placement.requestlog [None req-0a590acc-8167-4a96-a7b3-b3fea7770343 - - - - - -] 10.0.0.24 "GET /" status: 200 len: 136 microversion: 1.0
2026-06-23 20:00:10.412 7 INFO placement.requestlog [req-b6cb64ee-f406-484a-9ed9-76f0c1417c65 req-683a9c98-bfb7-49f7-99dc-fb0f8d806eb4 a8474d24c8a74ef6af679bf6eefbc164 6ba1eb163a1a423e935619105b69854d - - 29b3671ba91940f1b288f5c233ba8303 29b3671ba91940f1b288f5c233ba8303] 10.0.0.189 "GET /allocation_candidates?limit=1000&resources=DISK_GB%3A1%2CMEMORY_MB%3A512%2CVCPU%3A1&root_required=%21COMPUTE_STATUS_DISABLED" status: 200 len: 2217 microversion: 1.36 [pid: 7|app: 0|req: 597/1194] 10.0.0.189 () {34 vars in 1012 bytes} [Tue Jun 23 20:00:10 2026] GET /allocation_candidates?limit=1000&resources=DISK_GB%3A1%2CMEMORY_MB%3A512%2CVCPU%3A1&root_required=%21COMPUTE_STATUS_DISABLED => generated 2217 bytes in 219 msecs (HTTP/1.1 200) 8 headers in 297 bytes (1 switches on core 0)
2026-06-23 20:00:10.446 8 INFO placement.requestlog [req-b6cb64ee-f406-484a-9ed9-76f0c1417c65 req-3f7b0d1d-ec44-4b50-8813-78f34782da63 a8474d24c8a74ef6af679bf6eefbc164 6ba1eb163a1a423e935619105b69854d - - 29b3671ba91940f1b288f5c233ba8303 29b3671ba91940f1b288f5c233ba8303] 10.0.0.189 "GET /allocations/eb344a2b-8df6-4762-a2d4-627df24449c3" status: 200 len: 19 microversion: 1.28 [pid: 8|app: 0|req: 598/1195] 10.0.0.189 () {34 vars in 861 bytes} [Tue Jun 23 20:00:10 2026] GET /allocations/eb344a2b-8df6-4762-a2d4-627df24449c3 => generated 19 bytes in 12 msecs (HTTP/1.1 200) 8 headers in 295 bytes (1 switches on core 0)
2026-06-23 20:00:10.549 7 INFO placement.requestlog [req-b6cb64ee-f406-484a-9ed9-76f0c1417c65 req-3dcf9529-0c92-4c96-97c9-e8a80662d2bf a8474d24c8a74ef6af679bf6eefbc164 6ba1eb163a1a423e935619105b69854d - - 29b3671ba91940f1b288f5c233ba8303 29b3671ba91940f1b288f5c233ba8303] 10.0.0.189 "PUT /allocations/eb344a2b-8df6-4762-a2d4-627df24449c3" status: 204 len: 0 microversion: 1.36 [pid: 7|app: 0|req: 598/1196] 10.0.0.189 () {38 vars in 914 bytes} [Tue Jun 23 20:00:10 2026] PUT /allocations/eb344a2b-8df6-4762-a2d4-627df24449c3 => generated 0 bytes in 96 msecs (HTTP/1.1 204) 5 headers in 199 bytes (1 switches on core 0)
2026-06-23 20:00:10.922 8 INFO placement.requestlog [req-b6cb64ee-f406-484a-9ed9-76f0c1417c65 req-82f8c0ab-1690-4654-b07c-08e65f4c0d93 a8474d24c8a74ef6af679bf6eefbc164 6ba1eb163a1a423e935619105b69854d - - 29b3671ba91940f1b288f5c233ba8303 29b3671ba91940f1b288f5c233ba8303] 199.19.213.221 "GET /allocations/eb344a2b-8df6-4762-a2d4-627df24449c3" status: 200 len: 258 microversion: 1.28 [pid: 8|app: 0|req: 599/1197] 199.19.213.221 () {34 vars in 863 bytes} [Tue Jun 23 20:00:10 2026] GET /allocations/eb344a2b-8df6-4762-a2d4-627df24449c3 => generated 258 bytes in 18 msecs (HTTP/1.1 200) 8 headers in 296 bytes (1 switches on core 0)
2026-06-23 20:00:11.070 7 INFO placement.requestlog [req-b6cb64ee-f406-484a-9ed9-76f0c1417c65 req-154729bc-994f-4dd3-8faf-f6aa65de8e24 a8474d24c8a74ef6af679bf6eefbc164 6ba1eb163a1a423e935619105b69854d - - 29b3671ba91940f1b288f5c233ba8303 29b3671ba91940f1b288f5c233ba8303] 199.19.213.221 "GET /resource_providers/9bdb8023-fc98-40bd-ab2b-fc76cc24243c/allocations" status: 200 len: 153 microversion: 1.0 [pid: 7|app: 0|req: 599/1198] 199.19.213.221 () {32 vars in 857 bytes} [Tue Jun 23 20:00:11 2026] GET /resource_providers/9bdb8023-fc98-40bd-ab2b-fc76cc24243c/allocations => generated 153 bytes in 41 msecs (HTTP/1.1 200) 6 headers in 224 bytes (1 switches on core 0)
2026-06-23 20:00:11.099 8 INFO placement.requestlog [req-b6cb64ee-f406-484a-9ed9-76f0c1417c65 req-e1909f73-baa1-44cd-ad5e-105a24b6b971 a8474d24c8a74ef6af679bf6eefbc164 6ba1eb163a1a423e935619105b69854d - - 29b3671ba91940f1b288f5c233ba8303 29b3671ba91940f1b288f5c233ba8303] 199.19.213.221 "GET /allocations/eb344a2b-8df6-4762-a2d4-627df24449c3" status: 200 len: 258 microversion: 1.28 [pid: 8|app: 0|req: 600/1199] 199.19.213.221 () {34 vars in 863 bytes} [Tue Jun 23 20:00:11 2026] GET /allocations/eb344a2b-8df6-4762-a2d4-627df24449c3 => generated 258 bytes in 27 msecs (HTTP/1.1 200) 8 headers in 296 bytes (1 switches on core 0)
2026-06-23 20:00:13.324 8 INFO placement.requestlog [None req-e0187188-1bb1-46e3-a2b6-805e0b7fb53c fde50141808d41c19ce87ebf6edfb186 6ba1eb163a1a423e935619105b69854d - - 29b3671ba91940f1b288f5c233ba8303 29b3671ba91940f1b288f5c233ba8303] 10.0.0.12 "GET /resource_providers/cf15b58f-fb20-4fb9-98db-4a732739b515/aggregates" status: 404 len: 235 microversion: 1.1 [pid: 8|app: 0|req: 601/1200] 10.0.0.12 () {32 vars in 815 bytes} [Tue Jun 23 20:00:13 2026] GET /resource_providers/cf15b58f-fb20-4fb9-98db-4a732739b515/aggregates => generated 235 bytes in 13 msecs (HTTP/1.1 404) 5 headers in 202 bytes (1 switches on core 0)
2026-06-23 20:00:13.327 7 INFO placement.requestlog [None req-69c4da1b-4976-4957-af1c-2da2b0316eb4 fde50141808d41c19ce87ebf6edfb186 6ba1eb163a1a423e935619105b69854d - - 29b3671ba91940f1b288f5c233ba8303 29b3671ba91940f1b288f5c233ba8303] 10.0.0.12 "GET /resource_providers/cf15b58f-fb20-4fb9-98db-4a732739b515/aggregates" status: 404 len: 235 microversion: 1.1 [pid: 7|app: 0|req: 600/1201] 10.0.0.12 () {32 vars in 815 bytes} [Tue Jun 23 20:00:13 2026] GET /resource_providers/cf15b58f-fb20-4fb9-98db-4a732739b515/aggregates => generated 235 bytes in 17 msecs (HTTP/1.1 404) 5 headers in 202 bytes (1 switches on core 0)
2026-06-23 20:00:13.356 7 INFO placement.requestlog [None req-484d8724-d23f-4936-afff-499056cd3b6d fde50141808d41c19ce87ebf6edfb186 6ba1eb163a1a423e935619105b69854d - - 29b3671ba91940f1b288f5c233ba8303 29b3671ba91940f1b288f5c233ba8303] 10.0.0.12 "DELETE /resource_providers/cf15b58f-fb20-4fb9-98db-4a732739b515" status: 404 len: 246 microversion: 1.1 [pid: 7|app: 0|req: 601/1202] 10.0.0.12 () {34 vars in 815 bytes} [Tue Jun 23 20:00:13 2026] DELETE /resource_providers/cf15b58f-fb20-4fb9-98db-4a732739b515 => generated 246 bytes in 21 msecs (HTTP/1.1 404) 6 headers in 231 bytes (1 switches on core 0)
2026-06-23 20:00:13.361 8 INFO placement.requestlog [None req-c35eae75-d068-4402-b57d-9593bd978b7f fde50141808d41c19ce87ebf6edfb186 6ba1eb163a1a423e935619105b69854d - - 29b3671ba91940f1b288f5c233ba8303 29b3671ba91940f1b288f5c233ba8303] 10.0.0.12 "DELETE /resource_providers/cf15b58f-fb20-4fb9-98db-4a732739b515" status: 404 len: 246 microversion: 1.1 [pid: 8|app: 0|req: 602/1203] 10.0.0.12 () {34 vars in 815 bytes} [Tue Jun 23 20:00:13 2026] DELETE /resource_providers/cf15b58f-fb20-4fb9-98db-4a732739b515 => generated 246 bytes in 34 msecs (HTTP/1.1 404) 6 headers in 231 bytes (1 switches on core 0)
2026-06-23 20:00:13.980 7 INFO placement.requestlog [None req-65f1e2db-e608-4552-9100-3485f36b7709 - - - - - -] 10.0.0.24 "GET /" status: 200 len: 136 microversion: 1.0
2026-06-23 20:00:13.980 8 INFO placement.requestlog [None req-cde61734-bf97-4247-99e4-ad27f887ce89 - - - - - -] 10.0.0.24 "GET /" status: 200 len: 136 microversion: 1.0
2026-06-23 20:00:17.646 7 INFO placement.requestlog [req-59230856-0e37-4ff0-9263-c75a695c6482 req-94eed3c8-a91f-4b36-872c-b180033aded6 a8474d24c8a74ef6af679bf6eefbc164 6ba1eb163a1a423e935619105b69854d - - 29b3671ba91940f1b288f5c233ba8303 29b3671ba91940f1b288f5c233ba8303] 199.19.213.221 "GET /resource_providers/9bdb8023-fc98-40bd-ab2b-fc76cc24243c/allocations" status: 200 len: 153 microversion: 1.0 [pid: 7|app: 0|req: 603/1206] 199.19.213.221 () {32 vars in 857 bytes} [Tue Jun 23 20:00:17 2026] GET /resource_providers/9bdb8023-fc98-40bd-ab2b-fc76cc24243c/allocations => generated 153 bytes in 19 msecs (HTTP/1.1 200) 6 headers in 224 bytes (1 switches on core 0)
2026-06-23 20:00:17.677 8 INFO placement.requestlog [req-59230856-0e37-4ff0-9263-c75a695c6482 req-bc8e14ef-3e79-4311-a809-0b3b93256fa8 a8474d24c8a74ef6af679bf6eefbc164 6ba1eb163a1a423e935619105b69854d - - 29b3671ba91940f1b288f5c233ba8303 29b3671ba91940f1b288f5c233ba8303] 199.19.213.221 "GET /resource_providers/9bdb8023-fc98-40bd-ab2b-fc76cc24243c/allocations" status: 200 len: 153 microversion: 1.0 [pid: 8|app: 0|req: 604/1207] 199.19.213.221 () {32 vars in 857 bytes} [Tue Jun 23 20:00:17 2026] GET /resource_providers/9bdb8023-fc98-40bd-ab2b-fc76cc24243c/allocations => generated 153 bytes in 22 msecs (HTTP/1.1 200) 6 headers in 224 bytes (1 switches on core 0)
2026-06-23 20:00:17.702 7 INFO placement.requestlog [req-59230856-0e37-4ff0-9263-c75a695c6482 req-35fca86b-50d7-45bc-b81b-3e64239d7742 a8474d24c8a74ef6af679bf6eefbc164 6ba1eb163a1a423e935619105b69854d - - 29b3671ba91940f1b288f5c233ba8303 29b3671ba91940f1b288f5c233ba8303] 199.19.213.221 "GET /allocations/eb344a2b-8df6-4762-a2d4-627df24449c3" status: 200 len: 258 microversion: 1.28 [pid: 7|app: 0|req: 604/1208] 199.19.213.221 () {34 vars in 863 bytes} [Tue Jun 23 20:00:17 2026] GET /allocations/eb344a2b-8df6-4762-a2d4-627df24449c3 => generated 258 bytes in 16 msecs (HTTP/1.1 200) 8 headers in 296 bytes (1 switches on core 0)
2026-06-23 20:00:23.979 8 INFO placement.requestlog [None req-92afe8bb-4aaf-4e37-b591-e77f79138df5 - - - - - -] 10.0.0.24 "GET /" status: 200 len: 136 microversion: 1.0
2026-06-23 20:00:23.982 7 INFO placement.requestlog [None req-99ef93a5-1aa4-493b-944c-bccd7e9d2e06 - - - - - -] 10.0.0.24 "GET /" status: 200 len: 136 microversion: 1.0
2026-06-23 20:00:25.640 8 INFO placement.requestlog [None req-33bbd033-afba-4ec5-9444-3bd177ca58e6 fde50141808d41c19ce87ebf6edfb186 6ba1eb163a1a423e935619105b69854d - - 29b3671ba91940f1b288f5c233ba8303 29b3671ba91940f1b288f5c233ba8303] 10.0.0.12 "GET /resource_providers/0ba5bf94-c0f0-404c-a065-4e06c5e0ce94/aggregates" status: 404 len: 235 microversion: 1.1 [pid: 8|app: 0|req: 606/1211] 10.0.0.12 () {32 vars in 815 bytes} [Tue Jun 23 20:00:25 2026] GET /resource_providers/0ba5bf94-c0f0-404c-a065-4e06c5e0ce94/aggregates => generated 235 bytes in 147 msecs (HTTP/1.1 404) 5 headers in 202 bytes (1 switches on core 0)
2026-06-23 20:00:25.662 7 INFO placement.requestlog [None req-e2d10d5e-98b5-4c62-a036-4d2d0bd17b8b fde50141808d41c19ce87ebf6edfb186 6ba1eb163a1a423e935619105b69854d - - 29b3671ba91940f1b288f5c233ba8303 29b3671ba91940f1b288f5c233ba8303] 10.0.0.12 "GET /resource_providers/0ba5bf94-c0f0-404c-a065-4e06c5e0ce94/aggregates" status: 404 len: 235 microversion: 1.1 [pid: 7|app: 0|req: 606/1212] 10.0.0.12 () {32 vars in 815 bytes} [Tue Jun 23 20:00:25 2026] GET /resource_providers/0ba5bf94-c0f0-404c-a065-4e06c5e0ce94/aggregates => generated 235 bytes in 169 msecs (HTTP/1.1 404) 5 headers in 202 bytes (1 switches on core 0)
2026-06-23 20:00:25.686 7 INFO placement.requestlog [None req-acf68b81-8da4-44f9-981b-83c947d9488a fde50141808d41c19ce87ebf6edfb186 6ba1eb163a1a423e935619105b69854d - - 29b3671ba91940f1b288f5c233ba8303 29b3671ba91940f1b288f5c233ba8303] 10.0.0.12 "DELETE /resource_providers/0ba5bf94-c0f0-404c-a065-4e06c5e0ce94" status: 404 len: 246 microversion: 1.1 [pid: 7|app: 0|req: 607/1213] 10.0.0.12 () {34 vars in 815 bytes} [Tue Jun 23 20:00:25 2026] DELETE /resource_providers/0ba5bf94-c0f0-404c-a065-4e06c5e0ce94 => generated 246 bytes in 8 msecs (HTTP/1.1 404) 6 headers in 231 bytes (1 switches on core 0)
