2026-06-23 19:19:06.982 8 INFO neutron.api.extensions [None req-b4d6b4e6-379b-4b4f-9a82-be3360a66728 - - - - - -] Loaded extension: qos-gateway-ip
2026-06-23 19:19:06.983 8 INFO neutron.api.extensions [None req-b4d6b4e6-379b-4b4f-9a82-be3360a66728 - - - - - -] Loaded extension: qos-port-network-policy
2026-06-23 19:19:06.983 8 INFO neutron.api.extensions [None req-b4d6b4e6-379b-4b4f-9a82-be3360a66728 - - - - - -] Loaded extension: qos-pps-minimum
2026-06-23 19:19:06.984 8 INFO neutron.api.extensions [None req-b4d6b4e6-379b-4b4f-9a82-be3360a66728 - - - - - -] Loaded extension: qos-pps-minimum-rule-alias
2026-06-23 19:19:06.985 8 INFO neutron.api.extensions [None req-b4d6b4e6-379b-4b4f-9a82-be3360a66728 - - - - - -] Loaded extension: qos-pps
2026-06-23 19:19:06.985 7 INFO neutron.api.extensions [None req-edb3d625-4ffa-4dd4-8398-9d84ded0dc4d - - - - - -] Loaded extension: standard-attr-tag
2026-06-23 19:19:06.985 8 INFO neutron.api.extensions [None req-b4d6b4e6-379b-4b4f-9a82-be3360a66728 - - - - - -] Loaded extension: qos-rule-type-details
2026-06-23 19:19:06.986 7 INFO neutron.api.extensions [None req-edb3d625-4ffa-4dd4-8398-9d84ded0dc4d - - - - - -] Loaded extension: standard-attr-timestamp
2026-06-23 19:19:06.986 8 INFO neutron.api.extensions [None req-b4d6b4e6-379b-4b4f-9a82-be3360a66728 - - - - - -] Loaded extension: qos-rule-type-filter
2026-06-23 19:19:06.986 7 INFO neutron.api.extensions [None req-edb3d625-4ffa-4dd4-8398-9d84ded0dc4d - - - - - -] Loaded extension: trunk
2026-06-23 19:19:06.986 8 INFO neutron.api.extensions [None req-b4d6b4e6-379b-4b4f-9a82-be3360a66728 - - - - - -] Loaded extension: qos-rules-alias
2026-06-23 19:19:06.987 7 INFO neutron.api.extensions [None req-edb3d625-4ffa-4dd4-8398-9d84ded0dc4d - - - - - -] Loaded extension: trunk-details
2026-06-23 19:19:06.987 8 INFO neutron.api.extensions [None req-b4d6b4e6-379b-4b4f-9a82-be3360a66728 - - - - - -] Loaded extension: quota-check-limit
2026-06-23 19:19:06.987 7 INFO neutron.api.extensions [None req-edb3d625-4ffa-4dd4-8398-9d84ded0dc4d - - - - - -] Extension uplink-status-propagation not supported by any of loaded plugins
2026-06-23 19:19:06.988 7 INFO neutron.api.extensions [None req-edb3d625-4ffa-4dd4-8398-9d84ded0dc4d - - - - - -] Extension vlan-transparent not supported by any of loaded plugins
2026-06-23 19:19:06.989 8 INFO neutron.api.extensions [None req-b4d6b4e6-379b-4b4f-9a82-be3360a66728 - - - - - -] Loaded extension: quotas
2026-06-23 19:19:06.990 7 INFO neutron.api.extensions [None req-edb3d625-4ffa-4dd4-8398-9d84ded0dc4d - - - - - -] Extension vpn-agent-scheduler not supported by any of loaded plugins
2026-06-23 19:19:06.990 8 INFO neutron.api.extensions [None req-b4d6b4e6-379b-4b4f-9a82-be3360a66728 - - - - - -] Loaded extension: quota_details
2026-06-23 19:19:06.991 7 INFO neutron.api.extensions [None req-edb3d625-4ffa-4dd4-8398-9d84ded0dc4d - - - - - -] Loaded extension: vpn-endpoint-groups
2026-06-23 19:19:06.991 8 INFO neutron.api.extensions [None req-b4d6b4e6-379b-4b4f-9a82-be3360a66728 - - - - - -] Loaded extension: rbac-policies
2026-06-23 19:19:06.991 7 INFO neutron.api.extensions [None req-edb3d625-4ffa-4dd4-8398-9d84ded0dc4d - - - - - -] Loaded extension: vpn-flavors
2026-06-23 19:19:06.992 8 INFO neutron.api.extensions [None req-b4d6b4e6-379b-4b4f-9a82-be3360a66728 - - - - - -] Loaded extension: rbac-address-group
2026-06-23 19:19:06.992 8 INFO neutron.api.extensions [None req-b4d6b4e6-379b-4b4f-9a82-be3360a66728 - - - - - -] Loaded extension: rbac-address-scope
2026-06-23 19:19:06.993 7 INFO neutron.api.extensions [None req-edb3d625-4ffa-4dd4-8398-9d84ded0dc4d - - - - - -] Loaded extension: vpnaas
2026-06-23 19:19:06.993 8 INFO neutron.api.extensions [None req-b4d6b4e6-379b-4b4f-9a82-be3360a66728 - - - - - -] Loaded extension: rbac-security-groups
2026-06-23 19:19:06.993 8 INFO neutron.api.extensions [None req-b4d6b4e6-379b-4b4f-9a82-be3360a66728 - - - - - -] Loaded extension: rbac-subnetpool
2026-06-23 19:19:06.994 8 INFO neutron.api.extensions [None req-b4d6b4e6-379b-4b4f-9a82-be3360a66728 - - - - - -] Loaded extension: revision-if-match
2026-06-23 19:19:06.995 8 INFO neutron.api.extensions [None req-b4d6b4e6-379b-4b4f-9a82-be3360a66728 - - - - - -] Loaded extension: standard-attr-revisions
2026-06-23 19:19:06.995 7 INFO neutron.quota.resource_registry [None req-edb3d625-4ffa-4dd4-8398-9d84ded0dc4d - - - - - -] Creating instance of TrackedResource for resource:network
2026-06-23 19:19:06.995 7 INFO neutron.quota.resource_registry [None req-edb3d625-4ffa-4dd4-8398-9d84ded0dc4d - - - - - -] Creating instance of TrackedResource for resource:subnet
2026-06-23 19:19:06.995 8 INFO neutron.api.extensions [None req-b4d6b4e6-379b-4b4f-9a82-be3360a66728 - - - - - -] Loaded extension: router_availability_zone
2026-06-23 19:19:06.995 7 INFO neutron.quota.resource_registry [None req-edb3d625-4ffa-4dd4-8398-9d84ded0dc4d - - - - - -] Creating instance of TrackedResource for resource:subnetpool
2026-06-23 19:19:06.996 7 INFO neutron.quota.resource_registry [None req-edb3d625-4ffa-4dd4-8398-9d84ded0dc4d - - - - - -] Creating instance of TrackedResource for resource:port
2026-06-23 19:19:06.996 8 INFO neutron.api.extensions [None req-b4d6b4e6-379b-4b4f-9a82-be3360a66728 - - - - - -] Extension router-service-type not supported by any of loaded plugins
2026-06-23 19:19:06.997 8 INFO neutron.api.extensions [None req-b4d6b4e6-379b-4b4f-9a82-be3360a66728 - - - - - -] Loaded extension: security-groups-default-rules
2026-06-23 19:19:06.998 8 INFO neutron.api.extensions [None req-b4d6b4e6-379b-4b4f-9a82-be3360a66728 - - - - - -] Loaded extension: security-groups-normalized-cidr
2026-06-23 19:19:06.998 8 INFO neutron.api.extensions [None req-b4d6b4e6-379b-4b4f-9a82-be3360a66728 - - - - - -] Loaded extension: port-security-groups-filtering
2026-06-23 19:19:06.999 8 INFO neutron.api.extensions [None req-b4d6b4e6-379b-4b4f-9a82-be3360a66728 - - - - - -] Loaded extension: security-groups-remote-address-group
2026-06-23 19:19:06.999 8 INFO neutron.api.extensions [None req-b4d6b4e6-379b-4b4f-9a82-be3360a66728 - - - - - -] Loaded extension: security-groups-rules-belongs-to-default-sg
2026-06-23 19:19:07.000 7 INFO neutron.quota.resource_registry [None req-edb3d625-4ffa-4dd4-8398-9d84ded0dc4d - - - - - -] Creating instance of TrackedResource for resource:router
2026-06-23 19:19:07.000 8 INFO neutron.api.extensions [None req-b4d6b4e6-379b-4b4f-9a82-be3360a66728 - - - - - -] Loaded extension: security-groups-shared-filtering
2026-06-23 19:19:07.001 7 INFO neutron.quota.resource_registry [None req-edb3d625-4ffa-4dd4-8398-9d84ded0dc4d - - - - - -] Creating instance of TrackedResource for resource:floatingip
2026-06-23 19:19:07.006 7 INFO neutron.quota.resource_registry [None req-edb3d625-4ffa-4dd4-8398-9d84ded0dc4d - - - - - -] Creating instance of CountableResource for resource:rbac_policy
2026-06-23 19:19:07.007 7 INFO neutron.quota.resource_registry [None req-edb3d625-4ffa-4dd4-8398-9d84ded0dc4d - - - - - -] Creating instance of TrackedResource for resource:security_group
2026-06-23 19:19:07.008 8 INFO neutron.api.extensions [None req-b4d6b4e6-379b-4b4f-9a82-be3360a66728 - - - - - -] Loaded extension: security-group
2026-06-23 19:19:07.008 7 INFO neutron.quota.resource_registry [None req-edb3d625-4ffa-4dd4-8398-9d84ded0dc4d - - - - - -] Creating instance of TrackedResource for resource:security_group_rule
2026-06-23 19:19:07.009 8 INFO neutron.api.extensions [None req-b4d6b4e6-379b-4b4f-9a82-be3360a66728 - - - - - -] Loaded extension: segment
2026-06-23 19:19:07.009 7 INFO neutron.quota.resource_registry [None req-edb3d625-4ffa-4dd4-8398-9d84ded0dc4d - - - - - -] Creating instance of TrackedResource for resource:subnetpool
2026-06-23 19:19:07.009 8 INFO neutron.api.extensions [None req-b4d6b4e6-379b-4b4f-9a82-be3360a66728 - - - - - -] Loaded extension: segments-peer-subnet-host-routes
2026-06-23 19:19:07.010 7 WARNING neutron.quota.resource_registry [None req-edb3d625-4ffa-4dd4-8398-9d84ded0dc4d - - - - - -] subnetpool is already registered
2026-06-23 19:19:07.010 7 INFO neutron.quota.resource_registry [None req-edb3d625-4ffa-4dd4-8398-9d84ded0dc4d - - - - - -] Creating instance of TrackedResource for resource:subnetpool
2026-06-23 19:19:07.010 8 INFO neutron.api.extensions [None req-b4d6b4e6-379b-4b4f-9a82-be3360a66728 - - - - - -] Loaded extension: service-type
2026-06-23 19:19:07.011 7 WARNING neutron.quota.resource_registry [None req-edb3d625-4ffa-4dd4-8398-9d84ded0dc4d - - - - - -] subnetpool is already registered
2026-06-23 19:19:07.011 8 INFO neutron.api.extensions [None req-b4d6b4e6-379b-4b4f-9a82-be3360a66728 - - - - - -] Loaded extension: sorting
2026-06-23 19:19:07.011 7 INFO neutron.quota.resource_registry [None req-edb3d625-4ffa-4dd4-8398-9d84ded0dc4d - - - - - -] Creating instance of CountableResource for resource:trunk
2026-06-23 19:19:07.011 8 INFO neutron.api.extensions [None req-b4d6b4e6-379b-4b4f-9a82-be3360a66728 - - - - - -] Loaded extension: standard-attr-segment
2026-06-23 19:19:07.012 7 INFO neutron.quota.resource_registry [None req-edb3d625-4ffa-4dd4-8398-9d84ded0dc4d - - - - - -] Creating instance of CountableResource for resource:endpoint_group
2026-06-23 19:19:07.012 8 INFO neutron.api.extensions [None req-b4d6b4e6-379b-4b4f-9a82-be3360a66728 - - - - - -] Loaded extension: standard-attr-description
2026-06-23 19:19:07.012 7 INFO neutron.quota.resource_registry [None req-edb3d625-4ffa-4dd4-8398-9d84ded0dc4d - - - - - -] Creating instance of CountableResource for resource:vpnservice
2026-06-23 19:19:07.013 8 INFO neutron.api.extensions [None req-b4d6b4e6-379b-4b4f-9a82-be3360a66728 - - - - - -] Loaded extension: stateful-security-group
2026-06-23 19:19:07.013 7 INFO neutron.quota.resource_registry [None req-edb3d625-4ffa-4dd4-8398-9d84ded0dc4d - - - - - -] Creating instance of CountableResource for resource:ipsec_site_connection
2026-06-23 19:19:07.013 8 WARNING neutron.api.extensions [None req-b4d6b4e6-379b-4b4f-9a82-be3360a66728 - - - - - -] Did not find expected name "Stdattrs_common" in /var/lib/openstack/lib/python3.10/site-packages/neutron/extensions/stdattrs_common.py
2026-06-23 19:19:07.013 7 INFO neutron.quota.resource_registry [None req-edb3d625-4ffa-4dd4-8398-9d84ded0dc4d - - - - - -] Creating instance of CountableResource for resource:ipsecpolicy
2026-06-23 19:19:07.014 8 INFO neutron.api.extensions [None req-b4d6b4e6-379b-4b4f-9a82-be3360a66728 - - - - - -] Extension subnet-dns-publish-fixed-ip not supported by any of loaded plugins
2026-06-23 19:19:07.014 7 INFO neutron.quota.resource_registry [None req-edb3d625-4ffa-4dd4-8398-9d84ded0dc4d - - - - - -] Creating instance of CountableResource for resource:ikepolicy
2026-06-23 19:19:07.014 8 INFO neutron.api.extensions [None req-b4d6b4e6-379b-4b4f-9a82-be3360a66728 - - - - - -] Loaded extension: subnet_onboard
2026-06-23 19:19:07.015 8 INFO neutron.api.extensions [None req-b4d6b4e6-379b-4b4f-9a82-be3360a66728 - - - - - -] Loaded extension: subnet-segmentid-writable
2026-06-23 19:19:07.016 8 INFO neutron.api.extensions [None req-b4d6b4e6-379b-4b4f-9a82-be3360a66728 - - - - - -] Loaded extension: subnet-service-types
2026-06-23 19:19:07.016 8 INFO neutron.api.extensions [None req-b4d6b4e6-379b-4b4f-9a82-be3360a66728 - - - - - -] Loaded extension: subnet_allocation
2026-06-23 19:19:07.017 8 INFO neutron.api.extensions [None req-b4d6b4e6-379b-4b4f-9a82-be3360a66728 - - - - - -] Loaded extension: subnetpool-prefix-ops
2026-06-23 19:19:07.017 8 INFO neutron.api.extensions [None req-b4d6b4e6-379b-4b4f-9a82-be3360a66728 - - - - - -] Extension tag-ports-during-bulk-creation not supported by any of loaded plugins
2026-06-23 19:19:07.019 7 INFO neutron.quota.resource_registry [None req-edb3d625-4ffa-4dd4-8398-9d84ded0dc4d - - - - - -] Creating instance of TrackedResource for resource:router
2026-06-23 19:19:07.019 7 WARNING neutron.quota.resource_registry [None req-edb3d625-4ffa-4dd4-8398-9d84ded0dc4d - - - - - -] router is already registered
2026-06-23 19:19:07.019 7 INFO neutron.quota.resource_registry [None req-edb3d625-4ffa-4dd4-8398-9d84ded0dc4d - - - - - -] Creating instance of TrackedResource for resource:floatingip
2026-06-23 19:19:07.020 7 WARNING neutron.quota.resource_registry [None req-edb3d625-4ffa-4dd4-8398-9d84ded0dc4d - - - - - -] floatingip is already registered
2026-06-23 19:19:07.020 8 INFO neutron.api.extensions [None req-b4d6b4e6-379b-4b4f-9a82-be3360a66728 - - - - - -] Loaded extension: standard-attr-tag
2026-06-23 19:19:07.021 8 INFO neutron.api.extensions [None req-b4d6b4e6-379b-4b4f-9a82-be3360a66728 - - - - - -] Loaded extension: standard-attr-timestamp
2026-06-23 19:19:07.022 8 INFO neutron.api.extensions [None req-b4d6b4e6-379b-4b4f-9a82-be3360a66728 - - - - - -] Loaded extension: trunk
2026-06-23 19:19:07.022 8 INFO neutron.api.extensions [None req-b4d6b4e6-379b-4b4f-9a82-be3360a66728 - - - - - -] Loaded extension: trunk-details
2026-06-23 19:19:07.023 8 INFO neutron.api.extensions [None req-b4d6b4e6-379b-4b4f-9a82-be3360a66728 - - - - - -] Extension uplink-status-propagation not supported by any of loaded plugins
2026-06-23 19:19:07.023 8 INFO neutron.api.extensions [None req-b4d6b4e6-379b-4b4f-9a82-be3360a66728 - - - - - -] Extension vlan-transparent not supported by any of loaded plugins
2026-06-23 19:19:07.024 7 INFO neutron.quota.resource_registry [None req-edb3d625-4ffa-4dd4-8398-9d84ded0dc4d - - - - - -] Creating instance of CountableResource for resource:rbac_policy
2026-06-23 19:19:07.025 7 WARNING neutron.quota.resource_registry [None req-edb3d625-4ffa-4dd4-8398-9d84ded0dc4d - - - - - -] rbac_policy is already registered
2026-06-23 19:19:07.025 8 INFO neutron.api.extensions [None req-b4d6b4e6-379b-4b4f-9a82-be3360a66728 - - - - - -] Extension vpn-agent-scheduler not supported by any of loaded plugins
2026-06-23 19:19:07.025 7 INFO neutron.quota.resource_registry [None req-edb3d625-4ffa-4dd4-8398-9d84ded0dc4d - - - - - -] Creating instance of TrackedResource for resource:security_group
2026-06-23 19:19:07.026 7 WARNING neutron.quota.resource_registry [None req-edb3d625-4ffa-4dd4-8398-9d84ded0dc4d - - - - - -] security_group is already registered
2026-06-23 19:19:07.026 8 INFO neutron.api.extensions [None req-b4d6b4e6-379b-4b4f-9a82-be3360a66728 - - - - - -] Loaded extension: vpn-endpoint-groups
2026-06-23 19:19:07.026 7 INFO neutron.quota.resource_registry [None req-edb3d625-4ffa-4dd4-8398-9d84ded0dc4d - - - - - -] Creating instance of TrackedResource for resource:security_group_rule
2026-06-23 19:19:07.026 7 WARNING neutron.quota.resource_registry [None req-edb3d625-4ffa-4dd4-8398-9d84ded0dc4d - - - - - -] security_group_rule is already registered
2026-06-23 19:19:07.026 8 INFO neutron.api.extensions [None req-b4d6b4e6-379b-4b4f-9a82-be3360a66728 - - - - - -] Loaded extension: vpn-flavors
2026-06-23 19:19:07.027 7 INFO neutron.quota.resource_registry [None req-edb3d625-4ffa-4dd4-8398-9d84ded0dc4d - - - - - -] Creating instance of TrackedResource for resource:subnetpool
2026-06-23 19:19:07.028 7 WARNING neutron.quota.resource_registry [None req-edb3d625-4ffa-4dd4-8398-9d84ded0dc4d - - - - - -] subnetpool is already registered
2026-06-23 19:19:07.028 8 INFO neutron.api.extensions [None req-b4d6b4e6-379b-4b4f-9a82-be3360a66728 - - - - - -] Loaded extension: vpnaas
2026-06-23 19:19:07.028 7 INFO neutron.quota.resource_registry [None req-edb3d625-4ffa-4dd4-8398-9d84ded0dc4d - - - - - -] Creating instance of TrackedResource for resource:subnetpool
2026-06-23 19:19:07.028 7 WARNING neutron.quota.resource_registry [None req-edb3d625-4ffa-4dd4-8398-9d84ded0dc4d - - - - - -] subnetpool is already registered
2026-06-23 19:19:07.029 7 INFO neutron.quota.resource_registry [None req-edb3d625-4ffa-4dd4-8398-9d84ded0dc4d - - - - - -] Creating instance of CountableResource for resource:trunk
2026-06-23 19:19:07.029 7 WARNING neutron.quota.resource_registry [None req-edb3d625-4ffa-4dd4-8398-9d84ded0dc4d - - - - - -] trunk is already registered
2026-06-23 19:19:07.030 7 INFO neutron.quota.resource_registry [None req-edb3d625-4ffa-4dd4-8398-9d84ded0dc4d - - - - - -] Creating instance of CountableResource for resource:endpoint_group
2026-06-23 19:19:07.030 7 WARNING neutron.quota.resource_registry [None req-edb3d625-4ffa-4dd4-8398-9d84ded0dc4d - - - - - -] endpoint_group is already registered
2026-06-23 19:19:07.030 8 INFO neutron.quota.resource_registry [None req-b4d6b4e6-379b-4b4f-9a82-be3360a66728 - - - - - -] Creating instance of TrackedResource for resource:network
2026-06-23 19:19:07.030 7 INFO neutron.quota.resource_registry [None req-edb3d625-4ffa-4dd4-8398-9d84ded0dc4d - - - - - -] Creating instance of CountableResource for resource:vpnservice
2026-06-23 19:19:07.031 7 WARNING neutron.quota.resource_registry [None req-edb3d625-4ffa-4dd4-8398-9d84ded0dc4d - - - - - -] vpnservice is already registered
2026-06-23 19:19:07.031 8 INFO neutron.quota.resource_registry [None req-b4d6b4e6-379b-4b4f-9a82-be3360a66728 - - - - - -] Creating instance of TrackedResource for resource:subnet
2026-06-23 19:19:07.031 8 INFO neutron.quota.resource_registry [None req-b4d6b4e6-379b-4b4f-9a82-be3360a66728 - - - - - -] Creating instance of TrackedResource for resource:subnetpool
2026-06-23 19:19:07.031 8 INFO neutron.quota.resource_registry [None req-b4d6b4e6-379b-4b4f-9a82-be3360a66728 - - - - - -] Creating instance of TrackedResource for resource:port
2026-06-23 19:19:07.031 7 INFO neutron.quota.resource_registry [None req-edb3d625-4ffa-4dd4-8398-9d84ded0dc4d - - - - - -] Creating instance of CountableResource for resource:ipsec_site_connection
2026-06-23 19:19:07.031 7 WARNING neutron.quota.resource_registry [None req-edb3d625-4ffa-4dd4-8398-9d84ded0dc4d - - - - - -] ipsec_site_connection is already registered
2026-06-23 19:19:07.032 7 INFO neutron.quota.resource_registry [None req-edb3d625-4ffa-4dd4-8398-9d84ded0dc4d - - - - - -] Creating instance of CountableResource for resource:ipsecpolicy
2026-06-23 19:19:07.032 7 WARNING neutron.quota.resource_registry [None req-edb3d625-4ffa-4dd4-8398-9d84ded0dc4d - - - - - -] ipsecpolicy is already registered
2026-06-23 19:19:07.032 7 INFO neutron.quota.resource_registry [None req-edb3d625-4ffa-4dd4-8398-9d84ded0dc4d - - - - - -] Creating instance of CountableResource for resource:ikepolicy
2026-06-23 19:19:07.033 7 WARNING neutron.quota.resource_registry [None req-edb3d625-4ffa-4dd4-8398-9d84ded0dc4d - - - - - -] ikepolicy is already registered
2026-06-23 19:19:07.035 8 INFO neutron.quota.resource_registry [None req-b4d6b4e6-379b-4b4f-9a82-be3360a66728 - - - - - -] Creating instance of TrackedResource for resource:router
2026-06-23 19:19:07.036 8 INFO neutron.quota.resource_registry [None req-b4d6b4e6-379b-4b4f-9a82-be3360a66728 - - - - - -] Creating instance of TrackedResource for resource:floatingip
2026-06-23 19:19:07.041 8 INFO neutron.quota.resource_registry [None req-b4d6b4e6-379b-4b4f-9a82-be3360a66728 - - - - - -] Creating instance of CountableResource for resource:rbac_policy
2026-06-23 19:19:07.042 8 INFO neutron.quota.resource_registry [None req-b4d6b4e6-379b-4b4f-9a82-be3360a66728 - - - - - -] Creating instance of TrackedResource for resource:security_group
2026-06-23 19:19:07.043 8 INFO neutron.quota.resource_registry [None req-b4d6b4e6-379b-4b4f-9a82-be3360a66728 - - - - - -] Creating instance of TrackedResource for resource:security_group_rule
2026-06-23 19:19:07.044 8 INFO neutron.quota.resource_registry [None req-b4d6b4e6-379b-4b4f-9a82-be3360a66728 - - - - - -] Creating instance of TrackedResource for resource:subnetpool
2026-06-23 19:19:07.044 8 WARNING neutron.quota.resource_registry [None req-b4d6b4e6-379b-4b4f-9a82-be3360a66728 - - - - - -] subnetpool is already registered
2026-06-23 19:19:07.045 8 INFO neutron.quota.resource_registry [None req-b4d6b4e6-379b-4b4f-9a82-be3360a66728 - - - - - -] Creating instance of TrackedResource for resource:subnetpool
2026-06-23 19:19:07.045 8 WARNING neutron.quota.resource_registry [None req-b4d6b4e6-379b-4b4f-9a82-be3360a66728 - - - - - -] subnetpool is already registered
2026-06-23 19:19:07.046 8 INFO neutron.quota.resource_registry [None req-b4d6b4e6-379b-4b4f-9a82-be3360a66728 - - - - - -] Creating instance of CountableResource for resource:trunk
2026-06-23 19:19:07.046 8 INFO neutron.quota.resource_registry [None req-b4d6b4e6-379b-4b4f-9a82-be3360a66728 - - - - - -] Creating instance of CountableResource for resource:endpoint_group
2026-06-23 19:19:07.047 8 INFO neutron.quota.resource_registry [None req-b4d6b4e6-379b-4b4f-9a82-be3360a66728 - - - - - -] Creating instance of CountableResource for resource:vpnservice
2026-06-23 19:19:07.047 8 INFO neutron.quota.resource_registry [None req-b4d6b4e6-379b-4b4f-9a82-be3360a66728 - - - - - -] Creating instance of CountableResource for resource:ipsec_site_connection
2026-06-23 19:19:07.048 8 INFO neutron.quota.resource_registry [None req-b4d6b4e6-379b-4b4f-9a82-be3360a66728 - - - - - -] Creating instance of CountableResource for resource:ipsecpolicy
2026-06-23 19:19:07.048 8 INFO neutron.quota.resource_registry [None req-b4d6b4e6-379b-4b4f-9a82-be3360a66728 - - - - - -] Creating instance of CountableResource for resource:ikepolicy
2026-06-23 19:19:07.053 8 INFO neutron.quota.resource_registry [None req-b4d6b4e6-379b-4b4f-9a82-be3360a66728 - - - - - -] Creating instance of TrackedResource for resource:router
2026-06-23 19:19:07.053 8 WARNING neutron.quota.resource_registry [None req-b4d6b4e6-379b-4b4f-9a82-be3360a66728 - - - - - -] router is already registered
2026-06-23 19:19:07.054 8 INFO neutron.quota.resource_registry [None req-b4d6b4e6-379b-4b4f-9a82-be3360a66728 - - - - - -] Creating instance of TrackedResource for resource:floatingip
2026-06-23 19:19:07.054 8 WARNING neutron.quota.resource_registry [None req-b4d6b4e6-379b-4b4f-9a82-be3360a66728 - - - - - -] floatingip is already registered
2026-06-23 19:19:07.060 8 INFO neutron.quota.resource_registry [None req-b4d6b4e6-379b-4b4f-9a82-be3360a66728 - - - - - -] Creating instance of CountableResource for resource:rbac_policy
2026-06-23 19:19:07.060 8 WARNING neutron.quota.resource_registry [None req-b4d6b4e6-379b-4b4f-9a82-be3360a66728 - - - - - -] rbac_policy is already registered
2026-06-23 19:19:07.061 8 INFO neutron.quota.resource_registry [None req-b4d6b4e6-379b-4b4f-9a82-be3360a66728 - - - - - -] Creating instance of TrackedResource for resource:security_group
2026-06-23 19:19:07.061 8 WARNING neutron.quota.resource_registry [None req-b4d6b4e6-379b-4b4f-9a82-be3360a66728 - - - - - -] security_group is already registered
2026-06-23 19:19:07.062 8 INFO neutron.quota.resource_registry [None req-b4d6b4e6-379b-4b4f-9a82-be3360a66728 - - - - - -] Creating instance of TrackedResource for resource:security_group_rule
2026-06-23 19:19:07.062 8 WARNING neutron.quota.resource_registry [None req-b4d6b4e6-379b-4b4f-9a82-be3360a66728 - - - - - -] security_group_rule is already registered
2026-06-23 19:19:07.063 8 INFO neutron.quota.resource_registry [None req-b4d6b4e6-379b-4b4f-9a82-be3360a66728 - - - - - -] Creating instance of TrackedResource for resource:subnetpool
2026-06-23 19:19:07.063 8 WARNING neutron.quota.resource_registry [None req-b4d6b4e6-379b-4b4f-9a82-be3360a66728 - - - - - -] subnetpool is already registered
2026-06-23 19:19:07.064 8 INFO neutron.quota.resource_registry [None req-b4d6b4e6-379b-4b4f-9a82-be3360a66728 - - - - - -] Creating instance of TrackedResource for resource:subnetpool
2026-06-23 19:19:07.064 8 WARNING neutron.quota.resource_registry [None req-b4d6b4e6-379b-4b4f-9a82-be3360a66728 - - - - - -] subnetpool is already registered
2026-06-23 19:19:07.065 8 INFO neutron.quota.resource_registry [None req-b4d6b4e6-379b-4b4f-9a82-be3360a66728 - - - - - -] Creating instance of CountableResource for resource:trunk
2026-06-23 19:19:07.065 8 WARNING neutron.quota.resource_registry [None req-b4d6b4e6-379b-4b4f-9a82-be3360a66728 - - - - - -] trunk is already registered
2026-06-23 19:19:07.065 8 INFO neutron.quota.resource_registry [None req-b4d6b4e6-379b-4b4f-9a82-be3360a66728 - - - - - -] Creating instance of CountableResource for resource:endpoint_group
2026-06-23 19:19:07.065 8 WARNING neutron.quota.resource_registry [None req-b4d6b4e6-379b-4b4f-9a82-be3360a66728 - - - - - -] endpoint_group is already registered
2026-06-23 19:19:07.066 8 INFO neutron.quota.resource_registry [None req-b4d6b4e6-379b-4b4f-9a82-be3360a66728 - - - - - -] Creating instance of CountableResource for resource:vpnservice
2026-06-23 19:19:07.066 8 WARNING neutron.quota.resource_registry [None req-b4d6b4e6-379b-4b4f-9a82-be3360a66728 - - - - - -] vpnservice is already registered
2026-06-23 19:19:07.067 8 INFO neutron.quota.resource_registry [None req-b4d6b4e6-379b-4b4f-9a82-be3360a66728 - - - - - -] Creating instance of CountableResource for resource:ipsec_site_connection
2026-06-23 19:19:07.067 8 WARNING neutron.quota.resource_registry [None req-b4d6b4e6-379b-4b4f-9a82-be3360a66728 - - - - - -] ipsec_site_connection is already registered
2026-06-23 19:19:07.067 8 INFO neutron.quota.resource_registry [None req-b4d6b4e6-379b-4b4f-9a82-be3360a66728 - - - - - -] Creating instance of CountableResource for resource:ipsecpolicy
2026-06-23 19:19:07.068 8 WARNING neutron.quota.resource_registry [None req-b4d6b4e6-379b-4b4f-9a82-be3360a66728 - - - - - -] ipsecpolicy is already registered
2026-06-23 19:19:07.068 8 INFO neutron.quota.resource_registry [None req-b4d6b4e6-379b-4b4f-9a82-be3360a66728 - - - - - -] Creating instance of CountableResource for resource:ikepolicy
2026-06-23 19:19:07.068 8 WARNING neutron.quota.resource_registry [None req-b4d6b4e6-379b-4b4f-9a82-be3360a66728 - - - - - -] ikepolicy is already registered
2026-06-23 19:19:07.070 7 WARNING keystonemiddleware._common.config [None req-edb3d625-4ffa-4dd4-8398-9d84ded0dc4d - - - - - -] The option "audit_map_file" is not known to keystonemiddleware
2026-06-23 19:19:07.078 7 WARNING oslo_config.cfg [None req-edb3d625-4ffa-4dd4-8398-9d84ded0dc4d - - - - - -] Deprecated: Option "auth_uri" from group "keystone_authtoken" is deprecated. Use option "www_authenticate_uri" from group "keystone_authtoken". WSGI app 0 (mountpoint='') ready in 7 seconds on interpreter 0x558fd6052170 pid: 7 (default app)
2026-06-23 19:19:07.106 8 WARNING keystonemiddleware._common.config [None req-b4d6b4e6-379b-4b4f-9a82-be3360a66728 - - - - - -] The option "audit_map_file" is not known to keystonemiddleware
2026-06-23 19:19:07.114 8 WARNING oslo_config.cfg [None req-b4d6b4e6-379b-4b4f-9a82-be3360a66728 - - - - - -] Deprecated: Option "auth_uri" from group "keystone_authtoken" is deprecated. Use option "www_authenticate_uri" from group "keystone_authtoken". WSGI app 0 (mountpoint='') ready in 7 seconds on interpreter 0x558fd6052170 pid: 8 (default app) /var/lib/openstack/lib/python3.10/site-packages/pycadf/identifier.py:71: UserWarning: Invalid uuid: unknown. To ensure interoperability, identifiers should be a valid uuid. warnings.warn(('Invalid uuid: %s. To ensure interoperability, '
2026-06-23 19:19:08.492 7 INFO neutron.pecan_wsgi.hooks.translation [None req-77ef1d9d-c8d9-4954-ab9e-bafaf39e3052 a0652431c2d341d8bacca1887b326f59 1302edd92ba24210aa023dd03bf16a5f - - default default] GET failed (client error): The resource could not be found. [pid: 7|app: 0|req: 3/3] 199.19.213.221 () {44 vars in 927 bytes} [Tue Jun 23 19:19:07 2026] GET /v2.0/networks/public => generated 108 bytes in 902 msecs (HTTP/1.1 404) 4 headers in 164 bytes (1 switches on core 0) /var/lib/openstack/lib/python3.10/site-packages/pycadf/identifier.py:71: UserWarning: Invalid uuid: unknown. To ensure interoperability, identifiers should be a valid uuid. warnings.warn(('Invalid uuid: %s. To ensure interoperability, ' [pid: 8|app: 0|req: 1/4] 199.19.213.221 () {44 vars in 949 bytes} [Tue Jun 23 19:19:08 2026] GET /v2.0/networks?name=public => generated 15 bytes in 430 msecs (HTTP/1.1 200) 4 headers in 156 bytes (1 switches on core 0)
2026-06-23 19:19:09.143 7 WARNING oslo_policy.policy [None req-bd15aa12-0fae-4a5f-ab6d-1ea715285c01 a0652431c2d341d8bacca1887b326f59 1302edd92ba24210aa023dd03bf16a5f - - default default] Policies ['get_subnets_tags'] reference a rule that is not defined.
2026-06-23 19:19:09.283 7 WARNING neutron.services.revisions.revision_plugin [None req-bd15aa12-0fae-4a5f-ab6d-1ea715285c01 a0652431c2d341d8bacca1887b326f59 1302edd92ba24210aa023dd03bf16a5f - - default default] Could not find related network for resource to bump revision.
2026-06-23 19:19:09.327 7 INFO neutron.db.segments_db [None req-bd15aa12-0fae-4a5f-ab6d-1ea715285c01 a0652431c2d341d8bacca1887b326f59 1302edd92ba24210aa023dd03bf16a5f - - default default] Added segment 668ced6f-2b5f-4808-92b9-585af4a00274 of type flat for network f61503ba-e49c-4786-9449-4d4bcd2c68e2
2026-06-23 19:19:09.397 7 INFO neutron.pecan_wsgi.hooks.translation [None req-bd15aa12-0fae-4a5f-ab6d-1ea715285c01 a0652431c2d341d8bacca1887b326f59 1302edd92ba24210aa023dd03bf16a5f - - default default] POST failed (client error): The resource could not be found. [pid: 7|app: 0|req: 4/5] 199.19.213.221 () {48 vars in 967 bytes} [Tue Jun 23 19:19:08 2026] POST /v2.0/networks => generated 124 bytes in 488 msecs (HTTP/1.1 404) 4 headers in 164 bytes (1 switches on core 0)
2026-06-23 19:19:15.686 8 INFO neutron.pecan_wsgi.hooks.translation [None req-34d6e2fd-9ca4-4c27-b3c0-8e7dfaa22ceb a0652431c2d341d8bacca1887b326f59 1302edd92ba24210aa023dd03bf16a5f - - default default] GET failed (client error): The resource could not be found. [pid: 8|app: 0|req: 2/6] 199.19.213.221 () {44 vars in 927 bytes} [Tue Jun 23 19:19:15 2026] GET /v2.0/networks/public => generated 108 bytes in 389 msecs (HTTP/1.1 404) 4 headers in 164 bytes (1 switches on core 0) [pid: 7|app: 0|req: 5/7] 199.19.213.221 () {44 vars in 949 bytes} [Tue Jun 23 19:19:15 2026] GET /v2.0/networks?name=public => generated 15 bytes in 21 msecs (HTTP/1.1 200) 4 headers in 156 bytes (1 switches on core 0)
2026-06-23 19:19:15.885 8 WARNING oslo_policy.policy [None req-6e99a167-dc4e-4a79-b174-11b33aa4d4bd a0652431c2d341d8bacca1887b326f59 1302edd92ba24210aa023dd03bf16a5f - - default default] Policies ['get_subnets_tags'] reference a rule that is not defined.
2026-06-23 19:19:15.952 8 WARNING neutron.services.revisions.revision_plugin [None req-6e99a167-dc4e-4a79-b174-11b33aa4d4bd a0652431c2d341d8bacca1887b326f59 1302edd92ba24210aa023dd03bf16a5f - - default default] Could not find related network for resource to bump revision.
2026-06-23 19:19:15.975 8 INFO neutron.db.segments_db [None req-6e99a167-dc4e-4a79-b174-11b33aa4d4bd a0652431c2d341d8bacca1887b326f59 1302edd92ba24210aa023dd03bf16a5f - - default default] Added segment a004abcb-7822-4883-9a89-ed93855c0cfb of type flat for network e6b42f74-fbde-4930-8b7c-099dee9a7c8b
2026-06-23 19:19:16.030 8 INFO neutron.pecan_wsgi.hooks.translation [None req-6e99a167-dc4e-4a79-b174-11b33aa4d4bd a0652431c2d341d8bacca1887b326f59 1302edd92ba24210aa023dd03bf16a5f - - default default] POST failed (client error): The resource could not be found. [pid: 8|app: 0|req: 3/8] 199.19.213.221 () {48 vars in 967 bytes} [Tue Jun 23 19:19:15 2026] POST /v2.0/networks => generated 124 bytes in 335 msecs (HTTP/1.1 404) 4 headers in 164 bytes (1 switches on core 0)
2026-06-23 19:19:21.971 8 INFO neutron.pecan_wsgi.hooks.translation [None req-3c729850-1832-461b-a0a6-f991c4804655 a0652431c2d341d8bacca1887b326f59 1302edd92ba24210aa023dd03bf16a5f - - default default] GET failed (client error): The resource could not be found. [pid: 8|app: 0|req: 4/10] 199.19.213.221 () {44 vars in 927 bytes} [Tue Jun 23 19:19:21 2026] GET /v2.0/networks/public => generated 108 bytes in 50 msecs (HTTP/1.1 404) 4 headers in 164 bytes (1 switches on core 0) [pid: 7|app: 0|req: 7/11] 199.19.213.221 () {44 vars in 949 bytes} [Tue Jun 23 19:19:21 2026] GET /v2.0/networks?name=public => generated 15 bytes in 17 msecs (HTTP/1.1 200) 4 headers in 156 bytes (1 switches on core 0)
2026-06-23 19:19:22.055 8 WARNING neutron.services.revisions.revision_plugin [None req-062fc57d-b2df-4f99-b041-4df8f4cccd8f a0652431c2d341d8bacca1887b326f59 1302edd92ba24210aa023dd03bf16a5f - - default default] Could not find related network for resource to bump revision.
2026-06-23 19:19:22.071 8 INFO neutron.db.segments_db [None req-062fc57d-b2df-4f99-b041-4df8f4cccd8f a0652431c2d341d8bacca1887b326f59 1302edd92ba24210aa023dd03bf16a5f - - default default] Added segment c66435b6-3d93-4413-9ca1-9948e3f096d5 of type flat for network d068d8dc-a113-4454-adbc-52876e10ec94
2026-06-23 19:19:22.133 8 INFO neutron.pecan_wsgi.hooks.translation [None req-062fc57d-b2df-4f99-b041-4df8f4cccd8f a0652431c2d341d8bacca1887b326f59 1302edd92ba24210aa023dd03bf16a5f - - default default] POST failed (client error): The resource could not be found. [pid: 8|app: 0|req: 5/12] 199.19.213.221 () {48 vars in 967 bytes} [Tue Jun 23 19:19:21 2026] POST /v2.0/networks => generated 124 bytes in 157 msecs (HTTP/1.1 404) 4 headers in 164 bytes (1 switches on core 0)
2026-06-23 19:19:28.096 7 INFO neutron.pecan_wsgi.hooks.translation [None req-e9ec5cf6-9511-48d6-b187-d4b95581c294 a0652431c2d341d8bacca1887b326f59 1302edd92ba24210aa023dd03bf16a5f - - default default] GET failed (client error): The resource could not be found. [pid: 7|app: 0|req: 8/13] 199.19.213.221 () {44 vars in 927 bytes} [Tue Jun 23 19:19:28 2026] GET /v2.0/networks/public => generated 108 bytes in 74 msecs (HTTP/1.1 404) 4 headers in 164 bytes (1 switches on core 0) [pid: 8|app: 0|req: 6/14] 199.19.213.221 () {44 vars in 949 bytes} [Tue Jun 23 19:19:28 2026] GET /v2.0/networks?name=public => generated 15 bytes in 31 msecs (HTTP/1.1 200) 4 headers in 156 bytes (1 switches on core 0)
2026-06-23 19:19:28.199 7 WARNING neutron.services.revisions.revision_plugin [None req-1bcbe82e-0ed7-4cd5-9363-65a99fb6c096 a0652431c2d341d8bacca1887b326f59 1302edd92ba24210aa023dd03bf16a5f - - default default] Could not find related network for resource to bump revision.
2026-06-23 19:19:28.217 7 INFO neutron.db.segments_db [None req-1bcbe82e-0ed7-4cd5-9363-65a99fb6c096 a0652431c2d341d8bacca1887b326f59 1302edd92ba24210aa023dd03bf16a5f - - default default] Added segment 383586ff-827e-445a-908c-f146cc26cc49 of type flat for network c691e8f1-db92-436d-9c2b-3520d89d6009
2026-06-23 19:19:28.245 7 INFO neutron.pecan_wsgi.hooks.translation [None req-1bcbe82e-0ed7-4cd5-9363-65a99fb6c096 a0652431c2d341d8bacca1887b326f59 1302edd92ba24210aa023dd03bf16a5f - - default default] POST failed (client error): The resource could not be found. [pid: 7|app: 0|req: 9/15] 199.19.213.221 () {48 vars in 967 bytes} [Tue Jun 23 19:19:28 2026] POST /v2.0/networks => generated 124 bytes in 117 msecs (HTTP/1.1 404) 4 headers in 164 bytes (1 switches on core 0)
2026-06-23 19:19:34.196 7 INFO neutron.pecan_wsgi.hooks.translation [None req-a7ad7a30-7daf-4fbb-9b3e-aa731313dd7e a0652431c2d341d8bacca1887b326f59 1302edd92ba24210aa023dd03bf16a5f - - default default] GET failed (client error): The resource could not be found. [pid: 7|app: 0|req: 10/17] 199.19.213.221 () {44 vars in 927 bytes} [Tue Jun 23 19:19:34 2026] GET /v2.0/networks/public => generated 108 bytes in 64 msecs (HTTP/1.1 404) 4 headers in 164 bytes (1 switches on core 0) [pid: 8|app: 0|req: 8/18] 199.19.213.221 () {44 vars in 949 bytes} [Tue Jun 23 19:19:34 2026] GET /v2.0/networks?name=public => generated 15 bytes in 18 msecs (HTTP/1.1 200) 4 headers in 156 bytes (1 switches on core 0)
2026-06-23 19:19:34.280 7 WARNING neutron.services.revisions.revision_plugin [None req-e85f0b6e-6d3c-4bfc-aa87-c69937e49499 a0652431c2d341d8bacca1887b326f59 1302edd92ba24210aa023dd03bf16a5f - - default default] Could not find related network for resource to bump revision.
2026-06-23 19:19:34.302 7 INFO neutron.db.segments_db [None req-e85f0b6e-6d3c-4bfc-aa87-c69937e49499 a0652431c2d341d8bacca1887b326f59 1302edd92ba24210aa023dd03bf16a5f - - default default] Added segment 91f62c75-86dd-435e-8ffd-693894645563 of type flat for network 1a5c9625-82f8-4be2-96f0-d77b4c38b709
2026-06-23 19:19:34.335 7 INFO neutron.pecan_wsgi.hooks.translation [None req-e85f0b6e-6d3c-4bfc-aa87-c69937e49499 a0652431c2d341d8bacca1887b326f59 1302edd92ba24210aa023dd03bf16a5f - - default default] POST failed (client error): The resource could not be found. [pid: 7|app: 0|req: 11/19] 199.19.213.221 () {48 vars in 967 bytes} [Tue Jun 23 19:19:34 2026] POST /v2.0/networks => generated 124 bytes in 128 msecs (HTTP/1.1 404) 4 headers in 164 bytes (1 switches on core 0)
2026-06-23 19:19:40.250 8 INFO neutron.pecan_wsgi.hooks.translation [None req-9b79efa2-9c1c-4a64-a300-5a26d30025db a0652431c2d341d8bacca1887b326f59 1302edd92ba24210aa023dd03bf16a5f - - default default] GET failed (client error): The resource could not be found. [pid: 8|app: 0|req: 9/20] 199.19.213.221 () {44 vars in 927 bytes} [Tue Jun 23 19:19:40 2026] GET /v2.0/networks/public => generated 108 bytes in 64 msecs (HTTP/1.1 404) 4 headers in 164 bytes (1 switches on core 0) [pid: 7|app: 0|req: 12/21] 199.19.213.221 () {44 vars in 949 bytes} [Tue Jun 23 19:19:40 2026] GET /v2.0/networks?name=public => generated 15 bytes in 17 msecs (HTTP/1.1 200) 4 headers in 156 bytes (1 switches on core 0)
2026-06-23 19:19:40.335 8 WARNING neutron.services.revisions.revision_plugin [None req-5af84bbe-b622-479d-a0b2-2ce8c02f8344 a0652431c2d341d8bacca1887b326f59 1302edd92ba24210aa023dd03bf16a5f - - default default] Could not find related network for resource to bump revision.
2026-06-23 19:19:40.359 8 INFO neutron.db.segments_db [None req-5af84bbe-b622-479d-a0b2-2ce8c02f8344 a0652431c2d341d8bacca1887b326f59 1302edd92ba24210aa023dd03bf16a5f - - default default] Added segment c6a9e5ce-751c-4abd-b353-a1066cc7c568 of type flat for network b7c7e2cc-cb22-46cd-b47f-e96bae437f25 [pid: 8|app: 0|req: 10/22] 199.19.213.221 () {48 vars in 967 bytes} [Tue Jun 23 19:19:40 2026] POST /v2.0/networks => generated 706 bytes in 244 msecs (HTTP/1.1 201) 4 headers in 162 bytes (1 switches on core 0)
2026-06-23 19:19:41.779 7 INFO neutron.pecan_wsgi.hooks.translation [None req-0d0fb5cb-33e1-4181-be97-1f61724dc31d a0652431c2d341d8bacca1887b326f59 1302edd92ba24210aa023dd03bf16a5f - - default default] GET failed (client error): The resource could not be found. [pid: 7|app: 0|req: 13/23] 199.19.213.221 () {44 vars in 927 bytes} [Tue Jun 23 19:19:41 2026] GET /v2.0/networks/public => generated 108 bytes in 69 msecs (HTTP/1.1 404) 4 headers in 164 bytes (1 switches on core 0) [pid: 8|app: 0|req: 11/24] 199.19.213.221 () {44 vars in 949 bytes} [Tue Jun 23 19:19:41 2026] GET /v2.0/networks?name=public => generated 709 bytes in 91 msecs (HTTP/1.1 200) 4 headers in 157 bytes (1 switches on core 0)
2026-06-23 19:19:41.916 7 INFO neutron.pecan_wsgi.hooks.translation [None req-4b0737e2-aabf-4297-856c-207470d2dab6 a0652431c2d341d8bacca1887b326f59 1302edd92ba24210aa023dd03bf16a5f - - default default] GET failed (client error): The resource could not be found. [pid: 7|app: 0|req: 14/25] 199.19.213.221 () {44 vars in 1034 bytes} [Tue Jun 23 19:19:41 2026] GET /v2.0/subnets/public-subnet?network_id=b7c7e2cc-cb22-46cd-b47f-e96bae437f25 => generated 113 bytes in 30 msecs (HTTP/1.1 404) 4 headers in 164 bytes (1 switches on core 0) [pid: 8|app: 0|req: 12/26] 199.19.213.221 () {44 vars in 1057 bytes} [Tue Jun 23 19:19:41 2026] GET /v2.0/subnets?name=public-subnet&network_id=b7c7e2cc-cb22-46cd-b47f-e96bae437f25 => generated 14 bytes in 28 msecs (HTTP/1.1 200) 4 headers in 156 bytes (1 switches on core 0) [pid: 7|app: 0|req: 15/27] 199.19.213.221 () {48 vars in 965 bytes} [Tue Jun 23 19:19:41 2026] POST /v2.0/subnets => generated 641 bytes in 491 msecs (HTTP/1.1 201) 4 headers in 162 bytes (1 switches on core 0)
2026-06-23 19:24:25.721 7 ERROR oslo.messaging._drivers.impl_rabbit [-] [1a428e4c-44e9-4bf9-ac8a-81640c77ad05] AMQP server on rabbitmq-neutron.openstack.svc.cluster.local:5672 is unreachable: . Trying again in 1 seconds.: amqp.exceptions.RecoverableConnectionError: 
2026-06-23 19:24:25.722 7 ERROR oslo.messaging._drivers.impl_rabbit [-] [b17daeae-5da9-49d5-a00c-16c29859acaa] AMQP server on rabbitmq-neutron.openstack.svc.cluster.local:5672 is unreachable: . Trying again in 1 seconds.: amqp.exceptions.RecoverableConnectionError: 
2026-06-23 19:24:25.728 7 INFO oslo.messaging._drivers.impl_rabbit [-] A recoverable connection/channel error occurred, trying to reconnect: Server unexpectedly closed connection Tue Jun 23 19:24:25 2026 - SIGPIPE: writing to a closed pipe/socket/fd (probably the client disconnected) on request /v2.0/networks/lb-mgmt-net (ip 199.19.213.221) !!!
2026-06-23 19:24:25.879 7 INFO neutron.pecan_wsgi.hooks.translation [None req-176f47f9-1114-4285-b16b-ee7856fb1c1d a0652431c2d341d8bacca1887b326f59 1302edd92ba24210aa023dd03bf16a5f - - default default] GET failed (client error): The resource could not be found. [pid: 7|app: 0|req: 34/65] 199.19.213.221 () {44 vars in 937 bytes} [Tue Jun 23 19:24:25 2026] GET /v2.0/networks/lb-mgmt-net => generated 113 bytes in 168 msecs (HTTP/1.1 404) 4 headers in 164 bytes (1 switches on core 0)
2026-06-23 19:24:25.896 8 ERROR oslo.messaging._drivers.impl_rabbit [-] [231ec40e-9248-4bb7-9be9-065b5b4277b2] AMQP server on rabbitmq-neutron.openstack.svc.cluster.local:5672 is unreachable: . Trying again in 1 seconds.: amqp.exceptions.RecoverableConnectionError: 
2026-06-23 19:24:25.897 8 ERROR oslo.messaging._drivers.impl_rabbit [-] [23ac6ced-a25a-4fd6-b231-ca88c881500d] AMQP server on rabbitmq-neutron.openstack.svc.cluster.local:5672 is unreachable: . Trying again in 1 seconds.: amqp.exceptions.RecoverableConnectionError:  [pid: 8|app: 0|req: 32/66] 199.19.213.221 () {44 vars in 959 bytes} [Tue Jun 23 19:24:25 2026] GET /v2.0/networks?name=lb-mgmt-net => generated 15 bytes in 30 msecs (HTTP/1.1 200) 4 headers in 156 bytes (1 switches on core 0)
2026-06-23 19:24:26.198 7 INFO neutron.db.segments_db [None req-d556b8f4-1bb7-4660-a49b-4f3c1d95a8c4 a0652431c2d341d8bacca1887b326f59 1302edd92ba24210aa023dd03bf16a5f - - default default] Added segment a6fd99df-03bf-4b34-8452-38471839aa6a of type vxlan for network f0ec120f-50e6-4d53-9106-12a530ec45c3 [pid: 7|app: 0|req: 35/67] 199.19.213.221 () {48 vars in 966 bytes} [Tue Jun 23 19:24:25 2026] POST /v2.0/networks => generated 707 bytes in 372 msecs (HTTP/1.1 201) 4 headers in 162 bytes (1 switches on core 0)
2026-06-23 19:24:27.276 8 INFO oslo.messaging._drivers.impl_rabbit [-] [23ac6ced-a25a-4fd6-b231-ca88c881500d] Reconnected to AMQP server on rabbitmq-neutron.openstack.svc.cluster.local:5672 via [amqp] client with port 54144.
2026-06-23 19:24:27.276 8 INFO oslo.messaging._drivers.impl_rabbit [-] [231ec40e-9248-4bb7-9be9-065b5b4277b2] Reconnected to AMQP server on rabbitmq-neutron.openstack.svc.cluster.local:5672 via [amqp] client with port 54132.
2026-06-23 19:24:27.330 8 INFO neutron.pecan_wsgi.hooks.translation [None req-03c2b896-4647-46eb-a3e7-43bb7fe50923 a0652431c2d341d8bacca1887b326f59 1302edd92ba24210aa023dd03bf16a5f - - default default] GET failed (client error): The resource could not be found. [pid: 8|app: 0|req: 33/68] 199.19.213.221 () {44 vars in 937 bytes} [Tue Jun 23 19:24:27 2026] GET /v2.0/networks/lb-mgmt-net => generated 113 bytes in 84 msecs (HTTP/1.1 404) 4 headers in 164 bytes (1 switches on core 0)
2026-06-23 19:24:27.430 7 INFO oslo.messaging._drivers.impl_rabbit [-] [b17daeae-5da9-49d5-a00c-16c29859acaa] Reconnected to AMQP server on rabbitmq-neutron.openstack.svc.cluster.local:5672 via [amqp] client with port 54162.
2026-06-23 19:24:27.431 7 INFO oslo.messaging._drivers.impl_rabbit [-] [1a428e4c-44e9-4bf9-ac8a-81640c77ad05] Reconnected to AMQP server on rabbitmq-neutron.openstack.svc.cluster.local:5672 via [amqp] client with port 54148. [pid: 7|app: 0|req: 36/69] 199.19.213.221 () {44 vars in 959 bytes} [Tue Jun 23 19:24:27 2026] GET /v2.0/networks?name=lb-mgmt-net => generated 691 bytes in 103 msecs (HTTP/1.1 200) 4 headers in 157 bytes (1 switches on core 0)
2026-06-23 19:24:27.474 8 INFO neutron.pecan_wsgi.hooks.translation [None req-981dbab4-0c26-4bdb-8134-c23cc173a865 a0652431c2d341d8bacca1887b326f59 1302edd92ba24210aa023dd03bf16a5f - - default default] GET failed (client error): The resource could not be found. [pid: 8|app: 0|req: 34/70] 199.19.213.221 () {44 vars in 1036 bytes} [Tue Jun 23 19:24:27 2026] GET /v2.0/subnets/lb-mgmt-subnet?network_id=f0ec120f-50e6-4d53-9106-12a530ec45c3 => generated 114 bytes in 26 msecs (HTTP/1.1 404) 4 headers in 164 bytes (1 switches on core 0) [pid: 7|app: 0|req: 37/71] 199.19.213.221 () {44 vars in 1059 bytes} [Tue Jun 23 19:24:27 2026] GET /v2.0/subnets?name=lb-mgmt-subnet&network_id=f0ec120f-50e6-4d53-9106-12a530ec45c3 => generated 14 bytes in 27 msecs (HTTP/1.1 200) 4 headers in 156 bytes (1 switches on core 0) [pid: 8|app: 0|req: 35/72] 199.19.213.221 () {48 vars in 965 bytes} [Tue Jun 23 19:24:27 2026] POST /v2.0/subnets => generated 627 bytes in 362 msecs (HTTP/1.1 201) 4 headers in 162 bytes (1 switches on core 0)
