+ exec neutron-metadata-agent --config-file /etc/neutron/neutron.conf --config-file /tmp/pod-shared/neutron-agent.ini --config-file /etc/neutron/metadata_agent.ini /var/lib/openstack/lib/python3.10/site-packages/neutron/common/utils.py:55: UserWarning: pkg_resources is deprecated as an API. See https://setuptools.pypa.io/en/latest/pkg_resources.html. The pkg_resources package is slated for removal as early as 2025-11-30. Refrain from using this package or pin to Setuptools<81. import pkg_resources
2026-06-23 19:19:37.322 38 INFO neutron.common.config [-] Logging enabled!
2026-06-23 19:19:37.323 38 INFO neutron.common.config [-] /var/lib/openstack/bin/neutron-metadata-agent version 24.2.2.dev7
2026-06-23 19:19:37.349 38 INFO oslo_service.service [None req-4de0d132-753f-4a2a-b9ae-1cf31bf38b83 - - - - - -] Starting 2 workers
2026-06-23 19:19:37.362 46 INFO eventlet.wsgi.server [-] (46) wsgi starting up on http:/var/lib/neutron/openstack-helm/metadata_proxy
2026-06-23 19:19:37.364 47 INFO eventlet.wsgi.server [-] (47) wsgi starting up on http:/var/lib/neutron/openstack-helm/metadata_proxy
2026-06-23 19:21:10.509 47 INFO eventlet.wsgi.server [-] 169.254.169.254, "GET / HTTP/1.1" status: 404 len: 176 time: 0.1190367
2026-06-23 19:23:09.227 46 INFO eventlet.wsgi.server [-] 169.254.169.254, "GET / HTTP/1.1" status: 404 len: 176 time: 0.0100884
2026-06-23 19:26:19.172 47 INFO eventlet.wsgi.server [-] 169.254.169.254, "GET / HTTP/1.1" status: 404 len: 176 time: 0.0081601
2026-06-23 19:26:49.181 47 INFO eventlet.wsgi.server [-] 169.254.169.254, "GET / HTTP/1.1" status: 404 len: 176 time: 0.0089316
2026-06-23 19:29:29.220 46 INFO eventlet.wsgi.server [-] 169.254.169.254, "GET / HTTP/1.1" status: 404 len: 176 time: 0.0091057
2026-06-23 19:32:39.276 47 INFO eventlet.wsgi.server [-] 169.254.169.254, "GET / HTTP/1.1" status: 404 len: 176 time: 0.0502598
2026-06-23 19:35:49.269 46 INFO eventlet.wsgi.server [-] 169.254.169.254, "GET / HTTP/1.1" status: 404 len: 176 time: 0.0053349
2026-06-23 19:36:49.238 47 INFO eventlet.wsgi.server [-] 169.254.169.254, "GET / HTTP/1.1" status: 404 len: 176 time: 0.0102611
2026-06-23 19:38:59.198 47 INFO eventlet.wsgi.server [-] 169.254.169.254, "GET / HTTP/1.1" status: 404 len: 176 time: 0.0056729
2026-06-23 19:42:09.243 46 INFO eventlet.wsgi.server [-] 169.254.169.254, "GET / HTTP/1.1" status: 404 len: 176 time: 0.0048747
2026-06-23 19:45:19.328 46 INFO eventlet.wsgi.server [-] 169.254.169.254, "GET / HTTP/1.1" status: 404 len: 176 time: 0.1114647
2026-06-23 19:46:49.271 46 INFO eventlet.wsgi.server [-] 169.254.169.254, "GET / HTTP/1.1" status: 404 len: 176 time: 0.0051205
2026-06-23 19:48:29.192 46 INFO eventlet.wsgi.server [-] 169.254.169.254, "GET / HTTP/1.1" status: 404 len: 176 time: 0.0078609
2026-06-23 19:51:39.238 47 INFO eventlet.wsgi.server [-] 169.254.169.254, "GET / HTTP/1.1" status: 404 len: 176 time: 0.0079591
2026-06-23 19:54:49.237 46 INFO eventlet.wsgi.server [-] 169.254.169.254, "GET / HTTP/1.1" status: 404 len: 176 time: 0.0057635
2026-06-23 19:56:05.211 46 INFO eventlet.wsgi.server [-] 10.100.0.9, "GET /2009-04-04/meta-data/instance-id HTTP/1.1" status: 200 len: 146 time: 2.1940038
2026-06-23 19:56:05.242 46 INFO eventlet.wsgi.server [-] 10.100.0.9, "GET /2009-04-04/meta-data/public-keys HTTP/1.1" status: 200 len: 163 time: 0.0229185
2026-06-23 19:56:05.275 47 INFO eventlet.wsgi.server [-] 10.100.0.9, "GET /2009-04-04/meta-data/public-keys/0/openssh-key HTTP/1.1" status: 200 len: 341 time: 0.0270498
2026-06-23 19:56:05.298 47 INFO eventlet.wsgi.server [-] 10.100.0.9, "GET /2009-04-04/meta-data/instance-id HTTP/1.1" status: 200 len: 146 time: 0.0142889
2026-06-23 19:56:05.316 47 INFO eventlet.wsgi.server [-] 10.100.0.9, "GET /2009-04-04/meta-data/ami-launch-index HTTP/1.1" status: 200 len: 136 time: 0.0116587
2026-06-23 19:56:05.333 47 INFO eventlet.wsgi.server [-] 10.100.0.9, "GET /2009-04-04/meta-data/instance-type HTTP/1.1" status: 200 len: 142 time: 0.0102441
2026-06-23 19:56:05.356 47 INFO eventlet.wsgi.server [-] 10.100.0.9, "GET /2009-04-04/meta-data/local-ipv4 HTTP/1.1" status: 200 len: 146 time: 0.0156593
2026-06-23 19:56:05.378 46 INFO eventlet.wsgi.server [-] 10.100.0.9, "GET /2009-04-04/meta-data/public-ipv4 HTTP/1.1" status: 200 len: 149 time: 0.0138986
2026-06-23 19:56:05.393 46 INFO eventlet.wsgi.server [-] 10.100.0.9, "GET /2009-04-04/meta-data/hostname HTTP/1.1" status: 200 len: 200 time: 0.0111208
2026-06-23 19:56:05.418 46 INFO eventlet.wsgi.server [-] 10.100.0.9, "GET /2009-04-04/meta-data/local-hostname HTTP/1.1" status: 200 len: 200 time: 0.0181422
2026-06-23 19:56:05.438 46 INFO eventlet.wsgi.server [-] 10.100.0.9, "GET /2009-04-04/user-data HTTP/1.1" status: 200 len: 231 time: 0.0116661
2026-06-23 19:56:05.485 46 INFO eventlet.wsgi.server [-] 10.100.0.9, "GET /2009-04-04/meta-data/block-device-mapping HTTP/1.1" status: 200 len: 143 time: 0.0164416
2026-06-23 19:56:05.506 46 INFO eventlet.wsgi.server [-] 10.100.0.9, "GET /2009-04-04/meta-data/block-device-mapping/ami HTTP/1.1" status: 200 len: 138 time: 0.0151589
2026-06-23 19:56:05.525 46 INFO eventlet.wsgi.server [-] 10.100.0.9, "GET /2009-04-04/meta-data/block-device-mapping/root HTTP/1.1" status: 200 len: 143 time: 0.0137331
2026-06-23 19:56:05.542 47 INFO eventlet.wsgi.server [-] 10.100.0.9, "GET /2009-04-04/meta-data/public-hostname HTTP/1.1" status: 200 len: 200 time: 0.0122306
2026-06-23 19:56:05.567 47 INFO eventlet.wsgi.server [-] 10.100.0.9, "GET /2009-04-04/meta-data/placement/availability-zone HTTP/1.1" status: 200 len: 139 time: 0.0161109
2026-06-23 19:56:49.381 46 INFO eventlet.wsgi.server [-] 169.254.169.254, "GET / HTTP/1.1" status: 404 len: 176 time: 0.0869918
2026-06-23 19:56:56.793 47 INFO eventlet.wsgi.server [-] 10.100.0.11, "GET /2009-04-04/meta-data/instance-id HTTP/1.1" status: 200 len: 146 time: 1.5538170
2026-06-23 19:56:56.831 46 INFO eventlet.wsgi.server [-] 10.100.0.11, "GET /2009-04-04/meta-data/public-keys HTTP/1.1" status: 200 len: 164 time: 0.0275905
2026-06-23 19:56:56.853 46 INFO eventlet.wsgi.server [-] 10.100.0.11, "GET /2009-04-04/meta-data/public-keys/0/openssh-key HTTP/1.1" status: 200 len: 341 time: 0.0137031
2026-06-23 19:56:56.878 46 INFO eventlet.wsgi.server [-] 10.100.0.11, "GET /2009-04-04/meta-data/instance-id HTTP/1.1" status: 200 len: 146 time: 0.0151803
2026-06-23 19:56:56.903 46 INFO eventlet.wsgi.server [-] 10.100.0.11, "GET /2009-04-04/meta-data/ami-launch-index HTTP/1.1" status: 200 len: 136 time: 0.0142436
2026-06-23 19:56:56.932 46 INFO eventlet.wsgi.server [-] 10.100.0.11, "GET /2009-04-04/meta-data/instance-type HTTP/1.1" status: 200 len: 142 time: 0.0170100
2026-06-23 19:56:56.963 47 INFO eventlet.wsgi.server [-] 10.100.0.11, "GET /2009-04-04/meta-data/local-ipv4 HTTP/1.1" status: 200 len: 147 time: 0.0185990
2026-06-23 19:56:56.990 47 INFO eventlet.wsgi.server [-] 10.100.0.11, "GET /2009-04-04/meta-data/public-ipv4 HTTP/1.1" status: 200 len: 149 time: 0.0207922
2026-06-23 19:56:57.019 47 INFO eventlet.wsgi.server [-] 10.100.0.11, "GET /2009-04-04/meta-data/hostname HTTP/1.1" status: 200 len: 191 time: 0.0187578
2026-06-23 19:56:57.044 47 INFO eventlet.wsgi.server [-] 10.100.0.11, "GET /2009-04-04/meta-data/local-hostname HTTP/1.1" status: 200 len: 191 time: 0.0177128
2026-06-23 19:56:57.077 46 INFO eventlet.wsgi.server [-] 10.100.0.11, "GET /2009-04-04/user-data HTTP/1.1" status: 200 len: 231 time: 0.0259883
2026-06-23 19:56:57.103 46 INFO eventlet.wsgi.server [-] 10.100.0.11, "GET /2009-04-04/meta-data/block-device-mapping HTTP/1.1" status: 200 len: 143 time: 0.0193384
2026-06-23 19:56:57.126 46 INFO eventlet.wsgi.server [-] 10.100.0.11, "GET /2009-04-04/meta-data/block-device-mapping/ami HTTP/1.1" status: 200 len: 138 time: 0.0174072
2026-06-23 19:56:57.146 46 INFO eventlet.wsgi.server [-] 10.100.0.11, "GET /2009-04-04/meta-data/block-device-mapping/root HTTP/1.1" status: 200 len: 143 time: 0.0137992
2026-06-23 19:56:57.175 47 INFO eventlet.wsgi.server [-] 10.100.0.11, "GET /2009-04-04/meta-data/public-hostname HTTP/1.1" status: 200 len: 191 time: 0.0196936
2026-06-23 19:56:57.202 46 INFO eventlet.wsgi.server [-] 10.100.0.11, "GET /2009-04-04/meta-data/placement/availability-zone HTTP/1.1" status: 200 len: 139 time: 0.0179846
2026-06-23 19:57:15.518 46 INFO eventlet.wsgi.server [-] 10.100.0.11, "GET /2009-04-04/meta-data/instance-id HTTP/1.1" status: 200 len: 146 time: 0.9622362
2026-06-23 19:57:15.544 47 INFO eventlet.wsgi.server [-] 10.100.0.11, "GET /2009-04-04/meta-data/public-keys HTTP/1.1" status: 200 len: 164 time: 0.0132315
2026-06-23 19:57:15.566 47 INFO eventlet.wsgi.server [-] 10.100.0.11, "GET /2009-04-04/meta-data/public-keys/0/openssh-key HTTP/1.1" status: 200 len: 341 time: 0.0159361
2026-06-23 19:57:15.594 47 INFO eventlet.wsgi.server [-] 10.100.0.11, "GET /2009-04-04/meta-data/instance-id HTTP/1.1" status: 200 len: 146 time: 0.0198472
2026-06-23 19:57:15.614 47 INFO eventlet.wsgi.server [-] 10.100.0.11, "GET /2009-04-04/meta-data/ami-launch-index HTTP/1.1" status: 200 len: 136 time: 0.0131495
2026-06-23 19:57:15.633 47 INFO eventlet.wsgi.server [-] 10.100.0.11, "GET /2009-04-04/meta-data/instance-type HTTP/1.1" status: 200 len: 142 time: 0.0121784
2026-06-23 19:57:15.656 47 INFO eventlet.wsgi.server [-] 10.100.0.11, "GET /2009-04-04/meta-data/local-ipv4 HTTP/1.1" status: 200 len: 147 time: 0.0159004
2026-06-23 19:57:15.678 47 INFO eventlet.wsgi.server [-] 10.100.0.11, "GET /2009-04-04/meta-data/public-ipv4 HTTP/1.1" status: 200 len: 149 time: 0.0136008
2026-06-23 19:57:15.695 47 INFO eventlet.wsgi.server [-] 10.100.0.11, "GET /2009-04-04/meta-data/hostname HTTP/1.1" status: 200 len: 191 time: 0.0124955
2026-06-23 19:57:15.714 47 INFO eventlet.wsgi.server [-] 10.100.0.11, "GET /2009-04-04/meta-data/local-hostname HTTP/1.1" status: 200 len: 191 time: 0.0127110
2026-06-23 19:57:15.737 47 INFO eventlet.wsgi.server [-] 10.100.0.11, "GET /2009-04-04/user-data HTTP/1.1" status: 200 len: 231 time: 0.0133970
2026-06-23 19:57:15.760 47 INFO eventlet.wsgi.server [-] 10.100.0.11, "GET /2009-04-04/meta-data/block-device-mapping HTTP/1.1" status: 200 len: 143 time: 0.0159523
2026-06-23 19:57:15.782 47 INFO eventlet.wsgi.server [-] 10.100.0.11, "GET /2009-04-04/meta-data/block-device-mapping/ami HTTP/1.1" status: 200 len: 138 time: 0.0143096
2026-06-23 19:57:15.806 47 INFO eventlet.wsgi.server [-] 10.100.0.11, "GET /2009-04-04/meta-data/block-device-mapping/root HTTP/1.1" status: 200 len: 143 time: 0.0157223
2026-06-23 19:57:15.830 47 INFO eventlet.wsgi.server [-] 10.100.0.11, "GET /2009-04-04/meta-data/public-hostname HTTP/1.1" status: 200 len: 191 time: 0.0137789
2026-06-23 19:57:15.852 47 INFO eventlet.wsgi.server [-] 10.100.0.11, "GET /2009-04-04/meta-data/placement/availability-zone HTTP/1.1" status: 200 len: 139 time: 0.0138533
2026-06-23 19:57:31.637 46 INFO eventlet.wsgi.server [-] 10.100.0.11, "GET /2009-04-04/meta-data/instance-id HTTP/1.1" status: 200 len: 146 time: 0.5455687
2026-06-23 19:57:31.673 46 INFO eventlet.wsgi.server [-] 10.100.0.11, "GET /2009-04-04/meta-data/public-keys HTTP/1.1" status: 200 len: 175 time: 0.0234478
2026-06-23 19:57:31.692 46 INFO eventlet.wsgi.server [-] 10.100.0.11, "GET /2009-04-04/meta-data/public-keys/0/openssh-key HTTP/1.1" status: 200 len: 341 time: 0.0150616
2026-06-23 19:57:31.733 47 INFO eventlet.wsgi.server [-] 10.100.0.11, "GET /2009-04-04/meta-data/instance-id HTTP/1.1" status: 200 len: 146 time: 0.0351579
2026-06-23 19:57:31.754 47 INFO eventlet.wsgi.server [-] 10.100.0.11, "GET /2009-04-04/meta-data/ami-launch-index HTTP/1.1" status: 200 len: 136 time: 0.0138755
2026-06-23 19:57:31.777 47 INFO eventlet.wsgi.server [-] 10.100.0.11, "GET /2009-04-04/meta-data/instance-type HTTP/1.1" status: 200 len: 142 time: 0.0183785
2026-06-23 19:57:31.811 47 INFO eventlet.wsgi.server [-] 10.100.0.11, "GET /2009-04-04/meta-data/local-ipv4 HTTP/1.1" status: 200 len: 147 time: 0.0258975
2026-06-23 19:57:31.832 47 INFO eventlet.wsgi.server [-] 10.100.0.11, "GET /2009-04-04/meta-data/public-ipv4 HTTP/1.1" status: 200 len: 149 time: 0.0149071
2026-06-23 19:57:31.850 46 INFO eventlet.wsgi.server [-] 10.100.0.11, "GET /2009-04-04/meta-data/hostname HTTP/1.1" status: 200 len: 191 time: 0.0106108
2026-06-23 19:57:31.872 46 INFO eventlet.wsgi.server [-] 10.100.0.11, "GET /2009-04-04/meta-data/local-hostname HTTP/1.1" status: 200 len: 191 time: 0.0145550
2026-06-23 19:57:31.900 46 INFO neutron.agent.metadata.agent [-] The instance: 38a5d3a5-ebe6-4416-9735-81582ad5e994 is not present anymore, skipping cache...
2026-06-23 19:57:31.974 46 INFO eventlet.wsgi.server [-] 10.100.0.11, "GET /2009-04-04/user-data HTTP/1.1" status: 404 len: 297 time: 0.0877755
2026-06-23 19:57:32.017 46 INFO eventlet.wsgi.server [-] 10.100.0.11, "GET /2009-04-04/meta-data/block-device-mapping HTTP/1.1" status: 200 len: 143 time: 0.0165482
2026-06-23 19:57:32.042 46 INFO eventlet.wsgi.server [-] 10.100.0.11, "GET /2009-04-04/meta-data/block-device-mapping/ami HTTP/1.1" status: 200 len: 138 time: 0.0177550
2026-06-23 19:57:32.069 46 INFO eventlet.wsgi.server [-] 10.100.0.11, "GET /2009-04-04/meta-data/block-device-mapping/root HTTP/1.1" status: 200 len: 143 time: 0.0187743
2026-06-23 19:57:32.110 46 INFO eventlet.wsgi.server [-] 10.100.0.11, "GET /2009-04-04/meta-data/public-hostname HTTP/1.1" status: 200 len: 191 time: 0.0313311
2026-06-23 19:57:32.139 47 INFO eventlet.wsgi.server [-] 10.100.0.11, "GET /2009-04-04/meta-data/placement/availability-zone HTTP/1.1" status: 200 len: 139 time: 0.0181968
2026-06-23 19:57:58.685 47 INFO eventlet.wsgi.server [-] 10.100.0.7, "GET /2009-04-04/meta-data/instance-id HTTP/1.1" status: 200 len: 146 time: 0.3779297
2026-06-23 19:57:58.715 47 INFO eventlet.wsgi.server [-] 10.100.0.7, "GET /2009-04-04/meta-data/public-keys HTTP/1.1" status: 200 len: 175 time: 0.0207269
2026-06-23 19:57:58.735 47 INFO eventlet.wsgi.server [-] 10.100.0.7, "GET /2009-04-04/meta-data/public-keys/0/openssh-key HTTP/1.1" status: 200 len: 341 time: 0.0140355
2026-06-23 19:57:58.757 47 INFO eventlet.wsgi.server [-] 10.100.0.7, "GET /2009-04-04/meta-data/instance-id HTTP/1.1" status: 200 len: 146 time: 0.0149431
2026-06-23 19:57:58.776 47 INFO eventlet.wsgi.server [-] 10.100.0.7, "GET /2009-04-04/meta-data/ami-launch-index HTTP/1.1" status: 200 len: 136 time: 0.0117004
2026-06-23 19:57:58.801 47 INFO eventlet.wsgi.server [-] 10.100.0.7, "GET /2009-04-04/meta-data/instance-type HTTP/1.1" status: 200 len: 142 time: 0.0178106
2026-06-23 19:57:58.821 47 INFO eventlet.wsgi.server [-] 10.100.0.7, "GET /2009-04-04/meta-data/local-ipv4 HTTP/1.1" status: 200 len: 146 time: 0.0121284
2026-06-23 19:57:58.846 47 INFO eventlet.wsgi.server [-] 10.100.0.7, "GET /2009-04-04/meta-data/public-ipv4 HTTP/1.1" status: 200 len: 149 time: 0.0153384
2026-06-23 19:57:58.870 47 INFO eventlet.wsgi.server [-] 10.100.0.7, "GET /2009-04-04/meta-data/hostname HTTP/1.1" status: 200 len: 191 time: 0.0136421
2026-06-23 19:57:58.903 47 INFO eventlet.wsgi.server [-] 10.100.0.7, "GET /2009-04-04/meta-data/local-hostname HTTP/1.1" status: 200 len: 191 time: 0.0151904
2026-06-23 19:57:58.924 47 INFO neutron.agent.metadata.agent [-] The instance: 31930541-7dd1-400e-8d69-5d2301c4425c is not present anymore, skipping cache...
2026-06-23 19:57:58.987 47 INFO eventlet.wsgi.server [-] 10.100.0.7, "GET /2009-04-04/user-data HTTP/1.1" status: 404 len: 297 time: 0.0764446
2026-06-23 19:57:59.013 47 INFO eventlet.wsgi.server [-] 10.100.0.7, "GET /2009-04-04/meta-data/block-device-mapping HTTP/1.1" status: 200 len: 143 time: 0.0137303
2026-06-23 19:57:59.044 47 INFO eventlet.wsgi.server [-] 10.100.0.7, "GET /2009-04-04/meta-data/block-device-mapping/ami HTTP/1.1" status: 200 len: 138 time: 0.0241618
2026-06-23 19:57:59.070 46 INFO eventlet.wsgi.server [-] 10.100.0.7, "GET /2009-04-04/meta-data/block-device-mapping/root HTTP/1.1" status: 200 len: 143 time: 0.0204268
2026-06-23 19:57:59.099 46 INFO eventlet.wsgi.server [-] 10.100.0.7, "GET /2009-04-04/meta-data/public-hostname HTTP/1.1" status: 200 len: 191 time: 0.0185537
2026-06-23 19:57:59.122 47 INFO eventlet.wsgi.server [-] 10.100.0.7, "GET /2009-04-04/meta-data/placement/availability-zone HTTP/1.1" status: 200 len: 139 time: 0.0167613
2026-06-23 19:57:59.261 46 INFO eventlet.wsgi.server [-] 169.254.169.254, "GET / HTTP/1.1" status: 404 len: 176 time: 0.0161166
2026-06-23 19:58:00.353 47 INFO eventlet.wsgi.server [-] 10.100.0.9, "GET /latest/meta-data/public-ipv4 HTTP/1.1" status: 200 len: 149 time: 0.2344275
2026-06-23 19:58:00.713 47 INFO eventlet.wsgi.server [-] 10.100.0.9, "POST /openstack/2013-10-17/password HTTP/1.1" status: 200 len: 134 time: 0.2375793
2026-06-23 20:00:29.845 46 INFO eventlet.wsgi.server [-] 10.2.1.150, "GET /2009-04-04/meta-data/instance-id HTTP/1.1" status: 200 len: 146 time: 0.2716973
2026-06-23 20:00:29.874 46 INFO eventlet.wsgi.server [-] 10.2.1.150, "GET /2009-04-04/meta-data/public-keys HTTP/1.1" status: 200 len: 174 time: 0.0183864
2026-06-23 20:00:29.898 46 INFO eventlet.wsgi.server [-] 10.2.1.150, "GET /2009-04-04/meta-data/public-keys/0/openssh-key HTTP/1.1" status: 200 len: 341 time: 0.0190969
2026-06-23 20:00:29.938 47 INFO eventlet.wsgi.server [-] 10.2.1.150, "GET /2009-04-04/meta-data/instance-id HTTP/1.1" status: 200 len: 146 time: 0.0335059
2026-06-23 20:00:29.960 47 INFO eventlet.wsgi.server [-] 10.2.1.150, "GET /2009-04-04/meta-data/ami-launch-index HTTP/1.1" status: 200 len: 136 time: 0.0144196
2026-06-23 20:00:29.980 47 INFO eventlet.wsgi.server [-] 10.2.1.150, "GET /2009-04-04/meta-data/instance-type HTTP/1.1" status: 200 len: 142 time: 0.0120919
2026-06-23 20:00:30.007 47 INFO eventlet.wsgi.server [-] 10.2.1.150, "GET /2009-04-04/meta-data/local-ipv4 HTTP/1.1" status: 200 len: 146 time: 0.0200636
2026-06-23 20:00:30.040 47 INFO eventlet.wsgi.server [-] 10.2.1.150, "GET /2009-04-04/meta-data/public-ipv4 HTTP/1.1" status: 200 len: 149 time: 0.0252657
2026-06-23 20:00:30.060 47 INFO eventlet.wsgi.server [-] 10.2.1.150, "GET /2009-04-04/meta-data/hostname HTTP/1.1" status: 200 len: 183 time: 0.0147758
2026-06-23 20:00:30.082 47 INFO eventlet.wsgi.server [-] 10.2.1.150, "GET /2009-04-04/meta-data/local-hostname HTTP/1.1" status: 200 len: 183 time: 0.0182660
2026-06-23 20:00:30.129 47 INFO neutron.agent.metadata.agent [-] The instance: eb344a2b-8df6-4762-a2d4-627df24449c3 is not present anymore, skipping cache...
2026-06-23 20:00:30.204 47 INFO eventlet.wsgi.server [-] 10.2.1.150, "GET /2009-04-04/user-data HTTP/1.1" status: 404 len: 297 time: 0.0959003
2026-06-23 20:00:30.233 46 INFO eventlet.wsgi.server [-] 10.2.1.150, "GET /2009-04-04/meta-data/block-device-mapping HTTP/1.1" status: 200 len: 143 time: 0.0138693
2026-06-23 20:00:30.263 47 INFO eventlet.wsgi.server [-] 10.2.1.150, "GET /2009-04-04/meta-data/block-device-mapping/ami HTTP/1.1" status: 200 len: 138 time: 0.0230258
2026-06-23 20:00:30.288 47 INFO eventlet.wsgi.server [-] 10.2.1.150, "GET /2009-04-04/meta-data/block-device-mapping/root HTTP/1.1" status: 200 len: 143 time: 0.0202272
2026-06-23 20:00:30.309 47 INFO eventlet.wsgi.server [-] 10.2.1.150, "GET /2009-04-04/meta-data/public-hostname HTTP/1.1" status: 200 len: 183 time: 0.0145087
2026-06-23 20:00:30.338 47 INFO eventlet.wsgi.server [-] 10.2.1.150, "GET /2009-04-04/meta-data/placement/availability-zone HTTP/1.1" status: 200 len: 139 time: 0.0193632
2026-06-23 20:00:42.613 47 INFO eventlet.wsgi.server [-] 10.2.2.149, "GET /2009-04-04/meta-data/instance-id HTTP/1.1" status: 200 len: 146 time: 0.2759569
2026-06-23 20:00:42.641 47 INFO eventlet.wsgi.server [-] 10.2.2.149, "GET /2009-04-04/meta-data/public-keys HTTP/1.1" status: 200 len: 174 time: 0.0151386
2026-06-23 20:00:42.659 47 INFO eventlet.wsgi.server [-] 10.2.2.149, "GET /2009-04-04/meta-data/public-keys/0/openssh-key HTTP/1.1" status: 200 len: 341 time: 0.0137503
2026-06-23 20:00:42.675 47 INFO eventlet.wsgi.server [-] 10.2.2.149, "GET /2009-04-04/meta-data/instance-id HTTP/1.1" status: 200 len: 146 time: 0.0108767
2026-06-23 20:00:42.692 46 INFO eventlet.wsgi.server [-] 10.2.2.149, "GET /2009-04-04/meta-data/ami-launch-index HTTP/1.1" status: 200 len: 136 time: 0.0127616
2026-06-23 20:00:42.710 46 INFO eventlet.wsgi.server [-] 10.2.2.149, "GET /2009-04-04/meta-data/instance-type HTTP/1.1" status: 200 len: 142 time: 0.0120461
2026-06-23 20:00:42.731 46 INFO eventlet.wsgi.server [-] 10.2.2.149, "GET /2009-04-04/meta-data/local-ipv4 HTTP/1.1" status: 200 len: 146 time: 0.0155742
2026-06-23 20:00:42.756 46 INFO eventlet.wsgi.server [-] 10.2.2.149, "GET /2009-04-04/meta-data/public-ipv4 HTTP/1.1" status: 200 len: 135 time: 0.0166063
2026-06-23 20:00:42.784 46 INFO eventlet.wsgi.server [-] 10.2.2.149, "GET /2009-04-04/meta-data/hostname HTTP/1.1" status: 200 len: 184 time: 0.0203395
2026-06-23 20:00:42.806 46 INFO eventlet.wsgi.server [-] 10.2.2.149, "GET /2009-04-04/meta-data/local-hostname HTTP/1.1" status: 200 len: 184 time: 0.0174074
2026-06-23 20:00:42.852 47 INFO neutron.agent.metadata.agent [-] The instance: 3ea24fd2-9712-4d05-8960-800477d6d953 is not present anymore, skipping cache...
2026-06-23 20:00:42.925 47 INFO eventlet.wsgi.server [-] 10.2.2.149, "GET /2009-04-04/user-data HTTP/1.1" status: 404 len: 297 time: 0.0879838
2026-06-23 20:00:42.958 47 INFO eventlet.wsgi.server [-] 10.2.2.149, "GET /2009-04-04/meta-data/block-device-mapping HTTP/1.1" status: 200 len: 143 time: 0.0158811
2026-06-23 20:00:42.975 47 INFO eventlet.wsgi.server [-] 10.2.2.149, "GET /2009-04-04/meta-data/block-device-mapping/ami HTTP/1.1" status: 200 len: 138 time: 0.0109305
2026-06-23 20:00:42.997 47 INFO eventlet.wsgi.server [-] 10.2.2.149, "GET /2009-04-04/meta-data/block-device-mapping/root HTTP/1.1" status: 200 len: 143 time: 0.0154645
2026-06-23 20:00:43.029 46 INFO eventlet.wsgi.server [-] 10.2.2.149, "GET /2009-04-04/meta-data/public-hostname HTTP/1.1" status: 200 len: 184 time: 0.0245283
2026-06-23 20:00:43.061 46 INFO eventlet.wsgi.server [-] 10.2.2.149, "GET /2009-04-04/meta-data/placement/availability-zone HTTP/1.1" status: 200 len: 139 time: 0.0229347
2026-06-23 20:01:09.252 46 INFO eventlet.wsgi.server [-] 169.254.169.254, "GET / HTTP/1.1" status: 404 len: 176 time: 0.0119746
2026-06-23 20:04:19.271 47 INFO eventlet.wsgi.server [-] 169.254.169.254, "GET / HTTP/1.1" status: 404 len: 176 time: 0.0126300
2026-06-23 20:06:49.250 46 INFO eventlet.wsgi.server [-] 169.254.169.254, "GET / HTTP/1.1" status: 404 len: 176 time: 0.0045431
2026-06-23 20:07:29.343 46 INFO eventlet.wsgi.server [-] 169.254.169.254, "GET / HTTP/1.1" status: 404 len: 176 time: 0.0806887
2026-06-23 20:10:39.222 47 INFO eventlet.wsgi.server [-] 169.254.169.254, "GET / HTTP/1.1" status: 404 len: 176 time: 0.0119100