2026-06-23 19:59:53.962 8 INFO cinder.volume.api [None req-b9014b0c-e4f2-4584-aa12-7d25ca5ee8e0 a438c5418d2348d593a0a3fd52cbef2a 61711ba546ca41d38dcb0bee6a87b764 - - default default] Volume info retrieved successfully.
2026-06-23 19:59:53.978 8 INFO cinder.api.openstack.wsgi [None req-b9014b0c-e4f2-4584-aa12-7d25ca5ee8e0 a438c5418d2348d593a0a3fd52cbef2a 61711ba546ca41d38dcb0bee6a87b764 - - default default] http://cinder-api.openstack.svc.cluster.local:8776/v3/61711ba546ca41d38dcb0bee6a87b764/volumes/68abb27d-716e-4909-b5b5-9ba365d1d196 returned with HTTP 200 [pid: 8|app: 0|req: 458/919] 10.0.0.117 () {32 vars in 775 bytes} [Tue Jun 23 19:59:53 2026] GET /v3/61711ba546ca41d38dcb0bee6a87b764/volumes/68abb27d-716e-4909-b5b5-9ba365d1d196 => generated 969 bytes in 46 msecs (HTTP/1.1 200) 7 headers in 285 bytes (1 switches on core 0)
2026-06-23 19:59:54.000 7 INFO cinder.api.openstack.wsgi [None req-4144e9b1-bea7-4659-8ca8-b278eda1be31 a438c5418d2348d593a0a3fd52cbef2a 61711ba546ca41d38dcb0bee6a87b764 - - default default] DELETE http://cinder-api.openstack.svc.cluster.local:8776/v3/61711ba546ca41d38dcb0bee6a87b764/volumes/68abb27d-716e-4909-b5b5-9ba365d1d196
2026-06-23 19:59:54.001 7 INFO cinder.api.v3.volumes [None req-4144e9b1-bea7-4659-8ca8-b278eda1be31 a438c5418d2348d593a0a3fd52cbef2a 61711ba546ca41d38dcb0bee6a87b764 - - default default] Delete volume with id: 68abb27d-716e-4909-b5b5-9ba365d1d196  /var/lib/openstack/lib/python3.10/site-packages/oslo_context/context.py:100: DeprecationWarning: Policy enforcement is depending on the value of is_admin. This key is deprecated. Please update your policy file to use the standard policy values. warnings.warn('Policy enforcement is depending on the value of '
2026-06-23 19:59:54.012 7 INFO cinder.volume.api [None req-4144e9b1-bea7-4659-8ca8-b278eda1be31 a438c5418d2348d593a0a3fd52cbef2a 61711ba546ca41d38dcb0bee6a87b764 - - default default] Volume info retrieved successfully.
2026-06-23 19:59:54.043 7 INFO cinder.volume.api [None req-4144e9b1-bea7-4659-8ca8-b278eda1be31 a438c5418d2348d593a0a3fd52cbef2a 61711ba546ca41d38dcb0bee6a87b764 - - default default] Delete volume request issued successfully.
2026-06-23 19:59:54.043 7 INFO cinder.api.openstack.wsgi [None req-4144e9b1-bea7-4659-8ca8-b278eda1be31 a438c5418d2348d593a0a3fd52cbef2a 61711ba546ca41d38dcb0bee6a87b764 - - default default] http://cinder-api.openstack.svc.cluster.local:8776/v3/61711ba546ca41d38dcb0bee6a87b764/volumes/68abb27d-716e-4909-b5b5-9ba365d1d196 returned with HTTP 202 [pid: 7|app: 0|req: 462/920] 10.0.0.117 () {32 vars in 778 bytes} [Tue Jun 23 19:59:53 2026] DELETE /v3/61711ba546ca41d38dcb0bee6a87b764/volumes/68abb27d-716e-4909-b5b5-9ba365d1d196 => generated 0 bytes in 52 msecs (HTTP/1.1 202) 6 headers in 233 bytes (1 switches on core 0) /var/lib/openstack/lib/python3.10/site-packages/pycadf/identifier.py:71: UserWarning: Invalid uuid: cinderv3. To ensure interoperability, identifiers should be a valid uuid. warnings.warn(('Invalid uuid: %s. To ensure interoperability, '
2026-06-23 19:59:54.059 8 INFO cinder.api.openstack.wsgi [None req-6277513a-344a-42fc-a793-519b8310e658 a438c5418d2348d593a0a3fd52cbef2a 61711ba546ca41d38dcb0bee6a87b764 - - default default] GET http://cinder-api.openstack.svc.cluster.local:8776/v3/61711ba546ca41d38dcb0bee6a87b764/volumes/68abb27d-716e-4909-b5b5-9ba365d1d196 /var/lib/openstack/lib/python3.10/site-packages/oslo_context/context.py:100: DeprecationWarning: Policy enforcement is depending on the value of is_admin. This key is deprecated. Please update your policy file to use the standard policy values. warnings.warn('Policy enforcement is depending on the value of '
2026-06-23 19:59:54.085 8 INFO cinder.volume.api [None req-6277513a-344a-42fc-a793-519b8310e658 a438c5418d2348d593a0a3fd52cbef2a 61711ba546ca41d38dcb0bee6a87b764 - - default default] Volume info retrieved successfully.
2026-06-23 19:59:54.092 8 INFO cinder.api.openstack.wsgi [None req-6277513a-344a-42fc-a793-519b8310e658 a438c5418d2348d593a0a3fd52cbef2a 61711ba546ca41d38dcb0bee6a87b764 - - default default] http://cinder-api.openstack.svc.cluster.local:8776/v3/61711ba546ca41d38dcb0bee6a87b764/volumes/68abb27d-716e-4909-b5b5-9ba365d1d196 returned with HTTP 200 [pid: 8|app: 0|req: 459/921] 10.0.0.117 () {32 vars in 775 bytes} [Tue Jun 23 19:59:54 2026] GET /v3/61711ba546ca41d38dcb0bee6a87b764/volumes/68abb27d-716e-4909-b5b5-9ba365d1d196 => generated 968 bytes in 42 msecs (HTTP/1.1 200) 7 headers in 285 bytes (1 switches on core 0) /var/lib/openstack/lib/python3.10/site-packages/pycadf/identifier.py:71: UserWarning: Invalid uuid: cinderv3. To ensure interoperability, identifiers should be a valid uuid. warnings.warn(('Invalid uuid: %s. To ensure interoperability, '
2026-06-23 19:59:55.124 7 INFO cinder.api.openstack.wsgi [None req-3f8eaa42-1149-4405-8247-e2db0c716528 a438c5418d2348d593a0a3fd52cbef2a 61711ba546ca41d38dcb0bee6a87b764 - - default default] GET http://cinder-api.openstack.svc.cluster.local:8776/v3/61711ba546ca41d38dcb0bee6a87b764/volumes/68abb27d-716e-4909-b5b5-9ba365d1d196
2026-06-23 19:59:55.141 7 INFO cinder.api.openstack.wsgi [None req-3f8eaa42-1149-4405-8247-e2db0c716528 a438c5418d2348d593a0a3fd52cbef2a 61711ba546ca41d38dcb0bee6a87b764 - - default default] http://cinder-api.openstack.svc.cluster.local:8776/v3/61711ba546ca41d38dcb0bee6a87b764/volumes/68abb27d-716e-4909-b5b5-9ba365d1d196 returned with HTTP 404 [pid: 7|app: 0|req: 463/922] 10.0.0.117 () {32 vars in 775 bytes} [Tue Jun 23 19:59:55 2026] GET /v3/61711ba546ca41d38dcb0bee6a87b764/volumes/68abb27d-716e-4909-b5b5-9ba365d1d196 => generated 109 bytes in 26 msecs (HTTP/1.1 404) 7 headers in 292 bytes (1 switches on core 0) /var/lib/openstack/lib/python3.10/site-packages/pycadf/identifier.py:71: UserWarning: Invalid uuid: cinderv3. To ensure interoperability, identifiers should be a valid uuid. warnings.warn(('Invalid uuid: %s. To ensure interoperability, '
2026-06-23 19:59:55.156 8 INFO cinder.api.openstack.wsgi [None req-966947ff-2477-452c-8590-b26306364402 a438c5418d2348d593a0a3fd52cbef2a 61711ba546ca41d38dcb0bee6a87b764 - - default default] GET http://cinder-api.openstack.svc.cluster.local:8776/v3/61711ba546ca41d38dcb0bee6a87b764/volumes/5718a901-2466-4255-a937-7bdd76b63fb8 /var/lib/openstack/lib/python3.10/site-packages/oslo_context/context.py:100: DeprecationWarning: Policy enforcement is depending on the value of is_admin. This key is deprecated. Please update your policy file to use the standard policy values. warnings.warn('Policy enforcement is depending on the value of '
2026-06-23 19:59:55.176 8 INFO cinder.volume.api [None req-966947ff-2477-452c-8590-b26306364402 a438c5418d2348d593a0a3fd52cbef2a 61711ba546ca41d38dcb0bee6a87b764 - - default default] Volume info retrieved successfully.
2026-06-23 19:59:55.185 8 INFO cinder.api.openstack.wsgi [None req-966947ff-2477-452c-8590-b26306364402 a438c5418d2348d593a0a3fd52cbef2a 61711ba546ca41d38dcb0bee6a87b764 - - default default] http://cinder-api.openstack.svc.cluster.local:8776/v3/61711ba546ca41d38dcb0bee6a87b764/volumes/5718a901-2466-4255-a937-7bdd76b63fb8 returned with HTTP 200 [pid: 8|app: 0|req: 460/923] 10.0.0.117 () {32 vars in 775 bytes} [Tue Jun 23 19:59:55 2026] GET /v3/61711ba546ca41d38dcb0bee6a87b764/volumes/5718a901-2466-4255-a937-7bdd76b63fb8 => generated 968 bytes in 36 msecs (HTTP/1.1 200) 7 headers in 285 bytes (1 switches on core 0)
2026-06-23 19:59:55.204 7 INFO cinder.api.openstack.wsgi [None req-10108225-8bbd-4c8e-ada8-1f1615ad7346 a438c5418d2348d593a0a3fd52cbef2a 61711ba546ca41d38dcb0bee6a87b764 - - default default] DELETE http://cinder-api.openstack.svc.cluster.local:8776/v3/61711ba546ca41d38dcb0bee6a87b764/volumes/5718a901-2466-4255-a937-7bdd76b63fb8
2026-06-23 19:59:55.205 7 INFO cinder.api.v3.volumes [None req-10108225-8bbd-4c8e-ada8-1f1615ad7346 a438c5418d2348d593a0a3fd52cbef2a 61711ba546ca41d38dcb0bee6a87b764 - - default default] Delete volume with id: 5718a901-2466-4255-a937-7bdd76b63fb8  /var/lib/openstack/lib/python3.10/site-packages/oslo_context/context.py:100: DeprecationWarning: Policy enforcement is depending on the value of is_admin. This key is deprecated. Please update your policy file to use the standard policy values. warnings.warn('Policy enforcement is depending on the value of '
2026-06-23 19:59:55.215 7 INFO cinder.volume.api [None req-10108225-8bbd-4c8e-ada8-1f1615ad7346 a438c5418d2348d593a0a3fd52cbef2a 61711ba546ca41d38dcb0bee6a87b764 - - default default] Volume info retrieved successfully.
2026-06-23 19:59:55.234 7 INFO cinder.volume.api [None req-10108225-8bbd-4c8e-ada8-1f1615ad7346 a438c5418d2348d593a0a3fd52cbef2a 61711ba546ca41d38dcb0bee6a87b764 - - default default] Delete volume request issued successfully.
2026-06-23 19:59:55.234 7 INFO cinder.api.openstack.wsgi [None req-10108225-8bbd-4c8e-ada8-1f1615ad7346 a438c5418d2348d593a0a3fd52cbef2a 61711ba546ca41d38dcb0bee6a87b764 - - default default] http://cinder-api.openstack.svc.cluster.local:8776/v3/61711ba546ca41d38dcb0bee6a87b764/volumes/5718a901-2466-4255-a937-7bdd76b63fb8 returned with HTTP 202 [pid: 7|app: 0|req: 464/924] 10.0.0.117 () {32 vars in 778 bytes} [Tue Jun 23 19:59:55 2026] DELETE /v3/61711ba546ca41d38dcb0bee6a87b764/volumes/5718a901-2466-4255-a937-7bdd76b63fb8 => generated 0 bytes in 37 msecs (HTTP/1.1 202) 6 headers in 233 bytes (1 switches on core 0) /var/lib/openstack/lib/python3.10/site-packages/pycadf/identifier.py:71: UserWarning: Invalid uuid: cinderv3. To ensure interoperability, identifiers should be a valid uuid. warnings.warn(('Invalid uuid: %s. To ensure interoperability, '
2026-06-23 19:59:55.248 8 INFO cinder.api.openstack.wsgi [None req-645d98cb-8f0c-41b1-9daa-ca5318c68bde a438c5418d2348d593a0a3fd52cbef2a 61711ba546ca41d38dcb0bee6a87b764 - - default default] GET http://cinder-api.openstack.svc.cluster.local:8776/v3/61711ba546ca41d38dcb0bee6a87b764/volumes/5718a901-2466-4255-a937-7bdd76b63fb8 /var/lib/openstack/lib/python3.10/site-packages/oslo_context/context.py:100: DeprecationWarning: Policy enforcement is depending on the value of is_admin. This key is deprecated. Please update your policy file to use the standard policy values. warnings.warn('Policy enforcement is depending on the value of '
2026-06-23 19:59:55.274 8 INFO cinder.volume.api [None req-645d98cb-8f0c-41b1-9daa-ca5318c68bde a438c5418d2348d593a0a3fd52cbef2a 61711ba546ca41d38dcb0bee6a87b764 - - default default] Volume info retrieved successfully.
2026-06-23 19:59:55.280 8 INFO cinder.api.openstack.wsgi [None req-645d98cb-8f0c-41b1-9daa-ca5318c68bde a438c5418d2348d593a0a3fd52cbef2a 61711ba546ca41d38dcb0bee6a87b764 - - default default] http://cinder-api.openstack.svc.cluster.local:8776/v3/61711ba546ca41d38dcb0bee6a87b764/volumes/5718a901-2466-4255-a937-7bdd76b63fb8 returned with HTTP 200 [pid: 8|app: 0|req: 461/925] 10.0.0.117 () {32 vars in 775 bytes} [Tue Jun 23 19:59:55 2026] GET /v3/61711ba546ca41d38dcb0bee6a87b764/volumes/5718a901-2466-4255-a937-7bdd76b63fb8 => generated 967 bytes in 39 msecs (HTTP/1.1 200) 7 headers in 285 bytes (1 switches on core 0)
2026-06-23 19:59:55.862 7 INFO cinder.api.openstack.wsgi [None req-10108225-8bbd-4c8e-ada8-1f1615ad7346 a438c5418d2348d593a0a3fd52cbef2a 61711ba546ca41d38dcb0bee6a87b764 - - default default] GET http://10.0.0.141:8776/
2026-06-23 19:59:55.862 8 INFO cinder.api.openstack.wsgi [None req-645d98cb-8f0c-41b1-9daa-ca5318c68bde a438c5418d2348d593a0a3fd52cbef2a 61711ba546ca41d38dcb0bee6a87b764 - - default default] GET http://10.0.0.141:8776/
2026-06-23 19:59:55.863 7 INFO cinder.api.openstack.wsgi [None req-10108225-8bbd-4c8e-ada8-1f1615ad7346 a438c5418d2348d593a0a3fd52cbef2a 61711ba546ca41d38dcb0bee6a87b764 - - default default] http://10.0.0.141:8776/ returned with HTTP 300
2026-06-23 19:59:55.864 8 INFO cinder.api.openstack.wsgi [None req-645d98cb-8f0c-41b1-9daa-ca5318c68bde a438c5418d2348d593a0a3fd52cbef2a 61711ba546ca41d38dcb0bee6a87b764 - - default default] http://10.0.0.141:8776/ returned with HTTP 300 /var/lib/openstack/lib/python3.10/site-packages/pycadf/identifier.py:71: UserWarning: Invalid uuid: cinderv3. To ensure interoperability, identifiers should be a valid uuid. warnings.warn(('Invalid uuid: %s. To ensure interoperability, '
2026-06-23 19:59:56.307 7 INFO cinder.api.openstack.wsgi [None req-9d3aca12-04ff-4f7b-b2c3-5836c3988a4e a438c5418d2348d593a0a3fd52cbef2a 61711ba546ca41d38dcb0bee6a87b764 - - default default] GET http://cinder-api.openstack.svc.cluster.local:8776/v3/61711ba546ca41d38dcb0bee6a87b764/volumes/5718a901-2466-4255-a937-7bdd76b63fb8
2026-06-23 19:59:56.315 7 INFO cinder.api.openstack.wsgi [None req-9d3aca12-04ff-4f7b-b2c3-5836c3988a4e a438c5418d2348d593a0a3fd52cbef2a 61711ba546ca41d38dcb0bee6a87b764 - - default default] http://cinder-api.openstack.svc.cluster.local:8776/v3/61711ba546ca41d38dcb0bee6a87b764/volumes/5718a901-2466-4255-a937-7bdd76b63fb8 returned with HTTP 404 [pid: 7|app: 0|req: 466/928] 10.0.0.117 () {32 vars in 775 bytes} [Tue Jun 23 19:59:56 2026] GET /v3/61711ba546ca41d38dcb0bee6a87b764/volumes/5718a901-2466-4255-a937-7bdd76b63fb8 => generated 109 bytes in 16 msecs (HTTP/1.1 404) 7 headers in 292 bytes (1 switches on core 0)
2026-06-23 20:00:00.820 8 INFO cinder.api.openstack.wsgi [None req-645d98cb-8f0c-41b1-9daa-ca5318c68bde a438c5418d2348d593a0a3fd52cbef2a 61711ba546ca41d38dcb0bee6a87b764 - - default default] GET http://cinder-api.openstack.svc.cluster.local:8776/
2026-06-23 20:00:00.821 8 INFO cinder.api.openstack.wsgi [None req-645d98cb-8f0c-41b1-9daa-ca5318c68bde a438c5418d2348d593a0a3fd52cbef2a 61711ba546ca41d38dcb0bee6a87b764 - - default default] http://cinder-api.openstack.svc.cluster.local:8776/ returned with HTTP 300 [pid: 8|app: 0|req: 463/929] 10.0.0.108 () {28 vars in 376 bytes} [Tue Jun 23 20:00:00 2026] GET / => generated 411 bytes in 2 msecs (HTTP/1.1 300) 5 headers in 169 bytes (1 switches on core 0)
2026-06-23 20:00:00.834 7 INFO cinder.api.openstack.wsgi [None req-980a8729-6665-46fc-9afc-877b4767f7b5 809eb99e0f37461b9b6c6cd2f48ad286 b303879da9794c31ae86910aec0af158 - - default default] GET http://cinder-api.openstack.svc.cluster.local:8776/v3/b303879da9794c31ae86910aec0af158/limits?tenant_id=b303879da9794c31ae86910aec0af158
2026-06-23 20:00:00.863 7 INFO cinder.api.openstack.wsgi [None req-980a8729-6665-46fc-9afc-877b4767f7b5 809eb99e0f37461b9b6c6cd2f48ad286 b303879da9794c31ae86910aec0af158 - - default default] http://cinder-api.openstack.svc.cluster.local:8776/v3/b303879da9794c31ae86910aec0af158/limits?tenant_id=b303879da9794c31ae86910aec0af158 returned with HTTP 200 [pid: 7|app: 0|req: 467/930] 10.0.0.108 () {34 vars in 879 bytes} [Tue Jun 23 20:00:00 2026] GET /v3/b303879da9794c31ae86910aec0af158/limits?tenant_id=b303879da9794c31ae86910aec0af158 => generated 302 bytes in 36 msecs (HTTP/1.1 200) 7 headers in 286 bytes (1 switches on core 0)
2026-06-23 20:00:02.986 8 INFO cinder.api.openstack.wsgi [None req-645d98cb-8f0c-41b1-9daa-ca5318c68bde a438c5418d2348d593a0a3fd52cbef2a 61711ba546ca41d38dcb0bee6a87b764 - - default default] GET http://cinder-api.openstack.svc.cluster.local:8776/
2026-06-23 20:00:02.987 8 INFO cinder.api.openstack.wsgi [None req-645d98cb-8f0c-41b1-9daa-ca5318c68bde a438c5418d2348d593a0a3fd52cbef2a 61711ba546ca41d38dcb0bee6a87b764 - - default default] http://cinder-api.openstack.svc.cluster.local:8776/ returned with HTTP 300 [pid: 8|app: 0|req: 464/931] 10.0.0.108 () {28 vars in 376 bytes} [Tue Jun 23 20:00:02 2026] GET / => generated 411 bytes in 3 msecs (HTTP/1.1 300) 5 headers in 169 bytes (1 switches on core 0)
2026-06-23 20:00:02.994 7 INFO cinder.api.openstack.wsgi [None req-980a8729-6665-46fc-9afc-877b4767f7b5 809eb99e0f37461b9b6c6cd2f48ad286 b303879da9794c31ae86910aec0af158 - - default default] GET http://cinder-api.openstack.svc.cluster.local:8776/
2026-06-23 20:00:02.995 7 INFO cinder.api.openstack.wsgi [None req-980a8729-6665-46fc-9afc-877b4767f7b5 809eb99e0f37461b9b6c6cd2f48ad286 b303879da9794c31ae86910aec0af158 - - default default] http://cinder-api.openstack.svc.cluster.local:8776/ returned with HTTP 300 [pid: 7|app: 0|req: 468/932] 10.0.0.108 () {28 vars in 376 bytes} [Tue Jun 23 20:00:02 2026] GET / => generated 411 bytes in 3 msecs (HTTP/1.1 300) 5 headers in 169 bytes (1 switches on core 0)
2026-06-23 20:00:03.673 8 INFO cinder.api.openstack.wsgi [None req-645d98cb-8f0c-41b1-9daa-ca5318c68bde a438c5418d2348d593a0a3fd52cbef2a 61711ba546ca41d38dcb0bee6a87b764 - - default default] GET http://cinder-api.openstack.svc.cluster.local:8776/
2026-06-23 20:00:03.674 8 INFO cinder.api.openstack.wsgi [None req-645d98cb-8f0c-41b1-9daa-ca5318c68bde a438c5418d2348d593a0a3fd52cbef2a 61711ba546ca41d38dcb0bee6a87b764 - - default default] http://cinder-api.openstack.svc.cluster.local:8776/ returned with HTTP 300 [pid: 8|app: 0|req: 465/933] 10.0.0.108 () {28 vars in 376 bytes} [Tue Jun 23 20:00:03 2026] GET / => generated 411 bytes in 2 msecs (HTTP/1.1 300) 5 headers in 169 bytes (1 switches on core 0)
2026-06-23 20:00:03.698 7 INFO cinder.api.openstack.wsgi [None req-a18c4d3c-6afa-4649-b733-9cae8a52e118 809eb99e0f37461b9b6c6cd2f48ad286 b303879da9794c31ae86910aec0af158 - - default default] GET http://cinder-api.openstack.svc.cluster.local:8776/v3/b303879da9794c31ae86910aec0af158/limits?tenant_id=b303879da9794c31ae86910aec0af158
2026-06-23 20:00:03.729 7 INFO cinder.api.openstack.wsgi [None req-a18c4d3c-6afa-4649-b733-9cae8a52e118 809eb99e0f37461b9b6c6cd2f48ad286 b303879da9794c31ae86910aec0af158 - - default default] http://cinder-api.openstack.svc.cluster.local:8776/v3/b303879da9794c31ae86910aec0af158/limits?tenant_id=b303879da9794c31ae86910aec0af158 returned with HTTP 200 [pid: 7|app: 0|req: 469/934] 10.0.0.108 () {34 vars in 879 bytes} [Tue Jun 23 20:00:03 2026] GET /v3/b303879da9794c31ae86910aec0af158/limits?tenant_id=b303879da9794c31ae86910aec0af158 => generated 302 bytes in 39 msecs (HTTP/1.1 200) 7 headers in 286 bytes (1 switches on core 0) /var/lib/openstack/lib/python3.10/site-packages/pycadf/identifier.py:71: UserWarning: Invalid uuid: cinderv3. To ensure interoperability, identifiers should be a valid uuid. warnings.warn(('Invalid uuid: %s. To ensure interoperability, '
2026-06-23 20:00:04.771 8 INFO cinder.api.openstack.wsgi [None req-bbcc08cf-ed2a-40af-afc1-05210f095970 a0652431c2d341d8bacca1887b326f59 1302edd92ba24210aa023dd03bf16a5f - - default default] GET http://cinder-api.openstack.svc.cluster.local:8776/v3/1302edd92ba24210aa023dd03bf16a5f/volumes/detail?all_tenants=true
2026-06-23 20:00:04.791 8 INFO cinder.volume.api [None req-bbcc08cf-ed2a-40af-afc1-05210f095970 a0652431c2d341d8bacca1887b326f59 1302edd92ba24210aa023dd03bf16a5f - - default default] Get all volumes completed successfully.
2026-06-23 20:00:04.796 8 INFO cinder.api.openstack.wsgi [None req-bbcc08cf-ed2a-40af-afc1-05210f095970 a0652431c2d341d8bacca1887b326f59 1302edd92ba24210aa023dd03bf16a5f - - default default] http://cinder-api.openstack.svc.cluster.local:8776/v3/1302edd92ba24210aa023dd03bf16a5f/volumes/detail?all_tenants=true returned with HTTP 200 [pid: 8|app: 0|req: 466/935] 10.0.0.10 () {28 vars in 683 bytes} [Tue Jun 23 20:00:04 2026] GET /v3/1302edd92ba24210aa023dd03bf16a5f/volumes/detail?all_tenants=true => generated 15 bytes in 163 msecs (HTTP/1.1 200) 7 headers in 284 bytes (1 switches on core 0)
2026-06-23 20:00:04.822 7 INFO cinder.api.openstack.wsgi [None req-677bbdaf-cb91-43f9-b05a-8a92786f86f2 a0652431c2d341d8bacca1887b326f59 1302edd92ba24210aa023dd03bf16a5f - - default default] GET http://cinder-api.openstack.svc.cluster.local:8776/v3/1302edd92ba24210aa023dd03bf16a5f/volumes/detail?all_tenants=true
2026-06-23 20:00:04.833 7 INFO cinder.volume.api [None req-677bbdaf-cb91-43f9-b05a-8a92786f86f2 a0652431c2d341d8bacca1887b326f59 1302edd92ba24210aa023dd03bf16a5f - - default default] Get all volumes completed successfully.
2026-06-23 20:00:04.840 7 INFO cinder.api.openstack.wsgi [None req-677bbdaf-cb91-43f9-b05a-8a92786f86f2 a0652431c2d341d8bacca1887b326f59 1302edd92ba24210aa023dd03bf16a5f - - default default] http://cinder-api.openstack.svc.cluster.local:8776/v3/1302edd92ba24210aa023dd03bf16a5f/volumes/detail?all_tenants=true returned with HTTP 200 [pid: 7|app: 0|req: 470/936] 10.0.0.10 () {28 vars in 683 bytes} [Tue Jun 23 20:00:04 2026] GET /v3/1302edd92ba24210aa023dd03bf16a5f/volumes/detail?all_tenants=true => generated 15 bytes in 32 msecs (HTTP/1.1 200) 7 headers in 284 bytes (1 switches on core 0)
2026-06-23 20:00:04.854 8 INFO cinder.api.openstack.wsgi [None req-8dce542f-5917-49ba-bdf3-b0b65406efbb a0652431c2d341d8bacca1887b326f59 1302edd92ba24210aa023dd03bf16a5f - - default default] GET http://cinder-api.openstack.svc.cluster.local:8776/v3/1302edd92ba24210aa023dd03bf16a5f/scheduler-stats/get_pools?detail=true
2026-06-23 20:00:04.874 8 INFO cinder.api.openstack.wsgi [None req-8dce542f-5917-49ba-bdf3-b0b65406efbb a0652431c2d341d8bacca1887b326f59 1302edd92ba24210aa023dd03bf16a5f - - default default] http://cinder-api.openstack.svc.cluster.local:8776/v3/1302edd92ba24210aa023dd03bf16a5f/scheduler-stats/get_pools?detail=true returned with HTTP 200 [pid: 8|app: 0|req: 467/937] 10.0.0.10 () {28 vars in 695 bytes} [Tue Jun 23 20:00:04 2026] GET /v3/1302edd92ba24210aa023dd03bf16a5f/scheduler-stats/get_pools?detail=true => generated 670 bytes in 30 msecs (HTTP/1.1 200) 7 headers in 285 bytes (1 switches on core 0)
2026-06-23 20:00:04.886 7 INFO cinder.api.openstack.wsgi [None req-bc9f50a4-bd73-463b-b1a3-396e327c5d75 a0652431c2d341d8bacca1887b326f59 1302edd92ba24210aa023dd03bf16a5f - - default default] GET http://cinder-api.openstack.svc.cluster.local:8776/v3/1302edd92ba24210aa023dd03bf16a5f/snapshots?all_tenants=true
2026-06-23 20:00:04.895 7 INFO cinder.volume.api [None req-bc9f50a4-bd73-463b-b1a3-396e327c5d75 a0652431c2d341d8bacca1887b326f59 1302edd92ba24210aa023dd03bf16a5f - - default default] Get all snapshots completed successfully.
2026-06-23 20:00:04.896 7 INFO cinder.api.openstack.wsgi [None req-bc9f50a4-bd73-463b-b1a3-396e327c5d75 a0652431c2d341d8bacca1887b326f59 1302edd92ba24210aa023dd03bf16a5f - - default default] http://cinder-api.openstack.svc.cluster.local:8776/v3/1302edd92ba24210aa023dd03bf16a5f/snapshots?all_tenants=true returned with HTTP 200 [pid: 7|app: 0|req: 471/938] 10.0.0.10 () {28 vars in 673 bytes} [Tue Jun 23 20:00:04 2026] GET /v3/1302edd92ba24210aa023dd03bf16a5f/snapshots?all_tenants=true => generated 17 bytes in 16 msecs (HTTP/1.1 200) 7 headers in 284 bytes (1 switches on core 0)
2026-06-23 20:00:04.922 8 INFO cinder.api.openstack.wsgi [None req-278925ae-7794-4888-9440-c5afa6748516 a0652431c2d341d8bacca1887b326f59 1302edd92ba24210aa023dd03bf16a5f - - default default] GET http://cinder-api.openstack.svc.cluster.local:8776/v3/1302edd92ba24210aa023dd03bf16a5f/os-services
2026-06-23 20:00:04.930 8 INFO cinder.api.openstack.wsgi [None req-278925ae-7794-4888-9440-c5afa6748516 a0652431c2d341d8bacca1887b326f59 1302edd92ba24210aa023dd03bf16a5f - - default default] http://cinder-api.openstack.svc.cluster.local:8776/v3/1302edd92ba24210aa023dd03bf16a5f/os-services returned with HTTP 200 [pid: 8|app: 0|req: 468/939] 10.0.0.10 () {28 vars in 644 bytes} [Tue Jun 23 20:00:04 2026] GET /v3/1302edd92ba24210aa023dd03bf16a5f/os-services => generated 646 bytes in 26 msecs (HTTP/1.1 200) 7 headers in 285 bytes (1 switches on core 0)
2026-06-23 20:00:04.983 7 INFO cinder.api.openstack.wsgi [None req-b5fb625a-2c3a-4086-8d05-42eb7ee74015 a0652431c2d341d8bacca1887b326f59 1302edd92ba24210aa023dd03bf16a5f - - default default] GET http://cinder-api.openstack.svc.cluster.local:8776/v3/1302edd92ba24210aa023dd03bf16a5f/os-quota-sets/1302edd92ba24210aa023dd03bf16a5f?usage=true
2026-06-23 20:00:05.014 7 INFO cinder.api.openstack.wsgi [None req-b5fb625a-2c3a-4086-8d05-42eb7ee74015 a0652431c2d341d8bacca1887b326f59 1302edd92ba24210aa023dd03bf16a5f - - default default] http://cinder-api.openstack.svc.cluster.local:8776/v3/1302edd92ba24210aa023dd03bf16a5f/os-quota-sets/1302edd92ba24210aa023dd03bf16a5f?usage=true returned with HTTP 200 [pid: 7|app: 0|req: 472/940] 10.0.0.10 () {28 vars in 735 bytes} [Tue Jun 23 20:00:04 2026] GET /v3/1302edd92ba24210aa023dd03bf16a5f/os-quota-sets/1302edd92ba24210aa023dd03bf16a5f?usage=true => generated 845 bytes in 40 msecs (HTTP/1.1 200) 7 headers in 285 bytes (1 switches on core 0)
2026-06-23 20:00:05.030 8 INFO cinder.api.openstack.wsgi [None req-ec84866e-2d83-4f27-987e-654027c87819 a0652431c2d341d8bacca1887b326f59 1302edd92ba24210aa023dd03bf16a5f - - default default] GET http://cinder-api.openstack.svc.cluster.local:8776/v3/1302edd92ba24210aa023dd03bf16a5f/os-quota-sets/19350d48780b444d8c98ddfa45f81bfb?usage=true
2026-06-23 20:00:05.059 8 INFO cinder.api.openstack.wsgi [None req-ec84866e-2d83-4f27-987e-654027c87819 a0652431c2d341d8bacca1887b326f59 1302edd92ba24210aa023dd03bf16a5f - - default default] http://cinder-api.openstack.svc.cluster.local:8776/v3/1302edd92ba24210aa023dd03bf16a5f/os-quota-sets/19350d48780b444d8c98ddfa45f81bfb?usage=true returned with HTTP 200 [pid: 8|app: 0|req: 469/941] 10.0.0.10 () {28 vars in 735 bytes} [Tue Jun 23 20:00:05 2026] GET /v3/1302edd92ba24210aa023dd03bf16a5f/os-quota-sets/19350d48780b444d8c98ddfa45f81bfb?usage=true => generated 847 bytes in 39 msecs (HTTP/1.1 200) 7 headers in 285 bytes (1 switches on core 0)
2026-06-23 20:00:05.075 7 INFO cinder.api.openstack.wsgi [None req-713ee079-da6d-4886-a45b-e370a0230806 a0652431c2d341d8bacca1887b326f59 1302edd92ba24210aa023dd03bf16a5f - - default default] GET http://cinder-api.openstack.svc.cluster.local:8776/v3/1302edd92ba24210aa023dd03bf16a5f/os-quota-sets/346373f1e1da42b19cff7c1c3d8ca969?usage=true
2026-06-23 20:00:05.117 7 INFO cinder.api.openstack.wsgi [None req-713ee079-da6d-4886-a45b-e370a0230806 a0652431c2d341d8bacca1887b326f59 1302edd92ba24210aa023dd03bf16a5f - - default default] http://cinder-api.openstack.svc.cluster.local:8776/v3/1302edd92ba24210aa023dd03bf16a5f/os-quota-sets/346373f1e1da42b19cff7c1c3d8ca969?usage=true returned with HTTP 200 [pid: 7|app: 0|req: 473/942] 10.0.0.10 () {28 vars in 735 bytes} [Tue Jun 23 20:00:05 2026] GET /v3/1302edd92ba24210aa023dd03bf16a5f/os-quota-sets/346373f1e1da42b19cff7c1c3d8ca969?usage=true => generated 847 bytes in 53 msecs (HTTP/1.1 200) 7 headers in 285 bytes (1 switches on core 0)
2026-06-23 20:00:05.136 8 INFO cinder.api.openstack.wsgi [None req-225d4b38-9549-45cc-913f-7135b7d68447 a0652431c2d341d8bacca1887b326f59 1302edd92ba24210aa023dd03bf16a5f - - default default] GET http://cinder-api.openstack.svc.cluster.local:8776/v3/1302edd92ba24210aa023dd03bf16a5f/os-quota-sets/375c709c895749a4a84669b7617c023d?usage=true
2026-06-23 20:00:05.159 8 INFO cinder.api.openstack.wsgi [None req-225d4b38-9549-45cc-913f-7135b7d68447 a0652431c2d341d8bacca1887b326f59 1302edd92ba24210aa023dd03bf16a5f - - default default] http://cinder-api.openstack.svc.cluster.local:8776/v3/1302edd92ba24210aa023dd03bf16a5f/os-quota-sets/375c709c895749a4a84669b7617c023d?usage=true returned with HTTP 200 [pid: 8|app: 0|req: 470/943] 10.0.0.10 () {28 vars in 735 bytes} [Tue Jun 23 20:00:05 2026] GET /v3/1302edd92ba24210aa023dd03bf16a5f/os-quota-sets/375c709c895749a4a84669b7617c023d?usage=true => generated 847 bytes in 41 msecs (HTTP/1.1 200) 7 headers in 285 bytes (1 switches on core 0)
2026-06-23 20:00:05.179 7 INFO cinder.api.openstack.wsgi [None req-c01b1a10-aa5e-49f3-be56-5aecca05c8df a0652431c2d341d8bacca1887b326f59 1302edd92ba24210aa023dd03bf16a5f - - default default] GET http://cinder-api.openstack.svc.cluster.local:8776/v3/1302edd92ba24210aa023dd03bf16a5f/os-quota-sets/3f3575eaf6f145c0b76c8360ce5098d3?usage=true
2026-06-23 20:00:05.215 7 INFO cinder.api.openstack.wsgi [None req-c01b1a10-aa5e-49f3-be56-5aecca05c8df a0652431c2d341d8bacca1887b326f59 1302edd92ba24210aa023dd03bf16a5f - - default default] http://cinder-api.openstack.svc.cluster.local:8776/v3/1302edd92ba24210aa023dd03bf16a5f/os-quota-sets/3f3575eaf6f145c0b76c8360ce5098d3?usage=true returned with HTTP 200 [pid: 7|app: 0|req: 474/944] 10.0.0.10 () {28 vars in 735 bytes} [Tue Jun 23 20:00:05 2026] GET /v3/1302edd92ba24210aa023dd03bf16a5f/os-quota-sets/3f3575eaf6f145c0b76c8360ce5098d3?usage=true => generated 847 bytes in 49 msecs (HTTP/1.1 200) 7 headers in 285 bytes (1 switches on core 0)
2026-06-23 20:00:05.230 8 INFO cinder.api.openstack.wsgi [None req-9818a07f-0570-48c0-bba5-6fdaadfd1656 a0652431c2d341d8bacca1887b326f59 1302edd92ba24210aa023dd03bf16a5f - - default default] GET http://cinder-api.openstack.svc.cluster.local:8776/v3/1302edd92ba24210aa023dd03bf16a5f/os-quota-sets/5d9e9399141b4190bf37d6886bd98562?usage=true
2026-06-23 20:00:05.260 8 INFO cinder.api.openstack.wsgi [None req-9818a07f-0570-48c0-bba5-6fdaadfd1656 a0652431c2d341d8bacca1887b326f59 1302edd92ba24210aa023dd03bf16a5f - - default default] http://cinder-api.openstack.svc.cluster.local:8776/v3/1302edd92ba24210aa023dd03bf16a5f/os-quota-sets/5d9e9399141b4190bf37d6886bd98562?usage=true returned with HTTP 200 [pid: 8|app: 0|req: 471/945] 10.0.0.10 () {28 vars in 735 bytes} [Tue Jun 23 20:00:05 2026] GET /v3/1302edd92ba24210aa023dd03bf16a5f/os-quota-sets/5d9e9399141b4190bf37d6886bd98562?usage=true => generated 847 bytes in 42 msecs (HTTP/1.1 200) 7 headers in 285 bytes (1 switches on core 0)
2026-06-23 20:00:05.275 7 INFO cinder.api.openstack.wsgi [None req-223a1450-cddb-4815-acb6-c482f92bb1c0 a0652431c2d341d8bacca1887b326f59 1302edd92ba24210aa023dd03bf16a5f - - default default] GET http://cinder-api.openstack.svc.cluster.local:8776/v3/1302edd92ba24210aa023dd03bf16a5f/os-quota-sets/6ba1eb163a1a423e935619105b69854d?usage=true
2026-06-23 20:00:05.303 7 INFO cinder.api.openstack.wsgi [None req-223a1450-cddb-4815-acb6-c482f92bb1c0 a0652431c2d341d8bacca1887b326f59 1302edd92ba24210aa023dd03bf16a5f - - default default] http://cinder-api.openstack.svc.cluster.local:8776/v3/1302edd92ba24210aa023dd03bf16a5f/os-quota-sets/6ba1eb163a1a423e935619105b69854d?usage=true returned with HTTP 200 [pid: 7|app: 0|req: 475/946] 10.0.0.10 () {28 vars in 735 bytes} [Tue Jun 23 20:00:05 2026] GET /v3/1302edd92ba24210aa023dd03bf16a5f/os-quota-sets/6ba1eb163a1a423e935619105b69854d?usage=true => generated 845 bytes in 39 msecs (HTTP/1.1 200) 7 headers in 285 bytes (1 switches on core 0)
2026-06-23 20:00:05.318 8 INFO cinder.api.openstack.wsgi [None req-1c40a6f1-6c0b-40ba-8120-f7406c8d348d a0652431c2d341d8bacca1887b326f59 1302edd92ba24210aa023dd03bf16a5f - - default default] GET http://cinder-api.openstack.svc.cluster.local:8776/v3/1302edd92ba24210aa023dd03bf16a5f/os-quota-sets/8deefe931393459fbba56da27a8503ab?usage=true
2026-06-23 20:00:05.352 8 INFO cinder.api.openstack.wsgi [None req-1c40a6f1-6c0b-40ba-8120-f7406c8d348d a0652431c2d341d8bacca1887b326f59 1302edd92ba24210aa023dd03bf16a5f - - default default] http://cinder-api.openstack.svc.cluster.local:8776/v3/1302edd92ba24210aa023dd03bf16a5f/os-quota-sets/8deefe931393459fbba56da27a8503ab?usage=true returned with HTTP 200 [pid: 8|app: 0|req: 472/947] 10.0.0.10 () {28 vars in 735 bytes} [Tue Jun 23 20:00:05 2026] GET /v3/1302edd92ba24210aa023dd03bf16a5f/os-quota-sets/8deefe931393459fbba56da27a8503ab?usage=true => generated 847 bytes in 45 msecs (HTTP/1.1 200) 7 headers in 285 bytes (1 switches on core 0)
2026-06-23 20:00:05.370 7 INFO cinder.api.openstack.wsgi [None req-c0143c6a-fae4-42ce-abff-98efd21b7932 a0652431c2d341d8bacca1887b326f59 1302edd92ba24210aa023dd03bf16a5f - - default default] GET http://cinder-api.openstack.svc.cluster.local:8776/v3/1302edd92ba24210aa023dd03bf16a5f/os-quota-sets/b303879da9794c31ae86910aec0af158?usage=true
2026-06-23 20:00:05.417 7 INFO cinder.api.openstack.wsgi [None req-c0143c6a-fae4-42ce-abff-98efd21b7932 a0652431c2d341d8bacca1887b326f59 1302edd92ba24210aa023dd03bf16a5f - - default default] http://cinder-api.openstack.svc.cluster.local:8776/v3/1302edd92ba24210aa023dd03bf16a5f/os-quota-sets/b303879da9794c31ae86910aec0af158?usage=true returned with HTTP 200 [pid: 7|app: 0|req: 476/948] 10.0.0.10 () {28 vars in 735 bytes} [Tue Jun 23 20:00:05 2026] GET /v3/1302edd92ba24210aa023dd03bf16a5f/os-quota-sets/b303879da9794c31ae86910aec0af158?usage=true => generated 847 bytes in 57 msecs (HTTP/1.1 200) 7 headers in 285 bytes (1 switches on core 0)
2026-06-23 20:00:05.436 8 INFO cinder.api.openstack.wsgi [None req-6918daad-8db6-46e8-98cb-e3a3632b597e a0652431c2d341d8bacca1887b326f59 1302edd92ba24210aa023dd03bf16a5f - - default default] GET http://cinder-api.openstack.svc.cluster.local:8776/v3/1302edd92ba24210aa023dd03bf16a5f/os-quota-sets/ca47d0ce810b48c79d9c7573c4abec53?usage=true
2026-06-23 20:00:05.509 8 INFO cinder.api.openstack.wsgi [None req-6918daad-8db6-46e8-98cb-e3a3632b597e a0652431c2d341d8bacca1887b326f59 1302edd92ba24210aa023dd03bf16a5f - - default default] http://cinder-api.openstack.svc.cluster.local:8776/v3/1302edd92ba24210aa023dd03bf16a5f/os-quota-sets/ca47d0ce810b48c79d9c7573c4abec53?usage=true returned with HTTP 200 [pid: 8|app: 0|req: 473/949] 10.0.0.10 () {28 vars in 735 bytes} [Tue Jun 23 20:00:05 2026] GET /v3/1302edd92ba24210aa023dd03bf16a5f/os-quota-sets/ca47d0ce810b48c79d9c7573c4abec53?usage=true => generated 847 bytes in 86 msecs (HTTP/1.1 200) 7 headers in 285 bytes (1 switches on core 0)
2026-06-23 20:00:05.530 7 INFO cinder.api.openstack.wsgi [None req-17433cbb-77d1-4189-b7bb-c4f001f8b298 a0652431c2d341d8bacca1887b326f59 1302edd92ba24210aa023dd03bf16a5f - - default default] GET http://cinder-api.openstack.svc.cluster.local:8776/v3/1302edd92ba24210aa023dd03bf16a5f/os-quota-sets/d5797b934ca24429b0e8baa35c4280b9?usage=true
2026-06-23 20:00:05.593 7 INFO cinder.api.openstack.wsgi [None req-17433cbb-77d1-4189-b7bb-c4f001f8b298 a0652431c2d341d8bacca1887b326f59 1302edd92ba24210aa023dd03bf16a5f - - default default] http://cinder-api.openstack.svc.cluster.local:8776/v3/1302edd92ba24210aa023dd03bf16a5f/os-quota-sets/d5797b934ca24429b0e8baa35c4280b9?usage=true returned with HTTP 200 [pid: 7|app: 0|req: 477/950] 10.0.0.10 () {28 vars in 735 bytes} [Tue Jun 23 20:00:05 2026] GET /v3/1302edd92ba24210aa023dd03bf16a5f/os-quota-sets/d5797b934ca24429b0e8baa35c4280b9?usage=true => generated 847 bytes in 73 msecs (HTTP/1.1 200) 7 headers in 285 bytes (1 switches on core 0)
2026-06-23 20:00:05.621 8 INFO cinder.api.openstack.wsgi [None req-fb06702f-d360-468a-8a03-d75f2261b82f a0652431c2d341d8bacca1887b326f59 1302edd92ba24210aa023dd03bf16a5f - - default default] GET http://cinder-api.openstack.svc.cluster.local:8776/v3/1302edd92ba24210aa023dd03bf16a5f/os-quota-sets/e0143bbda50043caac4ad9266a197df4?usage=true
2026-06-23 20:00:05.644 8 INFO cinder.api.openstack.wsgi [None req-fb06702f-d360-468a-8a03-d75f2261b82f a0652431c2d341d8bacca1887b326f59 1302edd92ba24210aa023dd03bf16a5f - - default default] http://cinder-api.openstack.svc.cluster.local:8776/v3/1302edd92ba24210aa023dd03bf16a5f/os-quota-sets/e0143bbda50043caac4ad9266a197df4?usage=true returned with HTTP 200 [pid: 8|app: 0|req: 474/951] 10.0.0.10 () {28 vars in 735 bytes} [Tue Jun 23 20:00:05 2026] GET /v3/1302edd92ba24210aa023dd03bf16a5f/os-quota-sets/e0143bbda50043caac4ad9266a197df4?usage=true => generated 847 bytes in 36 msecs (HTTP/1.1 200) 7 headers in 285 bytes (1 switches on core 0)
2026-06-23 20:00:05.861 7 INFO cinder.api.openstack.wsgi [None req-17433cbb-77d1-4189-b7bb-c4f001f8b298 a0652431c2d341d8bacca1887b326f59 1302edd92ba24210aa023dd03bf16a5f - - default default] GET http://10.0.0.141:8776/
2026-06-23 20:00:05.862 8 INFO cinder.api.openstack.wsgi [None req-fb06702f-d360-468a-8a03-d75f2261b82f a0652431c2d341d8bacca1887b326f59 1302edd92ba24210aa023dd03bf16a5f - - default default] GET http://10.0.0.141:8776/
2026-06-23 20:00:05.862 7 INFO cinder.api.openstack.wsgi [None req-17433cbb-77d1-4189-b7bb-c4f001f8b298 a0652431c2d341d8bacca1887b326f59 1302edd92ba24210aa023dd03bf16a5f - - default default] http://10.0.0.141:8776/ returned with HTTP 300
2026-06-23 20:00:05.864 8 INFO cinder.api.openstack.wsgi [None req-fb06702f-d360-468a-8a03-d75f2261b82f a0652431c2d341d8bacca1887b326f59 1302edd92ba24210aa023dd03bf16a5f - - default default] http://10.0.0.141:8776/ returned with HTTP 300
2026-06-23 20:00:05.911 7 INFO cinder.api.openstack.wsgi [None req-17433cbb-77d1-4189-b7bb-c4f001f8b298 a0652431c2d341d8bacca1887b326f59 1302edd92ba24210aa023dd03bf16a5f - - default default] GET http://cinder-api.openstack.svc.cluster.local:8776/
2026-06-23 20:00:05.912 7 INFO cinder.api.openstack.wsgi [None req-17433cbb-77d1-4189-b7bb-c4f001f8b298 a0652431c2d341d8bacca1887b326f59 1302edd92ba24210aa023dd03bf16a5f - - default default] http://cinder-api.openstack.svc.cluster.local:8776/ returned with HTTP 300 [pid: 7|app: 0|req: 479/954] 10.0.0.108 () {28 vars in 376 bytes} [Tue Jun 23 20:00:05 2026] GET / => generated 411 bytes in 2 msecs (HTTP/1.1 300) 5 headers in 169 bytes (1 switches on core 0)
2026-06-23 20:00:05.923 8 INFO cinder.api.openstack.wsgi [None req-fb06702f-d360-468a-8a03-d75f2261b82f a0652431c2d341d8bacca1887b326f59 1302edd92ba24210aa023dd03bf16a5f - - default default] GET http://cinder-api.openstack.svc.cluster.local:8776/
2026-06-23 20:00:05.925 8 INFO cinder.api.openstack.wsgi [None req-fb06702f-d360-468a-8a03-d75f2261b82f a0652431c2d341d8bacca1887b326f59 1302edd92ba24210aa023dd03bf16a5f - - default default] http://cinder-api.openstack.svc.cluster.local:8776/ returned with HTTP 300 [pid: 8|app: 0|req: 476/955] 10.0.0.108 () {28 vars in 376 bytes} [Tue Jun 23 20:00:05 2026] GET / => generated 411 bytes in 4 msecs (HTTP/1.1 300) 5 headers in 169 bytes (1 switches on core 0)
2026-06-23 20:00:16.224 7 INFO cinder.api.openstack.wsgi [None req-17433cbb-77d1-4189-b7bb-c4f001f8b298 a0652431c2d341d8bacca1887b326f59 1302edd92ba24210aa023dd03bf16a5f - - default default] GET http://10.0.0.141:8776/
2026-06-23 20:00:16.224 8 INFO cinder.api.openstack.wsgi [None req-fb06702f-d360-468a-8a03-d75f2261b82f a0652431c2d341d8bacca1887b326f59 1302edd92ba24210aa023dd03bf16a5f - - default default] GET http://10.0.0.141:8776/
2026-06-23 20:00:16.225 7 INFO cinder.api.openstack.wsgi [None req-17433cbb-77d1-4189-b7bb-c4f001f8b298 a0652431c2d341d8bacca1887b326f59 1302edd92ba24210aa023dd03bf16a5f - - default default] http://10.0.0.141:8776/ returned with HTTP 300
2026-06-23 20:00:16.225 8 INFO cinder.api.openstack.wsgi [None req-fb06702f-d360-468a-8a03-d75f2261b82f a0652431c2d341d8bacca1887b326f59 1302edd92ba24210aa023dd03bf16a5f - - default default] http://10.0.0.141:8776/ returned with HTTP 300
2026-06-23 20:00:25.862 8 INFO cinder.api.openstack.wsgi [None req-fb06702f-d360-468a-8a03-d75f2261b82f a0652431c2d341d8bacca1887b326f59 1302edd92ba24210aa023dd03bf16a5f - - default default] GET http://10.0.0.141:8776/
2026-06-23 20:00:25.862 7 INFO cinder.api.openstack.wsgi [None req-17433cbb-77d1-4189-b7bb-c4f001f8b298 a0652431c2d341d8bacca1887b326f59 1302edd92ba24210aa023dd03bf16a5f - - default default] GET http://10.0.0.141:8776/
2026-06-23 20:00:25.863 8 INFO cinder.api.openstack.wsgi [None req-fb06702f-d360-468a-8a03-d75f2261b82f a0652431c2d341d8bacca1887b326f59 1302edd92ba24210aa023dd03bf16a5f - - default default] http://10.0.0.141:8776/ returned with HTTP 300
2026-06-23 20:00:25.864 7 INFO cinder.api.openstack.wsgi [None req-17433cbb-77d1-4189-b7bb-c4f001f8b298 a0652431c2d341d8bacca1887b326f59 1302edd92ba24210aa023dd03bf16a5f - - default default] http://10.0.0.141:8776/ returned with HTTP 300
2026-06-23 20:00:35.862 7 INFO cinder.api.openstack.wsgi [None req-17433cbb-77d1-4189-b7bb-c4f001f8b298 a0652431c2d341d8bacca1887b326f59 1302edd92ba24210aa023dd03bf16a5f - - default default] GET http://10.0.0.141:8776/
2026-06-23 20:00:35.862 8 INFO cinder.api.openstack.wsgi [None req-fb06702f-d360-468a-8a03-d75f2261b82f a0652431c2d341d8bacca1887b326f59 1302edd92ba24210aa023dd03bf16a5f - - default default] GET http://10.0.0.141:8776/
2026-06-23 20:00:35.864 7 INFO cinder.api.openstack.wsgi [None req-17433cbb-77d1-4189-b7bb-c4f001f8b298 a0652431c2d341d8bacca1887b326f59 1302edd92ba24210aa023dd03bf16a5f - - default default] http://10.0.0.141:8776/ returned with HTTP 300
2026-06-23 20:00:35.864 8 INFO cinder.api.openstack.wsgi [None req-fb06702f-d360-468a-8a03-d75f2261b82f a0652431c2d341d8bacca1887b326f59 1302edd92ba24210aa023dd03bf16a5f - - default default] http://10.0.0.141:8776/ returned with HTTP 300
2026-06-23 20:00:45.862 8 INFO cinder.api.openstack.wsgi [None req-fb06702f-d360-468a-8a03-d75f2261b82f a0652431c2d341d8bacca1887b326f59 1302edd92ba24210aa023dd03bf16a5f - - default default] GET http://10.0.0.141:8776/
2026-06-23 20:00:45.862 7 INFO cinder.api.openstack.wsgi [None req-17433cbb-77d1-4189-b7bb-c4f001f8b298 a0652431c2d341d8bacca1887b326f59 1302edd92ba24210aa023dd03bf16a5f - - default default] GET http://10.0.0.141:8776/
2026-06-23 20:00:45.864 7 INFO cinder.api.openstack.wsgi [None req-17433cbb-77d1-4189-b7bb-c4f001f8b298 a0652431c2d341d8bacca1887b326f59 1302edd92ba24210aa023dd03bf16a5f - - default default] http://10.0.0.141:8776/ returned with HTTP 300
2026-06-23 20:00:45.865 8 INFO cinder.api.openstack.wsgi [None req-fb06702f-d360-468a-8a03-d75f2261b82f a0652431c2d341d8bacca1887b326f59 1302edd92ba24210aa023dd03bf16a5f - - default default] http://10.0.0.141:8776/ returned with HTTP 300
2026-06-23 20:00:54.683 7 INFO cinder.api.openstack.wsgi [None req-cab27cc7-afbf-406f-8f5f-9da8fbbb9a59 a0652431c2d341d8bacca1887b326f59 1302edd92ba24210aa023dd03bf16a5f - - default default] POST http://cinder-api.openstack.svc.cluster.local:8776/v3/1302edd92ba24210aa023dd03bf16a5f/volumes
2026-06-23 20:00:54.833 7 INFO cinder.api.v3.volumes [None req-cab27cc7-afbf-406f-8f5f-9da8fbbb9a59 a0652431c2d341d8bacca1887b326f59 1302edd92ba24210aa023dd03bf16a5f - - default default] Create volume of 16 GB
2026-06-23 20:00:54.839 7 INFO cinder.volume.api [None req-cab27cc7-afbf-406f-8f5f-9da8fbbb9a59 a0652431c2d341d8bacca1887b326f59 1302edd92ba24210aa023dd03bf16a5f - - default default] Availability Zones retrieved successfully.
2026-06-23 20:00:55.070 7 INFO cinder.volume.api [None req-cab27cc7-afbf-406f-8f5f-9da8fbbb9a59 a0652431c2d341d8bacca1887b326f59 1302edd92ba24210aa023dd03bf16a5f - - default default] Create volume request issued successfully.
2026-06-23 20:00:55.072 7 INFO cinder.api.openstack.wsgi [None req-cab27cc7-afbf-406f-8f5f-9da8fbbb9a59 a0652431c2d341d8bacca1887b326f59 1302edd92ba24210aa023dd03bf16a5f - - default default] http://cinder-api.openstack.svc.cluster.local:8776/v3/1302edd92ba24210aa023dd03bf16a5f/volumes returned with HTTP 202 [pid: 7|app: 0|req: 484/964] 199.19.213.221 () {34 vars in 734 bytes} [Tue Jun 23 20:00:54 2026] POST /v3/1302edd92ba24210aa023dd03bf16a5f/volumes => generated 846 bytes in 487 msecs (HTTP/1.1 202) 7 headers in 291 bytes (1 switches on core 0)
2026-06-23 20:00:55.088 8 INFO cinder.api.openstack.wsgi [req-cab27cc7-afbf-406f-8f5f-9da8fbbb9a59 req-a2b29435-a30d-4abc-b5ac-2c0d27a0e72e a0652431c2d341d8bacca1887b326f59 1302edd92ba24210aa023dd03bf16a5f - - default default] GET http://cinder-api.openstack.svc.cluster.local:8776/v3/1302edd92ba24210aa023dd03bf16a5f/volumes/b1d10364-0553-40ac-8881-b9c094663943 /var/lib/openstack/lib/python3.10/site-packages/oslo_context/context.py:100: DeprecationWarning: Policy enforcement is depending on the value of is_admin. This key is deprecated. Please update your policy file to use the standard policy values. warnings.warn('Policy enforcement is depending on the value of '
2026-06-23 20:00:55.129 8 INFO cinder.volume.api [req-cab27cc7-afbf-406f-8f5f-9da8fbbb9a59 req-a2b29435-a30d-4abc-b5ac-2c0d27a0e72e a0652431c2d341d8bacca1887b326f59 1302edd92ba24210aa023dd03bf16a5f - - default default] Volume info retrieved successfully.
2026-06-23 20:00:55.141 8 INFO cinder.api.openstack.wsgi [req-cab27cc7-afbf-406f-8f5f-9da8fbbb9a59 req-a2b29435-a30d-4abc-b5ac-2c0d27a0e72e a0652431c2d341d8bacca1887b326f59 1302edd92ba24210aa023dd03bf16a5f - - default default] http://cinder-api.openstack.svc.cluster.local:8776/v3/1302edd92ba24210aa023dd03bf16a5f/volumes/b1d10364-0553-40ac-8881-b9c094663943 returned with HTTP 200 [pid: 8|app: 0|req: 481/965] 199.19.213.221 () {32 vars in 825 bytes} [Tue Jun 23 20:00:55 2026] GET /v3/1302edd92ba24210aa023dd03bf16a5f/volumes/b1d10364-0553-40ac-8881-b9c094663943 => generated 1025 bytes in 62 msecs (HTTP/1.1 200) 7 headers in 286 bytes (1 switches on core 0)
2026-06-23 20:00:55.862 8 INFO cinder.api.openstack.wsgi [req-cab27cc7-afbf-406f-8f5f-9da8fbbb9a59 req-a2b29435-a30d-4abc-b5ac-2c0d27a0e72e a0652431c2d341d8bacca1887b326f59 1302edd92ba24210aa023dd03bf16a5f - - default default] GET http://10.0.0.141:8776/
2026-06-23 20:00:55.863 7 INFO cinder.api.openstack.wsgi [None req-cab27cc7-afbf-406f-8f5f-9da8fbbb9a59 a0652431c2d341d8bacca1887b326f59 1302edd92ba24210aa023dd03bf16a5f - - default default] GET http://10.0.0.141:8776/
2026-06-23 20:00:55.864 8 INFO cinder.api.openstack.wsgi [req-cab27cc7-afbf-406f-8f5f-9da8fbbb9a59 req-a2b29435-a30d-4abc-b5ac-2c0d27a0e72e a0652431c2d341d8bacca1887b326f59 1302edd92ba24210aa023dd03bf16a5f - - default default] http://10.0.0.141:8776/ returned with HTTP 300
2026-06-23 20:00:55.864 7 INFO cinder.api.openstack.wsgi [None req-cab27cc7-afbf-406f-8f5f-9da8fbbb9a59 a0652431c2d341d8bacca1887b326f59 1302edd92ba24210aa023dd03bf16a5f - - default default] http://10.0.0.141:8776/ returned with HTTP 300 /var/lib/openstack/lib/python3.10/site-packages/pycadf/identifier.py:71: UserWarning: Invalid uuid: cinderv3. To ensure interoperability, identifiers should be a valid uuid. warnings.warn(('Invalid uuid: %s. To ensure interoperability, '
2026-06-23 20:01:00.170 8 INFO cinder.api.openstack.wsgi [req-cab27cc7-afbf-406f-8f5f-9da8fbbb9a59 req-efd3c666-1fe2-4c87-9009-b33387b05dd5 a0652431c2d341d8bacca1887b326f59 1302edd92ba24210aa023dd03bf16a5f - - default default] GET http://cinder-api.openstack.svc.cluster.local:8776/v3/1302edd92ba24210aa023dd03bf16a5f/volumes/b1d10364-0553-40ac-8881-b9c094663943 /var/lib/openstack/lib/python3.10/site-packages/oslo_context/context.py:100: DeprecationWarning: Policy enforcement is depending on the value of is_admin. This key is deprecated. Please update your policy file to use the standard policy values. warnings.warn('Policy enforcement is depending on the value of '
2026-06-23 20:01:00.189 8 INFO cinder.volume.api [req-cab27cc7-afbf-406f-8f5f-9da8fbbb9a59 req-efd3c666-1fe2-4c87-9009-b33387b05dd5 a0652431c2d341d8bacca1887b326f59 1302edd92ba24210aa023dd03bf16a5f - - default default] Volume info retrieved successfully.
2026-06-23 20:01:00.198 8 INFO cinder.api.openstack.wsgi [req-cab27cc7-afbf-406f-8f5f-9da8fbbb9a59 req-efd3c666-1fe2-4c87-9009-b33387b05dd5 a0652431c2d341d8bacca1887b326f59 1302edd92ba24210aa023dd03bf16a5f - - default default] http://cinder-api.openstack.svc.cluster.local:8776/v3/1302edd92ba24210aa023dd03bf16a5f/volumes/b1d10364-0553-40ac-8881-b9c094663943 returned with HTTP 200 [pid: 8|app: 0|req: 483/968] 199.19.213.221 () {32 vars in 825 bytes} [Tue Jun 23 20:01:00 2026] GET /v3/1302edd92ba24210aa023dd03bf16a5f/volumes/b1d10364-0553-40ac-8881-b9c094663943 => generated 1675 bytes in 36 msecs (HTTP/1.1 200) 7 headers in 286 bytes (1 switches on core 0) /var/lib/openstack/lib/python3.10/site-packages/pycadf/identifier.py:71: UserWarning: Invalid uuid: cinderv3. To ensure interoperability, identifiers should be a valid uuid. warnings.warn(('Invalid uuid: %s. To ensure interoperability, '
2026-06-23 20:01:00.634 7 INFO cinder.api.openstack.wsgi [req-f20c56ff-7943-4456-a637-b6de07e7d127 req-cdb9035f-6302-4673-ad2b-8f770cdca4f0 a0652431c2d341d8bacca1887b326f59 1302edd92ba24210aa023dd03bf16a5f - - default default] GET http://cinder-api.openstack.svc.cluster.local:8776/v3/1302edd92ba24210aa023dd03bf16a5f/volumes/b1d10364-0553-40ac-8881-b9c094663943 /var/lib/openstack/lib/python3.10/site-packages/oslo_context/context.py:100: DeprecationWarning: Policy enforcement is depending on the value of is_admin. This key is deprecated. Please update your policy file to use the standard policy values. warnings.warn('Policy enforcement is depending on the value of '
2026-06-23 20:01:00.653 7 INFO cinder.volume.api [req-f20c56ff-7943-4456-a637-b6de07e7d127 req-cdb9035f-6302-4673-ad2b-8f770cdca4f0 a0652431c2d341d8bacca1887b326f59 1302edd92ba24210aa023dd03bf16a5f - - default default] Volume info retrieved successfully.
2026-06-23 20:01:00.664 7 INFO cinder.api.openstack.wsgi [req-f20c56ff-7943-4456-a637-b6de07e7d127 req-cdb9035f-6302-4673-ad2b-8f770cdca4f0 a0652431c2d341d8bacca1887b326f59 1302edd92ba24210aa023dd03bf16a5f - - default default] http://cinder-api.openstack.svc.cluster.local:8776/v3/1302edd92ba24210aa023dd03bf16a5f/volumes/b1d10364-0553-40ac-8881-b9c094663943 returned with HTTP 200 [pid: 7|app: 0|req: 486/969] 10.0.0.237 () {34 vars in 1028 bytes} [Tue Jun 23 20:01:00 2026] GET /v3/1302edd92ba24210aa023dd03bf16a5f/volumes/b1d10364-0553-40ac-8881-b9c094663943 => generated 1675 bytes in 41 msecs (HTTP/1.1 200) 7 headers in 286 bytes (1 switches on core 0) /var/lib/openstack/lib/python3.10/site-packages/pycadf/identifier.py:71: UserWarning: Invalid uuid: cinderv3. To ensure interoperability, identifiers should be a valid uuid. warnings.warn(('Invalid uuid: %s. To ensure interoperability, '
2026-06-23 20:01:01.252 8 INFO cinder.api.openstack.wsgi [req-f20c56ff-7943-4456-a637-b6de07e7d127 req-f07bd70c-314a-4452-b67b-f6ac3efb9ce6 a0652431c2d341d8bacca1887b326f59 1302edd92ba24210aa023dd03bf16a5f - - default default] GET http://cinder-api.openstack.svc.cluster.local:8776/v3/1302edd92ba24210aa023dd03bf16a5f/volumes/b1d10364-0553-40ac-8881-b9c094663943 /var/lib/openstack/lib/python3.10/site-packages/oslo_context/context.py:100: DeprecationWarning: Policy enforcement is depending on the value of is_admin. This key is deprecated. Please update your policy file to use the standard policy values. warnings.warn('Policy enforcement is depending on the value of '
