2026-06-23 19:58:55.864 8 INFO cinder.api.openstack.wsgi [None req-4c1eda15-a44d-4a69-b0eb-31bcd345c52a a0652431c2d341d8bacca1887b326f59 1302edd92ba24210aa023dd03bf16a5f - - default default] http://10.0.0.141:8776/ returned with HTTP 300
2026-06-23 19:58:55.864 7 INFO cinder.api.openstack.wsgi [None req-0fc2017e-5bb5-4f6b-baca-0a4c3022f6cc a0652431c2d341d8bacca1887b326f59 1302edd92ba24210aa023dd03bf16a5f - - default default] http://10.0.0.141:8776/ returned with HTTP 300
2026-06-23 19:59:04.686 8 INFO cinder.api.openstack.wsgi [None req-7317dfb4-cfba-48b9-808e-cb465154cdb9 a0652431c2d341d8bacca1887b326f59 1302edd92ba24210aa023dd03bf16a5f - - default default] GET http://cinder-api.openstack.svc.cluster.local:8776/v3/1302edd92ba24210aa023dd03bf16a5f/volumes/detail?all_tenants=true
2026-06-23 19:59:04.696 8 INFO cinder.volume.api [None req-7317dfb4-cfba-48b9-808e-cb465154cdb9 a0652431c2d341d8bacca1887b326f59 1302edd92ba24210aa023dd03bf16a5f - - default default] Get all volumes completed successfully.
2026-06-23 19:59:04.698 8 INFO cinder.api.openstack.wsgi [None req-7317dfb4-cfba-48b9-808e-cb465154cdb9 a0652431c2d341d8bacca1887b326f59 1302edd92ba24210aa023dd03bf16a5f - - default default] http://cinder-api.openstack.svc.cluster.local:8776/v3/1302edd92ba24210aa023dd03bf16a5f/volumes/detail?all_tenants=true returned with HTTP 200 [pid: 8|app: 0|req: 437/876] 10.0.0.10 () {28 vars in 683 bytes} [Tue Jun 23 19:59:04 2026] GET /v3/1302edd92ba24210aa023dd03bf16a5f/volumes/detail?all_tenants=true => generated 15 bytes in 222 msecs (HTTP/1.1 200) 7 headers in 284 bytes (1 switches on core 0)
2026-06-23 19:59:04.712 7 INFO cinder.api.openstack.wsgi [None req-78509365-a0fe-45ac-996f-d214f19ce607 a0652431c2d341d8bacca1887b326f59 1302edd92ba24210aa023dd03bf16a5f - - default default] GET http://cinder-api.openstack.svc.cluster.local:8776/v3/1302edd92ba24210aa023dd03bf16a5f/os-services
2026-06-23 19:59:04.718 7 INFO cinder.api.openstack.wsgi [None req-78509365-a0fe-45ac-996f-d214f19ce607 a0652431c2d341d8bacca1887b326f59 1302edd92ba24210aa023dd03bf16a5f - - default default] http://cinder-api.openstack.svc.cluster.local:8776/v3/1302edd92ba24210aa023dd03bf16a5f/os-services returned with HTTP 200 [pid: 7|app: 0|req: 440/877] 10.0.0.10 () {28 vars in 644 bytes} [Tue Jun 23 19:59:04 2026] GET /v3/1302edd92ba24210aa023dd03bf16a5f/os-services => generated 646 bytes in 14 msecs (HTTP/1.1 200) 7 headers in 285 bytes (1 switches on core 0)
2026-06-23 19:59:04.732 8 INFO cinder.api.openstack.wsgi [None req-edd32ef3-efaf-4c43-9ee5-613b448cb0b2 a0652431c2d341d8bacca1887b326f59 1302edd92ba24210aa023dd03bf16a5f - - default default] GET http://cinder-api.openstack.svc.cluster.local:8776/v3/1302edd92ba24210aa023dd03bf16a5f/volumes/detail?all_tenants=true
2026-06-23 19:59:04.746 8 INFO cinder.volume.api [None req-edd32ef3-efaf-4c43-9ee5-613b448cb0b2 a0652431c2d341d8bacca1887b326f59 1302edd92ba24210aa023dd03bf16a5f - - default default] Get all volumes completed successfully.
2026-06-23 19:59:04.748 8 INFO cinder.api.openstack.wsgi [None req-edd32ef3-efaf-4c43-9ee5-613b448cb0b2 a0652431c2d341d8bacca1887b326f59 1302edd92ba24210aa023dd03bf16a5f - - default default] http://cinder-api.openstack.svc.cluster.local:8776/v3/1302edd92ba24210aa023dd03bf16a5f/volumes/detail?all_tenants=true returned with HTTP 200 [pid: 8|app: 0|req: 438/878] 10.0.0.10 () {28 vars in 683 bytes} [Tue Jun 23 19:59:04 2026] GET /v3/1302edd92ba24210aa023dd03bf16a5f/volumes/detail?all_tenants=true => generated 15 bytes in 24 msecs (HTTP/1.1 200) 7 headers in 284 bytes (1 switches on core 0)
2026-06-23 19:59:04.761 7 INFO cinder.api.openstack.wsgi [None req-67656883-f899-4081-a66a-582404079e15 a0652431c2d341d8bacca1887b326f59 1302edd92ba24210aa023dd03bf16a5f - - default default] GET http://cinder-api.openstack.svc.cluster.local:8776/v3/1302edd92ba24210aa023dd03bf16a5f/scheduler-stats/get_pools?detail=true
2026-06-23 19:59:04.776 7 INFO cinder.api.openstack.wsgi [None req-67656883-f899-4081-a66a-582404079e15 a0652431c2d341d8bacca1887b326f59 1302edd92ba24210aa023dd03bf16a5f - - default default] http://cinder-api.openstack.svc.cluster.local:8776/v3/1302edd92ba24210aa023dd03bf16a5f/scheduler-stats/get_pools?detail=true returned with HTTP 200 [pid: 7|app: 0|req: 441/879] 10.0.0.10 () {28 vars in 695 bytes} [Tue Jun 23 19:59:04 2026] GET /v3/1302edd92ba24210aa023dd03bf16a5f/scheduler-stats/get_pools?detail=true => generated 670 bytes in 25 msecs (HTTP/1.1 200) 7 headers in 285 bytes (1 switches on core 0)
2026-06-23 19:59:04.791 8 INFO cinder.api.openstack.wsgi [None req-0688b2a0-7c46-4033-b2f2-2962a1c95f3c a0652431c2d341d8bacca1887b326f59 1302edd92ba24210aa023dd03bf16a5f - - default default] GET http://cinder-api.openstack.svc.cluster.local:8776/v3/1302edd92ba24210aa023dd03bf16a5f/snapshots?all_tenants=true
2026-06-23 19:59:04.799 8 INFO cinder.volume.api [None req-0688b2a0-7c46-4033-b2f2-2962a1c95f3c a0652431c2d341d8bacca1887b326f59 1302edd92ba24210aa023dd03bf16a5f - - default default] Get all snapshots completed successfully.
2026-06-23 19:59:04.799 8 INFO cinder.api.openstack.wsgi [None req-0688b2a0-7c46-4033-b2f2-2962a1c95f3c a0652431c2d341d8bacca1887b326f59 1302edd92ba24210aa023dd03bf16a5f - - default default] http://cinder-api.openstack.svc.cluster.local:8776/v3/1302edd92ba24210aa023dd03bf16a5f/snapshots?all_tenants=true returned with HTTP 200 [pid: 8|app: 0|req: 439/880] 10.0.0.10 () {28 vars in 673 bytes} [Tue Jun 23 19:59:04 2026] GET /v3/1302edd92ba24210aa023dd03bf16a5f/snapshots?all_tenants=true => generated 17 bytes in 17 msecs (HTTP/1.1 200) 7 headers in 284 bytes (1 switches on core 0)
2026-06-23 19:59:04.864 7 INFO cinder.api.openstack.wsgi [None req-aea42ebf-ff67-495e-b53c-ce7e4bfc1c15 a0652431c2d341d8bacca1887b326f59 1302edd92ba24210aa023dd03bf16a5f - - default default] GET http://cinder-api.openstack.svc.cluster.local:8776/v3/1302edd92ba24210aa023dd03bf16a5f/os-quota-sets/0fa4830f1ab54ecea63bb7d922089655?usage=true
2026-06-23 19:59:04.907 7 INFO cinder.api.openstack.wsgi [None req-aea42ebf-ff67-495e-b53c-ce7e4bfc1c15 a0652431c2d341d8bacca1887b326f59 1302edd92ba24210aa023dd03bf16a5f - - default default] http://cinder-api.openstack.svc.cluster.local:8776/v3/1302edd92ba24210aa023dd03bf16a5f/os-quota-sets/0fa4830f1ab54ecea63bb7d922089655?usage=true returned with HTTP 200 [pid: 7|app: 0|req: 442/881] 10.0.0.10 () {28 vars in 735 bytes} [Tue Jun 23 19:59:04 2026] GET /v3/1302edd92ba24210aa023dd03bf16a5f/os-quota-sets/0fa4830f1ab54ecea63bb7d922089655?usage=true => generated 847 bytes in 55 msecs (HTTP/1.1 200) 7 headers in 285 bytes (1 switches on core 0)
2026-06-23 19:59:04.920 8 INFO cinder.api.openstack.wsgi [None req-310d34ea-e66e-4bac-a99c-8796dee0e754 a0652431c2d341d8bacca1887b326f59 1302edd92ba24210aa023dd03bf16a5f - - default default] GET http://cinder-api.openstack.svc.cluster.local:8776/v3/1302edd92ba24210aa023dd03bf16a5f/os-quota-sets/1302edd92ba24210aa023dd03bf16a5f?usage=true
2026-06-23 19:59:04.942 8 INFO cinder.api.openstack.wsgi [None req-310d34ea-e66e-4bac-a99c-8796dee0e754 a0652431c2d341d8bacca1887b326f59 1302edd92ba24210aa023dd03bf16a5f - - default default] http://cinder-api.openstack.svc.cluster.local:8776/v3/1302edd92ba24210aa023dd03bf16a5f/os-quota-sets/1302edd92ba24210aa023dd03bf16a5f?usage=true returned with HTTP 200 [pid: 8|app: 0|req: 440/882] 10.0.0.10 () {28 vars in 735 bytes} [Tue Jun 23 19:59:04 2026] GET /v3/1302edd92ba24210aa023dd03bf16a5f/os-quota-sets/1302edd92ba24210aa023dd03bf16a5f?usage=true => generated 845 bytes in 31 msecs (HTTP/1.1 200) 7 headers in 285 bytes (1 switches on core 0)
2026-06-23 19:59:04.956 7 INFO cinder.api.openstack.wsgi [None req-a6a89400-1e8c-4bd8-beca-13460146e8e5 a0652431c2d341d8bacca1887b326f59 1302edd92ba24210aa023dd03bf16a5f - - default default] GET http://cinder-api.openstack.svc.cluster.local:8776/v3/1302edd92ba24210aa023dd03bf16a5f/os-quota-sets/471407d820eb4c2aad2d0b429ea37b61?usage=true
2026-06-23 19:59:04.988 7 INFO cinder.api.openstack.wsgi [None req-a6a89400-1e8c-4bd8-beca-13460146e8e5 a0652431c2d341d8bacca1887b326f59 1302edd92ba24210aa023dd03bf16a5f - - default default] http://cinder-api.openstack.svc.cluster.local:8776/v3/1302edd92ba24210aa023dd03bf16a5f/os-quota-sets/471407d820eb4c2aad2d0b429ea37b61?usage=true returned with HTTP 200 [pid: 7|app: 0|req: 443/883] 10.0.0.10 () {28 vars in 735 bytes} [Tue Jun 23 19:59:04 2026] GET /v3/1302edd92ba24210aa023dd03bf16a5f/os-quota-sets/471407d820eb4c2aad2d0b429ea37b61?usage=true => generated 847 bytes in 42 msecs (HTTP/1.1 200) 7 headers in 285 bytes (1 switches on core 0)
2026-06-23 19:59:05.003 8 INFO cinder.api.openstack.wsgi [None req-c49717d3-4c04-4d44-adfb-dabe67414c11 a0652431c2d341d8bacca1887b326f59 1302edd92ba24210aa023dd03bf16a5f - - default default] GET http://cinder-api.openstack.svc.cluster.local:8776/v3/1302edd92ba24210aa023dd03bf16a5f/os-quota-sets/52902383110e4c64b51570575af92915?usage=true
2026-06-23 19:59:05.030 8 INFO cinder.api.openstack.wsgi [None req-c49717d3-4c04-4d44-adfb-dabe67414c11 a0652431c2d341d8bacca1887b326f59 1302edd92ba24210aa023dd03bf16a5f - - default default] http://cinder-api.openstack.svc.cluster.local:8776/v3/1302edd92ba24210aa023dd03bf16a5f/os-quota-sets/52902383110e4c64b51570575af92915?usage=true returned with HTTP 200 [pid: 8|app: 0|req: 441/884] 10.0.0.10 () {28 vars in 735 bytes} [Tue Jun 23 19:59:04 2026] GET /v3/1302edd92ba24210aa023dd03bf16a5f/os-quota-sets/52902383110e4c64b51570575af92915?usage=true => generated 847 bytes in 36 msecs (HTTP/1.1 200) 7 headers in 285 bytes (1 switches on core 0)
2026-06-23 19:59:05.054 7 INFO cinder.api.openstack.wsgi [None req-5e4a63b5-98fa-46d7-886e-962abb96cffc a0652431c2d341d8bacca1887b326f59 1302edd92ba24210aa023dd03bf16a5f - - default default] GET http://cinder-api.openstack.svc.cluster.local:8776/v3/1302edd92ba24210aa023dd03bf16a5f/os-quota-sets/5d0ff556a3b24e04b1237256a0a0cb90?usage=true
2026-06-23 19:59:05.109 7 INFO cinder.api.openstack.wsgi [None req-5e4a63b5-98fa-46d7-886e-962abb96cffc a0652431c2d341d8bacca1887b326f59 1302edd92ba24210aa023dd03bf16a5f - - default default] http://cinder-api.openstack.svc.cluster.local:8776/v3/1302edd92ba24210aa023dd03bf16a5f/os-quota-sets/5d0ff556a3b24e04b1237256a0a0cb90?usage=true returned with HTTP 200 [pid: 7|app: 0|req: 444/885] 10.0.0.10 () {28 vars in 735 bytes} [Tue Jun 23 19:59:05 2026] GET /v3/1302edd92ba24210aa023dd03bf16a5f/os-quota-sets/5d0ff556a3b24e04b1237256a0a0cb90?usage=true => generated 847 bytes in 69 msecs (HTTP/1.1 200) 7 headers in 285 bytes (1 switches on core 0)
2026-06-23 19:59:05.132 8 INFO cinder.api.openstack.wsgi [None req-df8ff00e-bcbc-4263-8c87-cb13b765e3b6 a0652431c2d341d8bacca1887b326f59 1302edd92ba24210aa023dd03bf16a5f - - default default] GET http://cinder-api.openstack.svc.cluster.local:8776/v3/1302edd92ba24210aa023dd03bf16a5f/os-quota-sets/6ba1eb163a1a423e935619105b69854d?usage=true
2026-06-23 19:59:05.165 8 INFO cinder.api.openstack.wsgi [None req-df8ff00e-bcbc-4263-8c87-cb13b765e3b6 a0652431c2d341d8bacca1887b326f59 1302edd92ba24210aa023dd03bf16a5f - - default default] http://cinder-api.openstack.svc.cluster.local:8776/v3/1302edd92ba24210aa023dd03bf16a5f/os-quota-sets/6ba1eb163a1a423e935619105b69854d?usage=true returned with HTTP 200 [pid: 8|app: 0|req: 442/886] 10.0.0.10 () {28 vars in 735 bytes} [Tue Jun 23 19:59:05 2026] GET /v3/1302edd92ba24210aa023dd03bf16a5f/os-quota-sets/6ba1eb163a1a423e935619105b69854d?usage=true => generated 845 bytes in 49 msecs (HTTP/1.1 200) 7 headers in 285 bytes (1 switches on core 0)
2026-06-23 19:59:05.179 7 INFO cinder.api.openstack.wsgi [None req-7f20a88b-b986-4837-869b-b1346fef6f64 a0652431c2d341d8bacca1887b326f59 1302edd92ba24210aa023dd03bf16a5f - - default default] GET http://cinder-api.openstack.svc.cluster.local:8776/v3/1302edd92ba24210aa023dd03bf16a5f/os-quota-sets/b203a4b28a5245e5bfd2d34407f93483?usage=true
2026-06-23 19:59:05.216 7 INFO cinder.api.openstack.wsgi [None req-7f20a88b-b986-4837-869b-b1346fef6f64 a0652431c2d341d8bacca1887b326f59 1302edd92ba24210aa023dd03bf16a5f - - default default] http://cinder-api.openstack.svc.cluster.local:8776/v3/1302edd92ba24210aa023dd03bf16a5f/os-quota-sets/b203a4b28a5245e5bfd2d34407f93483?usage=true returned with HTTP 200 [pid: 7|app: 0|req: 445/887] 10.0.0.10 () {28 vars in 735 bytes} [Tue Jun 23 19:59:05 2026] GET /v3/1302edd92ba24210aa023dd03bf16a5f/os-quota-sets/b203a4b28a5245e5bfd2d34407f93483?usage=true => generated 847 bytes in 49 msecs (HTTP/1.1 200) 7 headers in 285 bytes (1 switches on core 0)
2026-06-23 19:59:05.229 8 INFO cinder.api.openstack.wsgi [None req-347be4b0-55bd-4b56-9ca5-ae5103dc36f5 a0652431c2d341d8bacca1887b326f59 1302edd92ba24210aa023dd03bf16a5f - - default default] GET http://cinder-api.openstack.svc.cluster.local:8776/v3/1302edd92ba24210aa023dd03bf16a5f/os-quota-sets/d2b5f85ea3ad4e51a2924119631184f2?usage=true
2026-06-23 19:59:05.248 8 INFO cinder.api.openstack.wsgi [None req-347be4b0-55bd-4b56-9ca5-ae5103dc36f5 a0652431c2d341d8bacca1887b326f59 1302edd92ba24210aa023dd03bf16a5f - - default default] http://cinder-api.openstack.svc.cluster.local:8776/v3/1302edd92ba24210aa023dd03bf16a5f/os-quota-sets/d2b5f85ea3ad4e51a2924119631184f2?usage=true returned with HTTP 200 [pid: 8|app: 0|req: 443/888] 10.0.0.10 () {28 vars in 735 bytes} [Tue Jun 23 19:59:05 2026] GET /v3/1302edd92ba24210aa023dd03bf16a5f/os-quota-sets/d2b5f85ea3ad4e51a2924119631184f2?usage=true => generated 847 bytes in 26 msecs (HTTP/1.1 200) 7 headers in 285 bytes (1 switches on core 0)
2026-06-23 19:59:05.263 7 INFO cinder.api.openstack.wsgi [None req-cc1d07c4-c788-4ff5-a889-8a1b0f435089 a0652431c2d341d8bacca1887b326f59 1302edd92ba24210aa023dd03bf16a5f - - default default] GET http://cinder-api.openstack.svc.cluster.local:8776/v3/1302edd92ba24210aa023dd03bf16a5f/os-quota-sets/d5797b934ca24429b0e8baa35c4280b9?usage=true
2026-06-23 19:59:05.291 7 INFO cinder.api.openstack.wsgi [None req-cc1d07c4-c788-4ff5-a889-8a1b0f435089 a0652431c2d341d8bacca1887b326f59 1302edd92ba24210aa023dd03bf16a5f - - default default] http://cinder-api.openstack.svc.cluster.local:8776/v3/1302edd92ba24210aa023dd03bf16a5f/os-quota-sets/d5797b934ca24429b0e8baa35c4280b9?usage=true returned with HTTP 200 [pid: 7|app: 0|req: 446/889] 10.0.0.10 () {28 vars in 735 bytes} [Tue Jun 23 19:59:05 2026] GET /v3/1302edd92ba24210aa023dd03bf16a5f/os-quota-sets/d5797b934ca24429b0e8baa35c4280b9?usage=true => generated 847 bytes in 40 msecs (HTTP/1.1 200) 7 headers in 285 bytes (1 switches on core 0)
2026-06-23 19:59:05.863 8 INFO cinder.api.openstack.wsgi [None req-347be4b0-55bd-4b56-9ca5-ae5103dc36f5 a0652431c2d341d8bacca1887b326f59 1302edd92ba24210aa023dd03bf16a5f - - default default] GET http://10.0.0.141:8776/
2026-06-23 19:59:05.863 7 INFO cinder.api.openstack.wsgi [None req-cc1d07c4-c788-4ff5-a889-8a1b0f435089 a0652431c2d341d8bacca1887b326f59 1302edd92ba24210aa023dd03bf16a5f - - default default] GET http://10.0.0.141:8776/
2026-06-23 19:59:05.864 7 INFO cinder.api.openstack.wsgi [None req-cc1d07c4-c788-4ff5-a889-8a1b0f435089 a0652431c2d341d8bacca1887b326f59 1302edd92ba24210aa023dd03bf16a5f - - default default] http://10.0.0.141:8776/ returned with HTTP 300
2026-06-23 19:59:05.864 8 INFO cinder.api.openstack.wsgi [None req-347be4b0-55bd-4b56-9ca5-ae5103dc36f5 a0652431c2d341d8bacca1887b326f59 1302edd92ba24210aa023dd03bf16a5f - - default default] http://10.0.0.141:8776/ returned with HTTP 300
2026-06-23 19:59:15.862 7 INFO cinder.api.openstack.wsgi [None req-cc1d07c4-c788-4ff5-a889-8a1b0f435089 a0652431c2d341d8bacca1887b326f59 1302edd92ba24210aa023dd03bf16a5f - - default default] GET http://10.0.0.141:8776/
2026-06-23 19:59:15.862 8 INFO cinder.api.openstack.wsgi [None req-347be4b0-55bd-4b56-9ca5-ae5103dc36f5 a0652431c2d341d8bacca1887b326f59 1302edd92ba24210aa023dd03bf16a5f - - default default] GET http://10.0.0.141:8776/
2026-06-23 19:59:15.864 8 INFO cinder.api.openstack.wsgi [None req-347be4b0-55bd-4b56-9ca5-ae5103dc36f5 a0652431c2d341d8bacca1887b326f59 1302edd92ba24210aa023dd03bf16a5f - - default default] http://10.0.0.141:8776/ returned with HTTP 300
2026-06-23 19:59:15.865 7 INFO cinder.api.openstack.wsgi [None req-cc1d07c4-c788-4ff5-a889-8a1b0f435089 a0652431c2d341d8bacca1887b326f59 1302edd92ba24210aa023dd03bf16a5f - - default default] http://10.0.0.141:8776/ returned with HTTP 300
2026-06-23 19:59:25.862 7 INFO cinder.api.openstack.wsgi [None req-cc1d07c4-c788-4ff5-a889-8a1b0f435089 a0652431c2d341d8bacca1887b326f59 1302edd92ba24210aa023dd03bf16a5f - - default default] GET http://10.0.0.141:8776/
2026-06-23 19:59:25.862 8 INFO cinder.api.openstack.wsgi [None req-347be4b0-55bd-4b56-9ca5-ae5103dc36f5 a0652431c2d341d8bacca1887b326f59 1302edd92ba24210aa023dd03bf16a5f - - default default] GET http://10.0.0.141:8776/
2026-06-23 19:59:25.863 7 INFO cinder.api.openstack.wsgi [None req-cc1d07c4-c788-4ff5-a889-8a1b0f435089 a0652431c2d341d8bacca1887b326f59 1302edd92ba24210aa023dd03bf16a5f - - default default] http://10.0.0.141:8776/ returned with HTTP 300
2026-06-23 19:59:25.864 8 INFO cinder.api.openstack.wsgi [None req-347be4b0-55bd-4b56-9ca5-ae5103dc36f5 a0652431c2d341d8bacca1887b326f59 1302edd92ba24210aa023dd03bf16a5f - - default default] http://10.0.0.141:8776/ returned with HTTP 300
2026-06-23 19:59:35.862 7 INFO cinder.api.openstack.wsgi [None req-cc1d07c4-c788-4ff5-a889-8a1b0f435089 a0652431c2d341d8bacca1887b326f59 1302edd92ba24210aa023dd03bf16a5f - - default default] GET http://10.0.0.141:8776/
2026-06-23 19:59:35.862 8 INFO cinder.api.openstack.wsgi [None req-347be4b0-55bd-4b56-9ca5-ae5103dc36f5 a0652431c2d341d8bacca1887b326f59 1302edd92ba24210aa023dd03bf16a5f - - default default] GET http://10.0.0.141:8776/
2026-06-23 19:59:35.863 7 INFO cinder.api.openstack.wsgi [None req-cc1d07c4-c788-4ff5-a889-8a1b0f435089 a0652431c2d341d8bacca1887b326f59 1302edd92ba24210aa023dd03bf16a5f - - default default] http://10.0.0.141:8776/ returned with HTTP 300
2026-06-23 19:59:35.864 8 INFO cinder.api.openstack.wsgi [None req-347be4b0-55bd-4b56-9ca5-ae5103dc36f5 a0652431c2d341d8bacca1887b326f59 1302edd92ba24210aa023dd03bf16a5f - - default default] http://10.0.0.141:8776/ returned with HTTP 300
2026-06-23 19:59:45.328 7 INFO cinder.api.openstack.wsgi [None req-cc1d07c4-c788-4ff5-a889-8a1b0f435089 a0652431c2d341d8bacca1887b326f59 1302edd92ba24210aa023dd03bf16a5f - - default default] GET http://cinder-api.openstack.svc.cluster.local:8776/
2026-06-23 19:59:45.329 7 INFO cinder.api.openstack.wsgi [None req-cc1d07c4-c788-4ff5-a889-8a1b0f435089 a0652431c2d341d8bacca1887b326f59 1302edd92ba24210aa023dd03bf16a5f - - default default] http://cinder-api.openstack.svc.cluster.local:8776/ returned with HTTP 300 [pid: 7|app: 0|req: 451/898] 10.0.0.117 () {30 vars in 411 bytes} [Tue Jun 23 19:59:45 2026] GET / => generated 411 bytes in 2 msecs (HTTP/1.1 300) 5 headers in 169 bytes (1 switches on core 0)
2026-06-23 19:59:45.862 8 INFO cinder.api.openstack.wsgi [None req-347be4b0-55bd-4b56-9ca5-ae5103dc36f5 a0652431c2d341d8bacca1887b326f59 1302edd92ba24210aa023dd03bf16a5f - - default default] GET http://10.0.0.141:8776/
2026-06-23 19:59:45.863 7 INFO cinder.api.openstack.wsgi [None req-cc1d07c4-c788-4ff5-a889-8a1b0f435089 a0652431c2d341d8bacca1887b326f59 1302edd92ba24210aa023dd03bf16a5f - - default default] GET http://10.0.0.141:8776/
2026-06-23 19:59:45.863 8 INFO cinder.api.openstack.wsgi [None req-347be4b0-55bd-4b56-9ca5-ae5103dc36f5 a0652431c2d341d8bacca1887b326f59 1302edd92ba24210aa023dd03bf16a5f - - default default] http://10.0.0.141:8776/ returned with HTTP 300
2026-06-23 19:59:45.864 7 INFO cinder.api.openstack.wsgi [None req-cc1d07c4-c788-4ff5-a889-8a1b0f435089 a0652431c2d341d8bacca1887b326f59 1302edd92ba24210aa023dd03bf16a5f - - default default] http://10.0.0.141:8776/ returned with HTTP 300
2026-06-23 19:59:48.617 8 INFO cinder.api.openstack.wsgi [None req-31b488cb-2264-4e6e-a0e4-da0f9954431e a438c5418d2348d593a0a3fd52cbef2a 61711ba546ca41d38dcb0bee6a87b764 - - default default] GET http://cinder-api.openstack.svc.cluster.local:8776/v3/61711ba546ca41d38dcb0bee6a87b764/volumes
2026-06-23 19:59:48.647 8 INFO cinder.volume.api [None req-31b488cb-2264-4e6e-a0e4-da0f9954431e a438c5418d2348d593a0a3fd52cbef2a 61711ba546ca41d38dcb0bee6a87b764 - - default default] Get all volumes completed successfully.
2026-06-23 19:59:48.648 8 INFO cinder.api.openstack.wsgi [None req-31b488cb-2264-4e6e-a0e4-da0f9954431e a438c5418d2348d593a0a3fd52cbef2a 61711ba546ca41d38dcb0bee6a87b764 - - default default] http://cinder-api.openstack.svc.cluster.local:8776/v3/61711ba546ca41d38dcb0bee6a87b764/volumes returned with HTTP 200 [pid: 8|app: 0|req: 449/901] 10.0.0.117 () {32 vars in 701 bytes} [Tue Jun 23 19:59:48 2026] GET /v3/61711ba546ca41d38dcb0bee6a87b764/volumes => generated 15 bytes in 249 msecs (HTTP/1.1 200) 7 headers in 284 bytes (1 switches on core 0)
2026-06-23 19:59:48.666 7 INFO cinder.api.openstack.wsgi [None req-491ba9a6-ec8c-4c41-a4ae-7fe1644bfee4 a438c5418d2348d593a0a3fd52cbef2a 61711ba546ca41d38dcb0bee6a87b764 - - default default] POST http://cinder-api.openstack.svc.cluster.local:8776/v3/61711ba546ca41d38dcb0bee6a87b764/volumes
2026-06-23 19:59:48.669 7 INFO cinder.api.v3.volumes [None req-491ba9a6-ec8c-4c41-a4ae-7fe1644bfee4 a438c5418d2348d593a0a3fd52cbef2a 61711ba546ca41d38dcb0bee6a87b764 - - default default] Create volume of 1 GB
2026-06-23 19:59:48.676 7 INFO cinder.volume.api [None req-491ba9a6-ec8c-4c41-a4ae-7fe1644bfee4 a438c5418d2348d593a0a3fd52cbef2a 61711ba546ca41d38dcb0bee6a87b764 - - default default] Availability Zones retrieved successfully.
2026-06-23 19:59:48.840 7 INFO cinder.volume.api [None req-491ba9a6-ec8c-4c41-a4ae-7fe1644bfee4 a438c5418d2348d593a0a3fd52cbef2a 61711ba546ca41d38dcb0bee6a87b764 - - default default] Create volume request issued successfully.
2026-06-23 19:59:48.842 7 INFO cinder.api.openstack.wsgi [None req-491ba9a6-ec8c-4c41-a4ae-7fe1644bfee4 a438c5418d2348d593a0a3fd52cbef2a 61711ba546ca41d38dcb0bee6a87b764 - - default default] http://cinder-api.openstack.svc.cluster.local:8776/v3/61711ba546ca41d38dcb0bee6a87b764/volumes returned with HTTP 202 [pid: 7|app: 0|req: 453/902] 10.0.0.117 () {34 vars in 723 bytes} [Tue Jun 23 19:59:48 2026] POST /v3/61711ba546ca41d38dcb0bee6a87b764/volumes => generated 875 bytes in 183 msecs (HTTP/1.1 202) 7 headers in 291 bytes (1 switches on core 0)
2026-06-23 19:59:48.866 8 INFO cinder.api.openstack.wsgi [None req-a086fd85-1efd-4be6-b841-7b030b9d4b7b a438c5418d2348d593a0a3fd52cbef2a 61711ba546ca41d38dcb0bee6a87b764 - - default default] GET http://cinder-api.openstack.svc.cluster.local:8776/v3/61711ba546ca41d38dcb0bee6a87b764/volumes/5718a901-2466-4255-a937-7bdd76b63fb8 /var/lib/openstack/lib/python3.10/site-packages/oslo_context/context.py:100: DeprecationWarning: Policy enforcement is depending on the value of is_admin. This key is deprecated. Please update your policy file to use the standard policy values. warnings.warn('Policy enforcement is depending on the value of '
2026-06-23 19:59:48.886 8 INFO cinder.volume.api [None req-a086fd85-1efd-4be6-b841-7b030b9d4b7b a438c5418d2348d593a0a3fd52cbef2a 61711ba546ca41d38dcb0bee6a87b764 - - default default] Volume info retrieved successfully.
2026-06-23 19:59:48.894 8 INFO cinder.api.openstack.wsgi [None req-a086fd85-1efd-4be6-b841-7b030b9d4b7b a438c5418d2348d593a0a3fd52cbef2a 61711ba546ca41d38dcb0bee6a87b764 - - default default] http://cinder-api.openstack.svc.cluster.local:8776/v3/61711ba546ca41d38dcb0bee6a87b764/volumes/5718a901-2466-4255-a937-7bdd76b63fb8 returned with HTTP 200 [pid: 8|app: 0|req: 450/903] 10.0.0.117 () {32 vars in 775 bytes} [Tue Jun 23 19:59:48 2026] GET /v3/61711ba546ca41d38dcb0bee6a87b764/volumes/5718a901-2466-4255-a937-7bdd76b63fb8 => generated 943 bytes in 37 msecs (HTTP/1.1 200) 7 headers in 285 bytes (1 switches on core 0) /var/lib/openstack/lib/python3.10/site-packages/pycadf/identifier.py:71: UserWarning: Invalid uuid: cinderv3. To ensure interoperability, identifiers should be a valid uuid. warnings.warn(('Invalid uuid: %s. To ensure interoperability, '
2026-06-23 19:59:49.920 7 INFO cinder.api.openstack.wsgi [None req-480ecb23-dc49-4d84-b8ba-05394d42fda7 a438c5418d2348d593a0a3fd52cbef2a 61711ba546ca41d38dcb0bee6a87b764 - - default default] GET http://cinder-api.openstack.svc.cluster.local:8776/v3/61711ba546ca41d38dcb0bee6a87b764/volumes/5718a901-2466-4255-a937-7bdd76b63fb8 /var/lib/openstack/lib/python3.10/site-packages/oslo_context/context.py:100: DeprecationWarning: Policy enforcement is depending on the value of is_admin. This key is deprecated. Please update your policy file to use the standard policy values. warnings.warn('Policy enforcement is depending on the value of '
2026-06-23 19:59:49.936 7 INFO cinder.volume.api [None req-480ecb23-dc49-4d84-b8ba-05394d42fda7 a438c5418d2348d593a0a3fd52cbef2a 61711ba546ca41d38dcb0bee6a87b764 - - default default] Volume info retrieved successfully.
2026-06-23 19:59:49.942 7 INFO cinder.api.openstack.wsgi [None req-480ecb23-dc49-4d84-b8ba-05394d42fda7 a438c5418d2348d593a0a3fd52cbef2a 61711ba546ca41d38dcb0bee6a87b764 - - default default] http://cinder-api.openstack.svc.cluster.local:8776/v3/61711ba546ca41d38dcb0bee6a87b764/volumes/5718a901-2466-4255-a937-7bdd76b63fb8 returned with HTTP 200 [pid: 7|app: 0|req: 454/904] 10.0.0.117 () {32 vars in 775 bytes} [Tue Jun 23 19:59:49 2026] GET /v3/61711ba546ca41d38dcb0bee6a87b764/volumes/5718a901-2466-4255-a937-7bdd76b63fb8 => generated 968 bytes in 32 msecs (HTTP/1.1 200) 7 headers in 285 bytes (1 switches on core 0) /var/lib/openstack/lib/python3.10/site-packages/pycadf/identifier.py:71: UserWarning: Invalid uuid: cinderv3. To ensure interoperability, identifiers should be a valid uuid. warnings.warn(('Invalid uuid: %s. To ensure interoperability, '
2026-06-23 19:59:49.966 8 INFO cinder.api.openstack.wsgi [None req-2f5c3efa-e448-448a-b490-aeb37175fb93 a438c5418d2348d593a0a3fd52cbef2a 61711ba546ca41d38dcb0bee6a87b764 - - default default] GET http://cinder-api.openstack.svc.cluster.local:8776/v3/61711ba546ca41d38dcb0bee6a87b764/volumes/5718a901-2466-4255-a937-7bdd76b63fb8 /var/lib/openstack/lib/python3.10/site-packages/oslo_context/context.py:100: DeprecationWarning: Policy enforcement is depending on the value of is_admin. This key is deprecated. Please update your policy file to use the standard policy values. warnings.warn('Policy enforcement is depending on the value of '
2026-06-23 19:59:49.982 8 INFO cinder.volume.api [None req-2f5c3efa-e448-448a-b490-aeb37175fb93 a438c5418d2348d593a0a3fd52cbef2a 61711ba546ca41d38dcb0bee6a87b764 - - default default] Volume info retrieved successfully.
2026-06-23 19:59:49.987 8 INFO cinder.api.openstack.wsgi [None req-2f5c3efa-e448-448a-b490-aeb37175fb93 a438c5418d2348d593a0a3fd52cbef2a 61711ba546ca41d38dcb0bee6a87b764 - - default default] http://cinder-api.openstack.svc.cluster.local:8776/v3/61711ba546ca41d38dcb0bee6a87b764/volumes/5718a901-2466-4255-a937-7bdd76b63fb8 returned with HTTP 200 [pid: 8|app: 0|req: 451/905] 10.0.0.117 () {32 vars in 775 bytes} [Tue Jun 23 19:59:49 2026] GET /v3/61711ba546ca41d38dcb0bee6a87b764/volumes/5718a901-2466-4255-a937-7bdd76b63fb8 => generated 968 bytes in 27 msecs (HTTP/1.1 200) 7 headers in 285 bytes (1 switches on core 0) /var/lib/openstack/lib/python3.10/site-packages/pycadf/identifier.py:71: UserWarning: Invalid uuid: cinderv3. To ensure interoperability, identifiers should be a valid uuid. warnings.warn(('Invalid uuid: %s. To ensure interoperability, '
2026-06-23 19:59:50.015 7 INFO cinder.api.openstack.wsgi [None req-59f85c5d-fac0-4a07-9435-9bf8ab864440 a438c5418d2348d593a0a3fd52cbef2a 61711ba546ca41d38dcb0bee6a87b764 - - default default] POST http://cinder-api.openstack.svc.cluster.local:8776/v3/61711ba546ca41d38dcb0bee6a87b764/volumes
2026-06-23 19:59:50.017 7 INFO cinder.api.v3.volumes [None req-59f85c5d-fac0-4a07-9435-9bf8ab864440 a438c5418d2348d593a0a3fd52cbef2a 61711ba546ca41d38dcb0bee6a87b764 - - default default] Create volume of 1 GB
2026-06-23 19:59:50.024 7 INFO cinder.volume.api [None req-59f85c5d-fac0-4a07-9435-9bf8ab864440 a438c5418d2348d593a0a3fd52cbef2a 61711ba546ca41d38dcb0bee6a87b764 - - default default] Availability Zones retrieved successfully.
2026-06-23 19:59:50.173 7 INFO cinder.volume.api [None req-59f85c5d-fac0-4a07-9435-9bf8ab864440 a438c5418d2348d593a0a3fd52cbef2a 61711ba546ca41d38dcb0bee6a87b764 - - default default] Create volume request issued successfully.
2026-06-23 19:59:50.174 7 INFO cinder.api.openstack.wsgi [None req-59f85c5d-fac0-4a07-9435-9bf8ab864440 a438c5418d2348d593a0a3fd52cbef2a 61711ba546ca41d38dcb0bee6a87b764 - - default default] http://cinder-api.openstack.svc.cluster.local:8776/v3/61711ba546ca41d38dcb0bee6a87b764/volumes returned with HTTP 202 [pid: 7|app: 0|req: 455/906] 10.0.0.117 () {34 vars in 723 bytes} [Tue Jun 23 19:59:50 2026] POST /v3/61711ba546ca41d38dcb0bee6a87b764/volumes => generated 876 bytes in 171 msecs (HTTP/1.1 202) 7 headers in 291 bytes (1 switches on core 0) /var/lib/openstack/lib/python3.10/site-packages/pycadf/identifier.py:71: UserWarning: Invalid uuid: cinderv3. To ensure interoperability, identifiers should be a valid uuid. warnings.warn(('Invalid uuid: %s. To ensure interoperability, '
2026-06-23 19:59:50.199 8 INFO cinder.api.openstack.wsgi [None req-df15809f-7451-4e96-b9dd-9a9c25d3d6a1 a438c5418d2348d593a0a3fd52cbef2a 61711ba546ca41d38dcb0bee6a87b764 - - default default] GET http://cinder-api.openstack.svc.cluster.local:8776/v3/61711ba546ca41d38dcb0bee6a87b764/volumes/68abb27d-716e-4909-b5b5-9ba365d1d196 /var/lib/openstack/lib/python3.10/site-packages/oslo_context/context.py:100: DeprecationWarning: Policy enforcement is depending on the value of is_admin. This key is deprecated. Please update your policy file to use the standard policy values. warnings.warn('Policy enforcement is depending on the value of '
2026-06-23 19:59:50.217 8 INFO cinder.volume.api [None req-df15809f-7451-4e96-b9dd-9a9c25d3d6a1 a438c5418d2348d593a0a3fd52cbef2a 61711ba546ca41d38dcb0bee6a87b764 - - default default] Volume info retrieved successfully.
2026-06-23 19:59:50.224 8 INFO cinder.api.openstack.wsgi [None req-df15809f-7451-4e96-b9dd-9a9c25d3d6a1 a438c5418d2348d593a0a3fd52cbef2a 61711ba546ca41d38dcb0bee6a87b764 - - default default] http://cinder-api.openstack.svc.cluster.local:8776/v3/61711ba546ca41d38dcb0bee6a87b764/volumes/68abb27d-716e-4909-b5b5-9ba365d1d196 returned with HTTP 200 [pid: 8|app: 0|req: 452/907] 10.0.0.117 () {32 vars in 775 bytes} [Tue Jun 23 19:59:50 2026] GET /v3/61711ba546ca41d38dcb0bee6a87b764/volumes/68abb27d-716e-4909-b5b5-9ba365d1d196 => generated 944 bytes in 32 msecs (HTTP/1.1 200) 7 headers in 285 bytes (1 switches on core 0) /var/lib/openstack/lib/python3.10/site-packages/pycadf/identifier.py:71: UserWarning: Invalid uuid: cinderv3. To ensure interoperability, identifiers should be a valid uuid. warnings.warn(('Invalid uuid: %s. To ensure interoperability, '
2026-06-23 19:59:51.251 7 INFO cinder.api.openstack.wsgi [None req-e6644683-6499-4c50-af81-18d379543ae5 a438c5418d2348d593a0a3fd52cbef2a 61711ba546ca41d38dcb0bee6a87b764 - - default default] GET http://cinder-api.openstack.svc.cluster.local:8776/v3/61711ba546ca41d38dcb0bee6a87b764/volumes/68abb27d-716e-4909-b5b5-9ba365d1d196 /var/lib/openstack/lib/python3.10/site-packages/oslo_context/context.py:100: DeprecationWarning: Policy enforcement is depending on the value of is_admin. This key is deprecated. Please update your policy file to use the standard policy values. warnings.warn('Policy enforcement is depending on the value of '
2026-06-23 19:59:51.270 7 INFO cinder.volume.api [None req-e6644683-6499-4c50-af81-18d379543ae5 a438c5418d2348d593a0a3fd52cbef2a 61711ba546ca41d38dcb0bee6a87b764 - - default default] Volume info retrieved successfully.
2026-06-23 19:59:51.279 7 INFO cinder.api.openstack.wsgi [None req-e6644683-6499-4c50-af81-18d379543ae5 a438c5418d2348d593a0a3fd52cbef2a 61711ba546ca41d38dcb0bee6a87b764 - - default default] http://cinder-api.openstack.svc.cluster.local:8776/v3/61711ba546ca41d38dcb0bee6a87b764/volumes/68abb27d-716e-4909-b5b5-9ba365d1d196 returned with HTTP 200 [pid: 7|app: 0|req: 456/908] 10.0.0.117 () {32 vars in 775 bytes} [Tue Jun 23 19:59:51 2026] GET /v3/61711ba546ca41d38dcb0bee6a87b764/volumes/68abb27d-716e-4909-b5b5-9ba365d1d196 => generated 969 bytes in 37 msecs (HTTP/1.1 200) 7 headers in 285 bytes (1 switches on core 0) /var/lib/openstack/lib/python3.10/site-packages/pycadf/identifier.py:71: UserWarning: Invalid uuid: cinderv3. To ensure interoperability, identifiers should be a valid uuid. warnings.warn(('Invalid uuid: %s. To ensure interoperability, '
2026-06-23 19:59:51.301 8 INFO cinder.api.openstack.wsgi [None req-9220c7bb-5236-407c-b8c5-047c86963be3 a438c5418d2348d593a0a3fd52cbef2a 61711ba546ca41d38dcb0bee6a87b764 - - default default] GET http://cinder-api.openstack.svc.cluster.local:8776/v3/61711ba546ca41d38dcb0bee6a87b764/volumes/68abb27d-716e-4909-b5b5-9ba365d1d196 /var/lib/openstack/lib/python3.10/site-packages/oslo_context/context.py:100: DeprecationWarning: Policy enforcement is depending on the value of is_admin. This key is deprecated. Please update your policy file to use the standard policy values. warnings.warn('Policy enforcement is depending on the value of '
2026-06-23 19:59:51.317 8 INFO cinder.volume.api [None req-9220c7bb-5236-407c-b8c5-047c86963be3 a438c5418d2348d593a0a3fd52cbef2a 61711ba546ca41d38dcb0bee6a87b764 - - default default] Volume info retrieved successfully.
2026-06-23 19:59:51.324 8 INFO cinder.api.openstack.wsgi [None req-9220c7bb-5236-407c-b8c5-047c86963be3 a438c5418d2348d593a0a3fd52cbef2a 61711ba546ca41d38dcb0bee6a87b764 - - default default] http://cinder-api.openstack.svc.cluster.local:8776/v3/61711ba546ca41d38dcb0bee6a87b764/volumes/68abb27d-716e-4909-b5b5-9ba365d1d196 returned with HTTP 200 [pid: 8|app: 0|req: 453/909] 10.0.0.117 () {32 vars in 775 bytes} [Tue Jun 23 19:59:51 2026] GET /v3/61711ba546ca41d38dcb0bee6a87b764/volumes/68abb27d-716e-4909-b5b5-9ba365d1d196 => generated 969 bytes in 28 msecs (HTTP/1.1 200) 7 headers in 285 bytes (1 switches on core 0) /var/lib/openstack/lib/python3.10/site-packages/pycadf/identifier.py:71: UserWarning: Invalid uuid: cinderv3. To ensure interoperability, identifiers should be a valid uuid. warnings.warn(('Invalid uuid: %s. To ensure interoperability, '
2026-06-23 19:59:51.348 7 INFO cinder.api.openstack.wsgi [None req-07d13a3b-8587-4351-b7a3-a93225c42134 a438c5418d2348d593a0a3fd52cbef2a 61711ba546ca41d38dcb0bee6a87b764 - - default default] POST http://cinder-api.openstack.svc.cluster.local:8776/v3/61711ba546ca41d38dcb0bee6a87b764/volumes
2026-06-23 19:59:51.353 7 INFO cinder.api.v3.volumes [None req-07d13a3b-8587-4351-b7a3-a93225c42134 a438c5418d2348d593a0a3fd52cbef2a 61711ba546ca41d38dcb0bee6a87b764 - - default default] Create volume of 1 GB
2026-06-23 19:59:51.361 7 INFO cinder.volume.api [None req-07d13a3b-8587-4351-b7a3-a93225c42134 a438c5418d2348d593a0a3fd52cbef2a 61711ba546ca41d38dcb0bee6a87b764 - - default default] Availability Zones retrieved successfully.
2026-06-23 19:59:51.523 7 INFO cinder.volume.api [None req-07d13a3b-8587-4351-b7a3-a93225c42134 a438c5418d2348d593a0a3fd52cbef2a 61711ba546ca41d38dcb0bee6a87b764 - - default default] Create volume request issued successfully.
2026-06-23 19:59:51.524 7 INFO cinder.api.openstack.wsgi [None req-07d13a3b-8587-4351-b7a3-a93225c42134 a438c5418d2348d593a0a3fd52cbef2a 61711ba546ca41d38dcb0bee6a87b764 - - default default] http://cinder-api.openstack.svc.cluster.local:8776/v3/61711ba546ca41d38dcb0bee6a87b764/volumes returned with HTTP 202 [pid: 7|app: 0|req: 457/910] 10.0.0.117 () {34 vars in 723 bytes} [Tue Jun 23 19:59:51 2026] POST /v3/61711ba546ca41d38dcb0bee6a87b764/volumes => generated 876 bytes in 184 msecs (HTTP/1.1 202) 7 headers in 291 bytes (1 switches on core 0) /var/lib/openstack/lib/python3.10/site-packages/pycadf/identifier.py:71: UserWarning: Invalid uuid: cinderv3. To ensure interoperability, identifiers should be a valid uuid. warnings.warn(('Invalid uuid: %s. To ensure interoperability, '
2026-06-23 19:59:51.545 8 INFO cinder.api.openstack.wsgi [None req-22ecc188-e624-4de2-8fbb-8575826f2b06 a438c5418d2348d593a0a3fd52cbef2a 61711ba546ca41d38dcb0bee6a87b764 - - default default] GET http://cinder-api.openstack.svc.cluster.local:8776/v3/61711ba546ca41d38dcb0bee6a87b764/volumes/46506d3a-19c1-474a-a7f4-372fe66692c5 /var/lib/openstack/lib/python3.10/site-packages/oslo_context/context.py:100: DeprecationWarning: Policy enforcement is depending on the value of is_admin. This key is deprecated. Please update your policy file to use the standard policy values. warnings.warn('Policy enforcement is depending on the value of '
2026-06-23 19:59:51.566 8 INFO cinder.volume.api [None req-22ecc188-e624-4de2-8fbb-8575826f2b06 a438c5418d2348d593a0a3fd52cbef2a 61711ba546ca41d38dcb0bee6a87b764 - - default default] Volume info retrieved successfully.
2026-06-23 19:59:51.571 8 INFO cinder.api.openstack.wsgi [None req-22ecc188-e624-4de2-8fbb-8575826f2b06 a438c5418d2348d593a0a3fd52cbef2a 61711ba546ca41d38dcb0bee6a87b764 - - default default] http://cinder-api.openstack.svc.cluster.local:8776/v3/61711ba546ca41d38dcb0bee6a87b764/volumes/46506d3a-19c1-474a-a7f4-372fe66692c5 returned with HTTP 200 [pid: 8|app: 0|req: 454/911] 10.0.0.117 () {32 vars in 775 bytes} [Tue Jun 23 19:59:51 2026] GET /v3/61711ba546ca41d38dcb0bee6a87b764/volumes/46506d3a-19c1-474a-a7f4-372fe66692c5 => generated 944 bytes in 34 msecs (HTTP/1.1 200) 7 headers in 285 bytes (1 switches on core 0) /var/lib/openstack/lib/python3.10/site-packages/pycadf/identifier.py:71: UserWarning: Invalid uuid: cinderv3. To ensure interoperability, identifiers should be a valid uuid. warnings.warn(('Invalid uuid: %s. To ensure interoperability, '
2026-06-23 19:59:52.598 7 INFO cinder.api.openstack.wsgi [None req-abbb8388-4d95-4aa2-abe0-fbf41bf8e204 a438c5418d2348d593a0a3fd52cbef2a 61711ba546ca41d38dcb0bee6a87b764 - - default default] GET http://cinder-api.openstack.svc.cluster.local:8776/v3/61711ba546ca41d38dcb0bee6a87b764/volumes/46506d3a-19c1-474a-a7f4-372fe66692c5 /var/lib/openstack/lib/python3.10/site-packages/oslo_context/context.py:100: DeprecationWarning: Policy enforcement is depending on the value of is_admin. This key is deprecated. Please update your policy file to use the standard policy values. warnings.warn('Policy enforcement is depending on the value of '
2026-06-23 19:59:52.624 7 INFO cinder.volume.api [None req-abbb8388-4d95-4aa2-abe0-fbf41bf8e204 a438c5418d2348d593a0a3fd52cbef2a 61711ba546ca41d38dcb0bee6a87b764 - - default default] Volume info retrieved successfully.
2026-06-23 19:59:52.629 7 INFO cinder.api.openstack.wsgi [None req-abbb8388-4d95-4aa2-abe0-fbf41bf8e204 a438c5418d2348d593a0a3fd52cbef2a 61711ba546ca41d38dcb0bee6a87b764 - - default default] http://cinder-api.openstack.svc.cluster.local:8776/v3/61711ba546ca41d38dcb0bee6a87b764/volumes/46506d3a-19c1-474a-a7f4-372fe66692c5 returned with HTTP 200 [pid: 7|app: 0|req: 458/912] 10.0.0.117 () {32 vars in 775 bytes} [Tue Jun 23 19:59:52 2026] GET /v3/61711ba546ca41d38dcb0bee6a87b764/volumes/46506d3a-19c1-474a-a7f4-372fe66692c5 => generated 969 bytes in 41 msecs (HTTP/1.1 200) 7 headers in 285 bytes (1 switches on core 0) /var/lib/openstack/lib/python3.10/site-packages/pycadf/identifier.py:71: UserWarning: Invalid uuid: cinderv3. To ensure interoperability, identifiers should be a valid uuid. warnings.warn(('Invalid uuid: %s. To ensure interoperability, '
2026-06-23 19:59:52.651 8 INFO cinder.api.openstack.wsgi [None req-9bd23eab-2133-4fdf-8079-a42f0f0dc406 a438c5418d2348d593a0a3fd52cbef2a 61711ba546ca41d38dcb0bee6a87b764 - - default default] GET http://cinder-api.openstack.svc.cluster.local:8776/v3/61711ba546ca41d38dcb0bee6a87b764/volumes/46506d3a-19c1-474a-a7f4-372fe66692c5 /var/lib/openstack/lib/python3.10/site-packages/oslo_context/context.py:100: DeprecationWarning: Policy enforcement is depending on the value of is_admin. This key is deprecated. Please update your policy file to use the standard policy values. warnings.warn('Policy enforcement is depending on the value of '
2026-06-23 19:59:52.666 8 INFO cinder.volume.api [None req-9bd23eab-2133-4fdf-8079-a42f0f0dc406 a438c5418d2348d593a0a3fd52cbef2a 61711ba546ca41d38dcb0bee6a87b764 - - default default] Volume info retrieved successfully.
2026-06-23 19:59:52.681 8 INFO cinder.api.openstack.wsgi [None req-9bd23eab-2133-4fdf-8079-a42f0f0dc406 a438c5418d2348d593a0a3fd52cbef2a 61711ba546ca41d38dcb0bee6a87b764 - - default default] http://cinder-api.openstack.svc.cluster.local:8776/v3/61711ba546ca41d38dcb0bee6a87b764/volumes/46506d3a-19c1-474a-a7f4-372fe66692c5 returned with HTTP 200 [pid: 8|app: 0|req: 455/913] 10.0.0.117 () {32 vars in 775 bytes} [Tue Jun 23 19:59:52 2026] GET /v3/61711ba546ca41d38dcb0bee6a87b764/volumes/46506d3a-19c1-474a-a7f4-372fe66692c5 => generated 969 bytes in 38 msecs (HTTP/1.1 200) 7 headers in 285 bytes (1 switches on core 0) /var/lib/openstack/lib/python3.10/site-packages/pycadf/identifier.py:71: UserWarning: Invalid uuid: cinderv3. To ensure interoperability, identifiers should be a valid uuid. warnings.warn(('Invalid uuid: %s. To ensure interoperability, '
2026-06-23 19:59:52.704 7 INFO cinder.api.openstack.wsgi [None req-04b03e8a-9c48-4a64-92d2-20072c525822 a438c5418d2348d593a0a3fd52cbef2a 61711ba546ca41d38dcb0bee6a87b764 - - default default] GET http://cinder-api.openstack.svc.cluster.local:8776/v3/61711ba546ca41d38dcb0bee6a87b764/volumes
2026-06-23 19:59:52.747 7 INFO cinder.volume.api [None req-04b03e8a-9c48-4a64-92d2-20072c525822 a438c5418d2348d593a0a3fd52cbef2a 61711ba546ca41d38dcb0bee6a87b764 - - default default] Get all volumes completed successfully.
2026-06-23 19:59:52.748 7 INFO cinder.api.openstack.wsgi [None req-04b03e8a-9c48-4a64-92d2-20072c525822 a438c5418d2348d593a0a3fd52cbef2a 61711ba546ca41d38dcb0bee6a87b764 - - default default] http://cinder-api.openstack.svc.cluster.local:8776/v3/61711ba546ca41d38dcb0bee6a87b764/volumes returned with HTTP 200 [pid: 7|app: 0|req: 459/914] 10.0.0.117 () {32 vars in 701 bytes} [Tue Jun 23 19:59:52 2026] GET /v3/61711ba546ca41d38dcb0bee6a87b764/volumes => generated 1323 bytes in 53 msecs (HTTP/1.1 200) 7 headers in 286 bytes (1 switches on core 0) /var/lib/openstack/lib/python3.10/site-packages/pycadf/identifier.py:71: UserWarning: Invalid uuid: cinderv3. To ensure interoperability, identifiers should be a valid uuid. warnings.warn(('Invalid uuid: %s. To ensure interoperability, '
2026-06-23 19:59:52.764 8 INFO cinder.api.openstack.wsgi [None req-7a33aae5-853a-4141-82e3-a8a1dbce57dd a438c5418d2348d593a0a3fd52cbef2a 61711ba546ca41d38dcb0bee6a87b764 - - default default] GET http://cinder-api.openstack.svc.cluster.local:8776/v3/61711ba546ca41d38dcb0bee6a87b764/volumes/46506d3a-19c1-474a-a7f4-372fe66692c5 /var/lib/openstack/lib/python3.10/site-packages/oslo_context/context.py:100: DeprecationWarning: Policy enforcement is depending on the value of is_admin. This key is deprecated. Please update your policy file to use the standard policy values. warnings.warn('Policy enforcement is depending on the value of '
2026-06-23 19:59:52.779 8 INFO cinder.volume.api [None req-7a33aae5-853a-4141-82e3-a8a1dbce57dd a438c5418d2348d593a0a3fd52cbef2a 61711ba546ca41d38dcb0bee6a87b764 - - default default] Volume info retrieved successfully.
2026-06-23 19:59:52.784 8 INFO cinder.api.openstack.wsgi [None req-7a33aae5-853a-4141-82e3-a8a1dbce57dd a438c5418d2348d593a0a3fd52cbef2a 61711ba546ca41d38dcb0bee6a87b764 - - default default] http://cinder-api.openstack.svc.cluster.local:8776/v3/61711ba546ca41d38dcb0bee6a87b764/volumes/46506d3a-19c1-474a-a7f4-372fe66692c5 returned with HTTP 200 [pid: 8|app: 0|req: 456/915] 10.0.0.117 () {32 vars in 775 bytes} [Tue Jun 23 19:59:52 2026] GET /v3/61711ba546ca41d38dcb0bee6a87b764/volumes/46506d3a-19c1-474a-a7f4-372fe66692c5 => generated 969 bytes in 26 msecs (HTTP/1.1 200) 7 headers in 285 bytes (1 switches on core 0) /var/lib/openstack/lib/python3.10/site-packages/pycadf/identifier.py:71: UserWarning: Invalid uuid: cinderv3. To ensure interoperability, identifiers should be a valid uuid. warnings.warn(('Invalid uuid: %s. To ensure interoperability, '
2026-06-23 19:59:52.804 7 INFO cinder.api.openstack.wsgi [None req-11aefc6f-99f4-48ea-ae54-d72c58de491a a438c5418d2348d593a0a3fd52cbef2a 61711ba546ca41d38dcb0bee6a87b764 - - default default] DELETE http://cinder-api.openstack.svc.cluster.local:8776/v3/61711ba546ca41d38dcb0bee6a87b764/volumes/46506d3a-19c1-474a-a7f4-372fe66692c5
2026-06-23 19:59:52.805 7 INFO cinder.api.v3.volumes [None req-11aefc6f-99f4-48ea-ae54-d72c58de491a a438c5418d2348d593a0a3fd52cbef2a 61711ba546ca41d38dcb0bee6a87b764 - - default default] Delete volume with id: 46506d3a-19c1-474a-a7f4-372fe66692c5  /var/lib/openstack/lib/python3.10/site-packages/oslo_context/context.py:100: DeprecationWarning: Policy enforcement is depending on the value of is_admin. This key is deprecated. Please update your policy file to use the standard policy values. warnings.warn('Policy enforcement is depending on the value of '
2026-06-23 19:59:52.815 7 INFO cinder.volume.api [None req-11aefc6f-99f4-48ea-ae54-d72c58de491a a438c5418d2348d593a0a3fd52cbef2a 61711ba546ca41d38dcb0bee6a87b764 - - default default] Volume info retrieved successfully.
2026-06-23 19:59:52.844 7 INFO cinder.volume.api [None req-11aefc6f-99f4-48ea-ae54-d72c58de491a a438c5418d2348d593a0a3fd52cbef2a 61711ba546ca41d38dcb0bee6a87b764 - - default default] Delete volume request issued successfully.
2026-06-23 19:59:52.845 7 INFO cinder.api.openstack.wsgi [None req-11aefc6f-99f4-48ea-ae54-d72c58de491a a438c5418d2348d593a0a3fd52cbef2a 61711ba546ca41d38dcb0bee6a87b764 - - default default] http://cinder-api.openstack.svc.cluster.local:8776/v3/61711ba546ca41d38dcb0bee6a87b764/volumes/46506d3a-19c1-474a-a7f4-372fe66692c5 returned with HTTP 202 [pid: 7|app: 0|req: 460/916] 10.0.0.117 () {32 vars in 778 bytes} [Tue Jun 23 19:59:52 2026] DELETE /v3/61711ba546ca41d38dcb0bee6a87b764/volumes/46506d3a-19c1-474a-a7f4-372fe66692c5 => generated 0 bytes in 49 msecs (HTTP/1.1 202) 6 headers in 233 bytes (1 switches on core 0) /var/lib/openstack/lib/python3.10/site-packages/pycadf/identifier.py:71: UserWarning: Invalid uuid: cinderv3. To ensure interoperability, identifiers should be a valid uuid. warnings.warn(('Invalid uuid: %s. To ensure interoperability, '
2026-06-23 19:59:52.859 8 INFO cinder.api.openstack.wsgi [None req-df254909-0f9c-4d73-9720-a4dd0e8093c4 a438c5418d2348d593a0a3fd52cbef2a 61711ba546ca41d38dcb0bee6a87b764 - - default default] GET http://cinder-api.openstack.svc.cluster.local:8776/v3/61711ba546ca41d38dcb0bee6a87b764/volumes/46506d3a-19c1-474a-a7f4-372fe66692c5 /var/lib/openstack/lib/python3.10/site-packages/oslo_context/context.py:100: DeprecationWarning: Policy enforcement is depending on the value of is_admin. This key is deprecated. Please update your policy file to use the standard policy values. warnings.warn('Policy enforcement is depending on the value of '
2026-06-23 19:59:52.878 8 INFO cinder.volume.api [None req-df254909-0f9c-4d73-9720-a4dd0e8093c4 a438c5418d2348d593a0a3fd52cbef2a 61711ba546ca41d38dcb0bee6a87b764 - - default default] Volume info retrieved successfully.
2026-06-23 19:59:52.884 8 INFO cinder.api.openstack.wsgi [None req-df254909-0f9c-4d73-9720-a4dd0e8093c4 a438c5418d2348d593a0a3fd52cbef2a 61711ba546ca41d38dcb0bee6a87b764 - - default default] http://cinder-api.openstack.svc.cluster.local:8776/v3/61711ba546ca41d38dcb0bee6a87b764/volumes/46506d3a-19c1-474a-a7f4-372fe66692c5 returned with HTTP 200 [pid: 8|app: 0|req: 457/917] 10.0.0.117 () {32 vars in 775 bytes} [Tue Jun 23 19:59:52 2026] GET /v3/61711ba546ca41d38dcb0bee6a87b764/volumes/46506d3a-19c1-474a-a7f4-372fe66692c5 => generated 968 bytes in 34 msecs (HTTP/1.1 200) 7 headers in 285 bytes (1 switches on core 0) /var/lib/openstack/lib/python3.10/site-packages/pycadf/identifier.py:71: UserWarning: Invalid uuid: cinderv3. To ensure interoperability, identifiers should be a valid uuid. warnings.warn(('Invalid uuid: %s. To ensure interoperability, '
2026-06-23 19:59:53.911 7 INFO cinder.api.openstack.wsgi [None req-3f8026b5-6b08-41b3-8d18-d8a58415186e a438c5418d2348d593a0a3fd52cbef2a 61711ba546ca41d38dcb0bee6a87b764 - - default default] GET http://cinder-api.openstack.svc.cluster.local:8776/v3/61711ba546ca41d38dcb0bee6a87b764/volumes/46506d3a-19c1-474a-a7f4-372fe66692c5
2026-06-23 19:59:53.926 7 INFO cinder.api.openstack.wsgi [None req-3f8026b5-6b08-41b3-8d18-d8a58415186e a438c5418d2348d593a0a3fd52cbef2a 61711ba546ca41d38dcb0bee6a87b764 - - default default] http://cinder-api.openstack.svc.cluster.local:8776/v3/61711ba546ca41d38dcb0bee6a87b764/volumes/46506d3a-19c1-474a-a7f4-372fe66692c5 returned with HTTP 404 [pid: 7|app: 0|req: 461/918] 10.0.0.117 () {32 vars in 775 bytes} [Tue Jun 23 19:59:53 2026] GET /v3/61711ba546ca41d38dcb0bee6a87b764/volumes/46506d3a-19c1-474a-a7f4-372fe66692c5 => generated 109 bytes in 24 msecs (HTTP/1.1 404) 7 headers in 292 bytes (1 switches on core 0) /var/lib/openstack/lib/python3.10/site-packages/pycadf/identifier.py:71: UserWarning: Invalid uuid: cinderv3. To ensure interoperability, identifiers should be a valid uuid. warnings.warn(('Invalid uuid: %s. To ensure interoperability, '
2026-06-23 19:59:53.941 8 INFO cinder.api.openstack.wsgi [None req-b9014b0c-e4f2-4584-aa12-7d25ca5ee8e0 a438c5418d2348d593a0a3fd52cbef2a 61711ba546ca41d38dcb0bee6a87b764 - - default default] GET http://cinder-api.openstack.svc.cluster.local:8776/v3/61711ba546ca41d38dcb0bee6a87b764/volumes/68abb27d-716e-4909-b5b5-9ba365d1d196 /var/lib/openstack/lib/python3.10/site-packages/oslo_context/context.py:100: DeprecationWarning: Policy enforcement is depending on the value of is_admin. This key is deprecated. Please update your policy file to use the standard policy values. warnings.warn('Policy enforcement is depending on the value of '
